!C99Shell v. 1.0 pre-release build #13!

Software: Apache. PHP/5.5.15 

uname -a: Windows NT SVR-DMZ 6.1 build 7600 (Windows Server 2008 R2 Enterprise Edition) i586 

SYSTEM 

Safe-mode: OFF (not secure)

E:\nuevo\apache\logs\   drwxrwxrwx
Free 7.33 GB of 239.26 GB (3.07%)
Detected drives: [ a ] [ c ] [ d ] [ e ] [ f ]
Home    Back    Forward    UPDIR    Refresh    Search    Buffer    Encoder    Tools    Proc.    FTP brute    Sec.    SQL    PHP-code    Update    Feedback    Self remove    Logout    


Viewing file:     access.2014.10.25.log (3.04 MB)      -rw-rw-rw-
Select action/file-type:
(+) | (+) | (+) | Code (+) | Session (+) | (+) | SDB (+) | (+) | (+) | (+) | (+) | (+) |
123.125.71.54 - - [25/Oct/2014:00:00:02 -0500] "GET / HTTP/1.1" 302 -
180.76.5.187 - - [25/Oct/2014:00:00:10 -0500] "GET /videos/1Video_CruzdeAmero.flv HTTP/1.1" 200 20682670
188.165.15.152 - - [25/Oct/2014:00:00:30 -0500] "GET /manual_funciones_Listado/index.php?dir=2.2.2.%20Subdirecci%C3%83%C2%83%C3%82%C2%B3n%20de%20Silvicultura,%20Flora%20y%20Fauna%20Silvestre/&sort=date&order=desc HTTP/1.1" 404 1018
66.249.64.171 - - [25/Oct/2014:00:00:34 -0500] "GET /BLA/resoluciones/RESOLUCIONES%202002/RES%202002%201551-1600/20021593.tif HTTP/1.1" 200 116768
180.76.5.69 - - [25/Oct/2014:00:00:36 -0500] "GET /BLA/resoluciones/AUTOS%202011/3839.pdf HTTP/1.1" 200 346066
66.249.64.39 - - [25/Oct/2014:00:00:40 -0500] "GET /BLA/boletinlegal/jurisprudencia/analisis/CUADRO%20ANALISIS%20SENTENCIA%20T-411%20DE%201992.doc HTTP/1.1" 304 -
66.249.64.43 - - [25/Oct/2014:00:00:44 -0500] "GET /POT-2013/Cartografia/08_Respuesta_Sismica_V1_2013.pdf HTTP/1.1" 304 -
157.55.39.54 - - [25/Oct/2014:00:01:09 -0500] "GET /dama/libreria/php/frame_detalle.php?h_id=612 HTTP/1.1" 404 1019
100.43.85.25 - - [25/Oct/2014:00:02:13 -0500] "GET /hidrico/?C=D;O=D HTTP/1.1" 404 1019
157.55.39.54 - - [25/Oct/2014:00:02:30 -0500] "GET /dama/libreria/php/decide.php?patron=03.131801 HTTP/1.1" 404 1019
201.245.192.253 - - [24/Oct/2014:23:59:57 -0500] "GET /ForestMSG_SDA/channelAsync/template_word_16759698?X-Atmosphere-tracking-id=80b472e0-b59c-77d7-e6ff-0e2e883eacaa&X-Atmosphere-Framework=1.0.5&X-Atmosphere-Transport=long-polling&tabid=0.5564406877674468&X-Cache-Date=0&Content-Type=application/xml&_=1414213331466 HTTP/1.1" 200 8193
66.249.64.163 - - [25/Oct/2014:00:03:37 -0500] "GET /BLA/resoluciones/RESOLUCIONES%202013/0313.pdf HTTP/1.1" 200 2338979
46.4.112.81 - - [25/Oct/2014:00:03:55 -0500] "GET / HTTP/1.1" 302 -
46.4.112.81 - - [25/Oct/2014:00:04:00 -0500] "GET / HTTP/1.1" 302 -
66.249.64.171 - - [25/Oct/2014:00:04:05 -0500] "GET /BLA/resoluciones/RESOLUCIONES%202013/0852.pdf HTTP/1.1" 200 3113900
66.249.64.171 - - [25/Oct/2014:00:04:12 -0500] "GET /BLA/resoluciones/RESOLUCIONES%202013/0518.pdf HTTP/1.1" 200 2708963
66.249.64.163 - - [25/Oct/2014:00:04:24 -0500] "GET /BLA/resoluciones/RESOLUCIONES%202013/0277.pdf HTTP/1.1" 200 2346888
74.86.158.107 - - [25/Oct/2014:00:04:29 -0500] "HEAD / HTTP/1.1" 302 -
152.61.128.66 - - [25/Oct/2014:00:05:18 -0500] "HEAD / HTTP/1.1" 302 -
152.61.128.66 - - [25/Oct/2014:00:05:19 -0500] "GET /arcgis/services/Calidad_del_Agua_WQI/MapServer/WMSServer?request=GetCapabilities&service=WMS HTTP/1.1" 200 32135
152.61.128.66 - - [25/Oct/2014:00:05:19 -0500] "GET /arcgis/services/Calidad_del_Agua_WQI/MapServer/WMSServer?request=GetCapabilities&service=WMS HTTP/1.0" 200 32135
152.61.128.66 - - [25/Oct/2014:00:05:20 -0500] "GET /arcgis/services/Calidad_del_Agua_WQI/MapServer/WMSServer?request=GetCapabilities&service=WMS HTTP/1.0" 200 32135
152.61.128.66 - - [25/Oct/2014:00:05:21 -0500] "GET /arcgis/services/Calidad_del_Agua_WQI/MapServer/WMSServer?request=GetCapabilities&service=WMS HTTP/1.0" 200 32135
152.61.128.66 - - [25/Oct/2014:00:05:22 -0500] "GET /arcgis/services/Calidad_del_Agua_WQI/MapServer/WMSServer?VERSION=1.1.1&REQUEST=GetMap&LAYERS=0&SRS=EPSG:4326&BBOX=-74.473395,3.674381,-73.963300,4.920569&WIDTH=250&HEIGHT=250&FORMAT=image/bmp&STYLES=& HTTP/1.1" 200 188054
66.249.64.47 - - [25/Oct/2014:00:05:28 -0500] "GET /BLA/boletinlegal/jurisprudencia/analisis/SENTENCIA%20C-703%20DE%202010.xls HTTP/1.1" 304 -
66.249.64.171 - - [25/Oct/2014:00:05:44 -0500] "GET /BLA/resoluciones/RESOLUCIONES%202013/0278.pdf HTTP/1.1" 200 2355113
201.245.192.253 - - [25/Oct/2014:00:02:57 -0500] "GET /ForestMSG_SDA/channelAsync/template_word_16759698?X-Atmosphere-tracking-id=80b472e0-b59c-77d7-e6ff-0e2e883eacaa&X-Atmosphere-Framework=1.0.5&X-Atmosphere-Transport=long-polling&tabid=0.5564406877674468&X-Cache-Date=0&Content-Type=application/xml&_=1414213511544 HTTP/1.1" 200 8193
180.76.5.196 - - [25/Oct/2014:00:06:09 -0500] "GET /BLA/resoluciones/AUTOS%202009/3423.pdf HTTP/1.1" 200 97116
66.249.64.171 - - [25/Oct/2014:00:06:17 -0500] "GET /BLA/resoluciones/RESOLUCIONES%202011/1432.pdf HTTP/1.1" 200 66055
201.245.192.253 - - [25/Oct/2014:00:06:35 -0500] "GET /forest/1ibre/images/plus.gif HTTP/1.1" 304 -
66.249.64.167 - - [25/Oct/2014:00:06:36 -0500] "GET /BLA/resoluciones/RESOLUCIONES%202007/RES%202007%20601%20AL%20700/RESOLUCION%200654%20DE%202007.pdf HTTP/1.1" 200 464285
100.43.85.25 - - [25/Oct/2014:00:06:53 -0500] "GET /nrc/conect.phtml.txt HTTP/1.1" 404 1019
180.76.5.69 - - [25/Oct/2014:00:08:09 -0500] "GET /BLA/resoluciones/AUTOS%202009/2769.pdf HTTP/1.1" 200 87859
66.249.64.167 - - [25/Oct/2014:00:08:31 -0500] "GET /BLA/resoluciones/RESOLUCIONES%202013/0150.pdf HTTP/1.1" 200 1084502
201.245.192.253 - - [25/Oct/2014:00:05:57 -0500] "GET /ForestMSG_SDA/channelAsync/template_word_16759698?X-Atmosphere-tracking-id=80b472e0-b59c-77d7-e6ff-0e2e883eacaa&X-Atmosphere-Framework=1.0.5&X-Atmosphere-Transport=long-polling&tabid=0.5564406877674468&X-Cache-Date=0&Content-Type=application/xml&_=1414213691662 HTTP/1.1" 200 8193
74.86.158.107 - - [25/Oct/2014:00:09:29 -0500] "HEAD / HTTP/1.1" 302 -
180.76.6.152 - - [25/Oct/2014:00:09:55 -0500] "GET /BLA/resoluciones/AUTOS%202010/0876.pdf HTTP/1.1" 200 356004
66.249.64.43 - - [25/Oct/2014:00:10:17 -0500] "GET /BLA/boletinlegal/jurisprudencia/analisis/Analisis%20Sentencia%20T-1077,%202%20corregida.doc HTTP/1.1" 304 -
180.76.5.177 - - [25/Oct/2014:00:10:20 -0500] "GET /BLA/resoluciones/AUTOS%202009/1015.pdf HTTP/1.1" 200 117751
181.58.206.185 - - [25/Oct/2014:00:10:36 -0500] "GET /BLA/boletinlegal/js/jquery.js HTTP/1.1" 200 57254
181.58.206.185 - - [25/Oct/2014:00:10:36 -0500] "GET /BLA/boletinlegal/js/jquery.scrollTo-min.js HTTP/1.1" 200 1150
181.58.206.185 - - [25/Oct/2014:00:10:36 -0500] "GET /BLA/boletinlegal/js/jquery.scrollShow.js HTTP/1.1" 200 4586
66.249.64.163 - - [25/Oct/2014:00:11:18 -0500] "GET /BLA/resoluciones/RESOLUCIONES%202006/RES%202006%202351-2400/00002372.tif HTTP/1.1" 200 56002
100.43.85.25 - - [25/Oct/2014:00:11:34 -0500] "GET /MANUALFUNC/?C=S;O=A HTTP/1.1" 404 1019
201.245.192.253 - - [25/Oct/2014:00:08:58 -0500] "GET /ForestMSG_SDA/channelAsync/template_word_16759698?X-Atmosphere-tracking-id=80b472e0-b59c-77d7-e6ff-0e2e883eacaa&X-Atmosphere-Framework=1.0.5&X-Atmosphere-Transport=long-polling&tabid=0.5564406877674468&X-Cache-Date=0&Content-Type=application/xml&_=1414213871746 HTTP/1.1" 200 8193
188.165.15.231 - - [25/Oct/2014:00:12:21 -0500] "GET /BLA/resoluciones/RESOLUCIONES%202006/RES%202006%202251-2300/00002283.tif HTTP/1.1" 200 537464
201.171.149.84 - - [25/Oct/2014:00:12:23 -0500] "GET /BLA/boletinlegal/js/jquery.js HTTP/1.1" 200 57254
201.171.149.84 - - [25/Oct/2014:00:12:23 -0500] "GET /BLA/boletinlegal/js/jquery.scrollTo-min.js HTTP/1.1" 200 1150
201.171.149.84 - - [25/Oct/2014:00:12:23 -0500] "GET /BLA/boletinlegal/js/jquery.scrollShow.js HTTP/1.1" 200 4586
66.249.64.167 - - [25/Oct/2014:00:12:43 -0500] "GET /BLA/resoluciones/RESOLUCIONES%202013/0804.pdf HTTP/1.1" 200 4132423
66.249.64.171 - - [25/Oct/2014:00:13:50 -0500] "GET /BLA/resoluciones/RESOLUCIONES%202013/0908.pdf HTTP/1.1" 200 1797829
74.86.158.107 - - [25/Oct/2014:00:14:29 -0500] "HEAD / HTTP/1.1" 302 -
186.155.104.155 - - [25/Oct/2014:00:14:39 -0500] "GET /galeria/nivo-slider/demo/demo.html HTTP/1.1" 304 -
186.155.104.155 - - [25/Oct/2014:00:14:40 -0500] "GET /galeria/nivo-slider/demo/images/banner-conejera1.jpg HTTP/1.1" 304 -
186.155.104.155 - - [25/Oct/2014:00:14:40 -0500] "GET /galeria/nivo-slider/demo/images/banner-aceite3.jpg HTTP/1.1" 304 -
186.155.104.155 - - [25/Oct/2014:00:14:40 -0500] "GET /galeria/nivo-slider/demo/images/mesTIC.jpg HTTP/1.1" 304 -
186.155.104.155 - - [25/Oct/2014:00:14:40 -0500] "GET /galeria/nivo-slider/demo/images/banner-redes.jpg HTTP/1.1" 304 -
188.165.15.78 - - [25/Oct/2014:00:14:50 -0500] "GET /manual_funciones_Listado/2.2.4.%20Subdirecci%C3%B3n%20del%20Recurso%20H%C3%ADdrico%20y%20del%20Suelo/?C=N;O=A HTTP/1.1" 404 1018
201.245.192.253 - - [25/Oct/2014:00:11:58 -0500] "GET /ForestMSG_SDA/channelAsync/template_word_16759698?X-Atmosphere-tracking-id=80b472e0-b59c-77d7-e6ff-0e2e883eacaa&X-Atmosphere-Framework=1.0.5&X-Atmosphere-Transport=long-polling&tabid=0.5564406877674468&X-Cache-Date=0&Content-Type=application/xml&_=1414214051833 HTTP/1.1" 200 8193
66.249.64.163 - - [25/Oct/2014:00:15:06 -0500] "GET /sia/ HTTP/1.1" 304 -
202.46.62.54 - - [25/Oct/2014:00:15:08 -0500] "GET /videos/1Video_CruzdeAmero.flv HTTP/1.1" 200 20682670
201.245.192.253 - - [25/Oct/2014:00:15:40 -0500] "GET /forest/skins/gdocs-jar/img/icons/html.gif HTTP/1.1" 304 -
100.43.85.25 - - [25/Oct/2014:00:16:15 -0500] "GET /StormSDA/?C=D;O=D HTTP/1.1" 200 4409
188.165.15.87 - - [25/Oct/2014:00:16:23 -0500] "GET /BLA/resoluciones/RESOLUCIONES%202005/RES%202005%202251-2300/00002277.tif HTTP/1.1" 200 323826
202.46.61.104 - - [25/Oct/2014:00:16:50 -0500] "GET /BLA/resoluciones/AUTOS%202010/0876.pdf HTTP/1.1" 200 356004
66.249.64.167 - - [25/Oct/2014:00:17:04 -0500] "GET /BLA/resoluciones/index.php?dir=RESOLUCIONES%202009/&sort=size&order=desc HTTP/1.1" 200 1672911
180.76.5.26 - - [25/Oct/2014:00:17:17 -0500] "GET /BLA/resoluciones/AUTOS%202009/2867.pdf HTTP/1.1" 200 103440
180.76.6.137 - - [25/Oct/2014:00:17:44 -0500] "GET /BLA/resoluciones/AUTOS%202009/2431.pdf HTTP/1.1" 200 102739
66.249.64.171 - - [25/Oct/2014:00:17:49 -0500] "GET /BLA/resoluciones/AUTOS%202008/1334.pdf HTTP/1.1" 200 90379
188.165.15.193 - - [25/Oct/2014:00:17:52 -0500] "GET /BLA/resoluciones/RESOLUCIONES%202006/RES%202006%202601-2650/00002625.tif HTTP/1.1" 200 272158
66.249.64.167 - - [25/Oct/2014:00:17:55 -0500] "GET /manual_funciones_Listado/2.3.1.%20Subdirecci%C3%B3n%20de%20Ecourbanismo%20y%20Gesti%C3%B3n%20Ambiental%20Empresarial/Subdirector%20068-04.pdf HTTP/1.1" 404 1018
201.245.192.253 - - [25/Oct/2014:00:14:58 -0500] "GET /ForestMSG_SDA/channelAsync/template_word_16759698?X-Atmosphere-tracking-id=80b472e0-b59c-77d7-e6ff-0e2e883eacaa&X-Atmosphere-Framework=1.0.5&X-Atmosphere-Transport=long-polling&tabid=0.5564406877674468&X-Cache-Date=0&Content-Type=application/xml&_=1414214231951 HTTP/1.1" 200 8193
207.46.13.108 - - [25/Oct/2014:00:18:00 -0500] "GET /dama/libreria/pdf/anexossiac/Proyecto%20Decreto%20Acueducto.pdf HTTP/1.1" 404 1019
186.32.133.22 - - [25/Oct/2014:00:18:05 -0500] "GET /BLA/boletinlegal/js/jquery.js HTTP/1.1" 200 57254
186.32.133.22 - - [25/Oct/2014:00:18:05 -0500] "GET /BLA/boletinlegal/js/jquery.scrollTo-min.js HTTP/1.1" 200 1150
186.32.133.22 - - [25/Oct/2014:00:18:05 -0500] "GET /BLA/boletinlegal/js/jquery.scrollShow.js HTTP/1.1" 200 4586
180.76.5.94 - - [25/Oct/2014:00:18:11 -0500] "GET /BLA/resoluciones/AUTOS%202010/4729.pdf HTTP/1.1" 200 491219
165.231.10.11 - - [25/Oct/2014:00:18:19 -0500] "GET /auntentica.txt HTTP/1.1" 404 1153
188.165.15.87 - - [25/Oct/2014:00:18:32 -0500] "GET /BLA/resoluciones/RESOLUCIONES%202002/RES%202002%201001-1050/2002RES1034.tif HTTP/1.1" 200 80112
180.76.6.59 - - [25/Oct/2014:00:18:39 -0500] "GET /BLA/resoluciones/AUTOS%202009/0234.pdf HTTP/1.1" 200 124616
201.253.83.116 - - [25/Oct/2014:00:18:39 -0500] "GET /BLA/boletinlegal/js/jquery.js HTTP/1.1" 200 57254
201.253.83.116 - - [25/Oct/2014:00:18:39 -0500] "GET /BLA/boletinlegal/js/jquery.scrollTo-min.js HTTP/1.1" 200 1150
201.253.83.116 - - [25/Oct/2014:00:18:39 -0500] "GET /BLA/boletinlegal/js/jquery.scrollShow.js HTTP/1.1" 200 4586
201.253.83.116 - - [25/Oct/2014:00:18:39 -0500] "GET /galeria/carrusel/Carrusel/jquery.thumbnailScroller.css HTTP/1.1" 200 2066
201.253.83.116 - - [25/Oct/2014:00:18:39 -0500] "GET /galeria/carrusel/Carrusel/jquery-ui-1.8.13.custom.min.js HTTP/1.1" 200 10800
201.253.83.116 - - [25/Oct/2014:00:18:39 -0500] "GET /galeria/carrusel/Carrusel/jquery.thumbnailScroller.js HTTP/1.1" 200 8157
74.86.158.107 - - [25/Oct/2014:00:19:29 -0500] "HEAD / HTTP/1.1" 302 -
181.131.14.73 - - [25/Oct/2014:00:19:37 -0500] "GET /BLA/resoluciones/AUTOS%202013/0961.pdf HTTP/1.1" 200 1833910
181.131.14.73 - - [25/Oct/2014:00:19:37 -0500] "GET /BLA/resoluciones/AUTOS%202013/0961.pdf HTTP/1.1" 206 32768
181.131.14.73 - - [25/Oct/2014:00:19:37 -0500] "GET /BLA/resoluciones/AUTOS%202013/0961.pdf HTTP/1.1" 206 1801142
181.131.14.73 - - [25/Oct/2014:00:19:41 -0500] "GET /favicon.ico HTTP/1.1" 200 7782
188.165.15.78 - - [25/Oct/2014:00:19:45 -0500] "GET /BLA/resoluciones/RESOLUCIONES%202004/RES%202004%20201-250/00000224.tif HTTP/1.1" 200 93032
66.249.64.47 - - [25/Oct/2014:00:19:55 -0500] "GET /POT-2013/Cartografia/15_Sistema%20de%20Movilidad%20_Secciones%20Viales_Circuitos_movilida.pdf HTTP/1.1" 304 -
190.68.193.214 - - [25/Oct/2014:00:20:40 -0500] "GET /BLA/boletinlegal/js/jquery.js HTTP/1.1" 200 57254
190.68.193.214 - - [25/Oct/2014:00:20:40 -0500] "GET /BLA/boletinlegal/js/jquery.scrollTo-min.js HTTP/1.1" 200 1150
190.68.193.214 - - [25/Oct/2014:00:20:40 -0500] "GET /BLA/boletinlegal/js/jquery.scrollShow.js HTTP/1.1" 200 4586
185.10.104.131 - - [25/Oct/2014:00:20:49 -0500] "GET /BLA/resoluciones/AUTOS%202011/0869.pdf HTTP/1.1" 200 97351
201.245.192.253 - - [25/Oct/2014:00:20:52 -0500] "GET /forest/skins/gdocs-jar/img/fondo-barra.gif HTTP/1.1" 304 -
100.43.85.25 - - [25/Oct/2014:00:20:56 -0500] "GET /site/?C=S;O=D HTTP/1.1" 404 1019
201.245.192.253 - - [25/Oct/2014:00:17:58 -0500] "GET /ForestMSG_SDA/channelAsync/template_word_16759698?X-Atmosphere-tracking-id=80b472e0-b59c-77d7-e6ff-0e2e883eacaa&X-Atmosphere-Framework=1.0.5&X-Atmosphere-Transport=long-polling&tabid=0.5564406877674468&X-Cache-Date=0&Content-Type=application/xml&_=1414214411936 HTTP/1.1" 200 8193
190.68.193.214 - - [25/Oct/2014:00:21:03 -0500] "GET /videos/Comadreja.flv HTTP/1.1" 200 1953549
66.249.64.163 - - [25/Oct/2014:00:21:04 -0500] "GET /BLA/resoluciones/RESOLUCIONES%202010/5692.pdf HTTP/1.1" 200 145066
188.165.15.193 - - [25/Oct/2014:00:21:10 -0500] "GET /BLA/resoluciones/RESOLUCIONES%202002/RES%202002%201201-1250/20021211.tif HTTP/1.1" 200 118320
187.185.62.193 - - [25/Oct/2014:00:21:21 -0500] "GET /BLA/boletinlegal/js/jquery.scrollTo-min.js HTTP/1.1" 200 1150
187.185.62.193 - - [25/Oct/2014:00:21:21 -0500] "GET /BLA/boletinlegal/js/jquery.js HTTP/1.1" 200 57254
187.185.62.193 - - [25/Oct/2014:00:21:21 -0500] "GET /BLA/boletinlegal/js/jquery.scrollShow.js HTTP/1.1" 200 4586
180.76.6.157 - - [25/Oct/2014:00:21:25 -0500] "GET /BLA/resoluciones/index.php?dir=RESOLUCIONES%202002/RES%202002%201601-1650/&sort=name&order=desc HTTP/1.1" 200 12157
189.235.15.173 - - [25/Oct/2014:00:21:27 -0500] "GET /BLA/boletinlegal/js/jquery.js HTTP/1.1" 200 57254
189.235.15.173 - - [25/Oct/2014:00:21:27 -0500] "GET /BLA/boletinlegal/js/jquery.scrollTo-min.js HTTP/1.1" 200 1150
189.235.15.173 - - [25/Oct/2014:00:21:27 -0500] "GET /BLA/boletinlegal/js/jquery.scrollShow.js HTTP/1.1" 200 4586
188.165.15.50 - - [25/Oct/2014:00:21:28 -0500] "GET /BLA/resoluciones/RESOLUCIONES%202002/RES%202002%20851-900/00000899.tif HTTP/1.1" 200 133400
188.165.15.50 - - [25/Oct/2014:00:21:37 -0500] "GET /BLA/resoluciones/RESOLUCIONES%202005/RES%202005%202501-2550/00002519.tif HTTP/1.1" 200 31594
180.76.5.172 - - [25/Oct/2014:00:21:43 -0500] "GET /BLA/resoluciones/AUTOS%202011/1651.pdf HTTP/1.1" 200 140229
186.155.99.188 - - [25/Oct/2014:00:21:53 -0500] "GET /BLA/boletinlegal/js/jquery.js HTTP/1.1" 200 57254
186.155.99.188 - - [25/Oct/2014:00:21:53 -0500] "GET /BLA/boletinlegal/js/jquery.scrollTo-min.js HTTP/1.1" 200 1150
186.155.99.188 - - [25/Oct/2014:00:21:53 -0500] "GET /BLA/boletinlegal/js/jquery.scrollShow.js HTTP/1.1" 200 4586
152.61.128.66 - - [25/Oct/2014:00:22:11 -0500] "HEAD / HTTP/1.1" 302 -
152.61.128.66 - - [25/Oct/2014:00:22:11 -0500] "GET /arcgis/services/Calidad_del_Agua_WQI/MapServer/WMSServer?SERVICE=WMS&REQUEST=GetCapabilities HTTP/1.1" 200 32135
152.61.128.66 - - [25/Oct/2014:00:22:11 -0500] "GET /arcgis/services/Calidad_del_Agua_WQI/MapServer/WMSServer?SERVICE=WMS&REQUEST=GetCapabilities HTTP/1.0" 200 32135
152.61.128.66 - - [25/Oct/2014:00:22:12 -0500] "GET /arcgis/services/Calidad_del_Agua_WQI/MapServer/WMSServer?SERVICE=WMS&REQUEST=GetCapabilities HTTP/1.0" 200 32135
152.61.128.66 - - [25/Oct/2014:00:22:13 -0500] "GET /arcgis/services/Calidad_del_Agua_WQI/MapServer/WMSServer?SERVICE=WMS&REQUEST=GetCapabilities HTTP/1.0" 200 32135
152.61.128.66 - - [25/Oct/2014:00:22:14 -0500] "GET /arcgis/services/Calidad_del_Agua_WQI/MapServer/WMSServer?VERSION=1.1.1&REQUEST=GetMap&LAYERS=0&SRS=EPSG:4326&BBOX=-74.473395,3.674381,-73.963300,4.920569&WIDTH=250&HEIGHT=250&FORMAT=image/bmp&STYLES=& HTTP/1.1" 200 188054
66.249.64.167 - - [25/Oct/2014:00:22:24 -0500] "GET /BLA/resoluciones/RESOLUCIONES%202005/RES%202005%201401-1450/00001433.tif HTTP/1.1" 200 139020
180.76.6.155 - - [25/Oct/2014:00:22:38 -0500] "GET /BLA/resoluciones/AUTOS%202009/0331.pdf HTTP/1.1" 200 126614
66.249.64.163 - - [25/Oct/2014:00:23:52 -0500] "GET /BLA/resoluciones/RESOLUCIONES%202007/RES%202007%201301%20AL%201400/RESOLUCION%201327%20DE%202007.pdf HTTP/1.1" 200 233451
201.245.192.253 - - [25/Oct/2014:00:20:58 -0500] "GET /ForestMSG_SDA/channelAsync/template_word_16759698?X-Atmosphere-tracking-id=80b472e0-b59c-77d7-e6ff-0e2e883eacaa&X-Atmosphere-Framework=1.0.5&X-Atmosphere-Transport=long-polling&tabid=0.5564406877674468&X-Cache-Date=0&Content-Type=application/xml&_=1414214592022 HTTP/1.1" 200 8193
74.86.158.107 - - [25/Oct/2014:00:24:29 -0500] "HEAD / HTTP/1.1" 302 -
186.81.232.213 - - [25/Oct/2014:00:24:34 -0500] "GET /BLA/boletinlegal/js/jquery.scrollShow.js HTTP/1.1" 200 4586
186.81.232.213 - - [25/Oct/2014:00:24:34 -0500] "GET /BLA/boletinlegal/js/jquery.js HTTP/1.1" 200 57254
186.81.232.213 - - [25/Oct/2014:00:24:34 -0500] "GET /BLA/boletinlegal/js/jquery.scrollTo-min.js HTTP/1.1" 200 1150
152.61.193.99 - - [25/Oct/2014:00:25:24 -0500] "HEAD / HTTP/1.1" 302 -
152.61.193.99 - - [25/Oct/2014:00:25:24 -0500] "GET /arcgis/services/Calidad_del_Agua_WQI/MapServer/WMSServer?request=GetCapabilities&service=WMS HTTP/1.1" 200 32135
152.61.193.99 - - [25/Oct/2014:00:25:25 -0500] "GET /arcgis/services/Calidad_del_Agua_WQI/MapServer/WMSServer?request=GetCapabilities&service=WMS HTTP/1.1" 200 32135
152.61.193.99 - - [25/Oct/2014:00:25:26 -0500] "GET /arcgis/services/Calidad_del_Agua_WQI/MapServer/WMSServer?request=GetCapabilities&service=WMS HTTP/1.1" 200 32135
152.61.193.99 - - [25/Oct/2014:00:25:27 -0500] "GET /arcgis/services/Calidad_del_Agua_WQI/MapServer/WMSServer?request=GetCapabilities&service=WMS HTTP/1.1" 200 32135
152.61.193.99 - - [25/Oct/2014:00:25:27 -0500] "GET /arcgis/services/Calidad_del_Agua_WQI/MapServer/WMSServer?VERSION=1.1.1&REQUEST=GetMap&LAYERS=0&SRS=EPSG:4326&BBOX=-74.473395,3.674381,-73.963300,4.920569&WIDTH=250&HEIGHT=250&FORMAT=image/bmp&STYLES=& HTTP/1.1" 200 188054
100.43.85.25 - - [25/Oct/2014:00:25:37 -0500] "GET /nrc/Inicio.htm HTTP/1.1" 404 1019
157.55.39.38 - - [25/Oct/2014:00:26:33 -0500] "GET /phylum/ HTTP/1.1" 404 1019
201.245.192.253 - - [25/Oct/2014:00:23:58 -0500] "GET /ForestMSG_SDA/channelAsync/template_word_16759698?X-Atmosphere-tracking-id=80b472e0-b59c-77d7-e6ff-0e2e883eacaa&X-Atmosphere-Framework=1.0.5&X-Atmosphere-Transport=long-polling&tabid=0.5564406877674468&X-Cache-Date=0&Content-Type=application/xml&_=1414214772139 HTTP/1.1" 200 8193
188.165.15.87 - - [25/Oct/2014:00:28:13 -0500] "GET /BLA/resoluciones/RESOLUCIONES%202004/RES%202004%201601-1650/00001640.tif HTTP/1.1" 200 218736
180.76.6.151 - - [25/Oct/2014:00:28:18 -0500] "GET /BLA/resoluciones/AUTOS%202010/5425.pdf HTTP/1.1" 200 218529
207.46.13.108 - - [25/Oct/2014:00:28:43 -0500] "GET /dama/libreria/pdf/INDUSTRIASCONLIBRODEOPERACIONESREGISTRADAS.pdf HTTP/1.1" 404 1019
180.76.5.223 - - [25/Oct/2014:00:28:43 -0500] "GET /BLA/resoluciones/AUTOS%202009/0889.pdf HTTP/1.1" 200 119655
190.201.118.192 - - [25/Oct/2014:00:28:43 -0500] "GET /BLA/boletinlegal/js/jquery.js HTTP/1.1" 200 57254
190.201.118.192 - - [25/Oct/2014:00:28:43 -0500] "GET /BLA/boletinlegal/js/jquery.scrollTo-min.js HTTP/1.1" 200 1150
190.201.118.192 - - [25/Oct/2014:00:28:43 -0500] "GET /BLA/boletinlegal/js/jquery.scrollShow.js HTTP/1.1" 200 4586
123.125.71.30 - - [25/Oct/2014:00:29:25 -0500] "GET /BLA/boletinlegal/js/jquery.scrollTo-min.js HTTP/1.1" 200 1150
74.86.158.107 - - [25/Oct/2014:00:29:29 -0500] "HEAD / HTTP/1.1" 302 -
201.245.192.253 - - [25/Oct/2014:00:26:58 -0500] "GET /ForestMSG_SDA/channelAsync/template_word_16759698?X-Atmosphere-tracking-id=80b472e0-b59c-77d7-e6ff-0e2e883eacaa&X-Atmosphere-Framework=1.0.5&X-Atmosphere-Transport=long-polling&tabid=0.5564406877674468&X-Cache-Date=0&Content-Type=application/xml&_=1414214952175 HTTP/1.1" 200 8193
100.43.85.25 - - [25/Oct/2014:00:30:18 -0500] "GET /mpp/?C=M;O=A HTTP/1.1" 404 1019
190.73.138.123 - - [25/Oct/2014:00:30:36 -0500] "GET /BLA/boletinlegal/js/jquery.js HTTP/1.1" 200 57254
190.73.138.123 - - [25/Oct/2014:00:30:36 -0500] "GET /BLA/boletinlegal/js/jquery.scrollTo-min.js HTTP/1.1" 200 1150
190.73.138.123 - - [25/Oct/2014:00:30:36 -0500] "GET /BLA/boletinlegal/js/jquery.scrollShow.js HTTP/1.1" 200 4586
207.46.13.4 - - [25/Oct/2014:00:31:29 -0500] "GET /dama/libreria/pdf/SAS/DX%20funerario.pdf HTTP/1.1" 404 1019
188.165.15.192 - - [25/Oct/2014:00:31:39 -0500] "GET /BLA/resoluciones/RESOLUCIONES%202002/RES%202002%20151-200/2002RES154.tif HTTP/1.1" 200 92540
188.165.15.231 - - [25/Oct/2014:00:31:40 -0500] "GET /BLA/resoluciones/index.php?dir=RESOLUCIONES%202006/RES%202006%201501-1550/&sort=size&order=desc HTTP/1.1" 200 12369
201.245.192.253 - - [25/Oct/2014:00:29:58 -0500] "GET /ForestMSG_SDA/channelAsync/template_word_16759698?X-Atmosphere-tracking-id=80b472e0-b59c-77d7-e6ff-0e2e883eacaa&X-Atmosphere-Framework=1.0.5&X-Atmosphere-Transport=long-polling&tabid=0.5564406877674468&X-Cache-Date=0&Content-Type=application/xml&_=1414215132212 HTTP/1.1" 200 8193
188.165.15.152 - - [25/Oct/2014:00:33:22 -0500] "GET /BLA/resoluciones/RESOLUCIONES%202006/RES%202006%20301-350/00000338.tif HTTP/1.1" 200 384590
152.61.193.99 - - [25/Oct/2014:00:33:35 -0500] "HEAD / HTTP/1.1" 302 -
152.61.193.99 - - [25/Oct/2014:00:33:36 -0500] "GET /arcgis/services/Calidad_del_Agua_WQI/MapServer/WMSServer?SERVICE=WMS&REQUEST=GetCapabilities HTTP/1.1" 200 32135
152.61.193.99 - - [25/Oct/2014:00:33:36 -0500] "GET /arcgis/services/Calidad_del_Agua_WQI/MapServer/WMSServer?SERVICE=WMS&REQUEST=GetCapabilities HTTP/1.1" 200 32135
152.61.193.99 - - [25/Oct/2014:00:33:37 -0500] "GET /arcgis/services/Calidad_del_Agua_WQI/MapServer/WMSServer?SERVICE=WMS&REQUEST=GetCapabilities HTTP/1.1" 200 32135
152.61.193.99 - - [25/Oct/2014:00:33:38 -0500] "GET /arcgis/services/Calidad_del_Agua_WQI/MapServer/WMSServer?SERVICE=WMS&REQUEST=GetCapabilities HTTP/1.1" 200 32135
152.61.193.99 - - [25/Oct/2014:00:33:39 -0500] "GET /arcgis/services/Calidad_del_Agua_WQI/MapServer/WMSServer?VERSION=1.1.1&REQUEST=GetMap&LAYERS=0&SRS=EPSG:4326&BBOX=-74.473395,3.674381,-73.963300,4.920569&WIDTH=250&HEIGHT=250&FORMAT=image/bmp&STYLES=& HTTP/1.1" 200 188054
104.154.16.172 - - [25/Oct/2014:00:33:54 -0500] "GET /galeria/carrusel/Carrusel/jquery.thumbnailScroller.css HTTP/1.1" 200 2066
104.154.16.172 - - [25/Oct/2014:00:33:54 -0500] "GET /BLA/boletinlegal/js/jquery.scrollShow.js HTTP/1.1" 200 4586
104.154.16.172 - - [25/Oct/2014:00:33:54 -0500] "GET /BLA/boletinlegal/js/jquery.js HTTP/1.1" 200 57254
104.154.16.172 - - [25/Oct/2014:00:33:54 -0500] "GET /BLA/boletinlegal/js/jquery.scrollTo-min.js HTTP/1.1" 200 1150
104.154.16.172 - - [25/Oct/2014:00:33:54 -0500] "GET /galeria/carrusel/Carrusel/jquery-ui-1.8.13.custom.min.js HTTP/1.1" 200 10800
104.154.16.172 - - [25/Oct/2014:00:33:54 -0500] "GET /galeria/carrusel/Carrusel/jquery.thumbnailScroller.js HTTP/1.1" 200 8157
188.165.15.19 - - [25/Oct/2014:00:34:15 -0500] "GET /BLA/resoluciones/index.php?dir=RESOLUCIONES%202002/RES%202002%20601-650/&sort=size&order=asc HTTP/1.1" 200 12037
66.249.64.47 - - [25/Oct/2014:00:34:26 -0500] "GET /POT-2013/Cartografia/32_Altura%20para%20c%C3%A1lculo%20de%20edificabilidad%20predominante%20y%20aisl.pdf HTTP/1.1" 304 -
74.86.158.107 - - [25/Oct/2014:00:34:29 -0500] "HEAD / HTTP/1.1" 302 -
100.43.85.25 - - [25/Oct/2014:00:34:59 -0500] "GET /new/?C=M;O=A HTTP/1.1" 404 1019
66.249.64.167 - - [25/Oct/2014:00:35:01 -0500] "GET /BLA/resoluciones/AUTOS%202008/1946.pdf HTTP/1.1" 200 95740
201.245.192.253 - - [25/Oct/2014:00:32:58 -0500] "GET /ForestMSG_SDA/channelAsync/template_word_16759698?X-Atmosphere-tracking-id=80b472e0-b59c-77d7-e6ff-0e2e883eacaa&X-Atmosphere-Framework=1.0.5&X-Atmosphere-Transport=long-polling&tabid=0.5564406877674468&X-Cache-Date=0&Content-Type=application/xml&_=1414215312278 HTTP/1.1" 200 8193
180.76.5.23 - - [25/Oct/2014:00:36:19 -0500] "GET /BLA/resoluciones/Autos%202008/0549.pdf HTTP/1.1" 200 148217
201.245.199.66 - - [25/Oct/2014:00:36:28 -0500] "GET /BLA/resoluciones/RESOLUCIONES%202010/6450.pdf HTTP/1.1" 200 70189
201.245.199.66 - - [25/Oct/2014:00:36:29 -0500] "GET /favicon.ico HTTP/1.1" 200 7782
191.89.21.225 - - [25/Oct/2014:00:37:56 -0500] "GET /BLA/boletinlegal/js/jquery.js HTTP/1.1" 200 57254
191.89.21.225 - - [25/Oct/2014:00:37:56 -0500] "GET /BLA/boletinlegal/js/jquery.scrollTo-min.js HTTP/1.1" 200 1150
191.89.21.225 - - [25/Oct/2014:00:37:56 -0500] "GET /BLA/boletinlegal/js/jquery.scrollShow.js HTTP/1.1" 200 4586
144.76.185.173 - - [25/Oct/2014:00:37:57 -0500] "GET /dama/libreria/php/decide.php?patron=01.0210&ofix=4 HTTP/1.1" 404 1019
144.76.185.173 - - [25/Oct/2014:00:37:57 -0500] "GET /dama/libreria/php/decide.php?patron=01.0210&ofix=0&valor=10 HTTP/1.1" 404 1019
66.249.64.171 - - [25/Oct/2014:00:38:50 -0500] "GET /BLA/resoluciones/RESOLUCIONES%202007/RES%202007%201301%20AL%201400/RESOLUCION%201318%20DE%202007.pdf HTTP/1.1" 200 322351
201.245.192.253 - - [25/Oct/2014:00:35:58 -0500] "GET /ForestMSG_SDA/channelAsync/template_word_16759698?X-Atmosphere-tracking-id=80b472e0-b59c-77d7-e6ff-0e2e883eacaa&X-Atmosphere-Framework=1.0.5&X-Atmosphere-Transport=long-polling&tabid=0.5564406877674468&X-Cache-Date=0&Content-Type=application/xml&_=1414215492366 HTTP/1.1" 200 8193
74.86.158.107 - - [25/Oct/2014:00:39:29 -0500] "HEAD / HTTP/1.1" 302 -
100.43.85.25 - - [25/Oct/2014:00:39:39 -0500] "GET /phylum/?C=D;O=D HTTP/1.1" 404 1019
188.165.15.196 - - [25/Oct/2014:00:39:47 -0500] "GET /BLA/resoluciones/index.php?dir=RESOLUCIONES%202007/RES%202007%204301%20AL%204352/&sort=size&order=asc HTTP/1.1" 200 14905
188.165.15.152 - - [25/Oct/2014:00:39:59 -0500] "GET /BLA/resoluciones/RESOLUCIONES%202006/RES%202006%202751-2800/00002783.tif HTTP/1.1" 200 87968
66.249.64.171 - - [25/Oct/2014:00:40:06 -0500] "GET /BLA/resoluciones/RESOLUCIONES%202005/RES%202005%201801-1850/00001833.tif HTTP/1.1" 200 204878
180.76.6.232 - - [25/Oct/2014:00:40:09 -0500] "GET /BLA/resoluciones/AUTOS%202010/6448.pdf HTTP/1.1" 200 259211
207.46.13.108 - - [25/Oct/2014:00:41:30 -0500] "GET /PORTAL_SIAC/swf/Residuos/maderas/maderas.html HTTP/1.1" 200 1957
201.245.192.253 - - [25/Oct/2014:00:41:55 -0500] "GET /forestReports/webcontent/birt/ajax/ui/report/BirtReportDocument.js HTTP/1.1" 200 8494
201.245.192.253 - - [25/Oct/2014:00:41:58 -0500] "GET /forestReports/webcontent/birt/ajax/core/BirtDndManager.js HTTP/1.1" 200 9343
201.245.192.253 - - [25/Oct/2014:00:38:58 -0500] "GET /ForestMSG_SDA/channelAsync/template_word_16759698?X-Atmosphere-tracking-id=80b472e0-b59c-77d7-e6ff-0e2e883eacaa&X-Atmosphere-Framework=1.0.5&X-Atmosphere-Transport=long-polling&tabid=0.5564406877674468&X-Cache-Date=0&Content-Type=application/xml&_=1414215672448 HTTP/1.1" 200 8193
201.245.192.253 - - [25/Oct/2014:00:42:06 -0500] "GET /forestReports/webcontent/birt/ajax/utility/Printer.js HTTP/1.1" 200 3808
180.76.5.168 - - [25/Oct/2014:00:42:13 -0500] "GET /BLA/resoluciones/AUTOS%202010/0805.pdf HTTP/1.1" 200 177083
188.165.15.152 - - [25/Oct/2014:00:42:15 -0500] "GET /manual_funciones_Listado/index.php?dir=2.3.2.%20Subdirecci%C3%83%C2%83%C3%82%C2%83%C3%83%C2%82%C3%82%C2%83%C3%83%C2%83%C3%82%C2%82%C3%83%C2%82%C3%82%C2%83%C3%83%C2%83%C3%82%C2%83%C3%83%C2%82%C3%82%C2%82%C3%83%C2%83%C3%82%C2%82%C3%83%C2%82%C3%82%C2%83%C3%83%C2%83%C3%82%C2%83%C3%83%C2%82%C3%82%C2%83%C3%83%C2%83%C3%82%C2%82%C3%83%C2%82%C3%82%C2%82%C3%83%C2%83%C3%82%C2%83%C3%83%C2%82%C3%82%C2%82%C3%83%C2%83%C3%82%C2%82%C3%83%C2%82%C3%82%C2%B3n%20de%20Ecosistemas%20y%20Ruralidad/&sort=size&order=asc HTTP/1.1" 404 1018
66.249.64.171 - - [25/Oct/2014:00:42:34 -0500] "GET /BLA/resoluciones/RESOLUCIONES%202013/0314.pdf HTTP/1.1" 200 2353062
201.245.192.253 - - [25/Oct/2014:00:42:38 -0500] "GET /forestReports/webcontent/birt/ajax/core/BirtEvent.js HTTP/1.1" 200 1716
201.245.192.253 - - [25/Oct/2014:00:42:40 -0500] "GET /forestReports/webcontent/birt/images/PreviousPage_disabled.gif HTTP/1.1" 200 310
201.245.192.253 - - [25/Oct/2014:00:43:02 -0500] "GET /forestReports/webcontent/birt/images/RemoveAll_disabled.gif HTTP/1.1" 200 371
201.245.192.253 - - [25/Oct/2014:00:43:29 -0500] "GET /forestReports/webcontent/birt/styles/style.css HTTP/1.1" 200 8769
66.249.64.171 - - [25/Oct/2014:00:43:35 -0500] "GET /BLA/resoluciones/RESOLUCIONES%202007/RES%202007%202501%20AL%202600/RESOLUCION%202542%20DE%202007.pdf HTTP/1.1" 304 -
201.245.192.253 - - [25/Oct/2014:00:43:39 -0500] "GET /forestReports/webcontent/birt/ajax/core/BirtSoapRequest.js HTTP/1.1" 200 9102
201.245.192.253 - - [25/Oct/2014:00:43:42 -0500] "GET /forestReports/webcontent/birt/ajax/ui/dialog/BirtSimpleExportDataDialog.js HTTP/1.1" 200 16569
201.245.192.253 - - [25/Oct/2014:00:43:53 -0500] "GET /forestReports/webcontent/birt/images/Remove_disabled.gif HTTP/1.1" 200 348
201.245.192.253 - - [25/Oct/2014:00:43:59 -0500] "GET /forest/skins/gdocs-jar/img/more_details.gif HTTP/1.1" 304 -
189.231.85.50 - - [25/Oct/2014:00:43:59 -0500] "GET /BLA/boletinlegal/js/jquery.js HTTP/1.1" 200 57254
189.231.85.50 - - [25/Oct/2014:00:43:59 -0500] "GET /BLA/boletinlegal/js/jquery.scrollTo-min.js HTTP/1.1" 200 1150
189.231.85.50 - - [25/Oct/2014:00:43:59 -0500] "GET /BLA/boletinlegal/js/jquery.scrollShow.js HTTP/1.1" 200 4586
185.10.104.131 - - [25/Oct/2014:00:44:02 -0500] "GET /BLA/resoluciones/AUTOS%202011/0099.pdf HTTP/1.1" 200 129399
189.231.85.50 - - [25/Oct/2014:00:44:02 -0500] "GET /hidrico/aguas%20subterraneas/ HTTP/1.1" 404 1296
189.231.85.50 - - [25/Oct/2014:00:44:03 -0500] "GET /hidrico/aguas%20subterraneas/ HTTP/1.1" 404 1296
189.231.85.50 - - [25/Oct/2014:00:44:03 -0500] "GET /hidrico/aguas%20subterraneas/ HTTP/1.1" 404 1296
201.245.192.253 - - [25/Oct/2014:00:44:05 -0500] "GET /forestReports/webcontent/birt/images/ExportReport.gif HTTP/1.1" 200 607
100.43.85.25 - - [25/Oct/2014:00:44:21 -0500] "GET /jun/?C=M;O=A HTTP/1.1" 404 1019
66.249.64.43 - - [25/Oct/2014:00:44:21 -0500] "GET /BLA/boletinlegal/jurisprudencia/analisis/Analisis%20jurisprudencial%20Sentencia%20C-366-11.doc HTTP/1.1" 304 -
188.165.15.165 - - [25/Oct/2014:00:44:29 -0500] "GET /BLA/resoluciones/RESOLUCIONES%202005/RES%202005%201-50/RES%202005%20101-150/00000144.tif HTTP/1.1" 200 141384
74.86.158.107 - - [25/Oct/2014:00:44:29 -0500] "HEAD / HTTP/1.1" 302 -
201.245.192.253 - - [25/Oct/2014:00:44:36 -0500] "GET /forestReports/webcontent/birt/images/AddAll.gif HTTP/1.1" 200 370
201.245.192.253 - - [25/Oct/2014:00:44:42 -0500] "GET /forestReports/webcontent/birt/ajax/ui/dialog/BirtExceptionDialog.js HTTP/1.1" 200 5855
201.245.192.253 - - [25/Oct/2014:00:44:48 -0500] "GET /forestReports/webcontent/birt/images/Loading.gif HTTP/1.1" 200 1197
201.245.192.253 - - [25/Oct/2014:00:44:55 -0500] "GET /forestReports/webcontent/birt/ajax/mh/BirtBaseResponseHandler.js HTTP/1.1" 200 1477
201.245.192.253 - - [25/Oct/2014:00:44:56 -0500] "GET /forestReports/webcontent/birt/images/Down_disabled.gif HTTP/1.1" 200 348
201.245.192.253 - - [25/Oct/2014:00:41:58 -0500] "GET /ForestMSG_SDA/channelAsync/template_word_16759698?X-Atmosphere-tracking-id=80b472e0-b59c-77d7-e6ff-0e2e883eacaa&X-Atmosphere-Framework=1.0.5&X-Atmosphere-Transport=long-polling&tabid=0.5564406877674468&X-Cache-Date=0&Content-Type=application/xml&_=1414215852530 HTTP/1.1" 200 8193
201.245.192.253 - - [25/Oct/2014:00:45:10 -0500] "GET /forestReports/webcontent/birt/ajax/lib/head.js HTTP/1.1" 200 34547
201.245.192.253 - - [25/Oct/2014:00:45:13 -0500] "GET /forestReports/webcontent/birt/ajax/ui/app/AbstractBaseToolbar.js HTTP/1.1" 200 2248
201.245.192.253 - - [25/Oct/2014:00:45:14 -0500] "GET /forestReports/webcontent/birt/ajax/utility/BrowserUtility.js HTTP/1.1" 200 3736
201.245.192.253 - - [25/Oct/2014:00:45:17 -0500] "GET /forestReports/webcontent/birt/images/Report_parameters.gif HTTP/1.1" 200 363
201.245.192.253 - - [25/Oct/2014:00:45:29 -0500] "GET /forestReports/webcontent/birt/images/Add.gif HTTP/1.1" 200 349
188.165.15.152 - - [25/Oct/2014:00:45:30 -0500] "GET /BLA/resoluciones/RESOLUCIONES%202004/RES%202004%202001-2050/00002041.tif HTTP/1.1" 200 147040
201.245.192.253 - - [25/Oct/2014:00:45:36 -0500] "GET /forestReports/webcontent/birt/images/Toc.gif HTTP/1.1" 200 368
188.165.15.239 - - [25/Oct/2014:00:45:56 -0500] "GET /BLA/resoluciones/RESOLUCIONES%202006/RES%202006%20901-950/00000938.tif HTTP/1.1" 200 103430
180.76.6.149 - - [25/Oct/2014:00:45:57 -0500] "GET /BLA/resoluciones/AUTOS%202009/0719.pdf HTTP/1.1" 200 215113
180.76.6.132 - - [25/Oct/2014:00:46:24 -0500] "GET /BLA/resoluciones/AUTOS%202009/1376.pdf HTTP/1.1" 200 118160
188.165.15.152 - - [25/Oct/2014:00:47:23 -0500] "GET /BLA/resoluciones/RESOLUCIONES%202006/RES%202006%20351-400/00000363.tif HTTP/1.1" 200 40254
201.245.192.253 - - [25/Oct/2014:00:44:58 -0500] "GET /ForestMSG_SDA/channelAsync/template_word_16759698?X-Atmosphere-tracking-id=80b472e0-b59c-77d7-e6ff-0e2e883eacaa&X-Atmosphere-Framework=1.0.5&X-Atmosphere-Transport=long-polling&tabid=0.5564406877674468&X-Cache-Date=0&Content-Type=application/xml&_=1414216032655 HTTP/1.1" 200 8193
180.76.5.17 - - [25/Oct/2014:00:48:04 -0500] "GET /BLA/resoluciones/AUTOS%202007/1433.pdf HTTP/1.1" 200 101439
66.249.64.171 - - [25/Oct/2014:00:48:35 -0500] "GET /BLA/resoluciones/RESOLUCIONES%202011/6971.pdf HTTP/1.1" 304 -
66.249.64.167 - - [25/Oct/2014:00:48:36 -0500] "GET /BLA/resoluciones/RESOLUCIONES%202007/RES%202007%202801%20AL%202900/RESOLUCION%202866%20DE%202007.pdf HTTP/1.1" 200 487308
98.212.39.21 - - [25/Oct/2014:00:48:42 -0500] "GET /webdav/x32.php?host=184.50.238.24&time=70&port=80 HTTP/1.1" 404 1018
100.43.85.25 - - [25/Oct/2014:00:49:02 -0500] "GET /jun/?C=N;O=A HTTP/1.1" 404 1019
188.165.15.231 - - [25/Oct/2014:00:49:11 -0500] "GET /BLA/resoluciones/RESOLUCIONES%202006/RES%202006%201801-1850/00001816.tif HTTP/1.1" 200 158778
201.245.192.253 - - [25/Oct/2014:00:49:14 -0500] "GET /forest/skins/gdocs-jar/js/acrobat_detection.js HTTP/1.1" 304 -
66.249.64.43 - - [25/Oct/2014:00:49:21 -0500] "GET /BLA/boletinlegal/jurisprudencia/analisis/Analisis%20Jurisprudencia%20Sent%202000-00005-01.doc HTTP/1.1" 304 -
66.249.64.171 - - [25/Oct/2014:00:49:24 -0500] "GET /BLA/resoluciones/RESOLUCIONES%202002/RES%202002%201751-1800/20021783.tif HTTP/1.1" 200 116408
74.86.158.107 - - [25/Oct/2014:00:49:29 -0500] "HEAD / HTTP/1.1" 302 -
180.76.6.213 - - [25/Oct/2014:00:50:26 -0500] "GET /BLA/resoluciones/AUTOS%202009/2219.pdf HTTP/1.1" 200 123057
180.76.6.57 - - [25/Oct/2014:00:50:53 -0500] "GET /BLA/resoluciones/AUTOS%202009/2748.pdf HTTP/1.1" 200 82783
188.165.15.165 - - [25/Oct/2014:00:50:55 -0500] "GET /BLA/resoluciones/RESOLUCIONES%202004/RES%202004%20701-750/00000706.tif HTTP/1.1" 200 179874
201.245.192.253 - - [25/Oct/2014:00:47:58 -0500] "GET /ForestMSG_SDA/channelAsync/template_word_16759698?X-Atmosphere-tracking-id=80b472e0-b59c-77d7-e6ff-0e2e883eacaa&X-Atmosphere-Framework=1.0.5&X-Atmosphere-Transport=long-polling&tabid=0.5564406877674468&X-Cache-Date=0&Content-Type=application/xml&_=1414216212739 HTTP/1.1" 200 8193
180.76.5.223 - - [25/Oct/2014:00:51:56 -0500] "GET /BLA/resoluciones/AUTOS%202009/2613.pdf HTTP/1.1" 200 125168
98.212.39.21 - - [25/Oct/2014:00:52:02 -0500] "GET /webdav/x32.php?host=184.50.238.24&time=60&port=80 HTTP/1.1" 404 1018
66.249.64.47 - - [25/Oct/2014:00:52:10 -0500] "GET /BLA/boletinlegal/jurisprudencia/analisis/Analisis%20jurisprudencial%20Sentencia%20C-366-11.doc HTTP/1.1" 304 -
180.76.5.151 - - [25/Oct/2014:00:52:15 -0500] "GET /BLA/resoluciones/AUTOS%202009/0448.pdf HTTP/1.1" 200 202609
188.165.15.231 - - [25/Oct/2014:00:52:16 -0500] "GET /BLA/resoluciones/RESOLUCIONES%202006/RES%202006%201-50/00000026.tif HTTP/1.1" 200 43804
188.165.15.152 - - [25/Oct/2014:00:52:45 -0500] "GET /BLA/resoluciones/RESOLUCIONES%202005/RES%202005%20%201701-1750/00001749.tif HTTP/1.1" 200 144902
188.165.15.231 - - [25/Oct/2014:00:53:26 -0500] "GET /BLA/resoluciones/RESOLUCIONES%202002/RES%202002%201701-1750/20021704.tif HTTP/1.1" 200 119034
180.76.6.152 - - [25/Oct/2014:00:53:42 -0500] "GET /BLA/resoluciones/AUTOS%202011/4098.pdf HTTP/1.1" 200 256637
100.43.85.25 - - [25/Oct/2014:00:53:43 -0500] "GET /pot/potx.htm HTTP/1.1" 404 1019
66.249.64.167 - - [25/Oct/2014:00:53:48 -0500] "GET /BLA/resoluciones/RESOLUCIONES%202007/RES%202007%201301%20AL%201400/RESOLUCION%201398%20DE%202007.pdf HTTP/1.1" 200 271485
201.245.192.253 - - [25/Oct/2014:00:50:58 -0500] "GET /ForestMSG_SDA/channelAsync/template_word_16759698?X-Atmosphere-tracking-id=80b472e0-b59c-77d7-e6ff-0e2e883eacaa&X-Atmosphere-Framework=1.0.5&X-Atmosphere-Transport=long-polling&tabid=0.5564406877674468&X-Cache-Date=0&Content-Type=application/xml&_=1414216392809 HTTP/1.1" 200 8193
188.165.15.78 - - [25/Oct/2014:00:54:18 -0500] "GET /BLA/resoluciones/RESOLUCIONES%202003/RES%202003%20701-750/712.tif HTTP/1.1" 200 186284
66.249.64.43 - - [25/Oct/2014:00:54:21 -0500] "GET /BLA/boletinlegal/Circulares/2014/Circular%2008%20de%20Mayo%20de%202014.pdf HTTP/1.1" 304 -
74.86.158.107 - - [25/Oct/2014:00:54:29 -0500] "HEAD / HTTP/1.1" 302 -
188.165.15.152 - - [25/Oct/2014:00:55:10 -0500] "GET /BLA/resoluciones/RESOLUCIONES%202006/RES%202006%201601-1650/00001614.tif HTTP/1.1" 200 187628
188.165.15.239 - - [25/Oct/2014:00:55:14 -0500] "GET /BLA/resoluciones/RESOLUCIONES%202002/RES%202002%20201-250/2002RES237.tif HTTP/1.1" 200 40394
189.197.181.183 - - [25/Oct/2014:00:55:20 -0500] "GET /BLA/boletinlegal/js/jquery.js HTTP/1.1" 200 57254
189.197.181.183 - - [25/Oct/2014:00:55:20 -0500] "GET /BLA/boletinlegal/js/jquery.scrollShow.js HTTP/1.1" 200 4586
189.197.181.183 - - [25/Oct/2014:00:55:20 -0500] "GET /BLA/boletinlegal/js/jquery.scrollTo-min.js HTTP/1.1" 200 1150
180.76.6.233 - - [25/Oct/2014:00:56:10 -0500] "GET /BLA/resoluciones/AUTOS%202011/0523.pdf HTTP/1.1" 200 103316
180.76.6.64 - - [25/Oct/2014:00:56:38 -0500] "GET /BLA/resoluciones/AUTOS%202009/3421.pdf HTTP/1.1" 200 97135
188.165.15.193 - - [25/Oct/2014:00:56:39 -0500] "GET /BLA/resoluciones/index.php?dir=RESOLUCIONES%202002/RES%202002%201851-1900/&sort=name&order=asc HTTP/1.1" 200 12150
201.245.192.253 - - [25/Oct/2014:00:53:59 -0500] "GET /ForestMSG_SDA/channelAsync/template_word_16759698?X-Atmosphere-tracking-id=80b472e0-b59c-77d7-e6ff-0e2e883eacaa&X-Atmosphere-Framework=1.0.5&X-Atmosphere-Transport=long-polling&tabid=0.5564406877674468&X-Cache-Date=0&Content-Type=application/xml&_=1414216572843 HTTP/1.1" 200 8193
180.76.5.61 - - [25/Oct/2014:00:57:44 -0500] "GET /BLA/resoluciones/AUTOS%202009/2885.pdf HTTP/1.1" 200 107560
100.43.85.25 - - [25/Oct/2014:00:58:23 -0500] "GET /PruebasSTORM/?C=D;O=D HTTP/1.1" 200 1843
74.86.158.107 - - [25/Oct/2014:00:59:29 -0500] "HEAD / HTTP/1.1" 302 -
202.46.61.121 - - [25/Oct/2014:00:59:37 -0500] "GET /BLA/resoluciones/AUTOS%202011/4098.pdf HTTP/1.1" 200 256637
201.245.192.253 - - [25/Oct/2014:00:56:59 -0500] "GET /ForestMSG_SDA/channelAsync/template_word_16759698?X-Atmosphere-tracking-id=80b472e0-b59c-77d7-e6ff-0e2e883eacaa&X-Atmosphere-Framework=1.0.5&X-Atmosphere-Transport=long-polling&tabid=0.5564406877674468&X-Cache-Date=0&Content-Type=application/xml&_=1414216752929 HTTP/1.1" 200 8193
180.76.6.152 - - [25/Oct/2014:01:02:02 -0500] "GET /BLA/resoluciones/AUTOS%202010/0605.pdf HTTP/1.1" 200 196977
188.165.15.192 - - [25/Oct/2014:01:02:42 -0500] "GET /BLA/resoluciones/RESOLUCIONES%202002/RES%202002%20451-500/00000451.tif HTTP/1.1" 200 121054
188.165.15.87 - - [25/Oct/2014:01:02:44 -0500] "GET /BLA/resoluciones/RESOLUCIONES%202002/RES%202002%201201-1250/20021236.tif HTTP/1.1" 200 92130
201.245.192.253 - - [25/Oct/2014:00:59:59 -0500] "GET /ForestMSG_SDA/channelAsync/template_word_16759698?X-Atmosphere-tracking-id=80b472e0-b59c-77d7-e6ff-0e2e883eacaa&X-Atmosphere-Framework=1.0.5&X-Atmosphere-Transport=long-polling&tabid=0.5564406877674468&X-Cache-Date=0&Content-Type=application/xml&_=1414216933049 HTTP/1.1" 200 8193
100.43.85.25 - - [25/Oct/2014:01:03:04 -0500] "GET /even1/?C=M;O=A HTTP/1.1" 404 1019
66.249.64.47 - - [25/Oct/2014:01:03:07 -0500] "GET /pread5/pread/Presentaci%C3%B3n%20Subdirector.pdf HTTP/1.1" 404 1019
188.165.15.231 - - [25/Oct/2014:01:03:12 -0500] "GET /BLA/resoluciones/index.php?dir=RESOLUCIONES%202006/RES%202006%202551-2600/&sort=size&order=asc HTTP/1.1" 200 12354
66.249.64.163 - - [25/Oct/2014:01:03:16 -0500] "GET /BLA/boletinlegal/js/jquery.js HTTP/1.1" 200 57254
66.249.64.163 - - [25/Oct/2014:01:03:16 -0500] "GET /BLA/boletinlegal/js/jquery.scrollShow.js HTTP/1.1" 200 4586
66.249.64.163 - - [25/Oct/2014:01:03:17 -0500] "GET /BLA/boletinlegal/js/jquery.scrollTo-min.js HTTP/1.1" 200 1150
188.165.15.87 - - [25/Oct/2014:01:03:39 -0500] "GET /BLA/resoluciones/index.php?dir=RESOLUCIONES%202006/RES%202006%202101-2150/&sort=size&order=desc HTTP/1.1" 200 12368
66.249.64.167 - - [25/Oct/2014:01:04:16 -0500] "GET /BLA/resoluciones/RESOLUCIONES%202010/3043.pdf HTTP/1.1" 200 1161781
188.165.15.152 - - [25/Oct/2014:01:04:27 -0500] "GET /BLA/resoluciones/RESOLUCIONES%202005/RES%202005%20451-500/00000462.tif HTTP/1.1" 200 254800
74.86.158.107 - - [25/Oct/2014:01:04:29 -0500] "HEAD / HTTP/1.1" 302 -
220.181.108.95 - - [25/Oct/2014:01:05:20 -0500] "GET / HTTP/1.1" 302 -
123.125.71.26 - - [25/Oct/2014:01:05:57 -0500] "GET / HTTP/1.1" 302 -
201.245.192.253 - - [25/Oct/2014:01:02:59 -0500] "GET /ForestMSG_SDA/channelAsync/template_word_16759698?X-Atmosphere-tracking-id=80b472e0-b59c-77d7-e6ff-0e2e883eacaa&X-Atmosphere-Framework=1.0.5&X-Atmosphere-Transport=long-polling&tabid=0.5564406877674468&X-Cache-Date=0&Content-Type=application/xml&_=1414217113132 HTTP/1.1" 200 8193
188.165.15.192 - - [25/Oct/2014:01:06:58 -0500] "GET /BLA/resoluciones/RESOLUCIONES%202003/RES%202003%20751-800/774.tif HTTP/1.1" 200 236280
100.43.85.25 - - [25/Oct/2014:01:07:45 -0500] "GET /newsecs/?C=D;O=A HTTP/1.1" 404 1019
188.165.15.152 - - [25/Oct/2014:01:07:52 -0500] "GET /BLA/resoluciones/RESOLUCIONES%202004/RES%202004%20851-900/00000866.tif HTTP/1.1" 200 90222
66.249.64.167 - - [25/Oct/2014:01:08:54 -0500] "GET /BLA/resoluciones/RESOLUCIONES%202005/RES%202005%201801-1850/00001839.tif HTTP/1.1" 200 145788
201.245.192.253 - - [25/Oct/2014:01:05:59 -0500] "GET /ForestMSG_SDA/channelAsync/template_word_16759698?X-Atmosphere-tracking-id=80b472e0-b59c-77d7-e6ff-0e2e883eacaa&X-Atmosphere-Framework=1.0.5&X-Atmosphere-Transport=long-polling&tabid=0.5564406877674468&X-Cache-Date=0&Content-Type=application/xml&_=1414217293120 HTTP/1.1" 200 8193
190.24.129.149 - - [25/Oct/2014:01:09:23 -0500] "GET /galeria/nivo-slider/demo/demo.html HTTP/1.1" 304 -
74.86.158.107 - - [25/Oct/2014:01:09:29 -0500] "HEAD / HTTP/1.1" 302 -
180.76.6.20 - - [25/Oct/2014:01:09:55 -0500] "GET /BLA/resoluciones/AUTOS%202009/1292.pdf HTTP/1.1" 200 347907
66.249.64.171 - - [25/Oct/2014:01:10:04 -0500] "GET /BLA/resoluciones/RESOLUCIONES%202013/0053.pdf HTTP/1.1" 200 450173
186.84.189.95 - - [25/Oct/2014:01:10:51 -0500] "GET /BLA/boletinlegal/js/jquery.js HTTP/1.1" 200 57254
186.84.189.95 - - [25/Oct/2014:01:10:51 -0500] "GET /BLA/boletinlegal/js/jquery.scrollShow.js HTTP/1.1" 200 4586
186.84.189.95 - - [25/Oct/2014:01:10:51 -0500] "GET /galeria/carrusel/Carrusel/jquery.thumbnailScroller.js HTTP/1.1" 200 8157
186.84.189.95 - - [25/Oct/2014:01:10:51 -0500] "GET /galeria/carrusel/Carrusel/jquery.thumbnailScroller.css HTTP/1.1" 200 2066
186.84.189.95 - - [25/Oct/2014:01:10:51 -0500] "GET /galeria/carrusel/Carrusel/jquery-ui-1.8.13.custom.min.js HTTP/1.1" 200 10800
186.84.189.95 - - [25/Oct/2014:01:10:51 -0500] "GET /BLA/boletinlegal/js/jquery.scrollTo-min.js HTTP/1.1" 200 1150
186.84.189.95 - - [25/Oct/2014:01:10:51 -0500] "GET /galeria/nivo-slider/demo/demo.html HTTP/1.1" 200 3636
186.84.189.95 - - [25/Oct/2014:01:10:52 -0500] "GET /galeria/nivo-slider/themes/default/default.css HTTP/1.1" 200 1569
186.84.189.95 - - [25/Oct/2014:01:10:52 -0500] "GET /galeria/nivo-slider/nivo-slider.css HTTP/1.1" 200 1507
186.84.189.95 - - [25/Oct/2014:01:10:52 -0500] "GET /galeria/nivo-slider/themes/orman/orman.css HTTP/1.1" 200 2152
186.84.189.95 - - [25/Oct/2014:01:10:52 -0500] "GET /galeria/nivo-slider/themes/pascal/pascal.css HTTP/1.1" 200 2258
186.84.189.95 - - [25/Oct/2014:01:10:52 -0500] "GET /galeria/nivo-slider/demo/style.css HTTP/1.1" 200 2222
186.84.189.95 - - [25/Oct/2014:01:10:52 -0500] "GET /galeria/nivo-slider/demo/images/banner-conejera1.jpg HTTP/1.1" 200 136228
186.84.189.95 - - [25/Oct/2014:01:10:52 -0500] "GET /galeria/nivo-slider/demo/scripts/jquery-1.7.1.min.js HTTP/1.1" 200 93868
186.84.189.95 - - [25/Oct/2014:01:10:52 -0500] "GET /galeria/nivo-slider/jquery.nivo.slider.pack.js HTTP/1.1" 200 11561
186.84.189.95 - - [25/Oct/2014:01:10:52 -0500] "GET /galeria/nivo-slider/demo/images/banner-aceite3.jpg HTTP/1.1" 200 88347
186.84.189.95 - - [25/Oct/2014:01:10:52 -0500] "GET /galeria/nivo-slider/demo/images/mesTIC.jpg HTTP/1.1" 200 180719
186.84.189.95 - - [25/Oct/2014:01:10:52 -0500] "GET /galeria/nivo-slider/demo/images/EncuentroAgua1.jpg HTTP/1.1" 200 274179
186.84.189.95 - - [25/Oct/2014:01:10:52 -0500] "GET /galeria/nivo-slider/demo/images/4Simple_Slider.png HTTP/1.1" 200 11722
186.84.189.95 - - [25/Oct/2014:01:10:52 -0500] "GET /galeria/nivo-slider/themes/default/loading.gif HTTP/1.1" 200 1737
186.84.189.95 - - [25/Oct/2014:01:10:52 -0500] "GET /galeria/nivo-slider/demo/images/Tingua-azul.jpg HTTP/1.1" 200 307638
186.84.189.95 - - [25/Oct/2014:01:10:52 -0500] "GET /galeria/nivo-slider/demo/images/Banner-Caracol-Africano.jpg HTTP/1.1" 200 331986
186.84.189.95 - - [25/Oct/2014:01:10:52 -0500] "GET /galeria/nivo-slider/demo/images/banner-redes.jpg HTTP/1.1" 200 62209
186.84.189.95 - - [25/Oct/2014:01:10:52 -0500] "GET /galeria/nivo-slider/demo/images/9Signos.jpg HTTP/1.1" 200 93040
186.84.189.95 - - [25/Oct/2014:01:10:52 -0500] "GET /galeria/nivo-slider/demo/images/banner-encuesta.jpg HTTP/1.1" 200 42764
186.84.189.95 - - [25/Oct/2014:01:10:52 -0500] "GET /galeria/nivo-slider/demo/images/banner-llantas2.jpg HTTP/1.1" 200 73153
186.84.189.95 - - [25/Oct/2014:01:10:53 -0500] "GET /galeria/nivo-slider/demo/images/Hacienda_Molinos.jpg HTTP/1.1" 200 319171
186.84.189.95 - - [25/Oct/2014:01:10:53 -0500] "GET /galeria/nivo-slider/demo/images/banner-caballos.png HTTP/1.1" 200 389106
186.84.189.95 - - [25/Oct/2014:01:10:53 -0500] "GET /galeria/nivo-slider/demo/images/bannerEcolecta3.jpg HTTP/1.1" 200 280034
186.84.189.95 - - [25/Oct/2014:01:10:54 -0500] "GET /videos/Spot_Tinguas.flv HTTP/1.1" 200 2087054
186.84.189.95 - - [25/Oct/2014:01:10:55 -0500] "GET /galeria/nivo-slider/themes/default/arrows.png HTTP/1.1" 200 824
186.84.189.95 - - [25/Oct/2014:01:10:55 -0500] "GET /galeria/nivo-slider/themes/default/bullets.png HTTP/1.1" 200 1281
201.245.192.253 - - [25/Oct/2014:01:08:59 -0500] "GET /ForestMSG_SDA/channelAsync/template_word_16759698?X-Atmosphere-tracking-id=80b472e0-b59c-77d7-e6ff-0e2e883eacaa&X-Atmosphere-Framework=1.0.5&X-Atmosphere-Transport=long-polling&tabid=0.5564406877674468&X-Cache-Date=0&Content-Type=application/xml&_=1414217473186 HTTP/1.1" 200 8193
100.43.85.25 - - [25/Oct/2014:01:12:26 -0500] "GET /participacion/?C=S;O=D HTTP/1.1" 404 1019
188.165.15.196 - - [25/Oct/2014:01:12:30 -0500] "GET /BLA/resoluciones/RESOLUCIONES%202005/RES%202005%20651-700/00000671.tif HTTP/1.1" 200 37350
188.165.15.50 - - [25/Oct/2014:01:13:31 -0500] "GET /BLA/resoluciones/RESOLUCIONES%202002/RES%202002%20601-650/00000650.tif HTTP/1.1" 200 107754
66.249.64.167 - - [25/Oct/2014:01:13:47 -0500] "GET /BLA/resoluciones/RESOLUCIONES%202013/0291.pdf HTTP/1.1" 200 2961601
66.249.64.163 - - [25/Oct/2014:01:13:51 -0500] "GET /BLA/resoluciones/index.php?dir=RESOLUCIONES%202005/RES%202005%201801-1850/&sort=name&order=desc HTTP/1.1" 200 12361
74.86.158.107 - - [25/Oct/2014:01:14:29 -0500] "HEAD / HTTP/1.1" 302 -
201.245.192.253 - - [25/Oct/2014:01:11:59 -0500] "GET /ForestMSG_SDA/channelAsync/template_word_16759698?X-Atmosphere-tracking-id=80b472e0-b59c-77d7-e6ff-0e2e883eacaa&X-Atmosphere-Framework=1.0.5&X-Atmosphere-Transport=long-polling&tabid=0.5564406877674468&X-Cache-Date=0&Content-Type=application/xml&_=1414217653222 HTTP/1.1" 200 8193
188.165.15.193 - - [25/Oct/2014:01:15:40 -0500] "GET /manual_funciones_Listado/index.php?dir=2.2.4.%20Subdirecci%C3%B3n%20del%20Recurso%20H%C3%ADdrico%20y%20del%20Suelo/&sort=name&order=desc HTTP/1.1" 404 1018
201.245.192.253 - - [25/Oct/2014:01:16:12 -0500] "GET /forest/1ibre/jscalendar/menuarrow.gif HTTP/1.1" 304 -
100.43.85.25 - - [25/Oct/2014:01:17:07 -0500] "GET /pread332/?C=N;O=D HTTP/1.1" 404 1019
189.232.128.215 - - [25/Oct/2014:01:17:24 -0500] "GET /BLA/boletinlegal/js/jquery.js HTTP/1.1" 200 57254
