94.23.19.178 - - [28/Oct/2014:08:41:19 -0500] "GET /re1/Bioevolucion/marco%20conceptual/intereses%20objetivos/?C=D;O=A HTTP/1.0" 404 1015
201.245.192.253 - - [28/Oct/2014:08:41:19 -0500] "GET /v/EeOes4LIgtc?adformat=2_9&version=3&showinfo=0&rel=0&controls=1&iv_load_policy=1 HTTP/1.1" 404 3045
186.28.183.154 - - [28/Oct/2014:08:41:19 -0500] "GET /videos/Spot_Tinguas.flv HTTP/1.1" 206 945547
201.245.192.253 - - [28/Oct/2014:08:41:19 -0500] "POST /forms/lservlet;jsessionid=ac16012b30d55eb9574f191a4e0e8c61b29e3a3c4f4a.e3iSbxaKaheRe34Sa3yKbhiTahb0n6jAmljGr5XDqQLvpAe HTTP/1.1" 200 2
190.26.211.153 - - [28/Oct/2014:08:41:20 -0500] "GET /galeria/nivo-slider/demo/images/9Signos.jpg HTTP/1.1" 200 93040
94.23.19.178 - - [28/Oct/2014:08:41:20 -0500] "GET /re1/Bioevolucion/marco%20conceptual/intereses%20objetivos/?C=M;O=A HTTP/1.0" 404 1015
201.245.192.253 - - [28/Oct/2014:08:41:21 -0500] "GET /forest/skins/gdocs-jar/jsp/escritorio/usudocumentos-adj.jsp?codDoc=1941775&a=0.48035865771517194 HTTP/1.1" 200 1687
201.245.192.253 - - [28/Oct/2014:08:41:21 -0500] "GET /forest/skins/gdocs-jar/img/icons/tif.gif HTTP/1.1" 200 1108
190.26.211.153 - - [28/Oct/2014:08:41:21 -0500] "GET /galeria/nivo-slider/demo/images/banner-llantas2.jpg HTTP/1.1" 200 73153
190.26.211.153 - - [28/Oct/2014:08:41:22 -0500] "GET /galeria/nivo-slider/demo/images/banner-caballos.png HTTP/1.1" 200 389106
66.249.64.167 - - [28/Oct/2014:08:41:22 -0500] "GET /BLA/resoluciones/RESOLUCIONES%202009/5722.pdf HTTP/1.1" 200 397732
201.245.192.253 - - [28/Oct/2014:08:41:22 -0500] "GET /forest/file/3346257 HTTP/1.1" 200 52648
190.26.211.153 - - [28/Oct/2014:08:41:23 -0500] "GET /galeria/nivo-slider/demo/images/Hacienda_Molinos.jpg HTTP/1.1" 200 319171
94.23.19.178 - - [28/Oct/2014:08:41:24 -0500] "GET /re1/Bioevolucion/marco%20conceptual/intereses%20objetivos/?C=N;O=D HTTP/1.0" 404 1015
201.245.192.253 - - [28/Oct/2014:08:41:25 -0500] "GET /v/bNtduJpmkDc?adformat=2_9&version=3&showinfo=0&rel=0&controls=1&iv_load_policy=1 HTTP/1.1" 404 2939
201.245.192.253 - - [28/Oct/2014:08:41:25 -0500] "GET /v/EeOes4LIgtc?adformat=2_9&version=3&showinfo=0&rel=0&controls=1&iv_load_policy=1 HTTP/1.1" 404 2911
190.26.211.153 - - [28/Oct/2014:08:41:25 -0500] "GET /galeria/nivo-slider/demo/images/bannerEcolecta3.jpg HTTP/1.1" 200 280034
94.23.19.178 - - [28/Oct/2014:08:41:26 -0500] "GET /re1/Bioevolucion/marco%20conceptual/intereses%20objetivos/?C=S;O=A HTTP/1.0" 404 1015
66.249.64.171 - - [28/Oct/2014:08:41:26 -0500] "GET /BLA/resoluciones/AUTOS%202010/6644.pdf HTTP/1.1" 200 154907
186.28.183.154 - - [28/Oct/2014:08:41:26 -0500] "GET /videos/Video_ServidorMesRespons.flv HTTP/1.1" 304 -
201.245.192.253 - - [28/Oct/2014:08:41:28 -0500] "GET /v/XYyEQ5AhxrI?adformat=2_9&version=3&showinfo=0&rel=0&controls=1&iv_load_policy=1 HTTP/1.1" 404 3085
190.26.211.153 - - [28/Oct/2014:08:41:30 -0500] "GET /videos/Spot_Tinguas.flv HTTP/1.1" 200 2087054
94.23.19.178 - - [28/Oct/2014:08:41:30 -0500] "GET /re1/Bioevolucion/relacion%20curriculo/?C=D;O=D HTTP/1.0" 404 1015
94.23.19.178 - - [28/Oct/2014:08:41:31 -0500] "GET /re1/Bioevolucion/relacion%20curriculo/?C=M;O=D HTTP/1.0" 404 1015
94.23.19.178 - - [28/Oct/2014:08:41:33 -0500] "GET /re1/Bioevolucion/relacion%20curriculo/?C=N;O=A HTTP/1.0" 404 1015
94.23.19.178 - - [28/Oct/2014:08:41:35 -0500] "GET /re1/Bioevolucion/relacion%20curriculo/?C=S;O=D HTTP/1.0" 404 1015
94.23.19.178 - - [28/Oct/2014:08:41:37 -0500] "GET /re1/Bioevolucion/relacion%20curriculo/cuadro%202%20administracion/?C=D;O=D HTTP/1.0" 404 1015
201.245.192.253 - - [28/Oct/2014:08:41:38 -0500] "GET /plugins/like.php?href=http%3A%2F%2Fwww.facebook.com%2Fpages%2FBogot%25C3%25A1-Humana-Ya%2F322689984419455&send=false&layout=standard&width=450&show_faces=false&action=like&colorscheme=light&font=arial&height=35 HTTP/1.1" 404 1540
201.245.192.253 - - [28/Oct/2014:08:41:38 -0500] "GET /plugins/like.php?app_id=&channel=http%3A%2F%2Fstatic.ak.facebook.com%2Fconnect%2Fxd_arbiter%2F2_ZudbRXWRs.js%3Fversion%3D41%23cb%3Df96ed83534d7d%26domain%3Dbogotahumana.gov.co%26origin%3Dhttp%253A%252F%252Fbogotahumana.gov.co%252Ffc654923ba65ef%26relation%3Dparent.parent&href=http%3A%2F%2Fbogotahumana.gov.co%2Findex.php%2Fnoticias%2Fcomunicados-de-prensa%2F7737-distrito-le-pide-al-gobierno-exigir-licencia-ambiental-para-construcciones-cercanas-a-humedales&locale=es_ES&sdk=joey&send=true&show_faces=false&width=500 HTTP/1.1" 404 1540
94.23.19.178 - - [28/Oct/2014:08:41:38 -0500] "GET /re1/Bioevolucion/relacion%20curriculo/cuadro%202%20administracion/?C=M;O=D HTTP/1.0" 404 1015
201.245.192.253 - - [28/Oct/2014:08:41:41 -0500] "GET /plugins/like.php?action=like&app_id=552484368099345&channel=http%3A%2F%2Fstatic.ak.facebook.com%2Fconnect%2Fxd_arbiter%2F2_ZudbRXWRs.js%3Fversion%3D41%23cb%3Df30674f4c3e09dc%26domain%3Ddiarioadn.co%26origin%3Dhttp%253A%252F%252Fdiarioadn.co%252Ff33a86d34a31e4c%26relation%3Dparent.parent&href=https%3A%2F%2Fwww.facebook.com%2Fdiarioadn&layout=button_count&locale=es_LA&sdk=joey&share=false&show_faces=true HTTP/1.1" 404 1274
190.26.211.153 - - [28/Oct/2014:08:41:43 -0500] "GET /galeria/nivo-slider/themes/default/arrows.png HTTP/1.1" 200 824
190.26.211.153 - - [28/Oct/2014:08:41:43 -0500] "GET /galeria/nivo-slider/themes/default/bullets.png HTTP/1.1" 200 1281
94.23.19.178 - - [28/Oct/2014:08:41:43 -0500] "GET /re1/Bioevolucion/relacion%20curriculo/cuadro%202%20administracion/?C=N;O=D HTTP/1.0" 404 1015
94.23.19.178 - - [28/Oct/2014:08:41:45 -0500] "GET /re1/Bioevolucion/relacion%20curriculo/cuadro%202%20administracion/?C=S;O=D HTTP/1.0" 404 1015
94.23.19.178 - - [28/Oct/2014:08:41:47 -0500] "GET /re1/Bioevolucion/relacion%20curriculo/cuadro%202%20administracion/cuadro%202.htm HTTP/1.0" 404 1015
94.23.19.178 - - [28/Oct/2014:08:41:48 -0500] "GET /re1/Inicio/imagen%20inicio/Thumbs.db HTTP/1.0" 404 1015
201.245.192.253 - - [28/Oct/2014:08:41:48 -0500] "GET /v/bNtduJpmkDc?adformat=2_9&version=3&showinfo=0&rel=0&controls=1&iv_load_policy=1 HTTP/1.1" 404 2937
201.245.192.253 - - [28/Oct/2014:08:41:49 -0500] "GET /fr/u.php?p=646236035417369&m=CAESENX3RGkfXwVe-Z_G3EBb6OE HTTP/1.1" 404 1498
94.23.19.178 - - [28/Oct/2014:08:41:51 -0500] "GET /re1/Que%20es/Agenda%20ambiental/?C=N;O=A HTTP/1.0" 404 1015
186.145.144.64 - - [28/Oct/2014:08:41:50 -0500] "GET /forest/misactividades.do?group_system_actual=3&codPro=95&_a=0.17302183723459064 HTTP/1.1" 200 37209
186.145.144.64 - - [28/Oct/2014:08:41:52 -0500] "GET /forest/session.jsp?a=0.7933276153829367 HTTP/1.1" 200 4
186.145.144.64 - - [28/Oct/2014:08:41:52 -0500] "POST /forest/misactividades.do?ajax=true&a=0.33182726248416183 HTTP/1.1" 200 9822
94.23.19.178 - - [28/Oct/2014:08:41:53 -0500] "GET /re1/Que%20es/Agenda%20ambiental/?C=S;O=D HTTP/1.0" 404 1015
201.245.192.253 - - [28/Oct/2014:08:41:53 -0500] "GET /plugins/like.php?action=like&app_id=552484368099345&channel=http%3A%2F%2Fstatic.ak.facebook.com%2Fconnect%2Fxd_arbiter%2F2_ZudbRXWRs.js%3Fversion%3D41%23cb%3Df335acd6963c3e%26domain%3Ddiarioadn.co%26origin%3Dhttp%253A%252F%252Fdiarioadn.co%252Ff64b1c78b3a016%26relation%3Dparent.parent&href=https%3A%2F%2Fwww.facebook.com%2Fdiarioadn&layout=button_count&locale=es_LA&sdk=joey&share=false&show_faces=true HTTP/1.1" 404 1354
201.245.192.253 - - [28/Oct/2014:08:41:53 -0500] "GET /plugins/like.php?action=recommend&app_id=552484368099345&channel=http%3A%2F%2Fstatic.ak.facebook.com%2Fconnect%2Fxd_arbiter%2F2_ZudbRXWRs.js%3Fversion%3D41%23cb%3Df2d3d97a6c8c08e%26domain%3Ddiarioadn.co%26origin%3Dhttp%253A%252F%252Fdiarioadn.co%252Ff64b1c78b3a016%26relation%3Dparent.parent&font=tahoma&href=http%3A%2F%2Fdiarioadn.co%2Fbogot%25C3%25A1%2Fmi-ciudad%2Fvigilancia-humedales-1.130436&locale=es_LA&sdk=joey&send=true&show_faces=false&width=450 HTTP/1.1" 404 1354
181.48.227.181 - - [28/Oct/2014:08:41:54 -0500] "GET /BLA/boletinlegal/js/jquery.js HTTP/1.1" 200 57254
181.48.227.181 - - [28/Oct/2014:08:41:54 -0500] "GET /BLA/boletinlegal/js/jquery.scrollShow.js HTTP/1.1" 200 4586
181.48.227.181 - - [28/Oct/2014:08:41:54 -0500] "GET /BLA/boletinlegal/js/jquery.scrollTo-min.js HTTP/1.1" 200 1150
181.48.227.181 - - [28/Oct/2014:08:41:54 -0500] "GET /galeria/carrusel/Carrusel/jquery.thumbnailScroller.css HTTP/1.1" 200 2066
181.48.227.181 - - [28/Oct/2014:08:41:54 -0500] "GET /galeria/carrusel/Carrusel/jquery-ui-1.8.13.custom.min.js HTTP/1.1" 200 10800
181.48.227.181 - - [28/Oct/2014:08:41:54 -0500] "GET /galeria/carrusel/Carrusel/jquery.thumbnailScroller.js HTTP/1.1" 200 8157
201.245.192.253 - - [28/Oct/2014:08:38:55 -0500] "GET /ForestMSG_SDA/channelAsync/template_word_16772205?X-Atmosphere-tracking-id=2a690dd1-208d-c845-d2ae-4139f3e6a2ce&X-Atmosphere-Framework=1.0.5&X-Atmosphere-Transport=long-polling&tabid=0.16264597132912306&X-Cache-Date=0&Content-Type=application/xml&_=1414503784995 HTTP/1.1" 200 8193
94.23.19.178 - - [28/Oct/2014:08:41:55 -0500] "GET /re1/Que%20es/Agenda%20ambiental/clima/?C=D;O=D HTTP/1.0" 404 1015
181.48.227.181 - - [28/Oct/2014:08:41:56 -0500] "GET /galeria/nivo-slider/demo/demo.html HTTP/1.1" 200 3300
181.48.227.181 - - [28/Oct/2014:08:41:56 -0500] "GET /galeria/nivo-slider/themes/default/default.css HTTP/1.1" 200 1569
181.48.227.181 - - [28/Oct/2014:08:41:56 -0500] "GET /galeria/nivo-slider/nivo-slider.css HTTP/1.1" 200 1507
181.48.227.181 - - [28/Oct/2014:08:41:56 -0500] "GET /galeria/nivo-slider/themes/orman/orman.css HTTP/1.1" 200 2152
181.48.227.181 - - [28/Oct/2014:08:41:56 -0500] "GET /galeria/nivo-slider/themes/pascal/pascal.css HTTP/1.1" 200 2258
181.48.227.181 - - [28/Oct/2014:08:41:56 -0500] "GET /galeria/nivo-slider/demo/style.css HTTP/1.1" 200 2222
181.48.227.181 - - [28/Oct/2014:08:41:56 -0500] "GET /galeria/nivo-slider/demo/images/banner-conejera1.jpg HTTP/1.1" 200 136228
181.48.227.181 - - [28/Oct/2014:08:41:56 -0500] "GET /galeria/nivo-slider/demo/images/banner-aceite3.jpg HTTP/1.1" 200 88347
181.48.227.181 - - [28/Oct/2014:08:41:56 -0500] "GET /galeria/nivo-slider/demo/images/mesTIC.jpg HTTP/1.1" 200 180719
181.48.227.181 - - [28/Oct/2014:08:41:56 -0500] "GET /galeria/nivo-slider/demo/images/Tingua-azul.jpg HTTP/1.1" 200 307638
181.48.227.181 - - [28/Oct/2014:08:41:56 -0500] "GET /galeria/nivo-slider/demo/images/Banner-Caracol-Africano.jpg HTTP/1.1" 200 331986
181.48.227.181 - - [28/Oct/2014:08:41:56 -0500] "GET /galeria/nivo-slider/demo/images/banner-redes.jpg HTTP/1.1" 200 62209
181.48.227.181 - - [28/Oct/2014:08:41:57 -0500] "GET /galeria/nivo-slider/demo/images/9Signos.jpg HTTP/1.1" 200 93040
181.48.227.181 - - [28/Oct/2014:08:41:57 -0500] "GET /galeria/nivo-slider/demo/images/banner-llantas2.jpg HTTP/1.1" 200 73153
181.48.227.181 - - [28/Oct/2014:08:41:57 -0500] "GET /galeria/nivo-slider/demo/images/banner-caballos.png HTTP/1.1" 200 389106
200.69.106.75 - - [28/Oct/2014:08:41:57 -0500] "GET /silvicultura/12.pdf HTTP/1.1" 404 1308
181.48.227.181 - - [28/Oct/2014:08:41:57 -0500] "GET /galeria/nivo-slider/demo/images/Hacienda_Molinos.jpg HTTP/1.1" 200 319171
181.48.227.181 - - [28/Oct/2014:08:41:57 -0500] "GET /galeria/nivo-slider/demo/images/bannerEcolecta3.jpg HTTP/1.1" 200 280034
94.23.19.178 - - [28/Oct/2014:08:41:57 -0500] "GET /re1/Que%20es/Agenda%20ambiental/clima/?C=M;O=D HTTP/1.0" 404 1015
181.48.227.181 - - [28/Oct/2014:08:41:57 -0500] "GET /galeria/nivo-slider/demo/scripts/jquery-1.7.1.min.js HTTP/1.1" 200 93868
66.249.64.167 - - [28/Oct/2014:08:41:57 -0500] "GET /BLA/resoluciones/RESOLUCIONES%202008/0869.pdf HTTP/1.1" 200 40196
181.48.227.181 - - [28/Oct/2014:08:41:58 -0500] "GET /galeria/nivo-slider/jquery.nivo.slider.pack.js HTTP/1.1" 200 11561
181.48.227.181 - - [28/Oct/2014:08:41:58 -0500] "GET /galeria/nivo-slider/demo/images/4Simple_Slider.png HTTP/1.1" 200 11722
181.48.227.181 - - [28/Oct/2014:08:41:58 -0500] "GET /galeria/nivo-slider/themes/default/loading.gif HTTP/1.1" 200 1737
181.48.227.181 - - [28/Oct/2014:08:41:59 -0500] "GET /galeria/nivo-slider/themes/default/arrows.png HTTP/1.1" 200 824
181.48.227.181 - - [28/Oct/2014:08:41:59 -0500] "GET /galeria/nivo-slider/themes/default/bullets.png HTTP/1.1" 200 1281
94.23.19.178 - - [28/Oct/2014:08:42:00 -0500] "GET /re1/Que%20es/Agenda%20ambiental/clima/?C=N;O=D HTTP/1.0" 404 1015
94.23.19.178 - - [28/Oct/2014:08:42:02 -0500] "GET /re1/Que%20es/Agenda%20ambiental/clima/?C=S;O=D HTTP/1.0" 404 1015
66.249.64.171 - - [28/Oct/2014:08:42:03 -0500] "GET /BLA/resoluciones/RESOLUCIONES%202011/5367.pdf HTTP/1.1" 200 474085
94.23.19.178 - - [28/Oct/2014:08:42:04 -0500] "GET /re1/Que%20es/Agenda%20ambiental/descripcion/?C=D;O=D HTTP/1.0" 404 1015
94.23.19.178 - - [28/Oct/2014:08:42:06 -0500] "GET /re1/Que%20es/Agenda%20ambiental/descripcion/?C=M;O=D HTTP/1.0" 404 1015
201.245.192.253 - - [28/Oct/2014:08:42:07 -0500] "GET /forest/skins/gdocs-jar/popup/popup.jsp?width=1100&height=500&title=Buscar%20documentos&uri=/forest/buscar.do%3Ftype%3Ddocumentos&name=undefined&_a=0.3866425409909374&a=0.9914617827457077 HTTP/1.1" 200 1300
201.245.192.253 - - [28/Oct/2014:08:42:07 -0500] "GET /forest/js/load_func.js?version=1410.211635 HTTP/1.1" 200 919
201.245.192.253 - - [28/Oct/2014:08:42:07 -0500] "GET /forest/css/autocomplete.css?version=1410.211635 HTTP/1.1" 200 1662
201.245.192.253 - - [28/Oct/2014:08:42:07 -0500] "GET /forest/1ibre/jscalendar/calendar-win2k-1.css HTTP/1.1" 200 5986
201.245.192.253 - - [28/Oct/2014:08:42:07 -0500] "GET /forest/js/dialog.js?version=1410.211635 HTTP/1.1" 200 4201
201.245.192.253 - - [28/Oct/2014:08:42:07 -0500] "GET /forest/buscar.do?type=documentos HTTP/1.1" 200 90024
201.245.192.253 - - [28/Oct/2014:08:42:07 -0500] "GET /forest/js/internJS.js?version=1410.211635 HTTP/1.1" 200 3047
201.245.192.253 - - [28/Oct/2014:08:42:07 -0500] "GET /forest/js/escritorio/escritorio.js?version=1410.211635 HTTP/1.1" 200 8096
201.245.192.253 - - [28/Oct/2014:08:42:07 -0500] "GET /forest/1ibre/jscalendar/lang/calendar-es.js?version=1410.211635 HTTP/1.1" 200 3995
201.245.192.253 - - [28/Oct/2014:08:42:07 -0500] "GET /forest/1ibre/jscalendar/calendar-setup.js?version=1410.211635 HTTP/1.1" 200 8927
201.245.192.253 - - [28/Oct/2014:08:42:07 -0500] "GET /forest/js/sarissa.js?version=1410.211635 HTTP/1.1" 200 27327
201.245.192.253 - - [28/Oct/2014:08:42:07 -0500] "GET /forest/skins/gdocs-jar/img/select.gif HTTP/1.1" 200 335
201.245.192.253 - - [28/Oct/2014:08:42:07 -0500] "GET /forest/js/xml_utilities.js?version=1410.211635 HTTP/1.1" 200 11451
201.245.192.253 - - [28/Oct/2014:08:42:07 -0500] "GET /forest/1ibre/protoaculous.js?version=1410.211635 HTTP/1.1" 200 151386
201.245.192.253 - - [28/Oct/2014:08:42:07 -0500] "GET /forest/js/autocompletar2.js?version=1410.211635 HTTP/1.1" 200 24092
201.245.192.253 - - [28/Oct/2014:08:42:07 -0500] "GET /forest/1ibre/jscalendar/calendar.js?version=1410.211635 HTTP/1.1" 200 51363
201.245.192.253 - - [28/Oct/2014:08:42:07 -0500] "GET /forest/buscar.do?type=documentos HTTP/1.1" 200 97230
201.245.192.253 - - [28/Oct/2014:08:42:07 -0500] "GET /forest/1ibre/1ibre.js?version=1410.211635 HTTP/1.1" 200 197648
201.245.192.253 - - [28/Oct/2014:08:42:07 -0500] "GET /forest/css/escritorio.css?version=1410.211635 HTTP/1.1" 304 -
201.245.192.253 - - [28/Oct/2014:08:42:07 -0500] "GET /forest/css/autocomplete.css?version=1410.211635 HTTP/1.1" 304 -
201.245.192.253 - - [28/Oct/2014:08:42:07 -0500] "GET /forest/js/dialog.js?version=1410.211635 HTTP/1.1" 304 -
201.245.192.253 - - [28/Oct/2014:08:42:07 -0500] "GET /forest/js/load_func.js?version=1410.211635 HTTP/1.1" 304 -
201.245.192.253 - - [28/Oct/2014:08:42:07 -0500] "GET /forest/js/escritorio/escritorio.js?version=1410.211635 HTTP/1.1" 304 -
201.245.192.253 - - [28/Oct/2014:08:42:07 -0500] "GET /forest/js/sarissa.js?version=1410.211635 HTTP/1.1" 304 -
201.245.192.253 - - [28/Oct/2014:08:42:07 -0500] "GET /forest/js/internJS.js?version=1410.211635 HTTP/1.1" 304 -
201.245.192.253 - - [28/Oct/2014:08:42:07 -0500] "GET /forest/js/autocompletar2.js?version=1410.211635 HTTP/1.1" 304 -
201.245.192.253 - - [28/Oct/2014:08:42:07 -0500] "GET /forest/1ibre/protoaculous.js?version=1410.211635 HTTP/1.1" 304 -
201.245.192.253 - - [28/Oct/2014:08:42:07 -0500] "GET /forest/1ibre/jscalendar/calendar.js?version=1410.211635 HTTP/1.1" 304 -
201.245.192.253 - - [28/Oct/2014:08:42:07 -0500] "GET /forest/1ibre/jscalendar/lang/calendar-es.js?version=1410.211635 HTTP/1.1" 304 -
201.245.192.253 - - [28/Oct/2014:08:42:07 -0500] "GET /forest/1ibre/jscalendar/calendar-setup.js?version=1410.211635 HTTP/1.1" 304 -
201.245.192.253 - - [28/Oct/2014:08:42:07 -0500] "GET /forest/1ibre/1ibre.js?version=1410.211635 HTTP/1.1" 304 -
201.245.192.253 - - [28/Oct/2014:08:42:07 -0500] "GET /forest/js/xml_utilities.js?version=1410.211635 HTTP/1.1" 304 -
201.245.192.253 - - [28/Oct/2014:08:42:07 -0500] "GET /forest/json.do?query=usersByDep&coddep=7025 HTTP/1.1" 200 851
201.245.192.253 - - [28/Oct/2014:08:42:07 -0500] "GET /forest/json.do?query=usersByDep&coddep=7025 HTTP/1.1" 200 851
94.23.19.178 - - [28/Oct/2014:08:42:08 -0500] "GET /re1/Que%20es/Agenda%20ambiental/descripcion/?C=N;O=D HTTP/1.0" 404 1015
181.48.227.181 - - [28/Oct/2014:08:42:09 -0500] "GET /videos/Spot_Tinguas.flv HTTP/1.1" 200 2087054
94.23.19.178 - - [28/Oct/2014:08:42:10 -0500] "GET /re1/Que%20es/Agenda%20ambiental/descripcion/?C=S;O=D HTTP/1.0" 404 1015
94.23.19.178 - - [28/Oct/2014:08:42:11 -0500] "GET /re1/Que%20es/Agenda%20ambiental/flora%20fauna/?C=D;O=D HTTP/1.0" 404 1015
94.23.19.178 - - [28/Oct/2014:08:42:13 -0500] "GET /re1/Que%20es/Agenda%20ambiental/flora%20fauna/?C=M;O=D HTTP/1.0" 404 1015
94.23.19.178 - - [28/Oct/2014:08:42:15 -0500] "GET /re1/Que%20es/Agenda%20ambiental/flora%20fauna/?C=N;O=D HTTP/1.0" 404 1015
94.23.19.178 - - [28/Oct/2014:08:42:17 -0500] "GET /re1/Que%20es/Agenda%20ambiental/flora%20fauna/?C=S;O=D HTTP/1.0" 404 1015
94.23.19.178 - - [28/Oct/2014:08:42:18 -0500] "GET /re1/Que%20es/Agenda%20ambiental/geomorfologia/?C=D;O=D HTTP/1.0" 404 1015
201.245.192.253 - - [28/Oct/2014:08:42:19 -0500] "POST /forest/buscar.do? HTTP/1.1" 200 5911
94.23.19.178 - - [28/Oct/2014:08:42:20 -0500] "GET /re1/Que%20es/Agenda%20ambiental/geomorfologia/?C=M;O=D HTTP/1.0" 404 1015
94.23.19.178 - - [28/Oct/2014:08:42:22 -0500] "GET /re1/Que%20es/Agenda%20ambiental/geomorfologia/?C=N;O=D HTTP/1.0" 404 1015
94.23.19.178 - - [28/Oct/2014:08:42:23 -0500] "GET /re1/Que%20es/Agenda%20ambiental/geomorfologia/?C=S;O=D HTTP/1.0" 404 1015
94.23.19.178 - - [28/Oct/2014:08:42:25 -0500] "GET /re1/Que%20es/Agenda%20ambiental/hidrico/?C=D;O=D HTTP/1.0" 404 1015
201.245.192.253 - - [28/Oct/2014:08:42:26 -0500] "GET /forest/skins/gdocs-jar/popup/popup.jsp?width=900&height=600&title=Informaci%F3n%20de%20proceso&uri=/forest/system/process.jsp%3FnumPro%3D2684970&name=undefined&_a=0.5396692118155625&a=0.9108848606702965 HTTP/1.1" 200 1312
201.245.192.253 - - [28/Oct/2014:08:42:26 -0500] "GET /forest/system/process.jsp?numPro=2684970 HTTP/1.1" 200 12527
201.245.192.253 - - [28/Oct/2014:08:42:26 -0500] "GET /forest/system/process.jsp?numPro=2684970 HTTP/1.1" 200 12527
94.23.19.178 - - [28/Oct/2014:08:42:29 -0500] "GET /re1/Que%20es/Agenda%20ambiental/hidrico/?C=M;O=D HTTP/1.0" 404 1015
200.32.80.179 - - [28/Oct/2014:08:42:31 -0500] "GET /BLA/resoluciones/AUTOS%202011/0732.pdf HTTP/1.1" 200 148938
200.32.80.179 - - [28/Oct/2014:08:42:32 -0500] "GET /favicon.ico HTTP/1.1" 200 7782
94.23.19.178 - - [28/Oct/2014:08:42:32 -0500] "GET /re1/Que%20es/Agenda%20ambiental/hidrico/?C=N;O=D HTTP/1.0" 404 1015
66.249.64.171 - - [28/Oct/2014:08:42:33 -0500] "GET /BLA/resoluciones/RESOLUCIONES%202011/2998.pdf HTTP/1.1" 200 487903
94.23.19.178 - - [28/Oct/2014:08:42:34 -0500] "GET /re1/Que%20es/Agenda%20ambiental/hidrico/?C=S;O=D HTTP/1.0" 404 1015
201.245.192.253 - - [28/Oct/2014:08:42:34 -0500] "GET /forest/buscar.do HTTP/1.1" 200 97220
201.245.192.253 - - [28/Oct/2014:08:42:34 -0500] "GET /forest/css/escritorio.css?version=1410.211635 HTTP/1.1" 304 -
201.245.192.253 - - [28/Oct/2014:08:42:34 -0500] "GET /forest/css/autocomplete.css?version=1410.211635 HTTP/1.1" 304 -
201.245.192.253 - - [28/Oct/2014:08:42:34 -0500] "GET /forest/js/load_func.js?version=1410.211635 HTTP/1.1" 304 -
201.245.192.253 - - [28/Oct/2014:08:42:34 -0500] "GET /forest/js/dialog.js?version=1410.211635 HTTP/1.1" 304 -
201.245.192.253 - - [28/Oct/2014:08:42:34 -0500] "GET /forest/js/xml_utilities.js?version=1410.211635 HTTP/1.1" 304 -
201.245.192.253 - - [28/Oct/2014:08:42:34 -0500] "GET /forest/1ibre/protoaculous.js?version=1410.211635 HTTP/1.1" 304 -
201.245.192.253 - - [28/Oct/2014:08:42:34 -0500] "GET /forest/1ibre/1ibre.js?version=1410.211635 HTTP/1.1" 304 -
201.245.192.253 - - [28/Oct/2014:08:42:34 -0500] "GET /forest/1ibre/jscalendar/lang/calendar-es.js?version=1410.211635 HTTP/1.1" 304 -
201.245.192.253 - - [28/Oct/2014:08:42:34 -0500] "GET /forest/js/autocompletar2.js?version=1410.211635 HTTP/1.1" 304 -
201.245.192.253 - - [28/Oct/2014:08:42:34 -0500] "GET /forest/1ibre/jscalendar/calendar.js?version=1410.211635 HTTP/1.1" 304 -
201.245.192.253 - - [28/Oct/2014:08:42:34 -0500] "GET /forest/js/internJS.js?version=1410.211635 HTTP/1.1" 304 -
201.245.192.253 - - [28/Oct/2014:08:42:34 -0500] "GET /forest/js/escritorio/escritorio.js?version=1410.211635 HTTP/1.1" 304 -
201.245.192.253 - - [28/Oct/2014:08:42:35 -0500] "GET /forest/js/sarissa.js?version=1410.211635 HTTP/1.1" 304 -
201.245.192.253 - - [28/Oct/2014:08:42:35 -0500] "GET /forest/1ibre/jscalendar/calendar-setup.js?version=1410.211635 HTTP/1.1" 304 -
94.23.19.178 - - [28/Oct/2014:08:42:36 -0500] "GET /re1/Que%20es/Marco%20legal/?C=D;O=D HTTP/1.0" 404 1015
94.23.19.178 - - [28/Oct/2014:08:42:37 -0500] "GET /re1/Que%20es/Marco%20legal/?C=M;O=D HTTP/1.0" 404 1015
94.23.19.178 - - [28/Oct/2014:08:42:39 -0500] "GET /re1/Que%20es/Marco%20legal/?C=N;O=A HTTP/1.0" 404 1015
66.249.64.167 - - [28/Oct/2014:08:42:39 -0500] "GET /BLA/resoluciones/AUTOS%202009/0557.pdf HTTP/1.1" 200 125307
201.245.192.253 - - [28/Oct/2014:08:42:39 -0500] "GET /plugins/like.php?locale=es_ES&href=http%3A%2F%2Fwww.facebook.com%2Fmsn&send=false&layout=button_count&width=450&show_faces=false&font&colorscheme=light&action=like&height=21 HTTP/1.1" 404 1300
201.245.192.253 - - [28/Oct/2014:08:42:40 -0500] "GET /forest/json.do?query=usersByDep&coddep=7025 HTTP/1.1" 200 851
201.245.192.253 - - [28/Oct/2014:08:42:40 -0500] "GET /forest/json.do?query=usersByDep&coddep=7025 HTTP/1.1" 200 851
94.23.19.178 - - [28/Oct/2014:08:42:41 -0500] "GET /re1/Que%20es/Marco%20legal/?C=S;O=D HTTP/1.0" 404 1015
94.23.19.178 - - [28/Oct/2014:08:42:42 -0500] "GET /re1/Que%20es/Marco%20legal/Normas%20internacionales/?C=D;O=A HTTP/1.0" 404 1015
94.23.19.178 - - [28/Oct/2014:08:42:45 -0500] "GET /re1/Que%20es/Marco%20legal/Normas%20internacionales/?C=M;O=A HTTP/1.0" 404 1015
190.25.157.10 - - [28/Oct/2014:08:42:45 -0500] "POST /forms/lservlet;jsessionid=ac16012b30d53f146e1025dd48e880a79d57fa8c9d83.e3iSbxaKaheRe34Sa3yKbhiTahb0n6jAmljGr5XDqQLvpAe HTTP/1.1" 200 2
190.7.107.4 - - [28/Oct/2014:08:42:46 -0500] "GET /BLA/boletinlegal/js/jquery.js HTTP/1.1" 200 57254
190.7.107.4 - - [28/Oct/2014:08:42:46 -0500] "GET /BLA/boletinlegal/js/jquery.scrollTo-min.js HTTP/1.1" 200 1150
190.7.107.4 - - [28/Oct/2014:08:42:46 -0500] "GET /BLA/boletinlegal/js/jquery.scrollShow.js HTTP/1.1" 200 4586
94.23.19.178 - - [28/Oct/2014:08:42:46 -0500] "GET /re1/Que%20es/Marco%20legal/Normas%20internacionales/?C=N;O=D HTTP/1.0" 404 1015
94.23.19.178 - - [28/Oct/2014:08:42:48 -0500] "GET /re1/Que%20es/Marco%20legal/Normas%20internacionales/?C=S;O=A HTTP/1.0" 404 1015
94.23.19.178 - - [28/Oct/2014:08:42:50 -0500] "GET /re1/Que%20es/Marco%20legal/Normas%20internacionales/normas%20internal%20link.htm HTTP/1.0" 404 1015
94.23.19.178 - - [28/Oct/2014:08:42:55 -0500] "GET /re1/Que%20es/Marco%20legal/Normas%20nacionales/?C=D;O=A HTTP/1.0" 404 1015
190.26.119.3 - - [28/Oct/2014:08:42:57 -0500] "GET /isolucionsda/FrameSetGeneral.asp?Pagina=SucursalSeleccion.asp&CargaPagina=ModuloProcesos&IdModulo=3 HTTP/1.1" 200 6716
190.26.119.3 - - [28/Oct/2014:08:42:57 -0500] "GET /isolucionsda/Encabezado.asp?Pagina=SucursalSeleccion.asp&CargaPagina=ModuloProcesos&IdModulo=3 HTTP/1.1" 200 15404
190.26.119.3 - - [28/Oct/2014:08:42:57 -0500] "GET /isolucionsda/BarraTitulos.asp?Pagina=SucursalSeleccion.asp&CargaPagina=ModuloProcesos&IdModulo=3 HTTP/1.1" 200 6988
190.26.119.3 - - [28/Oct/2014:08:42:57 -0500] "GET /isolucionsda/SucursalSeleccion.asp?Pagina=SucursalSeleccion.asp&CargaPagina=ModuloProcesos&IdModulo=3 HTTP/1.1" 302 221
190.26.119.3 - - [28/Oct/2014:08:42:57 -0500] "GET /isolucionsda/BarraFavoritos.asp HTTP/1.1" 200 911
190.26.119.3 - - [28/Oct/2014:08:42:57 -0500] "GET /isolucionsda/BancoConocimiento/M/MAPADEPROCESOSSDA_v3/MAPADEPROCESOSSDA_v3.asp HTTP/1.1" 302 159
190.26.119.3 - - [28/Oct/2014:08:42:57 -0500] "GET /isolucionsda/Session.asp?Continue=1 HTTP/1.1" 200 6324
94.23.19.178 - - [28/Oct/2014:08:42:58 -0500] "GET /re1/Que%20es/Marco%20legal/Normas%20nacionales/?C=M;O=A HTTP/1.0" 404 1015
190.26.119.3 - - [28/Oct/2014:08:42:57 -0500] "GET /isolucionsda/BancoConocimiento/M/MAPADEPROCESOSSDA_v3/mapa%20de%20procesos%20sda%2020110.mht HTTP/1.1" 200 472990
201.245.192.253 - - [28/Oct/2014:08:42:59 -0500] "POST /forest/buscar.do? HTTP/1.1" 200 11343
201.245.192.253 - - [28/Oct/2014:08:43:00 -0500] "GET /v/wy46U16-dJg?adformat=2_9&version=3&showinfo=0&rel=0&controls=1&iv_load_policy=1 HTTP/1.1" 404 2785
201.245.192.253 - - [28/Oct/2014:08:43:00 -0500] "GET /plugins/like.php?action=like&app_id=552484368099345&channel=http%3A%2F%2Fstatic.ak.facebook.com%2Fconnect%2Fxd_arbiter%2F2_ZudbRXWRs.js%3Fversion%3D41%23cb%3Df2eaca7f53198c4%26domain%3Ddiarioadn.co%26origin%3Dhttp%253A%252F%252Fdiarioadn.co%252Ff1a331dee425abe%26relation%3Dparent.parent&href=https%3A%2F%2Fwww.facebook.com%2Fdiarioadn&layout=button_count&locale=es_LA&sdk=joey&share=false&show_faces=true HTTP/1.1" 404 1274
201.245.192.253 - - [28/Oct/2014:08:43:00 -0500] "GET /forest/session.jsp?a=0.37857477097130376 HTTP/1.1" 200 4
94.23.19.178 - - [28/Oct/2014:08:43:00 -0500] "GET /re1/Que%20es/Marco%20legal/Normas%20nacionales/?C=N;O=D HTTP/1.0" 404 1015
201.245.55.226 - - [28/Oct/2014:08:43:04 -0500] "GET /autoliquidacion HTTP/1.1" 301 310
201.245.55.226 - - [28/Oct/2014:08:43:04 -0500] "GET /autoliquidacion/ HTTP/1.1" 200 6375
201.245.55.226 - - [28/Oct/2014:08:43:04 -0500] "GET /autoliquidacion/dlf/styles.css HTTP/1.1" 200 3045
201.245.55.226 - - [28/Oct/2014:08:43:04 -0500] "GET /autoliquidacion/dlf/folder.png HTTP/1.1" 200 410
201.245.55.226 - - [28/Oct/2014:08:43:04 -0500] "GET /autoliquidacion/dlf/bg.gif HTTP/1.1" 200 54
201.245.192.253 - - [28/Oct/2014:08:43:04 -0500] "GET /forest/img/forestIcon.gif?version=1410.211635 HTTP/1.1" 304 -
94.23.19.178 - - [28/Oct/2014:08:43:05 -0500] "GET /re1/Que%20es/Marco%20legal/Normas%20nacionales/?C=S;O=A HTTP/1.0" 404 1015
201.245.192.253 - - [28/Oct/2014:08:43:06 -0500] "GET /forest/img/forestIcon.gif?version=1410.211635 HTTP/1.1" 304 -
201.245.192.253 - - [28/Oct/2014:08:43:06 -0500] "GET /forest/buscar.do HTTP/1.1" 200 97220
201.245.192.253 - - [28/Oct/2014:08:43:06 -0500] "GET /forest/css/escritorio.css?version=1410.211635 HTTP/1.1" 304 -
201.245.192.253 - - [28/Oct/2014:08:43:06 -0500] "GET /forest/css/autocomplete.css?version=1410.211635 HTTP/1.1" 304 -
201.245.192.253 - - [28/Oct/2014:08:43:06 -0500] "GET /forest/js/dialog.js?version=1410.211635 HTTP/1.1" 304 -
201.245.192.253 - - [28/Oct/2014:08:43:06 -0500] "GET /forest/js/escritorio/escritorio.js?version=1410.211635 HTTP/1.1" 304 -
201.245.192.253 - - [28/Oct/2014:08:43:06 -0500] "GET /forest/js/xml_utilities.js?version=1410.211635 HTTP/1.1" 304 -
201.245.192.253 - - [28/Oct/2014:08:43:06 -0500] "GET /forest/js/load_func.js?version=1410.211635 HTTP/1.1" 304 -
201.245.192.253 - - [28/Oct/2014:08:43:06 -0500] "GET /forest/1ibre/jscalendar/calendar.js?version=1410.211635 HTTP/1.1" 304 -
201.245.192.253 - - [28/Oct/2014:08:43:06 -0500] "GET /forest/js/internJS.js?version=1410.211635 HTTP/1.1" 304 -
201.245.192.253 - - [28/Oct/2014:08:43:06 -0500] "GET /forest/1ibre/protoaculous.js?version=1410.211635 HTTP/1.1" 304 -
201.245.192.253 - - [28/Oct/2014:08:43:06 -0500] "GET /forest/1ibre/jscalendar/calendar-setup.js?version=1410.211635 HTTP/1.1" 304 -
201.245.192.253 - - [28/Oct/2014:08:43:06 -0500] "GET /forest/1ibre/jscalendar/lang/calendar-es.js?version=1410.211635 HTTP/1.1" 304 -
201.245.192.253 - - [28/Oct/2014:08:43:06 -0500] "GET /forest/js/autocompletar2.js?version=1410.211635 HTTP/1.1" 304 -
201.245.192.253 - - [28/Oct/2014:08:43:06 -0500] "GET /forest/1ibre/1ibre.js?version=1410.211635 HTTP/1.1" 304 -
201.245.192.253 - - [28/Oct/2014:08:43:06 -0500] "GET /forest/js/sarissa.js?version=1410.211635 HTTP/1.1" 304 -
201.245.192.253 - - [28/Oct/2014:08:43:06 -0500] "GET /forest/json.do?query=usersByDep&coddep=7025 HTTP/1.1" 200 851
201.245.192.253 - - [28/Oct/2014:08:43:06 -0500] "GET /forest/json.do?query=usersByDep&coddep=7025 HTTP/1.1" 200 851
201.245.192.253 - - [28/Oct/2014:08:43:06 -0500] "GET /forest/actions/forms.getMappedValues?id=ValorVisual1594&value=1&codForm=PROYEC_CT&a=0.460480105627066 HTTP/1.1" 200 24
201.245.192.253 - - [28/Oct/2014:08:43:06 -0500] "GET /forest/session.jsp?a=0.8973752718298192 HTTP/1.1" 200 4
201.245.192.253 - - [28/Oct/2014:08:43:06 -0500] "GET /forest/actions/forms.getMappedValues?id=IGS_UbicacionPubliciad231&value=3&codForm=PROYEC_CT&a=0.03801835866657888 HTTP/1.1" 200 39
201.245.192.253 - - [28/Oct/2014:08:43:07 -0500] "GET /forest/actions/forms.getMappedValues?id=IGS_TipoElemento211&value=12&codForm=PROYEC_CT&a=0.2629865422412274 HTTP/1.1" 200 34
201.245.192.253 - - [28/Oct/2014:08:43:07 -0500] "GET /forest/actions/forms.getMappedValues?id=Orient_Visua1228&value=4&codForm=PROYEC_CT&a=0.9439774110442966 HTTP/1.1" 200 32
201.245.192.253 - - [28/Oct/2014:08:43:07 -0500] "GET /forest/actions/forms.getMappedValues?id=IGS_TipoVia641&value=4&codForm=PROYEC_CT&a=0.49559685403287923 HTTP/1.1" 200 24
201.245.192.253 - - [28/Oct/2014:08:43:07 -0500] "GET /forest/actions/forms.getMappedValues?id=IGS_TipoElemento211&value=12&codForm=PROYEC_CT&a=0.018512447839531543 HTTP/1.1" 200 34
201.245.192.253 - - [28/Oct/2014:08:43:07 -0500] "GET /forest/actions/forms.getMappedValues?id=IGS_UbicacionPubliciad231&value=3&codForm=PROYEC_CT&a=0.8665391971253235 HTTP/1.1" 200 39
201.245.192.253 - - [28/Oct/2014:08:43:07 -0500] "GET /forest/actions/forms.getMappedValues?id=IGS_TipoVia641&value=4&codForm=PROYEC_CT&a=0.8347770307310799 HTTP/1.1" 200 24
201.245.192.253 - - [28/Oct/2014:08:43:07 -0500] "GET /forest/actions/forms.getMappedValues?id=Orient_Visua1228&value=4&codForm=PROYEC_CT&a=0.2867726589675126 HTTP/1.1" 200 32
201.245.192.253 - - [28/Oct/2014:08:43:07 -0500] "GET /forest/actions/forms.getMappedValues?id=ValorVisual1594&value=1&codForm=PROYEC_CT&a=0.25329755641676144 HTTP/1.1" 200 24
94.23.19.178 - - [28/Oct/2014:08:43:07 -0500] "GET /re1/Que%20es/Marco%20pedagocico/?C=N;O=A HTTP/1.0" 404 1015
66.249.64.171 - - [28/Oct/2014:08:43:08 -0500] "GET /BLA/resoluciones/RESOLUCIONES%202009/2326.pdf HTTP/1.1" 200 236897
201.245.192.253 - - [28/Oct/2014:08:43:08 -0500] "GET /forest/img/forestIcon.gif?version=1410.211635 HTTP/1.1" 304 -
201.245.192.253 - - [28/Oct/2014:08:43:08 -0500] "GET /forest/session.jsp?a=0.0956827765495103 HTTP/1.1" 200 4
94.23.19.178 - - [28/Oct/2014:08:43:09 -0500] "GET /re1/Que%20es/Marco%20pedagocico/?C=S;O=D HTTP/1.0" 404 1015
201.245.55.226 - - [28/Oct/2014:08:43:11 -0500] "GET /autoliquidacion/ HTTP/1.1" 200 6375
190.26.119.3 - - [28/Oct/2014:08:43:12 -0500] "GET /isolucionsda/g/vacio1x1.gif HTTP/1.1" 404 5195
94.23.19.178 - - [28/Oct/2014:08:43:12 -0500] "GET /re1/Que%20es/Marco%20pedagocico/planillas/planillas%20link.htm HTTP/1.0" 404 1015
201.245.192.253 - - [28/Oct/2014:08:43:12 -0500] "GET /embed/flpBil-Yi9c HTTP/1.1" 404 1247
94.23.19.178 - - [28/Oct/2014:08:43:13 -0500] "GET /re1/Que%20es/Marco%20pedagocico/tematica%20ambiental/?C=D;O=A HTTP/1.0" 404 1015
201.245.192.253 - - [28/Oct/2014:08:43:14 -0500] "GET /forest/img/candado.gif HTTP/1.1" 304 -
190.26.119.3 - - [28/Oct/2014:08:43:15 -0500] "GET /isolucionsda/g/vacio1x1.gif HTTP/1.1" 404 5195
94.23.19.178 - - [28/Oct/2014:08:43:15 -0500] "GET /re1/Que%20es/Marco%20pedagocico/tematica%20ambiental/?C=M;O=A HTTP/1.0" 404 1015
190.26.119.3 - - [28/Oct/2014:08:43:15 -0500] "GET /isolucionsda/bancoconocimiento/I/Incentivostributarios_v1/Incentivostributarios_v1.asp?IdArticulo=3571 HTTP/1.1" 200 85220
201.245.192.253 - - [28/Oct/2014:08:43:15 -0500] "GET /v/EeOes4LIgtc?adformat=2_9&version=3&showinfo=0&rel=0&controls=1&iv_load_policy=1 HTTP/1.1" 404 1347
66.249.64.167 - - [28/Oct/2014:08:43:16 -0500] "GET /BLA/resoluciones/RESOLUCIONES%202011/2007.pdf HTTP/1.1" 200 778902
201.245.192.253 - - [28/Oct/2014:08:43:17 -0500] "GET /forest/session.jsp?a=0.014963628724217415 HTTP/1.1" 200 4
94.23.19.178 - - [28/Oct/2014:08:43:17 -0500] "GET /re1/Que%20es/Marco%20pedagocico/tematica%20ambiental/?C=N;O=D HTTP/1.0" 404 1015
201.245.192.253 - - [28/Oct/2014:08:43:20 -0500] "POST /forms/lservlet;jsessionid=ac16012b30d55eb9574f191a4e0e8c61b29e3a3c4f4a.e3iSbxaKaheRe34Sa3yKbhiTahb0n6jAmljGr5XDqQLvpAe HTTP/1.1" 200 2
181.54.233.59 - - [28/Oct/2014:08:43:20 -0500] "GET /forest/session.jsp?a=0.320819987449795 HTTP/1.1" 200 4
201.245.192.253 - - [28/Oct/2014:08:43:20 -0500] "GET /fr/u.php?p=418865601488577&m=2faa544f-9e2a-4000-9412-5c9d546f1718 HTTP/1.1" 404 1342
201.245.192.253 - - [28/Oct/2014:08:43:21 -0500] "GET /fr/u.php?p=418865601488577&m=2faa544f-9e2a-4000-9412-5c9d546f1718 HTTP/1.1" 404 1360
94.23.19.178 - - [28/Oct/2014:08:43:21 -0500] "GET /re1/Que%20es/Marco%20pedagocico/tematica%20ambiental/?C=S;O=A HTTP/1.0" 404 1015
201.245.55.226 - - [28/Oct/2014:08:43:22 -0500] "GET /autoliquidacion/index.php?dir=Solicitud+de+Clasificaci%F3n+de+Impacto+Ambiental%2F HTTP/1.1" 200 3349
201.245.55.226 - - [28/Oct/2014:08:43:23 -0500] "GET /autoliquidacion/dlf/dirup.png HTTP/1.1" 200 644
201.245.55.226 - - [28/Oct/2014:08:43:23 -0500] "GET /autoliquidacion/dlf/unknown.png HTTP/1.1" 200 266
201.245.55.226 - - [28/Oct/2014:08:43:23 -0500] "GET /autoliquidacion/dlf/pdf.gif HTTP/1.1" 200 272
94.23.19.178 - - [28/Oct/2014:08:43:24 -0500] "GET /sinmi1/sinmicom.htm HTTP/1.0" 404 1015
201.234.178.104 - - [28/Oct/2014:08:43:26 -0500] "GET /BLA/boletinlegal/js/jquery.scrollShow.js HTTP/1.1" 200 4586
201.234.178.104 - - [28/Oct/2014:08:43:26 -0500] "GET /BLA/boletinlegal/js/jquery.js HTTP/1.1" 200 57254
201.234.178.104 - - [28/Oct/2014:08:43:26 -0500] "GET /BLA/boletinlegal/js/jquery.scrollTo-min.js HTTP/1.1" 200 1150
201.234.178.104 - - [28/Oct/2014:08:43:26 -0500] "GET /galeria/carrusel/Carrusel/jquery.thumbnailScroller.css HTTP/1.1" 200 2066
201.234.178.104 - - [28/Oct/2014:08:43:27 -0500] "GET /galeria/nivo-slider/demo/demo.html HTTP/1.1" 200 3300
201.234.178.104 - - [28/Oct/2014:08:43:27 -0500] "GET /galeria/nivo-slider/themes/default/default.css HTTP/1.1" 200 1569
201.234.178.104 - - [28/Oct/2014:08:43:27 -0500] "GET /galeria/nivo-slider/demo/style.css HTTP/1.1" 200 2222
201.234.178.104 - - [28/Oct/2014:08:43:27 -0500] "GET /galeria/nivo-slider/themes/orman/orman.css HTTP/1.1" 200 2152
201.234.178.104 - - [28/Oct/2014:08:43:27 -0500] "GET /galeria/nivo-slider/themes/pascal/pascal.css HTTP/1.1" 200 2258
201.234.178.104 - - [28/Oct/2014:08:43:27 -0500] "GET /galeria/nivo-slider/nivo-slider.css HTTP/1.1" 200 1507
201.234.178.104 - - [28/Oct/2014:08:43:27 -0500] "GET /galeria/nivo-slider/demo/images/banner-conejera1.jpg HTTP/1.1" 200 136228
201.234.178.104 - - [28/Oct/2014:08:43:27 -0500] "GET /galeria/nivo-slider/demo/images/banner-aceite3.jpg HTTP/1.1" 200 88347
201.234.178.104 - - [28/Oct/2014:08:43:27 -0500] "GET /galeria/nivo-slider/demo/images/mesTIC.jpg HTTP/1.1" 200 180719
201.234.178.104 - - [28/Oct/2014:08:43:27 -0500] "GET /galeria/nivo-slider/demo/images/Tingua-azul.jpg HTTP/1.1" 200 307638
201.234.178.104 - - [28/Oct/2014:08:43:27 -0500] "GET /galeria/carrusel/Carrusel/jquery-ui-1.8.13.custom.min.js HTTP/1.1" 200 10800
201.234.178.104 - - [28/Oct/2014:08:43:27 -0500] "GET /galeria/nivo-slider/demo/images/Banner-Caracol-Africano.jpg HTTP/1.1" 200 331986
201.234.178.104 - - [28/Oct/2014:08:43:27 -0500] "GET /galeria/carrusel/Carrusel/jquery.thumbnailScroller.js HTTP/1.1" 200 8157
201.234.178.104 - - [28/Oct/2014:08:43:27 -0500] "GET /galeria/nivo-slider/demo/images/banner-redes.jpg HTTP/1.1" 200 62209
94.23.19.178 - - [28/Oct/2014:08:43:27 -0500] "GET /sinmi1/sinmicom1.htm HTTP/1.0" 404 1015
201.234.178.104 - - [28/Oct/2014:08:43:27 -0500] "GET /galeria/nivo-slider/demo/images/4Simple_Slider.png HTTP/1.1" 200 11722
201.234.178.104 - - [28/Oct/2014:08:43:27 -0500] "GET /galeria/nivo-slider/themes/default/loading.gif HTTP/1.1" 200 1737
201.234.178.104 - - [28/Oct/2014:08:43:27 -0500] "GET /galeria/nivo-slider/demo/images/9Signos.jpg HTTP/1.1" 200 93040
201.234.178.104 - - [28/Oct/2014:08:43:28 -0500] "GET /galeria/nivo-slider/demo/images/banner-llantas2.jpg HTTP/1.1" 200 73153
201.234.178.104 - - [28/Oct/2014:08:43:28 -0500] "GET /galeria/nivo-slider/demo/images/banner-caballos.png HTTP/1.1" 200 389106
201.234.178.104 - - [28/Oct/2014:08:43:28 -0500] "GET /galeria/nivo-slider/demo/images/Hacienda_Molinos.jpg HTTP/1.1" 200 319171
201.245.192.253 - - [28/Oct/2014:08:43:28 -0500] "GET /v/EeOes4LIgtc?adformat=2_9&version=3&showinfo=0&rel=0&controls=1&iv_load_policy=1 HTTP/1.1" 404 1333
201.234.178.104 - - [28/Oct/2014:08:43:28 -0500] "GET /galeria/nivo-slider/demo/images/bannerEcolecta3.jpg HTTP/1.1" 200 280034
201.234.178.104 - - [28/Oct/2014:08:43:28 -0500] "GET /galeria/nivo-slider/demo/scripts/jquery-1.7.1.min.js HTTP/1.1" 200 93868
201.245.55.226 - - [28/Oct/2014:08:43:28 -0500] "GET /autoliquidacion/Solicitud%20de%20Clasificaci%C3%B3n%20de%20Impacto%20Ambiental/Formulario%20de%20solicitud%20clasificaci%C3%B3n%20impacto............pdf HTTP/1.1" 200 235215
201.234.178.104 - - [28/Oct/2014:08:43:29 -0500] "GET /galeria/nivo-slider/jquery.nivo.slider.pack.js HTTP/1.1" 200 11561
201.245.192.253 - - [28/Oct/2014:08:43:26 -0500] "GET /BLA/resoluciones/index.php?dir=RESOLUCIONES+2011%2F HTTP/1.1" 200 660203
201.234.178.104 - - [28/Oct/2014:08:43:30 -0500] "GET /galeria/nivo-slider/themes/default/arrows.png HTTP/1.1" 200 824
201.234.178.104 - - [28/Oct/2014:08:43:30 -0500] "GET /galeria/nivo-slider/themes/default/bullets.png HTTP/1.1" 200 1281
94.23.19.178 - - [28/Oct/2014:08:43:31 -0500] "GET /sinmi1/sinmicon.htm HTTP/1.0" 404 1015
201.245.55.226 - - [28/Oct/2014:08:43:32 -0500] "GET /autoliquidacion/Solicitud%20de%20Clasificaci%C3%B3n%20de%20Impacto%20Ambiental/Formulario%20de%20solicitud%20clasificaci%C3%B3n%20impacto............pdf HTTP/1.1" 206 38607
201.245.55.226 - - [28/Oct/2014:08:43:32 -0500] "GET /autoliquidacion/Solicitud%20de%20Clasificaci%C3%B3n%20de%20Impacto%20Ambiental/Formulario%20de%20solicitud%20clasificaci%C3%B3n%20impacto............pdf HTTP/1.1" 206 65536
94.23.19.178 - - [28/Oct/2014:08:43:37 -0500] "GET /sinmi1/sinmintro.htm HTTP/1.0" 404 1015
190.26.210.114 - - [28/Oct/2014:08:43:38 -0500] "GET /BLA/resoluciones/AUTOS%202010/0531.pdf HTTP/1.1" 200 176359
94.23.19.178 - - [28/Oct/2014:08:43:40 -0500] "GET /sinmi1/sinmired.htm HTTP/1.0" 404 1015
201.245.192.253 - - [28/Oct/2014:08:43:42 -0500] "GET /plugins/like.php?action=like&app_id=552484368099345&channel=http%3A%2F%2Fstatic.ak.facebook.com%2Fconnect%2Fxd_arbiter%2F2_ZudbRXWRs.js%3Fversion%3D41%23cb%3Df3a4cdcd491de3%26domain%3Ddiarioadn.co%26origin%3Dhttp%253A%252F%252Fdiarioadn.co%252Ff3d68c245063c1%26relation%3Dparent.parent&href=https%3A%2F%2Fwww.facebook.com%2Fdiarioadn&layout=button_count&locale=es_LA&sdk=joey&share=false&show_faces=true HTTP/1.1" 404 1438
201.245.192.253 - - [28/Oct/2014:08:43:42 -0500] "GET /plugins/like.php?action=recommend&app_id=552484368099345&channel=http%3A%2F%2Fstatic.ak.facebook.com%2Fconnect%2Fxd_arbiter%2F2_ZudbRXWRs.js%3Fversion%3D41%23cb%3Df9765df6f90ab1%26domain%3Ddiarioadn.co%26origin%3Dhttp%253A%252F%252Fdiarioadn.co%252Ff3d68c245063c1%26relation%3Dparent.parent&font=tahoma&href=http%3A%2F%2Fdiarioadn.co%2Fbogot%25C3%25A1%2Fmi-ciudad%2Fayda-mart%25C3%25ADnez-m%25C3%25A1s-dientes-para-los-humedales-1.130440&locale=es_LA&sdk=joey&send=true&show_faces=false&width=450 HTTP/1.1" 404 1438
66.249.64.167 - - [28/Oct/2014:08:43:43 -0500] "GET /BLA/resoluciones/RESOLUCIONES%202008/4250.pdf HTTP/1.1" 200 593042
66.249.64.163 - - [28/Oct/2014:08:43:45 -0500] "GET /BLA/resoluciones/RESOLUCIONES%202002/RES%202002%201251-1301/20021264.tif HTTP/1.1" 200 98446
191.93.146.91 - - [28/Oct/2014:08:43:49 -0500] "GET /BLA/boletinlegal/js/jquery.js HTTP/1.1" 200 57254
191.93.146.91 - - [28/Oct/2014:08:43:49 -0500] "GET /BLA/boletinlegal/js/jquery.scrollTo-min.js HTTP/1.1" 200 1150
191.93.146.91 - - [28/Oct/2014:08:43:50 -0500] "GET /BLA/boletinlegal/js/jquery.scrollShow.js HTTP/1.1" 200 4586
191.93.146.91 - - [28/Oct/2014:08:43:50 -0500] "GET /galeria/carrusel/Carrusel/jquery.thumbnailScroller.css HTTP/1.1" 200 2066
161.10.177.137 - - [28/Oct/2014:08:43:50 -0500] "GET /silvicultura/12.pdf HTTP/1.1" 404 1308
191.93.146.91 - - [28/Oct/2014:08:43:50 -0500] "GET /galeria/carrusel/Carrusel/jquery-ui-1.8.13.custom.min.js HTTP/1.1" 200 10800
161.10.177.137 - - [28/Oct/2014:08:43:50 -0500] "GET /favicon.ico HTTP/1.1" 200 7782
191.93.146.91 - - [28/Oct/2014:08:43:50 -0500] "GET /galeria/carrusel/Carrusel/jquery.thumbnailScroller.js HTTP/1.1" 200 8157
66.249.64.171 - - [28/Oct/2014:08:43:52 -0500] "GET /BLA/resoluciones/RESOLUCIONES%202011/4489.pdf HTTP/1.1" 200 540251
191.93.146.91 - - [28/Oct/2014:08:43:53 -0500] "GET /galeria/nivo-slider/demo/demo.html HTTP/1.1" 200 3300
191.93.146.91 - - [28/Oct/2014:08:43:55 -0500] "GET /galeria/nivo-slider/themes/default/default.css HTTP/1.1" 200 1569
191.93.146.91 - - [28/Oct/2014:08:43:55 -0500] "GET /galeria/nivo-slider/themes/pascal/pascal.css HTTP/1.1" 200 2258
191.93.146.91 - - [28/Oct/2014:08:43:55 -0500] "GET /galeria/nivo-slider/themes/orman/orman.css HTTP/1.1" 200 2152
191.93.146.91 - - [28/Oct/2014:08:43:55 -0500] "GET /galeria/nivo-slider/nivo-slider.css HTTP/1.1" 200 1507
191.93.146.91 - - [28/Oct/2014:08:43:55 -0500] "GET /galeria/nivo-slider/demo/style.css HTTP/1.1" 200 2222
191.93.146.91 - - [28/Oct/2014:08:43:55 -0500] "GET /galeria/nivo-slider/demo/scripts/jquery-1.7.1.min.js HTTP/1.1" 200 93868
191.93.146.91 - - [28/Oct/2014:08:43:55 -0500] "GET /galeria/nivo-slider/jquery.nivo.slider.pack.js HTTP/1.1" 200 11561
191.93.146.91 - - [28/Oct/2014:08:43:55 -0500] "GET /galeria/nivo-slider/demo/images/banner-conejera1.jpg HTTP/1.1" 200 136228
191.93.146.91 - - [28/Oct/2014:08:43:55 -0500] "GET /galeria/nivo-slider/demo/images/banner-aceite3.jpg HTTP/1.1" 200 88347
191.93.146.91 - - [28/Oct/2014:08:43:55 -0500] "GET /galeria/nivo-slider/demo/images/mesTIC.jpg HTTP/1.1" 200 180719
191.93.146.91 - - [28/Oct/2014:08:43:55 -0500] "GET /galeria/nivo-slider/demo/images/Tingua-azul.jpg HTTP/1.1" 200 307638
191.93.146.91 - - [28/Oct/2014:08:43:55 -0500] "GET /galeria/nivo-slider/demo/images/Banner-Caracol-Africano.jpg HTTP/1.1" 200 331986
191.93.146.91 - - [28/Oct/2014:08:43:55 -0500] "GET /galeria/nivo-slider/demo/images/banner-redes.jpg HTTP/1.1" 200 62209
191.93.146.91 - - [28/Oct/2014:08:43:55 -0500] "GET /galeria/nivo-slider/demo/images/9Signos.jpg HTTP/1.1" 200 93040
191.93.146.91 - - [28/Oct/2014:08:43:55 -0500] "GET /galeria/nivo-slider/demo/images/banner-llantas2.jpg HTTP/1.1" 200 73153
191.93.146.91 - - [28/Oct/2014:08:43:55 -0500] "GET /galeria/nivo-slider/demo/images/banner-caballos.png HTTP/1.1" 200 389106
191.93.146.91 - - [28/Oct/2014:08:43:55 -0500] "GET /galeria/nivo-slider/demo/images/Hacienda_Molinos.jpg HTTP/1.1" 200 319171
191.93.146.91 - - [28/Oct/2014:08:43:56 -0500] "GET /galeria/nivo-slider/demo/images/bannerEcolecta3.jpg HTTP/1.1" 200 280034
191.93.146.91 - - [28/Oct/2014:08:43:56 -0500] "GET /galeria/nivo-slider/demo/images/4Simple_Slider.png HTTP/1.1" 200 11722
191.93.146.91 - - [28/Oct/2014:08:43:56 -0500] "GET /galeria/nivo-slider/themes/default/loading.gif HTTP/1.1" 200 1737
190.85.132.194 - - [28/Oct/2014:08:43:56 -0500] "GET /BLA/boletinlegal/js/jquery.js HTTP/1.1" 200 57254
190.85.132.194 - - [28/Oct/2014:08:43:56 -0500] "GET /BLA/boletinlegal/js/jquery.scrollTo-min.js HTTP/1.1" 200 1150
190.85.132.194 - - [28/Oct/2014:08:43:56 -0500] "GET /BLA/boletinlegal/js/jquery.scrollShow.js HTTP/1.1" 200 4586
201.245.192.253 - - [28/Oct/2014:08:44:00 -0500] "GET /forest/usutareas.do?_a=0.08968538113735192&group_system_actual=3 HTTP/1.1" 200 104753
201.245.192.253 - - [28/Oct/2014:08:44:00 -0500] "GET /forest/skins/gdocs-jar/css/autocomplete.css?version=1410.211635 HTTP/1.1" 304 -
201.245.192.253 - - [28/Oct/2014:08:44:00 -0500] "GET /forest/skins/gdocs-jar/css/forest.css?version=1410.211635 HTTP/1.1" 304 -
201.245.192.253 - - [28/Oct/2014:08:44:00 -0500] "GET /forest/skins/gdocs-jar/css/forms.css?version=1410.211635 HTTP/1.1" 304 -
201.245.192.253 - - [28/Oct/2014:08:44:00 -0500] "GET /forest/css/index.css?version=1410.211635 HTTP/1.1" 304 -
201.245.192.253 - - [28/Oct/2014:08:44:00 -0500] "GET /forest/skins/gdocs-jar/css/menu.css?version=1410.211635 HTTP/1.1" 304 -
201.245.192.253 - - [28/Oct/2014:08:44:00 -0500] "GET /forest/1ibre/jscalendar/calendar-win2k-1.css?version=1410.211635 HTTP/1.1" 304 -
201.245.192.253 - - [28/Oct/2014:08:44:00 -0500] "GET /forest/skins/gdocs-jar/css/dialog.css?version=1410.211635 HTTP/1.1" 304 -
201.245.192.253 - - [28/Oct/2014:08:44:00 -0500] "GET /forest/img/forestIcon.gif?version=1410.211635 HTTP/1.1" 304 -
191.93.146.91 - - [28/Oct/2014:08:44:01 -0500] "GET /galeria/nivo-slider/themes/default/bullets.png HTTP/1.1" 200 1281
191.93.146.91 - - [28/Oct/2014:08:44:01 -0500] "GET /galeria/nivo-slider/themes/default/arrows.png HTTP/1.1" 200 824
201.245.192.253 - - [28/Oct/2014:08:44:03 -0500] "GET /forest/css/escritorio.css?version=1410.211635 HTTP/1.1" 304 -
201.245.192.253 - - [28/Oct/2014:08:44:03 -0500] "GET /forest/skins/gdocs-jar/js/tareas.js?version=1410.211635 HTTP/1.1" 304 -
201.245.192.253 - - [28/Oct/2014:08:44:03 -0500] "GET /forest/skins/gdocs-jar/js/xml_utilities.js?version=1410.211635 HTTP/1.1" 304 -
201.245.192.253 - - [28/Oct/2014:08:44:03 -0500] "GET /forest/skins/gdocs-jar/js/autocompletar2.js?version=1410.211635 HTTP/1.1" 304 -
201.245.192.253 - - [28/Oct/2014:08:44:04 -0500] "GET /forest/session.jsp?a=0.4559209613878775 HTTP/1.1" 200 4
201.245.192.253 - - [28/Oct/2014:08:44:04 -0500] "GET /forest/session.jsp?a=0.9538457027971101 HTTP/1.1" 200 4
201.245.192.253 - - [28/Oct/2014:08:44:08 -0500] "GET /plugins/like.php?href=http%3A%2F%2Fwww.pamcookingspray.com%2Fespanol%26videoId%3DAuYUovJ4YnE&send=false&layout=button_count&width=250&show_faces=false&locale=es_LA&action=like&colorscheme=light&height=21&appId=300561446654459 HTTP/1.1" 404 1280
201.245.192.253 - - [28/Oct/2014:08:44:08 -0500] "GET /plugins/like.php?href=http%3A%2F%2Fwww.facebook.com%2F%23%21%2FPamCookingSpray&send=false&layout=button_count&width=100&show_faces=false&locale=es_LA&action=like&colorscheme=light&font&height=21&appId=300561446654459 HTTP/1.1" 404 1280
201.245.192.253 - - [28/Oct/2014:08:44:09 -0500] "GET /forest/session.jsp?a=0.17423805924634206 HTTP/1.1" 200 4
201.245.192.253 - - [28/Oct/2014:08:44:09 -0500] "GET /v/AuYUovJ4YnE?enablejsapi=1&playerapiid=ytplayer&version=3&feature=player_embedded&rel=0 HTTP/1.1" 404 1279
201.245.192.253 - - [28/Oct/2014:08:44:10 -0500] "GET /plugins/like.php?href=http%3A%2F%2Fwww.pamcookingspray.com%2Fespanol%3FEsTipId%3D8&send=false&layout=button_count&width=250&show_faces=false&locale=es_LA&action=like&colorscheme=light&height=21&appId=300561446654459 HTTP/1.1" 404 1324
201.245.192.253 - - [28/Oct/2014:08:44:10 -0500] "GET /plugins/like.php?href=http%3A%2F%2Fwww.pamcookingspray.com%2Fespanol%3FEsTipId%3D6&send=false&layout=button_count&width=250&show_faces=false&locale=es_LA&action=like&colorscheme=light&height=21&appId=300561446654459 HTTP/1.1" 404 1324
201.245.192.253 - - [28/Oct/2014:08:44:10 -0500] "GET /plugins/like.php?href=http%3A%2F%2Fwww.pamcookingspray.com%2Fespanol%3FEsTipId%3D3&send=false&layout=button_count&width=250&show_faces=false&locale=es_LA&action=like&colorscheme=light&height=21&appId=300561446654459 HTTP/1.1" 404 1324
201.245.192.253 - - [28/Oct/2014:08:44:10 -0500] "GET /plugins/like.php?href=http%3A%2F%2Fwww.pamcookingspray.com%2Fespanol%3FEsTipId%3D9&send=false&layout=button_count&width=250&show_faces=false&locale=es_LA&action=like&colorscheme=light&height=21&appId=300561446654459 HTTP/1.1" 404 1324
201.245.192.253 - - [28/Oct/2014:08:44:10 -0500] "GET /plugins/like.php?href=http%3A%2F%2Fwww.pamcookingspray.com%2Fespanol%3FEsTipId%3D2&send=false&layout=button_count&width=250&show_faces=false&locale=es_LA&action=like&colorscheme=light&height=21&appId=300561446654459 HTTP/1.1" 404 1324
201.245.192.253 - - [28/Oct/2014:08:44:10 -0500] "GET /plugins/like.php?href=http%3A%2F%2Fwww.pamcookingspray.com%2Fespanol%3FEsTipId%3D11&send=false&layout=button_count&width=250&show_faces=false&locale=es_LA&action=like&colorscheme=light&height=21&appId=300561446654459 HTTP/1.1" 404 1326
201.245.192.253 - - [28/Oct/2014:08:44:10 -0500] "GET /plugins/like.php?href=http%3A%2F%2Fwww.pamcookingspray.com%2Fespanol%3FEsTipId%3D12&send=false&layout=button_count&width=250&show_faces=false&locale=es_LA&action=like&colorscheme=light&height=21&appId=300561446654459 HTTP/1.1" 404 1326
201.245.192.253 - - [28/Oct/2014:08:44:10 -0500] "GET /plugins/like.php?href=http%3A%2F%2Fwww.pamcookingspray.com%2Fespanol%3FEsTipId%3D4&send=false&layout=button_count&width=250&show_faces=false&locale=es_LA&action=like&colorscheme=light&height=21&appId=300561446654459 HTTP/1.1" 404 1324
201.245.192.253 - - [28/Oct/2014:08:44:10 -0500] "GET /plugins/like.php?href=http%3A%2F%2Fwww.pamcookingspray.com%2Fespanol%3FEsTipId%3D10&send=false&layout=button_count&width=250&show_faces=false&locale=es_LA&action=like&colorscheme=light&height=21&appId=300561446654459 HTTP/1.1" 404 1326
