190.66.108.60 - - [28/Oct/2014:02:11:43 -0500] "GET /BLA/resoluciones/AUTOS%202013/0128.pdf HTTP/1.1" 200 2158572
190.66.108.60 - - [28/Oct/2014:02:11:45 -0500] "GET /BLA/resoluciones/AUTOS%202013/0128.pdf HTTP/1.1" 206 61420
190.66.108.60 - - [28/Oct/2014:02:11:45 -0500] "GET /BLA/resoluciones/AUTOS%202013/0128.pdf HTTP/1.1" 206 65536
190.66.108.60 - - [28/Oct/2014:02:11:46 -0500] "GET /BLA/resoluciones/AUTOS%202013/0128.pdf HTTP/1.1" 206 65536
190.66.108.60 - - [28/Oct/2014:02:11:46 -0500] "GET /BLA/resoluciones/AUTOS%202013/0128.pdf HTTP/1.1" 206 65536
190.66.108.60 - - [28/Oct/2014:02:11:46 -0500] "GET /BLA/resoluciones/AUTOS%202013/0128.pdf HTTP/1.1" 206 65536
190.66.108.60 - - [28/Oct/2014:02:11:47 -0500] "GET /BLA/resoluciones/AUTOS%202013/0128.pdf HTTP/1.1" 206 65536
190.66.108.60 - - [28/Oct/2014:02:11:47 -0500] "GET /BLA/resoluciones/AUTOS%202013/0128.pdf HTTP/1.1" 206 65536
190.66.108.60 - - [28/Oct/2014:02:11:47 -0500] "GET /BLA/resoluciones/AUTOS%202013/0128.pdf HTTP/1.1" 206 65536
190.66.108.60 - - [28/Oct/2014:02:11:48 -0500] "GET /BLA/resoluciones/AUTOS%202013/0128.pdf HTTP/1.1" 206 65536
190.66.108.60 - - [28/Oct/2014:02:11:48 -0500] "GET /BLA/resoluciones/AUTOS%202013/0128.pdf HTTP/1.1" 206 65536
190.66.108.60 - - [28/Oct/2014:02:11:48 -0500] "GET /BLA/resoluciones/AUTOS%202013/0128.pdf HTTP/1.1" 206 65536
190.66.108.60 - - [28/Oct/2014:02:11:48 -0500] "GET /BLA/resoluciones/AUTOS%202013/0128.pdf HTTP/1.1" 206 65536
190.66.108.60 - - [28/Oct/2014:02:11:49 -0500] "GET /BLA/resoluciones/AUTOS%202013/0128.pdf HTTP/1.1" 206 65536
190.66.108.60 - - [28/Oct/2014:02:11:49 -0500] "GET /BLA/resoluciones/AUTOS%202013/0128.pdf HTTP/1.1" 206 65536
190.66.108.60 - - [28/Oct/2014:02:11:49 -0500] "GET /BLA/resoluciones/AUTOS%202013/0128.pdf HTTP/1.1" 206 65536
190.66.108.60 - - [28/Oct/2014:02:11:50 -0500] "GET /BLA/resoluciones/AUTOS%202013/0128.pdf HTTP/1.1" 206 65536
190.66.108.60 - - [28/Oct/2014:02:11:51 -0500] "GET /BLA/resoluciones/AUTOS%202013/0128.pdf HTTP/1.1" 206 65536
190.66.108.60 - - [28/Oct/2014:02:11:51 -0500] "GET /BLA/resoluciones/AUTOS%202013/0128.pdf HTTP/1.1" 206 65536
190.66.108.60 - - [28/Oct/2014:02:11:51 -0500] "GET /BLA/resoluciones/AUTOS%202013/0128.pdf HTTP/1.1" 206 65536
190.66.108.60 - - [28/Oct/2014:02:11:52 -0500] "GET /BLA/resoluciones/AUTOS%202013/0128.pdf HTTP/1.1" 206 65536
190.66.108.60 - - [28/Oct/2014:02:11:52 -0500] "GET /BLA/resoluciones/AUTOS%202013/0128.pdf HTTP/1.1" 206 65536
190.66.108.60 - - [28/Oct/2014:02:11:52 -0500] "GET /BLA/resoluciones/AUTOS%202013/0128.pdf HTTP/1.1" 206 65536
190.66.108.60 - - [28/Oct/2014:02:11:53 -0500] "GET /BLA/resoluciones/AUTOS%202013/0128.pdf HTTP/1.1" 206 65536
190.66.108.60 - - [28/Oct/2014:02:11:53 -0500] "GET /BLA/resoluciones/AUTOS%202013/0128.pdf HTTP/1.1" 206 65536
190.66.108.60 - - [28/Oct/2014:02:11:53 -0500] "GET /BLA/resoluciones/AUTOS%202013/0128.pdf HTTP/1.1" 206 65536
190.66.108.60 - - [28/Oct/2014:02:11:53 -0500] "GET /BLA/resoluciones/AUTOS%202013/0128.pdf HTTP/1.1" 206 65536
190.66.108.60 - - [28/Oct/2014:02:11:54 -0500] "GET /BLA/resoluciones/AUTOS%202013/0128.pdf HTTP/1.1" 206 65536
66.249.64.167 - - [28/Oct/2014:02:11:54 -0500] "GET /BLA/resoluciones/RESOLUCIONES%202011/3471.pdf HTTP/1.1" 200 535192
190.66.108.60 - - [28/Oct/2014:02:11:54 -0500] "GET /BLA/resoluciones/AUTOS%202013/0128.pdf HTTP/1.1" 206 65536
190.66.108.60 - - [28/Oct/2014:02:11:54 -0500] "GET /BLA/resoluciones/AUTOS%202013/0128.pdf HTTP/1.1" 206 65536
190.66.108.60 - - [28/Oct/2014:02:11:55 -0500] "GET /BLA/resoluciones/AUTOS%202013/0128.pdf HTTP/1.1" 206 65536
220.181.108.119 - - [28/Oct/2014:02:12:03 -0500] "GET / HTTP/1.1" 302 -
180.76.5.17 - - [28/Oct/2014:02:12:13 -0500] "GET /BLA/resoluciones/AUTOS%202009/3192.pdf HTTP/1.1" 200 104756
66.249.64.167 - - [28/Oct/2014:02:12:14 -0500] "GET /BLA/resoluciones/RESOLUCIONES%202003/RES%202003%201001-1050/1026.tif HTTP/1.1" 200 219612
66.249.64.163 - - [28/Oct/2014:02:12:15 -0500] "GET /BLA/resoluciones/RESOLUCIONES%202004/RES%202004%202101-2150/00002110.tif HTTP/1.1" 200 207322
66.249.64.171 - - [28/Oct/2014:02:12:23 -0500] "GET /BLA/resoluciones/RESOLUCIONES%202007/RES%202007%202101%20AL%202200/RESOLUCION%202105%20DE%202007.pdf HTTP/1.1" 304 -
66.249.64.167 - - [28/Oct/2014:02:12:29 -0500] "GET /BLA/resoluciones/AUTOS%202009/0040.pdf HTTP/1.1" 200 104675
66.249.64.167 - - [28/Oct/2014:02:13:05 -0500] "GET /BLA/resoluciones/RESOLUCIONES%202007/RES%202007%203701%20AL%203800/RESOLUCION%203770%20DE%202007.pdf HTTP/1.1" 200 27968
201.245.192.253 - - [28/Oct/2014:02:13:23 -0500] "GET /arcgis/services/Calidad_del_Agua_WQI/MapServer/WMSServer?LAYERS=6%2C8%2C4&TRANSPARENT=TRUE&PROJECTION=EPSG%3A4326&FORMAT=image%2Fpng&SERVICE=WMS&VERSION=1.1.1&REQUEST=GetMap&STYLES=&SRS=EPSG%3A4326&BBOX=-74.35546875,4.39453125,-74.1796875,4.5703125&WIDTH=256&HEIGHT=256 HTTP/1.1" 200 875
66.249.64.171 - - [28/Oct/2014:02:13:40 -0500] "GET /BLA/resoluciones/RESOLUCIONES%202010/0183.pdf HTTP/1.1" 200 542198
195.57.112.133 - - [28/Oct/2014:02:14:08 -0500] "GET /BLA/boletinlegal/js/jquery.js HTTP/1.1" 200 57254
195.57.112.133 - - [28/Oct/2014:02:14:08 -0500] "GET /BLA/boletinlegal/js/jquery.scrollTo-min.js HTTP/1.1" 200 1150
195.57.112.133 - - [28/Oct/2014:02:14:08 -0500] "GET /BLA/boletinlegal/js/jquery.scrollShow.js HTTP/1.1" 200 4586
66.249.64.163 - - [28/Oct/2014:02:14:09 -0500] "GET /php/PlanDesarrollo/MANUAL%20REPROGRAMACION%20Y%20ACTUALIZACION%20ENERO%202010.pdf HTTP/1.1" 404 1018
66.249.64.171 - - [28/Oct/2014:02:14:16 -0500] "GET /BLA/resoluciones/RESOLUCIONES%202011/6312.pdf HTTP/1.1" 200 493553
195.57.112.133 - - [28/Oct/2014:02:14:38 -0500] "GET /galeria/carrusel/Carrusel/jquery.thumbnailScroller.css HTTP/1.1" 200 2066
195.57.112.133 - - [28/Oct/2014:02:14:38 -0500] "GET /galeria/carrusel/Carrusel/jquery-ui-1.8.13.custom.min.js HTTP/1.1" 200 10800
195.57.112.133 - - [28/Oct/2014:02:14:38 -0500] "GET /galeria/carrusel/Carrusel/jquery.thumbnailScroller.js HTTP/1.1" 200 8157
195.57.112.133 - - [28/Oct/2014:02:14:38 -0500] "GET /galeria/nivo-slider/demo/demo.html HTTP/1.1" 200 3300
195.57.112.133 - - [28/Oct/2014:02:14:39 -0500] "GET /galeria/nivo-slider/themes/default/default.css HTTP/1.1" 200 1569
195.57.112.133 - - [28/Oct/2014:02:14:39 -0500] "GET /galeria/nivo-slider/themes/pascal/pascal.css HTTP/1.1" 200 2258
195.57.112.133 - - [28/Oct/2014:02:14:39 -0500] "GET /galeria/nivo-slider/themes/orman/orman.css HTTP/1.1" 200 2152
195.57.112.133 - - [28/Oct/2014:02:14:39 -0500] "GET /galeria/nivo-slider/demo/style.css HTTP/1.1" 200 2222
195.57.112.133 - - [28/Oct/2014:02:14:39 -0500] "GET /galeria/nivo-slider/nivo-slider.css HTTP/1.1" 200 1507
195.57.112.133 - - [28/Oct/2014:02:14:39 -0500] "GET /galeria/nivo-slider/jquery.nivo.slider.pack.js HTTP/1.1" 200 11561
195.57.112.133 - - [28/Oct/2014:02:14:39 -0500] "GET /galeria/nivo-slider/demo/scripts/jquery-1.7.1.min.js HTTP/1.1" 200 93868
195.57.112.133 - - [28/Oct/2014:02:14:39 -0500] "GET /galeria/nivo-slider/demo/images/banner-aceite3.jpg HTTP/1.1" 200 88347
195.57.112.133 - - [28/Oct/2014:02:14:39 -0500] "GET /galeria/nivo-slider/demo/images/banner-conejera1.jpg HTTP/1.1" 200 136228
195.57.112.133 - - [28/Oct/2014:02:14:39 -0500] "GET /galeria/nivo-slider/demo/images/mesTIC.jpg HTTP/1.1" 200 180719
195.57.112.133 - - [28/Oct/2014:02:14:40 -0500] "GET /galeria/nivo-slider/demo/images/Tingua-azul.jpg HTTP/1.1" 200 307638
195.57.112.133 - - [28/Oct/2014:02:14:40 -0500] "GET /galeria/nivo-slider/demo/images/Banner-Caracol-Africano.jpg HTTP/1.1" 200 331986
195.57.112.133 - - [28/Oct/2014:02:14:40 -0500] "GET /galeria/nivo-slider/demo/images/banner-redes.jpg HTTP/1.1" 200 62209
191.159.134.171 - - [28/Oct/2014:02:14:40 -0500] "GET /BLA/boletinlegal/js/jquery.js HTTP/1.1" 200 57254
191.159.134.171 - - [28/Oct/2014:02:14:40 -0500] "GET /BLA/boletinlegal/js/jquery.scrollTo-min.js HTTP/1.1" 200 1150
191.159.134.171 - - [28/Oct/2014:02:14:40 -0500] "GET /BLA/boletinlegal/js/jquery.scrollShow.js HTTP/1.1" 200 4586
195.57.112.133 - - [28/Oct/2014:02:14:41 -0500] "GET /galeria/nivo-slider/demo/images/9Signos.jpg HTTP/1.1" 200 93040
195.57.112.133 - - [28/Oct/2014:02:14:42 -0500] "GET /galeria/nivo-slider/demo/images/4Simple_Slider.png HTTP/1.1" 200 11722
195.57.112.133 - - [28/Oct/2014:02:14:43 -0500] "GET /galeria/nivo-slider/themes/default/loading.gif HTTP/1.1" 200 1737
195.57.112.133 - - [28/Oct/2014:02:14:43 -0500] "GET /galeria/nivo-slider/demo/images/banner-llantas2.jpg HTTP/1.1" 200 73153
195.57.112.133 - - [28/Oct/2014:02:14:43 -0500] "GET /galeria/nivo-slider/demo/images/banner-caballos.png HTTP/1.1" 200 389106
195.57.112.133 - - [28/Oct/2014:02:14:44 -0500] "GET /videos/Spot_Tinguas.flv HTTP/1.1" 200 2087054
195.57.112.133 - - [28/Oct/2014:02:14:44 -0500] "GET /galeria/nivo-slider/demo/images/Hacienda_Molinos.jpg HTTP/1.1" 200 319171
195.57.112.133 - - [28/Oct/2014:02:14:44 -0500] "GET /galeria/nivo-slider/demo/images/bannerEcolecta3.jpg HTTP/1.1" 200 280034
66.249.64.163 - - [28/Oct/2014:02:14:52 -0500] "GET /BLA/resoluciones/RESOLUCIONES%202010/0370.pdf HTTP/1.1" 200 496967
195.57.112.133 - - [28/Oct/2014:02:14:53 -0500] "GET /galeria/nivo-slider/themes/default/arrows.png HTTP/1.1" 200 824
195.57.112.133 - - [28/Oct/2014:02:14:53 -0500] "GET /galeria/nivo-slider/themes/default/bullets.png HTTP/1.1" 200 1281
180.76.6.139 - - [28/Oct/2014:02:14:56 -0500] "GET /BLA/resoluciones/AUTOS%202009/2288.pdf HTTP/1.1" 200 198265
74.86.158.107 - - [28/Oct/2014:02:15:01 -0500] "HEAD / HTTP/1.1" 302 -
66.249.64.163 - - [28/Oct/2014:02:15:27 -0500] "GET /BLA/resoluciones/RESOLUCIONES%202011/3617.pdf HTTP/1.1" 200 459170
66.249.64.167 - - [28/Oct/2014:02:16:03 -0500] "GET /BLA/resoluciones/RESOLUCIONES%202009/1989.pdf HTTP/1.1" 200 680586
66.249.64.171 - - [28/Oct/2014:02:16:38 -0500] "GET /BLA/resoluciones/RESOLUCIONES%202010/0144.pdf HTTP/1.1" 200 117994
66.249.64.167 - - [28/Oct/2014:02:16:43 -0500] "GET /BLA/resoluciones/RESOLUCIONES%202004/RES%202004%201151-1200/00001180.tif HTTP/1.1" 200 188638
66.249.64.171 - - [28/Oct/2014:02:17:06 -0500] "GET /BLA/resoluciones/AUTOS%202008/1341.pdf HTTP/1.1" 200 198730
66.249.64.171 - - [28/Oct/2014:02:17:14 -0500] "GET /BLA/resoluciones/RESOLUCIONES%202011/3879.pdf HTTP/1.1" 200 727750
66.249.64.163 - - [28/Oct/2014:02:17:50 -0500] "GET /BLA/resoluciones/RESOLUCIONES%202009/1588.pdf HTTP/1.1" 200 703641
66.249.64.163 - - [28/Oct/2014:02:18:25 -0500] "GET /BLA/resoluciones/RESOLUCIONES%202010/0001.pdf HTTP/1.1" 200 149680
66.249.64.171 - - [28/Oct/2014:02:19:01 -0500] "GET /BLA/resoluciones/RESOLUCIONES%202007/RES%202007%201801%20AL%201900/RESOLUCION%201862%20DE%202007.pdf HTTP/1.1" 200 145399
66.249.64.171 - - [28/Oct/2014:02:19:05 -0500] "GET /BLA/resoluciones/RESOLUCIONES%202011/1402.pdf HTTP/1.1" 200 81419
66.249.64.163 - - [28/Oct/2014:02:19:06 -0500] "GET /BLA/resoluciones/RESOLUCIONES%202010/1527.pdf HTTP/1.1" 200 433239
180.76.6.139 - - [28/Oct/2014:02:19:11 -0500] "GET /BLA/boletinlegal/Directivas/2014/Directiva%20No.%204%20del%2006%20de%20Junio%20de%202014.pdf HTTP/1.1" 200 236794
201.245.192.253 - - [28/Oct/2014:02:19:16 -0500] "GET /arcgis/services/Calidad_del_Agua_WQI/MapServer/WMSServer?LAYERS=6%2C8%2C4&TRANSPARENT=TRUE&PROJECTION=EPSG%3A4326&FORMAT=image%2Fpng&SERVICE=WMS&VERSION=1.1.1&REQUEST=GetMap&STYLES=&SRS=EPSG%3A4326&BBOX=-74.1357421875,4.658203125,-74.091796875,4.7021484375&WIDTH=256&HEIGHT=256 HTTP/1.1" 200 875
66.249.64.171 - - [28/Oct/2014:02:19:21 -0500] "GET /BLA/resoluciones/RESOLUCIONES%202011/0915.pdf HTTP/1.1" 200 72411
66.249.64.171 - - [28/Oct/2014:02:19:23 -0500] "GET /BLA/resoluciones/index.php?dir=paygggzfq/&sort=name&order=desc HTTP/1.1" 200 7134
66.249.64.163 - - [28/Oct/2014:02:19:36 -0500] "GET /BLA/resoluciones/AUTOS%202009/0570.pdf HTTP/1.1" 200 125743
201.245.192.253 - - [28/Oct/2014:02:19:59 -0500] "GET /arcgis/services/Calidad_del_Agua_WQI/MapServer/WMSServer?LAYERS=6%2C8%2C4&TRANSPARENT=TRUE&PROJECTION=EPSG%3A4326&FORMAT=image%2Fpng&SERVICE=WMS&VERSION=1.1.1&REQUEST=GetMap&STYLES=&SRS=EPSG%3A4326&BBOX=-74.1357421875,4.6142578125,-74.091796875,4.658203125&WIDTH=256&HEIGHT=256 HTTP/1.1" 200 1472
201.245.192.253 - - [28/Oct/2014:02:20:00 -0500] "GET /arcgis/services/Calidad_del_Agua_WQI/MapServer/WMSServer?LAYERS=6%2C8%2C4&TRANSPARENT=TRUE&PROJECTION=EPSG%3A4326&FORMAT=image%2Fpng&SERVICE=WMS&VERSION=1.1.1&REQUEST=GetMap&STYLES=&SRS=EPSG%3A4326&BBOX=-74.091796875,4.6142578125,-74.0478515625,4.658203125&WIDTH=256&HEIGHT=256 HTTP/1.1" 200 1504
74.86.158.107 - - [28/Oct/2014:02:20:01 -0500] "HEAD / HTTP/1.1" 302 -
180.76.6.232 - - [28/Oct/2014:02:20:11 -0500] "GET /BLA/resoluciones/AUTOS%202009/0499.pdf HTTP/1.1" 200 185717
66.249.64.39 - - [28/Oct/2014:02:19:41 -0500] "GET /BLA/boletinlegal/index.php HTTP/1.1" 200 48956
66.249.64.167 - - [28/Oct/2014:02:20:18 -0500] "GET /BLA/resoluciones/RESOLUCIONES%202008/5443.pdf HTTP/1.1" 200 267490
66.249.64.167 - - [28/Oct/2014:02:20:23 -0500] "GET /BLA/resoluciones/AUTOS%202007/0505.pdf HTTP/1.1" 200 18133
66.249.64.163 - - [28/Oct/2014:02:20:34 -0500] "GET /BLA/resoluciones/RESOLUCIONES%202008/2893.pdf HTTP/1.1" 200 458353
66.249.64.167 - - [28/Oct/2014:02:20:48 -0500] "GET /BLA/resoluciones/RESOLUCIONES%202011/4301.pdf HTTP/1.1" 200 682017
66.249.64.163 - - [28/Oct/2014:02:20:52 -0500] "GET /BLA/resoluciones/RESOLUCIONES%202010/1774.pdf HTTP/1.1" 200 562804
201.245.192.253 - - [28/Oct/2014:02:21:05 -0500] "GET /arcgis/services/Calidad_del_Agua_WQI/MapServer/WMSServer?LAYERS=6%2C8%2C4&TRANSPARENT=TRUE&PROJECTION=EPSG%3A4326&FORMAT=image%2Fpng&SERVICE=WMS&VERSION=1.1.1&REQUEST=GetMap&STYLES=&SRS=EPSG%3A4326&BBOX=-74.091796875,4.658203125,-74.0478515625,4.7021484375&WIDTH=256&HEIGHT=256 HTTP/1.1" 200 1517
66.249.64.167 - - [28/Oct/2014:02:21:13 -0500] "GET /BLA/resoluciones/RESOLUCIONES%202004/RES%202004%201151-1200/00001176.tif HTTP/1.1" 200 201506
66.249.64.171 - - [28/Oct/2014:02:21:17 -0500] "GET /BLA/resoluciones/RESOLUCIONES%202009/1802.pdf HTTP/1.1" 200 757250
157.55.39.54 - - [28/Oct/2014:02:21:18 -0500] "GET /dama/libreria/php/decide.php?patron=02.1502 HTTP/1.1" 404 1019
66.249.64.171 - - [28/Oct/2014:02:21:24 -0500] "GET /BLA/resoluciones/RESOLUCIONES%202011/2965.pdf HTTP/1.1" 200 643514
66.249.64.167 - - [28/Oct/2014:02:21:27 -0500] "GET /BLA/resoluciones/AUTOS%202007/1302.pdf HTTP/1.1" 200 74030
66.249.64.171 - - [28/Oct/2014:02:21:29 -0500] "GET /BLA/resoluciones/Autos%202008/3020.pdf HTTP/1.1" 200 310850
66.249.64.171 - - [28/Oct/2014:02:21:59 -0500] "GET /BLA/resoluciones/RESOLUCIONES%202011/6035.pdf HTTP/1.1" 200 979081
190.158.104.66 - - [28/Oct/2014:02:22:01 -0500] "GET /BLA/resoluciones/RESOLUCIONES%202013/0255.pdf HTTP/1.1" 200 2756226
66.249.64.171 - - [28/Oct/2014:02:22:02 -0500] "GET /BLA/resoluciones/Notificaciones/AUTOS%202014/0799.doc HTTP/1.1" 304 -
190.158.104.66 - - [28/Oct/2014:02:22:04 -0500] "GET /BLA/resoluciones/RESOLUCIONES%202013/0255.pdf HTTP/1.1" 200 2756226
190.158.104.66 - - [28/Oct/2014:02:22:07 -0500] "GET /BLA/resoluciones/RESOLUCIONES%202013/0255.pdf HTTP/1.1" 200 2756226
180.76.6.37 - - [28/Oct/2014:02:22:11 -0500] "GET /BLA/resoluciones/AUTOS%202011/5731.pdf HTTP/1.1" 200 145397
190.158.104.66 - - [28/Oct/2014:02:22:15 -0500] "GET /BLA/resoluciones/RESOLUCIONES%202013/0255.pdf HTTP/1.1" 200 2756226
190.158.104.66 - - [28/Oct/2014:02:22:15 -0500] "GET /BLA/resoluciones/RESOLUCIONES%202013/0255.pdf HTTP/1.1" 200 2756226
190.158.104.66 - - [28/Oct/2014:02:22:28 -0500] "GET /BLA/resoluciones/AUTOS%202013/0203.pdf HTTP/1.1" 200 1225409
190.158.104.66 - - [28/Oct/2014:02:22:30 -0500] "GET /BLA/resoluciones/AUTOS%202013/0203.pdf HTTP/1.1" 200 1225409
66.249.64.163 - - [28/Oct/2014:02:22:34 -0500] "GET /BLA/resoluciones/AUTOS%202009/0549.pdf HTTP/1.1" 200 304530
66.249.64.39 - - [28/Oct/2014:02:22:38 -0500] "GET /htdocs/gallery2/g2data/cache/derivative/2/1/210-meta.inc HTTP/1.1" 404 1019
190.158.104.66 - - [28/Oct/2014:02:23:04 -0500] "GET /BLA/resoluciones/AUTOS%202013/0203.pdf HTTP/1.1" 200 1225409
190.158.104.66 - - [28/Oct/2014:02:23:05 -0500] "GET /BLA/resoluciones/AUTOS%202013/0203.pdf HTTP/1.1" 200 1225409
190.158.104.66 - - [28/Oct/2014:02:23:41 -0500] "GET /BLA/resoluciones/AUTOS%202013/0203.pdf HTTP/1.1" 200 1225409
190.158.104.66 - - [28/Oct/2014:02:23:42 -0500] "GET /BLA/resoluciones/AUTOS%202013/0203.pdf HTTP/1.1" 200 1225409
66.249.64.39 - - [28/Oct/2014:02:23:48 -0500] "GET /htdocs/counter/digits/awg02/ HTTP/1.1" 404 1019
66.249.64.171 - - [28/Oct/2014:02:24:21 -0500] "GET /BLA/resoluciones/AUTOS%202009/0901.pdf HTTP/1.1" 200 122469
66.249.64.39 - - [28/Oct/2014:02:24:24 -0500] "GET /htdocs/counter/digits/ariali/ HTTP/1.1" 404 1019
66.249.64.171 - - [28/Oct/2014:02:24:30 -0500] "GET /BLA/resoluciones/dlf/styles.css HTTP/1.1" 200 3049
66.249.64.167 - - [28/Oct/2014:02:24:57 -0500] "GET /BLA/resoluciones/RESOLUCIONES%202011/3487.pdf HTTP/1.1" 200 393169
66.249.64.39 - - [28/Oct/2014:02:24:59 -0500] "GET /htdocs/gallery2/g2data/cache/derivative/2/7/272-meta.inc HTTP/1.1" 404 1019
74.86.158.107 - - [28/Oct/2014:02:25:01 -0500] "HEAD / HTTP/1.1" 302 -
66.249.64.163 - - [28/Oct/2014:02:25:31 -0500] "GET /BLA/resoluciones/index.php?dir=paygggzfq/&sort=size&order=asc HTTP/1.1" 200 7135
66.249.64.171 - - [28/Oct/2014:02:25:32 -0500] "GET /BLA/resoluciones/RESOLUCIONES%202010/5679.pdf HTTP/1.1" 200 300448
66.249.64.47 - - [28/Oct/2014:02:25:34 -0500] "GET /htdocs/counter/digits/modocr/ HTTP/1.1" 404 1019
66.249.64.171 - - [28/Oct/2014:02:25:36 -0500] "GET /BLA/resoluciones/RESOLUCIONES%202011/0431.pdf HTTP/1.1" 200 69833
66.249.64.171 - - [28/Oct/2014:02:25:37 -0500] "GET /BLA/resoluciones/RESOLUCIONES%202003/RES%202003%201001-1050/1039.tif HTTP/1.1" 200 144912
66.249.64.163 - - [28/Oct/2014:02:26:08 -0500] "GET /BLA/resoluciones/RESOLUCIONES%202011/3284.pdf HTTP/1.1" 200 404114
66.249.64.47 - - [28/Oct/2014:02:26:10 -0500] "GET /htdocs/counter/digits/bbldotg/ HTTP/1.1" 404 1019
66.249.64.163 - - [28/Oct/2014:02:26:32 -0500] "GET /BLA/resoluciones/AUTOS%202009/1205.pdf HTTP/1.1" 200 122746
66.249.64.167 - - [28/Oct/2014:02:26:44 -0500] "GET /BLA/resoluciones/AUTOS%202009/0607.pdf HTTP/1.1" 200 127047
66.249.64.43 - - [28/Oct/2014:02:26:45 -0500] "GET /htdocs/counter/digits/m/ HTTP/1.1" 404 1019
66.249.64.163 - - [28/Oct/2014:02:27:19 -0500] "GET /BLA/resoluciones/RESOLUCIONES%202010/2406.pdf HTTP/1.1" 200 502224
66.249.64.167 - - [28/Oct/2014:02:27:20 -0500] "GET /BLA/resoluciones/index.php?dir=paygggzfq/&sort=date&order=asc HTTP/1.1" 200 7135
66.249.64.43 - - [28/Oct/2014:02:27:21 -0500] "GET /htdocs/gallery2/g2data/cache/derivative/2/7/276-meta.inc HTTP/1.1" 404 1019
66.249.64.51 - - [28/Oct/2014:02:27:36 -0500] "GET /BLA/resoluciones/AUTOS%202009/0732.pdf HTTP/1.1" 200 109775
66.249.64.55 - - [28/Oct/2014:02:27:55 -0500] "GET /BLA/resoluciones/RESOLUCIONES%202011/3211.pdf HTTP/1.1" 200 694881
66.249.64.91 - - [28/Oct/2014:02:27:56 -0500] "GET /htdocs/counter/digits/shadow/ HTTP/1.1" 404 1019
66.249.64.171 - - [28/Oct/2014:02:28:30 -0500] "GET /BLA/resoluciones/RESOLUCIONES%202011/4302.pdf HTTP/1.1" 200 440245
190.158.104.66 - - [28/Oct/2014:02:28:34 -0500] "GET /BLA/resoluciones/RESOLUCIONES%202013/0255.pdf HTTP/1.1" 200 2756226
190.158.104.66 - - [28/Oct/2014:02:28:35 -0500] "GET /BLA/resoluciones/RESOLUCIONES%202013/0255.pdf HTTP/1.1" 200 2756226
66.249.64.171 - - [28/Oct/2014:02:29:06 -0500] "GET /BLA/resoluciones/AUTOS%202009/0546.pdf HTTP/1.1" 200 183550
66.249.64.171 - - [28/Oct/2014:02:29:22 -0500] "GET /BLA/resoluciones/RESOLUCIONES%202002/RES%202002%201451-1500/20021484.tif HTTP/1.1" 200 36930
66.249.64.171 - - [28/Oct/2014:02:29:42 -0500] "GET /BLA/resoluciones/RESOLUCIONES%202011/5061.pdf HTTP/1.1" 200 455963
66.249.64.167 - - [28/Oct/2014:02:29:57 -0500] "GET /BLA/resoluciones/index.php?dir=paygggzfq/&sort=date&order=desc HTTP/1.1" 200 7134
74.86.158.107 - - [28/Oct/2014:02:30:01 -0500] "HEAD / HTTP/1.1" 302 -
66.249.64.167 - - [28/Oct/2014:02:30:13 -0500] "GET /BLA/resoluciones/RESOLUCIONES%202003/RES%202003%201001-1050/1040.tif HTTP/1.1" 200 127476
66.249.64.167 - - [28/Oct/2014:02:30:17 -0500] "GET /BLA/resoluciones/RESOLUCIONES%202008/1066.pdf HTTP/1.1" 200 571389
181.248.137.164 - - [28/Oct/2014:02:30:28 -0500] "GET /BLA/boletinlegal/js/jquery.scrollTo-min.js HTTP/1.1" 200 1150
181.248.137.164 - - [28/Oct/2014:02:30:28 -0500] "GET /BLA/boletinlegal/js/jquery.scrollShow.js HTTP/1.1" 200 4586
181.248.137.164 - - [28/Oct/2014:02:30:28 -0500] "GET /BLA/boletinlegal/js/jquery.js HTTP/1.1" 200 57254
190.158.104.66 - - [28/Oct/2014:02:30:33 -0500] "GET /BLA/resoluciones/RESOLUCIONES%202013/0255.pdf HTTP/1.1" 200 2756226
180.76.6.154 - - [28/Oct/2014:02:30:49 -0500] "GET /BLA/resoluciones/AUTOS%202011/0236.pdf HTTP/1.1" 200 154873
66.249.64.163 - - [28/Oct/2014:02:30:53 -0500] "GET /BLA/resoluciones/AUTOS%202011/5524.pdf HTTP/1.1" 200 223703
180.76.5.188 - - [28/Oct/2014:02:31:40 -0500] "GET /BLA/resoluciones/AUTOS%202011/0355.pdf HTTP/1.1" 200 127805
66.249.64.167 - - [28/Oct/2014:02:32:03 -0500] "GET /BLA/resoluciones/RESOLUCIONES%202011/5058.pdf HTTP/1.1" 200 541304
66.249.64.171 - - [28/Oct/2014:02:32:08 -0500] "GET /BLA/resoluciones/RESOLUCIONES%202006/RES%202006%201851-1900/00001851.tif HTTP/1.1" 200 234230
66.249.64.171 - - [28/Oct/2014:02:32:12 -0500] "GET /BLA/resoluciones/RESOLUCIONES%202011/0218.pdf HTTP/1.1" 200 268552
66.249.64.163 - - [28/Oct/2014:02:32:18 -0500] "GET /BLA/resoluciones/RESOLUCIONES%202011/1899.pdf HTTP/1.1" 200 516158
66.249.64.163 - - [28/Oct/2014:02:32:20 -0500] "GET /BLA/resoluciones/AUTOS%202009/1722.pdf HTTP/1.1" 200 124265
66.249.64.167 - - [28/Oct/2014:02:32:27 -0500] "GET /BLA/resoluciones/RESOLUCIONES%202011/0912.pdf HTTP/1.1" 200 74655
66.249.64.171 - - [28/Oct/2014:02:32:40 -0500] "GET /BLA/resoluciones/RESOLUCIONES%202011/3627.pdf HTTP/1.1" 200 398620
66.249.64.167 - - [28/Oct/2014:02:33:06 -0500] "GET /BLA/resoluciones/AUTOS%202009/2438.pdf HTTP/1.1" 200 101360
66.249.64.171 - - [28/Oct/2014:02:33:07 -0500] "GET /portel_dama/libreria/php/2006/restauracion/22_proye/xtras_in/3a.pdf HTTP/1.1" 404 1018
66.249.64.171 - - [28/Oct/2014:02:33:15 -0500] "GET /BLA/resoluciones/AUTOS%202008/2338.pdf HTTP/1.1" 200 101966
66.249.64.171 - - [28/Oct/2014:02:33:38 -0500] "GET /BLA/resoluciones/AUTOS%202009/1781.pdf HTTP/1.1" 200 100290
66.249.64.171 - - [28/Oct/2014:02:33:41 -0500] "GET /BLA/resoluciones/RESOLUCIONES%202011/0143.pdf HTTP/1.1" 200 361250
66.249.64.167 - - [28/Oct/2014:02:33:42 -0500] "GET /BLA/resoluciones/AUTOS%202009/2412.pdf HTTP/1.1" 200 100505
192.236.132.44 - - [28/Oct/2014:02:33:44 -0500] "GET /auntentica.txt HTTP/1.1" 404 1153
66.249.64.163 - - [28/Oct/2014:02:33:51 -0500] "GET /BLA/resoluciones/RESOLUCIONES%202011/4517.pdf HTTP/1.1" 200 49012
66.249.64.167 - - [28/Oct/2014:02:34:27 -0500] "GET /BLA/resoluciones/RESOLUCIONES%202010/7633.pdf HTTP/1.1" 200 71940
66.249.64.171 - - [28/Oct/2014:02:34:39 -0500] "GET /BLA/resoluciones/RESOLUCIONES%202004/RES%202004%201151-1200/00001163.tif HTTP/1.1" 200 191566
74.86.158.107 - - [28/Oct/2014:02:35:01 -0500] "HEAD / HTTP/1.1" 302 -
66.249.64.171 - - [28/Oct/2014:02:35:02 -0500] "GET /BLA/resoluciones/RESOLUCIONES%202010/0047.pdf HTTP/1.1" 200 487037
66.249.64.163 - - [28/Oct/2014:02:35:31 -0500] "GET /BLA/resoluciones/AUTOS%202009/1364.pdf HTTP/1.1" 200 118438
66.249.64.163 - - [28/Oct/2014:02:35:38 -0500] "GET /BLA/resoluciones/RESOLUCIONES%202011/5271.pdf HTTP/1.1" 200 575887
192.187.100.154 - - [28/Oct/2014:02:36:13 -0500] "GET /auntentica.txt HTTP/1.1" 404 1153
66.249.64.167 - - [28/Oct/2014:02:36:14 -0500] "GET /BLA/resoluciones/RESOLUCIONES%202011/3675.pdf HTTP/1.1" 200 550388
66.249.64.171 - - [28/Oct/2014:02:36:49 -0500] "GET /BLA/resoluciones/RESOLUCIONES%202011/4329.pdf HTTP/1.1" 200 750454
190.158.104.66 - - [28/Oct/2014:02:36:55 -0500] "GET /BLA/resoluciones/AUTOS%202013/0203.pdf HTTP/1.1" 200 1225409
66.249.64.167 - - [28/Oct/2014:02:36:56 -0500] "GET /BLA/resoluciones/AUTOS%202009/0249.pdf HTTP/1.1" 200 86776
66.249.64.171 - - [28/Oct/2014:02:37:25 -0500] "GET /BLA/resoluciones/RESOLUCIONES%202011/5385.pdf HTTP/1.1" 200 570396
100.43.85.25 - - [28/Oct/2014:02:37:38 -0500] "GET /re/contactenos/?C=S;O=A HTTP/1.1" 404 1019
66.249.64.163 - - [28/Oct/2014:02:38:01 -0500] "GET /BLA/resoluciones/RESOLUCIONES%202009/0909.pdf HTTP/1.1" 200 261624
66.249.64.167 - - [28/Oct/2014:02:38:10 -0500] "GET /BLA/resoluciones/RESOLUCIONES%202011/1304.pdf HTTP/1.1" 200 77507
66.249.64.163 - - [28/Oct/2014:02:38:12 -0500] "GET /BLA/resoluciones/AUTOS%202011/0749.pdf HTTP/1.1" 200 167261
100.43.85.25 - - [28/Oct/2014:02:38:15 -0500] "GET /re/contactenos/?C=S;O=A HTTP/1.1" 404 1019
66.249.64.163 - - [28/Oct/2014:02:38:16 -0500] "GET /BLA/resoluciones/RESOLUCIONES%202011/0621.pdf HTTP/1.1" 200 74979
66.249.64.163 - - [28/Oct/2014:02:38:25 -0500] "GET /BLA/resoluciones/RESOLUCIONES%202011/0228.pdf HTTP/1.1" 200 72827
180.76.6.45 - - [28/Oct/2014:02:38:32 -0500] "GET /BLA/resoluciones/index.php?dir=RESOLUCIONES+2006%2FRES+2006+1701-1751%2F HTTP/1.1" 200 12369
66.249.64.171 - - [28/Oct/2014:02:38:36 -0500] "GET /BLA/resoluciones/AUTOS%202009/0811.pdf HTTP/1.1" 200 69287
192.99.107.82 - - [28/Oct/2014:02:38:37 -0500] "GET /robots.txt HTTP/1.1" 404 1019
192.99.107.82 - - [28/Oct/2014:02:38:37 -0500] "GET / HTTP/1.1" 302 -
66.249.64.167 - - [28/Oct/2014:02:39:12 -0500] "GET /BLA/resoluciones/AUTOS%202009/2267.pdf HTTP/1.1" 200 122137
66.249.64.167 - - [28/Oct/2014:02:39:12 -0500] "GET /BLA/resoluciones/RESOLUCIONES%202003/RES%202003%201001-1050/1043.tif HTTP/1.1" 200 128496
66.249.64.167 - - [28/Oct/2014:02:39:31 -0500] "GET /BLA/resoluciones/RESOLUCIONES%202007/RES%202007%203901%20AL%204000/RESOLUCION%203966%20DE%202007.pdf HTTP/1.1" 200 723319
66.249.64.171 - - [28/Oct/2014:02:39:47 -0500] "GET /BLA/resoluciones/RESOLUCIONES%202011/1582.pdf HTTP/1.1" 200 67951
74.86.158.107 - - [28/Oct/2014:02:40:01 -0500] "HEAD / HTTP/1.1" 302 -
220.181.108.154 - - [28/Oct/2014:02:40:12 -0500] "GET /BLA/boletinlegal/js/jquery.scrollShow.js HTTP/1.1" 200 4586
66.249.64.167 - - [28/Oct/2014:02:40:23 -0500] "GET /BLA/resoluciones/AUTOS%202009/0608.pdf HTTP/1.1" 200 122919
66.249.64.171 - - [28/Oct/2014:02:40:59 -0500] "GET /BLA/resoluciones/RESOLUCIONES%202011/5140.pdf HTTP/1.1" 200 427189
66.249.64.167 - - [28/Oct/2014:02:41:36 -0500] "GET /BLA/resoluciones/RESOLUCIONES%202011/3001.pdf HTTP/1.1" 200 974990
66.249.64.163 - - [28/Oct/2014:02:42:10 -0500] "GET /BLA/resoluciones/AUTOS%202009/2181.pdf HTTP/1.1" 200 100913
66.249.64.167 - - [28/Oct/2014:02:42:46 -0500] "GET /BLA/resoluciones/RESOLUCIONES%202011/1587.pdf HTTP/1.1" 200 79929
66.249.64.167 - - [28/Oct/2014:02:42:48 -0500] "GET /BLA/resoluciones/RESOLUCIONES%202008/2541.pdf HTTP/1.1" 200 361476
66.249.64.167 - - [28/Oct/2014:02:42:49 -0500] "GET /BLA/resoluciones/RESOLUCIONES%202011/6266.pdf HTTP/1.1" 200 1288184
66.249.64.171 - - [28/Oct/2014:02:43:21 -0500] "GET /BLA/resoluciones/RESOLUCIONES%202011/0125.pdf HTTP/1.1" 200 512687
66.249.64.171 - - [28/Oct/2014:02:43:26 -0500] "GET /BLA/resoluciones/AUTOS%202009/2856.pdf HTTP/1.1" 200 102891
66.249.64.163 - - [28/Oct/2014:02:43:36 -0500] "GET /BLA/resoluciones/RESOLUCIONES%202004/RES%202004%201151-1200/00001181.tif HTTP/1.1" 200 197442
66.249.64.163 - - [28/Oct/2014:02:43:36 -0500] "GET /BLA/resoluciones/RESOLUCIONES%202004/RES%202004%201851-1900/00001860.tif HTTP/1.1" 200 155916
66.249.64.171 - - [28/Oct/2014:02:43:57 -0500] "GET /BLA/resoluciones/AUTOS%202010/1160.pdf HTTP/1.1" 200 163063
37.49.224.14 - - [28/Oct/2014:02:44:01 -0500] "GET /auntentica.txt HTTP/1.1" 404 1153
66.249.64.171 - - [28/Oct/2014:02:44:33 -0500] "GET /BLA/resoluciones/RESOLUCIONES%202011/5570.pdf HTTP/1.1" 200 450695
201.184.106.182 - - [28/Oct/2014:02:44:47 -0500] "GET /BLA/boletinlegal/js/jquery.js HTTP/1.1" 200 57254
201.184.106.182 - - [28/Oct/2014:02:44:47 -0500] "GET /BLA/boletinlegal/js/jquery.scrollShow.js HTTP/1.1" 200 4586
201.184.106.182 - - [28/Oct/2014:02:44:47 -0500] "GET /BLA/boletinlegal/js/jquery.scrollTo-min.js HTTP/1.1" 200 1150
74.86.158.107 - - [28/Oct/2014:02:45:00 -0500] "HEAD / HTTP/1.1" 302 -
66.249.64.171 - - [28/Oct/2014:02:45:08 -0500] "GET /BLA/resoluciones/RESOLUCIONES%202010/0214.pdf HTTP/1.1" 200 621365
180.76.6.17 - - [28/Oct/2014:02:45:24 -0500] "GET /BLA/resoluciones/index.php?dir=RESOLUCIONES%202002/RES%202002%20201-250/&sort=date&order=asc HTTP/1.1" 200 12325
66.249.64.163 - - [28/Oct/2014:02:46:20 -0500] "GET /BLA/resoluciones/AUTOS%202011/5119.pdf HTTP/1.1" 200 227667
66.249.64.163 - - [28/Oct/2014:02:46:55 -0500] "GET /BLA/resoluciones/AUTOS%202009/0566.pdf HTTP/1.1" 200 127426
180.76.6.156 - - [28/Oct/2014:02:47:24 -0500] "GET /BLA/resoluciones/AUTOS%202009/0716.pdf HTTP/1.1" 200 107153
66.249.64.171 - - [28/Oct/2014:02:47:31 -0500] "GET /BLA/resoluciones/RESOLUCIONES%202011/5079.pdf HTTP/1.1" 200 441515
66.249.64.163 - - [28/Oct/2014:02:48:07 -0500] "GET /BLA/resoluciones/RESOLUCIONES%202011/4372.pdf HTTP/1.1" 200 694976
66.249.64.163 - - [28/Oct/2014:02:48:12 -0500] "GET /BLA/resoluciones/RESOLUCIONES%202003/RES%202003%201001-1050/1019.tif HTTP/1.1" 200 73204
66.249.64.171 - - [28/Oct/2014:02:48:34 -0500] "GET /BLA/resoluciones/AUTOS%202009/2955.pdf HTTP/1.1" 200 151928
66.249.64.163 - - [28/Oct/2014:02:48:43 -0500] "GET /BLA/resoluciones/RESOLUCIONES%202010/0588.pdf HTTP/1.1" 200 94487
66.249.64.167 - - [28/Oct/2014:02:48:47 -0500] "GET /BLA/resoluciones/AUTOS%202009/1105.pdf HTTP/1.1" 200 64935
66.249.64.163 - - [28/Oct/2014:02:48:52 -0500] "GET /BLA/resoluciones/AUTOS%202009/2835.pdf HTTP/1.1" 200 125136
201.245.192.253 - - [28/Oct/2014:02:48:55 -0500] "GET /forest/img/dtree/visor/excel.png HTTP/1.1" 304 -
66.249.64.163 - - [28/Oct/2014:02:49:18 -0500] "GET /BLA/resoluciones/RESOLUCIONES%202007/RES%202007%203301%20AL%203400/RESOLUCION%203312%20DE%202007.pdf HTTP/1.1" 200 3029388
66.249.64.167 - - [28/Oct/2014:02:49:54 -0500] "GET /BLA/resoluciones/RESOLUCIONES%202010/5390.pdf HTTP/1.1" 200 291270
74.86.158.107 - - [28/Oct/2014:02:50:00 -0500] "HEAD / HTTP/1.1" 302 -
66.249.64.171 - - [28/Oct/2014:02:50:30 -0500] "GET /BLA/resoluciones/RESOLUCIONES%202011/1407.pdf HTTP/1.1" 200 73857
66.249.64.171 - - [28/Oct/2014:02:51:26 -0500] "GET /BLA/resoluciones/AUTOS%202011/4993.pdf HTTP/1.1" 200 234395
66.249.64.171 - - [28/Oct/2014:02:51:42 -0500] "GET /BLA/resoluciones/AUTOS%202010/6438.pdf HTTP/1.1" 200 155057
66.249.64.167 - - [28/Oct/2014:02:52:09 -0500] "GET /BLA/resoluciones/RESOLUCIONES%202003/RES%202003%201001-1050/1015.tif HTTP/1.1" 200 120748
66.249.64.163 - - [28/Oct/2014:02:52:17 -0500] "GET /Residuos/pinturas/files/search/search107.xml HTTP/1.1" 404 1018
66.249.64.163 - - [28/Oct/2014:02:52:52 -0500] "GET /BLA/resoluciones/RESOLUCIONES%202011/2808.pdf HTTP/1.1" 200 755338
201.91.5.170 - - [28/Oct/2014:02:52:59 -0500] "GET /manager/html HTTP/1.1" 404 1018
66.249.64.163 - - [28/Oct/2014:02:53:28 -0500] "GET /BLA/resoluciones/RESOLUCIONES%202011/0023.pdf HTTP/1.1" 200 297267
66.249.64.167 - - [28/Oct/2014:02:53:36 -0500] "GET /BLA/resoluciones/AUTOS%202009/0810.pdf HTTP/1.1" 200 76246
66.249.64.167 - - [28/Oct/2014:02:54:04 -0500] "GET /BLA/resoluciones/RESOLUCIONES%202011/3619.pdf HTTP/1.1" 200 449588
66.249.64.167 - - [28/Oct/2014:02:54:12 -0500] "GET /BLA/resoluciones/AUTOS%202011/1043.pdf HTTP/1.1" 200 354642
66.249.64.163 - - [28/Oct/2014:02:54:28 -0500] "GET /BLA/resoluciones/RESOLUCIONES%202011/0878.pdf HTTP/1.1" 200 282079
66.249.64.167 - - [28/Oct/2014:02:54:40 -0500] "GET /BLA/resoluciones/AUTOS%202009/0757.pdf HTTP/1.1" 200 107687
74.86.158.107 - - [28/Oct/2014:02:55:00 -0500] "HEAD / HTTP/1.1" 302 -
66.249.64.171 - - [28/Oct/2014:02:55:15 -0500] "GET /BLA/resoluciones/RESOLUCIONES%202010/0191.pdf HTTP/1.1" 200 541600
66.249.64.171 - - [28/Oct/2014:02:55:35 -0500] "GET /BLA/resoluciones/AUTOS%202009/2985.pdf HTTP/1.1" 200 81648
180.76.5.154 - - [28/Oct/2014:02:55:42 -0500] "GET /BLA/resoluciones/AUTOS%202010/5472.pdf HTTP/1.1" 200 851028
66.249.64.167 - - [28/Oct/2014:02:55:51 -0500] "GET /BLA/resoluciones/RESOLUCIONES%202011/5763.pdf HTTP/1.1" 200 1743244
66.249.64.171 - - [28/Oct/2014:02:56:00 -0500] "GET /BLA/resoluciones/AUTOS%202009/3152.pdf HTTP/1.1" 200 132529
66.249.64.167 - - [28/Oct/2014:02:56:27 -0500] "GET /BLA/resoluciones/AUTOS%202008/0403.pdf HTTP/1.1" 200 110508
66.249.64.171 - - [28/Oct/2014:02:56:33 -0500] "GET /BLA/resoluciones/RESOLUCIONES%202004/RES%202004%201151-1200/00001156.tif HTTP/1.1" 200 203298
191.93.147.247 - - [28/Oct/2014:02:56:40 -0500] "GET /BLA/boletinlegal/js/jquery.js HTTP/1.1" 200 57254
191.93.147.247 - - [28/Oct/2014:02:56:40 -0500] "GET /BLA/boletinlegal/js/jquery.scrollTo-min.js HTTP/1.1" 200 1150
191.93.147.247 - - [28/Oct/2014:02:56:40 -0500] "GET /BLA/boletinlegal/js/jquery.scrollShow.js HTTP/1.1" 200 4586
200.93.135.154 - - [28/Oct/2014:02:56:54 -0500] "GET /BLA/resoluciones/Resoluciones%202011/6416.pdf HTTP/1.1" 200 3596143
66.249.64.167 - - [28/Oct/2014:02:57:02 -0500] "GET /BLA/resoluciones/RESOLUCIONES%202011/5513.pdf HTTP/1.1" 200 480657
66.249.64.163 - - [28/Oct/2014:02:57:08 -0500] "GET /BLA/resoluciones/AUTOS%202009/3287.pdf HTTP/1.1" 200 94363
66.249.64.163 - - [28/Oct/2014:02:57:38 -0500] "GET /BLA/resoluciones/AUTOS%202009/0697.pdf HTTP/1.1" 200 101473
66.249.64.167 - - [28/Oct/2014:02:58:10 -0500] "GET /BLA/resoluciones/RESOLUCIONES%202002/RES%202002%201151-1200/20021158.tif HTTP/1.1" 200 66678
66.249.64.171 - - [28/Oct/2014:02:58:14 -0500] "GET /BLA/resoluciones/RESOLUCIONES%202011/4176.pdf HTTP/1.1" 200 608188
66.249.64.171 - - [28/Oct/2014:02:58:44 -0500] "GET /BLA/resoluciones/AUTOS%202009/1886.pdf HTTP/1.1" 200 127395
66.249.64.167 - - [28/Oct/2014:02:58:46 -0500] "GET /BLA/resoluciones/AUTOS%202009/3190.pdf HTTP/1.1" 200 121076
66.249.64.171 - - [28/Oct/2014:02:58:50 -0500] "GET /BLA/resoluciones/RESOLUCIONES%202011/5574.pdf HTTP/1.1" 200 422764
66.249.64.163 - - [28/Oct/2014:02:59:05 -0500] "GET /pread/pread/tsld003.htm HTTP/1.1" 404 1018
66.249.64.167 - - [28/Oct/2014:02:59:25 -0500] "GET /BLA/resoluciones/RESOLUCIONES%202010/0247.pdf HTTP/1.1" 200 292227
66.249.64.171 - - [28/Oct/2014:02:59:35 -0500] "GET /BLA/resoluciones/AUTOS%202009/0057.pdf HTTP/1.1" 200 103308
74.86.158.107 - - [28/Oct/2014:03:00:00 -0500] "HEAD / HTTP/1.1" 302 -
120.43.29.220 - - [28/Oct/2014:03:00:04 -0500] "GET /BLA/resoluciones/RESOLUCIONES HTTP/1.1" 404 1018
187.153.122.95 - - [28/Oct/2014:03:00:26 -0500] "GET /BLA/boletinlegal/js/jquery.js HTTP/1.1" 200 57254
187.153.122.95 - - [28/Oct/2014:03:00:26 -0500] "GET /BLA/boletinlegal/js/jquery.scrollTo-min.js HTTP/1.1" 200 1150
187.153.122.95 - - [28/Oct/2014:03:00:26 -0500] "GET /BLA/boletinlegal/js/jquery.scrollShow.js HTTP/1.1" 200 4586
66.249.64.167 - - [28/Oct/2014:03:00:37 -0500] "GET /BLA/resoluciones/AUTOS%202011/0706.pdf HTTP/1.1" 200 92993
66.249.64.171 - - [28/Oct/2014:03:01:04 -0500] "GET /BLA/resoluciones/RESOLUCIONES%202003/RES%202003%201001-1050/1016.tif HTTP/1.1" 200 133228
66.249.64.163 - - [28/Oct/2014:03:01:13 -0500] "GET /BLA/resoluciones/AUTOS%202011/4518.pdf HTTP/1.1" 200 238391
66.249.64.171 - - [28/Oct/2014:03:01:49 -0500] "GET /BLA/resoluciones/RESOLUCIONES%202010/0267.pdf HTTP/1.1" 200 528850
66.249.64.167 - - [28/Oct/2014:03:02:10 -0500] "GET /BLA/resoluciones/RESOLUCIONES%202003/RES%202003%201251-1300/20031272.tif HTTP/1.1" 200 55708
66.249.64.171 - - [28/Oct/2014:03:02:24 -0500] "GET /BLA/resoluciones/RESOLUCIONES%202008/5263.pdf HTTP/1.1" 200 332951
66.249.64.167 - - [28/Oct/2014:03:03:00 -0500] "GET /BLA/resoluciones/AUTOS%202009/0052.pdf HTTP/1.1" 200 87528
66.249.64.171 - - [28/Oct/2014:03:03:28 -0500] "GET /BLA/resoluciones/AUTOS%202009/1842.pdf HTTP/1.1" 200 98384
66.249.64.171 - - [28/Oct/2014:03:03:35 -0500] "GET /BLA/resoluciones/RESOLUCIONES%202011/2648.pdf HTTP/1.1" 200 517567
66.249.64.163 - - [28/Oct/2014:03:03:44 -0500] "GET /BLA/resoluciones/AUTOS%202009/1000.pdf HTTP/1.1" 200 161284
66.249.64.163 - - [28/Oct/2014:03:04:00 -0500] "GET /BLA/resoluciones/RESOLUCIONES%202010/2349.pdf HTTP/1.1" 200 381020
201.236.221.9 - - [28/Oct/2014:03:04:11 -0500] "GET /galeria/nivo-slider/demo/images/TinguasAzules.jpg HTTP/1.1" 304 -
66.249.64.163 - - [28/Oct/2014:03:04:14 -0500] "GET /BLA/resoluciones/RESOLUCIONES%202011/2700.pdf HTTP/1.1" 200 769320
66.249.64.163 - - [28/Oct/2014:03:04:20 -0500] "GET /BLA/resoluciones/AUTOS%202009/2656.pdf HTTP/1.1" 200 104192
66.249.64.163 - - [28/Oct/2014:03:04:25 -0500] "GET /BLA/resoluciones/AUTOS%202009/2417.pdf HTTP/1.1" 200 102210
66.249.64.167 - - [28/Oct/2014:03:04:38 -0500] "GET /BLA/resoluciones/AUTOS%202010/6581.pdf HTTP/1.1" 200 148455
66.249.64.171 - - [28/Oct/2014:03:04:47 -0500] "GET /Residuos/impresion/files/search/search54.xml HTTP/1.1" 404 1018
74.86.158.107 - - [28/Oct/2014:03:05:01 -0500] "HEAD / HTTP/1.1" 302 -
66.249.64.163 - - [28/Oct/2014:03:05:01 -0500] "GET /BLA/resoluciones/AUTOS%202009/1370.pdf HTTP/1.1" 200 118424
66.249.64.171 - - [28/Oct/2014:03:05:16 -0500] "GET /BLA/resoluciones/AUTOS%202009/1221.pdf HTTP/1.1" 200 128222
66.249.64.163 - - [28/Oct/2014:03:05:23 -0500] "GET /BLA/resoluciones/RESOLUCIONES%202009/6924.pdf HTTP/1.1" 200 117534
66.249.64.167 - - [28/Oct/2014:03:05:33 -0500] "GET /BLA/resoluciones/RESOLUCIONES%202004/RES%202004%201151-1200/00001154.tif HTTP/1.1" 200 183628
66.249.64.167 - - [28/Oct/2014:03:05:59 -0500] "GET /BLA/resoluciones/RESOLUCIONES%202010/2957.pdf HTTP/1.1" 200 1154513
66.249.64.163 - - [28/Oct/2014:03:06:16 -0500] "GET /BLA/resoluciones/AUTOS%202009/2023.pdf HTTP/1.1" 200 101430
123.125.71.58 - - [28/Oct/2014:03:06:22 -0500] "GET / HTTP/1.1" 302 -
66.249.64.163 - - [28/Oct/2014:03:06:34 -0500] "GET /BLA/resoluciones/RESOLUCIONES%202010/0096.pdf HTTP/1.1" 200 506267
66.249.64.167 - - [28/Oct/2014:03:07:10 -0500] "GET /BLA/resoluciones/RESOLUCIONES%202010/2346.pdf HTTP/1.1" 200 391592
220.181.108.99 - - [28/Oct/2014:03:07:18 -0500] "GET / HTTP/1.1" 302 -
66.249.64.167 - - [28/Oct/2014:03:07:46 -0500] "GET /BLA/resoluciones/AUTOS%202009/0621.pdf HTTP/1.1" 200 73486
66.249.64.171 - - [28/Oct/2014:03:07:57 -0500] "GET /BLA/resoluciones/RESOLUCIONES%202010/4054.pdf HTTP/1.1" 200 737899
201.245.230.70 - - [28/Oct/2014:03:08:11 -0500] "GET /BLA/resoluciones/RESOLUCIONES%202009/3088.pdf HTTP/1.1" 200 858741
201.245.230.70 - - [28/Oct/2014:03:08:12 -0500] "GET /BLA/resoluciones/RESOLUCIONES%202009/3088.pdf HTTP/1.1" 206 4096
201.245.230.70 - - [28/Oct/2014:03:08:12 -0500] "GET /BLA/resoluciones/RESOLUCIONES%202009/3088.pdf HTTP/1.1" 206 198325
66.249.64.163 - - [28/Oct/2014:03:08:22 -0500] "GET /BLA/resoluciones/RESOLUCIONES%202011/2998.pdf HTTP/1.1" 200 487903
66.249.64.167 - - [28/Oct/2014:03:08:57 -0500] "GET /BLA/resoluciones/AUTOS%202010/5611.pdf HTTP/1.1" 200 135689
66.249.64.171 - - [28/Oct/2014:03:09:08 -0500] "GET /BLA/resoluciones/RESOLUCIONES%202007/RES%202007%203101%20AL%203200/RESOLUCION%203176%20DE%202007.pdf HTTP/1.1" 200 186931
201.245.230.70 - - [28/Oct/2014:03:09:26 -0500] "GET /BLA/resoluciones/RESOLUCIONES%202009/3088.pdf HTTP/1.1" 206 201021
201.245.230.70 - - [28/Oct/2014:03:09:27 -0500] "GET /BLA/resoluciones/RESOLUCIONES%202009/3088.pdf HTTP/1.1" 206 4096
201.245.230.70 - - [28/Oct/2014:03:09:27 -0500] "GET /BLA/resoluciones/RESOLUCIONES%202009/3088.pdf HTTP/1.1" 206 194461
66.249.64.163 - - [28/Oct/2014:03:09:28 -0500] "GET /BLA/resoluciones/RESOLUCIONES%202011/0563.pdf HTTP/1.1" 200 71451
66.249.64.163 - - [28/Oct/2014:03:09:33 -0500] "GET /BLA/resoluciones/RESOLUCIONES%202011/5581.pdf HTTP/1.1" 200 565346
201.245.230.70 - - [28/Oct/2014:03:09:41 -0500] "GET /BLA/resoluciones/RESOLUCIONES%202009/3088.pdf HTTP/1.1" 206 197157
201.245.230.70 - - [28/Oct/2014:03:09:42 -0500] "GET /BLA/resoluciones/RESOLUCIONES%202009/3088.pdf HTTP/1.1" 206 4096
201.245.230.70 - - [28/Oct/2014:03:09:42 -0500] "GET /BLA/resoluciones/RESOLUCIONES%202009/3088.pdf HTTP/1.1" 206 190597
201.245.230.70 - - [28/Oct/2014:03:09:43 -0500] "GET /BLA/resoluciones/RESOLUCIONES%202009/3088.pdf HTTP/1.1" 206 193293
201.245.230.70 - - [28/Oct/2014:03:09:43 -0500] "GET /BLA/resoluciones/RESOLUCIONES%202009/3088.pdf HTTP/1.1" 206 4096
201.245.230.70 - - [28/Oct/2014:03:09:43 -0500] "GET /BLA/resoluciones/RESOLUCIONES%202009/3088.pdf HTTP/1.1" 206 186732
201.245.230.70 - - [28/Oct/2014:03:09:45 -0500] "GET /BLA/resoluciones/RESOLUCIONES%202009/3088.pdf HTTP/1.1" 206 189428
201.245.230.70 - - [28/Oct/2014:03:09:48 -0500] "GET /BLA/resoluciones/RESOLUCIONES%202009/3088.pdf HTTP/1.1" 206 189428
201.245.230.70 - - [28/Oct/2014:03:09:48 -0500] "GET /BLA/resoluciones/RESOLUCIONES%202009/3088.pdf HTTP/1.1" 206 4096
201.245.230.70 - - [28/Oct/2014:03:09:48 -0500] "GET /BLA/resoluciones/RESOLUCIONES%202009/3088.pdf HTTP/1.1" 206 182868
201.245.230.70 - - [28/Oct/2014:03:09:51 -0500] "GET /BLA/resoluciones/RESOLUCIONES%202009/3088.pdf HTTP/1.1" 206 185564
201.245.230.70 - - [28/Oct/2014:03:09:51 -0500] "GET /BLA/resoluciones/RESOLUCIONES%202009/3088.pdf HTTP/1.1" 206 4096
201.245.230.70 - - [28/Oct/2014:03:09:51 -0500] "GET /BLA/resoluciones/RESOLUCIONES%202009/3088.pdf HTTP/1.1" 206 132699
201.245.230.70 - - [28/Oct/2014:03:09:51 -0500] "GET /BLA/resoluciones/RESOLUCIONES%202009/3088.pdf HTTP/1.1" 206 4096
201.245.230.70 - - [28/Oct/2014:03:09:51 -0500] "GET /BLA/resoluciones/RESOLUCIONES%202009/3088.pdf HTTP/1.1" 206 47739
201.245.230.70 - - [28/Oct/2014:03:09:52 -0500] "GET /BLA/resoluciones/RESOLUCIONES%202009/3088.pdf HTTP/1.1" 206 50435
201.245.230.70 - - [28/Oct/2014:03:09:53 -0500] "GET /BLA/resoluciones/RESOLUCIONES%202009/3088.pdf HTTP/1.1" 206 4096
74.86.158.107 - - [28/Oct/2014:03:10:00 -0500] "HEAD / HTTP/1.1" 302 -
66.249.64.167 - - [28/Oct/2014:03:10:06 -0500] "GET /BLA/resoluciones/RESOLUCIONES%202004/RES%202004%201151-1200/00001186.tif HTTP/1.1" 200 198200
66.249.64.171 - - [28/Oct/2014:03:10:09 -0500] "GET /BLA/resoluciones/RESOLUCIONES%202011/3319.pdf HTTP/1.1" 200 789336
100.43.85.25 - - [28/Oct/2014:03:10:20 -0500] "GET /robots.txt HTTP/1.1" 404 1019
100.43.85.25 - - [28/Oct/2014:03:10:22 -0500] "GET /presentacion/directivos/?C=M;O=D HTTP/1.1" 404 1019
66.249.64.171 - - [28/Oct/2014:03:10:45 -0500] "GET /BLA/resoluciones/RESOLUCIONES%202007/RES%202007%201901%20AL%202000/RESOLUCION%201991%20%20DE%202007.pdf HTTP/1.1" 200 84713
66.249.64.167 - - [28/Oct/2014:03:11:21 -0500] "GET /BLA/resoluciones/AUTOS%202011/3903.pdf HTTP/1.1" 200 329290
66.249.64.167 - - [28/Oct/2014:03:11:56 -0500] "GET /BLA/resoluciones/RESOLUCIONES%202011/1501.pdf HTTP/1.1" 200 80895
66.249.64.171 - - [28/Oct/2014:03:12:32 -0500] "GET /BLA/resoluciones/RESOLUCIONES%202011/3128.pdf HTTP/1.1" 200 119614
66.249.64.163 - - [28/Oct/2014:03:13:08 -0500] "GET /BLA/resoluciones/RESOLUCIONES%202011/5445.pdf HTTP/1.1" 200 571444
100.43.85.25 - - [28/Oct/2014:03:14:09 -0500] "GET /presentacion/directivos/?C=M;O=D HTTP/1.1" 404 1019
74.86.158.107 - - [28/Oct/2014:03:15:00 -0500] "HEAD / HTTP/1.1" 302 -
180.76.5.18 - - [28/Oct/2014:03:15:19 -0500] "GET /BLA/resoluciones/AUTOS%202011/1240.pdf HTTP/1.1" 200 134382
66.249.64.163 - - [28/Oct/2014:03:15:44 -0500] "GET /BLA/resoluciones/AUTOS%202009/1652.pdf HTTP/1.1" 200 98710
66.249.64.171 - - [28/Oct/2014:03:15:45 -0500] "GET /BLA/resoluciones/RESOLUCIONES%202004/RES%202004%201151-1200/00001199.tif HTTP/1.1" 200 195464
66.249.64.171 - - [28/Oct/2014:03:15:46 -0500] "GET /BLA/resoluciones/RESOLUCIONES%202007/RES%202007%20201%20AL%20300/RESOLUCION%200225%20DE%202007.pdf HTTP/1.1" 200 345276
66.249.64.163 - - [28/Oct/2014:03:15:48 -0500] "GET /BLA/resoluciones/AUTOS%202009/3023.pdf HTTP/1.1" 200 186573
66.249.64.171 - - [28/Oct/2014:03:15:49 -0500] "GET /BLA/resoluciones/RESOLUCIONES%202011/3049.pdf HTTP/1.1" 200 763146
66.249.64.167 - - [28/Oct/2014:03:15:51 -0500] "GET /BLA/resoluciones/RESOLUCIONES%202011/1818.pdf HTTP/1.1" 200 516820
66.249.64.167 - - [28/Oct/2014:03:15:52 -0500] "GET /BLA/resoluciones/AUTOS%202011/4059.pdf HTTP/1.1" 200 242511
66.249.64.163 - - [28/Oct/2014:03:15:53 -0500] "GET /BLA/resoluciones/RESOLUCIONES%202011/5554.pdf HTTP/1.1" 200 473076
66.249.64.163 - - [28/Oct/2014:03:16:06 -0500] "GET /BLA/resoluciones/RESOLUCIONES%202011/3612.pdf HTTP/1.1" 200 396418
66.249.64.163 - - [28/Oct/2014:03:16:11 -0500] "GET /BLA/resoluciones/RESOLUCIONES%202007/RES%202007%201201%20AL%201300/RESOLUCION%201216%20DE%202007.pdf HTTP/1.1" 304 -
66.249.64.171 - - [28/Oct/2014:03:16:12 -0500] "GET /autoliquidacion/index.php?dir=TR%C1MITES+VERTIMIENTOS%2FPERMISOS+DE+VERTIMIENTOS%2F HTTP/1.1" 200 3490
66.249.64.47 - - [28/Oct/2014:03:16:14 -0500] "GET /htdocs/counter/digits/lblneo/ HTTP/1.1" 404 1019
180.76.6.45 - - [28/Oct/2014:03:16:19 -0500] "GET /BLA/resoluciones/AUTOS%202009/1569.pdf HTTP/1.1" 200 122912
66.249.64.163 - - [28/Oct/2014:03:17:18 -0500] "GET /BLA/resoluciones/RESOLUCIONES%202010/0057.pdf HTTP/1.1" 200 499135
66.249.64.163 - - [28/Oct/2014:03:17:53 -0500] "GET /BLA/resoluciones/RESOLUCIONES%202011/1893.pdf HTTP/1.1" 200 523074
66.249.64.167 - - [28/Oct/2014:03:18:29 -0500] "GET /BLA/resoluciones/RESOLUCIONES%202010/3248.pdf HTTP/1.1" 200 763847
66.249.64.171 - - [28/Oct/2014:03:18:44 -0500] "-" 408 -
66.249.64.163 - - [28/Oct/2014:03:19:05 -0500] "GET /BLA/resoluciones/RESOLUCIONES%202011/5365.pdf HTTP/1.1" 200 433629
66.249.64.43 - - [28/Oct/2014:03:19:06 -0500] "GET /BLA/ HTTP/1.1" 200 538
66.249.64.163 - - [28/Oct/2014:03:19:06 -0500] "GET /BLA/resoluciones/RESOLUCIONES%202004/RES%202004%201151-1200/00001164.tif HTTP/1.1" 200 184198
181.60.135.80 - - [28/Oct/2014:03:19:32 -0500] "GET /galeria/nivo-slider/demo/demo.html HTTP/1.1" 304 -
181.60.135.80 - - [28/Oct/2014:03:19:32 -0500] "GET /galeria/nivo-slider/demo/images/Tingua-azul.jpg HTTP/1.1" 200 307638
181.60.135.80 - - [28/Oct/2014:03:19:32 -0500] "GET /galeria/nivo-slider/demo/images/Hacienda_Molinos.jpg HTTP/1.1" 200 319171
181.60.135.80 - - [28/Oct/2014:03:19:32 -0500] "GET /galeria/nivo-slider/demo/images/banner-caballos.png HTTP/1.1" 200 389106
181.60.135.80 - - [28/Oct/2014:03:19:32 -0500] "GET /galeria/nivo-slider/demo/images/bannerEcolecta3.jpg HTTP/1.1" 200 280034
181.60.135.80 - - [28/Oct/2014:03:19:34 -0500] "GET /galeria/nivo-slider/themes/default/arrows.png HTTP/1.1" 200 824
181.60.135.80 - - [28/Oct/2014:03:19:34 -0500] "GET /galeria/nivo-slider/themes/default/bullets.png HTTP/1.1" 200 1281
66.249.64.171 - - [28/Oct/2014:03:19:41 -0500] "GET /BLA/resoluciones/RESOLUCIONES%202011/3700.pdf HTTP/1.1" 200 553232
66.249.64.47 - - [28/Oct/2014:03:19:58 -0500] "GET /htdocs/counter/digits/blustps/ HTTP/1.1" 404 1019
74.86.158.107 - - [28/Oct/2014:03:20:00 -0500] "HEAD / HTTP/1.1" 302 -
66.249.64.171 - - [28/Oct/2014:03:20:03 -0500] "GET /BLA/resoluciones/AUTOS%202009/2744.pdf HTTP/1.1" 200 76423
66.249.64.39 - - [28/Oct/2014:03:20:16 -0500] "GET /htdocs/gallery2/g2data/cache/derivative/2/6/264-meta.inc HTTP/1.1" 404 1019
66.249.64.167 - - [28/Oct/2014:03:20:17 -0500] "GET /BLA/resoluciones/RESOLUCIONES%202009/9626.pdf HTTP/1.1" 200 342866
66.249.64.47 - - [28/Oct/2014:03:20:34 -0500] "GET /htdocs/gallery2/g2data/cache/derivative/2/0/ HTTP/1.1" 404 1019
66.249.64.43 - - [28/Oct/2014:03:20:51 -0500] "GET /htdocs/counter/digits/chalk/ HTTP/1.1" 404 1019
66.249.64.171 - - [28/Oct/2014:03:20:52 -0500] "GET /BLA/resoluciones/AUTOS%202011/4462.pdf HTTP/1.1" 200 232661
66.249.64.39 - - [28/Oct/2014:03:21:27 -0500] "GET /htdocs/gallery2/g2data/cache/derivative/2/8/286-meta.inc HTTP/1.1" 404 1019
66.249.64.163 - - [28/Oct/2014:03:21:35 -0500] "GET /BLA/resoluciones/AUTOS%202009/1812.pdf HTTP/1.1" 200 167196
66.249.64.163 - - [28/Oct/2014:03:21:57 -0500] "GET /BLA/resoluciones/AUTOS%202009/3244.pdf HTTP/1.1" 200 192332
66.249.64.47 - - [28/Oct/2014:03:22:02 -0500] "GET /htdocs/counter/digits/smplst/ HTTP/1.1" 404 1019
66.249.64.167 - - [28/Oct/2014:03:22:04 -0500] "GET /BLA/resoluciones/RESOLUCIONES%202011/5690.pdf HTTP/1.1" 200 55713
66.249.64.171 - - [28/Oct/2014:03:22:13 -0500] "GET /BLA/resoluciones/RESOLUCIONES%202005/RES%202005%203151-3180/00003157.tif HTTP/1.1" 200 153894
66.249.64.43 - - [28/Oct/2014:03:22:37 -0500] "GET /htdocs/gallery2/g2data/cache/derivative/2/3/232-meta.inc HTTP/1.1" 404 1019
66.249.64.167 - - [28/Oct/2014:03:22:39 -0500] "GET /BLA/resoluciones/RESOLUCIONES%202011/4258.pdf HTTP/1.1" 200 526954
66.249.64.43 - - [28/Oct/2014:03:23:13 -0500] "GET /htdocs/counter/digits/umbra/ HTTP/1.1" 404 1019
66.249.64.171 - - [28/Oct/2014:03:23:15 -0500] "GET /BLA/resoluciones/RESOLUCIONES%202010/0567.pdf HTTP/1.1" 200 94377
66.249.64.167 - - [28/Oct/2014:03:23:32 -0500] "GET /BLA/resoluciones/RESOLUCIONES%202003/RES%202003%201001-1050/1025.tif HTTP/1.1" 200 61544
180.76.5.143 - - [28/Oct/2014:03:23:34 -0500] "GET /BLA/resoluciones/AUTOS%202009/2736.pdf HTTP/1.1" 200 85092
66.249.64.171 - - [28/Oct/2014:03:23:42 -0500] "GET /BLA/resoluciones/AUTOS%202009/1815.pdf HTTP/1.1" 200 201510
66.249.64.43 - - [28/Oct/2014:03:23:48 -0500] "GET /htdocs/counter/digits/katt160/ HTTP/1.1" 404 1019
66.249.64.171 - - [28/Oct/2014:03:23:51 -0500] "GET /BLA/resoluciones/RESOLUCIONES%202007/RES%202007%201001%20AL%201100/RESOLUCION%201094%20DE%202007.pdf HTTP/1.1" 200 214866
66.249.64.171 - - [28/Oct/2014:03:24:27 -0500] "GET /BLA/resoluciones/RESOLUCIONES%202010/1098.pdf HTTP/1.1" 200 135718
74.86.158.107 - - [28/Oct/2014:03:25:00 -0500] "HEAD / HTTP/1.1" 302 -
66.249.64.39 - - [28/Oct/2014:03:24:33 -0500] "GET /BLA/boletinlegal/index.php HTTP/1.1" 200 48956
66.249.64.39 - - [28/Oct/2014:03:25:12 -0500] "GET /htdocs/counter/digits/quake/ HTTP/1.1" 404 1019
66.249.64.163 - - [28/Oct/2014:03:25:17 -0500] "GET /BLA/resoluciones/AUTOS%202010/1463.pdf HTTP/1.1" 200 249083
66.249.64.167 - - [28/Oct/2014:03:25:41 -0500] "GET /BLA/resoluciones/RESOLUCIONES%202010/7324.pdf HTTP/1.1" 200 512327
66.249.64.163 - - [28/Oct/2014:03:25:48 -0500] "GET /BLA/resoluciones/AUTOS%202009/0621.pdf HTTP/1.1" 200 73486
66.249.64.43 - - [28/Oct/2014:03:26:10 -0500] "GET /htdocs/gallery2/g2data/cache/derivative/2/2/220-meta.inc HTTP/1.1" 404 1019
