201.245.192.253 - - [28/Oct/2014:08:34:41 -0500] "GET /forest/1ibre/1ibre.js?version=1410.211635 HTTP/1.1" 304 -
201.245.192.253 - - [28/Oct/2014:08:34:41 -0500] "GET /forest/js/xml_utilities.js?version=1410.211635 HTTP/1.1" 304 -
201.245.192.253 - - [28/Oct/2014:08:34:41 -0500] "POST /forms/lservlet;jsessionid=ac16012b30d55eb9574f191a4e0e8c61b29e3a3c4f4a.e3iSbxaKaheRe34Sa3yKbhiTahb0n6jAmljGr5XDqQLvpAe HTTP/1.1" 200 2
201.245.192.253 - - [28/Oct/2014:08:34:41 -0500] "GET /forest/json.do?query=usersByDep&coddep=7025 HTTP/1.1" 200 851
201.245.192.253 - - [28/Oct/2014:08:34:41 -0500] "GET /forest/json.do?query=usersByDep&coddep=7025 HTTP/1.1" 200 851
201.245.192.253 - - [28/Oct/2014:08:34:41 -0500] "POST /forms/lservlet;jsessionid=ac16012b30d55eb9574f191a4e0e8c61b29e3a3c4f4a.e3iSbxaKaheRe34Sa3yKbhiTahb0n6jAmljGr5XDqQLvpAe HTTP/1.1" 200 3314
201.245.192.253 - - [28/Oct/2014:08:34:41 -0500] "POST /forms/lservlet;jsessionid=ac16012b30d55eb9574f191a4e0e8c61b29e3a3c4f4a.e3iSbxaKaheRe34Sa3yKbhiTahb0n6jAmljGr5XDqQLvpAe HTTP/1.1" 200 2
201.245.192.253 - - [28/Oct/2014:08:34:41 -0500] "POST /forms/lservlet;jsessionid=ac16012b30d55eb9574f191a4e0e8c61b29e3a3c4f4a.e3iSbxaKaheRe34Sa3yKbhiTahb0n6jAmljGr5XDqQLvpAe HTTP/1.1" 200 2
201.245.192.253 - - [28/Oct/2014:08:34:42 -0500] "POST /forms/lservlet;jsessionid=ac16012b30d55eb9574f191a4e0e8c61b29e3a3c4f4a.e3iSbxaKaheRe34Sa3yKbhiTahb0n6jAmljGr5XDqQLvpAe HTTP/1.1" 200 2729
201.245.192.253 - - [28/Oct/2014:08:34:42 -0500] "POST /forms/lservlet;jsessionid=ac16012b30d55eb9574f191a4e0e8c61b29e3a3c4f4a.e3iSbxaKaheRe34Sa3yKbhiTahb0n6jAmljGr5XDqQLvpAe HTTP/1.1" 200 2
201.245.192.253 - - [28/Oct/2014:08:34:42 -0500] "POST /forms/lservlet;jsessionid=ac16012b30d55eb9574f191a4e0e8c61b29e3a3c4f4a.e3iSbxaKaheRe34Sa3yKbhiTahb0n6jAmljGr5XDqQLvpAe HTTP/1.1" 200 2
66.249.64.171 - - [28/Oct/2014:08:34:43 -0500] "GET /BLA/resoluciones/RESOLUCIONES%202008/2360.pdf HTTP/1.1" 200 332358
201.245.192.253 - - [28/Oct/2014:08:34:42 -0500] "POST /forms/lservlet;jsessionid=ac16012b30d55eb9574f191a4e0e8c61b29e3a3c4f4a.e3iSbxaKaheRe34Sa3yKbhiTahb0n6jAmljGr5XDqQLvpAe HTTP/1.1" 200 3292
201.245.192.253 - - [28/Oct/2014:08:34:43 -0500] "POST /forms/lservlet;jsessionid=ac16012b30d55eb9574f191a4e0e8c61b29e3a3c4f4a.e3iSbxaKaheRe34Sa3yKbhiTahb0n6jAmljGr5XDqQLvpAe HTTP/1.1" 200 2
201.245.192.253 - - [28/Oct/2014:08:34:43 -0500] "POST /forms/lservlet;jsessionid=ac16012b30d55eb9574f191a4e0e8c61b29e3a3c4f4a.e3iSbxaKaheRe34Sa3yKbhiTahb0n6jAmljGr5XDqQLvpAe HTTP/1.1" 200 2
201.245.192.253 - - [28/Oct/2014:08:34:43 -0500] "POST /forms/lservlet;jsessionid=ac16012b30d55eb9574f191a4e0e8c61b29e3a3c4f4a.e3iSbxaKaheRe34Sa3yKbhiTahb0n6jAmljGr5XDqQLvpAe HTTP/1.1" 200 4166
201.245.192.253 - - [28/Oct/2014:08:34:44 -0500] "POST /forms/lservlet;jsessionid=ac16012b30d55eb9574f191a4e0e8c61b29e3a3c4f4a.e3iSbxaKaheRe34Sa3yKbhiTahb0n6jAmljGr5XDqQLvpAe HTTP/1.1" 200 2
201.245.192.253 - - [28/Oct/2014:08:34:44 -0500] "GET /forest/json.do?query=documento&numrad=2014ER63812&a=0.14848429238974314 HTTP/1.1" 200 871
201.245.192.253 - - [28/Oct/2014:08:34:44 -0500] "POST /forms/lservlet;jsessionid=ac16012b30d55eb9574f191a4e0e8c61b29e3a3c4f4a.e3iSbxaKaheRe34Sa3yKbhiTahb0n6jAmljGr5XDqQLvpAe HTTP/1.1" 200 2
190.25.157.10 - - [28/Oct/2014:08:34:44 -0500] "POST /forms/lservlet;jsessionid=ac16012b30d53f146e1025dd48e880a79d57fa8c9d83.e3iSbxaKaheRe34Sa3yKbhiTahb0n6jAmljGr5XDqQLvpAe HTTP/1.1" 200 2
201.245.192.253 - - [28/Oct/2014:08:34:44 -0500] "POST /forms/lservlet;jsessionid=ac16012b30d55eb9574f191a4e0e8c61b29e3a3c4f4a.e3iSbxaKaheRe34Sa3yKbhiTahb0n6jAmljGr5XDqQLvpAe HTTP/1.1" 200 3365
201.245.192.253 - - [28/Oct/2014:08:34:45 -0500] "POST /forms/lservlet;jsessionid=ac16012b30d55eb9574f191a4e0e8c61b29e3a3c4f4a.e3iSbxaKaheRe34Sa3yKbhiTahb0n6jAmljGr5XDqQLvpAe HTTP/1.1" 200 2
201.245.192.253 - - [28/Oct/2014:08:34:45 -0500] "POST /forms/lservlet;jsessionid=ac16012b30d55eb9574f191a4e0e8c61b29e3a3c4f4a.e3iSbxaKaheRe34Sa3yKbhiTahb0n6jAmljGr5XDqQLvpAe HTTP/1.1" 200 2
201.245.192.253 - - [28/Oct/2014:08:34:45 -0500] "POST /forms/lservlet;jsessionid=ac16012b30d55eb9574f191a4e0e8c61b29e3a3c4f4a.e3iSbxaKaheRe34Sa3yKbhiTahb0n6jAmljGr5XDqQLvpAe HTTP/1.1" 200 3086
201.245.192.253 - - [28/Oct/2014:08:34:46 -0500] "POST /forms/lservlet;jsessionid=ac16012b30d55eb9574f191a4e0e8c61b29e3a3c4f4a.e3iSbxaKaheRe34Sa3yKbhiTahb0n6jAmljGr5XDqQLvpAe HTTP/1.1" 200 2
201.245.192.253 - - [28/Oct/2014:08:34:46 -0500] "POST /forms/lservlet;jsessionid=ac16012b30d55eb9574f191a4e0e8c61b29e3a3c4f4a.e3iSbxaKaheRe34Sa3yKbhiTahb0n6jAmljGr5XDqQLvpAe HTTP/1.1" 200 2
201.245.192.253 - - [28/Oct/2014:08:34:46 -0500] "POST /forms/lservlet;jsessionid=ac16012b30d55eb9574f191a4e0e8c61b29e3a3c4f4a.e3iSbxaKaheRe34Sa3yKbhiTahb0n6jAmljGr5XDqQLvpAe HTTP/1.1" 200 3375
201.245.192.253 - - [28/Oct/2014:08:34:46 -0500] "POST /forms/lservlet;jsessionid=ac16012b30d55eb9574f191a4e0e8c61b29e3a3c4f4a.e3iSbxaKaheRe34Sa3yKbhiTahb0n6jAmljGr5XDqQLvpAe HTTP/1.1" 200 2
201.245.192.253 - - [28/Oct/2014:08:34:47 -0500] "POST /forms/lservlet;jsessionid=ac16012b30d55eb9574f191a4e0e8c61b29e3a3c4f4a.e3iSbxaKaheRe34Sa3yKbhiTahb0n6jAmljGr5XDqQLvpAe HTTP/1.1" 200 2
201.245.192.253 - - [28/Oct/2014:08:34:47 -0500] "POST /forms/lservlet;jsessionid=ac16012b30d55eb9574f191a4e0e8c61b29e3a3c4f4a.e3iSbxaKaheRe34Sa3yKbhiTahb0n6jAmljGr5XDqQLvpAe HTTP/1.1" 200 2255
201.245.192.253 - - [28/Oct/2014:08:34:47 -0500] "POST /forms/lservlet;jsessionid=ac16012b30d55eb9574f191a4e0e8c61b29e3a3c4f4a.e3iSbxaKaheRe34Sa3yKbhiTahb0n6jAmljGr5XDqQLvpAe HTTP/1.1" 200 2
201.245.192.253 - - [28/Oct/2014:08:34:48 -0500] "POST /forms/lservlet;jsessionid=ac16012b30d55eb9574f191a4e0e8c61b29e3a3c4f4a.e3iSbxaKaheRe34Sa3yKbhiTahb0n6jAmljGr5XDqQLvpAe HTTP/1.1" 200 2
201.245.192.253 - - [28/Oct/2014:08:34:48 -0500] "POST /forms/lservlet;jsessionid=ac16012b30d55eb9574f191a4e0e8c61b29e3a3c4f4a.e3iSbxaKaheRe34Sa3yKbhiTahb0n6jAmljGr5XDqQLvpAe HTTP/1.1" 200 2839
201.245.192.253 - - [28/Oct/2014:08:34:48 -0500] "POST /forms/lservlet;jsessionid=ac16012b30d55eb9574f191a4e0e8c61b29e3a3c4f4a.e3iSbxaKaheRe34Sa3yKbhiTahb0n6jAmljGr5XDqQLvpAe HTTP/1.1" 200 2
201.245.192.253 - - [28/Oct/2014:08:34:48 -0500] "POST /forms/lservlet;jsessionid=ac16012b30d55eb9574f191a4e0e8c61b29e3a3c4f4a.e3iSbxaKaheRe34Sa3yKbhiTahb0n6jAmljGr5XDqQLvpAe HTTP/1.1" 200 2
201.245.192.253 - - [28/Oct/2014:08:34:49 -0500] "POST /forms/lservlet;jsessionid=ac16012b30d55eb9574f191a4e0e8c61b29e3a3c4f4a.e3iSbxaKaheRe34Sa3yKbhiTahb0n6jAmljGr5XDqQLvpAe HTTP/1.1" 200 2174
201.245.192.253 - - [28/Oct/2014:08:34:49 -0500] "POST /forms/lservlet;jsessionid=ac16012b30d55eb9574f191a4e0e8c61b29e3a3c4f4a.e3iSbxaKaheRe34Sa3yKbhiTahb0n6jAmljGr5XDqQLvpAe HTTP/1.1" 200 2
201.245.192.253 - - [28/Oct/2014:08:34:49 -0500] "POST /forms/lservlet;jsessionid=ac16012b30d55eb9574f191a4e0e8c61b29e3a3c4f4a.e3iSbxaKaheRe34Sa3yKbhiTahb0n6jAmljGr5XDqQLvpAe HTTP/1.1" 200 2
201.245.192.253 - - [28/Oct/2014:08:34:49 -0500] "POST /forms/lservlet;jsessionid=ac16012b30d55eb9574f191a4e0e8c61b29e3a3c4f4a.e3iSbxaKaheRe34Sa3yKbhiTahb0n6jAmljGr5XDqQLvpAe HTTP/1.1" 200 3303
201.245.192.253 - - [28/Oct/2014:08:34:50 -0500] "POST /forest/buscar.do? HTTP/1.1" 200 6003
201.245.192.253 - - [28/Oct/2014:08:34:50 -0500] "POST /forms/lservlet;jsessionid=ac16012b30d55eb9574f191a4e0e8c61b29e3a3c4f4a.e3iSbxaKaheRe34Sa3yKbhiTahb0n6jAmljGr5XDqQLvpAe HTTP/1.1" 200 2
201.245.192.253 - - [28/Oct/2014:08:34:51 -0500] "POST /forms/lservlet;jsessionid=ac16012b30d55eb9574f191a4e0e8c61b29e3a3c4f4a.e3iSbxaKaheRe34Sa3yKbhiTahb0n6jAmljGr5XDqQLvpAe HTTP/1.1" 200 2
201.245.192.253 - - [28/Oct/2014:08:34:51 -0500] "POST /forms/lservlet;jsessionid=ac16012b30d55eb9574f191a4e0e8c61b29e3a3c4f4a.e3iSbxaKaheRe34Sa3yKbhiTahb0n6jAmljGr5XDqQLvpAe HTTP/1.1" 200 2668
201.245.192.253 - - [28/Oct/2014:08:34:51 -0500] "POST /forms/lservlet;jsessionid=ac16012b30d55eb9574f191a4e0e8c61b29e3a3c4f4a.e3iSbxaKaheRe34Sa3yKbhiTahb0n6jAmljGr5XDqQLvpAe HTTP/1.1" 200 2
201.245.192.253 - - [28/Oct/2014:08:34:52 -0500] "POST /forms/lservlet;jsessionid=ac16012b30d55eb9574f191a4e0e8c61b29e3a3c4f4a.e3iSbxaKaheRe34Sa3yKbhiTahb0n6jAmljGr5XDqQLvpAe HTTP/1.1" 200 2
201.245.192.253 - - [28/Oct/2014:08:34:52 -0500] "POST /forms/lservlet;jsessionid=ac16012b30d55eb9574f191a4e0e8c61b29e3a3c4f4a.e3iSbxaKaheRe34Sa3yKbhiTahb0n6jAmljGr5XDqQLvpAe HTTP/1.1" 200 3208
201.245.192.253 - - [28/Oct/2014:08:34:52 -0500] "POST /forms/lservlet;jsessionid=ac16012b30d55eb9574f191a4e0e8c61b29e3a3c4f4a.e3iSbxaKaheRe34Sa3yKbhiTahb0n6jAmljGr5XDqQLvpAe HTTP/1.1" 200 2
201.245.192.253 - - [28/Oct/2014:08:34:53 -0500] "POST /forms/lservlet;jsessionid=ac16012b30d55eb9574f191a4e0e8c61b29e3a3c4f4a.e3iSbxaKaheRe34Sa3yKbhiTahb0n6jAmljGr5XDqQLvpAe HTTP/1.1" 200 2
201.245.192.253 - - [28/Oct/2014:08:34:53 -0500] "GET /galeria/carrusel/Carrusel/jquery.thumbnailScroller.css HTTP/1.1" 304 -
201.245.192.253 - - [28/Oct/2014:08:34:53 -0500] "GET /galeria/carrusel/Carrusel/jquery-ui-1.8.13.custom.min.js HTTP/1.1" 304 -
201.245.192.253 - - [28/Oct/2014:08:34:53 -0500] "GET /galeria/carrusel/Carrusel/jquery.thumbnailScroller.js HTTP/1.1" 304 -
201.245.192.253 - - [28/Oct/2014:08:34:53 -0500] "GET /videos/Video_ServidorMesRespons.flv HTTP/1.1" 200 40732342
201.245.192.253 - - [28/Oct/2014:08:34:53 -0500] "POST /forms/lservlet;jsessionid=ac16012b30d55eb9574f191a4e0e8c61b29e3a3c4f4a.e3iSbxaKaheRe34Sa3yKbhiTahb0n6jAmljGr5XDqQLvpAe HTTP/1.1" 200 2964
201.245.192.253 - - [28/Oct/2014:08:34:53 -0500] "POST /forms/lservlet;jsessionid=ac16012b30d55eb9574f191a4e0e8c61b29e3a3c4f4a.e3iSbxaKaheRe34Sa3yKbhiTahb0n6jAmljGr5XDqQLvpAe HTTP/1.1" 200 2
66.249.64.171 - - [28/Oct/2014:08:34:53 -0500] "GET /BLA/resoluciones/RESOLUCIONES%202009/0542.pdf HTTP/1.1" 200 263901
201.245.192.253 - - [28/Oct/2014:08:34:53 -0500] "POST /forms/lservlet;jsessionid=ac16012b30d55eb9574f191a4e0e8c61b29e3a3c4f4a.e3iSbxaKaheRe34Sa3yKbhiTahb0n6jAmljGr5XDqQLvpAe HTTP/1.1" 200 2
201.245.192.253 - - [28/Oct/2014:08:34:54 -0500] "POST /forms/lservlet;jsessionid=ac16012b30d55eb9574f191a4e0e8c61b29e3a3c4f4a.e3iSbxaKaheRe34Sa3yKbhiTahb0n6jAmljGr5XDqQLvpAe HTTP/1.1" 200 2202
201.245.192.253 - - [28/Oct/2014:08:34:54 -0500] "POST /forms/lservlet;jsessionid=ac16012b30d55eb9574f191a4e0e8c61b29e3a3c4f4a.e3iSbxaKaheRe34Sa3yKbhiTahb0n6jAmljGr5XDqQLvpAe HTTP/1.1" 200 2
201.245.192.253 - - [28/Oct/2014:08:34:54 -0500] "POST /forms/lservlet;jsessionid=ac16012b30d55eb9574f191a4e0e8c61b29e3a3c4f4a.e3iSbxaKaheRe34Sa3yKbhiTahb0n6jAmljGr5XDqQLvpAe HTTP/1.1" 200 2
201.245.192.253 - - [28/Oct/2014:08:34:54 -0500] "GET /galeria/nivo-slider/themes/default/default.css HTTP/1.1" 304 -
201.245.192.253 - - [28/Oct/2014:08:34:54 -0500] "GET /galeria/nivo-slider/themes/pascal/pascal.css HTTP/1.1" 304 -
201.245.192.253 - - [28/Oct/2014:08:34:54 -0500] "GET /galeria/nivo-slider/themes/orman/orman.css HTTP/1.1" 304 -
201.245.192.253 - - [28/Oct/2014:08:34:54 -0500] "GET /galeria/nivo-slider/nivo-slider.css HTTP/1.1" 304 -
201.245.192.253 - - [28/Oct/2014:08:34:54 -0500] "GET /galeria/nivo-slider/demo/style.css HTTP/1.1" 304 -
201.245.192.253 - - [28/Oct/2014:08:34:54 -0500] "GET /galeria/nivo-slider/demo/scripts/jquery-1.7.1.min.js HTTP/1.1" 304 -
201.245.192.253 - - [28/Oct/2014:08:34:54 -0500] "GET /galeria/nivo-slider/jquery.nivo.slider.pack.js HTTP/1.1" 304 -
201.245.192.253 - - [28/Oct/2014:08:34:54 -0500] "GET /galeria/nivo-slider/demo/images/4Simple_Slider.png HTTP/1.1" 304 -
201.245.192.253 - - [28/Oct/2014:08:34:55 -0500] "GET /galeria/nivo-slider/themes/default/loading.gif HTTP/1.1" 304 -
201.245.192.253 - - [28/Oct/2014:08:34:55 -0500] "GET /galeria/nivo-slider/demo/images/9Signos.jpg HTTP/1.1" 304 -
201.245.192.253 - - [28/Oct/2014:08:34:55 -0500] "GET /galeria/nivo-slider/demo/images/banner-llantas2.jpg HTTP/1.1" 304 -
201.245.192.253 - - [28/Oct/2014:08:34:55 -0500] "GET /galeria/nivo-slider/demo/images/banner-caballos.png HTTP/1.1" 304 -
201.245.192.253 - - [28/Oct/2014:08:34:55 -0500] "GET /galeria/nivo-slider/demo/images/Hacienda_Molinos.jpg HTTP/1.1" 304 -
201.245.192.253 - - [28/Oct/2014:08:34:55 -0500] "GET /galeria/nivo-slider/themes/default/arrows.png HTTP/1.1" 304 -
201.245.192.253 - - [28/Oct/2014:08:34:55 -0500] "GET /galeria/nivo-slider/themes/default/bullets.png HTTP/1.1" 304 -
201.245.192.253 - - [28/Oct/2014:08:34:55 -0500] "POST /forms/lservlet;jsessionid=ac16012b30d55eb9574f191a4e0e8c61b29e3a3c4f4a.e3iSbxaKaheRe34Sa3yKbhiTahb0n6jAmljGr5XDqQLvpAe HTTP/1.1" 200 3116
201.245.192.253 - - [28/Oct/2014:08:34:55 -0500] "POST /forms/lservlet;jsessionid=ac16012b30d55eb9574f191a4e0e8c61b29e3a3c4f4a.e3iSbxaKaheRe34Sa3yKbhiTahb0n6jAmljGr5XDqQLvpAe HTTP/1.1" 200 2
201.245.192.253 - - [28/Oct/2014:08:34:55 -0500] "POST /forms/lservlet;jsessionid=ac16012b30d55eb9574f191a4e0e8c61b29e3a3c4f4a.e3iSbxaKaheRe34Sa3yKbhiTahb0n6jAmljGr5XDqQLvpAe HTTP/1.1" 200 2
200.69.106.75 - - [28/Oct/2014:08:34:55 -0500] "GET /silvicultura/9.pdf HTTP/1.1" 404 1308
201.245.192.253 - - [28/Oct/2014:08:34:55 -0500] "POST /forms/lservlet;jsessionid=ac16012b30d55eb9574f191a4e0e8c61b29e3a3c4f4a.e3iSbxaKaheRe34Sa3yKbhiTahb0n6jAmljGr5XDqQLvpAe HTTP/1.1" 200 2283
201.245.192.253 - - [28/Oct/2014:08:34:55 -0500] "POST /forms/lservlet;jsessionid=ac16012b30d55eb9574f191a4e0e8c61b29e3a3c4f4a.e3iSbxaKaheRe34Sa3yKbhiTahb0n6jAmljGr5XDqQLvpAe HTTP/1.1" 200 10
201.245.192.253 - - [28/Oct/2014:08:34:57 -0500] "POST /forms/lservlet;jsessionid=ac16012b30d55eb9574f191a4e0e8c61b29e3a3c4f4a.e3iSbxaKaheRe34Sa3yKbhiTahb0n6jAmljGr5XDqQLvpAe HTTP/1.1" 200 2
201.245.192.253 - - [28/Oct/2014:08:34:57 -0500] "POST /forms/lservlet;jsessionid=ac16012b30d55eb9574f191a4e0e8c61b29e3a3c4f4a.e3iSbxaKaheRe34Sa3yKbhiTahb0n6jAmljGr5XDqQLvpAe HTTP/1.1" 200 3176
201.245.192.253 - - [28/Oct/2014:08:34:57 -0500] "POST /forms/lservlet;jsessionid=ac16012b30d55eb9574f191a4e0e8c61b29e3a3c4f4a.e3iSbxaKaheRe34Sa3yKbhiTahb0n6jAmljGr5XDqQLvpAe HTTP/1.1" 200 2
201.245.192.253 - - [28/Oct/2014:08:34:59 -0500] "POST /forms/lservlet;jsessionid=ac16012b30d55eb9574f191a4e0e8c61b29e3a3c4f4a.e3iSbxaKaheRe34Sa3yKbhiTahb0n6jAmljGr5XDqQLvpAe HTTP/1.1" 200 2
201.245.192.253 - - [28/Oct/2014:08:34:59 -0500] "POST /forms/lservlet;jsessionid=ac16012b30d55eb9574f191a4e0e8c61b29e3a3c4f4a.e3iSbxaKaheRe34Sa3yKbhiTahb0n6jAmljGr5XDqQLvpAe HTTP/1.1" 200 2494
201.245.192.253 - - [28/Oct/2014:08:34:59 -0500] "POST /forms/lservlet;jsessionid=ac16012b30d55eb9574f191a4e0e8c61b29e3a3c4f4a.e3iSbxaKaheRe34Sa3yKbhiTahb0n6jAmljGr5XDqQLvpAe HTTP/1.1" 200 10
74.86.158.107 - - [28/Oct/2014:08:35:00 -0500] "HEAD / HTTP/1.1" 302 -
201.245.192.253 - - [28/Oct/2014:08:35:00 -0500] "POST /forms/lservlet;jsessionid=ac16012b30d55eb9574f191a4e0e8c61b29e3a3c4f4a.e3iSbxaKaheRe34Sa3yKbhiTahb0n6jAmljGr5XDqQLvpAe HTTP/1.1" 200 46
201.245.192.253 - - [28/Oct/2014:08:35:01 -0500] "GET /forest/json.do?query=documento&numrad=2014IE174693&a=0.4067683068220954 HTTP/1.1" 200 396
94.23.19.178 - - [28/Oct/2014:08:35:04 -0500] "GET /robots.txt HTTP/1.0" 404 1015
201.245.192.253 - - [28/Oct/2014:08:35:05 -0500] "POST /forms/lservlet;jsessionid=ac16012b30d55eb9574f191a4e0e8c61b29e3a3c4f4a.e3iSbxaKaheRe34Sa3yKbhiTahb0n6jAmljGr5XDqQLvpAe HTTP/1.1" 200 24
201.245.192.253 - - [28/Oct/2014:08:35:05 -0500] "POST /forms/lservlet;jsessionid=ac16012b30d55eb9574f191a4e0e8c61b29e3a3c4f4a.e3iSbxaKaheRe34Sa3yKbhiTahb0n6jAmljGr5XDqQLvpAe HTTP/1.1" 200 239
201.245.192.253 - - [28/Oct/2014:08:35:05 -0500] "POST /forms/lservlet;jsessionid=ac16012b30d55eb9574f191a4e0e8c61b29e3a3c4f4a.e3iSbxaKaheRe34Sa3yKbhiTahb0n6jAmljGr5XDqQLvpAe HTTP/1.1" 200 44
201.245.192.253 - - [28/Oct/2014:08:35:05 -0500] "POST /forms/lservlet;jsessionid=ac16012b30d55eb9574f191a4e0e8c61b29e3a3c4f4a.e3iSbxaKaheRe34Sa3yKbhiTahb0n6jAmljGr5XDqQLvpAe HTTP/1.1" 200 15
201.245.192.253 - - [28/Oct/2014:08:35:06 -0500] "POST /forms/lservlet;jsessionid=ac16012b30d55eb9574f191a4e0e8c61b29e3a3c4f4a.e3iSbxaKaheRe34Sa3yKbhiTahb0n6jAmljGr5XDqQLvpAe HTTP/1.1" 200 2
201.245.192.253 - - [28/Oct/2014:08:35:07 -0500] "POST /forms/lservlet;jsessionid=ac16012b30d55eb9574f191a4e0e8c61b29e3a3c4f4a.e3iSbxaKaheRe34Sa3yKbhiTahb0n6jAmljGr5XDqQLvpAe HTTP/1.1" 200 70
201.245.192.253 - - [28/Oct/2014:08:35:07 -0500] "POST /forms/lservlet;jsessionid=ac16012b30d55eb9574f191a4e0e8c61b29e3a3c4f4a.e3iSbxaKaheRe34Sa3yKbhiTahb0n6jAmljGr5XDqQLvpAe HTTP/1.1" 200 30
94.23.19.178 - - [28/Oct/2014:08:35:07 -0500] "GET /re/Cuento/cuadro3/_notes/?C=D;O=D HTTP/1.0" 404 1015
201.245.192.253 - - [28/Oct/2014:08:35:07 -0500] "POST /forms/lservlet;jsessionid=ac16012b30d55eb9574f191a4e0e8c61b29e3a3c4f4a.e3iSbxaKaheRe34Sa3yKbhiTahb0n6jAmljGr5XDqQLvpAe HTTP/1.1" 200 2
201.245.192.253 - - [28/Oct/2014:08:35:07 -0500] "POST /forms/lservlet;jsessionid=ac16012b30d55eb9574f191a4e0e8c61b29e3a3c4f4a.e3iSbxaKaheRe34Sa3yKbhiTahb0n6jAmljGr5XDqQLvpAe HTTP/1.1" 200 72
201.245.192.253 - - [28/Oct/2014:08:35:09 -0500] "POST /forms/lservlet;jsessionid=ac16012b30d55eb9574f191a4e0e8c61b29e3a3c4f4a.e3iSbxaKaheRe34Sa3yKbhiTahb0n6jAmljGr5XDqQLvpAe HTTP/1.1" 200 2
94.23.19.178 - - [28/Oct/2014:08:35:09 -0500] "GET /re/Cuento/cuadro3/_notes/?C=M;O=D HTTP/1.0" 404 1015
201.245.192.253 - - [28/Oct/2014:08:35:09 -0500] "GET /forest/buscar.do HTTP/1.1" 200 97220
201.245.192.253 - - [28/Oct/2014:08:35:09 -0500] "GET /forest/css/escritorio.css?version=1410.211635 HTTP/1.1" 304 -
201.245.192.253 - - [28/Oct/2014:08:35:09 -0500] "GET /forest/css/autocomplete.css?version=1410.211635 HTTP/1.1" 304 -
201.245.192.253 - - [28/Oct/2014:08:35:09 -0500] "GET /forest/js/sarissa.js?version=1410.211635 HTTP/1.1" 304 -
201.245.192.253 - - [28/Oct/2014:08:35:09 -0500] "GET /forest/js/load_func.js?version=1410.211635 HTTP/1.1" 304 -
201.245.192.253 - - [28/Oct/2014:08:35:09 -0500] "GET /forest/1ibre/protoaculous.js?version=1410.211635 HTTP/1.1" 304 -
201.245.192.253 - - [28/Oct/2014:08:35:09 -0500] "GET /forest/1ibre/jscalendar/calendar.js?version=1410.211635 HTTP/1.1" 304 -
201.245.192.253 - - [28/Oct/2014:08:35:09 -0500] "GET /forest/1ibre/1ibre.js?version=1410.211635 HTTP/1.1" 304 -
201.245.192.253 - - [28/Oct/2014:08:35:09 -0500] "GET /forest/1ibre/jscalendar/calendar-setup.js?version=1410.211635 HTTP/1.1" 304 -
201.245.192.253 - - [28/Oct/2014:08:35:09 -0500] "GET /forest/js/xml_utilities.js?version=1410.211635 HTTP/1.1" 304 -
201.245.192.253 - - [28/Oct/2014:08:35:09 -0500] "POST /forms/lservlet;jsessionid=ac16012b30d55eb9574f191a4e0e8c61b29e3a3c4f4a.e3iSbxaKaheRe34Sa3yKbhiTahb0n6jAmljGr5XDqQLvpAe HTTP/1.1" 200 4511
201.245.192.253 - - [28/Oct/2014:08:35:10 -0500] "POST /forms/lservlet;jsessionid=ac16012b30d55eb9574f191a4e0e8c61b29e3a3c4f4a.e3iSbxaKaheRe34Sa3yKbhiTahb0n6jAmljGr5XDqQLvpAe HTTP/1.1" 200 19
94.23.19.178 - - [28/Oct/2014:08:35:10 -0500] "GET /re/Cuento/cuadro3/_notes/?C=N;O=D HTTP/1.0" 404 1015
201.245.192.253 - - [28/Oct/2014:08:35:11 -0500] "POST /forms/lservlet;jsessionid=ac16012b30d55eb9574f191a4e0e8c61b29e3a3c4f4a.e3iSbxaKaheRe34Sa3yKbhiTahb0n6jAmljGr5XDqQLvpAe HTTP/1.1" 200 2
201.245.192.253 - - [28/Oct/2014:08:35:11 -0500] "POST /forms/lservlet;jsessionid=ac16012b30d55eb9574f191a4e0e8c61b29e3a3c4f4a.e3iSbxaKaheRe34Sa3yKbhiTahb0n6jAmljGr5XDqQLvpAe HTTP/1.1" 200 2258
201.245.192.253 - - [28/Oct/2014:08:35:12 -0500] "POST /forms/lservlet;jsessionid=ac16012b30d55eb9574f191a4e0e8c61b29e3a3c4f4a.e3iSbxaKaheRe34Sa3yKbhiTahb0n6jAmljGr5XDqQLvpAe HTTP/1.1" 200 2
94.23.19.178 - - [28/Oct/2014:08:35:12 -0500] "GET /re/Cuento/cuadro3/_notes/?C=S;O=D HTTP/1.0" 404 1015
201.245.192.253 - - [28/Oct/2014:08:35:12 -0500] "GET /forest/js/autocompletar2.js?version=1410.211635 HTTP/1.1" 304 -
201.245.192.253 - - [28/Oct/2014:08:35:12 -0500] "GET /forest/js/escritorio/escritorio.js?version=1410.211635 HTTP/1.1" 304 -
201.245.192.253 - - [28/Oct/2014:08:35:12 -0500] "GET /forest/js/internJS.js?version=1410.211635 HTTP/1.1" 304 -
201.245.192.253 - - [28/Oct/2014:08:35:12 -0500] "GET /forest/js/dialog.js?version=1410.211635 HTTP/1.1" 304 -
201.245.192.253 - - [28/Oct/2014:08:35:12 -0500] "GET /forest/1ibre/jscalendar/lang/calendar-es.js?version=1410.211635 HTTP/1.1" 304 -
201.245.192.253 - - [28/Oct/2014:08:35:12 -0500] "GET /forest/json.do?query=usersByDep&coddep=7025 HTTP/1.1" 200 851
201.245.192.253 - - [28/Oct/2014:08:35:12 -0500] "POST /forms/lservlet;jsessionid=ac16012b30d55eb9574f191a4e0e8c61b29e3a3c4f4a.e3iSbxaKaheRe34Sa3yKbhiTahb0n6jAmljGr5XDqQLvpAe HTTP/1.1" 200 2
201.245.192.253 - - [28/Oct/2014:08:35:12 -0500] "GET /forest/json.do?query=usersByDep&coddep=7025 HTTP/1.1" 200 851
201.245.192.253 - - [28/Oct/2014:08:35:12 -0500] "POST /forms/lservlet;jsessionid=ac16012b30d55eb9574f191a4e0e8c61b29e3a3c4f4a.e3iSbxaKaheRe34Sa3yKbhiTahb0n6jAmljGr5XDqQLvpAe HTTP/1.1" 200 1951
201.245.192.253 - - [28/Oct/2014:08:35:13 -0500] "POST /forms/lservlet;jsessionid=ac16012b30d55eb9574f191a4e0e8c61b29e3a3c4f4a.e3iSbxaKaheRe34Sa3yKbhiTahb0n6jAmljGr5XDqQLvpAe HTTP/1.1" 200 2
201.245.192.253 - - [28/Oct/2014:08:35:13 -0500] "POST /forms/lservlet;jsessionid=ac16012b30d55eb9574f191a4e0e8c61b29e3a3c4f4a.e3iSbxaKaheRe34Sa3yKbhiTahb0n6jAmljGr5XDqQLvpAe HTTP/1.1" 200 2
94.23.19.178 - - [28/Oct/2014:08:35:13 -0500] "GET /re/Cuento/cuadro4/?C=D;O=D HTTP/1.0" 404 1015
201.245.192.253 - - [28/Oct/2014:08:35:13 -0500] "POST /forms/lservlet;jsessionid=ac16012b30d55eb9574f191a4e0e8c61b29e3a3c4f4a.e3iSbxaKaheRe34Sa3yKbhiTahb0n6jAmljGr5XDqQLvpAe HTTP/1.1" 200 2035
201.245.192.253 - - [28/Oct/2014:08:35:14 -0500] "POST /forms/lservlet;jsessionid=ac16012b30d55eb9574f191a4e0e8c61b29e3a3c4f4a.e3iSbxaKaheRe34Sa3yKbhiTahb0n6jAmljGr5XDqQLvpAe HTTP/1.1" 200 2
201.245.192.253 - - [28/Oct/2014:08:35:14 -0500] "POST /forms/lservlet;jsessionid=ac16012b30d55eb9574f191a4e0e8c61b29e3a3c4f4a.e3iSbxaKaheRe34Sa3yKbhiTahb0n6jAmljGr5XDqQLvpAe HTTP/1.1" 200 2
201.245.192.253 - - [28/Oct/2014:08:35:14 -0500] "POST /forms/lservlet;jsessionid=ac16012b30d55eb9574f191a4e0e8c61b29e3a3c4f4a.e3iSbxaKaheRe34Sa3yKbhiTahb0n6jAmljGr5XDqQLvpAe HTTP/1.1" 200 4031
201.245.192.253 - - [28/Oct/2014:08:35:15 -0500] "POST /forms/lservlet;jsessionid=ac16012b30d55eb9574f191a4e0e8c61b29e3a3c4f4a.e3iSbxaKaheRe34Sa3yKbhiTahb0n6jAmljGr5XDqQLvpAe HTTP/1.1" 200 2
201.245.192.253 - - [28/Oct/2014:08:35:15 -0500] "POST /forms/lservlet;jsessionid=ac16012b30d55eb9574f191a4e0e8c61b29e3a3c4f4a.e3iSbxaKaheRe34Sa3yKbhiTahb0n6jAmljGr5XDqQLvpAe HTTP/1.1" 200 2
94.23.19.178 - - [28/Oct/2014:08:35:15 -0500] "GET /re/Cuento/cuadro4/?C=M;O=D HTTP/1.0" 404 1015
201.245.192.253 - - [28/Oct/2014:08:35:15 -0500] "POST /forms/lservlet;jsessionid=ac16012b30d55eb9574f191a4e0e8c61b29e3a3c4f4a.e3iSbxaKaheRe34Sa3yKbhiTahb0n6jAmljGr5XDqQLvpAe HTTP/1.1" 200 3094
201.245.192.253 - - [28/Oct/2014:08:35:15 -0500] "POST /forms/lservlet;jsessionid=ac16012b30d55eb9574f191a4e0e8c61b29e3a3c4f4a.e3iSbxaKaheRe34Sa3yKbhiTahb0n6jAmljGr5XDqQLvpAe HTTP/1.1" 200 2
201.245.192.253 - - [28/Oct/2014:08:35:16 -0500] "POST /forms/lservlet;jsessionid=ac16012b30d55eb9574f191a4e0e8c61b29e3a3c4f4a.e3iSbxaKaheRe34Sa3yKbhiTahb0n6jAmljGr5XDqQLvpAe HTTP/1.1" 200 2
201.245.192.253 - - [28/Oct/2014:08:35:16 -0500] "GET /forest/skins/gdocs-jar/popup/popup.jsp?width=750&height=450&title=Buscar%20radicaci%F3n&uri=buscar.do%3Fdocs%3D&name=undefined&_a=0.12454050916498072&a=0.5675542953961359 HTTP/1.1" 200 1281
201.245.192.253 - - [28/Oct/2014:08:35:16 -0500] "GET /forest/buscar.do?docs= HTTP/1.1" 200 97223
201.245.192.253 - - [28/Oct/2014:08:35:17 -0500] "GET /forest/css/autocomplete.css?version=1410.211635 HTTP/1.1" 304 -
201.245.192.253 - - [28/Oct/2014:08:35:17 -0500] "GET /forest/css/escritorio.css?version=1410.211635 HTTP/1.1" 304 -
201.245.192.253 - - [28/Oct/2014:08:35:17 -0500] "GET /forest/js/load_func.js?version=1410.211635 HTTP/1.1" 304 -
201.245.192.253 - - [28/Oct/2014:08:35:17 -0500] "GET /forest/1ibre/jscalendar/calendar.js?version=1410.211635 HTTP/1.1" 304 -
201.245.192.253 - - [28/Oct/2014:08:35:17 -0500] "GET /forest/1ibre/protoaculous.js?version=1410.211635 HTTP/1.1" 304 -
201.245.192.253 - - [28/Oct/2014:08:35:17 -0500] "GET /forest/js/escritorio/escritorio.js?version=1410.211635 HTTP/1.1" 304 -
201.245.192.253 - - [28/Oct/2014:08:35:17 -0500] "GET /forest/js/internJS.js?version=1410.211635 HTTP/1.1" 304 -
201.245.192.253 - - [28/Oct/2014:08:35:17 -0500] "GET /forest/1ibre/jscalendar/lang/calendar-es.js?version=1410.211635 HTTP/1.1" 304 -
201.245.192.253 - - [28/Oct/2014:08:35:17 -0500] "GET /forest/js/sarissa.js?version=1410.211635 HTTP/1.1" 304 -
201.245.192.253 - - [28/Oct/2014:08:35:17 -0500] "GET /forest/1ibre/jscalendar/calendar-setup.js?version=1410.211635 HTTP/1.1" 304 -
201.245.192.253 - - [28/Oct/2014:08:35:17 -0500] "GET /forest/js/autocompletar2.js?version=1410.211635 HTTP/1.1" 304 -
201.245.192.253 - - [28/Oct/2014:08:35:17 -0500] "GET /forest/js/xml_utilities.js?version=1410.211635 HTTP/1.1" 304 -
201.245.192.253 - - [28/Oct/2014:08:35:17 -0500] "GET /forest/1ibre/1ibre.js?version=1410.211635 HTTP/1.1" 304 -
201.245.192.253 - - [28/Oct/2014:08:35:17 -0500] "GET /forest/js/dialog.js?version=1410.211635 HTTP/1.1" 304 -
201.245.192.253 - - [28/Oct/2014:08:35:16 -0500] "POST /forms/lservlet;jsessionid=ac16012b30d55eb9574f191a4e0e8c61b29e3a3c4f4a.e3iSbxaKaheRe34Sa3yKbhiTahb0n6jAmljGr5XDqQLvpAe HTTP/1.1" 200 3542
201.245.192.253 - - [28/Oct/2014:08:35:17 -0500] "POST /forms/lservlet;jsessionid=ac16012b30d55eb9574f191a4e0e8c61b29e3a3c4f4a.e3iSbxaKaheRe34Sa3yKbhiTahb0n6jAmljGr5XDqQLvpAe HTTP/1.1" 200 2
201.245.192.253 - - [28/Oct/2014:08:35:17 -0500] "GET /forest/json.do?query=usersByDep&coddep=221 HTTP/1.1" 200 3161
201.245.192.253 - - [28/Oct/2014:08:35:17 -0500] "POST /forms/lservlet;jsessionid=ac16012b30d55eb9574f191a4e0e8c61b29e3a3c4f4a.e3iSbxaKaheRe34Sa3yKbhiTahb0n6jAmljGr5XDqQLvpAe HTTP/1.1" 200 2
201.245.192.253 - - [28/Oct/2014:08:35:18 -0500] "GET /forest/json.do?query=usersByDep&coddep=221 HTTP/1.1" 200 3161
201.245.192.253 - - [28/Oct/2014:08:35:17 -0500] "POST /forms/lservlet;jsessionid=ac16012b30d55eb9574f191a4e0e8c61b29e3a3c4f4a.e3iSbxaKaheRe34Sa3yKbhiTahb0n6jAmljGr5XDqQLvpAe HTTP/1.1" 200 4649
201.245.192.253 - - [28/Oct/2014:08:35:18 -0500] "POST /forms/lservlet;jsessionid=ac16012b30d55eb9574f191a4e0e8c61b29e3a3c4f4a.e3iSbxaKaheRe34Sa3yKbhiTahb0n6jAmljGr5XDqQLvpAe HTTP/1.1" 200 2
201.245.192.253 - - [28/Oct/2014:08:35:18 -0500] "POST /forms/lservlet;jsessionid=ac16012b30d55eb9574f191a4e0e8c61b29e3a3c4f4a.e3iSbxaKaheRe34Sa3yKbhiTahb0n6jAmljGr5XDqQLvpAe HTTP/1.1" 200 2
94.23.19.178 - - [28/Oct/2014:08:35:18 -0500] "GET /re/Cuento/cuadro4/?C=N;O=A HTTP/1.0" 404 1015
201.245.192.253 - - [28/Oct/2014:08:35:18 -0500] "POST /forms/lservlet;jsessionid=ac16012b30d55eb9574f191a4e0e8c61b29e3a3c4f4a.e3iSbxaKaheRe34Sa3yKbhiTahb0n6jAmljGr5XDqQLvpAe HTTP/1.1" 200 3652
201.245.192.253 - - [28/Oct/2014:08:35:19 -0500] "POST /forms/lservlet;jsessionid=ac16012b30d55eb9574f191a4e0e8c61b29e3a3c4f4a.e3iSbxaKaheRe34Sa3yKbhiTahb0n6jAmljGr5XDqQLvpAe HTTP/1.1" 200 2
201.245.192.253 - - [28/Oct/2014:08:35:19 -0500] "POST /forms/lservlet;jsessionid=ac16012b30d55eb9574f191a4e0e8c61b29e3a3c4f4a.e3iSbxaKaheRe34Sa3yKbhiTahb0n6jAmljGr5XDqQLvpAe HTTP/1.1" 200 2
66.249.64.163 - - [28/Oct/2014:08:35:19 -0500] "GET /BLA/resoluciones/RESOLUCIONES%202010/0658.pdf HTTP/1.1" 200 501211
201.245.192.253 - - [28/Oct/2014:08:35:19 -0500] "POST /forms/lservlet;jsessionid=ac16012b30d55eb9574f191a4e0e8c61b29e3a3c4f4a.e3iSbxaKaheRe34Sa3yKbhiTahb0n6jAmljGr5XDqQLvpAe HTTP/1.1" 200 3648
201.245.192.253 - - [28/Oct/2014:08:35:20 -0500] "POST /forms/lservlet;jsessionid=ac16012b30d55eb9574f191a4e0e8c61b29e3a3c4f4a.e3iSbxaKaheRe34Sa3yKbhiTahb0n6jAmljGr5XDqQLvpAe HTTP/1.1" 200 2
201.245.192.253 - - [28/Oct/2014:08:35:20 -0500] "POST /forms/lservlet;jsessionid=ac16012b30d55eb9574f191a4e0e8c61b29e3a3c4f4a.e3iSbxaKaheRe34Sa3yKbhiTahb0n6jAmljGr5XDqQLvpAe HTTP/1.1" 200 2
201.245.192.253 - - [28/Oct/2014:08:35:20 -0500] "POST /forest/buscar.do?docs= HTTP/1.1" 200 6673
94.23.19.178 - - [28/Oct/2014:08:35:20 -0500] "GET /re/Cuento/cuadro4/?C=S;O=D HTTP/1.0" 404 1015
201.245.192.253 - - [28/Oct/2014:08:35:20 -0500] "POST /forms/lservlet;jsessionid=ac16012b30d55eb9574f191a4e0e8c61b29e3a3c4f4a.e3iSbxaKaheRe34Sa3yKbhiTahb0n6jAmljGr5XDqQLvpAe HTTP/1.1" 200 3177
201.245.192.253 - - [28/Oct/2014:08:35:20 -0500] "POST /forms/lservlet;jsessionid=ac16012b30d55eb9574f191a4e0e8c61b29e3a3c4f4a.e3iSbxaKaheRe34Sa3yKbhiTahb0n6jAmljGr5XDqQLvpAe HTTP/1.1" 200 2
201.245.192.253 - - [28/Oct/2014:08:35:21 -0500] "POST /forms/lservlet;jsessionid=ac16012b30d55eb9574f191a4e0e8c61b29e3a3c4f4a.e3iSbxaKaheRe34Sa3yKbhiTahb0n6jAmljGr5XDqQLvpAe HTTP/1.1" 200 2
201.245.192.253 - - [28/Oct/2014:08:35:21 -0500] "GET /forest/skins/gdocs-jar/popup/popup.jsp?width=900&height=600&title=Informaci%F3n%20de%20proceso&uri=/forest/system/process.jsp%3FnumPro%3D2800043&name=undefined&_a=0.30787969723883957&a=0.027584313224332635 HTTP/1.1" 200 1312
201.245.192.253 - - [28/Oct/2014:08:35:21 -0500] "POST /forms/lservlet;jsessionid=ac16012b30d55eb9574f191a4e0e8c61b29e3a3c4f4a.e3iSbxaKaheRe34Sa3yKbhiTahb0n6jAmljGr5XDqQLvpAe HTTP/1.1" 200 3041
201.245.192.253 - - [28/Oct/2014:08:35:21 -0500] "POST /forest/buscar.do? HTTP/1.1" 200 6014
201.245.192.253 - - [28/Oct/2014:08:35:21 -0500] "POST /forms/lservlet;jsessionid=ac16012b30d55eb9574f191a4e0e8c61b29e3a3c4f4a.e3iSbxaKaheRe34Sa3yKbhiTahb0n6jAmljGr5XDqQLvpAe HTTP/1.1" 200 2
201.245.192.253 - - [28/Oct/2014:08:35:22 -0500] "GET /forest/system/process.jsp?numPro=2800043 HTTP/1.1" 200 86674
94.23.19.178 - - [28/Oct/2014:08:35:22 -0500] "GET /re/Cuento/cuadro4/_notes/?C=D;O=A HTTP/1.0" 404 1015
201.245.192.253 - - [28/Oct/2014:08:35:22 -0500] "POST /forms/lservlet;jsessionid=ac16012b30d55eb9574f191a4e0e8c61b29e3a3c4f4a.e3iSbxaKaheRe34Sa3yKbhiTahb0n6jAmljGr5XDqQLvpAe HTTP/1.1" 200 2
201.245.192.253 - - [28/Oct/2014:08:35:22 -0500] "POST /forms/lservlet;jsessionid=ac16012b30d55eb9574f191a4e0e8c61b29e3a3c4f4a.e3iSbxaKaheRe34Sa3yKbhiTahb0n6jAmljGr5XDqQLvpAe HTTP/1.1" 200 3503
201.245.192.253 - - [28/Oct/2014:08:35:23 -0500] "POST /forms/lservlet;jsessionid=ac16012b30d55eb9574f191a4e0e8c61b29e3a3c4f4a.e3iSbxaKaheRe34Sa3yKbhiTahb0n6jAmljGr5XDqQLvpAe HTTP/1.1" 200 2
201.245.192.253 - - [28/Oct/2014:08:35:23 -0500] "POST /forms/lservlet;jsessionid=ac16012b30d55eb9574f191a4e0e8c61b29e3a3c4f4a.e3iSbxaKaheRe34Sa3yKbhiTahb0n6jAmljGr5XDqQLvpAe HTTP/1.1" 200 2
94.23.19.178 - - [28/Oct/2014:08:35:24 -0500] "GET /re/Cuento/cuadro4/_notes/?C=M;O=A HTTP/1.0" 404 1015
201.245.192.253 - - [28/Oct/2014:08:35:23 -0500] "POST /forms/lservlet;jsessionid=ac16012b30d55eb9574f191a4e0e8c61b29e3a3c4f4a.e3iSbxaKaheRe34Sa3yKbhiTahb0n6jAmljGr5XDqQLvpAe HTTP/1.1" 200 3579
201.245.192.253 - - [28/Oct/2014:08:35:24 -0500] "POST /forms/lservlet;jsessionid=ac16012b30d55eb9574f191a4e0e8c61b29e3a3c4f4a.e3iSbxaKaheRe34Sa3yKbhiTahb0n6jAmljGr5XDqQLvpAe HTTP/1.1" 200 2
201.245.192.253 - - [28/Oct/2014:08:35:24 -0500] "POST /forms/lservlet;jsessionid=ac16012b30d55eb9574f191a4e0e8c61b29e3a3c4f4a.e3iSbxaKaheRe34Sa3yKbhiTahb0n6jAmljGr5XDqQLvpAe HTTP/1.1" 200 2
201.245.192.253 - - [28/Oct/2014:08:35:24 -0500] "POST /forms/lservlet;jsessionid=ac16012b30d55eb9574f191a4e0e8c61b29e3a3c4f4a.e3iSbxaKaheRe34Sa3yKbhiTahb0n6jAmljGr5XDqQLvpAe HTTP/1.1" 200 3804
201.245.192.253 - - [28/Oct/2014:08:35:25 -0500] "POST /forms/lservlet;jsessionid=ac16012b30d55eb9574f191a4e0e8c61b29e3a3c4f4a.e3iSbxaKaheRe34Sa3yKbhiTahb0n6jAmljGr5XDqQLvpAe HTTP/1.1" 200 2
201.245.192.253 - - [28/Oct/2014:08:35:25 -0500] "POST /forms/lservlet;jsessionid=ac16012b30d55eb9574f191a4e0e8c61b29e3a3c4f4a.e3iSbxaKaheRe34Sa3yKbhiTahb0n6jAmljGr5XDqQLvpAe HTTP/1.1" 200 2
201.245.192.253 - - [28/Oct/2014:08:35:25 -0500] "POST /forms/lservlet;jsessionid=ac16012b30d55eb9574f191a4e0e8c61b29e3a3c4f4a.e3iSbxaKaheRe34Sa3yKbhiTahb0n6jAmljGr5XDqQLvpAe HTTP/1.1" 200 3353
201.245.192.253 - - [28/Oct/2014:08:35:26 -0500] "POST /forms/lservlet;jsessionid=ac16012b30d55eb9574f191a4e0e8c61b29e3a3c4f4a.e3iSbxaKaheRe34Sa3yKbhiTahb0n6jAmljGr5XDqQLvpAe HTTP/1.1" 200 2
201.245.192.253 - - [28/Oct/2014:08:35:26 -0500] "POST /forms/lservlet;jsessionid=ac16012b30d55eb9574f191a4e0e8c61b29e3a3c4f4a.e3iSbxaKaheRe34Sa3yKbhiTahb0n6jAmljGr5XDqQLvpAe HTTP/1.1" 200 2
94.23.19.178 - - [28/Oct/2014:08:35:26 -0500] "GET /re/Cuento/cuadro4/_notes/?C=N;O=D HTTP/1.0" 404 1015
201.245.192.253 - - [28/Oct/2014:08:35:26 -0500] "POST /forms/lservlet;jsessionid=ac16012b30d55eb9574f191a4e0e8c61b29e3a3c4f4a.e3iSbxaKaheRe34Sa3yKbhiTahb0n6jAmljGr5XDqQLvpAe HTTP/1.1" 200 3009
201.245.192.253 - - [28/Oct/2014:08:35:27 -0500] "POST /forms/lservlet;jsessionid=ac16012b30d55eb9574f191a4e0e8c61b29e3a3c4f4a.e3iSbxaKaheRe34Sa3yKbhiTahb0n6jAmljGr5XDqQLvpAe HTTP/1.1" 200 2
201.245.192.253 - - [28/Oct/2014:08:35:27 -0500] "POST /forms/lservlet;jsessionid=ac16012b30d55eb9574f191a4e0e8c61b29e3a3c4f4a.e3iSbxaKaheRe34Sa3yKbhiTahb0n6jAmljGr5XDqQLvpAe HTTP/1.1" 200 2
201.245.192.253 - - [28/Oct/2014:08:35:27 -0500] "POST /forms/lservlet;jsessionid=ac16012b30d55eb9574f191a4e0e8c61b29e3a3c4f4a.e3iSbxaKaheRe34Sa3yKbhiTahb0n6jAmljGr5XDqQLvpAe HTTP/1.1" 200 3363
201.245.192.253 - - [28/Oct/2014:08:35:28 -0500] "POST /forms/lservlet;jsessionid=ac16012b30d55eb9574f191a4e0e8c61b29e3a3c4f4a.e3iSbxaKaheRe34Sa3yKbhiTahb0n6jAmljGr5XDqQLvpAe HTTP/1.1" 200 2
201.245.192.253 - - [28/Oct/2014:08:35:29 -0500] "POST /forms/lservlet;jsessionid=ac16012b30d55eb9574f191a4e0e8c61b29e3a3c4f4a.e3iSbxaKaheRe34Sa3yKbhiTahb0n6jAmljGr5XDqQLvpAe HTTP/1.1" 200 2
66.249.64.171 - - [28/Oct/2014:08:35:29 -0500] "GET /BLA/resoluciones/RESOLUCIONES%202009/5153.pdf HTTP/1.1" 200 642510
201.245.192.253 - - [28/Oct/2014:08:35:29 -0500] "POST /forms/lservlet;jsessionid=ac16012b30d55eb9574f191a4e0e8c61b29e3a3c4f4a.e3iSbxaKaheRe34Sa3yKbhiTahb0n6jAmljGr5XDqQLvpAe HTTP/1.1" 200 3469
201.245.192.253 - - [28/Oct/2014:08:35:29 -0500] "POST /forms/lservlet;jsessionid=ac16012b30d55eb9574f191a4e0e8c61b29e3a3c4f4a.e3iSbxaKaheRe34Sa3yKbhiTahb0n6jAmljGr5XDqQLvpAe HTTP/1.1" 200 2
201.245.192.253 - - [28/Oct/2014:08:35:30 -0500] "POST /forms/lservlet;jsessionid=ac16012b30d55eb9574f191a4e0e8c61b29e3a3c4f4a.e3iSbxaKaheRe34Sa3yKbhiTahb0n6jAmljGr5XDqQLvpAe HTTP/1.1" 200 2
201.245.192.253 - - [28/Oct/2014:08:35:30 -0500] "POST /forms/lservlet;jsessionid=ac16012b30d55eb9574f191a4e0e8c61b29e3a3c4f4a.e3iSbxaKaheRe34Sa3yKbhiTahb0n6jAmljGr5XDqQLvpAe HTTP/1.1" 200 2444
201.245.192.253 - - [28/Oct/2014:08:35:30 -0500] "POST /forms/lservlet;jsessionid=ac16012b30d55eb9574f191a4e0e8c61b29e3a3c4f4a.e3iSbxaKaheRe34Sa3yKbhiTahb0n6jAmljGr5XDqQLvpAe HTTP/1.1" 200 2
201.245.192.253 - - [28/Oct/2014:08:35:31 -0500] "GET /forest/json.do?query=documento&numrad=2014EE71226&a=0.14385103941380806 HTTP/1.1" 200 795
200.75.48.35 - - [28/Oct/2014:08:35:31 -0500] "GET /BLA/resoluciones/AUTOS%202013/1069.pdf HTTP/1.1" 200 401560
94.23.19.178 - - [28/Oct/2014:08:35:31 -0500] "GET /re/Cuento/cuadro4/_notes/?C=S;O=A HTTP/1.0" 404 1015
201.245.192.253 - - [28/Oct/2014:08:35:31 -0500] "POST /forms/lservlet;jsessionid=ac16012b30d55eb9574f191a4e0e8c61b29e3a3c4f4a.e3iSbxaKaheRe34Sa3yKbhiTahb0n6jAmljGr5XDqQLvpAe HTTP/1.1" 200 99
201.245.192.253 - - [28/Oct/2014:08:35:32 -0500] "POST /forest/usudocumentos.do?group_system_actual=3 HTTP/1.1" 200 212
200.31.65.195 - - [28/Oct/2014:08:35:32 -0500] "GET /BLA/boletinlegal/js/jquery.js HTTP/1.1" 200 57254
200.31.65.195 - - [28/Oct/2014:08:35:32 -0500] "GET /BLA/boletinlegal/js/jquery.scrollTo-min.js HTTP/1.1" 200 1150
200.31.65.195 - - [28/Oct/2014:08:35:33 -0500] "GET /BLA/boletinlegal/js/jquery.scrollShow.js HTTP/1.1" 200 4586
201.245.192.253 - - [28/Oct/2014:08:35:33 -0500] "GET /forest/usudocumentos.do?group_system_actual=3&a=0.7052386725048486 HTTP/1.1" 200 109727
201.245.192.253 - - [28/Oct/2014:08:35:33 -0500] "GET /forest/css/escritorio.css?version=1410.211635 HTTP/1.1" 304 -
201.245.192.253 - - [28/Oct/2014:08:35:33 -0500] "GET /forest/skins/gdocs-jar/css/menu.css?version=1410.211635 HTTP/1.1" 304 -
201.245.192.253 - - [28/Oct/2014:08:35:33 -0500] "GET /forest/skins/gdocs-jar/css/autocomplete.css?version=1410.211635 HTTP/1.1" 304 -
201.245.192.253 - - [28/Oct/2014:08:35:33 -0500] "GET /forest/skins/gdocs-jar/css/forest.css?version=1410.211635 HTTP/1.1" 304 -
201.245.192.253 - - [28/Oct/2014:08:35:33 -0500] "GET /forest/css/index.css?version=1410.211635 HTTP/1.1" 304 -
201.245.192.253 - - [28/Oct/2014:08:35:33 -0500] "GET /forest/1ibre/jscalendar/calendar-win2k-1.css?version=1410.211635 HTTP/1.1" 304 -
201.245.192.253 - - [28/Oct/2014:08:35:33 -0500] "GET /forest/skins/gdocs-jar/css/dialog.css?version=1410.211635 HTTP/1.1" 304 -
201.245.192.253 - - [28/Oct/2014:08:35:33 -0500] "GET /forest/skins/gdocs-jar/css/forms.css?version=1410.211635 HTTP/1.1" 304 -
201.245.192.253 - - [28/Oct/2014:08:35:33 -0500] "GET /forest/img/forestIcon.gif?version=1410.211635 HTTP/1.1" 304 -
94.23.19.178 - - [28/Oct/2014:08:35:33 -0500] "GET /re/Cuento/cuadro5/?C=D;O=D HTTP/1.0" 404 1015
201.245.192.253 - - [28/Oct/2014:08:35:34 -0500] "GET /forest/skins/gdocs-jar/js/documentos.js?version=1410.211635 HTTP/1.1" 304 -
201.245.192.253 - - [28/Oct/2014:08:35:34 -0500] "GET /forest/skins/gdocs-jar/js/popup.js?version=1410.211635 HTTP/1.1" 304 -
201.245.192.253 - - [28/Oct/2014:08:35:34 -0500] "GET /forest/session.jsp?a=0.010705574153930253 HTTP/1.1" 200 4
201.245.192.253 - - [28/Oct/2014:08:35:35 -0500] "POST /forms/lservlet;jsessionid=ac16012b30d55eb9574f191a4e0e8c61b29e3a3c4f4a.e3iSbxaKaheRe34Sa3yKbhiTahb0n6jAmljGr5XDqQLvpAe HTTP/1.1" 200 66
201.245.192.253 - - [28/Oct/2014:08:35:36 -0500] "GET /plugins/like.php?locale=es_ES&href=http%3A%2F%2Fwww.facebook.com%2Fmsn&send=false&layout=button_count&width=450&show_faces=false&font&colorscheme=light&action=like&height=21 HTTP/1.1" 404 1290
201.245.192.253 - - [28/Oct/2014:08:35:35 -0500] "GET /forest/usutareas.do?_a=0.21253143803102315&group_system_actual=3 HTTP/1.1" 200 120287
201.245.192.253 - - [28/Oct/2014:08:35:36 -0500] "POST /forms/lservlet;jsessionid=ac16012b30d55eb9574f191a4e0e8c61b29e3a3c4f4a.e3iSbxaKaheRe34Sa3yKbhiTahb0n6jAmljGr5XDqQLvpAe HTTP/1.1" 200 2
201.245.192.253 - - [28/Oct/2014:08:35:36 -0500] "POST /forms/lservlet;jsessionid=ac16012b30d55eb9574f191a4e0e8c61b29e3a3c4f4a.e3iSbxaKaheRe34Sa3yKbhiTahb0n6jAmljGr5XDqQLvpAe HTTP/1.1" 200 2407
201.245.192.253 - - [28/Oct/2014:08:35:36 -0500] "GET /forest/css/escritorio.css?version=1410.211635 HTTP/1.1" 304 -
201.245.192.253 - - [28/Oct/2014:08:35:36 -0500] "GET /forest/skins/gdocs-jar/css/forest.css?version=1410.211635 HTTP/1.1" 304 -
201.245.192.253 - - [28/Oct/2014:08:35:36 -0500] "GET /forest/css/index.css?version=1410.211635 HTTP/1.1" 304 -
201.245.192.253 - - [28/Oct/2014:08:35:36 -0500] "GET /forest/skins/gdocs-jar/css/autocomplete.css?version=1410.211635 HTTP/1.1" 304 -
201.245.192.253 - - [28/Oct/2014:08:35:36 -0500] "GET /forest/skins/gdocs-jar/css/forms.css?version=1410.211635 HTTP/1.1" 304 -
201.245.192.253 - - [28/Oct/2014:08:35:36 -0500] "GET /forest/skins/gdocs-jar/css/menu.css?version=1410.211635 HTTP/1.1" 304 -
201.245.192.253 - - [28/Oct/2014:08:35:36 -0500] "GET /forest/1ibre/jscalendar/calendar-win2k-1.css?version=1410.211635 HTTP/1.1" 304 -
201.245.192.253 - - [28/Oct/2014:08:35:36 -0500] "GET /forest/skins/gdocs-jar/css/dialog.css?version=1410.211635 HTTP/1.1" 304 -
201.245.192.253 - - [28/Oct/2014:08:35:36 -0500] "POST /forms/lservlet;jsessionid=ac16012b30d55eb9574f191a4e0e8c61b29e3a3c4f4a.e3iSbxaKaheRe34Sa3yKbhiTahb0n6jAmljGr5XDqQLvpAe HTTP/1.1" 200 2
201.245.192.253 - - [28/Oct/2014:08:35:36 -0500] "GET /forest/img/forestIcon.gif?version=1410.211635 HTTP/1.1" 304 -
201.245.192.253 - - [28/Oct/2014:08:35:36 -0500] "GET /forest/skins/gdocs-jar/js/tareas.js?version=1410.211635 HTTP/1.1" 304 -
201.245.192.253 - - [28/Oct/2014:08:35:36 -0500] "GET /forest/skins/gdocs-jar/js/xml_utilities.js?version=1410.211635 HTTP/1.1" 200 2433
201.245.192.253 - - [28/Oct/2014:08:35:36 -0500] "GET /forest/skins/gdocs-jar/img/actividad2.gif HTTP/1.1" 200 1189
201.245.192.253 - - [28/Oct/2014:08:35:36 -0500] "GET /forest/skins/gdocs-jar/img/vertodossubprocesos.gif HTTP/1.1" 200 167
201.245.192.253 - - [28/Oct/2014:08:35:36 -0500] "GET /forest/skins/gdocs-jar/js/autocompletar2.js?version=1410.211635 HTTP/1.1" 200 24397
201.245.192.253 - - [28/Oct/2014:08:35:37 -0500] "POST /forms/lservlet;jsessionid=ac16012b30d55eb9574f191a4e0e8c61b29e3a3c4f4a.e3iSbxaKaheRe34Sa3yKbhiTahb0n6jAmljGr5XDqQLvpAe HTTP/1.1" 200 2
201.245.192.253 - - [28/Oct/2014:08:35:37 -0500] "GET /forest/session.jsp?a=0.6373714509164571 HTTP/1.1" 200 4
201.245.192.253 - - [28/Oct/2014:08:35:37 -0500] "POST /forms/lservlet;jsessionid=ac16012b30d55eb9574f191a4e0e8c61b29e3a3c4f4a.e3iSbxaKaheRe34Sa3yKbhiTahb0n6jAmljGr5XDqQLvpAe HTTP/1.1" 200 2794
201.245.192.253 - - [28/Oct/2014:08:35:37 -0500] "POST /forms/lservlet;jsessionid=ac16012b30d55eb9574f191a4e0e8c61b29e3a3c4f4a.e3iSbxaKaheRe34Sa3yKbhiTahb0n6jAmljGr5XDqQLvpAe HTTP/1.1" 200 2
201.245.192.253 - - [28/Oct/2014:08:35:37 -0500] "POST /forms/lservlet;jsessionid=ac16012b30d55eb9574f191a4e0e8c61b29e3a3c4f4a.e3iSbxaKaheRe34Sa3yKbhiTahb0n6jAmljGr5XDqQLvpAe HTTP/1.1" 200 2
201.245.192.253 - - [28/Oct/2014:08:35:37 -0500] "POST /forms/lservlet;jsessionid=ac16012b30d55eb9574f191a4e0e8c61b29e3a3c4f4a.e3iSbxaKaheRe34Sa3yKbhiTahb0n6jAmljGr5XDqQLvpAe HTTP/1.1" 200 3083
201.245.192.253 - - [28/Oct/2014:08:35:38 -0500] "POST /forms/lservlet;jsessionid=ac16012b30d55eb9574f191a4e0e8c61b29e3a3c4f4a.e3iSbxaKaheRe34Sa3yKbhiTahb0n6jAmljGr5XDqQLvpAe HTTP/1.1" 200 2
201.245.192.253 - - [28/Oct/2014:08:35:38 -0500] "POST /forms/lservlet;jsessionid=ac16012b30d55eb9574f191a4e0e8c61b29e3a3c4f4a.e3iSbxaKaheRe34Sa3yKbhiTahb0n6jAmljGr5XDqQLvpAe HTTP/1.1" 200 2
201.245.192.253 - - [28/Oct/2014:08:35:38 -0500] "POST /forms/lservlet;jsessionid=ac16012b30d55eb9574f191a4e0e8c61b29e3a3c4f4a.e3iSbxaKaheRe34Sa3yKbhiTahb0n6jAmljGr5XDqQLvpAe HTTP/1.1" 200 2909
201.245.192.253 - - [28/Oct/2014:08:35:39 -0500] "POST /forms/lservlet;jsessionid=ac16012b30d55eb9574f191a4e0e8c61b29e3a3c4f4a.e3iSbxaKaheRe34Sa3yKbhiTahb0n6jAmljGr5XDqQLvpAe HTTP/1.1" 200 2
201.245.192.253 - - [28/Oct/2014:08:35:39 -0500] "POST /forms/lservlet;jsessionid=ac16012b30d55eb9574f191a4e0e8c61b29e3a3c4f4a.e3iSbxaKaheRe34Sa3yKbhiTahb0n6jAmljGr5XDqQLvpAe HTTP/1.1" 200 2
94.23.19.178 - - [28/Oct/2014:08:35:39 -0500] "GET /re/Cuento/cuadro5/?C=M;O=D HTTP/1.0" 404 1015
201.245.192.253 - - [28/Oct/2014:08:35:39 -0500] "POST /forms/lservlet;jsessionid=ac16012b30d55eb9574f191a4e0e8c61b29e3a3c4f4a.e3iSbxaKaheRe34Sa3yKbhiTahb0n6jAmljGr5XDqQLvpAe HTTP/1.1" 200 2929
201.245.192.253 - - [28/Oct/2014:08:32:24 -0500] "GET /ForestMSG_SDA/channelAsync/template_word_16782163?X-Atmosphere-tracking-id=548a8c13-f2ba-4526-19ad-970ee3112a9e&X-Atmosphere-Framework=1.0.5&X-Atmosphere-Transport=long-polling&tabid=0.9962062963700633&X-Cache-Date=0&Content-Type=application/xml&_=1414503359073 HTTP/1.1" 200 8193
201.245.192.253 - - [28/Oct/2014:08:35:40 -0500] "POST /forms/lservlet;jsessionid=ac16012b30d55eb9574f191a4e0e8c61b29e3a3c4f4a.e3iSbxaKaheRe34Sa3yKbhiTahb0n6jAmljGr5XDqQLvpAe HTTP/1.1" 200 2
201.245.192.253 - - [28/Oct/2014:08:35:40 -0500] "POST /forms/lservlet;jsessionid=ac16012b30d55eb9574f191a4e0e8c61b29e3a3c4f4a.e3iSbxaKaheRe34Sa3yKbhiTahb0n6jAmljGr5XDqQLvpAe HTTP/1.1" 200 2
201.245.192.253 - - [28/Oct/2014:08:35:40 -0500] "POST /forms/lservlet;jsessionid=ac16012b30d55eb9574f191a4e0e8c61b29e3a3c4f4a.e3iSbxaKaheRe34Sa3yKbhiTahb0n6jAmljGr5XDqQLvpAe HTTP/1.1" 200 4457
201.245.192.253 - - [28/Oct/2014:08:35:40 -0500] "POST /forms/lservlet;jsessionid=ac16012b30d55eb9574f191a4e0e8c61b29e3a3c4f4a.e3iSbxaKaheRe34Sa3yKbhiTahb0n6jAmljGr5XDqQLvpAe HTTP/1.1" 200 2
201.245.192.253 - - [28/Oct/2014:08:35:40 -0500] "GET /forest/documentos/1841598/2014EE71226.docx HTTP/1.1" 200 122006
201.245.192.253 - - [28/Oct/2014:08:35:41 -0500] "POST /forms/lservlet;jsessionid=ac16012b30d55eb9574f191a4e0e8c61b29e3a3c4f4a.e3iSbxaKaheRe34Sa3yKbhiTahb0n6jAmljGr5XDqQLvpAe HTTP/1.1" 200 2
201.245.192.253 - - [28/Oct/2014:08:35:41 -0500] "POST /forms/lservlet;jsessionid=ac16012b30d55eb9574f191a4e0e8c61b29e3a3c4f4a.e3iSbxaKaheRe34Sa3yKbhiTahb0n6jAmljGr5XDqQLvpAe HTTP/1.1" 200 3018
201.245.192.253 - - [28/Oct/2014:08:35:41 -0500] "POST /forms/lservlet;jsessionid=ac16012b30d55eb9574f191a4e0e8c61b29e3a3c4f4a.e3iSbxaKaheRe34Sa3yKbhiTahb0n6jAmljGr5XDqQLvpAe HTTP/1.1" 200 2
201.245.192.253 - - [28/Oct/2014:08:32:43 -0500] "GET /ForestMSG_SDA/channelAsync/template_word_16772205?X-Atmosphere-tracking-id=2a690dd1-208d-c845-d2ae-4139f3e6a2ce&X-Atmosphere-Framework=1.0.5&X-Atmosphere-Transport=long-polling&tabid=0.16264597132912306&X-Cache-Date=0&Content-Type=application/xml&_=1414503424991 HTTP/1.1" 200 8193
201.245.192.253 - - [28/Oct/2014:08:35:43 -0500] "POST /forms/lservlet;jsessionid=ac16012b30d55eb9574f191a4e0e8c61b29e3a3c4f4a.e3iSbxaKaheRe34Sa3yKbhiTahb0n6jAmljGr5XDqQLvpAe HTTP/1.1" 200 99
94.23.19.178 - - [28/Oct/2014:08:35:45 -0500] "GET /re/Cuento/cuadro5/?C=N;O=A HTTP/1.0" 404 1015
201.245.192.253 - - [28/Oct/2014:08:35:47 -0500] "POST /forms/lservlet;jsessionid=ac16012b30d55eb9574f191a4e0e8c61b29e3a3c4f4a.e3iSbxaKaheRe34Sa3yKbhiTahb0n6jAmljGr5XDqQLvpAe HTTP/1.1" 200 66
94.23.19.178 - - [28/Oct/2014:08:35:47 -0500] "GET /re/Cuento/cuadro5/?C=S;O=D HTTP/1.0" 404 1015
201.245.192.253 - - [28/Oct/2014:08:35:48 -0500] "POST /forms/lservlet;jsessionid=ac16012b30d55eb9574f191a4e0e8c61b29e3a3c4f4a.e3iSbxaKaheRe34Sa3yKbhiTahb0n6jAmljGr5XDqQLvpAe HTTP/1.1" 200 2
201.245.192.253 - - [28/Oct/2014:08:35:48 -0500] "POST /forms/lservlet;jsessionid=ac16012b30d55eb9574f191a4e0e8c61b29e3a3c4f4a.e3iSbxaKaheRe34Sa3yKbhiTahb0n6jAmljGr5XDqQLvpAe HTTP/1.1" 200 3250
201.245.192.253 - - [28/Oct/2014:08:35:48 -0500] "POST /forms/lservlet;jsessionid=ac16012b30d55eb9574f191a4e0e8c61b29e3a3c4f4a.e3iSbxaKaheRe34Sa3yKbhiTahb0n6jAmljGr5XDqQLvpAe HTTP/1.1" 200 2
201.245.192.253 - - [28/Oct/2014:08:35:49 -0500] "POST /forms/lservlet;jsessionid=ac16012b30d55eb9574f191a4e0e8c61b29e3a3c4f4a.e3iSbxaKaheRe34Sa3yKbhiTahb0n6jAmljGr5XDqQLvpAe HTTP/1.1" 200 2
201.245.192.253 - - [28/Oct/2014:08:35:49 -0500] "POST /forms/lservlet;jsessionid=ac16012b30d55eb9574f191a4e0e8c61b29e3a3c4f4a.e3iSbxaKaheRe34Sa3yKbhiTahb0n6jAmljGr5XDqQLvpAe HTTP/1.1" 200 3201
201.245.192.253 - - [28/Oct/2014:08:35:49 -0500] "POST /forms/lservlet;jsessionid=ac16012b30d55eb9574f191a4e0e8c61b29e3a3c4f4a.e3iSbxaKaheRe34Sa3yKbhiTahb0n6jAmljGr5XDqQLvpAe HTTP/1.1" 200 2
201.245.192.253 - - [28/Oct/2014:08:35:49 -0500] "POST /forms/lservlet;jsessionid=ac16012b30d55eb9574f191a4e0e8c61b29e3a3c4f4a.e3iSbxaKaheRe34Sa3yKbhiTahb0n6jAmljGr5XDqQLvpAe HTTP/1.1" 200 2
201.245.192.253 - - [28/Oct/2014:08:35:50 -0500] "POST /forms/lservlet;jsessionid=ac16012b30d55eb9574f191a4e0e8c61b29e3a3c4f4a.e3iSbxaKaheRe34Sa3yKbhiTahb0n6jAmljGr5XDqQLvpAe HTTP/1.1" 200 2390
201.245.192.253 - - [28/Oct/2014:08:35:50 -0500] "POST /forms/lservlet;jsessionid=ac16012b30d55eb9574f191a4e0e8c61b29e3a3c4f4a.e3iSbxaKaheRe34Sa3yKbhiTahb0n6jAmljGr5XDqQLvpAe HTTP/1.1" 200 2
201.245.192.253 - - [28/Oct/2014:08:35:50 -0500] "POST /forms/lservlet;jsessionid=ac16012b30d55eb9574f191a4e0e8c61b29e3a3c4f4a.e3iSbxaKaheRe34Sa3yKbhiTahb0n6jAmljGr5XDqQLvpAe HTTP/1.1" 200 2
201.245.192.253 - - [28/Oct/2014:08:35:50 -0500] "POST /forms/lservlet;jsessionid=ac16012b30d55eb9574f191a4e0e8c61b29e3a3c4f4a.e3iSbxaKaheRe34Sa3yKbhiTahb0n6jAmljGr5XDqQLvpAe HTTP/1.1" 200 2913
201.245.192.253 - - [28/Oct/2014:08:35:51 -0500] "POST /forms/lservlet;jsessionid=ac16012b30d55eb9574f191a4e0e8c61b29e3a3c4f4a.e3iSbxaKaheRe34Sa3yKbhiTahb0n6jAmljGr5XDqQLvpAe HTTP/1.1" 200 2
201.245.192.253 - - [28/Oct/2014:08:35:51 -0500] "POST /forms/lservlet;jsessionid=ac16012b30d55eb9574f191a4e0e8c61b29e3a3c4f4a.e3iSbxaKaheRe34Sa3yKbhiTahb0n6jAmljGr5XDqQLvpAe HTTP/1.1" 200 2
201.245.192.253 - - [28/Oct/2014:08:35:51 -0500] "POST /forms/lservlet;jsessionid=ac16012b30d55eb9574f191a4e0e8c61b29e3a3c4f4a.e3iSbxaKaheRe34Sa3yKbhiTahb0n6jAmljGr5XDqQLvpAe HTTP/1.1" 200 2939
201.245.192.253 - - [28/Oct/2014:08:35:51 -0500] "POST /forms/lservlet;jsessionid=ac16012b30d55eb9574f191a4e0e8c61b29e3a3c4f4a.e3iSbxaKaheRe34Sa3yKbhiTahb0n6jAmljGr5XDqQLvpAe HTTP/1.1" 200 2
201.245.192.253 - - [28/Oct/2014:08:35:52 -0500] "POST /forms/lservlet;jsessionid=ac16012b30d55eb9574f191a4e0e8c61b29e3a3c4f4a.e3iSbxaKaheRe34Sa3yKbhiTahb0n6jAmljGr5XDqQLvpAe HTTP/1.1" 200 2
201.245.192.253 - - [28/Oct/2014:08:35:52 -0500] "GET /forest/skins/gdocs-jar/popup/escritorio/subirborrador.jsp?form=Correspondencia_Elaborar_Borrador&codTpl=641&codBorr=&a=0.4841414188847535 HTTP/1.1" 200 23286
201.245.192.253 - - [28/Oct/2014:08:35:52 -0500] "GET /forest/json.do?query=borradoresByTpls&codInst=2976420&codTare=692&firma=0&a=0.0068098875910244105 HTTP/1.1" 200 2
201.245.192.253 - - [28/Oct/2014:08:35:52 -0500] "GET /forest/json.do?query=plantillasByTarea&codTare=692&codInst=2976420&firma=0&a=0.3480340173258347 HTTP/1.1" 200 894
201.245.192.253 - - [28/Oct/2014:08:35:52 -0500] "GET /forest/json.do?query=terceroById&numTer=899999061-9%20SDA&a=0.5682857540685107 HTTP/1.1" 200 662
201.245.192.253 - - [28/Oct/2014:08:35:52 -0500] "POST /forms/lservlet;jsessionid=ac16012b30d55eb9574f191a4e0e8c61b29e3a3c4f4a.e3iSbxaKaheRe34Sa3yKbhiTahb0n6jAmljGr5XDqQLvpAe HTTP/1.1" 200 3797
201.245.192.253 - - [28/Oct/2014:08:35:52 -0500] "GET /forest/json.do?query=ultimoBorradorByTpl&codTpl=621&codInst=2976420&a=0.666994123896239 HTTP/1.1" 200 2
201.245.192.253 - - [28/Oct/2014:08:35:52 -0500] "GET /forest/json.do?query=ultimoBorradorByTpl&codTpl=1201&codInst=2976420&a=0.3967905061008119 HTTP/1.1" 200 2
201.245.192.253 - - [28/Oct/2014:08:35:52 -0500] "GET /forest/json.do?query=ultimoBorradorByTpl&codTpl=641&codInst=2976420&a=0.5365286280753913 HTTP/1.1" 200 2
201.245.192.253 - - [28/Oct/2014:08:35:52 -0500] "POST /forms/lservlet;jsessionid=ac16012b30d55eb9574f191a4e0e8c61b29e3a3c4f4a.e3iSbxaKaheRe34Sa3yKbhiTahb0n6jAmljGr5XDqQLvpAe HTTP/1.1" 200 2
201.245.192.253 - - [28/Oct/2014:08:35:52 -0500] "GET /forest/json.do?query=ultimoBorradorByTpl&codTpl=901&codInst=2976420&a=0.6807921260212911 HTTP/1.1" 200 2
