66.249.64.171 - - [28/Oct/2014:01:02:02 -0500] "GET /BLA/resoluciones/AUTOS%202010/1379.pdf HTTP/1.1" 200 259115
66.249.64.171 - - [28/Oct/2014:01:02:04 -0500] "GET /BLA/resoluciones/index.php?dir=AUTOS%202006/AUTOS%202006%201601%20-%201700/&sort=name&order=desc HTTP/1.1" 200 22247
66.249.64.171 - - [28/Oct/2014:01:02:10 -0500] "GET /BLA/resoluciones/RESOLUCIONES%202006/RES%202006%202601-2650/00002648.tif HTTP/1.1" 200 45178
66.249.64.167 - - [28/Oct/2014:01:02:24 -0500] "GET /BLA/resoluciones/AUTOS%202009/1796.pdf HTTP/1.1" 200 98800
66.249.64.167 - - [28/Oct/2014:01:02:33 -0500] "GET /BLA/resoluciones/RESOLUCIONES%202013/0161.pdf HTTP/1.1" 304 -
66.249.64.163 - - [28/Oct/2014:01:02:40 -0500] "GET /BLA/resoluciones/AUTOS%202010/1402.pdf HTTP/1.1" 200 250167
66.249.64.163 - - [28/Oct/2014:01:02:58 -0500] "GET /BLA/resoluciones/RESOLUCIONES%202002/RES%202002%201051-1100/00001092.tif HTTP/1.1" 200 60858
66.249.64.167 - - [28/Oct/2014:01:03:08 -0500] "GET /BLA/resoluciones/RESOLUCIONES%202013/0473.pdf HTTP/1.1" 304 -
180.76.5.72 - - [28/Oct/2014:01:03:14 -0500] "GET /BLA/resoluciones/AUTOS%202009/3108.pdf HTTP/1.1" 200 146765
66.249.64.171 - - [28/Oct/2014:01:03:15 -0500] "GET /BLA/resoluciones/AUTOS%202010/5420.pdf HTTP/1.1" 200 204225
66.249.64.163 - - [28/Oct/2014:01:03:30 -0500] "GET /BLA/resoluciones/AUTOS%202009/3106.pdf HTTP/1.1" 200 146541
66.249.64.171 - - [28/Oct/2014:01:03:44 -0500] "GET /BLA/resoluciones/RESOLUCIONES%202010/6921.pdf HTTP/1.1" 200 711378
66.249.64.167 - - [28/Oct/2014:01:03:46 -0500] "GET /BLA/resoluciones/AUTOS%202009/1794.pdf HTTP/1.1" 200 98045
66.249.64.171 - - [28/Oct/2014:01:03:51 -0500] "GET /BLA/resoluciones/AUTOS%202008/0228.pdf HTTP/1.1" 200 107639
66.249.64.171 - - [28/Oct/2014:01:04:19 -0500] "GET /BLA/resoluciones/AUTOS%202008/0729.pdf HTTP/1.1" 304 -
66.249.64.171 - - [28/Oct/2014:01:04:55 -0500] "GET /BLA/resoluciones/RESOLUCIONES%202010/6900.pdf HTTP/1.1" 304 -
74.86.158.107 - - [28/Oct/2014:01:05:01 -0500] "HEAD / HTTP/1.1" 302 -
66.249.64.163 - - [28/Oct/2014:01:05:01 -0500] "GET /BLA/resoluciones/RESOLUCIONES%202008/3915.pdf HTTP/1.1" 200 203621
66.249.64.167 - - [28/Oct/2014:01:05:09 -0500] "GET /BLA/resoluciones/RESOLUCIONES%202004/RES%202004%201151-1200/00001197.tif HTTP/1.1" 200 186944
66.249.64.163 - - [28/Oct/2014:01:05:30 -0500] "GET /BLA/resoluciones/RESOLUCIONES%202011/7090.pdf HTTP/1.1" 304 -
66.249.64.167 - - [28/Oct/2014:01:05:37 -0500] "GET /BLA/resoluciones/AUTOS%202007/3263.pdf HTTP/1.1" 200 140644
66.249.64.163 - - [28/Oct/2014:01:05:44 -0500] "GET /BLA/resoluciones/AUTOS%202009/1347.pdf HTTP/1.1" 200 87525
66.249.64.167 - - [28/Oct/2014:01:06:06 -0500] "GET /BLA/resoluciones/AUTOS%202007/1619.pdf HTTP/1.1" 304 -
66.249.64.163 - - [28/Oct/2014:01:06:12 -0500] "GET /BLA/resoluciones/RESOLUCIONES%202009/2879.pdf HTTP/1.1" 304 -
66.249.64.171 - - [28/Oct/2014:01:06:37 -0500] "GET /BLA/resoluciones/AUTOS%202009/2061.pdf HTTP/1.1" 200 98820
66.249.64.167 - - [28/Oct/2014:01:06:41 -0500] "GET /BLA/resoluciones/RESOLUCIONES%202007/RES%202007%204101%20AL%204200/RESOLUCION%204200%20DE%202007.pdf HTTP/1.1" 304 -
66.249.64.171 - - [28/Oct/2014:01:06:50 -0500] "GET /BLA/resoluciones/AUTOS%202009/1866.pdf HTTP/1.1" 200 102219
66.249.64.167 - - [28/Oct/2014:01:07:17 -0500] "GET /BLA/resoluciones/RESOLUCIONES%202010/4773.pdf HTTP/1.1" 304 -
66.249.64.163 - - [28/Oct/2014:01:07:23 -0500] "GET /BLA/resoluciones/RESOLUCIONES%202007/RES%202007%204201%20AL%204300/RESOLUCION%204282%20DE%202007.pdf HTTP/1.1" 200 1251604
66.249.64.167 - - [28/Oct/2014:01:07:52 -0500] "GET /autoliquidacion/Fauna%20Silvestre/LISTA%20DE%20CHEQUEO%20Y%20FORMATO%20DE%20SOLICITUD%20DE%20OTORGAMIENTO%20O%20MODIFICACION%20DE%20PERMISOS.xls HTTP/1.1" 304 -
66.249.64.167 - - [28/Oct/2014:01:08:24 -0500] "GET /Residuos/pinturas/files/info.xml?rnd=581c26c4-872b-497b-aa04-e7f171f6fa47 HTTP/1.1" 404 1018
66.249.64.167 - - [28/Oct/2014:01:08:28 -0500] "GET /BLA/resoluciones/RESOLUCIONES%202011/0218.pdf HTTP/1.1" 304 -
66.249.64.171 - - [28/Oct/2014:01:08:33 -0500] "GET /BLA/resoluciones/index.php?dir=AUTOS%202006/AUTOS%202006%201601%20-%201700/&sort=size&order=asc HTTP/1.1" 200 22248
66.249.64.163 - - [28/Oct/2014:01:08:53 -0500] "GET /BLA/resoluciones/AUTOS%202009/2311.pdf HTTP/1.1" 200 196361
66.249.64.171 - - [28/Oct/2014:01:09:03 -0500] "GET /BLA/resoluciones/RESOLUCIONES%202013/0184.pdf HTTP/1.1" 304 -
66.249.64.171 - - [28/Oct/2014:01:09:09 -0500] "GET /BLA/resoluciones/index.php?dir=AUTOS%202006/AUTOS%202006%201601%20-%201700/&sort=date&order=asc HTTP/1.1" 200 22248
66.249.64.163 - - [28/Oct/2014:01:09:09 -0500] "GET /BLA/resoluciones/AUTOS%202009/2912.pdf HTTP/1.1" 200 113114
66.249.64.163 - - [28/Oct/2014:01:09:39 -0500] "GET /BLA/resoluciones/RESOLUCIONES%202007/RES%202007%202501%20AL%202600/RESOLUCION%202565%20DE%202007.pdf HTTP/1.1" 304 -
66.249.64.163 - - [28/Oct/2014:01:09:39 -0500] "GET /BLA/resoluciones/AUTOS%202009/2007.pdf HTTP/1.1" 200 100229
66.249.64.163 - - [28/Oct/2014:01:09:40 -0500] "GET /BLA/resoluciones/RESOLUCIONES%202003/RES%202003%201001-1050/1028.tif HTTP/1.1" 200 218284
207.46.13.108 - - [28/Oct/2014:01:09:57 -0500] "GET /publ.htm HTTP/1.1" 404 1015
74.86.158.107 - - [28/Oct/2014:01:10:01 -0500] "HEAD / HTTP/1.1" 302 -
66.249.64.167 - - [28/Oct/2014:01:10:15 -0500] "GET /BLA/resoluciones/RESOLUCIONES%202009/5988.pdf HTTP/1.1" 304 -
66.249.64.39 - - [28/Oct/2014:01:10:19 -0500] "GET /htdocs/counter/digits/sunset2/ HTTP/1.1" 404 1019
78.219.228.188 - - [28/Oct/2014:01:10:31 -0500] "GET /BLA/boletinlegal/js/jquery.js HTTP/1.1" 200 57254
78.219.228.188 - - [28/Oct/2014:01:10:31 -0500] "GET /BLA/boletinlegal/js/jquery.scrollTo-min.js HTTP/1.1" 200 1150
78.219.228.188 - - [28/Oct/2014:01:10:31 -0500] "GET /BLA/boletinlegal/js/jquery.scrollShow.js HTTP/1.1" 200 4586
78.219.228.188 - - [28/Oct/2014:01:10:33 -0500] "GET /BLA/boletinlegal/js/jquery.js HTTP/1.1" 200 57254
78.219.228.188 - - [28/Oct/2014:01:10:33 -0500] "GET /BLA/boletinlegal/js/jquery.scrollTo-min.js HTTP/1.1" 200 1150
78.219.228.188 - - [28/Oct/2014:01:10:33 -0500] "GET /BLA/boletinlegal/js/jquery.scrollShow.js HTTP/1.1" 200 4586
180.76.6.21 - - [28/Oct/2014:01:10:43 -0500] "GET /BLA/boletinlegal/circulares/2009IE24690.pdf HTTP/1.1" 200 74941
66.249.64.171 - - [28/Oct/2014:01:10:50 -0500] "GET /BLA/resoluciones/AUTOS%202010/6615.pdf HTTP/1.1" 200 156259
66.249.64.163 - - [28/Oct/2014:01:10:55 -0500] "GET /BLA/resoluciones/RESOLUCIONES%202010/4347.pdf HTTP/1.1" 200 496965
66.249.64.163 - - [28/Oct/2014:01:11:26 -0500] "GET /BLA/resoluciones/AUTOS%202009/2205.pdf HTTP/1.1" 200 112317
66.249.64.171 - - [28/Oct/2014:01:11:30 -0500] "GET /BLA/resoluciones/RESOLUCIONES%202010/2178.pdf HTTP/1.1" 200 497593
180.76.6.29 - - [28/Oct/2014:01:11:43 -0500] "GET /BLA/resoluciones/AUTOS%202011/2182.pdf HTTP/1.1" 200 319257
66.249.64.163 - - [28/Oct/2014:01:12:00 -0500] "GET /BLA/resoluciones/AUTOS%202009/2800.pdf HTTP/1.1" 200 80175
66.249.64.171 - - [28/Oct/2014:01:12:01 -0500] "GET /BLA/resoluciones/RESOLUCIONES%202011/1296.pdf HTTP/1.1" 200 369947
66.249.64.171 - - [28/Oct/2014:01:12:02 -0500] "GET /BLA/resoluciones/AUTOS%202010/1428.pdf HTTP/1.1" 200 200429
66.249.64.167 - - [28/Oct/2014:01:12:05 -0500] "GET /BLA/resoluciones/AUTOS%202008/0615.pdf HTTP/1.1" 200 86473
66.249.64.167 - - [28/Oct/2014:01:12:33 -0500] "GET /BLA/resoluciones/AUTOS%202009/2720.pdf HTTP/1.1" 200 70962
66.249.64.171 - - [28/Oct/2014:01:12:41 -0500] "GET /BLA/resoluciones/RESOLUCIONES%202011/3181.pdf HTTP/1.1" 200 524758
180.76.5.27 - - [28/Oct/2014:01:12:43 -0500] "GET /BLA/resoluciones/AUTOS%202011/0986.pdf HTTP/1.1" 200 206803
66.249.64.171 - - [28/Oct/2014:01:13:12 -0500] "GET /BLA/resoluciones/RESOLUCIONES%202011/3814.pdf HTTP/1.1" 200 363033
66.249.64.171 - - [28/Oct/2014:01:13:16 -0500] "GET /BLA/resoluciones/RESOLUCIONES%202009/2363.pdf HTTP/1.1" 200 405400
180.76.5.77 - - [28/Oct/2014:01:13:43 -0500] "GET /BLA/resoluciones/AUTOS%202009/2557.pdf HTTP/1.1" 200 99832
66.249.64.163 - - [28/Oct/2014:01:13:52 -0500] "GET /BLA/resoluciones/RESOLUCIONES%202008/5343.pdf HTTP/1.1" 200 224230
66.249.64.167 - - [28/Oct/2014:01:14:05 -0500] "GET /BLA/resoluciones/RESOLUCIONES%202003/RES%202003%201001-1050/1011.tif HTTP/1.1" 200 135932
66.249.64.167 - - [28/Oct/2014:01:14:23 -0500] "GET /BLA/resoluciones/RESOLUCIONES%202010/0041.pdf HTTP/1.1" 200 60636
66.249.64.163 - - [28/Oct/2014:01:14:27 -0500] "GET /BLA/resoluciones/AUTOS%202010/0138.pdf HTTP/1.1" 200 183071
66.249.64.167 - - [28/Oct/2014:01:14:38 -0500] "GET /BLA/resoluciones/AUTOS%202008/1135.pdf HTTP/1.1" 200 56328
66.249.64.171 - - [28/Oct/2014:01:14:59 -0500] "GET /BLA/resoluciones/RESOLUCIONES%202011/2987.pdf HTTP/1.1" 200 516054
74.86.158.107 - - [28/Oct/2014:01:15:01 -0500] "HEAD / HTTP/1.1" 302 -
66.249.64.167 - - [28/Oct/2014:01:15:02 -0500] "GET /BLA/resoluciones/AUTOS%202007/3662.pdf HTTP/1.1" 200 200843
66.249.64.167 - - [28/Oct/2014:01:15:34 -0500] "GET /BLA/resoluciones/AUTOS%202009/0564.pdf HTTP/1.1" 200 125362
66.249.64.171 - - [28/Oct/2014:01:15:38 -0500] "GET /BLA/resoluciones/AUTOS%202007/3027.pdf HTTP/1.1" 200 89847
66.249.64.163 - - [28/Oct/2014:01:16:10 -0500] "GET /BLA/resoluciones/RESOLUCIONES%202011/2377.pdf HTTP/1.1" 200 897394
66.249.64.167 - - [28/Oct/2014:01:16:13 -0500] "GET /BLA/resoluciones/RESOLUCIONES%202008/0658.pdf HTTP/1.1" 200 94912
180.76.5.189 - - [28/Oct/2014:01:16:22 -0500] "GET /BLA/resoluciones/AUTOS%202012/0042.pdf HTTP/1.1" 200 170115
190.1.176.101 - - [28/Oct/2014:01:16:36 -0500] "GET /BLA/boletinlegal/js/jquery.js HTTP/1.1" 200 57254
190.1.176.101 - - [28/Oct/2014:01:16:36 -0500] "GET /BLA/boletinlegal/js/jquery.scrollTo-min.js HTTP/1.1" 200 1150
190.1.176.101 - - [28/Oct/2014:01:16:36 -0500] "GET /BLA/boletinlegal/js/jquery.scrollShow.js HTTP/1.1" 200 4586
66.249.64.167 - - [28/Oct/2014:01:16:45 -0500] "GET /BLA/resoluciones/RESOLUCIONES%202010/0048.pdf HTTP/1.1" 200 492000
66.249.64.163 - - [28/Oct/2014:01:16:48 -0500] "GET /BLA/resoluciones/RESOLUCIONES%202008/3404.pdf HTTP/1.1" 200 264993
66.249.64.171 - - [28/Oct/2014:01:16:49 -0500] "GET /BLA/resoluciones/index.php?dir=RESOLUCIONES%202009/&sort=size&order=desc HTTP/1.1" 200 1672911
66.249.64.163 - - [28/Oct/2014:01:17:13 -0500] "GET /BLA/resoluciones/RESOLUCIONES%202002/RES%202002%20751-800/2002RES773.tif HTTP/1.1" 200 80904
66.249.64.167 - - [28/Oct/2014:01:17:21 -0500] "GET /BLA/resoluciones/RESOLUCIONES%202010/0104.pdf HTTP/1.1" 200 493586
66.249.64.167 - - [28/Oct/2014:01:17:24 -0500] "GET /BLA/resoluciones/AUTOS%202008/2685.pdf HTTP/1.1" 200 85238
179.32.244.128 - - [28/Oct/2014:01:17:29 -0500] "GET /BLA/boletinlegal/js/jquery.js HTTP/1.1" 200 57254
179.32.244.128 - - [28/Oct/2014:01:17:29 -0500] "GET /BLA/boletinlegal/js/jquery.scrollTo-min.js HTTP/1.1" 200 1150
179.32.244.128 - - [28/Oct/2014:01:17:29 -0500] "GET /BLA/boletinlegal/js/jquery.scrollShow.js HTTP/1.1" 200 4586
66.249.64.163 - - [28/Oct/2014:01:17:38 -0500] "GET /BLA/resoluciones/AUTOS%202009/1758.pdf HTTP/1.1" 200 209573
66.249.64.171 - - [28/Oct/2014:01:17:57 -0500] "GET /BLA/resoluciones/RESOLUCIONES%202011/3007.pdf HTTP/1.1" 200 255323
66.249.64.163 - - [28/Oct/2014:01:17:59 -0500] "GET /BLA/resoluciones/RESOLUCIONES%202011/3397.pdf HTTP/1.1" 200 431964
66.249.64.163 - - [28/Oct/2014:01:18:25 -0500] "GET /BLA/resoluciones/RESOLUCIONES%202011/0617.pdf HTTP/1.1" 200 327225
66.249.64.167 - - [28/Oct/2014:01:18:28 -0500] "GET /BLA/resoluciones/RESOLUCIONES%202009/4820.pdf HTTP/1.1" 200 372254
66.249.64.171 - - [28/Oct/2014:01:18:32 -0500] "GET /BLA/resoluciones/RESOLUCIONES%202010/7171.pdf HTTP/1.1" 200 66277
66.249.64.171 - - [28/Oct/2014:01:18:34 -0500] "GET /BLA/resoluciones/AUTOS%202007/3473.pdf HTTP/1.1" 200 67140
66.249.64.171 - - [28/Oct/2014:01:18:36 -0500] "GET /BLA/resoluciones/RESOLUCIONES%202004/RES%202004%201151-1200/00001161.tif HTTP/1.1" 200 201984
73.8.92.175 - - [28/Oct/2014:01:19:33 -0500] "GET /dama/libreria/jpg/ecosistemas/aulas/aa2_1.jpg HTTP/1.1" 404 1315
74.86.158.107 - - [28/Oct/2014:01:20:01 -0500] "HEAD / HTTP/1.1" 302 -
180.76.6.14 - - [28/Oct/2014:01:20:31 -0500] "GET /BLA/resoluciones/AUTOS%202010/5629.pdf HTTP/1.1" 200 563334
66.249.64.167 - - [28/Oct/2014:01:20:48 -0500] "GET /BLA/resoluciones/RESOLUCIONES%202009/3860.pdf HTTP/1.1" 200 1287621
66.249.64.163 - - [28/Oct/2014:01:20:51 -0500] "GET /BLA/resoluciones/AUTOS%202011/4122.pdf HTTP/1.1" 200 214637
66.249.64.163 - - [28/Oct/2014:01:20:52 -0500] "GET /BLA/resoluciones/RESOLUCIONES%202011/3325.pdf HTTP/1.1" 200 767058
66.249.64.171 - - [28/Oct/2014:01:20:53 -0500] "GET /BLA/resoluciones/RESOLUCIONES%202007/RES%202007%201001%20AL%201100/RESOLUCION%201054%20DE%202007.pdf HTTP/1.1" 200 431969
66.249.64.167 - - [28/Oct/2014:01:20:54 -0500] "GET /BLA/resoluciones/RESOLUCIONES%202007/RES%202007%20901%20AL%201000/RESOLUCION%200958%20DE%202007.pdf HTTP/1.1" 200 439073
66.249.64.163 - - [28/Oct/2014:01:20:55 -0500] "GET /BLA/resoluciones/RESOLUCIONES%202009/5349.pdf HTTP/1.1" 200 395708
66.249.64.171 - - [28/Oct/2014:01:20:55 -0500] "GET /BLA/resoluciones/RESOLUCIONES%202011/5361.pdf HTTP/1.1" 200 436234
66.249.64.163 - - [28/Oct/2014:01:20:56 -0500] "GET /BLA/resoluciones/RESOLUCIONES%202009/2922.pdf HTTP/1.1" 304 -
66.249.64.167 - - [28/Oct/2014:01:20:57 -0500] "GET /portel_dama/libreria/php/2006/restauracion/55_artic/xtras/13.pdf HTTP/1.1" 404 1018
66.249.64.163 - - [28/Oct/2014:01:20:59 -0500] "GET /resoluciones/RESOLUCIONES%202010/1690.pdf HTTP/1.1" 404 1018
187.187.64.51 - - [28/Oct/2014:01:21:01 -0500] "GET /BLA/boletinlegal/js/jquery.js HTTP/1.1" 200 57254
187.187.64.51 - - [28/Oct/2014:01:21:01 -0500] "GET /BLA/boletinlegal/js/jquery.scrollShow.js HTTP/1.1" 200 4586
187.187.64.51 - - [28/Oct/2014:01:21:01 -0500] "GET /BLA/boletinlegal/js/jquery.scrollTo-min.js HTTP/1.1" 200 1150
66.249.64.163 - - [28/Oct/2014:01:21:30 -0500] "GET /BLA/resoluciones/RESOLUCIONES%202010/0923.pdf HTTP/1.1" 200 103404
180.76.6.139 - - [28/Oct/2014:01:21:31 -0500] "GET /BLA/resoluciones/AUTOS%202009/2604.pdf HTTP/1.1" 200 110794
66.249.64.171 - - [28/Oct/2014:01:21:31 -0500] "GET /BLA/resoluciones/RESOLUCIONES%202013/0313.pdf HTTP/1.1" 200 2338979
66.249.64.163 - - [28/Oct/2014:01:22:05 -0500] "GET /BLA/resoluciones/AUTOS%202008/1304.pdf HTTP/1.1" 200 223148
66.249.64.171 - - [28/Oct/2014:01:22:06 -0500] "GET /BLA/resoluciones/RESOLUCIONES%202008/5350.pdf HTTP/1.1" 304 -
66.249.64.163 - - [28/Oct/2014:01:22:41 -0500] "GET /BLA/resoluciones/AUTOS%202009/2083.pdf HTTP/1.1" 200 99664
66.249.64.171 - - [28/Oct/2014:01:22:42 -0500] "GET /BLA/resoluciones/AUTOS%202011/6784.pdf HTTP/1.1" 200 434858
66.249.64.171 - - [28/Oct/2014:01:23:04 -0500] "GET /BLA/resoluciones/RESOLUCIONES%202004/RES%202004%201151-1200/00001165.tif HTTP/1.1" 200 171266
66.249.64.171 - - [28/Oct/2014:01:23:36 -0500] "GET /BLA/resoluciones/RESOLUCIONES%202011/5390.pdf HTTP/1.1" 200 496541
66.249.67.99 - - [28/Oct/2014:01:23:48 -0500] "-" 408 -
66.249.64.167 - - [28/Oct/2014:01:23:52 -0500] "GET /BLA/resoluciones/RESOLUCIONES%202011/3715.pdf HTTP/1.1" 200 706293
66.249.64.47 - - [28/Oct/2014:01:23:53 -0500] "GET /htdocs/counter/digits/fdg/ HTTP/1.1" 404 1019
66.249.64.167 - - [28/Oct/2014:01:24:18 -0500] "GET /BLA/resoluciones/RESOLUCIONES%202010/0027.pdf HTTP/1.1" 200 412723
66.249.64.167 - - [28/Oct/2014:01:24:27 -0500] "GET /BLA/resoluciones/AUTOS%202010/6124.pdf HTTP/1.1" 200 218734
66.249.64.167 - - [28/Oct/2014:01:24:28 -0500] "GET /Autoliquidacion/index.php?dir=&sort=date&order=asc HTTP/1.1" 200 6375
74.86.158.107 - - [28/Oct/2014:01:25:01 -0500] "HEAD / HTTP/1.1" 302 -
66.249.64.167 - - [28/Oct/2014:01:25:03 -0500] "GET /BLA/resoluciones/RESOLUCIONES%202011/4721.pdf HTTP/1.1" 200 349433
66.249.64.167 - - [28/Oct/2014:01:25:04 -0500] "GET /BLA/resoluciones/RESOLUCIONES%202011/3263.pdf HTTP/1.1" 200 463019
66.249.64.167 - - [28/Oct/2014:01:25:38 -0500] "GET /BLA/resoluciones/RESOLUCIONES%202011/5153.pdf HTTP/1.1" 200 455545
66.249.64.167 - - [28/Oct/2014:01:25:40 -0500] "GET /BLA/resoluciones/AUTOS%202007/1313.pdf HTTP/1.1" 200 51813
180.76.5.148 - - [28/Oct/2014:01:26:06 -0500] "GET /BLA/resoluciones/AUTOS%202009/1720.pdf HTTP/1.1" 200 124898
66.249.64.171 - - [28/Oct/2014:01:26:14 -0500] "GET /BLA/resoluciones/RESOLUCIONES%202010/0456.pdf HTTP/1.1" 200 102764
66.249.64.163 - - [28/Oct/2014:01:26:15 -0500] "GET /BLA/resoluciones/RESOLUCIONES%202010/7774.pdf HTTP/1.1" 200 71034
66.249.64.171 - - [28/Oct/2014:01:26:48 -0500] "GET /BLA/resoluciones/RESOLUCIONES%202010/1230.pdf HTTP/1.1" 200 146090
66.249.64.167 - - [28/Oct/2014:01:26:49 -0500] "GET /BLA/resoluciones/AUTOS%202008/1859.pdf HTTP/1.1" 200 262713
66.249.64.163 - - [28/Oct/2014:01:26:50 -0500] "GET /BLA/resoluciones/AUTOS%202009/0709.pdf HTTP/1.1" 200 111041
180.76.6.157 - - [28/Oct/2014:01:27:09 -0500] "GET /Autoliquidacion/index.php?dir=Solicitud+de+Licencia+Ambiental/ HTTP/1.1" 200 2650
66.249.64.167 - - [28/Oct/2014:01:27:25 -0500] "GET /BLA/resoluciones/AUTOS%202007/0979.pdf HTTP/1.1" 200 93742
66.249.64.163 - - [28/Oct/2014:01:27:25 -0500] "GET /BLA/resoluciones/RESOLUCIONES%202011/3374.pdf HTTP/1.1" 200 621456
66.249.64.167 - - [28/Oct/2014:01:27:38 -0500] "GET /BLA/resoluciones/RESOLUCIONES%202003/RES%202003%201001-1050/1007.tif HTTP/1.1" 200 188292
66.249.64.167 - - [28/Oct/2014:01:28:00 -0500] "GET /BLA/resoluciones/RESOLUCIONES%202008/3119.pdf HTTP/1.1" 200 138472
66.249.64.171 - - [28/Oct/2014:01:28:01 -0500] "GET /BLA/resoluciones/RESOLUCIONES%202010/4961.pdf HTTP/1.1" 200 248407
66.249.64.171 - - [28/Oct/2014:01:28:35 -0500] "GET /BLA/resoluciones/RESOLUCIONES%202009/6210.pdf HTTP/1.1" 200 114334
66.249.64.171 - - [28/Oct/2014:01:28:36 -0500] "GET /BLA/resoluciones/RESOLUCIONES%202010/0446.pdf HTTP/1.1" 200 115496
66.249.64.171 - - [28/Oct/2014:01:28:38 -0500] "GET /BLA/resoluciones/AUTOS%202008/1779.pdf HTTP/1.1" 200 210162
27.47.157.226 - - [28/Oct/2014:01:28:52 -0500] "GET /favicon.ico HTTP/1.1" 200 7782
27.47.157.226 - - [28/Oct/2014:01:28:52 -0500] "GET /BLA/resoluciones/RESOLUCIONES%202012/1343.pdf HTTP/1.1" 200 1035224
66.249.64.167 - - [28/Oct/2014:01:29:11 -0500] "GET /BLA/resoluciones/AUTOS%202007/2626.pdf HTTP/1.1" 200 28304
66.249.64.167 - - [28/Oct/2014:01:29:11 -0500] "GET /BLA/resoluciones/RESOLUCIONES%202011/3672.pdf HTTP/1.1" 200 548564
66.249.64.167 - - [28/Oct/2014:01:29:47 -0500] "GET /BLA/resoluciones/AUTOS%202009/0695.pdf HTTP/1.1" 200 86920
74.86.158.107 - - [28/Oct/2014:01:30:01 -0500] "HEAD / HTTP/1.1" 302 -
100.43.85.25 - - [28/Oct/2014:01:30:01 -0500] "GET /re/Cuento/cuadro14/?C=N;O=A HTTP/1.1" 404 1019
66.249.64.167 - - [28/Oct/2014:01:30:21 -0500] "GET /BLA/resoluciones/AUTOS%202007/3222.pdf HTTP/1.1" 200 197557
66.249.64.171 - - [28/Oct/2014:01:30:22 -0500] "GET /BLA/resoluciones/RESOLUCIONES%202009/6540.pdf HTTP/1.1" 200 436629
186.43.8.172 - - [28/Oct/2014:01:30:51 -0500] "GET /BLA/boletinlegal/js/jquery.js HTTP/1.1" 200 57254
186.43.8.172 - - [28/Oct/2014:01:30:51 -0500] "GET /BLA/boletinlegal/js/jquery.scrollTo-min.js HTTP/1.1" 200 1150
186.43.8.172 - - [28/Oct/2014:01:30:51 -0500] "GET /BLA/boletinlegal/js/jquery.scrollShow.js HTTP/1.1" 200 4586
66.249.64.171 - - [28/Oct/2014:01:30:57 -0500] "GET /BLA/resoluciones/AUTOS%202007/3582.pdf HTTP/1.1" 200 226921
66.249.64.171 - - [28/Oct/2014:01:30:58 -0500] "GET /BLA/resoluciones/RESOLUCIONES%202011/5596.pdf HTTP/1.1" 200 540253
201.245.192.253 - - [28/Oct/2014:01:31:19 -0500] "GET /bla/boletinlegal/admin/js/jquery.functions.js HTTP/1.1" 304 -
66.249.64.171 - - [28/Oct/2014:01:31:32 -0500] "GET /BLA/resoluciones/RESOLUCIONES%202012/1391.pdf HTTP/1.1" 200 1005571
66.249.64.163 - - [28/Oct/2014:01:31:34 -0500] "GET /BLA/resoluciones/RESOLUCIONES%202010/0175.pdf HTTP/1.1" 200 722536
66.249.64.167 - - [28/Oct/2014:01:31:46 -0500] "GET /BLA/resoluciones/RESOLUCIONES%202002/RES%202002%201201-1250/20021247.tif HTTP/1.1" 200 130344
100.43.85.25 - - [28/Oct/2014:01:31:46 -0500] "GET /re/Cuento/cuadro14/?C=N;O=A HTTP/1.1" 404 1019
180.76.5.65 - - [28/Oct/2014:01:31:50 -0500] "GET /BLA/resoluciones/AUTOS%202011/4126.pdf HTTP/1.1" 200 232049
66.249.64.163 - - [28/Oct/2014:01:32:07 -0500] "GET /BLA/resoluciones/RESOLUCIONES%202004/RES%202004%201151-1200/00001183.tif HTTP/1.1" 200 192104
66.249.64.163 - - [28/Oct/2014:01:32:09 -0500] "GET /BLA/resoluciones/RESOLUCIONES%202009/1982.pdf HTTP/1.1" 200 617507
181.60.135.80 - - [28/Oct/2014:01:32:16 -0500] "GET /BLA/boletinlegal/js/jquery.scrollShow.js HTTP/1.1" 200 4586
181.60.135.80 - - [28/Oct/2014:01:32:16 -0500] "GET /galeria/carrusel/Carrusel/jquery.thumbnailScroller.css HTTP/1.1" 200 2066
181.60.135.80 - - [28/Oct/2014:01:32:16 -0500] "GET /galeria/carrusel/Carrusel/jquery.thumbnailScroller.js HTTP/1.1" 200 8157
181.60.135.80 - - [28/Oct/2014:01:32:16 -0500] "GET /BLA/boletinlegal/js/jquery.js HTTP/1.1" 200 57254
181.60.135.80 - - [28/Oct/2014:01:32:16 -0500] "GET /BLA/boletinlegal/js/jquery.scrollTo-min.js HTTP/1.1" 200 1150
181.60.135.80 - - [28/Oct/2014:01:32:16 -0500] "GET /galeria/carrusel/Carrusel/jquery-ui-1.8.13.custom.min.js HTTP/1.1" 200 10800
181.60.135.80 - - [28/Oct/2014:01:32:16 -0500] "GET /galeria/nivo-slider/demo/demo.html HTTP/1.1" 200 3300
181.60.135.80 - - [28/Oct/2014:01:32:17 -0500] "GET /galeria/nivo-slider/themes/pascal/pascal.css HTTP/1.1" 200 2258
181.60.135.80 - - [28/Oct/2014:01:32:17 -0500] "GET /galeria/nivo-slider/demo/images/banner-aceite3.jpg HTTP/1.1" 200 88347
181.60.135.80 - - [28/Oct/2014:01:32:17 -0500] "GET /galeria/nivo-slider/nivo-slider.css HTTP/1.1" 200 1507
181.60.135.80 - - [28/Oct/2014:01:32:17 -0500] "GET /galeria/nivo-slider/themes/default/default.css HTTP/1.1" 200 1569
181.60.135.80 - - [28/Oct/2014:01:32:17 -0500] "GET /galeria/nivo-slider/themes/orman/orman.css HTTP/1.1" 200 2152
181.60.135.80 - - [28/Oct/2014:01:32:17 -0500] "GET /galeria/nivo-slider/demo/images/banner-conejera1.jpg HTTP/1.1" 200 136228
181.60.135.80 - - [28/Oct/2014:01:32:17 -0500] "GET /galeria/nivo-slider/demo/style.css HTTP/1.1" 200 2222
181.60.135.80 - - [28/Oct/2014:01:32:17 -0500] "GET /galeria/nivo-slider/demo/scripts/jquery-1.7.1.min.js HTTP/1.1" 200 93868
181.60.135.80 - - [28/Oct/2014:01:32:17 -0500] "GET /galeria/nivo-slider/jquery.nivo.slider.pack.js HTTP/1.1" 200 11561
181.60.135.80 - - [28/Oct/2014:01:32:17 -0500] "GET /galeria/nivo-slider/demo/images/mesTIC.jpg HTTP/1.1" 200 180719
181.60.135.80 - - [28/Oct/2014:01:32:17 -0500] "GET /galeria/nivo-slider/demo/images/Tingua-azul.jpg HTTP/1.1" 200 307638
181.60.135.80 - - [28/Oct/2014:01:32:17 -0500] "GET /galeria/nivo-slider/demo/images/Banner-Caracol-Africano.jpg HTTP/1.1" 200 331986
181.60.135.80 - - [28/Oct/2014:01:32:18 -0500] "GET /galeria/nivo-slider/demo/images/banner-redes.jpg HTTP/1.1" 200 62209
181.60.135.80 - - [28/Oct/2014:01:32:18 -0500] "GET /galeria/nivo-slider/demo/images/9Signos.jpg HTTP/1.1" 200 93040
181.60.135.80 - - [28/Oct/2014:01:32:18 -0500] "GET /galeria/nivo-slider/demo/images/banner-llantas2.jpg HTTP/1.1" 200 73153
181.60.135.80 - - [28/Oct/2014:01:32:18 -0500] "GET /galeria/nivo-slider/demo/images/banner-caballos.png HTTP/1.1" 200 389106
181.60.135.80 - - [28/Oct/2014:01:32:18 -0500] "GET /galeria/nivo-slider/demo/images/Hacienda_Molinos.jpg HTTP/1.1" 200 319171
181.60.135.80 - - [28/Oct/2014:01:32:18 -0500] "GET /galeria/nivo-slider/demo/images/bannerEcolecta3.jpg HTTP/1.1" 200 280034
181.60.135.80 - - [28/Oct/2014:01:32:19 -0500] "GET /galeria/nivo-slider/demo/images/4Simple_Slider.png HTTP/1.1" 200 11722
181.60.135.80 - - [28/Oct/2014:01:32:20 -0500] "GET /galeria/nivo-slider/themes/default/loading.gif HTTP/1.1" 200 1737
66.249.64.167 - - [28/Oct/2014:01:32:45 -0500] "GET /BLA/resoluciones/RESOLUCIONES%202011/3341.pdf HTTP/1.1" 200 707796
180.76.6.151 - - [28/Oct/2014:01:32:59 -0500] "GET /BLA/resoluciones/AUTOS%202011/1992.pdf HTTP/1.1" 200 111614
181.60.135.80 - - [28/Oct/2014:01:33:08 -0500] "GET /Report2/login.do HTTP/1.1" 503 1124
66.249.64.163 - - [28/Oct/2014:01:33:20 -0500] "GET /BLA/resoluciones/RESOLUCIONES%202010/0586.pdf HTTP/1.1" 200 133984
181.60.135.80 - - [28/Oct/2014:01:33:23 -0500] "GET /Report2/login.do HTTP/1.1" 503 1124
181.60.135.80 - - [28/Oct/2014:01:33:40 -0500] "GET /Report2/login.do HTTP/1.1" 503 1124
180.76.6.131 - - [28/Oct/2014:01:33:50 -0500] "GET /BLA/resoluciones/AUTOS%202009/1140.pdf HTTP/1.1" 200 68261
66.249.64.167 - - [28/Oct/2014:01:33:56 -0500] "GET /BLA/resoluciones/RESOLUCIONES%202011/2368.pdf HTTP/1.1" 200 873506
100.43.85.25 - - [28/Oct/2014:01:34:14 -0500] "GET /robots.txt HTTP/1.1" 404 1038
100.43.85.25 - - [28/Oct/2014:01:34:16 -0500] "GET /informacion-para-ninos HTTP/1.1" 404 1019
100.43.85.25 - - [28/Oct/2014:01:34:16 -0500] "GET /contratacion1 HTTP/1.1" 404 1038
100.43.85.25 - - [28/Oct/2014:01:34:18 -0500] "GET /web/web-ninos/inicio HTTP/1.1" 404 1019
100.43.85.25 - - [28/Oct/2014:01:34:18 -0500] "GET /educacion HTTP/1.1" 404 1038
100.43.85.25 - - [28/Oct/2014:01:34:20 -0500] "GET /contratacion1 HTTP/1.1" 404 1019
100.43.85.25 - - [28/Oct/2014:01:34:21 -0500] "GET /informacion-para-ninos HTTP/1.1" 404 1038
100.43.85.25 - - [28/Oct/2014:01:34:22 -0500] "GET /registro-unico-ambiental-rua-y-registro-de-generadores-de-residuos-peligrosos HTTP/1.1" 404 1019
100.43.85.25 - - [28/Oct/2014:01:34:23 -0500] "GET /registro-unico-ambiental-rua-y-registro-de-generadores-de-residuos-peligrosos HTTP/1.1" 404 1038
100.43.85.25 - - [28/Oct/2014:01:34:24 -0500] "GET /rendicion-de-cuentas HTTP/1.1" 404 1019
100.43.85.25 - - [28/Oct/2014:01:34:25 -0500] "GET /web/sda/videos-de-ambiente HTTP/1.1" 404 1038
100.43.85.25 - - [28/Oct/2014:01:34:26 -0500] "GET /web/sda/videos-de-ambiente HTTP/1.1" 404 1019
100.43.85.25 - - [28/Oct/2014:01:34:27 -0500] "GET /en/web/corresponsal-ambiental/inicio HTTP/1.1" 404 1038
100.43.85.25 - - [28/Oct/2014:01:34:28 -0500] "GET /en/web/corresponsal-ambiental/inicio HTTP/1.1" 404 1019
100.43.85.25 - - [28/Oct/2014:01:34:29 -0500] "GET /web/web-ninos/inicio HTTP/1.1" 404 1038
66.249.64.167 - - [28/Oct/2014:01:34:29 -0500] "GET /BLA/resoluciones/RESOLUCIONES%202004/RES%202004%201201-1250/00001221.tif HTTP/1.1" 200 93092
100.43.85.25 - - [28/Oct/2014:01:34:31 -0500] "GET /educacion HTTP/1.1" 404 1019
100.43.85.25 - - [28/Oct/2014:01:34:31 -0500] "GET /ecolecta HTTP/1.1" 404 1038
66.249.64.171 - - [28/Oct/2014:01:34:31 -0500] "GET /BLA/resoluciones/RESOLUCIONES%202011/3611.pdf HTTP/1.1" 200 292906
100.43.85.25 - - [28/Oct/2014:01:34:33 -0500] "GET /centro-de-documentacion HTTP/1.1" 404 1019
100.43.85.25 - - [28/Oct/2014:01:34:33 -0500] "GET /banco-de-proyectos HTTP/1.1" 404 1038
100.43.85.25 - - [28/Oct/2014:01:34:35 -0500] "GET /ecolecta HTTP/1.1" 404 1019
100.43.85.25 - - [28/Oct/2014:01:34:35 -0500] "GET /mision HTTP/1.1" 404 1038
100.43.85.25 - - [28/Oct/2014:01:34:37 -0500] "GET /mision HTTP/1.1" 404 1019
100.43.85.25 - - [28/Oct/2014:01:34:37 -0500] "GET /centro-de-documentacion HTTP/1.1" 404 1038
100.43.85.25 - - [28/Oct/2014:01:34:39 -0500] "GET /banco-de-proyectos HTTP/1.1" 404 1019
100.43.85.25 - - [28/Oct/2014:01:34:39 -0500] "GET /rendicion-de-cuentas HTTP/1.1" 404 1038
180.76.6.143 - - [28/Oct/2014:01:34:50 -0500] "GET /BLA/resoluciones/AUTOS%202009/2121.pdf HTTP/1.1" 200 108494
74.86.158.107 - - [28/Oct/2014:01:35:01 -0500] "HEAD / HTTP/1.1" 302 -
66.249.64.171 - - [28/Oct/2014:01:35:07 -0500] "GET /BLA/resoluciones/RESOLUCIONES%202010/0338.pdf HTTP/1.1" 200 296175
66.249.64.171 - - [28/Oct/2014:01:35:43 -0500] "GET /BLA/resoluciones/RESOLUCIONES%202011/1817.pdf HTTP/1.1" 200 520598
180.76.5.143 - - [28/Oct/2014:01:35:50 -0500] "GET /BLA/resoluciones/AUTOS%202011/3548.pdf HTTP/1.1" 200 256619
66.249.64.171 - - [28/Oct/2014:01:36:18 -0500] "GET /BLA/resoluciones/AUTOS%202009/2202.pdf HTTP/1.1" 200 112399
66.249.64.171 - - [28/Oct/2014:01:36:32 -0500] "GET /BLA/resoluciones/AUTOS%202009/1255.pdf HTTP/1.1" 200 168882
66.249.64.167 - - [28/Oct/2014:01:36:33 -0500] "GET /BLA/resoluciones/RESOLUCIONES%202003/RES%202003%201001-1050/1044.tif HTTP/1.1" 200 87344
187.153.32.139 - - [28/Oct/2014:01:36:47 -0500] "GET /BLA/boletinlegal/js/jquery.js HTTP/1.1" 200 57254
187.153.32.139 - - [28/Oct/2014:01:36:47 -0500] "GET /BLA/boletinlegal/js/jquery.scrollTo-min.js HTTP/1.1" 200 1150
187.153.32.139 - - [28/Oct/2014:01:36:47 -0500] "GET /BLA/boletinlegal/js/jquery.scrollShow.js HTTP/1.1" 200 4586
66.249.64.171 - - [28/Oct/2014:01:36:54 -0500] "GET /BLA/resoluciones/RESOLUCIONES%202010/0148.pdf HTTP/1.1" 200 111976
190.201.119.43 - - [28/Oct/2014:01:37:30 -0500] "GET /BLA/boletinlegal/js/jquery.scrollTo-min.js HTTP/1.1" 200 1150
190.201.119.43 - - [28/Oct/2014:01:37:30 -0500] "GET /BLA/boletinlegal/js/jquery.scrollShow.js HTTP/1.1" 200 4586
190.201.119.43 - - [28/Oct/2014:01:37:30 -0500] "GET /BLA/boletinlegal/js/jquery.js HTTP/1.1" 200 57254
190.201.119.43 - - [28/Oct/2014:01:37:34 -0500] "GET /galeria/bibloteca/contentflow.js HTTP/1.1" 200 42804
190.201.119.43 - - [28/Oct/2014:01:37:40 -0500] "GET /galeria/bibloteca/contentflow.css HTTP/1.1" 200 3201
190.201.119.43 - - [28/Oct/2014:01:37:40 -0500] "GET /galeria/bibloteca/mycontentflow.css HTTP/1.1" 200 3110
190.201.119.43 - - [28/Oct/2014:01:37:41 -0500] "GET /galeria/bibloteca/ContentFlowAddOn_white.js HTTP/1.1" 200 2497
190.201.119.43 - - [28/Oct/2014:01:37:41 -0500] "GET /galeria/bibloteca/img/ajax-loader.gif HTTP/1.1" 200 9427
190.201.119.43 - - [28/Oct/2014:01:37:41 -0500] "GET /galeria/bibloteca/img/scrollbar_white.png HTTP/1.1" 200 82
190.201.119.43 - - [28/Oct/2014:01:37:41 -0500] "GET /galeria/bibloteca/img/slider_white.png HTTP/1.1" 200 178
190.201.119.43 - - [28/Oct/2014:01:37:41 -0500] "GET /galeria/bibloteca/img/loader.gif HTTP/1.1" 200 8238
190.201.119.43 - - [28/Oct/2014:01:37:41 -0500] "GET /galeria/bibloteca/ContentFlowAddOn_white.css HTTP/1.1" 200 3355
190.201.119.43 - - [28/Oct/2014:01:37:42 -0500] "GET /galeria/bibloteca/img/scrollbar_black.png HTTP/1.1" 200 82
190.201.119.43 - - [28/Oct/2014:01:37:42 -0500] "GET /galeria/bibloteca/img/slider_black.png HTTP/1.1" 200 175
180.76.5.22 - - [28/Oct/2014:01:37:50 -0500] "GET /BLA/resoluciones/AUTOS%202010/0777.pdf HTTP/1.1" 200 190185
66.249.64.171 - - [28/Oct/2014:01:37:50 -0500] "GET /BLA/resoluciones/RESOLUCIONES%202011/5472.pdf HTTP/1.1" 200 584428
66.249.64.167 - - [28/Oct/2014:01:38:09 -0500] "GET /BLA/resoluciones/RESOLUCIONES%202009/7900.pdf HTTP/1.1" 200 741855
66.249.64.167 - - [28/Oct/2014:01:38:40 -0500] "GET /BLA/resoluciones/RESOLUCIONES%202011/4218.pdf HTTP/1.1" 200 577491
66.249.64.171 - - [28/Oct/2014:01:38:48 -0500] "GET /BLA/resoluciones/RESOLUCIONES%202011/4362.pdf HTTP/1.1" 200 603882
180.76.6.46 - - [28/Oct/2014:01:39:50 -0500] "GET /BLA/resoluciones/AUTOS%202011/4203.pdf HTTP/1.1" 200 203407
74.86.158.107 - - [28/Oct/2014:01:40:01 -0500] "HEAD / HTTP/1.1" 302 -
190.201.119.43 - - [28/Oct/2014:01:40:13 -0500] "GET /Residuos/cosmeticos/cosmeticos.html HTTP/1.1" 404 1306
190.201.119.43 - - [28/Oct/2014:01:40:14 -0500] "GET /favicon.ico HTTP/1.1" 200 7782
190.201.119.43 - - [28/Oct/2014:01:40:44 -0500] "GET /Residuos/curtiembres/curtiembres.html HTTP/1.1" 404 1306
190.201.119.43 - - [28/Oct/2014:01:41:10 -0500] "GET /Residuos/vehiculos/vehiculos.html HTTP/1.1" 404 1306
190.250.157.229 - - [28/Oct/2014:01:41:14 -0500] "GET /BLA/boletinlegal/js/jquery.js HTTP/1.1" 200 57254
190.250.157.229 - - [28/Oct/2014:01:41:14 -0500] "GET /BLA/boletinlegal/js/jquery.scrollTo-min.js HTTP/1.1" 200 1150
190.250.157.229 - - [28/Oct/2014:01:41:14 -0500] "GET /BLA/boletinlegal/js/jquery.scrollShow.js HTTP/1.1" 200 4586
66.249.64.163 - - [28/Oct/2014:01:41:16 -0500] "GET /BLA/resoluciones/RESOLUCIONES%202003/RES%202003%201001-1050/1006.tif HTTP/1.1" 200 131844
66.249.64.171 - - [28/Oct/2014:01:41:17 -0500] "GET /BLA/resoluciones/RESOLUCIONES%202011/3912.pdf HTTP/1.1" 200 542992
66.249.64.163 - - [28/Oct/2014:01:41:18 -0500] "GET /BLA/resoluciones/AUTOS%202009/0750.pdf HTTP/1.1" 200 292910
66.249.64.167 - - [28/Oct/2014:01:41:38 -0500] "GET /BLA/resoluciones/RESOLUCIONES%202011/1986.pdf HTTP/1.1" 200 498278
66.249.64.163 - - [28/Oct/2014:01:41:39 -0500] "GET /BLA/resoluciones/RESOLUCIONES%202011/5472.pdf HTTP/1.1" 200 584428
66.249.64.167 - - [28/Oct/2014:01:41:54 -0500] "GET /BLA/resoluciones/RESOLUCIONES%202011/3725.pdf HTTP/1.1" 200 1042111
201.245.192.253 - - [28/Oct/2014:01:42:04 -0500] "GET /forestReports/webcontent/birt/admin/img/dtree/minusbottom.gif HTTP/1.1" 304 -
66.249.64.167 - - [28/Oct/2014:01:42:44 -0500] "GET /BLA/resoluciones/RESOLUCIONES%202011/3483.pdf HTTP/1.1" 200 522558
202.46.55.191 - - [28/Oct/2014:01:42:56 -0500] "GET / HTTP/1.1" 302 -
66.249.64.163 - - [28/Oct/2014:01:42:59 -0500] "GET /BLA/resoluciones/RESOLUCIONES%202008/3932.pdf HTTP/1.1" 200 473359
119.63.193.194 - - [28/Oct/2014:01:43:19 -0500] "GET / HTTP/1.1" 302 -
66.249.64.167 - - [28/Oct/2014:01:43:25 -0500] "GET /BLA/resoluciones/RESOLUCIONES%202010/1981.pdf HTTP/1.1" 200 387528
66.249.64.167 - - [28/Oct/2014:01:44:00 -0500] "GET /BLA/resoluciones/RESOLUCIONES%202010/0577.pdf HTTP/1.1" 200 91143
66.249.64.171 - - [28/Oct/2014:01:44:16 -0500] "-" 408 -
180.76.6.131 - - [28/Oct/2014:01:44:19 -0500] "GET /BLA/resoluciones/AUTOS%202011/1335.pdf HTTP/1.1" 200 153071
66.249.64.163 - - [28/Oct/2014:01:44:36 -0500] "GET /BLA/resoluciones/RESOLUCIONES%202011/4261.pdf HTTP/1.1" 200 379659
74.86.158.107 - - [28/Oct/2014:01:45:01 -0500] "HEAD / HTTP/1.1" 302 -
66.249.64.167 - - [28/Oct/2014:01:45:11 -0500] "GET /BLA/resoluciones/AUTOS%202009/0645.pdf HTTP/1.1" 200 97050
180.76.6.147 - - [28/Oct/2014:01:45:19 -0500] "GET /BLA/resoluciones/AUTOS%202011/1422.pdf HTTP/1.1" 200 158327
66.249.64.163 - - [28/Oct/2014:01:45:30 -0500] "GET /BLA/resoluciones/RESOLUCIONES%202003/RES%202003%201001-1050/1018.tif HTTP/1.1" 200 71576
66.249.64.163 - - [28/Oct/2014:01:45:47 -0500] "GET /BLA/resoluciones/RESOLUCIONES%202011/3748.pdf HTTP/1.1" 200 346446
179.32.246.22 - - [28/Oct/2014:01:46:17 -0500] "GET /BLA/boletinlegal/js/jquery.js HTTP/1.1" 200 57254
179.32.246.22 - - [28/Oct/2014:01:46:17 -0500] "GET /BLA/boletinlegal/js/jquery.scrollTo-min.js HTTP/1.1" 200 1150
179.32.246.22 - - [28/Oct/2014:01:46:17 -0500] "GET /BLA/boletinlegal/js/jquery.scrollShow.js HTTP/1.1" 200 4586
66.249.64.163 - - [28/Oct/2014:01:46:23 -0500] "GET /BLA/resoluciones/AUTOS%202011/5830.pdf HTTP/1.1" 200 241495
66.249.64.167 - - [28/Oct/2014:01:46:42 -0500] "GET /BLA/resoluciones/AUTOS%202013/0544.pdf HTTP/1.1" 304 -
66.249.64.167 - - [28/Oct/2014:01:46:58 -0500] "GET /BLA/resoluciones/AUTOS%202011/5045.pdf HTTP/1.1" 200 648251
180.76.6.56 - - [28/Oct/2014:01:47:19 -0500] "GET /BLA/resoluciones/AUTOS%202011/5790.pdf HTTP/1.1" 200 191837
66.249.64.167 - - [28/Oct/2014:01:47:34 -0500] "GET /BLA/resoluciones/RESOLUCIONES%202011/3380.pdf HTTP/1.1" 200 739776
177.237.240.178 - - [28/Oct/2014:01:47:35 -0500] "GET /BLA/boletinlegal/js/jquery.js HTTP/1.1" 200 57254
177.237.240.178 - - [28/Oct/2014:01:47:35 -0500] "GET /BLA/boletinlegal/js/jquery.scrollTo-min.js HTTP/1.1" 200 1150
177.237.240.178 - - [28/Oct/2014:01:47:35 -0500] "GET /BLA/boletinlegal/js/jquery.scrollShow.js HTTP/1.1" 200 4586
66.249.64.167 - - [28/Oct/2014:01:48:09 -0500] "GET /BLA/resoluciones/RESOLUCIONES%202011/5637.pdf HTTP/1.1" 200 1023681
180.76.5.61 - - [28/Oct/2014:01:48:19 -0500] "GET /BLA/resoluciones/AUTOS%202009/1597.pdf HTTP/1.1" 200 125965
66.249.64.167 - - [28/Oct/2014:01:49:10 -0500] "GET /BLA/resoluciones/RESOLUCIONES%202011/3968.pdf HTTP/1.1" 200 820450
180.76.6.145 - - [28/Oct/2014:01:49:19 -0500] "GET /BLA/resoluciones/AUTOS%202011/6837.pdf HTTP/1.1" 200 173780
66.249.64.171 - - [28/Oct/2014:01:49:21 -0500] "GET /BLA/resoluciones/RESOLUCIONES%202011/4314.pdf HTTP/1.1" 200 437971
66.249.64.171 - - [28/Oct/2014:01:49:56 -0500] "GET /BLA/resoluciones/RESOLUCIONES%202010/0039.pdf HTTP/1.1" 200 542192
74.86.158.107 - - [28/Oct/2014:01:50:01 -0500] "HEAD / HTTP/1.1" 302 -
66.249.64.163 - - [28/Oct/2014:01:50:04 -0500] "GET /BLA/resoluciones/RESOLUCIONES%202004/RES%202004%201151-1200/00001170.tif HTTP/1.1" 200 187522
190.60.237.90 - - [28/Oct/2014:01:50:15 -0500] "GET /BLA/boletinlegal/js/jquery.js HTTP/1.1" 200 57254
190.60.237.90 - - [28/Oct/2014:01:50:15 -0500] "GET /BLA/boletinlegal/js/jquery.scrollTo-min.js HTTP/1.1" 200 1150
190.60.237.90 - - [28/Oct/2014:01:50:15 -0500] "GET /BLA/boletinlegal/js/jquery.scrollShow.js HTTP/1.1" 200 4586
180.76.5.173 - - [28/Oct/2014:01:50:18 -0500] "GET /BLA/resoluciones/AUTOS%202011/2085.pdf HTTP/1.1" 200 141991
66.249.64.163 - - [28/Oct/2014:01:50:32 -0500] "GET /BLA/resoluciones/RESOLUCIONES%202011/4747.pdf HTTP/1.1" 200 545196
190.66.108.60 - - [28/Oct/2014:01:50:49 -0500] "GET /BLA/resoluciones/AUTOS%202012/1114.pdf HTTP/1.1" 200 172012
190.66.108.60 - - [28/Oct/2014:01:50:50 -0500] "GET /favicon.ico HTTP/1.1" 200 7782
190.66.108.60 - - [28/Oct/2014:01:50:50 -0500] "GET /favicon.ico HTTP/1.1" 206 3729
190.66.108.60 - - [28/Oct/2014:01:50:50 -0500] "GET /favicon.ico HTTP/1.1" 206 3729
66.249.64.167 - - [28/Oct/2014:01:51:08 -0500] "GET /BLA/resoluciones/AUTOS%202009/0098.pdf HTTP/1.1" 200 103058
185.10.104.130 - - [28/Oct/2014:01:51:18 -0500] "GET /BLA/resoluciones/AUTOS%202012/2337.pdf HTTP/1.1" 200 2397291
66.249.64.171 - - [28/Oct/2014:01:51:44 -0500] "GET /BLA/resoluciones/AUTOS%202010/6614.pdf HTTP/1.1" 200 153153
66.249.64.167 - - [28/Oct/2014:01:52:06 -0500] "GET /BLA/resoluciones/RESOLUCIONES%202006/RES%202006%201551-1600/00001599.tif HTTP/1.1" 200 195552
66.249.64.167 - - [28/Oct/2014:01:52:19 -0500] "GET /BLA/resoluciones/RESOLUCIONES%202011/3522.pdf HTTP/1.1" 200 263155
66.249.64.163 - - [28/Oct/2014:01:52:54 -0500] "GET /BLA/resoluciones/RESOLUCIONES%202011/3586.pdf HTTP/1.1" 200 638372
186.83.155.103 - - [28/Oct/2014:01:53:10 -0500] "GET /BLA/boletinlegal/js/jquery.js HTTP/1.1" 200 57254
186.83.155.103 - - [28/Oct/2014:01:53:10 -0500] "GET /BLA/boletinlegal/js/jquery.scrollTo-min.js HTTP/1.1" 200 1150
186.83.155.103 - - [28/Oct/2014:01:53:10 -0500] "GET /BLA/boletinlegal/js/jquery.scrollShow.js HTTP/1.1" 200 4586
66.249.64.171 - - [28/Oct/2014:01:53:30 -0500] "GET /autoliquidacion/Solicitud%20de%20Clasificaci%C3%B3n%20de%20Impacto%20Ambiental/lista-chequeo-sol-clasificacion-impacto-ambiental0.pdf HTTP/1.1" 200 124784
190.26.210.162 - - [28/Oct/2014:01:53:37 -0500] "GET / HTTP/1.1" 302 -
66.249.64.163 - - [28/Oct/2014:01:54:05 -0500] "GET /BLA/resoluciones/AUTOS%202009/2965.pdf HTTP/1.1" 200 115478
180.76.6.55 - - [28/Oct/2014:01:54:21 -0500] "GET /BLA/resoluciones/AUTOS%202010/4271.pdf HTTP/1.1" 200 238597
66.249.64.163 - - [28/Oct/2014:01:54:31 -0500] "GET /BLA/resoluciones/RESOLUCIONES%202003/RES%202003%201001-1050/1036.tif HTTP/1.1" 200 122436
66.249.64.171 - - [28/Oct/2014:01:54:41 -0500] "GET /BLA/resoluciones/AUTOS%202010/1312.pdf HTTP/1.1" 200 227257
74.86.158.107 - - [28/Oct/2014:01:55:01 -0500] "HEAD / HTTP/1.1" 302 -
190.26.210.162 - - [28/Oct/2014:01:55:05 -0500] "GET /BLA/boletinlegal/js/jquery.js HTTP/1.1" 200 57254
190.26.210.162 - - [28/Oct/2014:01:55:06 -0500] "GET /BLA/boletinlegal/js/jquery.scrollTo-min.js HTTP/1.1" 200 1150
190.26.210.162 - - [28/Oct/2014:01:55:06 -0500] "GET /BLA/boletinlegal/js/jquery.scrollShow.js HTTP/1.1" 200 4586
66.249.64.171 - - [28/Oct/2014:01:55:17 -0500] "GET /BLA/resoluciones/AUTOS%202010/6649.pdf HTTP/1.1" 200 156049
190.26.210.162 - - [28/Oct/2014:01:55:19 -0500] "GET /galeria/nivo-slider/demo/demo.html HTTP/1.1" 200 3300
190.26.210.162 - - [28/Oct/2014:01:55:19 -0500] "GET /galeria/carrusel/Carrusel/jquery.thumbnailScroller.css HTTP/1.1" 200 2066
190.26.210.162 - - [28/Oct/2014:01:55:19 -0500] "GET /galeria/carrusel/Carrusel/jquery-ui- HTTP/1.1" 404 1018
190.201.119.43 - - [28/Oct/2014:01:55:19 -0500] "GET /silvicultura/1.pdf HTTP/1.1" 404 1284
190.26.210.162 - - [28/Oct/2014:01:55:20 -0500] "GET /galeria/carrusel/Carrusel/jquery.thumbnailScroller.js HTTP/1.1" 200 8157
180.76.5.80 - - [28/Oct/2014:01:55:21 -0500] "GET /BLA/resoluciones/AUTOS%202009/2830.pdf HTTP/1.1" 200 91148
190.26.210.162 - - [28/Oct/2014:01:55:25 -0500] "GET /videos/Spot_Tinguas.flv HTTP/1.1" 200 2087054
190.26.210.162 - - [28/Oct/2014:01:55:28 -0500] "GET /galeria/nivo-slider/demo/ HTTP/1.1" 200 2278
66.249.64.167 - - [28/Oct/2014:01:55:52 -0500] "GET /BLA/resoluciones/RESOLUCIONES%202011/2038.pdf HTTP/1.1" 200 775982
190.26.210.162 - - [28/Oct/2014:01:55:19 -0500] "GET /BLA/boletinlegal/index.php? HTTP/1.1" 200 48956
190.66.108.60 - - [28/Oct/2014:01:56:02 -0500] "GET /silvicultura/1.pdf HTTP/1.1" 404 1308
190.25.232.143 - - [28/Oct/2014:01:56:37 -0500] "GET /videos/SpotJardines4.flv HTTP/1.1" 304 -
190.66.108.60 - - [28/Oct/2014:01:56:45 -0500] "GET /silvicultura/1.pdf HTTP/1.1" 404 1308
178.32.4.212 - - [28/Oct/2014:01:57:01 -0500] "GET /auntentica.txt HTTP/1.1" 404 1153
190.66.108.60 - - [28/Oct/2014:01:57:01 -0500] "GET /silvicultura/11.pdf HTTP/1.1" 404 1308
66.249.64.167 - - [28/Oct/2014:01:57:03 -0500] "GET /BLA/resoluciones/RESOLUCIONES%202011/5080.pdf HTTP/1.1" 200 473485
190.66.108.60 - - [28/Oct/2014:01:57:09 -0500] "GET /galeria/nivo-slider/demo/demo.html HTTP/1.1" 200 3300
190.66.108.60 - - [28/Oct/2014:01:57:09 -0500] "GET /galeria/nivo-slider/demo/images/banner-conejera1.jpg HTTP/1.1" 200 136228
190.66.108.60 - - [28/Oct/2014:01:57:09 -0500] "GET /galeria/nivo-slider/demo/images/banner-aceite3.jpg HTTP/1.1" 200 88347
190.66.108.60 - - [28/Oct/2014:01:57:09 -0500] "GET /galeria/nivo-slider/demo/images/Tingua-azul.jpg HTTP/1.1" 200 307638
190.66.108.60 - - [28/Oct/2014:01:57:09 -0500] "GET /galeria/nivo-slider/demo/images/mesTIC.jpg HTTP/1.1" 200 180719
190.66.108.60 - - [28/Oct/2014:01:57:10 -0500] "GET /galeria/nivo-slider/demo/images/Banner-Caracol-Africano.jpg HTTP/1.1" 200 331986
190.66.108.60 - - [28/Oct/2014:01:57:10 -0500] "GET /galeria/nivo-slider/demo/images/banner-redes.jpg HTTP/1.1" 200 62209
190.66.108.60 - - [28/Oct/2014:01:57:11 -0500] "GET /videos/Spot_Tinguas.flv HTTP/1.1" 200 2087054
190.66.108.60 - - [28/Oct/2014:01:57:11 -0500] "GET /galeria/nivo-slider/demo/images/9Signos.jpg HTTP/1.1" 200 93040
190.66.108.60 - - [28/Oct/2014:01:57:12 -0500] "GET /galeria/nivo-slider/demo/images/Hacienda_Molinos.jpg HTTP/1.1" 200 319171
190.66.108.60 - - [28/Oct/2014:01:57:13 -0500] "GET /galeria/nivo-slider/demo/images/bannerEcolecta3.jpg HTTP/1.1" 200 280034
190.66.108.60 - - [28/Oct/2014:01:57:37 -0500] "GET /videos/Spot_Tinguas.flv HTTP/1.1" 206 707337
66.249.64.167 - - [28/Oct/2014:01:57:39 -0500] "GET /BLA/resoluciones/AUTOS%202009/0464.pdf HTTP/1.1" 200 173375
66.249.64.167 - - [28/Oct/2014:01:58:07 -0500] "GET /BLA/resoluciones/AUTOS%202007/3282.pdf HTTP/1.1" 200 198682
66.249.64.171 - - [28/Oct/2014:01:58:15 -0500] "GET /BLA/resoluciones/RESOLUCIONES%202011/5297.pdf HTTP/1.1" 200 145195
66.249.64.171 - - [28/Oct/2014:01:58:50 -0500] "GET /BLA/resoluciones/RESOLUCIONES%202009/8939.pdf HTTP/1.1" 200 279745
66.249.64.167 - - [28/Oct/2014:01:59:03 -0500] "GET /BLA/resoluciones/RESOLUCIONES%202003/RES%202003%201001-1050/1047.tif HTTP/1.1" 200 432376
209.190.1.131 - - [28/Oct/2014:01:59:13 -0500] "GET /galeria/nivo-slider/demo/demo.html HTTP/1.1" 200 3300
66.249.64.167 - - [28/Oct/2014:01:59:26 -0500] "GET /BLA/resoluciones/RESOLUCIONES%202010/0146.pdf HTTP/1.1" 200 382572
66.249.64.171 - - [28/Oct/2014:01:59:27 -0500] "GET /BLA/resoluciones/AUTOS%202009/0909.pdf HTTP/1.1" 200 123153
190.66.108.60 - - [28/Oct/2014:01:59:33 -0500] "GET /silvicultura/1.pdf HTTP/1.1" 404 1308
66.249.64.171 - - [28/Oct/2014:01:59:43 -0500] "GET /BLA/resoluciones/AUTOS%202009/3037.pdf HTTP/1.1" 200 101070
66.249.64.171 - - [28/Oct/2014:01:59:44 -0500] "GET /BLA/resoluciones/RESOLUCIONES%202010/0389.pdf HTTP/1.1" 200 63688
74.86.158.107 - - [28/Oct/2014:02:00:01 -0500] "HEAD / HTTP/1.1" 302 -
66.249.64.167 - - [28/Oct/2014:02:00:01 -0500] "GET /BLA/resoluciones/RESOLUCIONES%202009/7640.pdf HTTP/1.1" 200 513633
66.249.64.167 - - [28/Oct/2014:02:00:34 -0500] "GET /BLA/resoluciones/RESOLUCIONES%202002/RES%202002%201901-1950/20021908.tif HTTP/1.1" 200 1254994
66.249.64.171 - - [28/Oct/2014:02:00:37 -0500] "GET /BLA/resoluciones/RESOLUCIONES%202011/2881.pdf HTTP/1.1" 200 765494
180.76.5.148 - - [28/Oct/2014:02:00:54 -0500] "GET /BLA/resoluciones/AUTOS%202009/1285.pdf HTTP/1.1" 200 164692
66.249.64.171 - - [28/Oct/2014:02:01:13 -0500] "GET /BLA/resoluciones/RESOLUCIONES%202010/0038.pdf HTTP/1.1" 200 40010
190.66.108.60 - - [28/Oct/2014:02:01:19 -0500] "GET /silvicultura/6.pdf HTTP/1.1" 404 1330
66.249.64.167 - - [28/Oct/2014:02:01:48 -0500] "GET /BLA/resoluciones/RESOLUCIONES%202011/5685.pdf HTTP/1.1" 200 360117
201.245.192.253 - - [28/Oct/2014:02:01:59 -0500] "GET /BLA/boletinlegal/actos.php HTTP/1.1" 200 7534
201.245.192.253 - - [28/Oct/2014:02:02:13 -0500] "GET /arcgis/services/Calidad_del_Agua_WQI/MapServer/WMSServer?LAYERS=6%2C8%2C4&TRANSPARENT=TRUE&PROJECTION=EPSG%3A4326&FORMAT=image%2Fpng&SERVICE=WMS&VERSION=1.1.1&REQUEST=GetMap&STYLES=&SRS=EPSG%3A4326&BBOX=-73.828125,4.74609375,-73.65234375,4.921875&WIDTH=256&HEIGHT=256 HTTP/1.1" 200 875
201.245.199.34 - - [28/Oct/2014:02:02:18 -0500] "GET /BLA/resoluciones/AUTOS%202010/6258.pdf HTTP/1.1" 200 195654
201.245.199.34 - - [28/Oct/2014:02:02:18 -0500] "GET /favicon.ico HTTP/1.1" 200 7782
66.249.64.167 - - [28/Oct/2014:02:02:24 -0500] "GET /BLA/resoluciones/RESOLUCIONES%202010/1121.pdf HTTP/1.1" 200 102684
201.245.192.253 - - [28/Oct/2014:02:02:40 -0500] "GET /forest/css/jquery.realperson.css HTTP/1.1" 304 -
66.249.64.171 - - [28/Oct/2014:02:03:00 -0500] "GET /BLA/resoluciones/RESOLUCIONES%202011/2732.pdf HTTP/1.1" 200 767894
66.249.64.171 - - [28/Oct/2014:02:03:27 -0500] "GET /BLA/resoluciones/RESOLUCIONES%202004/RES%202004%201151-1200/00001160.tif HTTP/1.1" 200 196118
66.249.64.171 - - [28/Oct/2014:02:03:35 -0500] "GET /BLA/resoluciones/RESOLUCIONES%202011/4019.pdf HTTP/1.1" 200 803416
201.245.192.253 - - [28/Oct/2014:02:03:37 -0500] "GET /arcgis/services/Calidad_del_Agua_WQI/MapServer/WMSServer?LAYERS=6%2C8%2C4&TRANSPARENT=TRUE&PROJECTION=EPSG%3A4326&FORMAT=image%2Fpng&SERVICE=WMS&VERSION=1.1.1&REQUEST=GetMap&STYLES=&SRS=EPSG%3A4326&BBOX=-74.35546875,4.5703125,-74.1796875,4.74609375&WIDTH=256&HEIGHT=256 HTTP/1.1" 200 1084
201.245.192.253 - - [28/Oct/2014:02:03:59 -0500] "GET /arcgis/services/Calidad_del_Agua_WQI/MapServer/WMSServer?LAYERS=6%2C8%2C4&TRANSPARENT=TRUE&PROJECTION=EPSG%3A4326&FORMAT=image%2Fpng&SERVICE=WMS&VERSION=1.1.1&REQUEST=GetMap&STYLES=&SRS=EPSG%3A4326&BBOX=-74.1796875,4.39453125,-74.00390625,4.5703125&WIDTH=256&HEIGHT=256 HTTP/1.1" 200 1688
66.249.64.167 - - [28/Oct/2014:02:04:11 -0500] "GET /BLA/resoluciones/RESOLUCIONES%202010/4279.pdf HTTP/1.1" 200 401183
66.249.64.171 - - [28/Oct/2014:02:04:46 -0500] "GET /BLA/resoluciones/RESOLUCIONES%202011/3766.pdf HTTP/1.1" 200 470903
190.9.254.171 - - [28/Oct/2014:02:04:56 -0500] "GET /BLA/boletinlegal/js/jquery.js HTTP/1.1" 200 57254
190.9.254.171 - - [28/Oct/2014:02:04:56 -0500] "GET /BLA/boletinlegal/js/jquery.scrollTo-min.js HTTP/1.1" 200 1150
190.9.254.171 - - [28/Oct/2014:02:04:56 -0500] "GET /BLA/boletinlegal/js/jquery.scrollShow.js HTTP/1.1" 200 4586
74.86.158.107 - - [28/Oct/2014:02:05:01 -0500] "HEAD / HTTP/1.1" 302 -
66.249.64.171 - - [28/Oct/2014:02:05:18 -0500] "GET /BLA/resoluciones/AUTOS%202009/1115.pdf HTTP/1.1" 200 115996
66.249.64.171 - - [28/Oct/2014:02:05:22 -0500] "GET /BLA/resoluciones/RESOLUCIONES%202011/2598.pdf HTTP/1.1" 200 704752
66.249.64.163 - - [28/Oct/2014:02:05:33 -0500] "GET /BLA/resoluciones/AUTOS%202009/2241.pdf HTTP/1.1" 200 124056
66.249.64.163 - - [28/Oct/2014:02:05:58 -0500] "GET /BLA/resoluciones/AUTOS%202011/3650.pdf HTTP/1.1" 200 418406
201.245.192.253 - - [28/Oct/2014:02:06:05 -0500] "GET /forest/1ibre/jscalendar/updown.gif HTTP/1.1" 304 -
66.249.64.167 - - [28/Oct/2014:02:06:32 -0500] "GET /BLA/resoluciones/RESOLUCIONES%202011/0466.pdf HTTP/1.1" 200 154427
66.249.64.167 - - [28/Oct/2014:02:07:09 -0500] "GET /BLA/resoluciones/RESOLUCIONES%202010/1618.pdf HTTP/1.1" 200 471613
66.249.64.171 - - [28/Oct/2014:02:07:17 -0500] "GET /BLA/resoluciones/RESOLUCIONES%202010/7006.pdf HTTP/1.1" 200 62973
66.249.64.171 - - [28/Oct/2014:02:07:44 -0500] "GET /BLA/resoluciones/RESOLUCIONES%202011/2524.pdf HTTP/1.1" 200 744702
66.249.64.163 - - [28/Oct/2014:02:08:02 -0500] "GET /BLA/resoluciones/RESOLUCIONES%202003/RES%202003%201001-1050/1003.tif HTTP/1.1" 200 139828
66.249.64.167 - - [28/Oct/2014:02:08:20 -0500] "GET /BLA/resoluciones/RESOLUCIONES%202010/0381.pdf HTTP/1.1" 200 106428
66.249.64.171 - - [28/Oct/2014:02:08:56 -0500] "GET /BLA/resoluciones/RESOLUCIONES%202010/0029.pdf HTTP/1.1" 200 394508
66.249.64.163 - - [28/Oct/2014:02:09:31 -0500] "GET /BLA/resoluciones/RESOLUCIONES%202011/3900.pdf HTTP/1.1" 200 516328
74.86.158.107 - - [28/Oct/2014:02:10:01 -0500] "HEAD / HTTP/1.1" 302 -
66.249.64.167 - - [28/Oct/2014:02:10:07 -0500] "GET /BLA/resoluciones/RESOLUCIONES%202011/2803.pdf HTTP/1.1" 200 761814
190.201.119.43 - - [28/Oct/2014:02:10:15 -0500] "GET /hidrico/aguas%20subterraneas/ HTTP/1.1" 404 1296
201.245.192.253 - - [28/Oct/2014:02:10:23 -0500] "GET /galeria/nivo-slider/demo/demo.html HTTP/1.1" 304 -
66.249.64.167 - - [28/Oct/2014:02:10:31 -0500] "GET /BLA/resoluciones/RESOLUCIONES%202011/3119.pdf HTTP/1.1" 200 640144
123.125.71.49 - - [28/Oct/2014:02:10:52 -0500] "GET / HTTP/1.1" 302 -
66.249.64.167 - - [28/Oct/2014:02:11:18 -0500] "GET /BLA/resoluciones/RESOLUCIONES%202010/0091.pdf HTTP/1.1" 200 500069
66.249.64.167 - - [28/Oct/2014:02:11:19 -0500] "GET /BLA/resoluciones/RESOLUCIONES%202009/5776.pdf HTTP/1.1" 200 1006847
190.66.108.60 - - [28/Oct/2014:02:11:38 -0500] "GET /BLA/resoluciones/AUTOS%202013/0055.pdf HTTP/1.1" 200 308963
190.66.108.60 - - [28/Oct/2014:02:11:39 -0500] "GET /BLA/resoluciones/AUTOS%202013/0055.pdf HTTP/1.1" 206 46819
190.66.108.60 - - [28/Oct/2014:02:11:39 -0500] "GET /BLA/resoluciones/AUTOS%202013/0055.pdf HTTP/1.1" 206 65536
190.66.108.60 - - [28/Oct/2014:02:11:40 -0500] "GET /BLA/resoluciones/AUTOS%202013/0055.pdf HTTP/1.1" 206 65536
