195.154.77.10 - - [28/Oct/2014:06:23:17 -0500] "GET /MANUALFUNC/Ecosistemas/?C=N;O=D HTTP/1.0" 404 1015
66.249.64.167 - - [28/Oct/2014:06:23:28 -0500] "GET /BLA/resoluciones/AUTOS%202009/0668.pdf HTTP/1.1" 200 68216
66.249.64.171 - - [28/Oct/2014:06:23:30 -0500] "GET /BLA/resoluciones/RESOLUCIONES%202008/2154.pdf HTTP/1.1" 200 336584
181.54.3.96 - - [28/Oct/2014:06:23:38 -0500] "GET /BLA/boletinlegal/js/jquery.js HTTP/1.1" 200 57254
181.54.3.96 - - [28/Oct/2014:06:23:38 -0500] "GET /BLA/boletinlegal/js/jquery.scrollTo-min.js HTTP/1.1" 200 1150
181.54.3.96 - - [28/Oct/2014:06:23:38 -0500] "GET /BLA/boletinlegal/js/jquery.scrollShow.js HTTP/1.1" 200 4586
195.154.77.10 - - [28/Oct/2014:06:23:40 -0500] "GET /MANUALFUNC/Ecosistemas/?C=S;O=A HTTP/1.0" 404 1015
195.154.77.10 - - [28/Oct/2014:06:23:55 -0500] "GET /MANUALFUNC/Gestion%20Local/?C=N;O=D HTTP/1.0" 404 1015
66.249.64.171 - - [28/Oct/2014:06:24:05 -0500] "GET /BLA/resoluciones/RESOLUCIONES%202011/1884.pdf HTTP/1.1" 200 513594
66.249.64.167 - - [28/Oct/2014:06:24:06 -0500] "GET /BLA/resoluciones/RESOLUCIONES%202009/6191.pdf HTTP/1.1" 200 661736
201.184.144.243 - - [28/Oct/2014:06:24:07 -0500] "GET /BLA/boletinlegal/js/jquery.js HTTP/1.1" 200 57254
201.184.144.243 - - [28/Oct/2014:06:24:07 -0500] "GET /BLA/boletinlegal/js/jquery.scrollTo-min.js HTTP/1.1" 200 1150
201.184.144.243 - - [28/Oct/2014:06:24:07 -0500] "GET /BLA/boletinlegal/js/jquery.scrollShow.js HTTP/1.1" 200 4586
195.154.77.10 - - [28/Oct/2014:06:24:07 -0500] "GET /MANUALFUNC/Gestion%20Local/?C=S;O=A HTTP/1.0" 404 1015
195.154.77.10 - - [28/Oct/2014:06:24:22 -0500] "GET /POT-2013/index.php?dir=Articulado/&sort=date&order=desc HTTP/1.0" 200 1856
195.154.77.10 - - [28/Oct/2014:06:24:30 -0500] "GET /POT-2013/index.php?dir=Articulado/&sort=name&order=asc HTTP/1.0" 200 1857
66.249.64.163 - - [28/Oct/2014:06:24:41 -0500] "GET /BLA/resoluciones/RESOLUCIONES%202009/7289.pdf HTTP/1.1" 200 301925
66.249.64.163 - - [28/Oct/2014:06:24:41 -0500] "GET /BLA/resoluciones/RESOLUCIONES%202011/4208.pdf HTTP/1.1" 200 487489
195.154.77.10 - - [28/Oct/2014:06:24:42 -0500] "GET /PruebasSTORM/StormSDA_pruebas/?C=D;O=A HTTP/1.0" 200 3555
195.154.77.10 - - [28/Oct/2014:06:24:49 -0500] "GET /PruebasSTORM/StormSDA_pruebas/?C=M;O=A HTTP/1.0" 200 3555
195.154.77.10 - - [28/Oct/2014:06:25:00 -0500] "GET /PruebasSTORM/StormSDA_pruebas/?C=N;O=A HTTP/1.0" 200 3555
74.86.158.107 - - [28/Oct/2014:06:25:00 -0500] "HEAD / HTTP/1.1" 302 -
195.154.77.10 - - [28/Oct/2014:06:25:15 -0500] "GET /PruebasSTORM/StormSDA_pruebas/?C=N;O=D HTTP/1.0" 200 3555
155.94.133.215 - - [28/Oct/2014:06:25:15 -0500] "GET /auntentica.txt HTTP/1.1" 404 1153
66.249.64.163 - - [28/Oct/2014:06:25:16 -0500] "GET /BLA/resoluciones/RESOLUCIONES%202008/2651.pdf HTTP/1.1" 200 199888
66.249.64.167 - - [28/Oct/2014:06:25:17 -0500] "GET /BLA/resoluciones/RESOLUCIONES%202011/3133.pdf HTTP/1.1" 200 67447
195.154.77.10 - - [28/Oct/2014:06:25:23 -0500] "GET /PruebasSTORM/StormSDA_pruebas/?C=S;O=A HTTP/1.0" 200 3555
195.154.77.10 - - [28/Oct/2014:06:25:32 -0500] "GET /PruebasSTORM/silvicultura2Pruebas/?C=D;O=A HTTP/1.0" 200 1231
201.245.192.253 - - [28/Oct/2014:06:25:33 -0500] "GET /embed/37LV_LngXBc HTTP/1.1" 404 1267
201.245.192.253 - - [28/Oct/2014:06:25:35 -0500] "GET /embed/37LV_LngXBc HTTP/1.1" 404 1267
195.154.77.10 - - [28/Oct/2014:06:25:40 -0500] "GET /PruebasSTORM/silvicultura2Pruebas/?C=D;O=D HTTP/1.0" 200 1231
66.249.64.167 - - [28/Oct/2014:06:25:50 -0500] "GET /BLA/resoluciones/AUTOS%202007/3862.pdf HTTP/1.1" 200 87981
66.249.64.171 - - [28/Oct/2014:06:25:51 -0500] "GET /BLA/resoluciones/RESOLUCIONES%202009/3215.pdf HTTP/1.1" 200 566673
66.249.64.163 - - [28/Oct/2014:06:25:53 -0500] "GET /BLA/resoluciones/AUTOS%202010/6613.pdf HTTP/1.1" 200 150091
195.154.77.10 - - [28/Oct/2014:06:25:59 -0500] "GET /PruebasSTORM/silvicultura2Pruebas/?C=M;O=A HTTP/1.0" 200 1231
202.46.63.81 - - [28/Oct/2014:06:26:16 -0500] "GET /BLA/resoluciones/AUTOS%202010/4411.pdf HTTP/1.1" 200 94977
195.154.77.10 - - [28/Oct/2014:06:26:17 -0500] "GET /PruebasSTORM/silvicultura2Pruebas/?C=M;O=D HTTP/1.0" 200 1231
191.146.42.172 - - [28/Oct/2014:06:26:18 -0500] "GET /favicon.ico HTTP/1.1" 200 7782
66.249.64.167 - - [28/Oct/2014:06:26:27 -0500] "GET /robots.txt HTTP/1.1" 404 1018
66.249.64.171 - - [28/Oct/2014:06:26:27 -0500] "GET /BLA/resoluciones/RESOLUCIONES%202008/1283.pdf HTTP/1.1" 200 223572
195.154.77.10 - - [28/Oct/2014:06:26:29 -0500] "GET /PruebasSTORM/silvicultura2Pruebas/?C=N;O=D HTTP/1.0" 200 1231
66.249.64.167 - - [28/Oct/2014:06:26:30 -0500] "GET /BLA/resoluciones/RESOLUCIONES%202010/0145.pdf HTTP/1.1" 200 53556
195.154.77.10 - - [28/Oct/2014:06:26:47 -0500] "GET /PruebasSTORM/silvicultura2Pruebas/?C=S;O=A HTTP/1.0" 200 1231
195.154.77.10 - - [28/Oct/2014:06:26:54 -0500] "GET /PruebasSTORM/silvicultura2Pruebas/?C=S;O=D HTTP/1.0" 200 1231
66.249.64.163 - - [28/Oct/2014:06:27:02 -0500] "GET /BLA/resoluciones/RESOLUCIONES%202009/6632.pdf HTTP/1.1" 200 410978
195.154.77.10 - - [28/Oct/2014:06:27:05 -0500] "GET /PruebasSTORM/silvicultura2Pruebas/index2.php HTTP/1.0" 200 414
66.249.64.163 - - [28/Oct/2014:06:27:06 -0500] "GET /BLA/resoluciones/AUTOS%202009/2212.pdf HTTP/1.1" 200 114812
195.154.77.10 - - [28/Oct/2014:06:27:19 -0500] "GET /REDAIRE/?C=D;O=D HTTP/1.0" 404 1015
195.154.77.10 - - [28/Oct/2014:06:27:32 -0500] "GET /StormSDA/lib/?C=D;O=A HTTP/1.0" 200 6375
66.249.64.163 - - [28/Oct/2014:06:27:37 -0500] "GET /BLA/resoluciones/RESOLUCIONES%202009/1974.pdf HTTP/1.1" 200 585720
195.154.77.10 - - [28/Oct/2014:06:27:48 -0500] "GET /StormSDA/lib/?C=M;O=A HTTP/1.0" 200 6375
195.154.77.10 - - [28/Oct/2014:06:27:56 -0500] "GET /StormSDA/lib/?C=N;O=A HTTP/1.0" 200 6375
195.154.77.10 - - [28/Oct/2014:06:28:06 -0500] "GET /StormSDA/lib/?C=N;O=D HTTP/1.0" 200 6375
186.83.26.179 - - [28/Oct/2014:06:28:06 -0500] "GET /BLA/boletinlegal/js/jquery.js HTTP/1.1" 200 57254
186.83.26.179 - - [28/Oct/2014:06:28:06 -0500] "GET /BLA/boletinlegal/js/jquery.scrollShow.js HTTP/1.1" 200 4586
186.83.26.179 - - [28/Oct/2014:06:28:06 -0500] "GET /BLA/boletinlegal/js/jquery.scrollTo-min.js HTTP/1.1" 200 1150
186.83.26.179 - - [28/Oct/2014:06:28:06 -0500] "GET /galeria/carrusel/Carrusel/jquery.thumbnailScroller.css HTTP/1.1" 200 2066
186.83.26.179 - - [28/Oct/2014:06:28:06 -0500] "GET /galeria/carrusel/Carrusel/jquery-ui-1.8.13.custom.min.js HTTP/1.1" 200 10800
186.83.26.179 - - [28/Oct/2014:06:28:06 -0500] "GET /galeria/carrusel/Carrusel/jquery.thumbnailScroller.js HTTP/1.1" 200 8157
186.83.26.179 - - [28/Oct/2014:06:28:09 -0500] "GET /galeria/nivo-slider/demo/demo.html HTTP/1.1" 200 3300
186.83.26.179 - - [28/Oct/2014:06:28:10 -0500] "GET /galeria/nivo-slider/themes/pascal/pascal.css HTTP/1.1" 200 2258
186.83.26.179 - - [28/Oct/2014:06:28:10 -0500] "GET /galeria/nivo-slider/themes/default/default.css HTTP/1.1" 200 1569
186.83.26.179 - - [28/Oct/2014:06:28:10 -0500] "GET /galeria/nivo-slider/nivo-slider.css HTTP/1.1" 200 1507
186.83.26.179 - - [28/Oct/2014:06:28:10 -0500] "GET /galeria/nivo-slider/themes/orman/orman.css HTTP/1.1" 200 2152
186.83.26.179 - - [28/Oct/2014:06:28:10 -0500] "GET /galeria/nivo-slider/demo/style.css HTTP/1.1" 200 2222
186.83.26.179 - - [28/Oct/2014:06:28:10 -0500] "GET /galeria/nivo-slider/jquery.nivo.slider.pack.js HTTP/1.1" 200 11561
186.83.26.179 - - [28/Oct/2014:06:28:10 -0500] "GET /galeria/nivo-slider/demo/scripts/jquery-1.7.1.min.js HTTP/1.1" 200 93868
186.83.26.179 - - [28/Oct/2014:06:28:10 -0500] "GET /galeria/nivo-slider/demo/images/banner-conejera1.jpg HTTP/1.1" 200 136228
186.83.26.179 - - [28/Oct/2014:06:28:10 -0500] "GET /galeria/nivo-slider/themes/default/loading.gif HTTP/1.1" 200 1737
186.83.26.179 - - [28/Oct/2014:06:28:10 -0500] "GET /galeria/nivo-slider/demo/images/4Simple_Slider.png HTTP/1.1" 200 11722
186.83.26.179 - - [28/Oct/2014:06:28:10 -0500] "GET /galeria/nivo-slider/demo/images/banner-aceite3.jpg HTTP/1.1" 200 88347
186.83.26.179 - - [28/Oct/2014:06:28:10 -0500] "GET /galeria/nivo-slider/demo/images/mesTIC.jpg HTTP/1.1" 200 180719
186.83.26.179 - - [28/Oct/2014:06:28:10 -0500] "GET /galeria/nivo-slider/demo/images/Tingua-azul.jpg HTTP/1.1" 200 307638
180.76.6.152 - - [28/Oct/2014:06:28:10 -0500] "GET /BLA/resoluciones/AUTOS%202011/4113.pdf HTTP/1.1" 200 245534
186.83.26.179 - - [28/Oct/2014:06:28:10 -0500] "GET /galeria/nivo-slider/demo/images/Banner-Caracol-Africano.jpg HTTP/1.1" 200 331986
152.61.193.99 - - [28/Oct/2014:06:28:10 -0500] "HEAD / HTTP/1.1" 302 -
186.83.26.179 - - [28/Oct/2014:06:28:10 -0500] "GET /galeria/nivo-slider/demo/images/banner-redes.jpg HTTP/1.1" 200 62209
186.83.26.179 - - [28/Oct/2014:06:28:11 -0500] "GET /galeria/nivo-slider/demo/images/9Signos.jpg HTTP/1.1" 200 93040
186.83.26.179 - - [28/Oct/2014:06:28:11 -0500] "GET /galeria/nivo-slider/demo/images/banner-llantas2.jpg HTTP/1.1" 200 73153
186.83.26.179 - - [28/Oct/2014:06:28:11 -0500] "GET /galeria/nivo-slider/demo/images/banner-caballos.png HTTP/1.1" 200 389106
186.83.26.179 - - [28/Oct/2014:06:28:12 -0500] "GET /galeria/nivo-slider/demo/images/Hacienda_Molinos.jpg HTTP/1.1" 200 319171
186.83.26.179 - - [28/Oct/2014:06:28:13 -0500] "GET /galeria/nivo-slider/demo/images/bannerEcolecta3.jpg HTTP/1.1" 200 280034
66.249.64.171 - - [28/Oct/2014:06:28:13 -0500] "GET /BLA/resoluciones/AUTOS%202007/0591.pdf HTTP/1.1" 200 169778
186.83.26.179 - - [28/Oct/2014:06:28:15 -0500] "GET /videos/Spot_Tinguas.flv HTTP/1.1" 200 2087054
186.83.26.179 - - [28/Oct/2014:06:28:15 -0500] "GET /galeria/nivo-slider/themes/default/arrows.png HTTP/1.1" 200 824
186.83.26.179 - - [28/Oct/2014:06:28:15 -0500] "GET /galeria/nivo-slider/themes/default/bullets.png HTTP/1.1" 200 1281
152.61.193.99 - - [28/Oct/2014:06:28:17 -0500] "GET /arcgis/services/Calidad_del_Agua_WQI/MapServer/WMSServer?SERVICE=WMS&REQUEST=GetCapabilities HTTP/1.1" 200 32135
195.154.77.10 - - [28/Oct/2014:06:28:18 -0500] "GET /StormSDA/lib/?C=S;O=A HTTP/1.0" 200 6375
152.61.193.99 - - [28/Oct/2014:06:28:18 -0500] "GET /arcgis/services/Calidad_del_Agua_WQI/MapServer/WMSServer?SERVICE=WMS&REQUEST=GetCapabilities HTTP/1.1" 200 32135
66.249.64.167 - - [28/Oct/2014:06:28:18 -0500] "GET /BLA/resoluciones/RESOLUCIONES%202011/3702.pdf HTTP/1.1" 200 524354
152.61.193.99 - - [28/Oct/2014:06:28:19 -0500] "GET /arcgis/services/Calidad_del_Agua_WQI/MapServer/WMSServer?SERVICE=WMS&REQUEST=GetCapabilities HTTP/1.1" 200 32135
152.61.193.99 - - [28/Oct/2014:06:28:19 -0500] "GET /arcgis/services/Calidad_del_Agua_WQI/MapServer/WMSServer?SERVICE=WMS&REQUEST=GetCapabilities HTTP/1.1" 200 32135
152.61.193.99 - - [28/Oct/2014:06:28:20 -0500] "GET /arcgis/services/Calidad_del_Agua_WQI/MapServer/WMSServer?VERSION=1.1.1&REQUEST=GetMap&LAYERS=0&SRS=EPSG:4326&BBOX=-74.473395,3.674381,-73.963300,4.920569&WIDTH=250&HEIGHT=250&FORMAT=image/bmp&STYLES=& HTTP/1.1" 200 188054
195.154.77.10 - - [28/Oct/2014:06:28:25 -0500] "GET /StormSDA/lib/myKeystore HTTP/1.0" 200 1254
195.154.77.10 - - [28/Oct/2014:06:28:32 -0500] "GET /StormSDA/stormWeb/img/?C=D;O=A HTTP/1.0" 200 2921
195.154.77.10 - - [28/Oct/2014:06:28:39 -0500] "GET /StormSDA/stormWeb/img/?C=M;O=A HTTP/1.0" 200 2921
195.154.77.10 - - [28/Oct/2014:06:28:48 -0500] "GET /StormSDA/stormWeb/img/?C=N;O=D HTTP/1.0" 200 2921
66.249.64.171 - - [28/Oct/2014:06:28:48 -0500] "GET /BLA/resoluciones/AUTOS%202007/3621.pdf HTTP/1.1" 200 265351
66.249.64.163 - - [28/Oct/2014:06:28:55 -0500] "GET /BLA/resoluciones/AUTOS%202011/4791.pdf HTTP/1.1" 200 194319
195.154.77.10 - - [28/Oct/2014:06:28:59 -0500] "GET /StormSDA/stormWeb/img/?C=S;O=A HTTP/1.0" 200 2921
180.76.6.36 - - [28/Oct/2014:06:29:07 -0500] "GET /BLA/resoluciones/AUTOS%202009/1919.pdf HTTP/1.1" 200 363844
195.154.77.10 - - [28/Oct/2014:06:29:17 -0500] "GET /StormSDA/stormWeb/img/index.jsp HTTP/1.0" 200 16876
195.154.77.10 - - [28/Oct/2014:06:29:26 -0500] "GET /StormSDA/storm_silv/?C=D;O=A HTTP/1.0" 200 5784
181.249.208.201 - - [28/Oct/2014:06:29:30 -0500] "GET /BLA/boletinlegal/js/jquery.js HTTP/1.1" 200 57254
181.249.208.201 - - [28/Oct/2014:06:29:30 -0500] "GET /BLA/boletinlegal/js/jquery.scrollTo-min.js HTTP/1.1" 200 1150
181.249.208.201 - - [28/Oct/2014:06:29:30 -0500] "GET /BLA/boletinlegal/js/jquery.scrollShow.js HTTP/1.1" 200 4586
66.249.64.167 - - [28/Oct/2014:06:29:30 -0500] "GET /BLA/resoluciones/AUTOS%202008/1690.pdf HTTP/1.1" 200 147682
66.249.64.163 - - [28/Oct/2014:06:29:31 -0500] "GET /BLA/resoluciones/RESOLUCIONES%202011/1759.pdf HTTP/1.1" 200 523806
195.154.77.10 - - [28/Oct/2014:06:29:42 -0500] "GET /StormSDA/storm_silv/?C=M;O=A HTTP/1.0" 200 5784
66.249.64.171 - - [28/Oct/2014:06:29:42 -0500] "GET /BLA/resoluciones/RESOLUCIONES%202011/1261.pdf HTTP/1.1" 200 368236
195.154.77.10 - - [28/Oct/2014:06:29:53 -0500] "GET /StormSDA/storm_silv/?C=N;O=A HTTP/1.0" 200 5784
74.86.158.107 - - [28/Oct/2014:06:30:00 -0500] "HEAD / HTTP/1.1" 302 -
195.154.77.10 - - [28/Oct/2014:06:30:03 -0500] "GET /StormSDA/storm_silv/?C=N;O=D HTTP/1.0" 200 5784
148.251.124.42 - - [28/Oct/2014:06:30:05 -0500] "GET /dama/libreria/pdf/ppp_amb.pdf HTTP/1.1" 404 1019
180.76.6.29 - - [28/Oct/2014:06:30:07 -0500] "GET /BLA/resoluciones/AUTOS%202009/3398.pdf HTTP/1.1" 200 96128
66.249.64.167 - - [28/Oct/2014:06:30:07 -0500] "GET /BLA/resoluciones/AUTOS%202009/0577.pdf HTTP/1.1" 200 127424
195.154.77.10 - - [28/Oct/2014:06:30:17 -0500] "GET /StormSDA/storm_silv/?C=S;O=A HTTP/1.0" 200 5784
195.154.77.10 - - [28/Oct/2014:06:30:29 -0500] "GET /StormSDA/userFiles%20-%20Copy%2019-07-2012/update.txt HTTP/1.0" 200 33
66.249.64.163 - - [28/Oct/2014:06:30:34 -0500] "GET /BLA/resoluciones/RESOLUCIONES%202008/1420.pdf HTTP/1.1" 200 215472
195.154.77.10 - - [28/Oct/2014:06:30:42 -0500] "GET /aspnet_client/?C=D;O=D HTTP/1.0" 404 1015
66.249.64.171 - - [28/Oct/2014:06:30:43 -0500] "GET /BLA/resoluciones/RESOLUCIONES%202011/3685.pdf HTTP/1.1" 200 785442
195.154.77.10 - - [28/Oct/2014:06:30:50 -0500] "GET /aspnet_client/?C=M;O=D HTTP/1.0" 404 1015
195.154.77.10 - - [28/Oct/2014:06:31:00 -0500] "GET /aspnet_client/system_web/?C=D;O=D HTTP/1.0" 404 1015
66.249.64.167 - - [28/Oct/2014:06:31:10 -0500] "GET /BLA/resoluciones/AUTOS%202007/1611.pdf HTTP/1.1" 200 27958
195.154.77.10 - - [28/Oct/2014:06:31:12 -0500] "GET /aspnet_client/system_web/?C=M;O=A HTTP/1.0" 404 1015
66.249.64.167 - - [28/Oct/2014:06:31:21 -0500] "GET /BLA/resoluciones/RESOLUCIONES%202011/2118.pdf HTTP/1.1" 200 511861
195.154.77.10 - - [28/Oct/2014:06:31:21 -0500] "GET /aspnet_client/system_web/?C=M;O=D HTTP/1.0" 404 1015
178.32.231.33 - - [28/Oct/2014:06:31:22 -0500] "GET /auntentica.txt HTTP/1.1" 404 1153
200.118.187.65 - - [28/Oct/2014:06:31:25 -0500] "GET /BLA/boletinlegal/js/jquery.js HTTP/1.1" 200 57254
200.118.187.65 - - [28/Oct/2014:06:31:25 -0500] "GET /BLA/boletinlegal/js/jquery.scrollTo-min.js HTTP/1.1" 200 1150
200.118.187.65 - - [28/Oct/2014:06:31:25 -0500] "GET /BLA/boletinlegal/js/jquery.scrollShow.js HTTP/1.1" 200 4586
66.249.64.171 - - [28/Oct/2014:06:31:26 -0500] "GET /BLA/resoluciones/AUTOS%202010/6578.pdf HTTP/1.1" 200 147903
195.154.77.10 - - [28/Oct/2014:06:31:28 -0500] "GET /aspnet_client/system_web/?C=N;O=D HTTP/1.0" 404 1015
195.154.77.10 - - [28/Oct/2014:06:31:43 -0500] "GET /aspnet_client/system_web/?C=S;O=A HTTP/1.0" 404 1015
66.249.64.167 - - [28/Oct/2014:06:31:45 -0500] "GET /BLA/resoluciones/RESOLUCIONES%202010/7347.pdf HTTP/1.1" 200 336893
195.154.77.10 - - [28/Oct/2014:06:31:51 -0500] "GET /aspnet_client/system_web/?C=S;O=D HTTP/1.0" 404 1015
66.249.64.171 - - [28/Oct/2014:06:31:56 -0500] "GET /BLA/resoluciones/RESOLUCIONES%202011/6284.pdf HTTP/1.1" 200 1375667
195.154.77.10 - - [28/Oct/2014:06:32:04 -0500] "GET /chat/?C=N;O=A HTTP/1.0" 404 1015
180.76.6.45 - - [28/Oct/2014:06:32:06 -0500] "GET /BLA/resoluciones/AUTOS%202009/0709.pdf HTTP/1.1" 200 111041
195.154.77.10 - - [28/Oct/2014:06:32:12 -0500] "GET /counter/doc/?C=D;O=D HTTP/1.0" 404 1015
66.249.64.171 - - [28/Oct/2014:06:32:20 -0500] "GET /BLA/resoluciones/RESOLUCIONES%202010/1745.pdf HTTP/1.1" 200 360084
195.154.77.10 - - [28/Oct/2014:06:32:23 -0500] "GET /counter/doc/?C=M;O=A HTTP/1.0" 404 1015
66.249.64.163 - - [28/Oct/2014:06:32:32 -0500] "GET /BLA/resoluciones/RESOLUCIONES%202011/3334.pdf HTTP/1.1" 200 614934
66.249.64.171 - - [28/Oct/2014:06:32:56 -0500] "GET /BLA/resoluciones/AUTOS%202007/1024.pdf HTTP/1.1" 200 256826
195.154.77.10 - - [28/Oct/2014:06:33:15 -0500] "GET /counter/doc/?C=M;O=D HTTP/1.0" 404 1015
186.119.46.170 - - [28/Oct/2014:06:33:17 -0500] "GET /BLA/boletinlegal/js/jquery.js HTTP/1.1" 200 57254
186.119.46.170 - - [28/Oct/2014:06:33:17 -0500] "GET /BLA/boletinlegal/js/jquery.scrollTo-min.js HTTP/1.1" 200 1150
186.119.46.170 - - [28/Oct/2014:06:33:17 -0500] "GET /BLA/boletinlegal/js/jquery.scrollShow.js HTTP/1.1" 200 4586
195.154.77.10 - - [28/Oct/2014:06:33:20 -0500] "GET /counter/doc/?C=M;O=D HTTP/1.0" 404 1015
195.154.77.10 - - [28/Oct/2014:06:33:25 -0500] "GET /counter/doc/?C=N;O=D HTTP/1.0" 404 1015
66.249.64.171 - - [28/Oct/2014:06:33:31 -0500] "GET /BLA/resoluciones/AUTOS%202007/0130.pdf HTTP/1.1" 200 158550
195.154.77.10 - - [28/Oct/2014:06:33:36 -0500] "GET /counter/doc/?C=S;O=A HTTP/1.0" 404 1015
195.154.77.10 - - [28/Oct/2014:06:33:45 -0500] "GET /counter/doc/?C=S;O=D HTTP/1.0" 404 1015
66.249.64.167 - - [28/Oct/2014:06:33:45 -0500] "GET /BLA/resoluciones/index.php?dir=RESOLUCIONES%202007/RES%202007%204201%20AL%204300/&sort=size&order=desc HTTP/1.1" 200 26606
66.249.64.171 - - [28/Oct/2014:06:33:45 -0500] "GET /BLA/resoluciones/RESOLUCIONES%202011/5097.pdf HTTP/1.1" 200 498255
186.85.225.207 - - [28/Oct/2014:06:33:48 -0500] "GET /BLA/boletinlegal/js/jquery.js HTTP/1.1" 200 57254
186.85.225.207 - - [28/Oct/2014:06:33:48 -0500] "GET /BLA/boletinlegal/js/jquery.scrollShow.js HTTP/1.1" 200 4586
186.85.225.207 - - [28/Oct/2014:06:33:48 -0500] "GET /BLA/boletinlegal/js/jquery.scrollTo-min.js HTTP/1.1" 200 1150
186.85.225.207 - - [28/Oct/2014:06:33:48 -0500] "GET /galeria/carrusel/Carrusel/jquery-ui-1.8.13.custom.min.js HTTP/1.1" 200 10800
186.85.225.207 - - [28/Oct/2014:06:33:48 -0500] "GET /galeria/carrusel/Carrusel/jquery.thumbnailScroller.css HTTP/1.1" 200 2066
186.85.225.207 - - [28/Oct/2014:06:33:48 -0500] "GET /galeria/carrusel/Carrusel/jquery.thumbnailScroller.js HTTP/1.1" 200 8157
186.85.225.207 - - [28/Oct/2014:06:33:52 -0500] "GET /galeria/nivo-slider/demo/demo.html HTTP/1.1" 200 3300
186.85.225.207 - - [28/Oct/2014:06:33:53 -0500] "GET /galeria/nivo-slider/themes/default/default.css HTTP/1.1" 200 1569
186.85.225.207 - - [28/Oct/2014:06:33:53 -0500] "GET /galeria/nivo-slider/themes/pascal/pascal.css HTTP/1.1" 200 2258
186.85.225.207 - - [28/Oct/2014:06:33:53 -0500] "GET /galeria/nivo-slider/themes/orman/orman.css HTTP/1.1" 200 2152
186.85.225.207 - - [28/Oct/2014:06:33:53 -0500] "GET /galeria/nivo-slider/nivo-slider.css HTTP/1.1" 200 1507
186.85.225.207 - - [28/Oct/2014:06:33:53 -0500] "GET /galeria/nivo-slider/demo/style.css HTTP/1.1" 200 2222
186.85.225.207 - - [28/Oct/2014:06:33:53 -0500] "GET /galeria/nivo-slider/demo/images/banner-conejera1.jpg HTTP/1.1" 200 136228
186.85.225.207 - - [28/Oct/2014:06:33:53 -0500] "GET /galeria/nivo-slider/demo/images/banner-aceite3.jpg HTTP/1.1" 200 88347
186.85.225.207 - - [28/Oct/2014:06:33:53 -0500] "GET /galeria/nivo-slider/demo/images/mesTIC.jpg HTTP/1.1" 200 180719
186.85.225.207 - - [28/Oct/2014:06:33:53 -0500] "GET /galeria/nivo-slider/demo/images/Tingua-azul.jpg HTTP/1.1" 200 307638
186.85.225.207 - - [28/Oct/2014:06:33:53 -0500] "GET /galeria/nivo-slider/demo/images/Banner-Caracol-Africano.jpg HTTP/1.1" 200 331986
186.85.225.207 - - [28/Oct/2014:06:33:53 -0500] "GET /galeria/nivo-slider/demo/images/banner-redes.jpg HTTP/1.1" 200 62209
186.85.225.207 - - [28/Oct/2014:06:33:53 -0500] "GET /galeria/nivo-slider/demo/images/9Signos.jpg HTTP/1.1" 200 93040
186.85.225.207 - - [28/Oct/2014:06:33:53 -0500] "GET /galeria/nivo-slider/demo/images/banner-llantas2.jpg HTTP/1.1" 200 73153
186.85.225.207 - - [28/Oct/2014:06:33:53 -0500] "GET /galeria/nivo-slider/demo/images/banner-caballos.png HTTP/1.1" 200 389106
186.85.225.207 - - [28/Oct/2014:06:33:53 -0500] "GET /galeria/nivo-slider/demo/images/Hacienda_Molinos.jpg HTTP/1.1" 200 319171
195.154.77.10 - - [28/Oct/2014:06:33:54 -0500] "GET /counter/doc/license.html HTTP/1.0" 404 1015
186.85.225.207 - - [28/Oct/2014:06:33:53 -0500] "GET /galeria/nivo-slider/demo/images/bannerEcolecta3.jpg HTTP/1.1" 200 280034
186.85.225.207 - - [28/Oct/2014:06:33:54 -0500] "GET /galeria/nivo-slider/demo/images/4Simple_Slider.png HTTP/1.1" 200 11722
186.85.225.207 - - [28/Oct/2014:06:33:54 -0500] "GET /galeria/nivo-slider/themes/default/loading.gif HTTP/1.1" 200 1737
186.85.225.207 - - [28/Oct/2014:06:33:56 -0500] "GET /galeria/nivo-slider/demo/scripts/jquery-1.7.1.min.js HTTP/1.1" 200 93868
186.85.225.207 - - [28/Oct/2014:06:33:56 -0500] "GET /galeria/nivo-slider/jquery.nivo.slider.pack.js HTTP/1.1" 200 11561
186.85.225.207 - - [28/Oct/2014:06:33:59 -0500] "GET /galeria/nivo-slider/themes/default/arrows.png HTTP/1.1" 200 824
186.85.225.207 - - [28/Oct/2014:06:33:59 -0500] "GET /galeria/nivo-slider/themes/default/bullets.png HTTP/1.1" 200 1281
195.154.77.10 - - [28/Oct/2014:06:34:02 -0500] "GET /dama/?C=D;O=D HTTP/1.0" 404 1015
66.249.64.171 - - [28/Oct/2014:06:34:06 -0500] "GET /BLA/resoluciones/AUTOS%202007/2169.pdf HTTP/1.1" 200 204066
180.76.5.62 - - [28/Oct/2014:06:34:06 -0500] "GET /BLA/resoluciones/AUTOS%202011/2158.pdf HTTP/1.1" 200 204883
195.154.77.10 - - [28/Oct/2014:06:34:13 -0500] "GET /dama/?C=M;O=D HTTP/1.0" 404 1015
66.249.64.163 - - [28/Oct/2014:06:34:21 -0500] "GET /BLA/resoluciones/RESOLUCIONES%202010/0341.pdf HTTP/1.1" 200 339659
195.154.77.10 - - [28/Oct/2014:06:34:25 -0500] "GET /documentosIntranet/?C=D;O=D HTTP/1.0" 404 1015
195.154.77.10 - - [28/Oct/2014:06:34:32 -0500] "GET /documentosIntranet/?C=M;O=D HTTP/1.0" 404 1015
66.249.64.167 - - [28/Oct/2014:06:34:42 -0500] "GET /BLA/resoluciones/AUTOS%202011/5176.pdf HTTP/1.1" 200 283711
179.14.50.212 - - [28/Oct/2014:06:34:42 -0500] "GET /BLA/boletinlegal/js/jquery.js HTTP/1.1" 200 57254
179.14.50.212 - - [28/Oct/2014:06:34:42 -0500] "GET /BLA/boletinlegal/js/jquery.scrollTo-min.js HTTP/1.1" 200 1150
179.14.50.212 - - [28/Oct/2014:06:34:42 -0500] "GET /BLA/boletinlegal/js/jquery.scrollShow.js HTTP/1.1" 200 4586
195.154.77.10 - - [28/Oct/2014:06:34:47 -0500] "GET /errores/Diciembre/?C=D;O=D HTTP/1.0" 404 1015
200.93.146.198 - - [28/Oct/2014:06:34:51 -0500] "GET /galeria/carrusel/Carrusel/jquery-ui-1.8.13.custom.min.js HTTP/1.1" 200 10800
200.93.146.198 - - [28/Oct/2014:06:34:51 -0500] "GET /BLA/boletinlegal/js/jquery.scrollTo-min.js HTTP/1.1" 200 1150
200.93.146.198 - - [28/Oct/2014:06:34:51 -0500] "GET /BLA/boletinlegal/js/jquery.scrollShow.js HTTP/1.1" 200 4586
200.93.146.198 - - [28/Oct/2014:06:34:51 -0500] "GET /galeria/carrusel/Carrusel/jquery.thumbnailScroller.css HTTP/1.1" 200 2066
200.93.146.198 - - [28/Oct/2014:06:34:51 -0500] "GET /galeria/carrusel/Carrusel/jquery.thumbnailScroller.js HTTP/1.1" 200 8157
200.93.146.198 - - [28/Oct/2014:06:34:51 -0500] "GET /BLA/boletinlegal/js/jquery.js HTTP/1.1" 200 57254
200.93.146.198 - - [28/Oct/2014:06:34:52 -0500] "GET /galeria/nivo-slider/demo/demo.html HTTP/1.1" 200 3300
200.93.146.198 - - [28/Oct/2014:06:34:53 -0500] "GET /galeria/nivo-slider/themes/pascal/pascal.css HTTP/1.1" 200 2258
200.93.146.198 - - [28/Oct/2014:06:34:53 -0500] "GET /galeria/nivo-slider/nivo-slider.css HTTP/1.1" 200 1507
200.93.146.198 - - [28/Oct/2014:06:34:53 -0500] "GET /galeria/nivo-slider/themes/default/default.css HTTP/1.1" 200 1569
200.93.146.198 - - [28/Oct/2014:06:34:53 -0500] "GET /galeria/nivo-slider/demo/style.css HTTP/1.1" 200 2222
200.93.146.198 - - [28/Oct/2014:06:34:53 -0500] "GET /galeria/nivo-slider/themes/orman/orman.css HTTP/1.1" 200 2152
200.93.146.198 - - [28/Oct/2014:06:34:53 -0500] "GET /galeria/nivo-slider/demo/images/banner-conejera1.jpg HTTP/1.1" 200 136228
200.93.146.198 - - [28/Oct/2014:06:34:53 -0500] "GET /galeria/nivo-slider/demo/images/banner-aceite3.jpg HTTP/1.1" 200 88347
200.93.146.198 - - [28/Oct/2014:06:34:53 -0500] "GET /galeria/nivo-slider/demo/images/mesTIC.jpg HTTP/1.1" 200 180719
200.93.146.198 - - [28/Oct/2014:06:34:53 -0500] "GET /galeria/nivo-slider/demo/images/Tingua-azul.jpg HTTP/1.1" 200 307638
200.93.146.198 - - [28/Oct/2014:06:34:53 -0500] "GET /galeria/nivo-slider/demo/images/Banner-Caracol-Africano.jpg HTTP/1.1" 200 331986
200.93.146.198 - - [28/Oct/2014:06:34:53 -0500] "GET /galeria/nivo-slider/demo/images/banner-redes.jpg HTTP/1.1" 200 62209
200.93.146.198 - - [28/Oct/2014:06:34:53 -0500] "GET /galeria/nivo-slider/demo/images/9Signos.jpg HTTP/1.1" 200 93040
200.93.146.198 - - [28/Oct/2014:06:34:53 -0500] "GET /galeria/nivo-slider/demo/images/banner-llantas2.jpg HTTP/1.1" 200 73153
200.93.146.198 - - [28/Oct/2014:06:34:53 -0500] "GET /galeria/nivo-slider/demo/images/banner-caballos.png HTTP/1.1" 200 389106
200.93.146.198 - - [28/Oct/2014:06:34:54 -0500] "GET /galeria/nivo-slider/demo/images/Hacienda_Molinos.jpg HTTP/1.1" 200 319171
200.93.146.198 - - [28/Oct/2014:06:34:54 -0500] "GET /galeria/nivo-slider/demo/images/bannerEcolecta3.jpg HTTP/1.1" 200 280034
200.93.146.198 - - [28/Oct/2014:06:34:54 -0500] "GET /galeria/nivo-slider/demo/scripts/jquery-1.7.1.min.js HTTP/1.1" 200 93868
200.93.146.198 - - [28/Oct/2014:06:34:54 -0500] "GET /videos/Spot_Tinguas.flv HTTP/1.1" 200 2087054
200.93.146.198 - - [28/Oct/2014:06:34:54 -0500] "GET /galeria/nivo-slider/demo/images/4Simple_Slider.png HTTP/1.1" 200 11722
200.93.146.198 - - [28/Oct/2014:06:34:54 -0500] "GET /galeria/nivo-slider/jquery.nivo.slider.pack.js HTTP/1.1" 200 11561
200.93.146.198 - - [28/Oct/2014:06:34:55 -0500] "GET /galeria/nivo-slider/themes/default/loading.gif HTTP/1.1" 200 1737
195.154.77.10 - - [28/Oct/2014:06:34:56 -0500] "GET /errores/Diciembre/?C=M;O=A HTTP/1.0" 404 1015
200.93.146.198 - - [28/Oct/2014:06:34:56 -0500] "GET /galeria/nivo-slider/themes/default/arrows.png HTTP/1.1" 200 824
200.93.146.198 - - [28/Oct/2014:06:34:56 -0500] "GET /galeria/nivo-slider/themes/default/bullets.png HTTP/1.1" 200 1281
66.249.64.167 - - [28/Oct/2014:06:34:58 -0500] "GET /BLA/resoluciones/RESOLUCIONES%202010/0595.pdf HTTP/1.1" 200 227725
74.86.158.107 - - [28/Oct/2014:06:35:00 -0500] "HEAD / HTTP/1.1" 302 -
180.76.6.52 - - [28/Oct/2014:06:35:06 -0500] "GET /BLA/resoluciones/AUTOS%202011/0868.pdf HTTP/1.1" 200 267953
195.154.77.10 - - [28/Oct/2014:06:35:07 -0500] "GET /errores/Diciembre/?C=M;O=D HTTP/1.0" 404 1015
66.249.64.167 - - [28/Oct/2014:06:35:17 -0500] "GET /BLA/resoluciones/AUTOS%202007/3422.pdf HTTP/1.1" 200 133332
195.154.77.10 - - [28/Oct/2014:06:35:19 -0500] "GET /errores/Diciembre/?C=N;O=D HTTP/1.0" 404 1015
195.154.77.10 - - [28/Oct/2014:06:35:28 -0500] "GET /errores/Diciembre/?C=S;O=A HTTP/1.0" 404 1015
66.249.64.163 - - [28/Oct/2014:06:35:34 -0500] "GET /BLA/resoluciones/RESOLUCIONES%202011/2876.pdf HTTP/1.1" 200 788942
195.154.77.10 - - [28/Oct/2014:06:35:34 -0500] "GET /errores/Diciembre/?C=S;O=D HTTP/1.0" 404 1015
195.154.77.10 - - [28/Oct/2014:06:35:51 -0500] "GET /errores/Diciembre/access.log HTTP/1.0" 404 1015
66.249.64.167 - - [28/Oct/2014:06:35:52 -0500] "GET /BLA/resoluciones/AUTOS%202007/2102.pdf HTTP/1.1" 200 82818
195.154.77.10 - - [28/Oct/2014:06:36:02 -0500] "GET /errores/Diciembre/error.log HTTP/1.0" 404 1015
185.10.104.132 - - [28/Oct/2014:06:36:06 -0500] "GET /BLA/resoluciones/AUTOS%202011/0933.pdf HTTP/1.1" 200 303521
66.249.64.163 - - [28/Oct/2014:06:36:10 -0500] "GET /BLA/resoluciones/RESOLUCIONES%202010/0448.pdf HTTP/1.1" 200 115870
195.154.77.10 - - [28/Oct/2014:06:36:20 -0500] "GET /even1/?C=D;O=A HTTP/1.0" 404 1015
195.154.77.10 - - [28/Oct/2014:06:36:27 -0500] "GET /even1/?C=M;O=A HTTP/1.0" 404 1015
66.249.64.167 - - [28/Oct/2014:06:36:28 -0500] "GET /BLA/resoluciones/AUTOS%202007/0898.pdf HTTP/1.1" 200 57138
190.7.138.122 - - [28/Oct/2014:06:36:33 -0500] "GET /BLA/boletinlegal/js/jquery.js HTTP/1.1" 200 57254
190.7.138.122 - - [28/Oct/2014:06:36:33 -0500] "GET /BLA/boletinlegal/js/jquery.scrollTo-min.js HTTP/1.1" 200 1150
190.7.138.122 - - [28/Oct/2014:06:36:33 -0500] "GET /BLA/boletinlegal/js/jquery.scrollShow.js HTTP/1.1" 200 4586
195.154.77.10 - - [28/Oct/2014:06:36:40 -0500] "GET /even1/?C=N;O=A HTTP/1.0" 404 1015
66.249.64.167 - - [28/Oct/2014:06:36:46 -0500] "GET /BLA/resoluciones/RESOLUCIONES%202011/1321.pdf HTTP/1.1" 200 75151
186.145.164.206 - - [28/Oct/2014:06:36:57 -0500] "GET /galeria/nivo-slider/demo/demo.html HTTP/1.1" 200 3300
186.145.164.206 - - [28/Oct/2014:06:36:58 -0500] "GET /galeria/nivo-slider/demo/images/banner-conejera1.jpg HTTP/1.1" 200 136228
186.145.164.206 - - [28/Oct/2014:06:36:58 -0500] "GET /galeria/nivo-slider/demo/images/banner-aceite3.jpg HTTP/1.1" 304 -
186.145.164.206 - - [28/Oct/2014:06:36:58 -0500] "GET /galeria/nivo-slider/demo/images/bannerEcolecta3.jpg HTTP/1.1" 304 -
186.145.164.206 - - [28/Oct/2014:06:36:58 -0500] "GET /galeria/nivo-slider/demo/images/Banner-Caracol-Africano.jpg HTTP/1.1" 304 -
186.145.164.206 - - [28/Oct/2014:06:36:58 -0500] "GET /galeria/nivo-slider/demo/images/Tingua-azul.jpg HTTP/1.1" 304 -
186.145.164.206 - - [28/Oct/2014:06:36:58 -0500] "GET /galeria/nivo-slider/demo/images/mesTIC.jpg HTTP/1.1" 304 -
186.145.164.206 - - [28/Oct/2014:06:36:58 -0500] "GET /galeria/nivo-slider/demo/images/banner-redes.jpg HTTP/1.1" 304 -
195.154.77.10 - - [28/Oct/2014:06:37:01 -0500] "GET /even1/?C=N;O=D HTTP/1.0" 404 1015
66.249.64.171 - - [28/Oct/2014:06:37:03 -0500] "GET /BLA/resoluciones/RESOLUCIONES%202009/7946.pdf HTTP/1.1" 200 493233
195.154.77.10 - - [28/Oct/2014:06:37:19 -0500] "GET /even1/?C=S;O=A HTTP/1.0" 404 1015
66.249.64.171 - - [28/Oct/2014:06:37:23 -0500] "GET /BLA/resoluciones/AUTOS%202009/2131.pdf HTTP/1.1" 200 99321
195.154.77.10 - - [28/Oct/2014:06:37:34 -0500] "GET /fabian/extranet/?C=D;O=D HTTP/1.0" 404 1015
66.249.64.163 - - [28/Oct/2014:06:37:38 -0500] "GET /BLA/resoluciones/AUTOS%202008/1302.pdf HTTP/1.1" 200 155845
201.245.192.253 - - [28/Oct/2014:06:37:46 -0500] "GET /forest/img/dtree/visor/pdf.png HTTP/1.1" 304 -
195.154.77.10 - - [28/Oct/2014:06:37:51 -0500] "GET /fabian/extranet/?C=M;O=A HTTP/1.0" 404 1015
66.249.64.167 - - [28/Oct/2014:06:37:59 -0500] "GET /BLA/resoluciones/RESOLUCIONES%202011/3505.pdf HTTP/1.1" 200 349394
195.154.77.10 - - [28/Oct/2014:06:38:03 -0500] "GET /fabian/extranet/?C=M;O=D HTTP/1.0" 404 1015
66.249.64.167 - - [28/Oct/2014:06:38:14 -0500] "GET /BLA/resoluciones/RESOLUCIONES%202008/5505.pdf HTTP/1.1" 200 224745
195.154.77.10 - - [28/Oct/2014:06:38:17 -0500] "GET /fabian/extranet/?C=N;O=D HTTP/1.0" 404 1015
66.249.64.167 - - [28/Oct/2014:06:38:35 -0500] "GET /BLA/resoluciones/AUTOS%202010/5727.pdf HTTP/1.1" 200 230551
66.249.64.163 - - [28/Oct/2014:06:38:49 -0500] "GET /BLA/resoluciones/RESOLUCIONES%202008/1705.pdf HTTP/1.1" 200 252676
195.154.77.10 - - [28/Oct/2014:06:39:09 -0500] "GET /fabian/extranet/?C=S;O=A HTTP/1.0" 404 1015
66.249.64.167 - - [28/Oct/2014:06:39:12 -0500] "GET /BLA/resoluciones/RESOLUCIONES%202010/0557.pdf HTTP/1.1" 200 98215
208.43.245.104 - - [28/Oct/2014:06:39:12 -0500] "GET /robots.txt HTTP/1.1" 404 1019
195.154.77.10 - - [28/Oct/2014:06:39:12 -0500] "GET /fabian/extranet/?C=S;O=A HTTP/1.0" 404 1015
208.43.245.104 - - [28/Oct/2014:06:39:17 -0500] "GET / HTTP/1.1" 302 -
195.154.77.10 - - [28/Oct/2014:06:39:21 -0500] "GET /fabian/extranet/?C=S;O=D HTTP/1.0" 404 1015
195.154.77.10 - - [28/Oct/2014:06:39:31 -0500] "GET /fabian/extranet/error.log HTTP/1.0" 404 1015
195.154.77.10 - - [28/Oct/2014:06:39:45 -0500] "GET /fotos/?C=D;O=D HTTP/1.0" 404 1015
66.249.64.171 - - [28/Oct/2014:06:39:48 -0500] "GET /BLA/resoluciones/RESOLUCIONES%202011/1289.pdf HTTP/1.1" 200 385050
186.31.131.130 - - [28/Oct/2014:06:39:49 -0500] "GET /BLA/boletinlegal/js/jquery.js HTTP/1.1" 200 57254
186.31.131.130 - - [28/Oct/2014:06:39:49 -0500] "GET /BLA/boletinlegal/js/jquery.scrollTo-min.js HTTP/1.1" 200 1150
186.31.131.130 - - [28/Oct/2014:06:39:49 -0500] "GET /BLA/boletinlegal/js/jquery.scrollShow.js HTTP/1.1" 200 4586
195.154.77.10 - - [28/Oct/2014:06:39:52 -0500] "GET /fotos/?C=M;O=D HTTP/1.0" 404 1015
66.249.64.163 - - [28/Oct/2014:06:40:00 -0500] "GET /BLA/resoluciones/RESOLUCIONES%202008/3032.pdf HTTP/1.1" 200 709864
74.86.158.107 - - [28/Oct/2014:06:40:00 -0500] "HEAD / HTTP/1.1" 302 -
201.245.192.253 - - [28/Oct/2014:06:40:04 -0500] "GET /forest/skins/gdocs-jar/img/user_search.gif HTTP/1.1" 304 -
195.154.77.10 - - [28/Oct/2014:06:40:05 -0500] "GET /galeria/carrusel/?C=D;O=D HTTP/1.0" 200 971
66.249.64.163 - - [28/Oct/2014:06:40:08 -0500] "GET /BLA/resoluciones/RESOLUCIONES%202004/RES%202004%201751-1800/00001763.tif HTTP/1.1" 200 145890
195.154.77.10 - - [28/Oct/2014:06:40:13 -0500] "GET /galeria/carrusel/?C=M;O=A HTTP/1.0" 200 971
186.29.163.226 - - [28/Oct/2014:06:40:22 -0500] "GET /BLA/boletinlegal/js/jquery.js HTTP/1.1" 200 57254
186.29.163.226 - - [28/Oct/2014:06:40:22 -0500] "GET /BLA/boletinlegal/js/jquery.scrollTo-min.js HTTP/1.1" 200 1150
186.29.163.226 - - [28/Oct/2014:06:40:22 -0500] "GET /BLA/boletinlegal/js/jquery.scrollShow.js HTTP/1.1" 200 4586
195.154.77.10 - - [28/Oct/2014:06:40:23 -0500] "GET /galeria/carrusel/?C=M;O=D HTTP/1.0" 200 971
66.249.64.163 - - [28/Oct/2014:06:40:24 -0500] "GET /BLA/resoluciones/RESOLUCIONES%202010/2148.pdf HTTP/1.1" 200 527247
66.249.64.163 - - [28/Oct/2014:06:40:35 -0500] "GET /BLA/resoluciones/RESOLUCIONES%202011/1126.pdf HTTP/1.1" 200 303858
195.154.77.10 - - [28/Oct/2014:06:40:46 -0500] "GET /galeria/carrusel/?C=N;O=D HTTP/1.0" 200 971
195.154.77.10 - - [28/Oct/2014:06:40:57 -0500] "GET /galeria/carrusel/?C=S;O=A HTTP/1.0" 200 971
187.178.233.69 - - [28/Oct/2014:06:40:58 -0500] "GET /BLA/boletinlegal/js/jquery.js HTTP/1.1" 200 57254
187.178.233.69 - - [28/Oct/2014:06:40:58 -0500] "GET /BLA/boletinlegal/js/jquery.scrollShow.js HTTP/1.1" 200 4586
187.178.233.69 - - [28/Oct/2014:06:40:58 -0500] "GET /BLA/boletinlegal/js/jquery.scrollTo-min.js HTTP/1.1" 200 1150
66.249.64.167 - - [28/Oct/2014:06:41:01 -0500] "GET /BLA/resoluciones/RESOLUCIONES%202011/4726.pdf HTTP/1.1" 200 576045
195.154.77.10 - - [28/Oct/2014:06:41:07 -0500] "GET /galeria/carrusel/?C=S;O=D HTTP/1.0" 200 971
66.249.64.167 - - [28/Oct/2014:06:41:11 -0500] "GET /BLA/resoluciones/RESOLUCIONES%202008/2890.pdf HTTP/1.1" 200 412748
195.154.77.10 - - [28/Oct/2014:06:41:19 -0500] "GET /galeria/nivo-slider/?C=D;O=A HTTP/1.0" 200 2703
195.154.77.10 - - [28/Oct/2014:06:41:29 -0500] "GET /galeria/nivo-slider/?C=M;O=A HTTP/1.0" 200 2703
195.154.77.10 - - [28/Oct/2014:06:41:34 -0500] "GET /galeria/nivo-slider/?C=N;O=A HTTP/1.0" 200 2703
66.249.64.171 - - [28/Oct/2014:06:41:37 -0500] "GET /BLA/resoluciones/RESOLUCIONES%202010/0645.pdf HTTP/1.1" 200 495155
186.87.51.74 - - [28/Oct/2014:06:41:43 -0500] "GET /BLA/boletinlegal/js/jquery.js HTTP/1.1" 200 57254
186.87.51.74 - - [28/Oct/2014:06:41:43 -0500] "GET /BLA/boletinlegal/js/jquery.scrollTo-min.js HTTP/1.1" 200 1150
186.87.51.74 - - [28/Oct/2014:06:41:43 -0500] "GET /BLA/boletinlegal/js/jquery.scrollShow.js HTTP/1.1" 200 4586
66.249.64.171 - - [28/Oct/2014:06:41:46 -0500] "GET /BLA/resoluciones/AUTOS%202010/6612.pdf HTTP/1.1" 200 150795
195.154.77.10 - - [28/Oct/2014:06:41:48 -0500] "GET /galeria/nivo-slider/?C=N;O=D HTTP/1.0" 200 2703
195.154.77.10 - - [28/Oct/2014:06:41:56 -0500] "GET /galeria/nivo-slider/?C=S;O=A HTTP/1.0" 200 2703
195.154.77.10 - - [28/Oct/2014:06:42:01 -0500] "GET /galeria/nivo-slider/config.php HTTP/1.0" 200 37
66.249.64.163 - - [28/Oct/2014:06:42:13 -0500] "GET /BLA/resoluciones/RESOLUCIONES%202011/2820.pdf HTTP/1.1" 200 772686
186.155.97.197 - - [28/Oct/2014:06:42:26 -0500] "GET /BLA/boletinlegal/js/jquery.js HTTP/1.1" 200 57254
186.155.97.197 - - [28/Oct/2014:06:42:26 -0500] "GET /BLA/boletinlegal/js/jquery.scrollShow.js HTTP/1.1" 200 4586
186.155.97.197 - - [28/Oct/2014:06:42:26 -0500] "GET /BLA/boletinlegal/js/jquery.scrollTo-min.js HTTP/1.1" 200 1150
66.249.64.163 - - [28/Oct/2014:06:42:50 -0500] "GET /BLA/resoluciones/AUTOS%202010/6653.pdf HTTP/1.1" 200 158423
195.154.77.10 - - [28/Oct/2014:06:42:53 -0500] "GET /galeria/nivo-slider/firefile.php HTTP/1.0" 200 4094
66.249.64.167 - - [28/Oct/2014:06:42:57 -0500] "GET /BLA/resoluciones/AUTOS%202007/2752.pdf HTTP/1.1" 200 111108
66.249.64.167 - - [28/Oct/2014:06:43:01 -0500] "GET /BLA/resoluciones/RESOLUCIONES%202011/4781.pdf HTTP/1.1" 200 545392
195.154.77.10 - - [28/Oct/2014:06:43:02 -0500] "GET /galeria/nivo-slider/jquery.nivo.slider.js HTTP/1.0" 200 24996
195.154.77.10 - - [28/Oct/2014:06:43:09 -0500] "GET /galeria/nivo-slider/jquery.nivo.slider.pack.js HTTP/1.0" 200 11561
201.245.192.253 - - [28/Oct/2014:06:43:11 -0500] "GET /galeria/nivo-slider/demo/images/9Signos.jpg HTTP/1.1" 304 -
195.154.77.10 - - [28/Oct/2014:06:43:20 -0500] "GET /galeria/nivo-slider/license.txt HTTP/1.0" 200 1102
195.154.77.10 - - [28/Oct/2014:06:43:20 -0500] "GET /galeria/nivo-slider/firefile.php HTTP/1.0" 200 4094
186.112.23.37 - - [28/Oct/2014:06:43:21 -0500] "GET /BLA/boletinlegal/js/jquery.js HTTP/1.1" 200 57254
186.112.23.37 - - [28/Oct/2014:06:43:21 -0500] "GET /BLA/boletinlegal/js/jquery.scrollTo-min.js HTTP/1.1" 200 1150
186.112.23.37 - - [28/Oct/2014:06:43:21 -0500] "GET /BLA/boletinlegal/js/jquery.scrollShow.js HTTP/1.1" 200 4586
66.249.64.167 - - [28/Oct/2014:06:43:26 -0500] "GET /BLA/resoluciones/AUTOS%202009/2194.pdf HTTP/1.1" 200 112965
66.249.64.171 - - [28/Oct/2014:06:43:32 -0500] "GET /BLA/resoluciones/RESOLUCIONES%202009/9390.pdf HTTP/1.1" 304 -
195.154.77.10 - - [28/Oct/2014:06:43:43 -0500] "GET /galeria/nivo-slider/nivo-slider.css HTTP/1.0" 200 1507
195.154.77.10 - - [28/Oct/2014:06:43:53 -0500] "GET /galeria/nivo-slider/style.css HTTP/1.0" 200 2104
180.76.5.22 - - [28/Oct/2014:06:44:04 -0500] "GET /BLA/resoluciones/AUTOS%202009/2006.pdf HTTP/1.1" 200 99695
66.249.64.167 - - [28/Oct/2014:06:44:39 -0500] "GET /BLA/resoluciones/RESOLUCIONES%202009/1137.pdf HTTP/1.1" 200 55315
195.154.77.10 - - [28/Oct/2014:06:44:42 -0500] "GET /gallery2/g2data/?C=D;O=D HTTP/1.0" 404 1015
66.249.64.171 - - [28/Oct/2014:06:44:43 -0500] "GET /BLA/resoluciones/RESOLUCIONES%202010/6431.pdf HTTP/1.1" 200 1257913
195.154.77.10 - - [28/Oct/2014:06:44:47 -0500] "GET /gallery2/g2data/?C=M;O=A HTTP/1.0" 404 1015
74.86.158.107 - - [28/Oct/2014:06:45:00 -0500] "HEAD / HTTP/1.1" 302 -
195.154.77.10 - - [28/Oct/2014:06:45:07 -0500] "GET /gallery2/g2data/?C=D;O=D HTTP/1.0" 404 1015
195.154.77.10 - - [28/Oct/2014:06:45:07 -0500] "GET /gallery2/g2data/?C=M;O=D HTTP/1.0" 404 1015
66.249.64.167 - - [28/Oct/2014:06:45:15 -0500] "GET /BLA/resoluciones/AUTOS%202009/2197.pdf HTTP/1.1" 200 113120
66.249.64.167 - - [28/Oct/2014:06:45:18 -0500] "GET /BLA/resoluciones/RESOLUCIONES%202009/9503.pdf HTTP/1.1" 200 419087
195.154.77.10 - - [28/Oct/2014:06:45:18 -0500] "GET /gallery2/g2data/?C=N;O=D HTTP/1.0" 404 1015
190.26.229.62 - - [28/Oct/2014:06:45:25 -0500] "GET /BLA/resoluciones/RESOLUCIONES%202010/0998.pdf HTTP/1.1" 200 119322
195.154.77.10 - - [28/Oct/2014:06:45:30 -0500] "GET /gallery2/g2data/?C=S;O=A HTTP/1.0" 404 1015
186.113.141.32 - - [28/Oct/2014:06:45:33 -0500] "GET /BLA/boletinlegal/consulta.php?menu=ruido HTTP/1.1" 200 2331
195.154.77.10 - - [28/Oct/2014:06:45:42 -0500] "GET /gallery2/g2data/?C=S;O=D HTTP/1.0" 404 1015
201.245.192.253 - - [28/Oct/2014:06:45:49 -0500] "GET /plugins/like.php?href=http://fulltonovip.com/Baladas_De_Oro-Gigliola_Cinquetti.html&layout=button_count&show_faces=false&width=130&height=20&action=like&font=arial&colorscheme=light HTTP/1.1" 404 1326
201.245.192.253 - - [28/Oct/2014:06:45:49 -0500] "GET /plugins/like.php?href=http://fulltonovip.com/Baladas_De_Oro-Gigliola_Cinquetti.html&layout=button_count&show_faces=false&width=105&height=16&action=like&font=arial&colorscheme=light HTTP/1.1" 404 1326
66.249.64.167 - - [28/Oct/2014:06:45:52 -0500] "GET /BLA/resoluciones/AUTOS%202008/0438.pdf HTTP/1.1" 200 105783
201.245.192.253 - - [28/Oct/2014:06:45:52 -0500] "GET /plugins/like.php?href=http://fulltonovip.com/&layout=button_count&show_faces=false&width=130&height=20&action=like&font=arial&colorscheme=light HTTP/1.1" 404 1020
201.245.192.253 - - [28/Oct/2014:06:45:52 -0500] "GET /plugins/like.php?href=http://fulltonovip.com/&layout=button_count&show_faces=false&width=105&height=16&action=like&font=arial&colorscheme=light HTTP/1.1" 404 1020
66.249.64.171 - - [28/Oct/2014:06:45:53 -0500] "GET /BLA/resoluciones/AUTOS%202013/0907.pdf HTTP/1.1" 200 562555
195.154.77.10 - - [28/Oct/2014:06:45:54 -0500] "GET /guia/?C=D;O=A HTTP/1.0" 404 1015
195.154.77.10 - - [28/Oct/2014:06:45:57 -0500] "GET /guia/?C=M;O=A HTTP/1.0" 404 1015
195.154.77.10 - - [28/Oct/2014:06:46:09 -0500] "GET /guia/?C=N;O=A HTTP/1.0" 404 1015
201.245.192.253 - - [28/Oct/2014:06:46:14 -0500] "GET /forestReports/webcontent/birt/admin/img/go-rt-off.gif HTTP/1.1" 304 -
195.154.77.10 - - [28/Oct/2014:06:46:15 -0500] "GET /guia/?C=N;O=D HTTP/1.0" 404 1015
195.154.77.10 - - [28/Oct/2014:06:46:20 -0500] "GET /guia/?C=S;O=A HTTP/1.0" 404 1015
66.249.64.167 - - [28/Oct/2014:06:46:28 -0500] "GET /BLA/resoluciones/RESOLUCIONES%202011/2737.pdf HTTP/1.1" 200 236044
66.249.64.167 - - [28/Oct/2014:06:46:29 -0500] "GET /BLA/resoluciones/RESOLUCIONES%202013/0813.pdf HTTP/1.1" 304 -
195.154.77.10 - - [28/Oct/2014:06:46:29 -0500] "GET /guia/Thumbs.db HTTP/1.0" 404 1015
195.154.77.10 - - [28/Oct/2014:06:46:37 -0500] "GET /hidrico/?C=D;O=D HTTP/1.0" 404 1015
181.131.19.101 - - [28/Oct/2014:06:46:39 -0500] "GET /galeria/nivo-slider/demo/demo.html HTTP/1.1" 200 3300
181.131.19.101 - - [28/Oct/2014:06:46:40 -0500] "GET /galeria/nivo-slider/demo/images/banner-conejera1.jpg HTTP/1.1" 304 -
181.131.19.101 - - [28/Oct/2014:06:46:40 -0500] "GET /galeria/nivo-slider/demo/images/banner-aceite3.jpg HTTP/1.1" 304 -
181.131.19.101 - - [28/Oct/2014:06:46:40 -0500] "GET /galeria/nivo-slider/demo/images/Tingua-azul.jpg HTTP/1.1" 206 119672
181.131.19.101 - - [28/Oct/2014:06:46:40 -0500] "GET /galeria/nivo-slider/demo/images/mesTIC.jpg HTTP/1.1" 206 60809
181.131.19.101 - - [28/Oct/2014:06:46:40 -0500] "GET /galeria/nivo-slider/demo/images/Banner-Caracol-Africano.jpg HTTP/1.1" 206 190356
181.131.19.101 - - [28/Oct/2014:06:46:41 -0500] "GET /galeria/nivo-slider/demo/images/banner-redes.jpg HTTP/1.1" 304 -
181.131.19.101 - - [28/Oct/2014:06:46:41 -0500] "GET /galeria/nivo-slider/demo/images/9Signos.jpg HTTP/1.1" 206 49873
181.131.19.101 - - [28/Oct/2014:06:46:41 -0500] "GET /galeria/nivo-slider/demo/images/banner-llantas2.jpg HTTP/1.1" 200 73153
181.131.19.101 - - [28/Oct/2014:06:46:41 -0500] "GET /galeria/nivo-slider/demo/images/banner-caballos.png HTTP/1.1" 200 389106
181.131.19.101 - - [28/Oct/2014:06:46:41 -0500] "GET /galeria/nivo-slider/demo/images/Hacienda_Molinos.jpg HTTP/1.1" 200 319171
181.131.19.101 - - [28/Oct/2014:06:46:41 -0500] "GET /galeria/nivo-slider/demo/images/bannerEcolecta3.jpg HTTP/1.1" 200 280034
181.131.19.101 - - [28/Oct/2014:06:46:42 -0500] "GET /videos/Spot_Tinguas.flv HTTP/1.1" 200 2087054
195.154.77.10 - - [28/Oct/2014:06:46:49 -0500] "GET /hidrico/?C=M;O=D HTTP/1.0" 404 1015
195.154.77.10 - - [28/Oct/2014:06:47:01 -0500] "GET /hidrico/aguas%20subterraneas/index.php?dir=&sort=date&order=desc HTTP/1.0" 404 1015
66.249.64.167 - - [28/Oct/2014:06:47:04 -0500] "GET /BLA/resoluciones/RESOLUCIONES%202009/7130.pdf HTTP/1.1" 304 -
66.249.64.167 - - [28/Oct/2014:06:47:04 -0500] "GET /BLA/resoluciones/RESOLUCIONES%202011/2153.pdf HTTP/1.1" 200 510033
195.154.77.10 - - [28/Oct/2014:06:47:13 -0500] "GET /hidrico/aguas%20subterraneas/index.php?dir=&sort=name&order=desc HTTP/1.0" 404 1015
190.159.21.137 - - [28/Oct/2014:06:47:15 -0500] "GET /galeria/nivo-slider/demo/demo.html HTTP/1.1" 200 3300
190.159.21.137 - - [28/Oct/2014:06:47:16 -0500] "GET /galeria/nivo-slider/demo/images/banner-conejera1.jpg HTTP/1.1" 304 -
195.154.77.10 - - [28/Oct/2014:06:47:20 -0500] "GET /hidrico/aguas%20subterraneas/index.php?dir=&sort=size&order=asc HTTP/1.0" 404 1015
190.159.21.137 - - [28/Oct/2014:06:47:21 -0500] "GET /galeria/nivo-slider/themes/default/arrows.png HTTP/1.1" 200 824
190.159.21.137 - - [28/Oct/2014:06:47:21 -0500] "GET /galeria/nivo-slider/themes/default/bullets.png HTTP/1.1" 200 1281
190.159.21.137 - - [28/Oct/2014:06:47:26 -0500] "GET /videos/Spot_Tinguas.flv HTTP/1.1" 200 2087054
195.154.77.10 - - [28/Oct/2014:06:47:35 -0500] "GET /hidrico/aguas%20subterraneas/index.php?dir=&sort=size&order=desc HTTP/1.0" 404 1015
66.249.64.167 - - [28/Oct/2014:06:47:39 -0500] "GET /BLA/resoluciones/RESOLUCIONES%202009/2464.pdf HTTP/1.1" 304 -
66.249.64.171 - - [28/Oct/2014:06:47:41 -0500] "GET /BLA/resoluciones/AUTOS%202009/0357.pdf HTTP/1.1" 200 92668
195.154.77.10 - - [28/Oct/2014:06:47:43 -0500] "GET /home/?C=N;O=A HTTP/1.0" 404 1015
195.154.77.10 - - [28/Oct/2014:06:47:49 -0500] "GET /huelladecarbono/soluciones2.html HTTP/1.0" 404 1015
195.154.77.10 - - [28/Oct/2014:06:47:59 -0500] "GET /huelladecarbono/soluciones3.html HTTP/1.0" 404 1015
195.154.77.10 - - [28/Oct/2014:06:48:04 -0500] "GET /inc/?C=D;O=A HTTP/1.0" 404 1015
190.159.21.137 - - [28/Oct/2014:06:47:33 -0500] "GET /BLA/boletinlegal/ HTTP/1.1" 200 48956
190.159.21.137 - - [28/Oct/2014:06:48:10 -0500] "GET /BLA/boletinlegal/images/img_1.jpg HTTP/1.1" 200 8067
190.159.21.137 - - [28/Oct/2014:06:48:10 -0500] "GET /BLA/boletinlegal/images/People.png HTTP/1.1" 200 45676
190.159.21.137 - - [28/Oct/2014:06:48:11 -0500] "GET /BLA/boletinlegal/images/group.png HTTP/1.1" 200 47853
190.159.21.137 - - [28/Oct/2014:06:48:11 -0500] "GET /BLA/boletinlegal/images/symbol5.gif HTTP/1.1" 200 2857
190.159.21.137 - - [28/Oct/2014:06:48:11 -0500] "GET /BLA/boletinlegal/images/img_3.jpg HTTP/1.1" 200 1841
195.154.77.10 - - [28/Oct/2014:06:48:11 -0500] "GET /inc/?C=N;O=A HTTP/1.0" 404 1015
66.249.64.171 - - [28/Oct/2014:06:48:15 -0500] "GET /BLA/resoluciones/RESOLUCIONES%202010/7268.pdf HTTP/1.1" 304 -
66.249.64.171 - - [28/Oct/2014:06:48:17 -0500] "GET /BLA/resoluciones/AUTOS%202010/1408.pdf HTTP/1.1" 200 246366
195.154.77.10 - - [28/Oct/2014:06:48:19 -0500] "GET /pread/sec/init.htm HTTP/1.0" 404 1015
190.159.21.137 - - [28/Oct/2014:06:48:28 -0500] "GET /BLA/boletinlegal/actos.php HTTP/1.1" 200 7534
195.154.77.10 - - [28/Oct/2014:06:48:28 -0500] "GET /pread/sec/init1.htm HTTP/1.0" 404 1015
66.249.64.163 - - [28/Oct/2014:06:48:33 -0500] "GET /BLA/resoluciones/RESOLUCIONES%202002/RES%202002%201051-1100/00001090.tif HTTP/1.1" 200 94942
195.154.77.10 - - [28/Oct/2014:06:48:36 -0500] "GET /pread/sec/init10.htm HTTP/1.0" 404 1015
200.31.88.19 - - [28/Oct/2014:06:48:37 -0500] "GET /BLA/boletinlegal/js/jquery.js HTTP/1.1" 200 57254
200.31.88.19 - - [28/Oct/2014:06:48:37 -0500] "GET /BLA/boletinlegal/js/jquery.scrollTo-min.js HTTP/1.1" 200 1150
200.31.88.19 - - [28/Oct/2014:06:48:37 -0500] "GET /BLA/boletinlegal/js/jquery.scrollShow.js HTTP/1.1" 200 4586
190.159.21.137 - - [28/Oct/2014:06:48:40 -0500] "GET /BLA/boletinlegal/consulta_actos.php?tipo=resoluciones&no=6603&usuario=&sector=&fecha=2011&resuelve= HTTP/1.1" 200 623
195.154.77.10 - - [28/Oct/2014:06:48:43 -0500] "GET /pread/sec/init12.htm HTTP/1.0" 404 1015
190.159.21.137 - - [28/Oct/2014:06:48:44 -0500] "GET /BLA/boletinlegal/consulta_actos.php?tipo=resoluciones&no=6603&usuario=&sector=&fecha=2011&resuelve= HTTP/1.1" 200 623
66.249.64.163 - - [28/Oct/2014:06:48:50 -0500] "GET /BLA/resoluciones/RESOLUCIONES%202010/4767.pdf HTTP/1.1" 200 152942
66.249.64.167 - - [28/Oct/2014:06:48:54 -0500] "GET /BLA/resoluciones/RESOLUCIONES%202011/4246.pdf HTTP/1.1" 200 437851
195.154.77.10 - - [28/Oct/2014:06:49:01 -0500] "GET /pread/sec/init13.htm HTTP/1.0" 404 1015
195.154.77.10 - - [28/Oct/2014:06:49:08 -0500] "GET /pread/sec/init14.htm HTTP/1.0" 404 1015
190.159.21.137 - - [28/Oct/2014:06:49:16 -0500] "GET /BLA/boletinlegal/consulta_actos.php?tipo=resoluciones&no=6603&usuario=&sector=&fecha=2012&resuelve= HTTP/1.1" 200 623
190.159.21.137 - - [28/Oct/2014:06:49:21 -0500] "GET /BLA/boletinlegal/consulta_actos.php?tipo=resoluciones&no=6603&usuario=&sector=&fecha=2012&resuelve= HTTP/1.1" 200 623
195.154.77.10 - - [28/Oct/2014:06:49:25 -0500] "GET /pread/sec/init15.htm HTTP/1.0" 404 1015
66.249.64.167 - - [28/Oct/2014:06:49:25 -0500] "GET /BLA/resoluciones/RESOLUCIONES%202010/3522.pdf HTTP/1.1" 304 -
66.249.64.167 - - [28/Oct/2014:06:49:30 -0500] "GET /BLA/resoluciones/RESOLUCIONES%202010/0318.pdf HTTP/1.1" 200 106332
195.154.77.10 - - [28/Oct/2014:06:49:33 -0500] "GET /pread/sec/init16.htm HTTP/1.0" 404 1015
190.159.21.137 - - [28/Oct/2014:06:49:37 -0500] "GET /videos/Disciplinarios.flv HTTP/1.1" 200 3644983
190.159.21.137 - - [28/Oct/2014:06:49:39 -0500] "GET /BLA/resoluciones/ HTTP/1.1" 200 6952
195.154.77.10 - - [28/Oct/2014:06:49:43 -0500] "GET /pread/sec/init17.htm HTTP/1.0" 404 1015
190.159.21.137 - - [28/Oct/2014:06:49:45 -0500] "GET /BLA/resoluciones/index.php?dir=RESOLUCIONES+2012%2F HTTP/1.1" 200 130695
190.159.21.137 - - [28/Oct/2014:06:49:45 -0500] "GET /BLA/resoluciones/index.php?dir=RESOLUCIONES+2012%2F HTTP/1.1" 200 130695
157.55.39.218 - - [28/Oct/2014:06:49:49 -0500] "GET /BLA/resoluciones/ HTTP/1.1" 200 6952
195.154.77.10 - - [28/Oct/2014:06:49:50 -0500] "GET /pread/sec/init18.htm HTTP/1.0" 404 1015
195.154.77.10 - - [28/Oct/2014:06:49:59 -0500] "GET /pread/sec/init2.htm HTTP/1.0" 404 1015
74.86.158.107 - - [28/Oct/2014:06:50:00 -0500] "HEAD / HTTP/1.1" 302 -
66.249.64.167 - - [28/Oct/2014:06:50:01 -0500] "GET /BLA/resoluciones/RESOLUCIONES%202007/RES%202007%203701%20AL%203800/RESOLUCION%203725%20DE%202007.pdf HTTP/1.1" 200 286777
201.245.192.253 - - [28/Oct/2014:06:50:01 -0500] "GET /forestReports/webcontent/birt/pages/common/blank.html HTTP/1.1" 304 -
195.154.77.10 - - [28/Oct/2014:06:50:05 -0500] "GET /pread/sec/init20.htm HTTP/1.0" 404 1015
66.249.64.163 - - [28/Oct/2014:06:50:06 -0500] "GET /BLA/resoluciones/RESOLUCIONES%202011/3069.pdf HTTP/1.1" 200 553510
195.154.77.10 - - [28/Oct/2014:06:50:21 -0500] "GET /pread/sec/init21.htm HTTP/1.0" 404 1015
