157.55.39.253 - - [02/Nov/2014:18:02:59 -0500] "GET /BLA/resoluciones/RESOLUCIONES%202008/5076.pdf HTTP/1.1" 200 158699
186.116.253.58 - - [02/Nov/2014:18:02:59 -0500] "GET /galeria/nivo-slider/themes/default/default.css HTTP/1.1" 200 1569
186.116.253.58 - - [02/Nov/2014:18:02:59 -0500] "GET /galeria/nivo-slider/themes/pascal/pascal.css HTTP/1.1" 200 2258
186.116.253.58 - - [02/Nov/2014:18:02:59 -0500] "GET /galeria/nivo-slider/themes/orman/orman.css HTTP/1.1" 200 2152
186.116.253.58 - - [02/Nov/2014:18:02:59 -0500] "GET /galeria/nivo-slider/nivo-slider.css HTTP/1.1" 200 1507
186.116.253.58 - - [02/Nov/2014:18:02:59 -0500] "GET /galeria/nivo-slider/demo/style.css HTTP/1.1" 200 2222
186.116.253.58 - - [02/Nov/2014:18:02:59 -0500] "GET /galeria/nivo-slider/demo/scripts/jquery-1.7.1.min.js HTTP/1.1" 200 93868
186.116.253.58 - - [02/Nov/2014:18:03:00 -0500] "GET /galeria/nivo-slider/jquery.nivo.slider.pack.js HTTP/1.1" 200 11561
186.116.253.58 - - [02/Nov/2014:18:03:00 -0500] "GET /galeria/nivo-slider/demo/images/Encuentro-Orqu%C3%ADdeas01.jpg HTTP/1.1" 200 86179
186.116.253.58 - - [02/Nov/2014:18:03:00 -0500] "GET /galeria/nivo-slider/demo/images/Encuentro-Orqu%C3%ADdeas02.jpg HTTP/1.1" 200 85602
186.116.253.58 - - [02/Nov/2014:18:03:01 -0500] "GET /galeria/nivo-slider/demo/images/porloshumedales.jpg HTTP/1.1" 200 351238
186.116.253.58 - - [02/Nov/2014:18:03:01 -0500] "GET /galeria/nivo-slider/demo/images/banner-aceite3.jpg HTTP/1.1" 200 88347
157.55.39.253 - - [02/Nov/2014:18:03:01 -0500] "GET /BLA/resoluciones/RESOLUCIONES%202010/5557.pdf HTTP/1.1" 200 315481
157.55.39.253 - - [02/Nov/2014:18:03:01 -0500] "GET /BLA/resoluciones/Autos%202008/1987.pdf HTTP/1.1" 200 57543
186.116.253.58 - - [02/Nov/2014:18:03:02 -0500] "GET /galeria/nivo-slider/demo/images/4Simple_Slider.png HTTP/1.1" 200 11722
186.116.253.58 - - [02/Nov/2014:18:03:02 -0500] "GET /galeria/nivo-slider/themes/default/loading.gif HTTP/1.1" 200 1737
186.116.253.58 - - [02/Nov/2014:18:03:03 -0500] "GET /galeria/nivo-slider/demo/images/Tingua-azul.jpg HTTP/1.1" 200 307638
186.116.253.58 - - [02/Nov/2014:18:03:03 -0500] "GET /galeria/nivo-slider/demo/images/Banner-Caracol-Africano.jpg HTTP/1.1" 200 331986
157.55.39.253 - - [02/Nov/2014:18:03:04 -0500] "GET /BLA/resoluciones/Resoluciones%202011/0331.pdf HTTP/1.1" 200 71517
157.55.39.253 - - [02/Nov/2014:18:03:04 -0500] "GET /BLA/resoluciones/AUTOS%202009/1581.pdf HTTP/1.1" 200 125723
186.116.253.58 - - [02/Nov/2014:18:03:04 -0500] "GET /galeria/nivo-slider/demo/images/banner-redes.jpg HTTP/1.1" 200 62209
157.55.39.253 - - [02/Nov/2014:18:03:04 -0500] "GET /BLA/resoluciones/RESOLUCIONES%202009/0851.pdf HTTP/1.1" 200 369966
157.55.39.253 - - [02/Nov/2014:18:03:05 -0500] "GET /bla/resoluciones/RESOLUCIONES%202009/2367.pdf HTTP/1.1" 200 444487
157.55.39.253 - - [02/Nov/2014:18:03:05 -0500] "GET /bla/resoluciones/RESOLUCIONES%202009/0254.pdf HTTP/1.1" 200 737973
157.55.39.253 - - [02/Nov/2014:18:03:06 -0500] "GET /BLA/resoluciones/RESOLUCIONES%202009/7916.pdf HTTP/1.1" 200 515901
157.55.39.253 - - [02/Nov/2014:18:03:06 -0500] "GET /bla/resoluciones/RESOLUCIONES%202009/9587.pdf HTTP/1.1" 200 376968
157.55.39.253 - - [02/Nov/2014:18:03:07 -0500] "GET /BLA/resoluciones/AUTOS%202007/1122.pdf HTTP/1.1" 200 26423
157.55.39.253 - - [02/Nov/2014:18:03:07 -0500] "GET /BLA/resoluciones/RESOLUCIONES%202010/4548.pdf HTTP/1.1" 200 442419
186.116.253.58 - - [02/Nov/2014:18:03:07 -0500] "GET /galeria/nivo-slider/demo/images/9Signos.jpg HTTP/1.1" 200 93040
157.55.39.253 - - [02/Nov/2014:18:03:07 -0500] "GET /BLA/resoluciones/RESOLUCIONES%202008/5318.pdf HTTP/1.1" 200 449884
157.55.39.253 - - [02/Nov/2014:18:03:08 -0500] "GET /bla/resoluciones/RESOLUCIONES%202009/9833.pdf HTTP/1.1" 200 646590
157.55.39.253 - - [02/Nov/2014:18:03:08 -0500] "GET /BLA/resoluciones/RESOLUCIONES%202010/4912.pdf HTTP/1.1" 200 759159
157.55.39.253 - - [02/Nov/2014:18:03:09 -0500] "GET /BLA/resoluciones/RESOLUCIONES%202010/4161.pdf HTTP/1.1" 200 760809
157.55.39.253 - - [02/Nov/2014:18:03:09 -0500] "GET /BLA/resoluciones/AUTOS%202011/2376.pdf HTTP/1.1" 200 328303
186.116.253.58 - - [02/Nov/2014:18:03:10 -0500] "GET /galeria/nivo-slider/demo/images/banner-llantas2.jpg HTTP/1.1" 200 73153
181.58.3.147 - - [02/Nov/2014:18:03:10 -0500] "GET /BLA/boletinlegal/js/jquery.scrollTo-min.js HTTP/1.1" 200 1150
181.58.3.147 - - [02/Nov/2014:18:03:10 -0500] "GET /BLA/boletinlegal/js/jquery.js HTTP/1.1" 200 57254
181.58.3.147 - - [02/Nov/2014:18:03:10 -0500] "GET /BLA/boletinlegal/js/jquery.scrollShow.js HTTP/1.1" 200 4586
157.55.39.253 - - [02/Nov/2014:18:03:10 -0500] "GET /BLA/resoluciones/Resoluciones%202011/3827.pdf HTTP/1.1" 200 544320
66.249.64.171 - - [02/Nov/2014:18:03:10 -0500] "GET /BLA/resoluciones/RESOLUCIONES%202010/0129.pdf HTTP/1.1" 200 387278
157.55.39.253 - - [02/Nov/2014:18:03:10 -0500] "GET /BLA/resoluciones/RESOLUCIONES%202008/3716.pdf HTTP/1.1" 200 313605
157.55.39.253 - - [02/Nov/2014:18:03:11 -0500] "GET /BLA/resoluciones/AUTOS%202007/1298.pdf HTTP/1.1" 200 68376
157.55.39.253 - - [02/Nov/2014:18:03:11 -0500] "GET /BLA/resoluciones/Autos%202008/1428.pdf HTTP/1.1" 200 171517
157.55.39.253 - - [02/Nov/2014:18:03:11 -0500] "GET /BLA/resoluciones/RESOLUCIONES%202011/1811.pdf HTTP/1.1" 200 515612
157.55.39.253 - - [02/Nov/2014:18:03:12 -0500] "GET /BLA/resoluciones/RESOLUCIONES%202009/8029.pdf HTTP/1.1" 200 505937
157.55.39.253 - - [02/Nov/2014:18:03:12 -0500] "GET /BLA/resoluciones/AUTOS%202007/1386.pdf HTTP/1.1" 200 28611
157.55.39.253 - - [02/Nov/2014:18:03:13 -0500] "GET /bla/resoluciones/RESOLUCIONES%202009/9170.pdf HTTP/1.1" 200 437887
186.116.253.58 - - [02/Nov/2014:18:03:15 -0500] "GET /galeria/nivo-slider/demo/images/banner-caballos.png HTTP/1.1" 200 389106
186.116.253.58 - - [02/Nov/2014:18:03:18 -0500] "GET /galeria/nivo-slider/demo/images/Hacienda_Molinos.jpg HTTP/1.1" 200 319171
186.116.253.58 - - [02/Nov/2014:18:03:19 -0500] "GET /galeria/nivo-slider/demo/images/bannerEcolecta3.jpg HTTP/1.1" 200 280034
186.85.79.140 - - [02/Nov/2014:18:03:28 -0500] "POST /forms/lservlet;jsessionid=ac16012b30d5862fdfe439fc4e46bb8cee3c3963c5fa.e3iSbxaKaheRe34Sa3yKbhiTahb0n6jAmljGr5XDqQLvpAe HTTP/1.1" 200 63
190.25.105.34 - - [02/Nov/2014:18:03:29 -0500] "GET /BLA/resoluciones/AUTOS%202007/1042.pdf HTTP/1.1" 200 33915
186.85.79.140 - - [02/Nov/2014:18:03:29 -0500] "POST /forms/lservlet;jsessionid=ac16012b30d5862fdfe439fc4e46bb8cee3c3963c5fa.e3iSbxaKaheRe34Sa3yKbhiTahb0n6jAmljGr5XDqQLvpAe HTTP/1.1" 200 2
186.85.79.140 - - [02/Nov/2014:18:03:29 -0500] "POST /forms/lservlet;jsessionid=ac16012b30d5862fdfe439fc4e46bb8cee3c3963c5fa.e3iSbxaKaheRe34Sa3yKbhiTahb0n6jAmljGr5XDqQLvpAe HTTP/1.1" 200 2132
186.85.79.140 - - [02/Nov/2014:18:03:30 -0500] "POST /forms/lservlet;jsessionid=ac16012b30d5862fdfe439fc4e46bb8cee3c3963c5fa.e3iSbxaKaheRe34Sa3yKbhiTahb0n6jAmljGr5XDqQLvpAe HTTP/1.1" 200 2
186.116.253.58 - - [02/Nov/2014:18:03:32 -0500] "GET /galeria/nivo-slider/themes/default/arrows.png HTTP/1.1" 200 824
186.116.253.58 - - [02/Nov/2014:18:03:32 -0500] "GET /galeria/nivo-slider/themes/default/bullets.png HTTP/1.1" 200 1281
157.55.39.253 - - [02/Nov/2014:18:03:33 -0500] "GET /BLA/resoluciones/RESOLUCIONES%202009/7697.pdf HTTP/1.1" 200 628710
186.85.79.140 - - [02/Nov/2014:18:03:34 -0500] "POST /forms/lservlet;jsessionid=ac16012b30d5862fdfe439fc4e46bb8cee3c3963c5fa.e3iSbxaKaheRe34Sa3yKbhiTahb0n6jAmljGr5XDqQLvpAe HTTP/1.1" 200 150
157.55.39.253 - - [02/Nov/2014:18:03:34 -0500] "GET /BLA/resoluciones/RESOLUCIONES%202008/3684.pdf HTTP/1.1" 200 510160
157.55.39.253 - - [02/Nov/2014:18:03:34 -0500] "GET /BLA/resoluciones/AUTOS%202010/0567.pdf HTTP/1.1" 200 227439
157.55.39.253 - - [02/Nov/2014:18:03:35 -0500] "GET /BLA/resoluciones/RESOLUCIONES%202009/9380.pdf HTTP/1.1" 200 98065
186.85.79.140 - - [02/Nov/2014:18:03:37 -0500] "POST /forms/lservlet;jsessionid=ac16012b30d5862fdfe439fc4e46bb8cee3c3963c5fa.e3iSbxaKaheRe34Sa3yKbhiTahb0n6jAmljGr5XDqQLvpAe HTTP/1.1" 200 78
186.85.79.140 - - [02/Nov/2014:18:03:38 -0500] "POST /forms/lservlet;jsessionid=ac16012b30d5862fdfe439fc4e46bb8cee3c3963c5fa.e3iSbxaKaheRe34Sa3yKbhiTahb0n6jAmljGr5XDqQLvpAe HTTP/1.1" 200 2
186.85.79.140 - - [02/Nov/2014:18:03:38 -0500] "POST /forms/lservlet;jsessionid=ac16012b30d5862fdfe439fc4e46bb8cee3c3963c5fa.e3iSbxaKaheRe34Sa3yKbhiTahb0n6jAmljGr5XDqQLvpAe HTTP/1.1" 200 2280
186.85.79.140 - - [02/Nov/2014:18:03:39 -0500] "POST /forms/lservlet;jsessionid=ac16012b30d5862fdfe439fc4e46bb8cee3c3963c5fa.e3iSbxaKaheRe34Sa3yKbhiTahb0n6jAmljGr5XDqQLvpAe HTTP/1.1" 200 2
157.55.39.62 - - [02/Nov/2014:18:03:41 -0500] "-" 408 -
186.85.79.140 - - [02/Nov/2014:18:03:44 -0500] "POST /forms/lservlet;jsessionid=ac16012b30d5862fdfe439fc4e46bb8cee3c3963c5fa.e3iSbxaKaheRe34Sa3yKbhiTahb0n6jAmljGr5XDqQLvpAe HTTP/1.1" 200 76
66.249.64.171 - - [02/Nov/2014:18:03:47 -0500] "GET /BLA/resoluciones/AUTOS%202009/1705.pdf HTTP/1.1" 200 124221
186.85.79.140 - - [02/Nov/2014:18:03:51 -0500] "POST /forms/lservlet;jsessionid=ac16012b30d5862fdfe439fc4e46bb8cee3c3963c5fa.e3iSbxaKaheRe34Sa3yKbhiTahb0n6jAmljGr5XDqQLvpAe HTTP/1.1" 200 66
186.85.79.140 - - [02/Nov/2014:18:03:52 -0500] "POST /forms/lservlet;jsessionid=ac16012b30d5862fdfe439fc4e46bb8cee3c3963c5fa.e3iSbxaKaheRe34Sa3yKbhiTahb0n6jAmljGr5XDqQLvpAe HTTP/1.1" 200 2
186.85.79.140 - - [02/Nov/2014:18:03:52 -0500] "POST /forms/lservlet;jsessionid=ac16012b30d5862fdfe439fc4e46bb8cee3c3963c5fa.e3iSbxaKaheRe34Sa3yKbhiTahb0n6jAmljGr5XDqQLvpAe HTTP/1.1" 200 2839
186.85.79.140 - - [02/Nov/2014:18:03:53 -0500] "POST /forms/lservlet;jsessionid=ac16012b30d5862fdfe439fc4e46bb8cee3c3963c5fa.e3iSbxaKaheRe34Sa3yKbhiTahb0n6jAmljGr5XDqQLvpAe HTTP/1.1" 200 2
186.85.79.140 - - [02/Nov/2014:18:03:56 -0500] "POST /forms/lservlet;jsessionid=ac16012b30d5862fdfe439fc4e46bb8cee3c3963c5fa.e3iSbxaKaheRe34Sa3yKbhiTahb0n6jAmljGr5XDqQLvpAe HTTP/1.1" 200 2
186.85.79.140 - - [02/Nov/2014:18:03:56 -0500] "POST /forms/lservlet;jsessionid=ac16012b30d5862fdfe439fc4e46bb8cee3c3963c5fa.e3iSbxaKaheRe34Sa3yKbhiTahb0n6jAmljGr5XDqQLvpAe HTTP/1.1" 200 3020
186.85.79.140 - - [02/Nov/2014:18:03:56 -0500] "POST /forms/lservlet;jsessionid=ac16012b30d5862fdfe439fc4e46bb8cee3c3963c5fa.e3iSbxaKaheRe34Sa3yKbhiTahb0n6jAmljGr5XDqQLvpAe HTTP/1.1" 200 2
157.55.39.254 - - [02/Nov/2014:18:03:56 -0500] "GET /BLA/resoluciones/RESOLUCIONES%202010/4525.pdf HTTP/1.1" 200 331967
157.55.39.254 - - [02/Nov/2014:18:03:57 -0500] "GET /BLA/resoluciones/AUTOS%202007/2965.pdf HTTP/1.1" 200 73597
186.85.79.140 - - [02/Nov/2014:18:03:57 -0500] "POST /forms/lservlet;jsessionid=ac16012b30d5862fdfe439fc4e46bb8cee3c3963c5fa.e3iSbxaKaheRe34Sa3yKbhiTahb0n6jAmljGr5XDqQLvpAe HTTP/1.1" 200 2
157.55.39.254 - - [02/Nov/2014:18:03:57 -0500] "GET /BLA/resoluciones/AUTOS%202007/2473.pdf HTTP/1.1" 200 104944
186.85.79.140 - - [02/Nov/2014:18:03:57 -0500] "POST /forms/lservlet;jsessionid=ac16012b30d5862fdfe439fc4e46bb8cee3c3963c5fa.e3iSbxaKaheRe34Sa3yKbhiTahb0n6jAmljGr5XDqQLvpAe HTTP/1.1" 200 3183
186.85.79.140 - - [02/Nov/2014:18:03:57 -0500] "POST /forms/lservlet;jsessionid=ac16012b30d5862fdfe439fc4e46bb8cee3c3963c5fa.e3iSbxaKaheRe34Sa3yKbhiTahb0n6jAmljGr5XDqQLvpAe HTTP/1.1" 200 2
186.85.79.140 - - [02/Nov/2014:18:03:58 -0500] "POST /forms/lservlet;jsessionid=ac16012b30d5862fdfe439fc4e46bb8cee3c3963c5fa.e3iSbxaKaheRe34Sa3yKbhiTahb0n6jAmljGr5XDqQLvpAe HTTP/1.1" 200 2
186.85.79.140 - - [02/Nov/2014:18:03:58 -0500] "POST /forms/lservlet;jsessionid=ac16012b30d5862fdfe439fc4e46bb8cee3c3963c5fa.e3iSbxaKaheRe34Sa3yKbhiTahb0n6jAmljGr5XDqQLvpAe HTTP/1.1" 200 3214
186.85.79.140 - - [02/Nov/2014:18:03:58 -0500] "POST /forms/lservlet;jsessionid=ac16012b30d5862fdfe439fc4e46bb8cee3c3963c5fa.e3iSbxaKaheRe34Sa3yKbhiTahb0n6jAmljGr5XDqQLvpAe HTTP/1.1" 200 2
186.85.79.140 - - [02/Nov/2014:18:03:59 -0500] "POST /forms/lservlet;jsessionid=ac16012b30d5862fdfe439fc4e46bb8cee3c3963c5fa.e3iSbxaKaheRe34Sa3yKbhiTahb0n6jAmljGr5XDqQLvpAe HTTP/1.1" 200 2
186.85.79.140 - - [02/Nov/2014:18:03:59 -0500] "POST /forms/lservlet;jsessionid=ac16012b30d5862fdfe439fc4e46bb8cee3c3963c5fa.e3iSbxaKaheRe34Sa3yKbhiTahb0n6jAmljGr5XDqQLvpAe HTTP/1.1" 200 3377
186.85.79.140 - - [02/Nov/2014:18:03:59 -0500] "POST /forms/lservlet;jsessionid=ac16012b30d5862fdfe439fc4e46bb8cee3c3963c5fa.e3iSbxaKaheRe34Sa3yKbhiTahb0n6jAmljGr5XDqQLvpAe HTTP/1.1" 200 2
186.85.79.140 - - [02/Nov/2014:18:04:00 -0500] "POST /forms/lservlet;jsessionid=ac16012b30d5862fdfe439fc4e46bb8cee3c3963c5fa.e3iSbxaKaheRe34Sa3yKbhiTahb0n6jAmljGr5XDqQLvpAe HTTP/1.1" 200 2
186.85.79.140 - - [02/Nov/2014:18:04:00 -0500] "POST /forms/lservlet;jsessionid=ac16012b30d5862fdfe439fc4e46bb8cee3c3963c5fa.e3iSbxaKaheRe34Sa3yKbhiTahb0n6jAmljGr5XDqQLvpAe HTTP/1.1" 200 2942
186.85.79.140 - - [02/Nov/2014:18:04:00 -0500] "POST /forms/lservlet;jsessionid=ac16012b30d5862fdfe439fc4e46bb8cee3c3963c5fa.e3iSbxaKaheRe34Sa3yKbhiTahb0n6jAmljGr5XDqQLvpAe HTTP/1.1" 200 2
186.85.79.140 - - [02/Nov/2014:18:04:01 -0500] "POST /forms/lservlet;jsessionid=ac16012b30d5862fdfe439fc4e46bb8cee3c3963c5fa.e3iSbxaKaheRe34Sa3yKbhiTahb0n6jAmljGr5XDqQLvpAe HTTP/1.1" 200 2
186.85.79.140 - - [02/Nov/2014:18:04:01 -0500] "POST /forms/lservlet;jsessionid=ac16012b30d5862fdfe439fc4e46bb8cee3c3963c5fa.e3iSbxaKaheRe34Sa3yKbhiTahb0n6jAmljGr5XDqQLvpAe HTTP/1.1" 200 3132
186.85.79.140 - - [02/Nov/2014:18:04:01 -0500] "POST /forms/lservlet;jsessionid=ac16012b30d5862fdfe439fc4e46bb8cee3c3963c5fa.e3iSbxaKaheRe34Sa3yKbhiTahb0n6jAmljGr5XDqQLvpAe HTTP/1.1" 200 2
66.249.64.163 - - [02/Nov/2014:18:04:02 -0500] "GET /BLA/resoluciones/RESOLUCIONES%202011/6993.pdf HTTP/1.1" 304 -
186.85.79.140 - - [02/Nov/2014:18:04:02 -0500] "POST /forms/lservlet;jsessionid=ac16012b30d5862fdfe439fc4e46bb8cee3c3963c5fa.e3iSbxaKaheRe34Sa3yKbhiTahb0n6jAmljGr5XDqQLvpAe HTTP/1.1" 200 2
201.245.192.253 - - [02/Nov/2014:18:04:02 -0500] "GET /plugins/like.php?href=http%3A%2F%2Fwww.facebook.com%2FRojadirecta&layout=standard&show_faces=false&locale=es_ES&width=450&action=like&colorscheme=light&height=18 HTTP/1.1" 404 1256
201.245.192.253 - - [02/Nov/2014:18:04:02 -0500] "GET /plugins/like.php?href=http%3A%2F%2Fwww.facebook.com%2FRojadirecta&layout=standard&show_faces=false&locale=en_US&width=450&action=like&colorscheme=light&height=18 HTTP/1.1" 404 1256
201.245.192.253 - - [02/Nov/2014:18:04:02 -0500] "GET /plugins/likebox.php?href=http%3A%2F%2Fwww.facebook.com%2Frojadirecta&width=325&colorscheme=light&show_faces=true&header=false&height=176 HTTP/1.1" 404 1256
186.85.79.140 - - [02/Nov/2014:18:04:02 -0500] "POST /forms/lservlet;jsessionid=ac16012b30d5862fdfe439fc4e46bb8cee3c3963c5fa.e3iSbxaKaheRe34Sa3yKbhiTahb0n6jAmljGr5XDqQLvpAe HTTP/1.1" 200 2749
186.85.79.140 - - [02/Nov/2014:18:04:03 -0500] "POST /forms/lservlet;jsessionid=ac16012b30d5862fdfe439fc4e46bb8cee3c3963c5fa.e3iSbxaKaheRe34Sa3yKbhiTahb0n6jAmljGr5XDqQLvpAe HTTP/1.1" 200 2
186.85.79.140 - - [02/Nov/2014:18:04:03 -0500] "POST /forms/lservlet;jsessionid=ac16012b30d5862fdfe439fc4e46bb8cee3c3963c5fa.e3iSbxaKaheRe34Sa3yKbhiTahb0n6jAmljGr5XDqQLvpAe HTTP/1.1" 200 2
186.85.79.140 - - [02/Nov/2014:18:04:03 -0500] "POST /forms/lservlet;jsessionid=ac16012b30d5862fdfe439fc4e46bb8cee3c3963c5fa.e3iSbxaKaheRe34Sa3yKbhiTahb0n6jAmljGr5XDqQLvpAe HTTP/1.1" 200 2684
186.85.79.140 - - [02/Nov/2014:18:04:04 -0500] "POST /forms/lservlet;jsessionid=ac16012b30d5862fdfe439fc4e46bb8cee3c3963c5fa.e3iSbxaKaheRe34Sa3yKbhiTahb0n6jAmljGr5XDqQLvpAe HTTP/1.1" 200 2
186.85.79.140 - - [02/Nov/2014:18:04:04 -0500] "POST /forms/lservlet;jsessionid=ac16012b30d5862fdfe439fc4e46bb8cee3c3963c5fa.e3iSbxaKaheRe34Sa3yKbhiTahb0n6jAmljGr5XDqQLvpAe HTTP/1.1" 200 2
186.85.79.140 - - [02/Nov/2014:18:04:04 -0500] "POST /forms/lservlet;jsessionid=ac16012b30d5862fdfe439fc4e46bb8cee3c3963c5fa.e3iSbxaKaheRe34Sa3yKbhiTahb0n6jAmljGr5XDqQLvpAe HTTP/1.1" 200 2417
186.85.79.140 - - [02/Nov/2014:18:04:05 -0500] "POST /forms/lservlet;jsessionid=ac16012b30d5862fdfe439fc4e46bb8cee3c3963c5fa.e3iSbxaKaheRe34Sa3yKbhiTahb0n6jAmljGr5XDqQLvpAe HTTP/1.1" 200 2
186.85.79.140 - - [02/Nov/2014:18:04:07 -0500] "POST /forms/lservlet;jsessionid=ac16012b30d5862fdfe439fc4e46bb8cee3c3963c5fa.e3iSbxaKaheRe34Sa3yKbhiTahb0n6jAmljGr5XDqQLvpAe HTTP/1.1" 200 2
186.85.79.140 - - [02/Nov/2014:18:04:07 -0500] "POST /forms/lservlet;jsessionid=ac16012b30d5862fdfe439fc4e46bb8cee3c3963c5fa.e3iSbxaKaheRe34Sa3yKbhiTahb0n6jAmljGr5XDqQLvpAe HTTP/1.1" 200 3027
186.85.79.140 - - [02/Nov/2014:18:04:08 -0500] "POST /forms/lservlet;jsessionid=ac16012b30d5862fdfe439fc4e46bb8cee3c3963c5fa.e3iSbxaKaheRe34Sa3yKbhiTahb0n6jAmljGr5XDqQLvpAe HTTP/1.1" 200 2
186.85.79.140 - - [02/Nov/2014:18:04:21 -0500] "POST /forms/lservlet;jsessionid=ac16012b30d5862fdfe439fc4e46bb8cee3c3963c5fa.e3iSbxaKaheRe34Sa3yKbhiTahb0n6jAmljGr5XDqQLvpAe HTTP/1.1" 200 71
186.85.79.140 - - [02/Nov/2014:18:04:22 -0500] "POST /forms/lservlet;jsessionid=ac16012b30d5862fdfe439fc4e46bb8cee3c3963c5fa.e3iSbxaKaheRe34Sa3yKbhiTahb0n6jAmljGr5XDqQLvpAe HTTP/1.1" 200 8
186.85.79.140 - - [02/Nov/2014:18:04:22 -0500] "POST /forms/lservlet;jsessionid=ac16012b30d5862fdfe439fc4e46bb8cee3c3963c5fa.e3iSbxaKaheRe34Sa3yKbhiTahb0n6jAmljGr5XDqQLvpAe HTTP/1.1" 200 2
66.249.64.167 - - [02/Nov/2014:18:04:23 -0500] "GET /BLA/resoluciones/AUTOS%202009/1732.pdf HTTP/1.1" 200 136139
186.85.79.140 - - [02/Nov/2014:18:04:28 -0500] "POST /forms/lservlet;jsessionid=ac16012b30d5862fdfe439fc4e46bb8cee3c3963c5fa.e3iSbxaKaheRe34Sa3yKbhiTahb0n6jAmljGr5XDqQLvpAe HTTP/1.1" 200 94
186.85.79.140 - - [02/Nov/2014:18:04:33 -0500] "POST /forms/lservlet;jsessionid=ac16012b30d5862fdfe439fc4e46bb8cee3c3963c5fa.e3iSbxaKaheRe34Sa3yKbhiTahb0n6jAmljGr5XDqQLvpAe HTTP/1.1" 200 66
186.85.79.140 - - [02/Nov/2014:18:04:35 -0500] "POST /forms/lservlet;jsessionid=ac16012b30d5862fdfe439fc4e46bb8cee3c3963c5fa.e3iSbxaKaheRe34Sa3yKbhiTahb0n6jAmljGr5XDqQLvpAe HTTP/1.1" 200 2
186.85.79.140 - - [02/Nov/2014:18:04:35 -0500] "POST /forms/lservlet;jsessionid=ac16012b30d5862fdfe439fc4e46bb8cee3c3963c5fa.e3iSbxaKaheRe34Sa3yKbhiTahb0n6jAmljGr5XDqQLvpAe HTTP/1.1" 200 2201
186.85.79.140 - - [02/Nov/2014:18:04:35 -0500] "POST /forms/lservlet;jsessionid=ac16012b30d5862fdfe439fc4e46bb8cee3c3963c5fa.e3iSbxaKaheRe34Sa3yKbhiTahb0n6jAmljGr5XDqQLvpAe HTTP/1.1" 200 2
186.85.79.140 - - [02/Nov/2014:18:04:37 -0500] "POST /forms/lservlet;jsessionid=ac16012b30d5862fdfe439fc4e46bb8cee3c3963c5fa.e3iSbxaKaheRe34Sa3yKbhiTahb0n6jAmljGr5XDqQLvpAe HTTP/1.1" 200 2
186.85.79.140 - - [02/Nov/2014:18:04:37 -0500] "POST /forms/lservlet;jsessionid=ac16012b30d5862fdfe439fc4e46bb8cee3c3963c5fa.e3iSbxaKaheRe34Sa3yKbhiTahb0n6jAmljGr5XDqQLvpAe HTTP/1.1" 200 3170
186.85.79.140 - - [02/Nov/2014:18:04:38 -0500] "POST /forms/lservlet;jsessionid=ac16012b30d5862fdfe439fc4e46bb8cee3c3963c5fa.e3iSbxaKaheRe34Sa3yKbhiTahb0n6jAmljGr5XDqQLvpAe HTTP/1.1" 200 2
186.85.79.140 - - [02/Nov/2014:18:04:41 -0500] "POST /forms/lservlet;jsessionid=ac16012b30d5862fdfe439fc4e46bb8cee3c3963c5fa.e3iSbxaKaheRe34Sa3yKbhiTahb0n6jAmljGr5XDqQLvpAe HTTP/1.1" 200 2
186.85.79.140 - - [02/Nov/2014:18:04:42 -0500] "POST /forms/lservlet;jsessionid=ac16012b30d5862fdfe439fc4e46bb8cee3c3963c5fa.e3iSbxaKaheRe34Sa3yKbhiTahb0n6jAmljGr5XDqQLvpAe HTTP/1.1" 200 2830
186.85.79.140 - - [02/Nov/2014:18:04:42 -0500] "POST /forms/lservlet;jsessionid=ac16012b30d5862fdfe439fc4e46bb8cee3c3963c5fa.e3iSbxaKaheRe34Sa3yKbhiTahb0n6jAmljGr5XDqQLvpAe HTTP/1.1" 200 2
186.85.79.140 - - [02/Nov/2014:18:04:47 -0500] "POST /forms/lservlet;jsessionid=ac16012b30d5862fdfe439fc4e46bb8cee3c3963c5fa.e3iSbxaKaheRe34Sa3yKbhiTahb0n6jAmljGr5XDqQLvpAe HTTP/1.1" 200 2
186.85.79.140 - - [02/Nov/2014:18:04:47 -0500] "POST /forms/lservlet;jsessionid=ac16012b30d5862fdfe439fc4e46bb8cee3c3963c5fa.e3iSbxaKaheRe34Sa3yKbhiTahb0n6jAmljGr5XDqQLvpAe HTTP/1.1" 200 131
186.85.79.140 - - [02/Nov/2014:18:04:48 -0500] "POST /forms/lservlet;jsessionid=ac16012b30d5862fdfe439fc4e46bb8cee3c3963c5fa.e3iSbxaKaheRe34Sa3yKbhiTahb0n6jAmljGr5XDqQLvpAe HTTP/1.1" 200 2
188.165.15.192 - - [02/Nov/2014:18:04:49 -0500] "GET /BLA/resoluciones/RESOLUCIONES%202006/RES%202006%201301-1350/00001342.tif HTTP/1.1" 200 95028
186.85.79.140 - - [02/Nov/2014:18:04:48 -0500] "GET /reports/rwservlet/getjobid331943?server=rep_srvapsda HTTP/1.1" 200 292162
74.86.158.107 - - [02/Nov/2014:18:04:55 -0500] "HEAD / HTTP/1.1" 302 -
66.249.64.167 - - [02/Nov/2014:18:04:59 -0500] "GET /BLA/resoluciones/AUTOS%202009/2252.pdf HTTP/1.1" 200 120271
190.158.7.219 - - [02/Nov/2014:17:59:29 -0500] "GET /ForestMSG_SDA/channelAsync/template_word_16787609?X-Atmosphere-tracking-id=a2b9fdc2-21e0-3ca1-a973-2a7a1d79c5b1&X-Atmosphere-Framework=1.0.5&X-Atmosphere-Transport=long-polling&tabid=0.09333831956610084&X-Cache-Date=0&Content-Type=application/xml&_=1414969240355 HTTP/1.1" 200 8193
66.249.64.167 - - [02/Nov/2014:18:05:35 -0500] "GET /BLA/resoluciones/AUTOS%202008/0779.pdf HTTP/1.1" 200 75688
157.55.39.62 - - [02/Nov/2014:18:05:40 -0500] "GET /BLA/resoluciones/RESOLUCIONES%202011/1632.pdf HTTP/1.1" 200 68011
157.55.39.62 - - [02/Nov/2014:18:05:41 -0500] "GET /BLA/resoluciones/AUTOS%202007/0138.pdf HTTP/1.1" 200 99448
186.168.236.247 - - [02/Nov/2014:18:05:53 -0500] "GET /BLA/boletinlegal/js/jquery.js HTTP/1.1" 200 57254
186.168.236.247 - - [02/Nov/2014:18:05:53 -0500] "GET /BLA/boletinlegal/js/jquery.scrollTo-min.js HTTP/1.1" 200 1150
186.168.236.247 - - [02/Nov/2014:18:05:53 -0500] "GET /BLA/boletinlegal/js/jquery.scrollShow.js HTTP/1.1" 200 4586
186.168.236.247 - - [02/Nov/2014:18:05:53 -0500] "GET /galeria/carrusel/Carrusel/jquery.thumbnailScroller.css HTTP/1.1" 200 2066
186.168.236.247 - - [02/Nov/2014:18:05:53 -0500] "GET /galeria/carrusel/Carrusel/jquery-ui-1.8.13.custom.min.js HTTP/1.1" 200 10800
186.168.236.247 - - [02/Nov/2014:18:05:53 -0500] "GET /galeria/carrusel/Carrusel/jquery.thumbnailScroller.js HTTP/1.1" 200 8157
66.249.64.163 - - [02/Nov/2014:18:05:54 -0500] "GET /BLA/resoluciones/RESOLUCIONES%202013/0131.pdf HTTP/1.1" 304 -
186.168.236.247 - - [02/Nov/2014:18:05:59 -0500] "GET /galeria/nivo-slider/demo/demo.html HTTP/1.1" 200 3492
186.168.236.247 - - [02/Nov/2014:18:05:59 -0500] "GET /galeria/nivo-slider/themes/default/default.css HTTP/1.1" 200 1569
186.168.236.247 - - [02/Nov/2014:18:05:59 -0500] "GET /galeria/nivo-slider/themes/pascal/pascal.css HTTP/1.1" 200 2258
186.168.236.247 - - [02/Nov/2014:18:05:59 -0500] "GET /galeria/nivo-slider/themes/orman/orman.css HTTP/1.1" 200 2152
186.168.236.247 - - [02/Nov/2014:18:05:59 -0500] "GET /galeria/nivo-slider/nivo-slider.css HTTP/1.1" 200 1507
186.168.236.247 - - [02/Nov/2014:18:05:59 -0500] "GET /galeria/nivo-slider/demo/style.css HTTP/1.1" 200 2222
186.168.236.247 - - [02/Nov/2014:18:05:59 -0500] "GET /galeria/nivo-slider/demo/scripts/jquery-1.7.1.min.js HTTP/1.1" 200 93868
186.168.236.247 - - [02/Nov/2014:18:05:59 -0500] "GET /galeria/nivo-slider/jquery.nivo.slider.pack.js HTTP/1.1" 200 11561
186.168.236.247 - - [02/Nov/2014:18:06:00 -0500] "GET /galeria/nivo-slider/demo/images/Encuentro-Orqu%C3%ADdeas01.jpg HTTP/1.1" 200 86179
186.168.236.247 - - [02/Nov/2014:18:06:00 -0500] "GET /galeria/nivo-slider/demo/images/Encuentro-Orqu%C3%ADdeas02.jpg HTTP/1.1" 200 85602
186.168.236.247 - - [02/Nov/2014:18:06:00 -0500] "GET /galeria/nivo-slider/demo/images/porloshumedales.jpg HTTP/1.1" 200 351238
186.168.236.247 - - [02/Nov/2014:18:06:00 -0500] "GET /galeria/nivo-slider/demo/images/banner-aceite3.jpg HTTP/1.1" 200 88347
186.168.236.247 - - [02/Nov/2014:18:06:00 -0500] "GET /galeria/nivo-slider/demo/images/Tingua-azul.jpg HTTP/1.1" 200 307638
186.168.236.247 - - [02/Nov/2014:18:06:00 -0500] "GET /galeria/nivo-slider/demo/images/Banner-Caracol-Africano.jpg HTTP/1.1" 200 331986
186.168.236.247 - - [02/Nov/2014:18:06:00 -0500] "GET /galeria/nivo-slider/demo/images/banner-redes.jpg HTTP/1.1" 200 62209
186.168.236.247 - - [02/Nov/2014:18:06:00 -0500] "GET /galeria/nivo-slider/demo/images/9Signos.jpg HTTP/1.1" 200 93040
186.168.236.247 - - [02/Nov/2014:18:06:01 -0500] "GET /galeria/nivo-slider/demo/images/banner-llantas2.jpg HTTP/1.1" 200 73153
186.168.236.247 - - [02/Nov/2014:18:06:01 -0500] "GET /galeria/nivo-slider/demo/images/banner-caballos.png HTTP/1.1" 200 389106
186.168.236.247 - - [02/Nov/2014:18:06:01 -0500] "GET /galeria/nivo-slider/demo/images/Hacienda_Molinos.jpg HTTP/1.1" 200 319171
186.168.236.247 - - [02/Nov/2014:18:06:02 -0500] "GET /galeria/nivo-slider/demo/images/bannerEcolecta3.jpg HTTP/1.1" 200 280034
186.168.236.247 - - [02/Nov/2014:18:06:02 -0500] "GET /galeria/nivo-slider/demo/images/4Simple_Slider.png HTTP/1.1" 200 11722
186.168.236.247 - - [02/Nov/2014:18:06:02 -0500] "GET /galeria/nivo-slider/themes/default/loading.gif HTTP/1.1" 200 1737
157.55.39.62 - - [02/Nov/2014:18:06:02 -0500] "GET /BLA/resoluciones/AUTOS%202007/3619.pdf HTTP/1.1" 200 166112
157.55.39.62 - - [02/Nov/2014:18:06:03 -0500] "GET /BLA/resoluciones/AUTOS%202007/1194.pdf HTTP/1.1" 200 24575
157.55.39.62 - - [02/Nov/2014:18:06:03 -0500] "GET /BLA/resoluciones/RESOLUCIONES%202010/7055.pdf HTTP/1.1" 200 581117
157.55.39.62 - - [02/Nov/2014:18:06:03 -0500] "GET /BLA/resoluciones/RESOLUCIONES%202010/1348.pdf HTTP/1.1" 200 94493
157.55.39.62 - - [02/Nov/2014:18:06:04 -0500] "GET /BLA/resoluciones/RESOLUCIONES%202011/0403.pdf HTTP/1.1" 200 272691
186.168.236.247 - - [02/Nov/2014:18:06:04 -0500] "GET /galeria/nivo-slider/themes/default/arrows.png HTTP/1.1" 200 824
186.168.236.247 - - [02/Nov/2014:18:06:04 -0500] "GET /galeria/nivo-slider/themes/default/bullets.png HTTP/1.1" 200 1281
157.55.39.62 - - [02/Nov/2014:18:06:04 -0500] "GET /BLA/resoluciones/RESOLUCIONES%202010/1360.pdf HTTP/1.1" 200 394544
157.55.39.62 - - [02/Nov/2014:18:06:05 -0500] "GET /bla/resoluciones/RESOLUCIONES%202009/9340.pdf HTTP/1.1" 200 491557
157.55.39.62 - - [02/Nov/2014:18:06:05 -0500] "GET /BLA/resoluciones/RESOLUCIONES%202011/1471.pdf HTTP/1.1" 200 67527
157.55.39.62 - - [02/Nov/2014:18:06:06 -0500] "GET /bla/resoluciones/RESOLUCIONES%202009/0615.pdf HTTP/1.1" 200 320637
157.55.39.62 - - [02/Nov/2014:18:06:06 -0500] "GET /BLA/resoluciones/RESOLUCIONES%202010/7120.pdf HTTP/1.1" 200 267176
157.55.39.62 - - [02/Nov/2014:18:06:06 -0500] "GET /BLA/resoluciones/RESOLUCIONES%202010/1332.pdf HTTP/1.1" 200 89319
157.55.39.62 - - [02/Nov/2014:18:06:07 -0500] "GET /BLA/resoluciones/AUTOS%202009/1945.pdf HTTP/1.1" 200 99021
66.249.64.167 - - [02/Nov/2014:18:06:10 -0500] "GET /BLA/resoluciones/RESOLUCIONES%202010/1425.pdf HTTP/1.1" 200 1479312
186.145.120.229 - - [02/Nov/2014:18:06:18 -0500] "GET /BLA/boletinlegal/js/jquery.js HTTP/1.1" 200 57254
186.145.120.229 - - [02/Nov/2014:18:06:18 -0500] "GET /BLA/boletinlegal/js/jquery.scrollShow.js HTTP/1.1" 200 4586
186.145.120.229 - - [02/Nov/2014:18:06:18 -0500] "GET /BLA/boletinlegal/js/jquery.scrollTo-min.js HTTP/1.1" 200 1150
186.28.139.255 - - [02/Nov/2014:18:06:28 -0500] "GET /POT-2013/Cartografia/Anexo01_Sistema_Hidrico.pdf HTTP/1.1" 200 5860035
157.55.39.62 - - [02/Nov/2014:18:06:28 -0500] "GET /BLA/resoluciones/RESOLUCIONES%202009/8698.pdf HTTP/1.1" 200 413878
191.95.246.25 - - [02/Nov/2014:18:06:29 -0500] "GET /BLA/boletinlegal/js/jquery.js HTTP/1.1" 200 57254
191.95.246.25 - - [02/Nov/2014:18:06:29 -0500] "GET /BLA/boletinlegal/js/jquery.scrollTo-min.js HTTP/1.1" 200 1150
191.95.246.25 - - [02/Nov/2014:18:06:29 -0500] "GET /BLA/boletinlegal/js/jquery.scrollShow.js HTTP/1.1" 200 4586
190.9.192.190 - - [02/Nov/2014:18:06:34 -0500] "GET /BLA/boletinlegal/js/jquery.js HTTP/1.1" 200 57254
190.9.192.190 - - [02/Nov/2014:18:06:34 -0500] "GET /BLA/boletinlegal/js/jquery.scrollTo-min.js HTTP/1.1" 200 1150
190.9.192.190 - - [02/Nov/2014:18:06:34 -0500] "GET /BLA/boletinlegal/js/jquery.scrollShow.js HTTP/1.1" 200 4586
186.85.79.140 - - [02/Nov/2014:18:06:35 -0500] "POST /forms/lservlet;jsessionid=ac16012b30d5862fdfe439fc4e46bb8cee3c3963c5fa.e3iSbxaKaheRe34Sa3yKbhiTahb0n6jAmljGr5XDqQLvpAe HTTP/1.1" 200 2
66.249.64.167 - - [02/Nov/2014:18:06:46 -0500] "GET /BLA/resoluciones/RESOLUCIONES%202009/5437.pdf HTTP/1.1" 200 524305
186.113.84.41 - - [02/Nov/2014:18:07:02 -0500] "GET /BLA/boletinlegal/js/jquery.scrollTo-min.js HTTP/1.1" 200 1150
186.113.84.41 - - [02/Nov/2014:18:07:02 -0500] "GET /BLA/boletinlegal/js/jquery.scrollShow.js HTTP/1.1" 200 4586
186.113.84.41 - - [02/Nov/2014:18:07:02 -0500] "GET /BLA/boletinlegal/js/jquery.js HTTP/1.1" 200 57254
186.85.79.140 - - [02/Nov/2014:18:07:02 -0500] "POST /forms/lservlet;jsessionid=ac16012b30d5862fdfe439fc4e46bb8cee3c3963c5fa.e3iSbxaKaheRe34Sa3yKbhiTahb0n6jAmljGr5XDqQLvpAe HTTP/1.1" 200 76
186.113.84.41 - - [02/Nov/2014:18:07:02 -0500] "GET /galeria/carrusel/Carrusel/jquery.thumbnailScroller.css HTTP/1.1" 200 2066
186.113.84.41 - - [02/Nov/2014:18:07:03 -0500] "GET /galeria/carrusel/Carrusel/jquery-ui-1.8.13.custom.min.js HTTP/1.1" 200 10800
186.85.79.140 - - [02/Nov/2014:18:07:03 -0500] "POST /forms/lservlet;jsessionid=ac16012b30d5862fdfe439fc4e46bb8cee3c3963c5fa.e3iSbxaKaheRe34Sa3yKbhiTahb0n6jAmljGr5XDqQLvpAe HTTP/1.1" 200 8
186.85.79.140 - - [02/Nov/2014:18:07:03 -0500] "POST /forms/lservlet;jsessionid=ac16012b30d5862fdfe439fc4e46bb8cee3c3963c5fa.e3iSbxaKaheRe34Sa3yKbhiTahb0n6jAmljGr5XDqQLvpAe HTTP/1.1" 200 2
186.113.84.41 - - [02/Nov/2014:18:07:03 -0500] "GET /galeria/carrusel/Carrusel/jquery.thumbnailScroller.js HTTP/1.1" 200 8157
186.113.84.41 - - [02/Nov/2014:18:07:04 -0500] "GET /galeria/nivo-slider/demo/demo.html HTTP/1.1" 200 3492
186.113.84.41 - - [02/Nov/2014:18:07:04 -0500] "GET /galeria/nivo-slider/themes/pascal/pascal.css HTTP/1.1" 200 2258
186.113.84.41 - - [02/Nov/2014:18:07:04 -0500] "GET /galeria/nivo-slider/themes/default/default.css HTTP/1.1" 200 1569
186.113.84.41 - - [02/Nov/2014:18:07:04 -0500] "GET /galeria/nivo-slider/nivo-slider.css HTTP/1.1" 200 1507
186.113.84.41 - - [02/Nov/2014:18:07:05 -0500] "GET /galeria/nivo-slider/demo/style.css HTTP/1.1" 200 2222
186.113.84.41 - - [02/Nov/2014:18:07:05 -0500] "GET /galeria/nivo-slider/themes/orman/orman.css HTTP/1.1" 200 2152
186.85.79.140 - - [02/Nov/2014:18:07:05 -0500] "POST /forms/lservlet;jsessionid=ac16012b30d5862fdfe439fc4e46bb8cee3c3963c5fa.e3iSbxaKaheRe34Sa3yKbhiTahb0n6jAmljGr5XDqQLvpAe HTTP/1.1" 200 91
186.113.84.41 - - [02/Nov/2014:18:07:05 -0500] "GET /galeria/nivo-slider/demo/scripts/jquery-1.7.1.min.js HTTP/1.1" 200 93868
186.113.84.41 - - [02/Nov/2014:18:07:05 -0500] "GET /galeria/nivo-slider/demo/images/Encuentro-Orqu%C3%ADdeas02.jpg HTTP/1.1" 200 85602
186.113.84.41 - - [02/Nov/2014:18:07:05 -0500] "GET /galeria/nivo-slider/demo/images/banner-aceite3.jpg HTTP/1.1" 200 88347
186.113.84.41 - - [02/Nov/2014:18:07:06 -0500] "GET /galeria/nivo-slider/demo/images/Encuentro-Orqu%C3%ADdeas01.jpg HTTP/1.1" 200 86179
186.113.84.41 - - [02/Nov/2014:18:07:06 -0500] "GET /galeria/nivo-slider/jquery.nivo.slider.pack.js HTTP/1.1" 200 11561
186.113.84.41 - - [02/Nov/2014:18:07:06 -0500] "GET /galeria/nivo-slider/demo/images/porloshumedales.jpg HTTP/1.1" 200 351238
186.113.84.41 - - [02/Nov/2014:18:07:07 -0500] "GET /galeria/nivo-slider/demo/images/Tingua-azul.jpg HTTP/1.1" 200 307638
186.113.84.41 - - [02/Nov/2014:18:07:07 -0500] "GET /galeria/nivo-slider/demo/images/Banner-Caracol-Africano.jpg HTTP/1.1" 200 331986
186.113.84.41 - - [02/Nov/2014:18:07:07 -0500] "GET /galeria/nivo-slider/demo/images/banner-redes.jpg HTTP/1.1" 200 62209
186.113.84.41 - - [02/Nov/2014:18:07:07 -0500] "GET /galeria/nivo-slider/demo/images/9Signos.jpg HTTP/1.1" 200 93040
186.113.84.41 - - [02/Nov/2014:18:07:08 -0500] "GET /galeria/nivo-slider/demo/images/banner-llantas2.jpg HTTP/1.1" 200 73153
186.113.84.41 - - [02/Nov/2014:18:07:08 -0500] "GET /galeria/nivo-slider/demo/images/banner-caballos.png HTTP/1.1" 200 389106
186.113.84.41 - - [02/Nov/2014:18:07:10 -0500] "GET /galeria/nivo-slider/demo/images/Hacienda_Molinos.jpg HTTP/1.1" 200 319171
186.113.84.41 - - [02/Nov/2014:18:07:11 -0500] "GET /galeria/nivo-slider/demo/images/bannerEcolecta3.jpg HTTP/1.1" 200 280034
186.113.84.41 - - [02/Nov/2014:18:07:11 -0500] "GET /galeria/nivo-slider/demo/images/4Simple_Slider.png HTTP/1.1" 200 11722
186.113.84.41 - - [02/Nov/2014:18:07:12 -0500] "GET /galeria/nivo-slider/themes/default/loading.gif HTTP/1.1" 200 1737
202.46.55.27 - - [02/Nov/2014:18:07:13 -0500] "GET / HTTP/1.1" 302 -
188.165.15.13 - - [02/Nov/2014:18:07:17 -0500] "GET /BLA/resoluciones/RESOLUCIONES%202002/RES%202002%201601-1650/20021619.tif HTTP/1.1" 200 112892
66.249.64.163 - - [02/Nov/2014:18:07:22 -0500] "GET /BLA/resoluciones/AUTOS%202009/1710.pdf HTTP/1.1" 200 126031
157.55.39.62 - - [02/Nov/2014:18:07:38 -0500] "-" 408 -
186.87.200.210 - - [02/Nov/2014:18:07:40 -0500] "GET /BLA/boletinlegal/js/jquery.js HTTP/1.1" 200 57254
186.87.200.210 - - [02/Nov/2014:18:07:40 -0500] "GET /BLA/boletinlegal/js/jquery.scrollTo-min.js HTTP/1.1" 200 1150
186.87.200.210 - - [02/Nov/2014:18:07:40 -0500] "GET /BLA/boletinlegal/js/jquery.scrollShow.js HTTP/1.1" 200 4586
190.29.81.190 - - [02/Nov/2014:18:07:41 -0500] "GET /galeria/mapa/3MapaBogot%C3%A1.jpg HTTP/1.1" 200 688183
186.115.80.122 - - [02/Nov/2014:18:07:45 -0500] "GET /galeria/carrusel/Carrusel/jquery.thumbnailScroller.css HTTP/1.1" 200 2066
186.115.80.122 - - [02/Nov/2014:18:07:45 -0500] "GET /galeria/carrusel/Carrusel/jquery-ui-1.8.13.custom.min.js HTTP/1.1" 200 10800
186.115.80.122 - - [02/Nov/2014:18:07:45 -0500] "GET /galeria/carrusel/Carrusel/jquery.thumbnailScroller.js HTTP/1.1" 200 8157
66.249.64.171 - - [02/Nov/2014:18:07:46 -0500] "GET /BLA/resoluciones/AUTOS%202010/5373.pdf HTTP/1.1" 200 1540998
186.85.79.140 - - [02/Nov/2014:18:07:51 -0500] "POST /forms/lservlet;jsessionid=ac16012b30d5862fdfe439fc4e46bb8cee3c3963c5fa.e3iSbxaKaheRe34Sa3yKbhiTahb0n6jAmljGr5XDqQLvpAe HTTP/1.1" 200 66
186.85.79.140 - - [02/Nov/2014:18:07:52 -0500] "POST /forms/lservlet;jsessionid=ac16012b30d5862fdfe439fc4e46bb8cee3c3963c5fa.e3iSbxaKaheRe34Sa3yKbhiTahb0n6jAmljGr5XDqQLvpAe HTTP/1.1" 200 2
186.85.79.140 - - [02/Nov/2014:18:07:52 -0500] "POST /forms/lservlet;jsessionid=ac16012b30d5862fdfe439fc4e46bb8cee3c3963c5fa.e3iSbxaKaheRe34Sa3yKbhiTahb0n6jAmljGr5XDqQLvpAe HTTP/1.1" 200 2676
186.85.79.140 - - [02/Nov/2014:18:07:52 -0500] "POST /forms/lservlet;jsessionid=ac16012b30d5862fdfe439fc4e46bb8cee3c3963c5fa.e3iSbxaKaheRe34Sa3yKbhiTahb0n6jAmljGr5XDqQLvpAe HTTP/1.1" 200 2
186.85.79.140 - - [02/Nov/2014:18:07:56 -0500] "POST /forms/lservlet;jsessionid=ac16012b30d5862fdfe439fc4e46bb8cee3c3963c5fa.e3iSbxaKaheRe34Sa3yKbhiTahb0n6jAmljGr5XDqQLvpAe HTTP/1.1" 200 2
186.85.79.140 - - [02/Nov/2014:18:07:56 -0500] "POST /forms/lservlet;jsessionid=ac16012b30d5862fdfe439fc4e46bb8cee3c3963c5fa.e3iSbxaKaheRe34Sa3yKbhiTahb0n6jAmljGr5XDqQLvpAe HTTP/1.1" 200 2434
186.85.79.140 - - [02/Nov/2014:18:07:56 -0500] "POST /forms/lservlet;jsessionid=ac16012b30d5862fdfe439fc4e46bb8cee3c3963c5fa.e3iSbxaKaheRe34Sa3yKbhiTahb0n6jAmljGr5XDqQLvpAe HTTP/1.1" 200 2
186.85.79.140 - - [02/Nov/2014:18:07:57 -0500] "POST /forms/lservlet;jsessionid=ac16012b30d5862fdfe439fc4e46bb8cee3c3963c5fa.e3iSbxaKaheRe34Sa3yKbhiTahb0n6jAmljGr5XDqQLvpAe HTTP/1.1" 200 2
186.85.79.140 - - [02/Nov/2014:18:07:58 -0500] "POST /forms/lservlet;jsessionid=ac16012b30d5862fdfe439fc4e46bb8cee3c3963c5fa.e3iSbxaKaheRe34Sa3yKbhiTahb0n6jAmljGr5XDqQLvpAe HTTP/1.1" 200 3026
186.85.79.140 - - [02/Nov/2014:18:07:58 -0500] "POST /forms/lservlet;jsessionid=ac16012b30d5862fdfe439fc4e46bb8cee3c3963c5fa.e3iSbxaKaheRe34Sa3yKbhiTahb0n6jAmljGr5XDqQLvpAe HTTP/1.1" 200 2
66.249.64.167 - - [02/Nov/2014:18:07:58 -0500] "GET /BLA/resoluciones/AUTOS%202009/2837.pdf HTTP/1.1" 200 92977
186.85.79.140 - - [02/Nov/2014:18:07:59 -0500] "POST /forms/lservlet;jsessionid=ac16012b30d5862fdfe439fc4e46bb8cee3c3963c5fa.e3iSbxaKaheRe34Sa3yKbhiTahb0n6jAmljGr5XDqQLvpAe HTTP/1.1" 200 2
186.85.79.140 - - [02/Nov/2014:18:07:59 -0500] "POST /forms/lservlet;jsessionid=ac16012b30d5862fdfe439fc4e46bb8cee3c3963c5fa.e3iSbxaKaheRe34Sa3yKbhiTahb0n6jAmljGr5XDqQLvpAe HTTP/1.1" 200 2870
186.85.79.140 - - [02/Nov/2014:18:08:00 -0500] "POST /forms/lservlet;jsessionid=ac16012b30d5862fdfe439fc4e46bb8cee3c3963c5fa.e3iSbxaKaheRe34Sa3yKbhiTahb0n6jAmljGr5XDqQLvpAe HTTP/1.1" 200 2
189.163.172.235 - - [02/Nov/2014:18:08:05 -0500] "GET /BLA/boletinlegal/js/jquery.scrollShow.js HTTP/1.1" 200 4586
189.163.172.235 - - [02/Nov/2014:18:08:05 -0500] "GET /BLA/boletinlegal/js/jquery.scrollTo-min.js HTTP/1.1" 200 1150
189.163.172.235 - - [02/Nov/2014:18:08:05 -0500] "GET /BLA/boletinlegal/js/jquery.js HTTP/1.1" 200 57254
186.85.79.140 - - [02/Nov/2014:18:08:06 -0500] "POST /forms/lservlet;jsessionid=ac16012b30d5862fdfe439fc4e46bb8cee3c3963c5fa.e3iSbxaKaheRe34Sa3yKbhiTahb0n6jAmljGr5XDqQLvpAe HTTP/1.1" 200 99
186.85.79.140 - - [02/Nov/2014:18:08:08 -0500] "POST /forms/lservlet;jsessionid=ac16012b30d5862fdfe439fc4e46bb8cee3c3963c5fa.e3iSbxaKaheRe34Sa3yKbhiTahb0n6jAmljGr5XDqQLvpAe HTTP/1.1" 200 68
186.85.79.140 - - [02/Nov/2014:18:08:09 -0500] "POST /forms/lservlet;jsessionid=ac16012b30d5862fdfe439fc4e46bb8cee3c3963c5fa.e3iSbxaKaheRe34Sa3yKbhiTahb0n6jAmljGr5XDqQLvpAe HTTP/1.1" 200 8
186.85.79.140 - - [02/Nov/2014:18:08:09 -0500] "POST /forms/lservlet;jsessionid=ac16012b30d5862fdfe439fc4e46bb8cee3c3963c5fa.e3iSbxaKaheRe34Sa3yKbhiTahb0n6jAmljGr5XDqQLvpAe HTTP/1.1" 200 2
186.85.79.140 - - [02/Nov/2014:18:08:11 -0500] "POST /forms/lservlet;jsessionid=ac16012b30d5862fdfe439fc4e46bb8cee3c3963c5fa.e3iSbxaKaheRe34Sa3yKbhiTahb0n6jAmljGr5XDqQLvpAe HTTP/1.1" 200 71
186.118.196.194 - - [02/Nov/2014:18:08:13 -0500] "GET /BLA/boletinlegal/js/jquery.js HTTP/1.1" 200 57254
186.118.196.194 - - [02/Nov/2014:18:08:13 -0500] "GET /BLA/boletinlegal/js/jquery.scrollShow.js HTTP/1.1" 200 4586
186.118.196.194 - - [02/Nov/2014:18:08:13 -0500] "GET /BLA/boletinlegal/js/jquery.scrollTo-min.js HTTP/1.1" 200 1150
119.63.193.195 - - [02/Nov/2014:18:08:20 -0500] "GET / HTTP/1.1" 302 -
181.64.209.227 - - [02/Nov/2014:18:08:25 -0500] "GET /BLA/boletinlegal/js/jquery.js HTTP/1.1" 200 57254
181.64.209.227 - - [02/Nov/2014:18:08:25 -0500] "GET /BLA/boletinlegal/js/jquery.scrollTo-min.js HTTP/1.1" 200 1150
181.64.209.227 - - [02/Nov/2014:18:08:25 -0500] "GET /BLA/boletinlegal/js/jquery.scrollShow.js HTTP/1.1" 200 4586
180.76.6.145 - - [02/Nov/2014:18:08:25 -0500] "GET /BLA/resoluciones/RESOLUCIONES%202009/2048.pdf HTTP/1.1" 200 616915
66.249.64.163 - - [02/Nov/2014:18:08:34 -0500] "GET /BLA/resoluciones/AUTOS%202009/3189.pdf HTTP/1.1" 200 124268
157.55.39.62 - - [02/Nov/2014:18:08:34 -0500] "GET /bla/resoluciones/RESOLUCIONES%202009/1147.pdf HTTP/1.1" 200 427441
157.55.39.62 - - [02/Nov/2014:18:08:35 -0500] "GET /BLA/resoluciones/AUTOS%202009/0842.pdf HTTP/1.1" 200 61751
157.55.39.62 - - [02/Nov/2014:18:08:35 -0500] "GET /BLA/resoluciones/RESOLUCIONES%202008/0820.pdf HTTP/1.1" 200 81193
186.85.79.140 - - [02/Nov/2014:18:08:35 -0500] "POST /forms/lservlet;jsessionid=ac16012b30d5862fdfe439fc4e46bb8cee3c3963c5fa.e3iSbxaKaheRe34Sa3yKbhiTahb0n6jAmljGr5XDqQLvpAe HTTP/1.1" 200 2
157.55.39.62 - - [02/Nov/2014:18:08:36 -0500] "GET /BLA/resoluciones/AUTOS%202007/3294.pdf HTTP/1.1" 200 411976
157.55.39.62 - - [02/Nov/2014:18:08:36 -0500] "GET /bla/resoluciones/RESOLUCIONES%202011/3620.pdf HTTP/1.1" 200 623994
157.55.39.62 - - [02/Nov/2014:18:08:36 -0500] "GET /BLA/resoluciones/Resoluciones%202011/0567.pdf HTTP/1.1" 200 73043
157.55.39.62 - - [02/Nov/2014:18:08:37 -0500] "GET /BLA/resoluciones/RESOLUCIONES%202010/4033.pdf HTTP/1.1" 200 874625
157.55.39.62 - - [02/Nov/2014:18:08:37 -0500] "GET /BLA/resoluciones/Autos%202008/0487.pdf HTTP/1.1" 200 229572
157.55.39.62 - - [02/Nov/2014:18:08:38 -0500] "GET /bla/resoluciones/RESOLUCIONES%202011/1980.pdf HTTP/1.1" 200 824494
157.55.39.62 - - [02/Nov/2014:18:08:38 -0500] "GET /BLA/resoluciones/Resoluciones%202011/4988.pdf HTTP/1.1" 200 353007
157.55.39.62 - - [02/Nov/2014:18:08:39 -0500] "GET /BLA/resoluciones/Resoluciones%202011/0489.pdf HTTP/1.1" 200 70279
157.55.39.62 - - [02/Nov/2014:18:08:39 -0500] "GET /BLA/resoluciones/AUTOS%202009/1875.pdf HTTP/1.1" 200 101377
157.55.39.62 - - [02/Nov/2014:18:08:40 -0500] "GET /bla/resoluciones/RESOLUCIONES%202009/7570.pdf HTTP/1.1" 200 496259
190.24.27.101 - - [02/Nov/2014:18:08:43 -0500] "GET /BLA/resoluciones/RESOLUCIONES%202011/1561.pdf HTTP/1.1" 200 197105
190.24.27.101 - - [02/Nov/2014:18:08:47 -0500] "GET /favicon.ico HTTP/1.1" 200 7782
157.55.39.62 - - [02/Nov/2014:18:09:01 -0500] "GET /BLA/resoluciones/AUTOS%202009/3230.pdf HTTP/1.1" 200 190785
186.85.79.140 - - [02/Nov/2014:18:09:07 -0500] "POST /forms/lservlet;jsessionid=ac16012b30d5862fdfe439fc4e46bb8cee3c3963c5fa.e3iSbxaKaheRe34Sa3yKbhiTahb0n6jAmljGr5XDqQLvpAe HTTP/1.1" 200 66
186.85.79.140 - - [02/Nov/2014:18:09:07 -0500] "POST /forms/lservlet;jsessionid=ac16012b30d5862fdfe439fc4e46bb8cee3c3963c5fa.e3iSbxaKaheRe34Sa3yKbhiTahb0n6jAmljGr5XDqQLvpAe HTTP/1.1" 200 2
186.85.79.140 - - [02/Nov/2014:18:09:07 -0500] "POST /forms/lservlet;jsessionid=ac16012b30d5862fdfe439fc4e46bb8cee3c3963c5fa.e3iSbxaKaheRe34Sa3yKbhiTahb0n6jAmljGr5XDqQLvpAe HTTP/1.1" 200 3089
186.85.79.140 - - [02/Nov/2014:18:09:08 -0500] "POST /forms/lservlet;jsessionid=ac16012b30d5862fdfe439fc4e46bb8cee3c3963c5fa.e3iSbxaKaheRe34Sa3yKbhiTahb0n6jAmljGr5XDqQLvpAe HTTP/1.1" 200 2
66.249.64.167 - - [02/Nov/2014:18:09:10 -0500] "GET /BLA/resoluciones/RESOLUCIONES%202009/5300.pdf HTTP/1.1" 200 488767
186.85.79.140 - - [02/Nov/2014:18:09:13 -0500] "POST /forms/lservlet;jsessionid=ac16012b30d5862fdfe439fc4e46bb8cee3c3963c5fa.e3iSbxaKaheRe34Sa3yKbhiTahb0n6jAmljGr5XDqQLvpAe HTTP/1.1" 200 2
186.85.79.140 - - [02/Nov/2014:18:09:14 -0500] "POST /forms/lservlet;jsessionid=ac16012b30d5862fdfe439fc4e46bb8cee3c3963c5fa.e3iSbxaKaheRe34Sa3yKbhiTahb0n6jAmljGr5XDqQLvpAe HTTP/1.1" 200 2633
186.85.79.140 - - [02/Nov/2014:18:09:14 -0500] "POST /forms/lservlet;jsessionid=ac16012b30d5862fdfe439fc4e46bb8cee3c3963c5fa.e3iSbxaKaheRe34Sa3yKbhiTahb0n6jAmljGr5XDqQLvpAe HTTP/1.1" 200 2
186.85.79.140 - - [02/Nov/2014:18:09:17 -0500] "POST /forms/lservlet;jsessionid=ac16012b30d5862fdfe439fc4e46bb8cee3c3963c5fa.e3iSbxaKaheRe34Sa3yKbhiTahb0n6jAmljGr5XDqQLvpAe HTTP/1.1" 200 2
186.85.79.140 - - [02/Nov/2014:18:09:17 -0500] "POST /forms/lservlet;jsessionid=ac16012b30d5862fdfe439fc4e46bb8cee3c3963c5fa.e3iSbxaKaheRe34Sa3yKbhiTahb0n6jAmljGr5XDqQLvpAe HTTP/1.1" 200 2869
186.85.79.140 - - [02/Nov/2014:18:09:17 -0500] "POST /forms/lservlet;jsessionid=ac16012b30d5862fdfe439fc4e46bb8cee3c3963c5fa.e3iSbxaKaheRe34Sa3yKbhiTahb0n6jAmljGr5XDqQLvpAe HTTP/1.1" 200 2
186.85.79.140 - - [02/Nov/2014:18:09:18 -0500] "POST /forms/lservlet;jsessionid=ac16012b30d5862fdfe439fc4e46bb8cee3c3963c5fa.e3iSbxaKaheRe34Sa3yKbhiTahb0n6jAmljGr5XDqQLvpAe HTTP/1.1" 200 2
186.85.79.140 - - [02/Nov/2014:18:09:18 -0500] "POST /forms/lservlet;jsessionid=ac16012b30d5862fdfe439fc4e46bb8cee3c3963c5fa.e3iSbxaKaheRe34Sa3yKbhiTahb0n6jAmljGr5XDqQLvpAe HTTP/1.1" 200 2852
186.85.79.140 - - [02/Nov/2014:18:09:18 -0500] "POST /forms/lservlet;jsessionid=ac16012b30d5862fdfe439fc4e46bb8cee3c3963c5fa.e3iSbxaKaheRe34Sa3yKbhiTahb0n6jAmljGr5XDqQLvpAe HTTP/1.1" 200 2
186.85.79.140 - - [02/Nov/2014:18:09:19 -0500] "POST /forms/lservlet;jsessionid=ac16012b30d5862fdfe439fc4e46bb8cee3c3963c5fa.e3iSbxaKaheRe34Sa3yKbhiTahb0n6jAmljGr5XDqQLvpAe HTTP/1.1" 200 2
186.85.79.140 - - [02/Nov/2014:18:09:19 -0500] "POST /forms/lservlet;jsessionid=ac16012b30d5862fdfe439fc4e46bb8cee3c3963c5fa.e3iSbxaKaheRe34Sa3yKbhiTahb0n6jAmljGr5XDqQLvpAe HTTP/1.1" 200 2748
186.85.79.140 - - [02/Nov/2014:18:09:20 -0500] "POST /forms/lservlet;jsessionid=ac16012b30d5862fdfe439fc4e46bb8cee3c3963c5fa.e3iSbxaKaheRe34Sa3yKbhiTahb0n6jAmljGr5XDqQLvpAe HTTP/1.1" 200 2
157.55.39.62 - - [02/Nov/2014:18:09:22 -0500] "GET /BLA/resoluciones/RESOLUCIONES%202010/7443.pdf HTTP/1.1" 200 424348
157.55.39.62 - - [02/Nov/2014:18:09:22 -0500] "GET /BLA/resoluciones/Autos%202008/2824.pdf HTTP/1.1" 200 70302
157.55.39.62 - - [02/Nov/2014:18:09:23 -0500] "GET /bla/resoluciones/RESOLUCIONES%202009/7866.pdf HTTP/1.1" 200 754145
157.55.39.62 - - [02/Nov/2014:18:09:23 -0500] "GET /BLA/resoluciones/RESOLUCIONES%202010/0425.pdf HTTP/1.1" 200 561327
157.55.39.62 - - [02/Nov/2014:18:09:24 -0500] "GET /BLA/resoluciones/AUTOS%202011/6607.pdf HTTP/1.1" 200 201108
186.85.79.140 - - [02/Nov/2014:18:09:24 -0500] "POST /forms/lservlet;jsessionid=ac16012b30d5862fdfe439fc4e46bb8cee3c3963c5fa.e3iSbxaKaheRe34Sa3yKbhiTahb0n6jAmljGr5XDqQLvpAe HTTP/1.1" 200 99
157.55.39.62 - - [02/Nov/2014:18:09:24 -0500] "GET /BLA/resoluciones/RESOLUCIONES%202007/RES%202007%20301%20AL%20400/RESOLUCION%200339%20DE%202007.pdf HTTP/1.1" 200 573448
157.55.39.62 - - [02/Nov/2014:18:09:24 -0500] "GET /BLA/resoluciones/RESOLUCIONES%202011/2319.pdf HTTP/1.1" 200 269160
186.85.79.140 - - [02/Nov/2014:18:09:28 -0500] "POST /forms/lservlet;jsessionid=ac16012b30d5862fdfe439fc4e46bb8cee3c3963c5fa.e3iSbxaKaheRe34Sa3yKbhiTahb0n6jAmljGr5XDqQLvpAe HTTP/1.1" 200 68
186.85.79.140 - - [02/Nov/2014:18:09:28 -0500] "POST /forms/lservlet;jsessionid=ac16012b30d5862fdfe439fc4e46bb8cee3c3963c5fa.e3iSbxaKaheRe34Sa3yKbhiTahb0n6jAmljGr5XDqQLvpAe HTTP/1.1" 200 8
186.85.79.140 - - [02/Nov/2014:18:09:28 -0500] "POST /forms/lservlet;jsessionid=ac16012b30d5862fdfe439fc4e46bb8cee3c3963c5fa.e3iSbxaKaheRe34Sa3yKbhiTahb0n6jAmljGr5XDqQLvpAe HTTP/1.1" 200 2
66.249.64.163 - - [02/Nov/2014:18:09:37 -0500] "GET /BLA/resoluciones/RESOLUCIONES%202008/5076.pdf HTTP/1.1" 304 -
66.249.64.171 - - [02/Nov/2014:18:09:46 -0500] "GET /BLA/resoluciones/AUTOS%202009/1566.pdf HTTP/1.1" 200 123745
37.228.106.72 - - [02/Nov/2014:18:09:47 -0500] "GET /BLA/boletinlegal/js/jquery.js HTTP/1.1" 200 57254
37.228.106.72 - - [02/Nov/2014:18:09:47 -0500] "GET /BLA/boletinlegal/js/jquery.scrollTo-min.js HTTP/1.1" 200 1150
37.228.106.72 - - [02/Nov/2014:18:09:47 -0500] "GET /BLA/boletinlegal/js/jquery.scrollShow.js HTTP/1.1" 200 4586
186.85.79.140 - - [02/Nov/2014:18:09:51 -0500] "POST /forms/lservlet;jsessionid=ac16012b30d5862fdfe439fc4e46bb8cee3c3963c5fa.e3iSbxaKaheRe34Sa3yKbhiTahb0n6jAmljGr5XDqQLvpAe HTTP/1.1" 200 71
74.86.158.107 - - [02/Nov/2014:18:09:55 -0500] "HEAD / HTTP/1.1" 302 -
201.245.192.253 - - [02/Nov/2014:18:10:16 -0500] "GET /plugins/like.php?action=like&app_id=130118353782124&channel=http%3A%2F%2Fstatic.ak.facebook.com%2Fconnect%2Fxd_arbiter%2FehazDpFPEnK.js%3Fversion%3D41%23cb%3Df29ac83794%26domain%3Darticulo.tumoto.com.co%26origin%3Dhttp%253A%252F%252Farticulo.tumoto.com.co%252Ff3a983c208%26relation%3Dparent.parent&font=arial&href=http%3A%2F%2Farticulo.tumoto.com.co%2FMCO-413049707-kawasaki-ex-250-126-cc-250-cc-_JM&layout=button&locale=es_LA&ref=see_listing__LIKE&sdk=joey&send=false&show_faces=true&width=250 HTTP/1.1" 404 1358
66.249.64.167 - - [02/Nov/2014:18:10:22 -0500] "GET /BLA/resoluciones/RESOLUCIONES%202007/RES%202007%204301%20AL%204352/RESOLUCION%204335%20DE%202007.pdf HTTP/1.1" 200 873496
186.85.79.140 - - [02/Nov/2014:18:10:35 -0500] "POST /forms/lservlet;jsessionid=ac16012b30d5862fdfe439fc4e46bb8cee3c3963c5fa.e3iSbxaKaheRe34Sa3yKbhiTahb0n6jAmljGr5XDqQLvpAe HTTP/1.1" 200 2
66.249.64.163 - - [02/Nov/2014:18:10:58 -0500] "GET /BLA/resoluciones/RESOLUCIONES%202009/5118.pdf HTTP/1.1" 200 1181870
72.171.15.4 - - [02/Nov/2014:18:11:18 -0500] "GET /BLA/boletinlegal/js/jquery.js HTTP/1.1" 200 57254
72.171.15.4 - - [02/Nov/2014:18:11:18 -0500] "GET /BLA/boletinlegal/js/jquery.scrollTo-min.js HTTP/1.1" 200 1150
72.171.15.4 - - [02/Nov/2014:18:11:21 -0500] "GET /BLA/boletinlegal/js/jquery.scrollShow.js HTTP/1.1" 200 4586
66.249.64.39 - - [02/Nov/2014:18:11:29 -0500] "GET /htdocs/gallery2/g2data/cache/derivative/2/3/ HTTP/1.1" 404 1019
190.158.7.219 - - [02/Nov/2014:18:05:30 -0500] "GET /ForestMSG_SDA/channelAsync/template_word_16787609?X-Atmosphere-tracking-id=a2b9fdc2-21e0-3ca1-a973-2a7a1d79c5b1&X-Atmosphere-Framework=1.0.5&X-Atmosphere-Transport=long-polling&tabid=0.09333831956610084&X-Cache-Date=0&Content-Type=application/xml&_=1414969601373 HTTP/1.1" 200 8193
180.76.5.148 - - [02/Nov/2014:18:11:31 -0500] "GET /BLA/resoluciones/RESOLUCIONES%202009/1111.pdf HTTP/1.1" 200 714162
186.85.216.118 - - [02/Nov/2014:18:11:33 -0500] "GET /videos/galeria-fotografica/index3.html? HTTP/1.1" 200 1972
66.249.64.171 - - [02/Nov/2014:18:11:33 -0500] "GET /BLA/resoluciones/RESOLUCIONES%202010/7179.pdf HTTP/1.1" 200 690524
186.85.216.118 - - [02/Nov/2014:18:11:35 -0500] "GET /videos/galeria-fotografica/js/jquery-flickr-gallery/jquery-flickr.css HTTP/1.1" 200 711
186.85.216.118 - - [02/Nov/2014:18:11:35 -0500] "GET /videos/galeria-fotografica/js/jquery-flickr-gallery/jquery-flickr-gallery.js HTTP/1.1" 200 9050
186.85.216.118 - - [02/Nov/2014:18:11:35 -0500] "GET /videos/galeria-fotografica/js/jquery-flickr-gallery/loader.gif HTTP/1.1" 200 2129
190.150.107.131 - - [02/Nov/2014:18:11:59 -0500] "GET /BLA/boletinlegal/js/jquery.scrollShow.js HTTP/1.1" 200 4586
190.150.107.131 - - [02/Nov/2014:18:11:59 -0500] "GET /BLA/boletinlegal/js/jquery.js HTTP/1.1" 200 57254
190.150.107.131 - - [02/Nov/2014:18:11:59 -0500] "GET /BLA/boletinlegal/js/jquery.scrollTo-min.js HTTP/1.1" 200 1150
66.249.64.171 - - [02/Nov/2014:18:12:10 -0500] "GET /BLA/resoluciones/AUTOS%202009/1593.pdf HTTP/1.1" 200 125078
66.249.64.39 - - [02/Nov/2014:18:12:18 -0500] "GET /Autoliquidacion/index.php?dir=TR%C1MITES%20AGUAS%20SUBTERR%C1NEAS/126PM04-PR91-CONCESI%D2N%20DE%20AGUAS%20SUBTERRANEAS/&sort=name&order=asc HTTP/1.1" 200 2916
186.85.79.140 - - [02/Nov/2014:18:12:36 -0500] "POST /forms/lservlet;jsessionid=ac16012b30d5862fdfe439fc4e46bb8cee3c3963c5fa.e3iSbxaKaheRe34Sa3yKbhiTahb0n6jAmljGr5XDqQLvpAe HTTP/1.1" 200 2
157.55.39.62 - - [02/Nov/2014:18:12:37 -0500] "GET /BLA/resoluciones/AUTOS%202007/3419.pdf HTTP/1.1" 200 97801
157.55.39.62 - - [02/Nov/2014:18:12:38 -0500] "GET /BLA/resoluciones/RESOLUCIONES%202009/1374.pdf HTTP/1.1" 200 577790
186.85.79.140 - - [02/Nov/2014:18:12:38 -0500] "POST /forms/lservlet;jsessionid=ac16012b30d5862fdfe439fc4e46bb8cee3c3963c5fa.e3iSbxaKaheRe34Sa3yKbhiTahb0n6jAmljGr5XDqQLvpAe HTTP/1.1" 200 2
157.55.39.62 - - [02/Nov/2014:18:12:38 -0500] "GET /BLA/resoluciones/AUTOS%202007/1997.pdf HTTP/1.1" 200 33076
157.55.39.62 - - [02/Nov/2014:18:12:38 -0500] "GET /BLA/resoluciones/RESOLUCIONES%202008/3373.pdf HTTP/1.1" 200 208804
