186.85.79.140 - - [02/Nov/2014:18:50:37 -0500] "POST /forms/lservlet;jsessionid=ac16012b30d5862fdfe439fc4e46bb8cee3c3963c5fa.e3iSbxaKaheRe34Sa3yKbhiTahb0n6jAmljGr5XDqQLvpAe HTTP/1.1" 200 2
190.9.192.146 - - [02/Nov/2014:18:50:39 -0500] "GET /BLA/resoluciones/RESOLUCIONES%202009/9600.pdf HTTP/1.1" 200 426529
190.9.192.146 - - [02/Nov/2014:18:50:39 -0500] "GET /BLA/resoluciones/RESOLUCIONES%202009/9600.pdf HTTP/1.1" 206 32768
66.249.64.39 - - [02/Nov/2014:18:50:40 -0500] "GET /htdocs/counter/digits/umbra/ HTTP/1.1" 404 1019
190.9.192.146 - - [02/Nov/2014:18:50:40 -0500] "GET /BLA/resoluciones/RESOLUCIONES%202009/9600.pdf HTTP/1.1" 206 393761
190.9.192.146 - - [02/Nov/2014:18:50:42 -0500] "GET /favicon.ico HTTP/1.1" 200 7782
186.119.215.13 - - [02/Nov/2014:18:50:55 -0500] "GET /POT-2013/Cartografia/09_EEP.pdf HTTP/1.1" 200 3326963
190.27.29.81 - - [02/Nov/2014:18:50:57 -0500] "GET /BLA/boletinlegal/js/jquery.js HTTP/1.1" 200 57254
190.27.29.81 - - [02/Nov/2014:18:50:57 -0500] "GET /BLA/boletinlegal/js/jquery.scrollTo-min.js HTTP/1.1" 200 1150
190.27.29.81 - - [02/Nov/2014:18:50:57 -0500] "GET /BLA/boletinlegal/js/jquery.scrollShow.js HTTP/1.1" 200 4586
66.249.64.171 - - [02/Nov/2014:18:51:02 -0500] "GET /BLA/resoluciones/AUTOS%202009/2009.pdf HTTP/1.1" 200 100874
188.165.15.23 - - [02/Nov/2014:18:51:04 -0500] "GET /BLA/resoluciones/RESOLUCIONES%202006/RES%202006%201401-1450/00001440.tif HTTP/1.1" 200 227424
66.249.64.171 - - [02/Nov/2014:18:51:38 -0500] "GET /BLA/resoluciones/AUTOS%202009/2032.pdf HTTP/1.1" 200 103022
157.55.39.62 - - [02/Nov/2014:18:51:38 -0500] "GET /BLA/resoluciones/RESOLUCIONES%202009/8630.pdf HTTP/1.1" 200 317309
157.55.39.62 - - [02/Nov/2014:18:51:38 -0500] "GET /BLA/resoluciones/RESOLUCIONES%202010/6186.pdf HTTP/1.1" 200 650622
157.55.39.62 - - [02/Nov/2014:18:51:39 -0500] "GET /BLA/resoluciones/Autos%202008/3319.pdf HTTP/1.1" 200 65005
180.76.5.153 - - [02/Nov/2014:18:51:45 -0500] "GET /BLA/resoluciones/RESOLUCIONES%202009/0255.pdf HTTP/1.1" 200 703581
157.55.39.62 - - [02/Nov/2014:18:52:00 -0500] "GET /BLA/resoluciones/RESOLUCIONES%202011/5151.pdf HTTP/1.1" 200 466581
157.55.39.62 - - [02/Nov/2014:18:52:01 -0500] "GET /bla/resoluciones/RESOLUCIONES%202009/9318.pdf HTTP/1.1" 200 868202
190.158.7.219 - - [02/Nov/2014:18:52:01 -0500] "GET /forest/session.jsp?a=0.19768089475110173 HTTP/1.1" 200 5
190.158.7.219 - - [02/Nov/2014:18:52:01 -0500] "GET /forest/login.jsp?a=0.33155974885448813 HTTP/1.1" 200 2996
157.55.39.62 - - [02/Nov/2014:18:52:01 -0500] "GET /BLA/resoluciones/AUTOS%202009/2794.pdf HTTP/1.1" 200 101512
157.55.39.62 - - [02/Nov/2014:18:52:02 -0500] "GET /BLA/resoluciones/Resoluciones%202011/5565.pdf HTTP/1.1" 200 717946
66.249.64.167 - - [02/Nov/2014:18:52:16 -0500] "GET /BLA/resoluciones/AUTOS%202009/2021.pdf HTTP/1.1" 200 99507
157.55.39.62 - - [02/Nov/2014:18:52:22 -0500] "GET /BLA/resoluciones/Resoluciones%202011/2709.pdf HTTP/1.1" 200 696622
157.55.39.62 - - [02/Nov/2014:18:52:23 -0500] "GET /BLA/resoluciones/RESOLUCIONES%202008/4837.pdf HTTP/1.1" 200 29077
157.55.39.62 - - [02/Nov/2014:18:52:23 -0500] "GET /bla/resoluciones/RESOLUCIONES%202009/8004.pdf HTTP/1.1" 200 216747
157.55.39.62 - - [02/Nov/2014:18:52:23 -0500] "GET /BLA/resoluciones/RESOLUCIONES%202009/9410.pdf HTTP/1.1" 200 454819
157.55.39.62 - - [02/Nov/2014:18:52:24 -0500] "GET /BLA/resoluciones/AUTOS%202010/3782.pdf HTTP/1.1" 200 258671
157.55.39.62 - - [02/Nov/2014:18:52:24 -0500] "GET /BLA/resoluciones/RESOLUCIONES%202009/1141.pdf HTTP/1.1" 200 255750
157.55.39.62 - - [02/Nov/2014:18:52:25 -0500] "GET /BLA/resoluciones/RESOLUCIONES%202011/5713.pdf HTTP/1.1" 200 590680
157.55.39.62 - - [02/Nov/2014:18:52:25 -0500] "GET /BLA/resoluciones/RESOLUCIONES%202010/4868.pdf HTTP/1.1" 200 751717
157.55.39.62 - - [02/Nov/2014:18:52:26 -0500] "GET /BLA/resoluciones/RESOLUCIONES%202011/5136.pdf HTTP/1.1" 200 635321
157.55.39.62 - - [02/Nov/2014:18:52:26 -0500] "GET /BLA/resoluciones/RESOLUCIONES%202010/5284.pdf HTTP/1.1" 200 759787
157.55.39.62 - - [02/Nov/2014:18:52:27 -0500] "GET /BLA/resoluciones/RESOLUCIONES%202008/0255.pdf HTTP/1.1" 200 268023
157.55.39.62 - - [02/Nov/2014:18:52:27 -0500] "GET /BLA/resoluciones/Resoluciones%202011/2888.pdf HTTP/1.1" 200 1637855
157.55.39.62 - - [02/Nov/2014:18:52:27 -0500] "GET /bla/resoluciones/RESOLUCIONES%202009/7683.pdf HTTP/1.1" 200 70699
157.55.39.62 - - [02/Nov/2014:18:52:28 -0500] "GET /BLA/resoluciones/RESOLUCIONES%202011/1588.pdf HTTP/1.1" 200 74629
157.55.39.62 - - [02/Nov/2014:18:52:28 -0500] "GET /BLA/resoluciones/RESOLUCIONES%202008/3442.pdf HTTP/1.1" 200 313110
66.249.64.43 - - [02/Nov/2014:18:52:31 -0500] "GET /htdocs/counter/digits/chagor6/ HTTP/1.1" 404 1019
181.235.180.130 - - [02/Nov/2014:18:52:32 -0500] "GET /galeria/carrusel/Carrusel/jquery.thumbnailScroller.css HTTP/1.1" 200 2066
181.235.180.130 - - [02/Nov/2014:18:52:33 -0500] "GET /BLA/boletinlegal/js/jquery.js HTTP/1.1" 200 57254
181.235.180.130 - - [02/Nov/2014:18:52:33 -0500] "GET /BLA/boletinlegal/js/jquery.scrollTo-min.js HTTP/1.1" 200 1150
181.235.180.130 - - [02/Nov/2014:18:52:33 -0500] "GET /BLA/boletinlegal/js/jquery.scrollShow.js HTTP/1.1" 200 4586
181.235.180.130 - - [02/Nov/2014:18:52:34 -0500] "GET /galeria/carrusel/Carrusel/jquery-ui-1.8.13.custom.min.js HTTP/1.1" 200 10800
181.235.180.130 - - [02/Nov/2014:18:52:35 -0500] "GET /galeria/carrusel/Carrusel/jquery.thumbnailScroller.js HTTP/1.1" 200 8157
66.249.64.163 - - [02/Nov/2014:18:52:49 -0500] "GET /BLA/resoluciones/RESOLUCIONES%202007/RES%202007%202401%20AL%202500/RESOLUCION%202405%20DE%202007.pdf HTTP/1.1" 200 944120
186.85.79.140 - - [02/Nov/2014:18:53:00 -0500] "POST /forms/lservlet;jsessionid=ac16012b30d5862fdfe439fc4e46bb8cee3c3963c5fa.e3iSbxaKaheRe34Sa3yKbhiTahb0n6jAmljGr5XDqQLvpAe HTTP/1.1" 200 2
157.55.39.107 - - [02/Nov/2014:18:53:08 -0500] "GET /BLA/resoluciones/Resoluciones%202011/0402.pdf HTTP/1.1" 200 264164
157.55.39.107 - - [02/Nov/2014:18:53:09 -0500] "GET /BLA/resoluciones/RESOLUCIONES%202010/5161.pdf HTTP/1.1" 200 1026766
157.55.39.107 - - [02/Nov/2014:18:53:09 -0500] "GET /BLA/resoluciones/RESOLUCIONES%202011/5365.pdf HTTP/1.1" 200 433629
157.55.39.107 - - [02/Nov/2014:18:53:10 -0500] "GET /BLA/resoluciones/RESOLUCIONES%202010/1472.pdf HTTP/1.1" 200 439671
157.55.39.107 - - [02/Nov/2014:18:53:10 -0500] "GET /bla/resoluciones/RESOLUCIONES%202009/2066.pdf HTTP/1.1" 200 417504
157.55.39.107 - - [02/Nov/2014:18:53:10 -0500] "GET /BLA/resoluciones/AUTOS%202007/2513.pdf HTTP/1.1" 200 176277
157.55.39.107 - - [02/Nov/2014:18:53:11 -0500] "GET /BLA/resoluciones/AUTOS%202007/3278.pdf HTTP/1.1" 200 258398
220.181.108.109 - - [02/Nov/2014:18:53:12 -0500] "GET / HTTP/1.1" 302 -
186.85.79.140 - - [02/Nov/2014:18:53:16 -0500] "POST /forms/lservlet;jsessionid=ac16012b30d5862fdfe439fc4e46bb8cee3c3963c5fa.e3iSbxaKaheRe34Sa3yKbhiTahb0n6jAmljGr5XDqQLvpAe HTTP/1.1" 200 77
186.85.79.140 - - [02/Nov/2014:18:53:17 -0500] "POST /forms/lservlet;jsessionid=ac16012b30d5862fdfe439fc4e46bb8cee3c3963c5fa.e3iSbxaKaheRe34Sa3yKbhiTahb0n6jAmljGr5XDqQLvpAe HTTP/1.1" 200 2
186.85.79.140 - - [02/Nov/2014:18:53:18 -0500] "POST /forms/lservlet;jsessionid=ac16012b30d5862fdfe439fc4e46bb8cee3c3963c5fa.e3iSbxaKaheRe34Sa3yKbhiTahb0n6jAmljGr5XDqQLvpAe HTTP/1.1" 200 2550
186.85.79.140 - - [02/Nov/2014:18:53:18 -0500] "POST /forms/lservlet;jsessionid=ac16012b30d5862fdfe439fc4e46bb8cee3c3963c5fa.e3iSbxaKaheRe34Sa3yKbhiTahb0n6jAmljGr5XDqQLvpAe HTTP/1.1" 200 2
186.85.79.140 - - [02/Nov/2014:18:53:19 -0500] "POST /forms/lservlet;jsessionid=ac16012b30d5862fdfe439fc4e46bb8cee3c3963c5fa.e3iSbxaKaheRe34Sa3yKbhiTahb0n6jAmljGr5XDqQLvpAe HTTP/1.1" 200 2
186.85.79.140 - - [02/Nov/2014:18:53:19 -0500] "POST /forms/lservlet;jsessionid=ac16012b30d5862fdfe439fc4e46bb8cee3c3963c5fa.e3iSbxaKaheRe34Sa3yKbhiTahb0n6jAmljGr5XDqQLvpAe HTTP/1.1" 200 2862
186.85.79.140 - - [02/Nov/2014:18:53:20 -0500] "POST /forms/lservlet;jsessionid=ac16012b30d5862fdfe439fc4e46bb8cee3c3963c5fa.e3iSbxaKaheRe34Sa3yKbhiTahb0n6jAmljGr5XDqQLvpAe HTTP/1.1" 200 2
186.85.79.140 - - [02/Nov/2014:18:53:20 -0500] "POST /forms/lservlet;jsessionid=ac16012b30d5862fdfe439fc4e46bb8cee3c3963c5fa.e3iSbxaKaheRe34Sa3yKbhiTahb0n6jAmljGr5XDqQLvpAe HTTP/1.1" 200 2
186.85.79.140 - - [02/Nov/2014:18:53:20 -0500] "POST /forms/lservlet;jsessionid=ac16012b30d5862fdfe439fc4e46bb8cee3c3963c5fa.e3iSbxaKaheRe34Sa3yKbhiTahb0n6jAmljGr5XDqQLvpAe HTTP/1.1" 200 2671
186.85.79.140 - - [02/Nov/2014:18:53:21 -0500] "POST /forms/lservlet;jsessionid=ac16012b30d5862fdfe439fc4e46bb8cee3c3963c5fa.e3iSbxaKaheRe34Sa3yKbhiTahb0n6jAmljGr5XDqQLvpAe HTTP/1.1" 200 2
186.85.79.140 - - [02/Nov/2014:18:53:21 -0500] "POST /forms/lservlet;jsessionid=ac16012b30d5862fdfe439fc4e46bb8cee3c3963c5fa.e3iSbxaKaheRe34Sa3yKbhiTahb0n6jAmljGr5XDqQLvpAe HTTP/1.1" 200 2
186.85.79.140 - - [02/Nov/2014:18:53:22 -0500] "POST /forms/lservlet;jsessionid=ac16012b30d5862fdfe439fc4e46bb8cee3c3963c5fa.e3iSbxaKaheRe34Sa3yKbhiTahb0n6jAmljGr5XDqQLvpAe HTTP/1.1" 200 2148
186.85.79.140 - - [02/Nov/2014:18:53:22 -0500] "POST /forms/lservlet;jsessionid=ac16012b30d5862fdfe439fc4e46bb8cee3c3963c5fa.e3iSbxaKaheRe34Sa3yKbhiTahb0n6jAmljGr5XDqQLvpAe HTTP/1.1" 200 2
186.85.79.140 - - [02/Nov/2014:18:53:22 -0500] "POST /forms/lservlet;jsessionid=ac16012b30d5862fdfe439fc4e46bb8cee3c3963c5fa.e3iSbxaKaheRe34Sa3yKbhiTahb0n6jAmljGr5XDqQLvpAe HTTP/1.1" 200 2
186.85.79.140 - - [02/Nov/2014:18:53:23 -0500] "POST /forms/lservlet;jsessionid=ac16012b30d5862fdfe439fc4e46bb8cee3c3963c5fa.e3iSbxaKaheRe34Sa3yKbhiTahb0n6jAmljGr5XDqQLvpAe HTTP/1.1" 200 2422
186.85.79.140 - - [02/Nov/2014:18:53:23 -0500] "POST /forms/lservlet;jsessionid=ac16012b30d5862fdfe439fc4e46bb8cee3c3963c5fa.e3iSbxaKaheRe34Sa3yKbhiTahb0n6jAmljGr5XDqQLvpAe HTTP/1.1" 200 2
186.85.79.140 - - [02/Nov/2014:18:53:24 -0500] "POST /forms/lservlet;jsessionid=ac16012b30d5862fdfe439fc4e46bb8cee3c3963c5fa.e3iSbxaKaheRe34Sa3yKbhiTahb0n6jAmljGr5XDqQLvpAe HTTP/1.1" 200 2
186.85.79.140 - - [02/Nov/2014:18:53:24 -0500] "POST /forms/lservlet;jsessionid=ac16012b30d5862fdfe439fc4e46bb8cee3c3963c5fa.e3iSbxaKaheRe34Sa3yKbhiTahb0n6jAmljGr5XDqQLvpAe HTTP/1.1" 200 2198
186.85.79.140 - - [02/Nov/2014:18:53:24 -0500] "POST /forms/lservlet;jsessionid=ac16012b30d5862fdfe439fc4e46bb8cee3c3963c5fa.e3iSbxaKaheRe34Sa3yKbhiTahb0n6jAmljGr5XDqQLvpAe HTTP/1.1" 200 2
186.85.79.140 - - [02/Nov/2014:18:53:25 -0500] "POST /forms/lservlet;jsessionid=ac16012b30d5862fdfe439fc4e46bb8cee3c3963c5fa.e3iSbxaKaheRe34Sa3yKbhiTahb0n6jAmljGr5XDqQLvpAe HTTP/1.1" 200 2
66.249.64.167 - - [02/Nov/2014:18:53:25 -0500] "GET /BLA/resoluciones/AUTOS%202009/2386.pdf HTTP/1.1" 200 237571
186.85.79.140 - - [02/Nov/2014:18:53:25 -0500] "POST /forms/lservlet;jsessionid=ac16012b30d5862fdfe439fc4e46bb8cee3c3963c5fa.e3iSbxaKaheRe34Sa3yKbhiTahb0n6jAmljGr5XDqQLvpAe HTTP/1.1" 200 2980
186.85.79.140 - - [02/Nov/2014:18:53:25 -0500] "POST /forms/lservlet;jsessionid=ac16012b30d5862fdfe439fc4e46bb8cee3c3963c5fa.e3iSbxaKaheRe34Sa3yKbhiTahb0n6jAmljGr5XDqQLvpAe HTTP/1.1" 200 2
186.85.79.140 - - [02/Nov/2014:18:53:26 -0500] "POST /forms/lservlet;jsessionid=ac16012b30d5862fdfe439fc4e46bb8cee3c3963c5fa.e3iSbxaKaheRe34Sa3yKbhiTahb0n6jAmljGr5XDqQLvpAe HTTP/1.1" 200 2
66.249.83.179 - - [02/Nov/2014:18:53:26 -0500] "GET /BLA/resoluciones/RESOLUCIONES%202012/0638.pdf HTTP/1.1" 200 812260
123.125.71.22 - - [02/Nov/2014:18:53:27 -0500] "GET / HTTP/1.1" 302 -
186.85.79.140 - - [02/Nov/2014:18:53:26 -0500] "POST /forms/lservlet;jsessionid=ac16012b30d5862fdfe439fc4e46bb8cee3c3963c5fa.e3iSbxaKaheRe34Sa3yKbhiTahb0n6jAmljGr5XDqQLvpAe HTTP/1.1" 200 2744
186.85.79.140 - - [02/Nov/2014:18:53:27 -0500] "POST /forms/lservlet;jsessionid=ac16012b30d5862fdfe439fc4e46bb8cee3c3963c5fa.e3iSbxaKaheRe34Sa3yKbhiTahb0n6jAmljGr5XDqQLvpAe HTTP/1.1" 200 2
186.85.79.140 - - [02/Nov/2014:18:53:27 -0500] "POST /forms/lservlet;jsessionid=ac16012b30d5862fdfe439fc4e46bb8cee3c3963c5fa.e3iSbxaKaheRe34Sa3yKbhiTahb0n6jAmljGr5XDqQLvpAe HTTP/1.1" 200 2
186.85.79.140 - - [02/Nov/2014:18:53:27 -0500] "POST /forms/lservlet;jsessionid=ac16012b30d5862fdfe439fc4e46bb8cee3c3963c5fa.e3iSbxaKaheRe34Sa3yKbhiTahb0n6jAmljGr5XDqQLvpAe HTTP/1.1" 200 2557
186.85.79.140 - - [02/Nov/2014:18:53:28 -0500] "POST /forms/lservlet;jsessionid=ac16012b30d5862fdfe439fc4e46bb8cee3c3963c5fa.e3iSbxaKaheRe34Sa3yKbhiTahb0n6jAmljGr5XDqQLvpAe HTTP/1.1" 200 2
186.85.79.140 - - [02/Nov/2014:18:53:28 -0500] "POST /forms/lservlet;jsessionid=ac16012b30d5862fdfe439fc4e46bb8cee3c3963c5fa.e3iSbxaKaheRe34Sa3yKbhiTahb0n6jAmljGr5XDqQLvpAe HTTP/1.1" 200 2
186.85.79.140 - - [02/Nov/2014:18:53:29 -0500] "POST /forms/lservlet;jsessionid=ac16012b30d5862fdfe439fc4e46bb8cee3c3963c5fa.e3iSbxaKaheRe34Sa3yKbhiTahb0n6jAmljGr5XDqQLvpAe HTTP/1.1" 200 2591
186.85.79.140 - - [02/Nov/2014:18:53:29 -0500] "POST /forms/lservlet;jsessionid=ac16012b30d5862fdfe439fc4e46bb8cee3c3963c5fa.e3iSbxaKaheRe34Sa3yKbhiTahb0n6jAmljGr5XDqQLvpAe HTTP/1.1" 200 2
186.85.79.140 - - [02/Nov/2014:18:53:30 -0500] "POST /forms/lservlet;jsessionid=ac16012b30d5862fdfe439fc4e46bb8cee3c3963c5fa.e3iSbxaKaheRe34Sa3yKbhiTahb0n6jAmljGr5XDqQLvpAe HTTP/1.1" 200 2
186.85.79.140 - - [02/Nov/2014:18:53:30 -0500] "POST /forms/lservlet;jsessionid=ac16012b30d5862fdfe439fc4e46bb8cee3c3963c5fa.e3iSbxaKaheRe34Sa3yKbhiTahb0n6jAmljGr5XDqQLvpAe HTTP/1.1" 200 2894
186.85.79.140 - - [02/Nov/2014:18:53:31 -0500] "POST /forms/lservlet;jsessionid=ac16012b30d5862fdfe439fc4e46bb8cee3c3963c5fa.e3iSbxaKaheRe34Sa3yKbhiTahb0n6jAmljGr5XDqQLvpAe HTTP/1.1" 200 2
186.85.79.140 - - [02/Nov/2014:18:53:31 -0500] "POST /forms/lservlet;jsessionid=ac16012b30d5862fdfe439fc4e46bb8cee3c3963c5fa.e3iSbxaKaheRe34Sa3yKbhiTahb0n6jAmljGr5XDqQLvpAe HTTP/1.1" 200 2
186.85.79.140 - - [02/Nov/2014:18:53:31 -0500] "POST /forms/lservlet;jsessionid=ac16012b30d5862fdfe439fc4e46bb8cee3c3963c5fa.e3iSbxaKaheRe34Sa3yKbhiTahb0n6jAmljGr5XDqQLvpAe HTTP/1.1" 200 2719
186.85.79.140 - - [02/Nov/2014:18:53:32 -0500] "POST /forms/lservlet;jsessionid=ac16012b30d5862fdfe439fc4e46bb8cee3c3963c5fa.e3iSbxaKaheRe34Sa3yKbhiTahb0n6jAmljGr5XDqQLvpAe HTTP/1.1" 200 2
157.55.39.107 - - [02/Nov/2014:18:53:32 -0500] "GET /BLA/resoluciones/AUTOS%202010/5307.pdf HTTP/1.1" 200 211073
186.85.79.140 - - [02/Nov/2014:18:53:33 -0500] "POST /forms/lservlet;jsessionid=ac16012b30d5862fdfe439fc4e46bb8cee3c3963c5fa.e3iSbxaKaheRe34Sa3yKbhiTahb0n6jAmljGr5XDqQLvpAe HTTP/1.1" 200 2
190.158.7.219 - - [02/Nov/2014:18:47:33 -0500] "GET /ForestMSG_SDA/channelAsync/template_word_16787609?X-Atmosphere-tracking-id=a2b9fdc2-21e0-3ca1-a973-2a7a1d79c5b1&X-Atmosphere-Framework=1.0.5&X-Atmosphere-Transport=long-polling&tabid=0.09333831956610084&X-Cache-Date=0&Content-Type=application/xml&_=1414972124490 HTTP/1.1" 200 8193
157.55.39.107 - - [02/Nov/2014:18:53:33 -0500] "GET /BLA/resoluciones/AUTOS%202009/1102.pdf HTTP/1.1" 200 104250
157.55.39.107 - - [02/Nov/2014:18:53:33 -0500] "GET /bla/resoluciones/RESOLUCIONES%202011/0094.pdf HTTP/1.1" 200 357810
186.85.79.140 - - [02/Nov/2014:18:53:33 -0500] "POST /forms/lservlet;jsessionid=ac16012b30d5862fdfe439fc4e46bb8cee3c3963c5fa.e3iSbxaKaheRe34Sa3yKbhiTahb0n6jAmljGr5XDqQLvpAe HTTP/1.1" 200 2581
186.85.79.140 - - [02/Nov/2014:18:53:34 -0500] "POST /forms/lservlet;jsessionid=ac16012b30d5862fdfe439fc4e46bb8cee3c3963c5fa.e3iSbxaKaheRe34Sa3yKbhiTahb0n6jAmljGr5XDqQLvpAe HTTP/1.1" 200 2
157.55.39.107 - - [02/Nov/2014:18:53:34 -0500] "GET /BLA/resoluciones/RESOLUCIONES%202010/6679.pdf HTTP/1.1" 200 922123
157.55.39.107 - - [02/Nov/2014:18:53:34 -0500] "GET /BLA/resoluciones/RESOLUCIONES%202009/9395.pdf HTTP/1.1" 200 392191
186.85.79.140 - - [02/Nov/2014:18:53:34 -0500] "POST /forms/lservlet;jsessionid=ac16012b30d5862fdfe439fc4e46bb8cee3c3963c5fa.e3iSbxaKaheRe34Sa3yKbhiTahb0n6jAmljGr5XDqQLvpAe HTTP/1.1" 200 2
157.55.39.107 - - [02/Nov/2014:18:53:35 -0500] "GET /BLA/resoluciones/RESOLUCIONES%202010/6640.pdf HTTP/1.1" 200 249688
186.85.79.140 - - [02/Nov/2014:18:53:35 -0500] "POST /forms/lservlet;jsessionid=ac16012b30d5862fdfe439fc4e46bb8cee3c3963c5fa.e3iSbxaKaheRe34Sa3yKbhiTahb0n6jAmljGr5XDqQLvpAe HTTP/1.1" 200 2961
186.85.79.140 - - [02/Nov/2014:18:53:35 -0500] "POST /forms/lservlet;jsessionid=ac16012b30d5862fdfe439fc4e46bb8cee3c3963c5fa.e3iSbxaKaheRe34Sa3yKbhiTahb0n6jAmljGr5XDqQLvpAe HTTP/1.1" 200 2
186.85.79.140 - - [02/Nov/2014:18:53:36 -0500] "POST /forms/lservlet;jsessionid=ac16012b30d5862fdfe439fc4e46bb8cee3c3963c5fa.e3iSbxaKaheRe34Sa3yKbhiTahb0n6jAmljGr5XDqQLvpAe HTTP/1.1" 200 2
186.85.79.140 - - [02/Nov/2014:18:53:36 -0500] "POST /forms/lservlet;jsessionid=ac16012b30d5862fdfe439fc4e46bb8cee3c3963c5fa.e3iSbxaKaheRe34Sa3yKbhiTahb0n6jAmljGr5XDqQLvpAe HTTP/1.1" 200 2986
186.85.79.140 - - [02/Nov/2014:18:53:37 -0500] "POST /forms/lservlet;jsessionid=ac16012b30d5862fdfe439fc4e46bb8cee3c3963c5fa.e3iSbxaKaheRe34Sa3yKbhiTahb0n6jAmljGr5XDqQLvpAe HTTP/1.1" 200 2
186.85.79.140 - - [02/Nov/2014:18:53:37 -0500] "POST /forms/lservlet;jsessionid=ac16012b30d5862fdfe439fc4e46bb8cee3c3963c5fa.e3iSbxaKaheRe34Sa3yKbhiTahb0n6jAmljGr5XDqQLvpAe HTTP/1.1" 200 2
186.85.79.140 - - [02/Nov/2014:18:53:38 -0500] "POST /forms/lservlet;jsessionid=ac16012b30d5862fdfe439fc4e46bb8cee3c3963c5fa.e3iSbxaKaheRe34Sa3yKbhiTahb0n6jAmljGr5XDqQLvpAe HTTP/1.1" 200 3209
186.85.79.140 - - [02/Nov/2014:18:53:38 -0500] "POST /forms/lservlet;jsessionid=ac16012b30d5862fdfe439fc4e46bb8cee3c3963c5fa.e3iSbxaKaheRe34Sa3yKbhiTahb0n6jAmljGr5XDqQLvpAe HTTP/1.1" 200 2
157.55.39.107 - - [02/Nov/2014:18:53:55 -0500] "GET /BLA/resoluciones/Resoluciones%202011/4998.pdf HTTP/1.1" 200 351487
66.249.64.171 - - [02/Nov/2014:18:54:01 -0500] "GET /BLA/resoluciones/AUTOS%202009/2031.pdf HTTP/1.1" 200 99876
190.131.196.79 - - [02/Nov/2014:18:54:16 -0500] "GET /BLA/boletinlegal/js/jquery.js HTTP/1.1" 200 57254
190.131.196.79 - - [02/Nov/2014:18:54:16 -0500] "GET /BLA/boletinlegal/js/jquery.scrollTo-min.js HTTP/1.1" 200 1150
190.131.196.79 - - [02/Nov/2014:18:54:16 -0500] "GET /BLA/boletinlegal/js/jquery.scrollShow.js HTTP/1.1" 200 4586
66.249.64.43 - - [02/Nov/2014:18:54:23 -0500] "GET /htdocs/counter/digits/vert/ HTTP/1.1" 404 1019
66.249.64.163 - - [02/Nov/2014:18:54:37 -0500] "GET /BLA/resoluciones/AUTOS%202009/2061.pdf HTTP/1.1" 200 98820
181.235.180.130 - - [02/Nov/2014:18:54:42 -0500] "GET /galeria/nivo-slider/demo/demo.html HTTP/1.1" 200 3492
188.165.15.126 - - [02/Nov/2014:18:54:45 -0500] "GET /BLA/resoluciones/RESOLUCIONES%202006/RES%202006%201351-1400/00001389.tif HTTP/1.1" 200 152856
190.156.102.97 - - [02/Nov/2014:18:54:48 -0500] "GET /BLA/boletinlegal/js/jquery.scrollShow.js HTTP/1.1" 200 4586
190.156.102.97 - - [02/Nov/2014:18:54:48 -0500] "GET /BLA/boletinlegal/js/jquery.scrollTo-min.js HTTP/1.1" 200 1150
190.156.102.97 - - [02/Nov/2014:18:54:48 -0500] "GET /BLA/boletinlegal/js/jquery.js HTTP/1.1" 200 57254
74.86.158.107 - - [02/Nov/2014:18:54:55 -0500] "HEAD / HTTP/1.1" 302 -
66.249.64.167 - - [02/Nov/2014:18:55:13 -0500] "GET /BLA/resoluciones/AUTOS%202009/2058.pdf HTTP/1.1" 200 101185
201.245.192.253 - - [02/Nov/2014:18:55:30 -0500] "GET /forest/1ibre/jscalendar/calendar-setup.js HTTP/1.1" 304 -
186.117.187.235 - - [02/Nov/2014:18:55:32 -0500] "GET /BLA/boletinlegal/js/jquery.js HTTP/1.1" 200 57254
186.117.187.235 - - [02/Nov/2014:18:55:32 -0500] "GET /BLA/boletinlegal/js/jquery.scrollTo-min.js HTTP/1.1" 200 1150
186.117.187.235 - - [02/Nov/2014:18:55:32 -0500] "GET /BLA/boletinlegal/js/jquery.scrollShow.js HTTP/1.1" 200 4586
186.43.40.201 - - [02/Nov/2014:18:55:44 -0500] "GET /BLA/boletinlegal/js/jquery.scrollTo-min.js HTTP/1.1" 200 1150
186.43.40.201 - - [02/Nov/2014:18:55:44 -0500] "GET /BLA/boletinlegal/js/jquery.js HTTP/1.1" 200 57254
186.43.40.201 - - [02/Nov/2014:18:55:44 -0500] "GET /BLA/boletinlegal/js/jquery.scrollShow.js HTTP/1.1" 200 4586
157.55.39.62 - - [02/Nov/2014:18:55:46 -0500] "GET /bla/resoluciones/RESOLUCIONES%202009/1661.pdf HTTP/1.1" 200 394019
157.55.39.62 - - [02/Nov/2014:18:55:46 -0500] "GET /BLA/resoluciones/RESOLUCIONES%202008/0178.pdf HTTP/1.1" 200 286433
157.55.39.62 - - [02/Nov/2014:18:55:47 -0500] "GET /BLA/resoluciones/RESOLUCIONES%202010/3223.pdf HTTP/1.1" 200 509729
157.55.39.62 - - [02/Nov/2014:18:55:47 -0500] "GET /BLA/resoluciones/Autos%202008/2897.pdf HTTP/1.1" 200 74837
66.249.64.167 - - [02/Nov/2014:18:55:49 -0500] "GET /BLA/resoluciones/RESOLUCIONES%202010/0042.pdf HTTP/1.1" 200 504015
66.249.64.171 - - [02/Nov/2014:18:56:02 -0500] "GET /counter/digits/chevy/ HTTP/1.1" 404 1018
157.55.39.62 - - [02/Nov/2014:18:56:09 -0500] "GET /BLA/resoluciones/RESOLUCIONES%202010/7527.pdf HTTP/1.1" 200 376702
157.55.39.62 - - [02/Nov/2014:18:56:09 -0500] "GET /BLA/resoluciones/Autos%202008/0127.pdf HTTP/1.1" 200 182766
188.165.15.23 - - [02/Nov/2014:18:56:10 -0500] "GET /BLA/resoluciones/RESOLUCIONES%202006/RES%202006%201251-1300/00001270.tif HTTP/1.1" 200 158616
66.249.64.39 - - [02/Nov/2014:18:56:15 -0500] "GET /htdocs/counter/digits/angelus/ HTTP/1.1" 404 1019
188.165.15.90 - - [02/Nov/2014:18:56:20 -0500] "GET /BLA/resoluciones/RESOLUCIONES%202005/RES%202005%202701%20-2750/00002722.tif HTTP/1.1" 200 115708
66.249.64.167 - - [02/Nov/2014:18:56:25 -0500] "GET /BLA/resoluciones/AUTOS%202009/2062.pdf HTTP/1.1" 200 99391
186.85.79.140 - - [02/Nov/2014:18:56:31 -0500] "POST /forms/lservlet;jsessionid=ac16012b30d5862fdfe439fc4e46bb8cee3c3963c5fa.e3iSbxaKaheRe34Sa3yKbhiTahb0n6jAmljGr5XDqQLvpAe HTTP/1.1" 200 2
157.55.39.62 - - [02/Nov/2014:18:56:31 -0500] "GET /BLA/resoluciones/RESOLUCIONES%202010/2057.pdf HTTP/1.1" 200 195939
157.55.39.62 - - [02/Nov/2014:18:56:31 -0500] "GET /bla/resoluciones/RESOLUCIONES%202009/0447.pdf HTTP/1.1" 200 1069748
157.55.39.62 - - [02/Nov/2014:18:56:53 -0500] "GET /BLA/resoluciones/Resoluciones%202011/5862.pdf HTTP/1.1" 200 419668
66.249.64.167 - - [02/Nov/2014:18:57:01 -0500] "GET /BLA/resoluciones/AUTOS%202009/2068.pdf HTTP/1.1" 200 97860
180.76.6.53 - - [02/Nov/2014:18:57:05 -0500] "GET /BLA/resoluciones/RESOLUCIONES%202007/RES%202007%204101%20AL%204200/RESOLUCION%204195%20DE%202007.pdf HTTP/1.1" 200 302199
201.245.192.253 - - [02/Nov/2014:18:57:10 -0500] "GET /forest/1ibre/jscalendar/lang/calendar-es.js HTTP/1.1" 304 -
181.235.180.130 - - [02/Nov/2014:18:57:10 -0500] "GET /BLA/boletinlegal/js/jquery.js HTTP/1.1" 304 -
181.235.180.130 - - [02/Nov/2014:18:57:11 -0500] "GET /BLA/boletinlegal/js/jquery.scrollTo-min.js HTTP/1.1" 304 -
181.235.180.130 - - [02/Nov/2014:18:57:11 -0500] "GET /BLA/boletinlegal/js/jquery.scrollShow.js HTTP/1.1" 304 -
188.165.15.75 - - [02/Nov/2014:18:57:36 -0500] "GET /BLA/resoluciones/RESOLUCIONES%202002/RES%202002%201651-1700/20021652.tif HTTP/1.1" 200 148548
157.55.39.107 - - [02/Nov/2014:18:57:36 -0500] "GET /BLA/resoluciones/RESOLUCIONES%202010/7346.pdf HTTP/1.1" 200 421355
66.249.64.167 - - [02/Nov/2014:18:57:36 -0500] "GET /BLA/resoluciones/AUTOS%202009/2436.pdf HTTP/1.1" 200 99815
157.55.39.107 - - [02/Nov/2014:18:57:37 -0500] "GET /BLA/resoluciones/RESOLUCIONES%202010/7836.pdf HTTP/1.1" 200 461808
157.55.39.107 - - [02/Nov/2014:18:57:37 -0500] "GET /BLA/resoluciones/Resoluciones%202011/1287.pdf HTTP/1.1" 200 356456
157.55.39.107 - - [02/Nov/2014:18:57:38 -0500] "GET /BLA/resoluciones/AUTOS%202011/5011.pdf HTTP/1.1" 200 553745
157.55.39.107 - - [02/Nov/2014:18:57:38 -0500] "GET /BLA/resoluciones/AUTOS%202011/7367.pdf HTTP/1.1" 200 168104
188.165.15.169 - - [02/Nov/2014:18:57:58 -0500] "GET /BLA/resoluciones/RESOLUCIONES%202002/RES%202002%201701-1750/20021721.tif HTTP/1.1" 200 72068
157.55.39.107 - - [02/Nov/2014:18:57:59 -0500] "GET /BLA/resoluciones/RESOLUCIONES%202011/0828.pdf HTTP/1.1" 200 75323
66.249.64.39 - - [02/Nov/2014:18:58:07 -0500] "GET /htdocs/counter/digits/redrefl/ HTTP/1.1" 404 1019
66.249.64.163 - - [02/Nov/2014:18:58:12 -0500] "GET /BLA/resoluciones/AUTOS%202009/3011.pdf HTTP/1.1" 200 185742
186.155.104.203 - - [02/Nov/2014:18:58:13 -0500] "GET /BLA/resoluciones/RESOLUCIONES%202007/RES%202007%201726%20AL%201800/RESOLUCION%201773%20DE%202007.pdf HTTP/1.1" 200 191347
186.155.104.203 - - [02/Nov/2014:18:58:13 -0500] "GET /BLA/resoluciones/RESOLUCIONES%202007/RES%202007%201726%20AL%201800/RESOLUCION%201773%20DE%202007.pdf HTTP/1.1" 206 32768
186.155.104.203 - - [02/Nov/2014:18:58:14 -0500] "GET /BLA/resoluciones/RESOLUCIONES%202007/RES%202007%201726%20AL%201800/RESOLUCION%201773%20DE%202007.pdf HTTP/1.1" 206 158579
186.155.104.203 - - [02/Nov/2014:18:58:14 -0500] "GET /favicon.ico HTTP/1.1" 200 7782
188.165.15.23 - - [02/Nov/2014:18:58:15 -0500] "GET /BLA/resoluciones/RESOLUCIONES%202002/RES%202002%20451-500/00000478.tif HTTP/1.1" 200 66310
186.85.79.140 - - [02/Nov/2014:18:58:16 -0500] "POST /forms/lservlet;jsessionid=ac16012b30d5862fdfe439fc4e46bb8cee3c3963c5fa.e3iSbxaKaheRe34Sa3yKbhiTahb0n6jAmljGr5XDqQLvpAe HTTP/1.1" 200 96
157.55.39.107 - - [02/Nov/2014:18:58:21 -0500] "GET /bla/resoluciones/RESOLUCIONES%202009/0078.pdf HTTP/1.1" 200 212627
157.55.39.107 - - [02/Nov/2014:18:58:21 -0500] "GET /bla/resoluciones/RESOLUCIONES%202011/1244.pdf HTTP/1.1" 200 534755
157.55.39.107 - - [02/Nov/2014:18:58:22 -0500] "GET /BLA/resoluciones/RESOLUCIONES%202010/5361.pdf HTTP/1.1" 200 532167
157.55.39.107 - - [02/Nov/2014:18:58:22 -0500] "GET /BLA/resoluciones/AUTOS%202009/2945.pdf HTTP/1.1" 200 102219
157.55.39.107 - - [02/Nov/2014:18:58:23 -0500] "GET /BLA/resoluciones/Resoluciones%202011/4748.pdf HTTP/1.1" 200 501762
157.55.39.107 - - [02/Nov/2014:18:58:23 -0500] "GET /BLA/resoluciones/Resoluciones%202011/5378.pdf HTTP/1.1" 200 473031
157.55.39.107 - - [02/Nov/2014:18:58:24 -0500] "GET /BLA/resoluciones/RESOLUCIONES%202010/5145.pdf HTTP/1.1" 200 1181389
66.249.64.167 - - [02/Nov/2014:18:58:24 -0500] "GET /BLA/resoluciones/RESOLUCIONES%202007/RES%202007%202101%20AL%202200/RESOLUCION%202174%20DE%202007.pdf HTTP/1.1" 200 934975
188.165.15.13 - - [02/Nov/2014:18:58:25 -0500] "GET /BLA/resoluciones/index.php?dir=AUTOS+2006%2FAUTOS+2006+701-800%2F HTTP/1.1" 200 21787
180.76.5.192 - - [02/Nov/2014:18:58:26 -0500] "GET /BLA/resoluciones/RESOLUCIONES%202007/RES%202007%20601%20AL%20700/RESOLUCION%200669%20DE%202007.pdf HTTP/1.1" 200 943807
186.85.79.140 - - [02/Nov/2014:18:58:31 -0500] "POST /forms/lservlet;jsessionid=ac16012b30d5862fdfe439fc4e46bb8cee3c3963c5fa.e3iSbxaKaheRe34Sa3yKbhiTahb0n6jAmljGr5XDqQLvpAe HTTP/1.1" 200 2
152.61.128.66 - - [02/Nov/2014:18:58:35 -0500] "HEAD / HTTP/1.1" 302 -
152.61.128.66 - - [02/Nov/2014:18:58:35 -0500] "GET /arcgis/services/Calidad_del_Agua_WQI/MapServer/WMSServer?request=GetCapabilities&service=WMS HTTP/1.1" 200 32135
152.61.128.66 - - [02/Nov/2014:18:58:36 -0500] "GET /arcgis/services/Calidad_del_Agua_WQI/MapServer/WMSServer?request=GetCapabilities&service=WMS HTTP/1.0" 200 32135
152.61.128.66 - - [02/Nov/2014:18:58:37 -0500] "GET /arcgis/services/Calidad_del_Agua_WQI/MapServer/WMSServer?request=GetCapabilities&service=WMS HTTP/1.0" 200 32135
152.61.128.66 - - [02/Nov/2014:18:58:38 -0500] "GET /arcgis/services/Calidad_del_Agua_WQI/MapServer/WMSServer?request=GetCapabilities&service=WMS HTTP/1.0" 200 32135
152.61.128.66 - - [02/Nov/2014:18:58:39 -0500] "GET /arcgis/services/Calidad_del_Agua_WQI/MapServer/WMSServer?VERSION=1.1.1&REQUEST=GetMap&LAYERS=0&SRS=EPSG:4326&BBOX=-74.473395,3.674381,-73.963300,4.920569&WIDTH=250&HEIGHT=250&FORMAT=image/bmp&STYLES=& HTTP/1.1" 200 188054
66.249.64.163 - - [02/Nov/2014:18:58:48 -0500] "GET /BLA/resoluciones/AUTOS%202012/0260.pdf HTTP/1.1" 200 176412
66.249.64.167 - - [02/Nov/2014:18:58:54 -0500] "GET /BLA/resoluciones/AUTOS%202009/2404.pdf HTTP/1.1" 200 104706
157.55.39.62 - - [02/Nov/2014:18:58:58 -0500] "GET /BLA/resoluciones/Resoluciones%202011/0902.pdf HTTP/1.1" 200 77127
157.55.39.62 - - [02/Nov/2014:18:58:59 -0500] "GET /BLA/resoluciones/AUTOS%202011/3187.pdf HTTP/1.1" 200 211178
157.55.39.62 - - [02/Nov/2014:18:58:59 -0500] "GET /BLA/resoluciones/RESOLUCIONES%202008/1339.pdf HTTP/1.1" 200 518373
157.55.39.62 - - [02/Nov/2014:18:58:59 -0500] "GET /BLA/resoluciones/AUTOS%202007/3760.pdf HTTP/1.1" 200 191869
157.55.39.62 - - [02/Nov/2014:18:59:00 -0500] "GET /BLA/resoluciones/AUTOS%202010/5946.pdf HTTP/1.1" 200 203495
157.55.39.62 - - [02/Nov/2014:18:59:00 -0500] "GET /bla/resoluciones/RESOLUCIONES%202011/0072.pdf HTTP/1.1" 200 342315
157.55.39.62 - - [02/Nov/2014:18:59:01 -0500] "GET /bla/resoluciones/RESOLUCIONES%202009/8743.pdf HTTP/1.1" 200 469395
157.55.39.62 - - [02/Nov/2014:18:59:01 -0500] "GET /BLA/resoluciones/RESOLUCIONES%202010/5982.pdf HTTP/1.1" 200 1934222
157.55.39.62 - - [02/Nov/2014:18:59:22 -0500] "GET /BLA/resoluciones/RESOLUCIONES%202011/4237.pdf HTTP/1.1" 200 396212
157.55.39.62 - - [02/Nov/2014:18:59:22 -0500] "GET /BLA/resoluciones/AUTOS%202011/1411.pdf HTTP/1.1" 200 97031
157.55.39.62 - - [02/Nov/2014:18:59:23 -0500] "GET /BLA/resoluciones/RESOLUCIONES%202010/4442.pdf HTTP/1.1" 200 1280354
157.55.39.62 - - [02/Nov/2014:18:59:23 -0500] "GET /BLA/resoluciones/RESOLUCIONES%202009/9373.pdf HTTP/1.1" 200 537051
157.55.39.62 - - [02/Nov/2014:18:59:23 -0500] "GET /BLA/resoluciones/AUTOS%202007/0947.pdf HTTP/1.1" 200 28888
157.55.39.62 - - [02/Nov/2014:18:59:24 -0500] "GET /BLA/resoluciones/RESOLUCIONES%202009/9638.pdf HTTP/1.1" 200 1219769
66.249.64.167 - - [02/Nov/2014:18:59:24 -0500] "GET /Autoliquidacion/index.php?dir=Solicitud%20de%20Clasificaci%F3n%20de%20Impacto%20Ambiental/&sort=date&order=asc HTTP/1.1" 200 3349
157.55.39.62 - - [02/Nov/2014:18:59:24 -0500] "GET /BLA/resoluciones/RESOLUCIONES%202007/RES%202007%20901%20AL%201000/RESOLUCION%200991%20DE%202007.pdf HTTP/1.1" 200 347400
157.55.39.62 - - [02/Nov/2014:18:59:25 -0500] "GET /BLA/resoluciones/RESOLUCIONES%202008/0874.pdf HTTP/1.1" 200 230454
190.158.7.219 - - [02/Nov/2014:18:53:33 -0500] "GET /ForestMSG_SDA/channelAsync/template_word_16787609?X-Atmosphere-tracking-id=a2b9fdc2-21e0-3ca1-a973-2a7a1d79c5b1&X-Atmosphere-Framework=1.0.5&X-Atmosphere-Transport=long-polling&tabid=0.09333831956610084&X-Cache-Date=0&Content-Type=application/xml&_=1414972484507 HTTP/1.1" 200 8193
188.165.15.126 - - [02/Nov/2014:18:59:37 -0500] "GET /BLA/resoluciones/RESOLUCIONES%202005/RES%202005%20301-351/00000340.tif HTTP/1.1" 200 167210
188.165.15.132 - - [02/Nov/2014:18:59:46 -0500] "GET /BLA/resoluciones/RESOLUCIONES%202005/RES%202005%20751-800/00000776.tif HTTP/1.1" 200 385472
157.55.39.62 - - [02/Nov/2014:18:59:46 -0500] "GET /BLA/resoluciones/AUTOS%202007/0132.pdf HTTP/1.1" 200 108603
157.55.39.62 - - [02/Nov/2014:18:59:46 -0500] "GET /BLA/resoluciones/Resoluciones%202011/1750.pdf HTTP/1.1" 200 508572
157.55.39.62 - - [02/Nov/2014:18:59:47 -0500] "GET /BLA/resoluciones/RESOLUCIONES%202010/5745.pdf HTTP/1.1" 200 71322
157.55.39.62 - - [02/Nov/2014:18:59:47 -0500] "GET /BLA/resoluciones/AUTOS%202007/3317.pdf HTTP/1.1" 200 177213
157.55.39.62 - - [02/Nov/2014:18:59:48 -0500] "GET /BLA/resoluciones/AUTOS%202011/7685.pdf HTTP/1.1" 200 136161
157.55.39.62 - - [02/Nov/2014:18:59:48 -0500] "GET /BLA/resoluciones/RESOLUCIONES%202010/1451.pdf HTTP/1.1" 200 356600
157.55.39.62 - - [02/Nov/2014:18:59:49 -0500] "GET /BLA/resoluciones/RESOLUCIONES%202008/5386.pdf HTTP/1.1" 200 210860
157.55.39.62 - - [02/Nov/2014:18:59:49 -0500] "GET /BLA/resoluciones/Resoluciones%202011/3345.pdf HTTP/1.1" 200 446637
157.55.39.62 - - [02/Nov/2014:18:59:49 -0500] "GET /BLA/resoluciones/RESOLUCIONES%202008/0388.pdf HTTP/1.1" 200 793423
157.55.39.62 - - [02/Nov/2014:18:59:50 -0500] "GET /BLA/resoluciones/RESOLUCIONES%202010/2230.pdf HTTP/1.1" 200 516598
157.55.39.62 - - [02/Nov/2014:18:59:50 -0500] "GET /BLA/resoluciones/RESOLUCIONES%202010/5825.pdf HTTP/1.1" 200 77521
157.55.39.62 - - [02/Nov/2014:18:59:51 -0500] "GET /BLA/resoluciones/RESOLUCIONES%202010/3281.pdf HTTP/1.1" 200 750273
74.86.158.107 - - [02/Nov/2014:18:59:55 -0500] "HEAD / HTTP/1.1" 302 -
66.249.64.39 - - [02/Nov/2014:18:59:59 -0500] "GET /htdocs/counter/digits/pumpkin/ HTTP/1.1" 404 1019
66.249.64.171 - - [02/Nov/2014:19:00:00 -0500] "GET /BLA/resoluciones/AUTOS%202009/2299.pdf HTTP/1.1" 200 198954
188.165.15.23 - - [02/Nov/2014:19:00:01 -0500] "GET /BLA/resoluciones/RESOLUCIONES%202003/RES%202003%201201-1250/2003RES1216.tif HTTP/1.1" 200 176580
188.165.15.162 - - [02/Nov/2014:19:00:04 -0500] "GET /BLA/resoluciones/RESOLUCIONES%202003/RES%202003%20451-500/467.tif HTTP/1.1" 200 263556
186.155.144.77 - - [02/Nov/2014:19:00:23 -0500] "GET /BLA/boletinlegal/js/jquery.js HTTP/1.1" 200 57254
186.155.144.77 - - [02/Nov/2014:19:00:23 -0500] "GET /BLA/boletinlegal/js/jquery.scrollShow.js HTTP/1.1" 200 4586
186.155.144.77 - - [02/Nov/2014:19:00:23 -0500] "GET /BLA/boletinlegal/js/jquery.scrollTo-min.js HTTP/1.1" 200 1150
100.43.85.25 - - [02/Nov/2014:19:00:27 -0500] "GET /phpcountersmart/index.php?page=\".($page%201).\"&typ=$typ HTTP/1.1" 404 1019
66.249.64.167 - - [02/Nov/2014:19:00:36 -0500] "GET /BLA/resoluciones/AUTOS%202009/2323.pdf HTTP/1.1" 200 160022
186.30.73.202 - - [02/Nov/2014:19:00:38 -0500] "GET /BLA/resoluciones/RESOLUCIONES%202009/3249.pdf HTTP/1.1" 200 681448
186.30.73.202 - - [02/Nov/2014:19:00:42 -0500] "GET /BLA/resoluciones/RESOLUCIONES%202009/3249.pdf HTTP/1.1" 206 32768
186.30.73.202 - - [02/Nov/2014:19:00:42 -0500] "GET /BLA/resoluciones/RESOLUCIONES%202009/3249.pdf HTTP/1.1" 206 648680
186.30.73.202 - - [02/Nov/2014:19:00:45 -0500] "GET /favicon.ico HTTP/1.1" 200 7782
188.165.15.169 - - [02/Nov/2014:19:00:49 -0500] "GET /BLA/resoluciones/RESOLUCIONES%202004/RES%202004%201451-1500/00001497.tif HTTP/1.1" 200 88280
201.245.192.253 - - [02/Nov/2014:19:01:01 -0500] "GET /plugins/like.php?href=https%3A%2F%2Fwww.facebook.com%2FCanalRCNNuestraTeleOficial&send=false&layout=button_count&width=150&show_faces=true&font=verdana&colorscheme=light&action=like&height=21 HTTP/1.1" 404 1252
201.245.192.253 - - [02/Nov/2014:19:01:02 -0500] "GET /plugins/likebox.php?href=https%3A%2F%2Fwww.facebook.com%2FCanalRCNNuestraTeleOficial%3Ffref%3Dnf&width=440&height=405&colorscheme=light&show_faces=false&header=true&stream=true&show_border=true&appId=280603362094913 HTTP/1.1" 404 1252
66.249.64.167 - - [02/Nov/2014:19:01:12 -0500] "GET /BLA/resoluciones/AUTOS%202009/2309.pdf HTTP/1.1" 200 137845
186.115.55.87 - - [02/Nov/2014:19:01:32 -0500] "GET /galeria/carrusel/Carrusel/jquery.thumbnailScroller.css HTTP/1.1" 200 2066
186.115.55.87 - - [02/Nov/2014:19:01:32 -0500] "GET /BLA/boletinlegal/js/jquery.js HTTP/1.1" 200 57254
186.115.55.87 - - [02/Nov/2014:19:01:32 -0500] "GET /BLA/boletinlegal/js/jquery.scrollTo-min.js HTTP/1.1" 200 1150
186.115.55.87 - - [02/Nov/2014:19:01:32 -0500] "GET /BLA/boletinlegal/js/jquery.scrollShow.js HTTP/1.1" 200 4586
186.115.55.87 - - [02/Nov/2014:19:01:32 -0500] "GET /galeria/carrusel/Carrusel/jquery-ui-1.8.13.custom.min.js HTTP/1.1" 200 10800
186.115.55.87 - - [02/Nov/2014:19:01:32 -0500] "GET /galeria/carrusel/Carrusel/jquery.thumbnailScroller.js HTTP/1.1" 200 8157
186.115.55.87 - - [02/Nov/2014:19:01:35 -0500] "GET /galeria/nivo-slider/demo/demo.html HTTP/1.1" 200 3492
186.115.55.87 - - [02/Nov/2014:19:01:36 -0500] "GET /galeria/nivo-slider/themes/pascal/pascal.css HTTP/1.1" 200 2258
186.115.55.87 - - [02/Nov/2014:19:01:36 -0500] "GET /galeria/nivo-slider/themes/default/default.css HTTP/1.1" 200 1569
186.115.55.87 - - [02/Nov/2014:19:01:36 -0500] "GET /galeria/nivo-slider/themes/orman/orman.css HTTP/1.1" 200 2152
186.115.55.87 - - [02/Nov/2014:19:01:36 -0500] "GET /galeria/nivo-slider/demo/style.css HTTP/1.1" 200 2222
186.115.55.87 - - [02/Nov/2014:19:01:36 -0500] "GET /galeria/nivo-slider/demo/scripts/jquery-1.7.1.min.js HTTP/1.1" 200 93868
186.115.55.87 - - [02/Nov/2014:19:01:36 -0500] "GET /galeria/nivo-slider/nivo-slider.css HTTP/1.1" 200 1507
186.115.55.87 - - [02/Nov/2014:19:01:36 -0500] "GET /galeria/nivo-slider/jquery.nivo.slider.pack.js HTTP/1.1" 200 11561
186.115.55.87 - - [02/Nov/2014:19:01:37 -0500] "GET /galeria/nivo-slider/themes/default/loading.gif HTTP/1.1" 200 1737
186.115.55.87 - - [02/Nov/2014:19:01:37 -0500] "GET /galeria/nivo-slider/demo/images/4Simple_Slider.png HTTP/1.1" 200 11722
186.85.79.140 - - [02/Nov/2014:19:01:37 -0500] "POST /forms/lservlet;jsessionid=ac16012b30d5862fdfe439fc4e46bb8cee3c3963c5fa.e3iSbxaKaheRe34Sa3yKbhiTahb0n6jAmljGr5XDqQLvpAe HTTP/1.1" 200 2
186.115.55.87 - - [02/Nov/2014:19:01:38 -0500] "GET /galeria/nivo-slider/demo/images/Encuentro-Orqu%C3%ADdeas01.jpg HTTP/1.1" 200 86179
186.115.55.87 - - [02/Nov/2014:19:01:38 -0500] "GET /galeria/nivo-slider/demo/images/Encuentro-Orqu%C3%ADdeas02.jpg HTTP/1.1" 200 85602
186.115.55.87 - - [02/Nov/2014:19:01:38 -0500] "GET /galeria/nivo-slider/demo/images/porloshumedales.jpg HTTP/1.1" 200 351238
186.115.55.87 - - [02/Nov/2014:19:01:38 -0500] "GET /galeria/nivo-slider/demo/images/banner-aceite3.jpg HTTP/1.1" 200 88347
186.115.55.87 - - [02/Nov/2014:19:01:38 -0500] "GET /galeria/nivo-slider/demo/images/Tingua-azul.jpg HTTP/1.1" 200 307638
186.115.55.87 - - [02/Nov/2014:19:01:38 -0500] "GET /galeria/nivo-slider/demo/images/Banner-Caracol-Africano.jpg HTTP/1.1" 200 331986
186.115.55.87 - - [02/Nov/2014:19:01:39 -0500] "GET /galeria/nivo-slider/demo/images/9Signos.jpg HTTP/1.1" 200 93040
186.115.55.87 - - [02/Nov/2014:19:01:39 -0500] "GET /galeria/nivo-slider/demo/images/banner-redes.jpg HTTP/1.1" 200 62209
186.115.55.87 - - [02/Nov/2014:19:01:39 -0500] "GET /galeria/nivo-slider/demo/images/banner-llantas2.jpg HTTP/1.1" 200 73153
186.115.55.87 - - [02/Nov/2014:19:01:40 -0500] "GET /galeria/nivo-slider/demo/images/banner-caballos.png HTTP/1.1" 200 389106
186.115.55.87 - - [02/Nov/2014:19:01:40 -0500] "GET /galeria/nivo-slider/demo/images/Hacienda_Molinos.jpg HTTP/1.1" 200 319171
186.115.55.87 - - [02/Nov/2014:19:01:41 -0500] "GET /galeria/nivo-slider/demo/images/bannerEcolecta3.jpg HTTP/1.1" 200 280034
186.115.55.87 - - [02/Nov/2014:19:01:42 -0500] "GET /videos/Spot_Tinguas.flv HTTP/1.1" 200 2087054
186.115.55.87 - - [02/Nov/2014:19:01:45 -0500] "GET /galeria/nivo-slider/themes/default/arrows.png HTTP/1.1" 200 824
186.115.55.87 - - [02/Nov/2014:19:01:45 -0500] "GET /galeria/nivo-slider/themes/default/bullets.png HTTP/1.1" 200 1281
66.249.64.163 - - [02/Nov/2014:19:01:48 -0500] "GET /BLA/resoluciones/AUTOS%202009/2397.pdf HTTP/1.1" 200 103027
180.76.5.151 - - [02/Nov/2014:19:01:48 -0500] "GET /BLA/resoluciones/RESOLUCIONES%202009/2595.pdf HTTP/1.1" 200 974644
66.249.64.47 - - [02/Nov/2014:19:01:51 -0500] "GET /htdocs/counter/digits/ariali/ HTTP/1.1" 404 1019
186.29.54.180 - - [02/Nov/2014:19:01:57 -0500] "GET /BLA/boletinlegal/js/jquery.js HTTP/1.1" 200 57254
186.29.54.180 - - [02/Nov/2014:19:01:57 -0500] "GET /BLA/boletinlegal/js/jquery.scrollTo-min.js HTTP/1.1" 200 1150
186.29.54.180 - - [02/Nov/2014:19:01:57 -0500] "GET /BLA/boletinlegal/js/jquery.scrollShow.js HTTP/1.1" 200 4586
186.84.5.35 - - [02/Nov/2014:19:02:11 -0500] "GET /BLA/resoluciones/RESOLUCIONES%202010/6285.pdf HTTP/1.1" 200 3274420
188.165.15.162 - - [02/Nov/2014:19:02:12 -0500] "GET /BLA/resoluciones/index.php?dir=RESOLUCIONES%202004/RES%202004%201001-1050/&sort=date&order=desc HTTP/1.1" 200 12168
186.84.5.35 - - [02/Nov/2014:19:02:23 -0500] "GET /BLA/resoluciones/RESOLUCIONES%202010/6285.pdf HTTP/1.1" 206 32768
186.84.5.35 - - [02/Nov/2014:19:02:23 -0500] "GET /BLA/resoluciones/RESOLUCIONES%202010/6285.pdf HTTP/1.1" 206 3241652
66.249.64.171 - - [02/Nov/2014:19:02:23 -0500] "GET /BLA/resoluciones/AUTOS%202009/2835.pdf HTTP/1.1" 200 125136
180.76.5.192 - - [02/Nov/2014:19:02:30 -0500] "GET /BLA/resoluciones/AUTOS%202009/2589.pdf HTTP/1.1" 200 81794
201.245.248.45 - - [02/Nov/2014:19:02:31 -0500] "GET /BLA/boletinlegal/js/jquery.scrollTo-min.js HTTP/1.1" 200 1150
201.245.248.45 - - [02/Nov/2014:19:02:31 -0500] "GET /BLA/boletinlegal/js/jquery.scrollShow.js HTTP/1.1" 200 4586
201.245.248.45 - - [02/Nov/2014:19:02:31 -0500] "GET /BLA/boletinlegal/js/jquery.js HTTP/1.1" 200 57254
188.165.15.90 - - [02/Nov/2014:19:02:37 -0500] "GET /BLA/resoluciones/RESOLUCIONES%202004/RES%202004%20351-400/00000392.tif HTTP/1.1" 200 89270
66.249.64.163 - - [02/Nov/2014:19:02:59 -0500] "GET /BLA/resoluciones/RESOLUCIONES%202007/RES%202007%203101%20AL%203200/RESOLUCION%203176%20DE%202007.pdf HTTP/1.1" 200 186931
157.55.39.107 - - [02/Nov/2014:19:03:25 -0500] "-" 408 -
157.55.39.62 - - [02/Nov/2014:19:03:33 -0500] "GET /BLA/resoluciones/RESOLUCIONES%202012/0647.pdf HTTP/1.1" 200 799077
157.55.39.62 - - [02/Nov/2014:19:03:34 -0500] "GET /BLA/resoluciones/RESOLUCIONES%202007/RES%202007%202701%20AL%202800/?C=S;O=D HTTP/1.1" 200 24811
157.55.39.62 - - [02/Nov/2014:19:03:34 -0500] "GET /BLA/resoluciones/Autos%202008/3025.pdf HTTP/1.1" 200 82405
157.55.39.62 - - [02/Nov/2014:19:03:35 -0500] "GET /BLA/resoluciones/AUTOS%202009/2622.pdf HTTP/1.1" 200 130825
157.55.39.62 - - [02/Nov/2014:19:03:35 -0500] "GET /BLA/resoluciones/Autos%202008/1733.pdf HTTP/1.1" 200 251027
66.249.64.171 - - [02/Nov/2014:19:03:35 -0500] "GET /BLA/resoluciones/AUTOS%202008/0099.pdf HTTP/1.1" 200 268180
157.55.39.62 - - [02/Nov/2014:19:03:36 -0500] "GET /BLA/resoluciones/Autos%202008/1552.pdf HTTP/1.1" 200 85318
157.55.39.62 - - [02/Nov/2014:19:03:36 -0500] "GET /bla/resoluciones/RESOLUCIONES%202011/1857.pdf HTTP/1.1" 200 515207
157.55.39.62 - - [02/Nov/2014:19:03:36 -0500] "GET /bla/resoluciones/RESOLUCIONES%202011/0299.pdf HTTP/1.1" 200 80163
186.85.79.140 - - [02/Nov/2014:19:03:37 -0500] "POST /forms/lservlet;jsessionid=ac16012b30d5862fdfe439fc4e46bb8cee3c3963c5fa.e3iSbxaKaheRe34Sa3yKbhiTahb0n6jAmljGr5XDqQLvpAe HTTP/1.1" 200 2
66.249.64.47 - - [02/Nov/2014:19:03:43 -0500] "GET /htdocs/counter/digits/cold/ HTTP/1.1" 404 1019
180.76.5.176 - - [02/Nov/2014:19:03:54 -0500] "GET /BLA/resoluciones/RESOLUCIONES%202009/0541.pdf HTTP/1.1" 200 263873
157.55.39.62 - - [02/Nov/2014:19:03:58 -0500] "GET /BLA/resoluciones/Autos%202008/0211.pdf HTTP/1.1" 200 95255
157.55.39.62 - - [02/Nov/2014:19:03:58 -0500] "GET /bla/resoluciones/RESOLUCIONES%202009/2006.pdf HTTP/1.1" 200 738799
157.55.39.62 - - [02/Nov/2014:19:03:59 -0500] "GET /BLA/resoluciones/AUTOS%202011/2070.pdf HTTP/1.1" 200 158470
157.55.39.62 - - [02/Nov/2014:19:03:59 -0500] "GET /BLA/resoluciones/RESOLUCIONES%202010/3034.pdf HTTP/1.1" 200 483832
157.55.39.62 - - [02/Nov/2014:19:03:59 -0500] "GET /BLA/resoluciones/AUTOS%202007/2794.pdf HTTP/1.1" 200 247775
157.55.39.62 - - [02/Nov/2014:19:04:00 -0500] "GET /BLA/resoluciones/RESOLUCIONES%202008/1891.pdf HTTP/1.1" 200 209524
157.55.39.62 - - [02/Nov/2014:19:04:00 -0500] "GET /BLA/resoluciones/AUTOS%202009/1864.pdf HTTP/1.1" 200 99366
157.55.39.62 - - [02/Nov/2014:19:04:01 -0500] "GET /BLA/resoluciones/RESOLUCIONES%202008/3541.pdf HTTP/1.1" 200 189726
157.55.39.62 - - [02/Nov/2014:19:04:01 -0500] "GET /bla/resoluciones/RESOLUCIONES%202009/9795.pdf HTTP/1.1" 200 673488
157.55.39.62 - - [02/Nov/2014:19:04:02 -0500] "GET /BLA/resoluciones/AUTOS%202011/5863.pdf HTTP/1.1" 200 677655
157.55.39.62 - - [02/Nov/2014:19:04:02 -0500] "GET /BLA/resoluciones/RESOLUCIONES%202008/4654.pdf HTTP/1.1" 200 542949
157.55.39.62 - - [02/Nov/2014:19:04:03 -0500] "GET /BLA/resoluciones/RESOLUCIONES%202011/4717.pdf HTTP/1.1" 200 436569
157.55.39.62 - - [02/Nov/2014:19:04:06 -0500] "GET /BLA/resoluciones/AUTOS%202007/0078.pdf HTTP/1.1" 200 108666
157.55.39.62 - - [02/Nov/2014:19:04:07 -0500] "GET /BLA/resoluciones/AUTOS%202011/3717.pdf HTTP/1.1" 200 366817
157.55.39.62 - - [02/Nov/2014:19:04:07 -0500] "GET /BLA/resoluciones/AUTOS%202007/2102.pdf HTTP/1.1" 200 82818
157.55.39.62 - - [02/Nov/2014:19:04:07 -0500] "GET /BLA/resoluciones/AUTOS%202007/2959.pdf HTTP/1.1" 200 150428
157.55.39.62 - - [02/Nov/2014:19:04:11 -0500] "GET /BLA/resoluciones/AUTOS%202007/3723.pdf HTTP/1.1" 200 241035
66.249.64.163 - - [02/Nov/2014:19:04:11 -0500] "GET /BLA/resoluciones/AUTOS%202009/3135.pdf HTTP/1.1" 200 131760
157.55.39.62 - - [02/Nov/2014:19:04:11 -0500] "GET /bla/resoluciones/RESOLUCIONES%202009/7580.pdf HTTP/1.1" 200 496075
157.55.39.62 - - [02/Nov/2014:19:04:12 -0500] "GET /BLA/resoluciones/AUTOS%202010/6177.pdf HTTP/1.1" 200 215219
201.184.238.223 - - [02/Nov/2014:19:04:12 -0500] "GET /BLA/boletinlegal/js/jquery.js HTTP/1.1" 200 57254
201.184.238.223 - - [02/Nov/2014:19:04:12 -0500] "GET /BLA/boletinlegal/js/jquery.scrollTo-min.js HTTP/1.1" 200 1150
201.184.238.223 - - [02/Nov/2014:19:04:12 -0500] "GET /BLA/boletinlegal/js/jquery.scrollShow.js HTTP/1.1" 200 4586
157.55.39.62 - - [02/Nov/2014:19:04:12 -0500] "GET /BLA/resoluciones/Resoluciones%202011/0807.pdf HTTP/1.1" 200 802974
157.55.39.62 - - [02/Nov/2014:19:04:12 -0500] "GET /BLA/resoluciones/RESOLUCIONES%202010/5272.pdf HTTP/1.1" 200 694957
157.55.39.107 - - [02/Nov/2014:19:04:15 -0500] "GET /BLA/resoluciones/AUTOS%202009/0111.pdf HTTP/1.1" 200 72816
157.55.39.107 - - [02/Nov/2014:19:04:15 -0500] "GET /BLA/resoluciones/RESOLUCIONES%202009/7534.pdf HTTP/1.1" 200 538588
157.55.39.107 - - [02/Nov/2014:19:04:16 -0500] "GET /bla/resoluciones/RESOLUCIONES%202011/0992.pdf HTTP/1.1" 200 70369
157.55.39.107 - - [02/Nov/2014:19:04:16 -0500] "GET /BLA/resoluciones/Autos%202008/1553.pdf HTTP/1.1" 200 87945
188.165.15.75 - - [02/Nov/2014:19:04:16 -0500] "GET /BLA/resoluciones/RESOLUCIONES%202005/RES%202005%202251-2300/00002300.tif HTTP/1.1" 200 118958
157.55.39.107 - - [02/Nov/2014:19:04:17 -0500] "GET /BLA/resoluciones/AUTOS%202007/1193.pdf HTTP/1.1" 200 24796
157.55.39.107 - - [02/Nov/2014:19:04:17 -0500] "GET /BLA/resoluciones/AUTOS%202007/0465.pdf HTTP/1.1" 200 16565
157.55.39.107 - - [02/Nov/2014:19:04:18 -0500] "GET /bla/resoluciones/RESOLUCIONES%202009/8352.pdf HTTP/1.1" 200 481263
157.55.39.107 - - [02/Nov/2014:19:04:18 -0500] "GET /BLA/resoluciones/RESOLUCIONES%202010/6181.pdf HTTP/1.1" 200 649927
157.55.39.107 - - [02/Nov/2014:19:04:18 -0500] "GET /BLA/resoluciones/AUTOS%202009/0085.pdf HTTP/1.1" 200 69625
157.55.39.107 - - [02/Nov/2014:19:04:19 -0500] "GET /BLA/resoluciones/RESOLUCIONES%202009/2417.pdf HTTP/1.1" 200 418140
157.55.39.107 - - [02/Nov/2014:19:04:19 -0500] "GET /BLA/resoluciones/Autos%202008/3243.pdf HTTP/1.1" 200 79165
190.25.212.56 - - [02/Nov/2014:19:04:24 -0500] "GET /BLA/boletinlegal/js/jquery.js HTTP/1.1" 200 57254
190.25.212.56 - - [02/Nov/2014:19:04:24 -0500] "GET /BLA/boletinlegal/js/jquery.scrollTo-min.js HTTP/1.1" 200 1150
190.25.212.56 - - [02/Nov/2014:19:04:24 -0500] "GET /BLA/boletinlegal/js/jquery.scrollShow.js HTTP/1.1" 200 4586
157.55.39.107 - - [02/Nov/2014:19:04:41 -0500] "GET /BLA/resoluciones/Autos%202008/1684.pdf HTTP/1.1" 200 180439
157.55.39.107 - - [02/Nov/2014:19:04:41 -0500] "GET /BLA/resoluciones/RESOLUCIONES%202011/3797.pdf HTTP/1.1" 200 637066
157.55.39.107 - - [02/Nov/2014:19:04:42 -0500] "GET /BLA/resoluciones/RESOLUCIONES%202009/9757.pdf HTTP/1.1" 200 310375
157.55.39.107 - - [02/Nov/2014:19:04:42 -0500] "GET /bla/resoluciones/RESOLUCIONES%202009/7725.pdf HTTP/1.1" 200 201535
157.55.39.107 - - [02/Nov/2014:19:04:43 -0500] "GET /bla/resoluciones/RESOLUCIONES%202009/9260.pdf HTTP/1.1" 200 487979
157.55.39.107 - - [02/Nov/2014:19:04:43 -0500] "GET /BLA/resoluciones/AUTOS%202009/1147.pdf HTTP/1.1" 200 65458
157.55.39.107 - - [02/Nov/2014:19:04:44 -0500] "GET /BLA/resoluciones/RESOLUCIONES%202010/7086.pdf HTTP/1.1" 200 68849
157.55.39.107 - - [02/Nov/2014:19:04:44 -0500] "GET /BLA/resoluciones/RESOLUCIONES%202011/4590.pdf HTTP/1.1" 200 571600
157.55.39.107 - - [02/Nov/2014:19:04:44 -0500] "GET /BLA/resoluciones/Resoluciones%202011/1001.pdf HTTP/1.1" 200 77191
157.55.39.107 - - [02/Nov/2014:19:04:45 -0500] "GET /BLA/resoluciones/AUTOS%202007/2070.pdf HTTP/1.1" 200 72545
157.55.39.107 - - [02/Nov/2014:19:04:45 -0500] "GET /BLA/resoluciones/RESOLUCIONES%202008/4429.pdf HTTP/1.1" 200 368469
157.55.39.107 - - [02/Nov/2014:19:04:46 -0500] "GET /BLA/resoluciones/RESOLUCIONES%202009/2007.pdf HTTP/1.1" 200 729076
157.55.39.107 - - [02/Nov/2014:19:04:46 -0500] "GET /BLA/resoluciones/RESOLUCIONES%202009/7478.pdf HTTP/1.1" 200 522961
157.55.39.107 - - [02/Nov/2014:19:04:47 -0500] "GET /BLA/resoluciones/AUTOS%202007/1721.pdf HTTP/1.1" 200 36868
157.55.39.107 - - [02/Nov/2014:19:04:47 -0500] "GET /BLA/resoluciones/Autos%202008/2019.pdf HTTP/1.1" 200 172424
157.55.39.107 - - [02/Nov/2014:19:04:48 -0500] "GET /BLA/resoluciones/RESOLUCIONES%202010/1111.pdf HTTP/1.1" 200 120574
157.55.39.107 - - [02/Nov/2014:19:04:48 -0500] "GET /BLA/resoluciones/RESOLUCIONES%202011/0197.pdf HTTP/1.1" 200 70025
157.55.39.107 - - [02/Nov/2014:19:04:48 -0500] "GET /BLA/resoluciones/AUTOS%202007/2024.pdf HTTP/1.1" 200 417226
74.86.158.107 - - [02/Nov/2014:19:04:55 -0500] "HEAD / HTTP/1.1" 302 -
66.249.64.171 - - [02/Nov/2014:19:05:04 -0500] "GET /BLA/resoluciones/AUTOS%202008/0956.pdf HTTP/1.1" 200 85700
152.61.128.66 - - [02/Nov/2014:19:05:14 -0500] "HEAD / HTTP/1.1" 302 -
152.61.128.66 - - [02/Nov/2014:19:05:14 -0500] "GET /arcgis/services/Calidad_del_Agua_WQI/MapServer/WMSServer?SERVICE=WMS&REQUEST=GetCapabilities HTTP/1.1" 200 32135
152.61.128.66 - - [02/Nov/2014:19:05:15 -0500] "GET /arcgis/services/Calidad_del_Agua_WQI/MapServer/WMSServer?SERVICE=WMS&REQUEST=GetCapabilities HTTP/1.0" 200 32135
152.61.128.66 - - [02/Nov/2014:19:05:16 -0500] "GET /arcgis/services/Calidad_del_Agua_WQI/MapServer/WMSServer?SERVICE=WMS&REQUEST=GetCapabilities HTTP/1.0" 200 32135
152.61.128.66 - - [02/Nov/2014:19:05:17 -0500] "GET /arcgis/services/Calidad_del_Agua_WQI/MapServer/WMSServer?SERVICE=WMS&REQUEST=GetCapabilities HTTP/1.0" 200 32135
152.61.128.66 - - [02/Nov/2014:19:05:18 -0500] "GET /arcgis/services/Calidad_del_Agua_WQI/MapServer/WMSServer?VERSION=1.1.1&REQUEST=GetMap&LAYERS=0&SRS=EPSG:4326&BBOX=-74.473395,3.674381,-73.963300,4.920569&WIDTH=250&HEIGHT=250&FORMAT=image/bmp&STYLES=& HTTP/1.1" 200 188054
66.249.64.167 - - [02/Nov/2014:19:05:23 -0500] "GET /BLA/resoluciones/AUTOS%202011/1420.pdf HTTP/1.1" 200 159137
190.158.7.219 - - [02/Nov/2014:18:59:34 -0500] "GET /ForestMSG_SDA/channelAsync/template_word_16787609?X-Atmosphere-tracking-id=a2b9fdc2-21e0-3ca1-a973-2a7a1d79c5b1&X-Atmosphere-Framework=1.0.5&X-Atmosphere-Transport=long-polling&tabid=0.09333831956610084&X-Cache-Date=0&Content-Type=application/xml&_=1414972845525 HTTP/1.1" 200 8193
66.249.64.47 - - [02/Nov/2014:19:05:35 -0500] "GET /htdocs/counter/digits/reflcts/ HTTP/1.1" 404 1019
