190.25.29.115 - - [02/Nov/2014:14:24:34 -0500] "GET /videos/Spot_Tinguas.flv HTTP/1.1" 200 2087054
66.249.64.163 - - [02/Nov/2014:14:24:35 -0500] "GET /BLA/resoluciones/RESOLUCIONES%202002/RES%202002%20751-800/2002RES786.tif HTTP/1.1" 200 78520
190.158.7.219 - - [02/Nov/2014:14:23:46 -0500] "POST /forest/actions/forms.sendFile HTTP/1.1" 200 120
188.165.15.23 - - [02/Nov/2014:14:24:45 -0500] "GET /BLA/resoluciones/RESOLUCIONES%202003/RES%202003%20251-300/256.tif HTTP/1.1" 200 169528
186.28.60.116 - - [02/Nov/2014:14:24:47 -0500] "GET /BLA/boletinlegal/js/jquery.js HTTP/1.1" 200 57254
186.28.60.116 - - [02/Nov/2014:14:24:47 -0500] "GET /BLA/boletinlegal/js/jquery.scrollTo-min.js HTTP/1.1" 200 1150
186.28.60.116 - - [02/Nov/2014:14:24:47 -0500] "GET /BLA/boletinlegal/js/jquery.scrollShow.js HTTP/1.1" 200 4586
74.86.158.107 - - [02/Nov/2014:14:24:56 -0500] "HEAD / HTTP/1.1" 302 -
66.249.64.47 - - [02/Nov/2014:14:24:57 -0500] "GET /Autoliquidacion/index.php?dir=TR%C1MITES%20ACEITES-RESIDUOS-ESTACIONES/aceites-ES/&sort=date&order=desc HTTP/1.1" 200 3333
190.158.7.219 - - [02/Nov/2014:14:24:54 -0500] "POST /forest/usutareas.do? HTTP/1.1" 200 76
186.85.79.140 - - [02/Nov/2014:14:25:12 -0500] "POST /forms/lservlet;jsessionid=ac16012b30d50d3b40748785454f96b1e78de83c2a58.e3iSbxaKaheRe34Sa3yKbhiTahb0n6jAmljGr5XDqQLvpAe HTTP/1.1" 200 2
190.158.7.219 - - [02/Nov/2014:14:25:19 -0500] "GET /forest/usutareas.do?group_system_actual=3&a=0.40826822398230433 HTTP/1.1" 200 150465
190.158.7.219 - - [02/Nov/2014:14:25:20 -0500] "GET /forest/skins/gdocs-jar/img/iconCallReport.png HTTP/1.1" 200 929
190.158.7.219 - - [02/Nov/2014:14:25:20 -0500] "GET /forest/session.jsp?a=0.1854363598395139 HTTP/1.1" 200 4
190.158.7.219 - - [02/Nov/2014:14:25:20 -0500] "GET /forest/actions/forms.getMappedValues?id=NUMTER45&value=899999061-9%20SDA&codForm=contec&a=0.5353405417408794 HTTP/1.1" 200 116
66.249.64.167 - - [02/Nov/2014:14:25:21 -0500] "GET /BLA/resoluciones/AUTOS%202009/1760.pdf HTTP/1.1" 200 188628
190.158.7.219 - - [02/Nov/2014:14:25:44 -0500] "GET /forest/actions/forms.getMappedValues?id=localidadvisita402&value=10&codForm=contec&a=0.30774731072597206 HTTP/1.1" 200 24
180.76.5.57 - - [02/Nov/2014:14:25:45 -0500] "GET /BLA/resoluciones/RESOLUCIONES%202009/0399.pdf HTTP/1.1" 200 251372
66.249.64.167 - - [02/Nov/2014:14:25:48 -0500] "GET /BLA/resoluciones/AUTOS%202010/6636.pdf HTTP/1.1" 200 155753
186.83.177.66 - - [02/Nov/2014:14:25:55 -0500] "GET /BLA/boletinlegal/js/jquery.js HTTP/1.1" 200 57254
186.83.177.66 - - [02/Nov/2014:14:25:55 -0500] "GET /BLA/boletinlegal/js/jquery.scrollTo-min.js HTTP/1.1" 200 1150
186.83.177.66 - - [02/Nov/2014:14:25:55 -0500] "GET /BLA/boletinlegal/js/jquery.scrollShow.js HTTP/1.1" 200 4586
186.83.177.66 - - [02/Nov/2014:14:25:55 -0500] "GET /galeria/carrusel/Carrusel/jquery.thumbnailScroller.css HTTP/1.1" 200 2066
186.83.177.66 - - [02/Nov/2014:14:25:55 -0500] "GET /galeria/carrusel/Carrusel/jquery-ui-1.8.13.custom.min.js HTTP/1.1" 200 10800
186.83.177.66 - - [02/Nov/2014:14:25:55 -0500] "GET /galeria/carrusel/Carrusel/jquery.thumbnailScroller.js HTTP/1.1" 200 8157
186.83.177.66 - - [02/Nov/2014:14:25:57 -0500] "GET /galeria/nivo-slider/demo/demo.html HTTP/1.1" 200 3492
66.249.64.171 - - [02/Nov/2014:14:25:57 -0500] "GET /BLA/resoluciones/AUTOS%202009/1727.pdf HTTP/1.1" 200 210672
186.83.177.66 - - [02/Nov/2014:14:25:58 -0500] "GET /galeria/nivo-slider/themes/orman/orman.css HTTP/1.1" 200 2152
186.83.177.66 - - [02/Nov/2014:14:25:58 -0500] "GET /galeria/nivo-slider/themes/pascal/pascal.css HTTP/1.1" 200 2258
186.83.177.66 - - [02/Nov/2014:14:25:58 -0500] "GET /galeria/nivo-slider/themes/default/default.css HTTP/1.1" 200 1569
186.83.177.66 - - [02/Nov/2014:14:25:58 -0500] "GET /galeria/nivo-slider/nivo-slider.css HTTP/1.1" 200 1507
186.83.177.66 - - [02/Nov/2014:14:25:58 -0500] "GET /galeria/nivo-slider/demo/style.css HTTP/1.1" 200 2222
186.83.177.66 - - [02/Nov/2014:14:25:58 -0500] "GET /galeria/nivo-slider/jquery.nivo.slider.pack.js HTTP/1.1" 200 11561
186.83.177.66 - - [02/Nov/2014:14:25:58 -0500] "GET /galeria/nivo-slider/demo/scripts/jquery-1.7.1.min.js HTTP/1.1" 200 93868
186.83.177.66 - - [02/Nov/2014:14:25:58 -0500] "GET /galeria/nivo-slider/demo/images/porloshumedales.jpg HTTP/1.1" 200 351238
186.83.177.66 - - [02/Nov/2014:14:25:58 -0500] "GET /galeria/nivo-slider/demo/images/Encuentro-Orqu%C3%ADdeas02.jpg HTTP/1.1" 200 85602
186.83.177.66 - - [02/Nov/2014:14:25:58 -0500] "GET /galeria/nivo-slider/demo/images/Encuentro-Orqu%C3%ADdeas01.jpg HTTP/1.1" 200 86179
186.83.177.66 - - [02/Nov/2014:14:25:58 -0500] "GET /galeria/nivo-slider/demo/images/banner-aceite3.jpg HTTP/1.1" 200 88347
186.83.177.66 - - [02/Nov/2014:14:25:58 -0500] "GET /galeria/nivo-slider/demo/images/Tingua-azul.jpg HTTP/1.1" 200 307638
186.83.177.66 - - [02/Nov/2014:14:25:58 -0500] "GET /galeria/nivo-slider/demo/images/9Signos.jpg HTTP/1.1" 200 93040
186.83.177.66 - - [02/Nov/2014:14:25:58 -0500] "GET /galeria/nivo-slider/demo/images/banner-redes.jpg HTTP/1.1" 200 62209
186.83.177.66 - - [02/Nov/2014:14:25:58 -0500] "GET /galeria/nivo-slider/demo/images/Banner-Caracol-Africano.jpg HTTP/1.1" 200 331986
186.83.177.66 - - [02/Nov/2014:14:25:58 -0500] "GET /galeria/nivo-slider/demo/images/banner-llantas2.jpg HTTP/1.1" 200 73153
186.83.177.66 - - [02/Nov/2014:14:25:58 -0500] "GET /galeria/nivo-slider/demo/images/banner-caballos.png HTTP/1.1" 200 389106
186.83.177.66 - - [02/Nov/2014:14:25:59 -0500] "GET /galeria/nivo-slider/demo/images/4Simple_Slider.png HTTP/1.1" 200 11722
186.83.177.66 - - [02/Nov/2014:14:25:59 -0500] "GET /galeria/nivo-slider/themes/default/loading.gif HTTP/1.1" 200 1737
186.83.177.66 - - [02/Nov/2014:14:25:58 -0500] "GET /galeria/nivo-slider/demo/images/Hacienda_Molinos.jpg HTTP/1.1" 200 319171
190.158.7.219 - - [02/Nov/2014:14:25:59 -0500] "GET /forest/actions/forms.getMappedValues?id=localidadvisita402&value=10&codForm=contec&a=0.4687293351162225 HTTP/1.1" 200 24
186.83.177.66 - - [02/Nov/2014:14:25:58 -0500] "GET /galeria/nivo-slider/demo/images/bannerEcolecta3.jpg HTTP/1.1" 200 280034
186.83.177.66 - - [02/Nov/2014:14:26:00 -0500] "GET /galeria/nivo-slider/themes/default/arrows.png HTTP/1.1" 200 824
186.83.177.66 - - [02/Nov/2014:14:26:01 -0500] "GET /galeria/nivo-slider/themes/default/bullets.png HTTP/1.1" 200 1281
188.165.15.23 - - [02/Nov/2014:14:26:09 -0500] "GET /BLA/resoluciones/RESOLUCIONES%202003/RES%202003%201401-1450/20031424.tif HTTP/1.1" 200 44766
186.85.79.140 - - [02/Nov/2014:14:26:14 -0500] "POST /forms/lservlet;jsessionid=ac16012b30d50d3b40748785454f96b1e78de83c2a58.e3iSbxaKaheRe34Sa3yKbhiTahb0n6jAmljGr5XDqQLvpAe HTTP/1.1" 200 71
186.85.79.140 - - [02/Nov/2014:14:26:15 -0500] "POST /forms/lservlet;jsessionid=ac16012b30d50d3b40748785454f96b1e78de83c2a58.e3iSbxaKaheRe34Sa3yKbhiTahb0n6jAmljGr5XDqQLvpAe HTTP/1.1" 200 2
186.85.79.140 - - [02/Nov/2014:14:26:15 -0500] "POST /forms/lservlet;jsessionid=ac16012b30d50d3b40748785454f96b1e78de83c2a58.e3iSbxaKaheRe34Sa3yKbhiTahb0n6jAmljGr5XDqQLvpAe HTTP/1.1" 200 2931
186.85.79.140 - - [02/Nov/2014:14:26:16 -0500] "POST /forms/lservlet;jsessionid=ac16012b30d50d3b40748785454f96b1e78de83c2a58.e3iSbxaKaheRe34Sa3yKbhiTahb0n6jAmljGr5XDqQLvpAe HTTP/1.1" 200 2
190.158.7.219 - - [02/Nov/2014:14:26:16 -0500] "GET /forest/actions/forms.getMappedValues?id=localidadvisita402&value=10&codForm=contec&a=0.9969087119679898 HTTP/1.1" 200 24
186.85.79.140 - - [02/Nov/2014:14:26:17 -0500] "POST /forms/lservlet;jsessionid=ac16012b30d50d3b40748785454f96b1e78de83c2a58.e3iSbxaKaheRe34Sa3yKbhiTahb0n6jAmljGr5XDqQLvpAe HTTP/1.1" 200 2
186.85.79.140 - - [02/Nov/2014:14:26:17 -0500] "POST /forms/lservlet;jsessionid=ac16012b30d50d3b40748785454f96b1e78de83c2a58.e3iSbxaKaheRe34Sa3yKbhiTahb0n6jAmljGr5XDqQLvpAe HTTP/1.1" 200 2906
186.85.79.140 - - [02/Nov/2014:14:26:18 -0500] "POST /forms/lservlet;jsessionid=ac16012b30d50d3b40748785454f96b1e78de83c2a58.e3iSbxaKaheRe34Sa3yKbhiTahb0n6jAmljGr5XDqQLvpAe HTTP/1.1" 200 2
186.85.79.140 - - [02/Nov/2014:14:26:19 -0500] "POST /forms/lservlet;jsessionid=ac16012b30d50d3b40748785454f96b1e78de83c2a58.e3iSbxaKaheRe34Sa3yKbhiTahb0n6jAmljGr5XDqQLvpAe HTTP/1.1" 200 2
186.85.79.140 - - [02/Nov/2014:14:26:19 -0500] "POST /forms/lservlet;jsessionid=ac16012b30d50d3b40748785454f96b1e78de83c2a58.e3iSbxaKaheRe34Sa3yKbhiTahb0n6jAmljGr5XDqQLvpAe HTTP/1.1" 200 2691
186.85.79.140 - - [02/Nov/2014:14:26:19 -0500] "POST /forms/lservlet;jsessionid=ac16012b30d50d3b40748785454f96b1e78de83c2a58.e3iSbxaKaheRe34Sa3yKbhiTahb0n6jAmljGr5XDqQLvpAe HTTP/1.1" 200 2
186.85.79.140 - - [02/Nov/2014:14:26:21 -0500] "POST /forms/lservlet;jsessionid=ac16012b30d50d3b40748785454f96b1e78de83c2a58.e3iSbxaKaheRe34Sa3yKbhiTahb0n6jAmljGr5XDqQLvpAe HTTP/1.1" 200 2
186.85.79.140 - - [02/Nov/2014:14:26:21 -0500] "POST /forms/lservlet;jsessionid=ac16012b30d50d3b40748785454f96b1e78de83c2a58.e3iSbxaKaheRe34Sa3yKbhiTahb0n6jAmljGr5XDqQLvpAe HTTP/1.1" 200 2263
186.85.79.140 - - [02/Nov/2014:14:26:21 -0500] "POST /forms/lservlet;jsessionid=ac16012b30d50d3b40748785454f96b1e78de83c2a58.e3iSbxaKaheRe34Sa3yKbhiTahb0n6jAmljGr5XDqQLvpAe HTTP/1.1" 200 2
186.85.79.140 - - [02/Nov/2014:14:26:26 -0500] "POST /forms/lservlet;jsessionid=ac16012b30d50d3b40748785454f96b1e78de83c2a58.e3iSbxaKaheRe34Sa3yKbhiTahb0n6jAmljGr5XDqQLvpAe HTTP/1.1" 200 71
186.85.79.140 - - [02/Nov/2014:14:26:26 -0500] "POST /forms/lservlet;jsessionid=ac16012b30d50d3b40748785454f96b1e78de83c2a58.e3iSbxaKaheRe34Sa3yKbhiTahb0n6jAmljGr5XDqQLvpAe HTTP/1.1" 200 8
186.85.79.140 - - [02/Nov/2014:14:26:26 -0500] "POST /forms/lservlet;jsessionid=ac16012b30d50d3b40748785454f96b1e78de83c2a58.e3iSbxaKaheRe34Sa3yKbhiTahb0n6jAmljGr5XDqQLvpAe HTTP/1.1" 200 2
190.158.7.219 - - [02/Nov/2014:14:26:21 -0500] "GET /forest/skins/gdocs-jar/popup/showReport.jsp?idr=524&proceso=2944823&__format=pdf&contec=1414955910001&_a=0.5294423406012356 HTTP/1.1" 200 1209654
190.158.7.219 - - [02/Nov/2014:14:26:28 -0500] "GET /favicon.ico HTTP/1.1" 200 7782
186.145.53.221 - - [02/Nov/2014:14:26:30 -0500] "GET /BLA/resoluciones/AUTOS%202007/3767.pdf HTTP/1.1" 200 99086
186.145.53.221 - - [02/Nov/2014:14:26:30 -0500] "GET /favicon.ico HTTP/1.1" 200 7782
66.249.64.167 - - [02/Nov/2014:14:26:33 -0500] "GET /BLA/resoluciones/AUTOS%202009/1590.pdf HTTP/1.1" 200 124513
186.85.79.140 - - [02/Nov/2014:14:26:53 -0500] "POST /forms/lservlet;jsessionid=ac16012b30d50d3b40748785454f96b1e78de83c2a58.e3iSbxaKaheRe34Sa3yKbhiTahb0n6jAmljGr5XDqQLvpAe HTTP/1.1" 200 63
186.85.79.140 - - [02/Nov/2014:14:26:54 -0500] "POST /forms/lservlet;jsessionid=ac16012b30d50d3b40748785454f96b1e78de83c2a58.e3iSbxaKaheRe34Sa3yKbhiTahb0n6jAmljGr5XDqQLvpAe HTTP/1.1" 200 2
186.85.79.140 - - [02/Nov/2014:14:26:55 -0500] "POST /forms/lservlet;jsessionid=ac16012b30d50d3b40748785454f96b1e78de83c2a58.e3iSbxaKaheRe34Sa3yKbhiTahb0n6jAmljGr5XDqQLvpAe HTTP/1.1" 200 2528
186.85.79.140 - - [02/Nov/2014:14:26:55 -0500] "POST /forms/lservlet;jsessionid=ac16012b30d50d3b40748785454f96b1e78de83c2a58.e3iSbxaKaheRe34Sa3yKbhiTahb0n6jAmljGr5XDqQLvpAe HTTP/1.1" 200 2
180.76.6.62 - - [02/Nov/2014:14:26:55 -0500] "GET /BLA/resoluciones/index.php?dir=RESOLUCIONES+2005%2FRES+2005+701-750%2F HTTP/1.1" 200 12247
186.85.79.140 - - [02/Nov/2014:14:26:59 -0500] "POST /forms/lservlet;jsessionid=ac16012b30d50d3b40748785454f96b1e78de83c2a58.e3iSbxaKaheRe34Sa3yKbhiTahb0n6jAmljGr5XDqQLvpAe HTTP/1.1" 200 99
186.85.79.140 - - [02/Nov/2014:14:27:00 -0500] "POST /forms/lservlet;jsessionid=ac16012b30d50d3b40748785454f96b1e78de83c2a58.e3iSbxaKaheRe34Sa3yKbhiTahb0n6jAmljGr5XDqQLvpAe HTTP/1.1" 200 43
186.85.79.140 - - [02/Nov/2014:14:27:00 -0500] "POST /forms/lservlet;jsessionid=ac16012b30d50d3b40748785454f96b1e78de83c2a58.e3iSbxaKaheRe34Sa3yKbhiTahb0n6jAmljGr5XDqQLvpAe HTTP/1.1" 200 8
186.85.79.140 - - [02/Nov/2014:14:27:00 -0500] "POST /forms/lservlet;jsessionid=ac16012b30d50d3b40748785454f96b1e78de83c2a58.e3iSbxaKaheRe34Sa3yKbhiTahb0n6jAmljGr5XDqQLvpAe HTTP/1.1" 200 2
188.165.15.205 - - [02/Nov/2014:14:27:05 -0500] "GET /BLA/resoluciones/RESOLUCIONES%202005/RES%202005%202051-2100/00002053.tif HTTP/1.1" 200 63270
186.144.24.196 - - [02/Nov/2014:14:27:07 -0500] "GET /BLA/boletinlegal/js/jquery.scrollTo-min.js HTTP/1.1" 200 1150
186.144.24.196 - - [02/Nov/2014:14:27:07 -0500] "GET /BLA/boletinlegal/js/jquery.js HTTP/1.1" 200 57254
186.144.24.196 - - [02/Nov/2014:14:27:07 -0500] "GET /BLA/boletinlegal/js/jquery.scrollShow.js HTTP/1.1" 200 4586
66.249.64.171 - - [02/Nov/2014:14:27:09 -0500] "GET /BLA/resoluciones/AUTOS%202009/1913.pdf HTTP/1.1" 200 81040
186.85.79.140 - - [02/Nov/2014:14:27:13 -0500] "POST /forms/lservlet;jsessionid=ac16012b30d50d3b40748785454f96b1e78de83c2a58.e3iSbxaKaheRe34Sa3yKbhiTahb0n6jAmljGr5XDqQLvpAe HTTP/1.1" 200 2
186.85.79.140 - - [02/Nov/2014:14:27:15 -0500] "POST /forms/lservlet;jsessionid=ac16012b30d50d3b40748785454f96b1e78de83c2a58.e3iSbxaKaheRe34Sa3yKbhiTahb0n6jAmljGr5XDqQLvpAe HTTP/1.1" 200 71
190.158.7.219 - - [02/Nov/2014:14:27:26 -0500] "GET /forest/skins/gdocs-jar/popup/showReport.jsp?idr=527&proceso=2944823&__format=pdf&contec=1414955910001&_a=0.6291709204670042 HTTP/1.1" 200 7290
186.29.179.13 - - [02/Nov/2014:14:27:29 -0500] "GET /videos/galeria-fotografica/index8.html? HTTP/1.1" 200 1971
180.76.5.192 - - [02/Nov/2014:14:27:30 -0500] "GET /BLA/resoluciones/RESOLUCIONES%202009/0357.pdf HTTP/1.1" 200 347189
66.249.64.171 - - [02/Nov/2014:14:27:45 -0500] "GET /BLA/resoluciones/AUTOS%202010/0167.pdf HTTP/1.1" 200 355868
186.85.79.140 - - [02/Nov/2014:14:27:52 -0500] "POST /forms/lservlet;jsessionid=ac16012b30d50d3b40748785454f96b1e78de83c2a58.e3iSbxaKaheRe34Sa3yKbhiTahb0n6jAmljGr5XDqQLvpAe HTTP/1.1" 200 66
186.85.79.140 - - [02/Nov/2014:14:27:53 -0500] "POST /forms/lservlet;jsessionid=ac16012b30d50d3b40748785454f96b1e78de83c2a58.e3iSbxaKaheRe34Sa3yKbhiTahb0n6jAmljGr5XDqQLvpAe HTTP/1.1" 200 2
186.85.79.140 - - [02/Nov/2014:14:27:53 -0500] "POST /forms/lservlet;jsessionid=ac16012b30d50d3b40748785454f96b1e78de83c2a58.e3iSbxaKaheRe34Sa3yKbhiTahb0n6jAmljGr5XDqQLvpAe HTTP/1.1" 200 2303
186.85.79.140 - - [02/Nov/2014:14:27:54 -0500] "POST /forms/lservlet;jsessionid=ac16012b30d50d3b40748785454f96b1e78de83c2a58.e3iSbxaKaheRe34Sa3yKbhiTahb0n6jAmljGr5XDqQLvpAe HTTP/1.1" 200 2
186.85.79.140 - - [02/Nov/2014:14:27:54 -0500] "POST /forms/lservlet;jsessionid=ac16012b30d50d3b40748785454f96b1e78de83c2a58.e3iSbxaKaheRe34Sa3yKbhiTahb0n6jAmljGr5XDqQLvpAe HTTP/1.1" 200 2
186.85.79.140 - - [02/Nov/2014:14:27:54 -0500] "POST /forms/lservlet;jsessionid=ac16012b30d50d3b40748785454f96b1e78de83c2a58.e3iSbxaKaheRe34Sa3yKbhiTahb0n6jAmljGr5XDqQLvpAe HTTP/1.1" 200 2514
186.85.79.140 - - [02/Nov/2014:14:27:55 -0500] "POST /forms/lservlet;jsessionid=ac16012b30d50d3b40748785454f96b1e78de83c2a58.e3iSbxaKaheRe34Sa3yKbhiTahb0n6jAmljGr5XDqQLvpAe HTTP/1.1" 200 2
186.85.79.140 - - [02/Nov/2014:14:27:56 -0500] "POST /forms/lservlet;jsessionid=ac16012b30d50d3b40748785454f96b1e78de83c2a58.e3iSbxaKaheRe34Sa3yKbhiTahb0n6jAmljGr5XDqQLvpAe HTTP/1.1" 200 2
186.85.79.140 - - [02/Nov/2014:14:27:56 -0500] "POST /forms/lservlet;jsessionid=ac16012b30d50d3b40748785454f96b1e78de83c2a58.e3iSbxaKaheRe34Sa3yKbhiTahb0n6jAmljGr5XDqQLvpAe HTTP/1.1" 200 2906
186.85.79.140 - - [02/Nov/2014:14:27:56 -0500] "POST /forms/lservlet;jsessionid=ac16012b30d50d3b40748785454f96b1e78de83c2a58.e3iSbxaKaheRe34Sa3yKbhiTahb0n6jAmljGr5XDqQLvpAe HTTP/1.1" 200 2
186.85.79.140 - - [02/Nov/2014:14:27:57 -0500] "POST /forms/lservlet;jsessionid=ac16012b30d50d3b40748785454f96b1e78de83c2a58.e3iSbxaKaheRe34Sa3yKbhiTahb0n6jAmljGr5XDqQLvpAe HTTP/1.1" 200 2
186.85.79.140 - - [02/Nov/2014:14:27:57 -0500] "POST /forms/lservlet;jsessionid=ac16012b30d50d3b40748785454f96b1e78de83c2a58.e3iSbxaKaheRe34Sa3yKbhiTahb0n6jAmljGr5XDqQLvpAe HTTP/1.1" 200 3025
186.85.79.140 - - [02/Nov/2014:14:27:58 -0500] "POST /forms/lservlet;jsessionid=ac16012b30d50d3b40748785454f96b1e78de83c2a58.e3iSbxaKaheRe34Sa3yKbhiTahb0n6jAmljGr5XDqQLvpAe HTTP/1.1" 200 2
186.85.79.140 - - [02/Nov/2014:14:27:58 -0500] "POST /forms/lservlet;jsessionid=ac16012b30d50d3b40748785454f96b1e78de83c2a58.e3iSbxaKaheRe34Sa3yKbhiTahb0n6jAmljGr5XDqQLvpAe HTTP/1.1" 200 2
186.85.79.140 - - [02/Nov/2014:14:27:58 -0500] "POST /forms/lservlet;jsessionid=ac16012b30d50d3b40748785454f96b1e78de83c2a58.e3iSbxaKaheRe34Sa3yKbhiTahb0n6jAmljGr5XDqQLvpAe HTTP/1.1" 200 2299
186.85.79.140 - - [02/Nov/2014:14:27:59 -0500] "POST /forms/lservlet;jsessionid=ac16012b30d50d3b40748785454f96b1e78de83c2a58.e3iSbxaKaheRe34Sa3yKbhiTahb0n6jAmljGr5XDqQLvpAe HTTP/1.1" 200 2
186.85.79.140 - - [02/Nov/2014:14:28:00 -0500] "POST /forms/lservlet;jsessionid=ac16012b30d50d3b40748785454f96b1e78de83c2a58.e3iSbxaKaheRe34Sa3yKbhiTahb0n6jAmljGr5XDqQLvpAe HTTP/1.1" 200 2
186.85.79.140 - - [02/Nov/2014:14:28:00 -0500] "POST /forms/lservlet;jsessionid=ac16012b30d50d3b40748785454f96b1e78de83c2a58.e3iSbxaKaheRe34Sa3yKbhiTahb0n6jAmljGr5XDqQLvpAe HTTP/1.1" 200 2042
186.85.79.140 - - [02/Nov/2014:14:28:01 -0500] "POST /forms/lservlet;jsessionid=ac16012b30d50d3b40748785454f96b1e78de83c2a58.e3iSbxaKaheRe34Sa3yKbhiTahb0n6jAmljGr5XDqQLvpAe HTTP/1.1" 200 2
186.85.79.140 - - [02/Nov/2014:14:28:05 -0500] "POST /forms/lservlet;jsessionid=ac16012b30d50d3b40748785454f96b1e78de83c2a58.e3iSbxaKaheRe34Sa3yKbhiTahb0n6jAmljGr5XDqQLvpAe HTTP/1.1" 200 71
186.85.79.140 - - [02/Nov/2014:14:28:05 -0500] "POST /forms/lservlet;jsessionid=ac16012b30d50d3b40748785454f96b1e78de83c2a58.e3iSbxaKaheRe34Sa3yKbhiTahb0n6jAmljGr5XDqQLvpAe HTTP/1.1" 200 8
186.85.79.140 - - [02/Nov/2014:14:28:05 -0500] "POST /forms/lservlet;jsessionid=ac16012b30d50d3b40748785454f96b1e78de83c2a58.e3iSbxaKaheRe34Sa3yKbhiTahb0n6jAmljGr5XDqQLvpAe HTTP/1.1" 200 2
188.165.15.23 - - [02/Nov/2014:14:28:17 -0500] "GET /BLA/resoluciones/RESOLUCIONES%202002/RES%202002%201301-1350/20021307.tif HTTP/1.1" 200 77932
66.249.64.163 - - [02/Nov/2014:14:28:21 -0500] "GET /BLA/resoluciones/AUTOS%202009/2087.pdf HTTP/1.1" 200 97599
186.85.79.140 - - [02/Nov/2014:14:28:41 -0500] "POST /forms/lservlet;jsessionid=ac16012b30d50d3b40748785454f96b1e78de83c2a58.e3iSbxaKaheRe34Sa3yKbhiTahb0n6jAmljGr5XDqQLvpAe HTTP/1.1" 200 94
180.76.5.176 - - [02/Nov/2014:14:28:37 -0500] "GET /videos/Reportaje-2.flv HTTP/1.1" 200 47790720
186.85.79.140 - - [02/Nov/2014:14:28:45 -0500] "POST /forms/lservlet;jsessionid=ac16012b30d50d3b40748785454f96b1e78de83c2a58.e3iSbxaKaheRe34Sa3yKbhiTahb0n6jAmljGr5XDqQLvpAe HTTP/1.1" 200 66
186.85.79.140 - - [02/Nov/2014:14:28:46 -0500] "POST /forms/lservlet;jsessionid=ac16012b30d50d3b40748785454f96b1e78de83c2a58.e3iSbxaKaheRe34Sa3yKbhiTahb0n6jAmljGr5XDqQLvpAe HTTP/1.1" 200 2
186.85.79.140 - - [02/Nov/2014:14:28:46 -0500] "POST /forms/lservlet;jsessionid=ac16012b30d50d3b40748785454f96b1e78de83c2a58.e3iSbxaKaheRe34Sa3yKbhiTahb0n6jAmljGr5XDqQLvpAe HTTP/1.1" 200 2015
186.85.79.140 - - [02/Nov/2014:14:28:47 -0500] "POST /forms/lservlet;jsessionid=ac16012b30d50d3b40748785454f96b1e78de83c2a58.e3iSbxaKaheRe34Sa3yKbhiTahb0n6jAmljGr5XDqQLvpAe HTTP/1.1" 200 2
66.249.64.171 - - [02/Nov/2014:14:28:51 -0500] "GET /BLA/resoluciones/RESOLUCIONES%202011/6224.pdf HTTP/1.1" 200 1064678
186.85.79.140 - - [02/Nov/2014:14:28:53 -0500] "POST /forms/lservlet;jsessionid=ac16012b30d50d3b40748785454f96b1e78de83c2a58.e3iSbxaKaheRe34Sa3yKbhiTahb0n6jAmljGr5XDqQLvpAe HTTP/1.1" 200 2
186.85.79.140 - - [02/Nov/2014:14:28:53 -0500] "POST /forms/lservlet;jsessionid=ac16012b30d50d3b40748785454f96b1e78de83c2a58.e3iSbxaKaheRe34Sa3yKbhiTahb0n6jAmljGr5XDqQLvpAe HTTP/1.1" 200 2010
186.85.79.140 - - [02/Nov/2014:14:28:53 -0500] "POST /forms/lservlet;jsessionid=ac16012b30d50d3b40748785454f96b1e78de83c2a58.e3iSbxaKaheRe34Sa3yKbhiTahb0n6jAmljGr5XDqQLvpAe HTTP/1.1" 200 2
186.85.79.140 - - [02/Nov/2014:14:28:54 -0500] "POST /forms/lservlet;jsessionid=ac16012b30d50d3b40748785454f96b1e78de83c2a58.e3iSbxaKaheRe34Sa3yKbhiTahb0n6jAmljGr5XDqQLvpAe HTTP/1.1" 200 2
186.85.79.140 - - [02/Nov/2014:14:28:54 -0500] "POST /forms/lservlet;jsessionid=ac16012b30d50d3b40748785454f96b1e78de83c2a58.e3iSbxaKaheRe34Sa3yKbhiTahb0n6jAmljGr5XDqQLvpAe HTTP/1.1" 200 2015
186.85.79.140 - - [02/Nov/2014:14:28:55 -0500] "POST /forms/lservlet;jsessionid=ac16012b30d50d3b40748785454f96b1e78de83c2a58.e3iSbxaKaheRe34Sa3yKbhiTahb0n6jAmljGr5XDqQLvpAe HTTP/1.1" 200 2
186.85.79.140 - - [02/Nov/2014:14:28:55 -0500] "POST /forms/lservlet;jsessionid=ac16012b30d50d3b40748785454f96b1e78de83c2a58.e3iSbxaKaheRe34Sa3yKbhiTahb0n6jAmljGr5XDqQLvpAe HTTP/1.1" 200 2
186.85.79.140 - - [02/Nov/2014:14:28:55 -0500] "POST /forms/lservlet;jsessionid=ac16012b30d50d3b40748785454f96b1e78de83c2a58.e3iSbxaKaheRe34Sa3yKbhiTahb0n6jAmljGr5XDqQLvpAe HTTP/1.1" 200 2633
186.85.79.140 - - [02/Nov/2014:14:28:56 -0500] "POST /forms/lservlet;jsessionid=ac16012b30d50d3b40748785454f96b1e78de83c2a58.e3iSbxaKaheRe34Sa3yKbhiTahb0n6jAmljGr5XDqQLvpAe HTTP/1.1" 200 2
66.249.64.167 - - [02/Nov/2014:14:28:57 -0500] "GET /BLA/resoluciones/AUTOS%202009/3145.pdf HTTP/1.1" 200 133989
186.85.79.140 - - [02/Nov/2014:14:29:01 -0500] "POST /forms/lservlet;jsessionid=ac16012b30d50d3b40748785454f96b1e78de83c2a58.e3iSbxaKaheRe34Sa3yKbhiTahb0n6jAmljGr5XDqQLvpAe HTTP/1.1" 200 71
186.85.79.140 - - [02/Nov/2014:14:29:01 -0500] "POST /forms/lservlet;jsessionid=ac16012b30d50d3b40748785454f96b1e78de83c2a58.e3iSbxaKaheRe34Sa3yKbhiTahb0n6jAmljGr5XDqQLvpAe HTTP/1.1" 200 8
186.85.79.140 - - [02/Nov/2014:14:29:01 -0500] "POST /forms/lservlet;jsessionid=ac16012b30d50d3b40748785454f96b1e78de83c2a58.e3iSbxaKaheRe34Sa3yKbhiTahb0n6jAmljGr5XDqQLvpAe HTTP/1.1" 200 2
190.158.7.219 - - [02/Nov/2014:14:23:04 -0500] "GET /ForestMSG_SDA/channelAsync/template_word_16792680?X-Atmosphere-tracking-id=435d7216-671e-842d-accd-7987ad556217&X-Atmosphere-Framework=1.0.5&X-Atmosphere-Transport=long-polling&tabid=0.46019250713288784&X-Cache-Date=0&Content-Type=application/xml&_=1414956254737 HTTP/1.1" 200 8193
186.85.79.140 - - [02/Nov/2014:14:29:13 -0500] "POST /forms/lservlet;jsessionid=ac16012b30d50d3b40748785454f96b1e78de83c2a58.e3iSbxaKaheRe34Sa3yKbhiTahb0n6jAmljGr5XDqQLvpAe HTTP/1.1" 200 2
180.76.6.154 - - [02/Nov/2014:14:29:28 -0500] "GET /BLA/resoluciones/RESOLUCIONES%202009/1417.pdf HTTP/1.1" 200 408190
66.249.64.163 - - [02/Nov/2014:14:29:32 -0500] "GET /BLA/resoluciones/AUTOS%202007/0993.pdf HTTP/1.1" 200 25011
74.86.158.107 - - [02/Nov/2014:14:29:56 -0500] "HEAD / HTTP/1.1" 302 -
186.112.220.8 - - [02/Nov/2014:14:30:02 -0500] "GET /BLA/boletinlegal/images/screen_3.png HTTP/1.1" 200 211853
186.112.220.8 - - [02/Nov/2014:14:30:06 -0500] "GET /BLA/boletinlegal/images/screen_3.png HTTP/1.1" 206 1
186.112.220.8 - - [02/Nov/2014:14:30:06 -0500] "GET /BLA/boletinlegal/images/screen_3.png HTTP/1.1" 206 43859
66.249.64.167 - - [02/Nov/2014:14:30:09 -0500] "GET /BLA/resoluciones/AUTOS%202012/1750.pdf HTTP/1.1" 200 291727
190.158.7.219 - - [02/Nov/2014:14:30:21 -0500] "GET /forest/session.jsp?a=0.8915254194289446 HTTP/1.1" 200 4
66.249.64.171 - - [02/Nov/2014:14:30:45 -0500] "GET /BLA/resoluciones/AUTOS%202009/2440.pdf HTTP/1.1" 200 100208
186.85.79.140 - - [02/Nov/2014:14:30:57 -0500] "POST /forms/lservlet;jsessionid=ac16012b30d50d3b40748785454f96b1e78de83c2a58.e3iSbxaKaheRe34Sa3yKbhiTahb0n6jAmljGr5XDqQLvpAe HTTP/1.1" 200 63
186.85.79.140 - - [02/Nov/2014:14:30:58 -0500] "POST /forms/lservlet;jsessionid=ac16012b30d50d3b40748785454f96b1e78de83c2a58.e3iSbxaKaheRe34Sa3yKbhiTahb0n6jAmljGr5XDqQLvpAe HTTP/1.1" 200 2
186.85.79.140 - - [02/Nov/2014:14:30:59 -0500] "POST /forms/lservlet;jsessionid=ac16012b30d50d3b40748785454f96b1e78de83c2a58.e3iSbxaKaheRe34Sa3yKbhiTahb0n6jAmljGr5XDqQLvpAe HTTP/1.1" 200 3582
186.85.79.140 - - [02/Nov/2014:14:30:59 -0500] "POST /forms/lservlet;jsessionid=ac16012b30d50d3b40748785454f96b1e78de83c2a58.e3iSbxaKaheRe34Sa3yKbhiTahb0n6jAmljGr5XDqQLvpAe HTTP/1.1" 200 2
180.76.6.63 - - [02/Nov/2014:14:31:00 -0500] "GET /BLA/resoluciones/RESOLUCIONES%202009/1876.pdf HTTP/1.1" 200 347808
186.85.79.140 - - [02/Nov/2014:14:31:04 -0500] "POST /forms/lservlet;jsessionid=ac16012b30d50d3b40748785454f96b1e78de83c2a58.e3iSbxaKaheRe34Sa3yKbhiTahb0n6jAmljGr5XDqQLvpAe HTTP/1.1" 200 2
186.85.79.140 - - [02/Nov/2014:14:31:04 -0500] "POST /forms/lservlet;jsessionid=ac16012b30d50d3b40748785454f96b1e78de83c2a58.e3iSbxaKaheRe34Sa3yKbhiTahb0n6jAmljGr5XDqQLvpAe HTTP/1.1" 200 2808
186.85.79.140 - - [02/Nov/2014:14:31:05 -0500] "POST /forms/lservlet;jsessionid=ac16012b30d50d3b40748785454f96b1e78de83c2a58.e3iSbxaKaheRe34Sa3yKbhiTahb0n6jAmljGr5XDqQLvpAe HTTP/1.1" 200 2
186.85.79.140 - - [02/Nov/2014:14:31:05 -0500] "POST /forms/lservlet;jsessionid=ac16012b30d50d3b40748785454f96b1e78de83c2a58.e3iSbxaKaheRe34Sa3yKbhiTahb0n6jAmljGr5XDqQLvpAe HTTP/1.1" 200 2
186.85.79.140 - - [02/Nov/2014:14:31:05 -0500] "POST /forms/lservlet;jsessionid=ac16012b30d50d3b40748785454f96b1e78de83c2a58.e3iSbxaKaheRe34Sa3yKbhiTahb0n6jAmljGr5XDqQLvpAe HTTP/1.1" 200 2848
186.85.79.140 - - [02/Nov/2014:14:31:06 -0500] "POST /forms/lservlet;jsessionid=ac16012b30d50d3b40748785454f96b1e78de83c2a58.e3iSbxaKaheRe34Sa3yKbhiTahb0n6jAmljGr5XDqQLvpAe HTTP/1.1" 200 2
186.85.79.140 - - [02/Nov/2014:14:31:12 -0500] "POST /forms/lservlet;jsessionid=ac16012b30d50d3b40748785454f96b1e78de83c2a58.e3iSbxaKaheRe34Sa3yKbhiTahb0n6jAmljGr5XDqQLvpAe HTTP/1.1" 200 71
186.85.79.140 - - [02/Nov/2014:14:31:12 -0500] "POST /forms/lservlet;jsessionid=ac16012b30d50d3b40748785454f96b1e78de83c2a58.e3iSbxaKaheRe34Sa3yKbhiTahb0n6jAmljGr5XDqQLvpAe HTTP/1.1" 200 8
186.85.79.140 - - [02/Nov/2014:14:31:12 -0500] "POST /forms/lservlet;jsessionid=ac16012b30d50d3b40748785454f96b1e78de83c2a58.e3iSbxaKaheRe34Sa3yKbhiTahb0n6jAmljGr5XDqQLvpAe HTTP/1.1" 200 2
186.85.79.140 - - [02/Nov/2014:14:31:13 -0500] "POST /forms/lservlet;jsessionid=ac16012b30d50d3b40748785454f96b1e78de83c2a58.e3iSbxaKaheRe34Sa3yKbhiTahb0n6jAmljGr5XDqQLvpAe HTTP/1.1" 200 2
186.29.179.13 - - [02/Nov/2014:14:31:13 -0500] "GET /galeria/mapa/humedal.html? HTTP/1.1" 200 10966
186.29.179.13 - - [02/Nov/2014:14:31:14 -0500] "GET /galeria/mapa/3MapaBogot%C3%A1.jpg HTTP/1.1" 200 688183
186.29.179.13 - - [02/Nov/2014:14:31:14 -0500] "GET /galeria/mapa/TORCA12.jpg HTTP/1.1" 200 24337
186.29.179.13 - - [02/Nov/2014:14:31:14 -0500] "GET /galeria/mapa/Guaymaral12.jpg HTTP/1.1" 200 53686
186.29.179.13 - - [02/Nov/2014:14:31:14 -0500] "GET /galeria/mapa/CONEJERA12.jpg HTTP/1.1" 200 21841
186.29.179.13 - - [02/Nov/2014:14:31:14 -0500] "GET /galeria/mapa/CORDOBA12.jpg HTTP/1.1" 200 23380
186.29.179.13 - - [02/Nov/2014:14:31:14 -0500] "GET /galeria/mapa/JUANAMARILLO12.jpg HTTP/1.1" 200 21131
186.29.179.13 - - [02/Nov/2014:14:31:15 -0500] "GET /galeria/mapa/SANTAMARIA22.jpg HTTP/1.1" 200 22321
186.29.179.13 - - [02/Nov/2014:14:31:15 -0500] "GET /galeria/mapa/JABOQUE12.jpg HTTP/1.1" 200 21815
186.29.179.13 - - [02/Nov/2014:14:31:15 -0500] "GET /galeria/mapa/capellania12.jpg HTTP/1.1" 200 22811
186.29.179.13 - - [02/Nov/2014:14:31:15 -0500] "GET /galeria/mapa/MEANDRO12.jpg HTTP/1.1" 200 22732
186.29.179.13 - - [02/Nov/2014:14:31:15 -0500] "GET /galeria/mapa/TECHO12.jpg HTTP/1.1" 200 27716
186.29.179.13 - - [02/Nov/2014:14:31:15 -0500] "GET /galeria/mapa/BURRO12.jpg HTTP/1.1" 200 24169
186.29.179.13 - - [02/Nov/2014:14:31:15 -0500] "GET /galeria/mapa/VACA12.jpg HTTP/1.1" 200 22491
186.29.179.13 - - [02/Nov/2014:14:31:15 -0500] "GET /galeria/mapa/TIBANICA12.jpg HTTP/1.1" 200 23039
186.29.179.13 - - [02/Nov/2014:14:31:15 -0500] "GET /galeria/mapa/Aula-Soratama.jpg HTTP/1.1" 200 51270
186.29.179.13 - - [02/Nov/2014:14:31:15 -0500] "GET /galeria/mapa/Aula-Nevados.jpg HTTP/1.1" 200 64761
186.29.179.13 - - [02/Nov/2014:14:31:15 -0500] "GET /galeria/mapa/Montana-Entrenubes.jpg HTTP/1.1" 200 42011
186.29.179.13 - - [02/Nov/2014:14:31:15 -0500] "GET /galeria/mapa/aulaSantaM.jpg HTTP/1.1" 200 69216
66.249.64.163 - - [02/Nov/2014:14:31:21 -0500] "GET /BLA/resoluciones/AUTOS%202010/4870.pdf HTTP/1.1" 200 322667
66.249.64.167 - - [02/Nov/2014:14:31:24 -0500] "GET /BLA/resoluciones/RESOLUCIONES%202013/0548.pdf HTTP/1.1" 304 -
188.165.15.75 - - [02/Nov/2014:14:31:28 -0500] "GET /BLA/resoluciones/RESOLUCIONES%202006/RES%202006%20%202801-2850/00002822.tif HTTP/1.1" 200 79664
188.165.15.162 - - [02/Nov/2014:14:31:38 -0500] "GET /manual_funciones_Listado/2.%20Subsecretar%C3%ADa%20General%20y%20de%20Control%20Disciplinario/?C=N;O=A HTTP/1.1" 404 1018
66.249.64.167 - - [02/Nov/2014:14:31:57 -0500] "GET /BLA/resoluciones/AUTOS%202009/2725.pdf HTTP/1.1" 200 74677
186.85.79.140 - - [02/Nov/2014:14:32:07 -0500] "POST /forms/lservlet;jsessionid=ac16012b30d50d3b40748785454f96b1e78de83c2a58.e3iSbxaKaheRe34Sa3yKbhiTahb0n6jAmljGr5XDqQLvpAe HTTP/1.1" 200 63
186.85.79.140 - - [02/Nov/2014:14:32:08 -0500] "POST /forms/lservlet;jsessionid=ac16012b30d50d3b40748785454f96b1e78de83c2a58.e3iSbxaKaheRe34Sa3yKbhiTahb0n6jAmljGr5XDqQLvpAe HTTP/1.1" 200 2
186.85.79.140 - - [02/Nov/2014:14:32:08 -0500] "POST /forms/lservlet;jsessionid=ac16012b30d50d3b40748785454f96b1e78de83c2a58.e3iSbxaKaheRe34Sa3yKbhiTahb0n6jAmljGr5XDqQLvpAe HTTP/1.1" 200 2634
186.85.79.140 - - [02/Nov/2014:14:32:09 -0500] "POST /forms/lservlet;jsessionid=ac16012b30d50d3b40748785454f96b1e78de83c2a58.e3iSbxaKaheRe34Sa3yKbhiTahb0n6jAmljGr5XDqQLvpAe HTTP/1.1" 200 2
186.85.79.140 - - [02/Nov/2014:14:32:10 -0500] "POST /forms/lservlet;jsessionid=ac16012b30d50d3b40748785454f96b1e78de83c2a58.e3iSbxaKaheRe34Sa3yKbhiTahb0n6jAmljGr5XDqQLvpAe HTTP/1.1" 200 2
190.151.202.126 - - [02/Nov/2014:14:32:10 -0500] "GET /BLA/boletinlegal/js/jquery.js HTTP/1.1" 200 57254
190.151.202.126 - - [02/Nov/2014:14:32:10 -0500] "GET /BLA/boletinlegal/js/jquery.scrollTo-min.js HTTP/1.1" 200 1150
186.85.79.140 - - [02/Nov/2014:14:32:10 -0500] "POST /forms/lservlet;jsessionid=ac16012b30d50d3b40748785454f96b1e78de83c2a58.e3iSbxaKaheRe34Sa3yKbhiTahb0n6jAmljGr5XDqQLvpAe HTTP/1.1" 200 2984
186.85.79.140 - - [02/Nov/2014:14:32:11 -0500] "POST /forms/lservlet;jsessionid=ac16012b30d50d3b40748785454f96b1e78de83c2a58.e3iSbxaKaheRe34Sa3yKbhiTahb0n6jAmljGr5XDqQLvpAe HTTP/1.1" 200 2
190.151.202.126 - - [02/Nov/2014:14:32:11 -0500] "GET /BLA/boletinlegal/js/jquery.scrollShow.js HTTP/1.1" 200 4586
188.165.15.126 - - [02/Nov/2014:14:32:14 -0500] "GET /BLA/resoluciones/RESOLUCIONES%202002/RES%202002%201401-1450/20021403.tif HTTP/1.1" 200 119262
186.85.79.140 - - [02/Nov/2014:14:32:17 -0500] "POST /forms/lservlet;jsessionid=ac16012b30d50d3b40748785454f96b1e78de83c2a58.e3iSbxaKaheRe34Sa3yKbhiTahb0n6jAmljGr5XDqQLvpAe HTTP/1.1" 200 46
186.85.79.140 - - [02/Nov/2014:14:32:17 -0500] "POST /forms/lservlet;jsessionid=ac16012b30d50d3b40748785454f96b1e78de83c2a58.e3iSbxaKaheRe34Sa3yKbhiTahb0n6jAmljGr5XDqQLvpAe HTTP/1.1" 200 8
186.85.79.140 - - [02/Nov/2014:14:32:17 -0500] "POST /forms/lservlet;jsessionid=ac16012b30d50d3b40748785454f96b1e78de83c2a58.e3iSbxaKaheRe34Sa3yKbhiTahb0n6jAmljGr5XDqQLvpAe HTTP/1.1" 200 2
66.249.64.167 - - [02/Nov/2014:14:32:33 -0500] "GET /BLA/resoluciones/AUTOS%202009/1644.pdf HTTP/1.1" 200 99633
66.249.64.167 - - [02/Nov/2014:14:33:09 -0500] "GET /BLA/resoluciones/AUTOS%202009/3169.pdf HTTP/1.1" 200 134061
186.85.79.140 - - [02/Nov/2014:14:33:13 -0500] "POST /forms/lservlet;jsessionid=ac16012b30d50d3b40748785454f96b1e78de83c2a58.e3iSbxaKaheRe34Sa3yKbhiTahb0n6jAmljGr5XDqQLvpAe HTTP/1.1" 200 2
66.249.64.163 - - [02/Nov/2014:14:33:16 -0500] "GET /BLA/resoluciones/RESOLUCIONES%202009/5535.pdf HTTP/1.1" 304 -
186.85.79.140 - - [02/Nov/2014:14:33:18 -0500] "POST /forms/lservlet;jsessionid=ac16012b30d50d3b40748785454f96b1e78de83c2a58.e3iSbxaKaheRe34Sa3yKbhiTahb0n6jAmljGr5XDqQLvpAe HTTP/1.1" 200 63
186.85.79.140 - - [02/Nov/2014:14:33:19 -0500] "POST /forms/lservlet;jsessionid=ac16012b30d50d3b40748785454f96b1e78de83c2a58.e3iSbxaKaheRe34Sa3yKbhiTahb0n6jAmljGr5XDqQLvpAe HTTP/1.1" 200 2
186.85.79.140 - - [02/Nov/2014:14:33:19 -0500] "POST /forms/lservlet;jsessionid=ac16012b30d50d3b40748785454f96b1e78de83c2a58.e3iSbxaKaheRe34Sa3yKbhiTahb0n6jAmljGr5XDqQLvpAe HTTP/1.1" 200 2563
186.85.79.140 - - [02/Nov/2014:14:33:20 -0500] "POST /forms/lservlet;jsessionid=ac16012b30d50d3b40748785454f96b1e78de83c2a58.e3iSbxaKaheRe34Sa3yKbhiTahb0n6jAmljGr5XDqQLvpAe HTTP/1.1" 200 2
186.85.79.140 - - [02/Nov/2014:14:33:22 -0500] "POST /forms/lservlet;jsessionid=ac16012b30d50d3b40748785454f96b1e78de83c2a58.e3iSbxaKaheRe34Sa3yKbhiTahb0n6jAmljGr5XDqQLvpAe HTTP/1.1" 200 2
186.85.79.140 - - [02/Nov/2014:14:33:23 -0500] "POST /forms/lservlet;jsessionid=ac16012b30d50d3b40748785454f96b1e78de83c2a58.e3iSbxaKaheRe34Sa3yKbhiTahb0n6jAmljGr5XDqQLvpAe HTTP/1.1" 200 2111
186.85.79.140 - - [02/Nov/2014:14:33:23 -0500] "POST /forms/lservlet;jsessionid=ac16012b30d50d3b40748785454f96b1e78de83c2a58.e3iSbxaKaheRe34Sa3yKbhiTahb0n6jAmljGr5XDqQLvpAe HTTP/1.1" 200 2
186.85.79.140 - - [02/Nov/2014:14:33:24 -0500] "POST /forms/lservlet;jsessionid=ac16012b30d50d3b40748785454f96b1e78de83c2a58.e3iSbxaKaheRe34Sa3yKbhiTahb0n6jAmljGr5XDqQLvpAe HTTP/1.1" 200 2
186.85.79.140 - - [02/Nov/2014:14:33:24 -0500] "POST /forms/lservlet;jsessionid=ac16012b30d50d3b40748785454f96b1e78de83c2a58.e3iSbxaKaheRe34Sa3yKbhiTahb0n6jAmljGr5XDqQLvpAe HTTP/1.1" 200 2104
186.85.79.140 - - [02/Nov/2014:14:33:24 -0500] "POST /forms/lservlet;jsessionid=ac16012b30d50d3b40748785454f96b1e78de83c2a58.e3iSbxaKaheRe34Sa3yKbhiTahb0n6jAmljGr5XDqQLvpAe HTTP/1.1" 200 2
186.85.79.140 - - [02/Nov/2014:14:33:25 -0500] "POST /forms/lservlet;jsessionid=ac16012b30d50d3b40748785454f96b1e78de83c2a58.e3iSbxaKaheRe34Sa3yKbhiTahb0n6jAmljGr5XDqQLvpAe HTTP/1.1" 200 2
186.85.79.140 - - [02/Nov/2014:14:33:25 -0500] "POST /forms/lservlet;jsessionid=ac16012b30d50d3b40748785454f96b1e78de83c2a58.e3iSbxaKaheRe34Sa3yKbhiTahb0n6jAmljGr5XDqQLvpAe HTTP/1.1" 200 2857
186.85.79.140 - - [02/Nov/2014:14:33:26 -0500] "POST /forms/lservlet;jsessionid=ac16012b30d50d3b40748785454f96b1e78de83c2a58.e3iSbxaKaheRe34Sa3yKbhiTahb0n6jAmljGr5XDqQLvpAe HTTP/1.1" 200 2
186.85.79.140 - - [02/Nov/2014:14:33:29 -0500] "POST /forms/lservlet;jsessionid=ac16012b30d50d3b40748785454f96b1e78de83c2a58.e3iSbxaKaheRe34Sa3yKbhiTahb0n6jAmljGr5XDqQLvpAe HTTP/1.1" 200 2
186.85.79.140 - - [02/Nov/2014:14:33:29 -0500] "POST /forms/lservlet;jsessionid=ac16012b30d50d3b40748785454f96b1e78de83c2a58.e3iSbxaKaheRe34Sa3yKbhiTahb0n6jAmljGr5XDqQLvpAe HTTP/1.1" 200 2504
186.85.79.140 - - [02/Nov/2014:14:33:30 -0500] "POST /forms/lservlet;jsessionid=ac16012b30d50d3b40748785454f96b1e78de83c2a58.e3iSbxaKaheRe34Sa3yKbhiTahb0n6jAmljGr5XDqQLvpAe HTTP/1.1" 200 2
186.85.79.140 - - [02/Nov/2014:14:33:31 -0500] "POST /forms/lservlet;jsessionid=ac16012b30d50d3b40748785454f96b1e78de83c2a58.e3iSbxaKaheRe34Sa3yKbhiTahb0n6jAmljGr5XDqQLvpAe HTTP/1.1" 200 2
186.85.79.140 - - [02/Nov/2014:14:33:31 -0500] "POST /forms/lservlet;jsessionid=ac16012b30d50d3b40748785454f96b1e78de83c2a58.e3iSbxaKaheRe34Sa3yKbhiTahb0n6jAmljGr5XDqQLvpAe HTTP/1.1" 200 2938
186.85.79.140 - - [02/Nov/2014:14:33:32 -0500] "POST /forms/lservlet;jsessionid=ac16012b30d50d3b40748785454f96b1e78de83c2a58.e3iSbxaKaheRe34Sa3yKbhiTahb0n6jAmljGr5XDqQLvpAe HTTP/1.1" 200 2
186.85.79.140 - - [02/Nov/2014:14:33:32 -0500] "POST /forms/lservlet;jsessionid=ac16012b30d50d3b40748785454f96b1e78de83c2a58.e3iSbxaKaheRe34Sa3yKbhiTahb0n6jAmljGr5XDqQLvpAe HTTP/1.1" 200 2
186.85.79.140 - - [02/Nov/2014:14:33:33 -0500] "POST /forms/lservlet;jsessionid=ac16012b30d50d3b40748785454f96b1e78de83c2a58.e3iSbxaKaheRe34Sa3yKbhiTahb0n6jAmljGr5XDqQLvpAe HTTP/1.1" 200 3035
186.85.79.140 - - [02/Nov/2014:14:33:33 -0500] "POST /forms/lservlet;jsessionid=ac16012b30d50d3b40748785454f96b1e78de83c2a58.e3iSbxaKaheRe34Sa3yKbhiTahb0n6jAmljGr5XDqQLvpAe HTTP/1.1" 200 2
186.85.79.140 - - [02/Nov/2014:14:33:37 -0500] "POST /forms/lservlet;jsessionid=ac16012b30d50d3b40748785454f96b1e78de83c2a58.e3iSbxaKaheRe34Sa3yKbhiTahb0n6jAmljGr5XDqQLvpAe HTTP/1.1" 200 2
186.85.79.140 - - [02/Nov/2014:14:33:37 -0500] "POST /forms/lservlet;jsessionid=ac16012b30d50d3b40748785454f96b1e78de83c2a58.e3iSbxaKaheRe34Sa3yKbhiTahb0n6jAmljGr5XDqQLvpAe HTTP/1.1" 200 2844
186.85.79.140 - - [02/Nov/2014:14:33:37 -0500] "POST /forms/lservlet;jsessionid=ac16012b30d50d3b40748785454f96b1e78de83c2a58.e3iSbxaKaheRe34Sa3yKbhiTahb0n6jAmljGr5XDqQLvpAe HTTP/1.1" 200 2
186.85.79.140 - - [02/Nov/2014:14:33:38 -0500] "POST /forms/lservlet;jsessionid=ac16012b30d50d3b40748785454f96b1e78de83c2a58.e3iSbxaKaheRe34Sa3yKbhiTahb0n6jAmljGr5XDqQLvpAe HTTP/1.1" 200 2
186.85.79.140 - - [02/Nov/2014:14:33:38 -0500] "POST /forms/lservlet;jsessionid=ac16012b30d50d3b40748785454f96b1e78de83c2a58.e3iSbxaKaheRe34Sa3yKbhiTahb0n6jAmljGr5XDqQLvpAe HTTP/1.1" 200 2468
186.85.79.140 - - [02/Nov/2014:14:33:39 -0500] "POST /forms/lservlet;jsessionid=ac16012b30d50d3b40748785454f96b1e78de83c2a58.e3iSbxaKaheRe34Sa3yKbhiTahb0n6jAmljGr5XDqQLvpAe HTTP/1.1" 200 2
186.85.79.140 - - [02/Nov/2014:14:33:40 -0500] "POST /forms/lservlet;jsessionid=ac16012b30d50d3b40748785454f96b1e78de83c2a58.e3iSbxaKaheRe34Sa3yKbhiTahb0n6jAmljGr5XDqQLvpAe HTTP/1.1" 200 2
186.85.79.140 - - [02/Nov/2014:14:33:40 -0500] "POST /forms/lservlet;jsessionid=ac16012b30d50d3b40748785454f96b1e78de83c2a58.e3iSbxaKaheRe34Sa3yKbhiTahb0n6jAmljGr5XDqQLvpAe HTTP/1.1" 200 2957
186.85.79.140 - - [02/Nov/2014:14:33:40 -0500] "POST /forms/lservlet;jsessionid=ac16012b30d50d3b40748785454f96b1e78de83c2a58.e3iSbxaKaheRe34Sa3yKbhiTahb0n6jAmljGr5XDqQLvpAe HTTP/1.1" 200 2
66.249.64.171 - - [02/Nov/2014:14:33:45 -0500] "GET /BLA/resoluciones/AUTOS%202009/3152.pdf HTTP/1.1" 200 132529
186.85.79.140 - - [02/Nov/2014:14:33:48 -0500] "POST /forms/lservlet;jsessionid=ac16012b30d50d3b40748785454f96b1e78de83c2a58.e3iSbxaKaheRe34Sa3yKbhiTahb0n6jAmljGr5XDqQLvpAe HTTP/1.1" 200 71
186.85.79.140 - - [02/Nov/2014:14:33:49 -0500] "POST /forms/lservlet;jsessionid=ac16012b30d50d3b40748785454f96b1e78de83c2a58.e3iSbxaKaheRe34Sa3yKbhiTahb0n6jAmljGr5XDqQLvpAe HTTP/1.1" 200 8
186.85.79.140 - - [02/Nov/2014:14:33:49 -0500] "POST /forms/lservlet;jsessionid=ac16012b30d50d3b40748785454f96b1e78de83c2a58.e3iSbxaKaheRe34Sa3yKbhiTahb0n6jAmljGr5XDqQLvpAe HTTP/1.1" 200 2
190.158.7.219 - - [02/Nov/2014:14:33:52 -0500] "GET /forest/actions/forms.getMappedValues?id=localidadvisita402&value=10&codForm=contec&a=0.016658524749800563 HTTP/1.1" 200 24
188.165.15.183 - - [02/Nov/2014:14:33:53 -0500] "GET /dama/libreria/php/decide.php?patron=03.1305020113&numm=40 HTTP/1.1" 404 1019
188.165.15.13 - - [02/Nov/2014:14:34:13 -0500] "GET /BLA/resoluciones/RESOLUCIONES%202003/RES%202003%201951-2000/00001984.tif HTTP/1.1" 200 67048
157.55.39.144 - - [02/Nov/2014:14:34:14 -0500] "GET /dama/libreria/php/decide.php?patron=02. HTTP/1.1" 404 1015
189.154.75.94 - - [02/Nov/2014:14:34:15 -0500] "GET /BLA/boletinlegal/js/jquery.js HTTP/1.1" 200 57254
189.154.75.94 - - [02/Nov/2014:14:34:15 -0500] "GET /BLA/boletinlegal/js/jquery.scrollShow.js HTTP/1.1" 200 4586
189.154.75.94 - - [02/Nov/2014:14:34:15 -0500] "GET /BLA/boletinlegal/js/jquery.scrollTo-min.js HTTP/1.1" 200 1150
66.249.64.163 - - [02/Nov/2014:14:34:21 -0500] "GET /BLA/resoluciones/RESOLUCIONES%202009/1212.pdf HTTP/1.1" 200 417462
190.158.7.219 - - [02/Nov/2014:14:33:56 -0500] "GET /forest/skins/gdocs-jar/popup/showReport.jsp?idr=524&proceso=2944823&__format=pdf&contec=1414955910002&_a=0.44540658965706825 HTTP/1.1" 200 5647314
74.86.158.107 - - [02/Nov/2014:14:34:56 -0500] "HEAD / HTTP/1.1" 302 -
66.249.64.171 - - [02/Nov/2014:14:34:57 -0500] "GET /BLA/resoluciones/RESOLUCIONES%202009/2649.pdf HTTP/1.1" 200 517460
200.81.44.229 - - [02/Nov/2014:14:35:01 -0500] "GET /BLA/boletinlegal/js/jquery.js HTTP/1.1" 200 57254
200.81.44.229 - - [02/Nov/2014:14:35:01 -0500] "GET /BLA/boletinlegal/js/jquery.scrollTo-min.js HTTP/1.1" 200 1150
200.81.44.229 - - [02/Nov/2014:14:35:01 -0500] "GET /BLA/boletinlegal/js/jquery.scrollShow.js HTTP/1.1" 200 4586
186.85.79.140 - - [02/Nov/2014:14:35:04 -0500] "POST /forms/lservlet;jsessionid=ac16012b30d50d3b40748785454f96b1e78de83c2a58.e3iSbxaKaheRe34Sa3yKbhiTahb0n6jAmljGr5XDqQLvpAe HTTP/1.1" 200 63
186.85.79.140 - - [02/Nov/2014:14:35:06 -0500] "POST /forms/lservlet;jsessionid=ac16012b30d50d3b40748785454f96b1e78de83c2a58.e3iSbxaKaheRe34Sa3yKbhiTahb0n6jAmljGr5XDqQLvpAe HTTP/1.1" 200 2
186.85.79.140 - - [02/Nov/2014:14:35:06 -0500] "POST /forms/lservlet;jsessionid=ac16012b30d50d3b40748785454f96b1e78de83c2a58.e3iSbxaKaheRe34Sa3yKbhiTahb0n6jAmljGr5XDqQLvpAe HTTP/1.1" 200 2223
186.85.79.140 - - [02/Nov/2014:14:35:07 -0500] "POST /forms/lservlet;jsessionid=ac16012b30d50d3b40748785454f96b1e78de83c2a58.e3iSbxaKaheRe34Sa3yKbhiTahb0n6jAmljGr5XDqQLvpAe HTTP/1.1" 200 2
66.249.64.167 - - [02/Nov/2014:14:35:07 -0500] "GET /BLA/resoluciones/RESOLUCIONES%202011/2888.pdf HTTP/1.1" 304 -
186.85.79.140 - - [02/Nov/2014:14:35:08 -0500] "POST /forms/lservlet;jsessionid=ac16012b30d50d3b40748785454f96b1e78de83c2a58.e3iSbxaKaheRe34Sa3yKbhiTahb0n6jAmljGr5XDqQLvpAe HTTP/1.1" 200 2
186.85.79.140 - - [02/Nov/2014:14:35:08 -0500] "POST /forms/lservlet;jsessionid=ac16012b30d50d3b40748785454f96b1e78de83c2a58.e3iSbxaKaheRe34Sa3yKbhiTahb0n6jAmljGr5XDqQLvpAe HTTP/1.1" 200 3065
186.85.79.140 - - [02/Nov/2014:14:35:09 -0500] "POST /forms/lservlet;jsessionid=ac16012b30d50d3b40748785454f96b1e78de83c2a58.e3iSbxaKaheRe34Sa3yKbhiTahb0n6jAmljGr5XDqQLvpAe HTTP/1.1" 200 2
186.85.79.140 - - [02/Nov/2014:14:35:10 -0500] "POST /forms/lservlet;jsessionid=ac16012b30d50d3b40748785454f96b1e78de83c2a58.e3iSbxaKaheRe34Sa3yKbhiTahb0n6jAmljGr5XDqQLvpAe HTTP/1.1" 200 2
186.85.79.140 - - [02/Nov/2014:14:35:10 -0500] "POST /forms/lservlet;jsessionid=ac16012b30d50d3b40748785454f96b1e78de83c2a58.e3iSbxaKaheRe34Sa3yKbhiTahb0n6jAmljGr5XDqQLvpAe HTTP/1.1" 200 2427
186.85.79.140 - - [02/Nov/2014:14:35:11 -0500] "POST /forms/lservlet;jsessionid=ac16012b30d50d3b40748785454f96b1e78de83c2a58.e3iSbxaKaheRe34Sa3yKbhiTahb0n6jAmljGr5XDqQLvpAe HTTP/1.1" 200 2
186.85.79.140 - - [02/Nov/2014:14:35:11 -0500] "POST /forms/lservlet;jsessionid=ac16012b30d50d3b40748785454f96b1e78de83c2a58.e3iSbxaKaheRe34Sa3yKbhiTahb0n6jAmljGr5XDqQLvpAe HTTP/1.1" 200 2
186.85.79.140 - - [02/Nov/2014:14:35:11 -0500] "POST /forms/lservlet;jsessionid=ac16012b30d50d3b40748785454f96b1e78de83c2a58.e3iSbxaKaheRe34Sa3yKbhiTahb0n6jAmljGr5XDqQLvpAe HTTP/1.1" 200 2923
186.85.79.140 - - [02/Nov/2014:14:35:12 -0500] "POST /forms/lservlet;jsessionid=ac16012b30d50d3b40748785454f96b1e78de83c2a58.e3iSbxaKaheRe34Sa3yKbhiTahb0n6jAmljGr5XDqQLvpAe HTTP/1.1" 200 2
186.85.51.182 - - [02/Nov/2014:14:35:13 -0500] "GET /galeria/carrusel/Carrusel/jquery.thumbnailScroller.css HTTP/1.1" 200 2066
186.85.51.182 - - [02/Nov/2014:14:35:13 -0500] "GET /galeria/carrusel/Carrusel/jquery-ui-1.8.13.custom.min.js HTTP/1.1" 200 10800
186.85.51.182 - - [02/Nov/2014:14:35:13 -0500] "GET /galeria/carrusel/Carrusel/jquery.thumbnailScroller.js HTTP/1.1" 200 8157
186.85.51.182 - - [02/Nov/2014:14:35:13 -0500] "GET /BLA/boletinlegal/js/jquery.scrollTo-min.js HTTP/1.1" 200 1150
186.85.51.182 - - [02/Nov/2014:14:35:13 -0500] "GET /BLA/boletinlegal/js/jquery.js HTTP/1.1" 200 57254
186.85.51.182 - - [02/Nov/2014:14:35:13 -0500] "GET /BLA/boletinlegal/js/jquery.scrollShow.js HTTP/1.1" 200 4586
186.85.79.140 - - [02/Nov/2014:14:35:13 -0500] "POST /forms/lservlet;jsessionid=ac16012b30d50d3b40748785454f96b1e78de83c2a58.e3iSbxaKaheRe34Sa3yKbhiTahb0n6jAmljGr5XDqQLvpAe HTTP/1.1" 200 2
186.85.79.140 - - [02/Nov/2014:14:35:14 -0500] "POST /forms/lservlet;jsessionid=ac16012b30d50d3b40748785454f96b1e78de83c2a58.e3iSbxaKaheRe34Sa3yKbhiTahb0n6jAmljGr5XDqQLvpAe HTTP/1.1" 200 2
186.85.79.140 - - [02/Nov/2014:14:35:14 -0500] "POST /forms/lservlet;jsessionid=ac16012b30d50d3b40748785454f96b1e78de83c2a58.e3iSbxaKaheRe34Sa3yKbhiTahb0n6jAmljGr5XDqQLvpAe HTTP/1.1" 200 3025
186.85.79.140 - - [02/Nov/2014:14:35:15 -0500] "POST /forms/lservlet;jsessionid=ac16012b30d50d3b40748785454f96b1e78de83c2a58.e3iSbxaKaheRe34Sa3yKbhiTahb0n6jAmljGr5XDqQLvpAe HTTP/1.1" 200 2
186.85.79.140 - - [02/Nov/2014:14:35:15 -0500] "POST /forms/lservlet;jsessionid=ac16012b30d50d3b40748785454f96b1e78de83c2a58.e3iSbxaKaheRe34Sa3yKbhiTahb0n6jAmljGr5XDqQLvpAe HTTP/1.1" 200 2
186.85.79.140 - - [02/Nov/2014:14:35:16 -0500] "POST /forms/lservlet;jsessionid=ac16012b30d50d3b40748785454f96b1e78de83c2a58.e3iSbxaKaheRe34Sa3yKbhiTahb0n6jAmljGr5XDqQLvpAe HTTP/1.1" 200 2519
186.85.51.182 - - [02/Nov/2014:14:35:16 -0500] "GET /galeria/nivo-slider/demo/demo.html HTTP/1.1" 200 3492
186.85.79.140 - - [02/Nov/2014:14:35:16 -0500] "POST /forms/lservlet;jsessionid=ac16012b30d50d3b40748785454f96b1e78de83c2a58.e3iSbxaKaheRe34Sa3yKbhiTahb0n6jAmljGr5XDqQLvpAe HTTP/1.1" 200 2
186.85.51.182 - - [02/Nov/2014:14:35:17 -0500] "GET /galeria/nivo-slider/themes/default/default.css HTTP/1.1" 200 1569
186.85.51.182 - - [02/Nov/2014:14:35:17 -0500] "GET /galeria/nivo-slider/nivo-slider.css HTTP/1.1" 200 1507
186.85.51.182 - - [02/Nov/2014:14:35:17 -0500] "GET /galeria/nivo-slider/themes/orman/orman.css HTTP/1.1" 200 2152
186.85.51.182 - - [02/Nov/2014:14:35:17 -0500] "GET /galeria/nivo-slider/demo/style.css HTTP/1.1" 200 2222
186.85.51.182 - - [02/Nov/2014:14:35:17 -0500] "GET /galeria/nivo-slider/themes/pascal/pascal.css HTTP/1.1" 200 2258
186.85.79.140 - - [02/Nov/2014:14:35:17 -0500] "POST /forms/lservlet;jsessionid=ac16012b30d50d3b40748785454f96b1e78de83c2a58.e3iSbxaKaheRe34Sa3yKbhiTahb0n6jAmljGr5XDqQLvpAe HTTP/1.1" 200 2
186.85.51.182 - - [02/Nov/2014:14:35:18 -0500] "GET /galeria/nivo-slider/demo/scripts/jquery-1.7.1.min.js HTTP/1.1" 200 93868
186.85.51.182 - - [02/Nov/2014:14:35:18 -0500] "GET /galeria/nivo-slider/jquery.nivo.slider.pack.js HTTP/1.1" 200 11561
186.85.79.140 - - [02/Nov/2014:14:35:17 -0500] "POST /forms/lservlet;jsessionid=ac16012b30d50d3b40748785454f96b1e78de83c2a58.e3iSbxaKaheRe34Sa3yKbhiTahb0n6jAmljGr5XDqQLvpAe HTTP/1.1" 200 2877
186.85.79.140 - - [02/Nov/2014:14:35:18 -0500] "POST /forms/lservlet;jsessionid=ac16012b30d50d3b40748785454f96b1e78de83c2a58.e3iSbxaKaheRe34Sa3yKbhiTahb0n6jAmljGr5XDqQLvpAe HTTP/1.1" 200 2
186.85.51.182 - - [02/Nov/2014:14:35:18 -0500] "GET /galeria/nivo-slider/demo/images/4Simple_Slider.png HTTP/1.1" 200 11722
186.85.51.182 - - [02/Nov/2014:14:35:18 -0500] "GET /galeria/nivo-slider/themes/default/loading.gif HTTP/1.1" 200 1737
186.85.51.182 - - [02/Nov/2014:14:35:20 -0500] "GET /galeria/nivo-slider/demo/images/Encuentro-Orqu%C3%ADdeas01.jpg HTTP/1.1" 200 86179
186.85.51.182 - - [02/Nov/2014:14:35:20 -0500] "GET /galeria/nivo-slider/demo/images/Encuentro-Orqu%C3%ADdeas02.jpg HTTP/1.1" 200 85602
186.85.51.182 - - [02/Nov/2014:14:35:21 -0500] "GET /galeria/nivo-slider/demo/images/porloshumedales.jpg HTTP/1.1" 200 351238
186.85.51.182 - - [02/Nov/2014:14:35:21 -0500] "GET /galeria/nivo-slider/demo/images/banner-aceite3.jpg HTTP/1.1" 200 88347
186.85.51.182 - - [02/Nov/2014:14:35:22 -0500] "GET /galeria/nivo-slider/demo/images/Tingua-azul.jpg HTTP/1.1" 200 307638
190.158.7.219 - - [02/Nov/2014:14:35:22 -0500] "GET /forest/session.jsp?a=0.8729075745213777 HTTP/1.1" 200 4
186.85.51.182 - - [02/Nov/2014:14:35:23 -0500] "GET /galeria/nivo-slider/demo/images/Banner-Caracol-Africano.jpg HTTP/1.1" 200 331986
186.85.79.140 - - [02/Nov/2014:14:35:26 -0500] "POST /forms/lservlet;jsessionid=ac16012b30d50d3b40748785454f96b1e78de83c2a58.e3iSbxaKaheRe34Sa3yKbhiTahb0n6jAmljGr5XDqQLvpAe HTTP/1.1" 200 71
186.85.79.140 - - [02/Nov/2014:14:35:27 -0500] "POST /forms/lservlet;jsessionid=ac16012b30d50d3b40748785454f96b1e78de83c2a58.e3iSbxaKaheRe34Sa3yKbhiTahb0n6jAmljGr5XDqQLvpAe HTTP/1.1" 200 8
186.85.79.140 - - [02/Nov/2014:14:35:27 -0500] "POST /forms/lservlet;jsessionid=ac16012b30d50d3b40748785454f96b1e78de83c2a58.e3iSbxaKaheRe34Sa3yKbhiTahb0n6jAmljGr5XDqQLvpAe HTTP/1.1" 200 2
186.85.51.182 - - [02/Nov/2014:14:35:28 -0500] "GET /galeria/nivo-slider/demo/images/banner-redes.jpg HTTP/1.1" 200 62209
181.50.91.147 - - [02/Nov/2014:14:35:28 -0500] "GET /BLA/boletinlegal/js/jquery.scrollTo-min.js HTTP/1.1" 200 1150
181.50.91.147 - - [02/Nov/2014:14:35:28 -0500] "GET /BLA/boletinlegal/js/jquery.js HTTP/1.1" 200 57254
181.50.91.147 - - [02/Nov/2014:14:35:28 -0500] "GET /BLA/boletinlegal/js/jquery.scrollShow.js HTTP/1.1" 200 4586
181.50.91.147 - - [02/Nov/2014:14:35:29 -0500] "GET /galeria/carrusel/Carrusel/jquery.thumbnailScroller.css HTTP/1.1" 200 2066
181.50.91.147 - - [02/Nov/2014:14:35:29 -0500] "GET /galeria/carrusel/Carrusel/jquery-ui-1.8.13.custom.min.js HTTP/1.1" 200 10800
181.50.91.147 - - [02/Nov/2014:14:35:29 -0500] "GET /galeria/carrusel/Carrusel/jquery.thumbnailScroller.js HTTP/1.1" 200 8157
186.85.51.182 - - [02/Nov/2014:14:35:30 -0500] "GET /galeria/nivo-slider/demo/images/9Signos.jpg HTTP/1.1" 200 93040
186.85.51.182 - - [02/Nov/2014:14:35:30 -0500] "GET /galeria/nivo-slider/demo/images/banner-llantas2.jpg HTTP/1.1" 200 73153
181.50.91.147 - - [02/Nov/2014:14:35:31 -0500] "GET /galeria/nivo-slider/demo/demo.html HTTP/1.1" 200 3492
181.50.91.147 - - [02/Nov/2014:14:35:32 -0500] "GET /galeria/nivo-slider/themes/pascal/pascal.css HTTP/1.1" 200 2258
181.50.91.147 - - [02/Nov/2014:14:35:32 -0500] "GET /galeria/nivo-slider/themes/default/default.css HTTP/1.1" 200 1569
181.50.91.147 - - [02/Nov/2014:14:35:32 -0500] "GET /galeria/nivo-slider/themes/orman/orman.css HTTP/1.1" 200 2152
181.50.91.147 - - [02/Nov/2014:14:35:32 -0500] "GET /galeria/nivo-slider/nivo-slider.css HTTP/1.1" 200 1507
181.50.91.147 - - [02/Nov/2014:14:35:32 -0500] "GET /galeria/nivo-slider/demo/scripts/jquery-1.7.1.min.js HTTP/1.1" 200 93868
181.50.91.147 - - [02/Nov/2014:14:35:32 -0500] "GET /galeria/nivo-slider/jquery.nivo.slider.pack.js HTTP/1.1" 200 11561
181.50.91.147 - - [02/Nov/2014:14:35:32 -0500] "GET /galeria/nivo-slider/demo/style.css HTTP/1.1" 200 2222
181.50.91.147 - - [02/Nov/2014:14:35:32 -0500] "GET /galeria/nivo-slider/demo/images/Encuentro-Orqu%C3%ADdeas01.jpg HTTP/1.1" 200 86179
181.50.91.147 - - [02/Nov/2014:14:35:32 -0500] "GET /galeria/nivo-slider/demo/images/Encuentro-Orqu%C3%ADdeas02.jpg HTTP/1.1" 200 85602
181.50.91.147 - - [02/Nov/2014:14:35:32 -0500] "GET /galeria/nivo-slider/demo/images/porloshumedales.jpg HTTP/1.1" 200 351238
186.85.51.182 - - [02/Nov/2014:14:35:32 -0500] "GET /galeria/nivo-slider/demo/images/banner-caballos.png HTTP/1.1" 200 389106
181.50.91.147 - - [02/Nov/2014:14:35:32 -0500] "GET /galeria/nivo-slider/demo/images/banner-aceite3.jpg HTTP/1.1" 200 88347
