181.48.237.66 - - [13/Nov/2014:07:56:56 -0500] "GET /BLA/boletinlegal/js/jquery.scrollShow.js HTTP/1.1" 304 -
181.48.237.66 - - [13/Nov/2014:07:56:56 -0500] "GET /BLA/boletinlegal/js/jquery.js HTTP/1.1" 304 -
181.48.237.66 - - [13/Nov/2014:07:56:56 -0500] "GET /galeria/nivo-slider/demo/demo.html HTTP/1.1" 200 3537
181.48.237.66 - - [13/Nov/2014:07:56:57 -0500] "GET /galeria/nivo-slider/themes/default/default.css HTTP/1.1" 200 1569
181.48.237.66 - - [13/Nov/2014:07:56:57 -0500] "GET /galeria/nivo-slider/themes/pascal/pascal.css HTTP/1.1" 200 2258
181.48.237.66 - - [13/Nov/2014:07:56:57 -0500] "GET /galeria/nivo-slider/demo/style.css HTTP/1.1" 200 2222
181.48.237.66 - - [13/Nov/2014:07:56:57 -0500] "GET /galeria/nivo-slider/themes/orman/orman.css HTTP/1.1" 200 2152
181.48.237.66 - - [13/Nov/2014:07:56:57 -0500] "GET /galeria/nivo-slider/nivo-slider.css HTTP/1.1" 200 1507
181.48.237.66 - - [13/Nov/2014:07:56:57 -0500] "GET /galeria/nivo-slider/demo/images/ForoNacionalAmbiental.jpg HTTP/1.1" 200 202541
181.48.237.66 - - [13/Nov/2014:07:56:57 -0500] "GET /galeria/nivo-slider/demo/images/porloshumedales.jpg HTTP/1.1" 200 351238
181.48.237.66 - - [13/Nov/2014:07:56:57 -0500] "GET /galeria/nivo-slider/demo/images/Banner-comparendo.jpg HTTP/1.1" 200 388762
181.48.237.66 - - [13/Nov/2014:07:56:57 -0500] "GET /galeria/nivo-slider/demo/images/Banner-Ecourbanismo.jpg HTTP/1.1" 200 189838
181.48.237.66 - - [13/Nov/2014:07:56:57 -0500] "GET /galeria/nivo-slider/demo/images/Banner-Caracol-Africano.jpg HTTP/1.1" 200 331986
181.48.237.66 - - [13/Nov/2014:07:56:57 -0500] "GET /galeria/nivo-slider/demo/images/Tingua-azul.jpg HTTP/1.1" 200 307638
181.48.237.66 - - [13/Nov/2014:07:56:58 -0500] "GET /galeria/nivo-slider/demo/images/banner-redes.jpg HTTP/1.1" 200 62209
181.48.237.66 - - [13/Nov/2014:07:56:58 -0500] "GET /galeria/nivo-slider/demo/images/9Signos.jpg HTTP/1.1" 200 93040
181.48.237.66 - - [13/Nov/2014:07:56:58 -0500] "GET /galeria/nivo-slider/demo/images/banner-caballos.png HTTP/1.1" 200 389106
181.48.237.66 - - [13/Nov/2014:07:56:59 -0500] "GET /galeria/nivo-slider/demo/images/Hacienda_Molinos.jpg HTTP/1.1" 200 319171
181.48.237.66 - - [13/Nov/2014:07:56:59 -0500] "GET /galeria/nivo-slider/demo/images/bannerEcolecta3.jpg HTTP/1.1" 200 280034
181.48.237.66 - - [13/Nov/2014:07:56:59 -0500] "GET /galeria/nivo-slider/demo/scripts/jquery-1.7.1.min.js HTTP/1.1" 200 93868
181.48.237.66 - - [13/Nov/2014:07:57:00 -0500] "GET /galeria/nivo-slider/jquery.nivo.slider.pack.js HTTP/1.1" 200 11561
181.48.237.66 - - [13/Nov/2014:07:57:01 -0500] "GET /galeria/nivo-slider/demo/images/banner-aceite3.jpg HTTP/1.1" 200 88347
181.48.237.66 - - [13/Nov/2014:07:57:01 -0500] "GET /galeria/nivo-slider/demo/images/4Simple_Slider.png HTTP/1.1" 200 11722
181.48.237.66 - - [13/Nov/2014:07:57:01 -0500] "GET /galeria/nivo-slider/themes/default/loading.gif HTTP/1.1" 200 1737
181.48.237.66 - - [13/Nov/2014:07:57:02 -0500] "GET /videos/Spot_CambioClimatico.flv HTTP/1.1" 200 4371917
66.249.64.43 - - [13/Nov/2014:07:57:07 -0500] "GET / HTTP/1.1" 302 -
201.216.35.98 - - [13/Nov/2014:07:57:18 -0500] "GET /BLA/boletinlegal/js/jquery.js HTTP/1.1" 200 57254
201.216.35.98 - - [13/Nov/2014:07:57:18 -0500] "GET /BLA/boletinlegal/js/jquery.scrollShow.js HTTP/1.1" 200 4586
201.216.35.98 - - [13/Nov/2014:07:57:18 -0500] "GET /BLA/boletinlegal/js/jquery.scrollTo-min.js HTTP/1.1" 200 1150
201.245.192.253 - - [13/Nov/2014:07:57:19 -0500] "GET /plugins/like.php?action=like&app_id=552484368099345&channel=http%3A%2F%2Fstatic.ak.facebook.com%2Fconnect%2Fxd_arbiter%2FQjK2hWv6uak.js%3Fversion%3D41%23cb%3Df2f6224d3e27af4%26domain%3Ddiarioadn.co%26origin%3Dhttp%253A%252F%252Fdiarioadn.co%252Ff764ad86b0895%26relation%3Dparent.parent&href=https%3A%2F%2Fwww.facebook.com%2Fdiarioadn&layout=button_count&locale=es_LA&sdk=joey&share=false&show_faces=true HTTP/1.1" 404 1420
201.245.192.253 - - [13/Nov/2014:07:57:19 -0500] "GET /plugins/like.php?action=recommend&app_id=552484368099345&channel=http%3A%2F%2Fstatic.ak.facebook.com%2Fconnect%2Fxd_arbiter%2FQjK2hWv6uak.js%3Fversion%3D41%23cb%3Df1b5ac4209b29a%26domain%3Ddiarioadn.co%26origin%3Dhttp%253A%252F%252Fdiarioadn.co%252Ff764ad86b0895%26relation%3Dparent.parent&href=http%3A%2F%2Fdiarioadn.co%2Fbogot%25C3%25A1%2Fmi-ciudad%2Fejecuci%25C3%25B3n-del-presupuesto-de-bogot%25C3%25A1-1.132687&locale=es_LA&sdk=joey&send=true&show_faces=true&width=450 HTTP/1.1" 404 1420
200.75.35.88 - - [13/Nov/2014:07:57:19 -0500] "-" 408 -
201.216.35.98 - - [13/Nov/2014:07:57:22 -0500] "GET /hidrico/aguas%20subterraneas/ HTTP/1.1" 404 1296
200.75.35.88 - - [13/Nov/2014:07:57:23 -0500] "-" 408 -
201.245.192.253 - - [13/Nov/2014:07:57:26 -0500] "GET /plugins/like.php?action=recommend&app_id=325166517495464&channel=http%3A%2F%2Fstatic.ak.facebook.com%2Fconnect%2Fxd_arbiter%2FQjK2hWv6uak.js%3Fversion%3D41%23cb%3Df3b6861e8c5af5c%26domain%3Dwww.publimetro.co%26origin%3Dhttp%253A%252F%252Fwww.publimetro.co%252Ff2d10482edaf134%26relation%3Dparent.parent&href=http%3A%2F%2Fwww.publimetro.co%2Flo-ultimo%2Frecicladores-marcharon-a-favor-de-basura-cero%2Flmknkm!PRvNqviBOCNSs%2F&layout=button_count&locale=es_ES&sdk=joey&send=false&show_faces=true&width=44 HTTP/1.1" 404 1408
201.245.192.253 - - [13/Nov/2014:07:57:26 -0500] "GET /plugins/like_box.php?app_id=325166517495464&channel=http%3A%2F%2Fstatic.ak.facebook.com%2Fconnect%2Fxd_arbiter%2FQjK2hWv6uak.js%3Fversion%3D41%23cb%3Df291979bfca4c82%26domain%3Dwww.publimetro.co%26origin%3Dhttp%253A%252F%252Fwww.publimetro.co%252Ff2d10482edaf134%26relation%3Dparent.parent&color_scheme=light&header=false&href=http%3A%2F%2Fwww.facebook.com%2FPublimetro-Colombia&locale=es_ES&sdk=joey&show_border=false&show_faces=true&stream=true&width=298 HTTP/1.1" 404 1408
200.75.35.88 - - [13/Nov/2014:07:57:31 -0500] "-" 408 -
200.75.35.88 - - [13/Nov/2014:07:57:35 -0500] "-" 408 -
190.29.136.201 - - [13/Nov/2014:07:57:41 -0500] "GET /BLA/resoluciones/RESOLUCIONES%202013/1135.pdf HTTP/1.1" 200 3363416
190.29.136.201 - - [13/Nov/2014:07:57:43 -0500] "GET /BLA/resoluciones/RESOLUCIONES%202013/1135.pdf HTTP/1.1" 206 32768
190.29.136.201 - - [13/Nov/2014:07:57:44 -0500] "GET /BLA/resoluciones/RESOLUCIONES%202013/1135.pdf HTTP/1.1" 206 3330648
191.95.242.138 - - [13/Nov/2014:07:57:44 -0500] "GET /BLA/boletinlegal/js/jquery.js HTTP/1.1" 200 57254
191.95.242.138 - - [13/Nov/2014:07:57:44 -0500] "GET /BLA/boletinlegal/js/jquery.scrollShow.js HTTP/1.1" 200 4586
191.95.242.138 - - [13/Nov/2014:07:57:44 -0500] "GET /BLA/boletinlegal/js/jquery.scrollTo-min.js HTTP/1.1" 200 1150
190.29.136.201 - - [13/Nov/2014:07:57:51 -0500] "GET /favicon.ico HTTP/1.1" 200 7782
201.244.55.205 - - [13/Nov/2014:07:57:51 -0500] "GET /isolucionsda/FrameSetGeneral.asp?Pagina=SucursalSeleccion.asp&CargaPagina=ModuloProcesos&IdModulo=3 HTTP/1.0" 200 146
66.249.64.43 - - [13/Nov/2014:07:57:55 -0500] "GET /BLA/boletinlegal/Circulares/2013/Circular%20No.%202%20del%2022%20de%20enero%20de%202013.pdf HTTP/1.1" 200 85466
201.244.55.205 - - [13/Nov/2014:07:57:56 -0500] "GET /isolucionsda/FrameSetGeneral.asp?Pagina=SucursalSeleccion.asp&CargaPagina=ModuloProcesos&IdModulo=3 HTTP/1.0" 200 146
201.245.192.253 - - [13/Nov/2014:07:58:02 -0500] "GET /plugins/like_box.php?app_id=413795952086946&channel=http%3A%2F%2Fstatic.ak.facebook.com%2Fconnect%2Fxd_arbiter%2FQjK2hWv6uak.js%3Fversion%3D41%23cb%3Dffcd5fdbdb3d8b%26domain%3Dwww.publimetro.co%26origin%3Dhttp%253A%252F%252Fwww.publimetro.co%252Ff210d8dee1370d4%26relation%3Dparent.parent&color_scheme=light&header=false&href=http%3A%2F%2Fwww.facebook.com%2FPublimetro-Colombia&locale=es_LA&sdk=joey&show_border=false&show_faces=true&stream=true&width=298 HTTP/1.1" 404 1268
190.127.233.57 - - [13/Nov/2014:07:58:08 -0500] "GET /BLA/boletinlegal/js/jquery.scrollTo-min.js HTTP/1.1" 200 1150
190.127.233.57 - - [13/Nov/2014:07:58:08 -0500] "GET /BLA/boletinlegal/js/jquery.scrollShow.js HTTP/1.1" 200 4586
190.127.233.57 - - [13/Nov/2014:07:58:08 -0500] "GET /BLA/boletinlegal/js/jquery.js HTTP/1.1" 200 57254
201.245.192.253 - - [13/Nov/2014:07:58:10 -0500] "GET /forest/session.jsp?a=0.9671526721818582 HTTP/1.1" 200 4
201.245.192.253 - - [13/Nov/2014:07:58:13 -0500] "GET /fr/u.php?p=474445595912814&m=69bbd2b1-a288-4ee9-bff1-8faa8683d1c8&t=2592000 HTTP/1.1" 404 1122
200.93.185.158 - - [13/Nov/2014:07:58:18 -0500] "GET /ecodirectorio/res%5Cthumbnails%5Cthumb_3.png HTTP/1.0" 404 1305
200.93.185.158 - - [13/Nov/2014:07:58:18 -0500] "GET /ecodirectorio/res%5Cthumbnails%5Cthumb_1.png HTTP/1.0" 404 1305
200.93.185.158 - - [13/Nov/2014:07:58:18 -0500] "GET /ecodirectorio/res%5Cthumbnails%5Cthumb_0.png HTTP/1.0" 404 1305
200.93.185.158 - - [13/Nov/2014:07:58:18 -0500] "GET /ecodirectorio/files/res/navbtn/download.swf HTTP/1.0" 404 1305
200.93.185.158 - - [13/Nov/2014:07:58:18 -0500] "GET /ecodirectorio/files/res/navbtn/music.swf HTTP/1.0" 404 1305
200.93.185.158 - - [13/Nov/2014:07:58:21 -0500] "GET /ecodirectorio/res%5Cthumbnails%5Cthumb_2.png HTTP/1.0" 404 1305
200.93.185.158 - - [13/Nov/2014:07:58:25 -0500] "GET /ecodirectorio/res%5Cthumbnails%5Cthumb_4.png HTTP/1.0" 404 1305
200.93.185.158 - - [13/Nov/2014:07:58:25 -0500] "GET /ecodirectorio/res%5Cthumbnails%5Cthumb_5.png HTTP/1.0" 404 1305
200.93.185.158 - - [13/Nov/2014:07:58:25 -0500] "GET /ecodirectorio/res%5Cthumbnails%5Cthumb_6.png HTTP/1.0" 404 1305
200.93.185.158 - - [13/Nov/2014:07:58:26 -0500] "GET /ecodirectorio/files/res/navbtn/mute.swf HTTP/1.0" 404 1305
201.245.192.253 - - [13/Nov/2014:07:58:27 -0500] "GET /v2.0/plugins/like.php?action=like&app_id=223398534536415&channel=http%3A%2F%2Fstatic.ak.facebook.com%2Fconnect%2Fxd_arbiter%2FQjK2hWv6uak.js%3Fversion%3D41%23cb%3Df3e5d95bf2230a4%26domain%3Dwww.elpais.com.co%26origin%3Dhttp%253A%252F%252Fwww.elpais.com.co%252Ff38feb26adeae6a%26relation%3Dparent.parent&href=http%3A%2F%2Fwww.elpais.com.co%2Felpais%2Feconomia%2Fnoticias%2Ftodo-debe-saber-pago-cesantias-colombia&layout=button_count&locale=es_LA&sdk=joey&share=true&show_faces=true HTTP/1.1" 404 1382
201.245.192.253 - - [13/Nov/2014:07:58:27 -0500] "GET /v2.0/plugins/like.php?action=like&app_id=223398534536415&channel=http%3A%2F%2Fstatic.ak.facebook.com%2Fconnect%2Fxd_arbiter%2FQjK2hWv6uak.js%3Fversion%3D41%23cb%3Df29e699e573bf1c%26domain%3Dwww.elpais.com.co%26origin%3Dhttp%253A%252F%252Fwww.elpais.com.co%252Ff38feb26adeae6a%26relation%3Dparent.parent&href=http%3A%2F%2Fwww.elpais.com.co%2Felpais%2Feconomia%2Fnoticias%2Ftodo-debe-saber-pago-cesantias-colombia&layout=button_count&locale=es_LA&sdk=joey&share=true&show_faces=true HTTP/1.1" 404 1382
180.76.6.52 - - [13/Nov/2014:07:58:28 -0500] "GET /BLA/resoluciones/index.php?dir=RESOLUCIONES+2006%2FRES+2006+501-550%2F HTTP/1.1" 200 12241
201.244.55.205 - - [13/Nov/2014:07:58:34 -0500] "GET /galeria/nivo-slider/demo/demo.html HTTP/1.1" 200 3537
201.244.55.205 - - [13/Nov/2014:07:58:34 -0500] "GET /galeria/nivo-slider/demo/images/ForoNacionalAmbiental.jpg HTTP/1.1" 200 202541
201.244.55.205 - - [13/Nov/2014:07:58:34 -0500] "GET /galeria/nivo-slider/demo/images/Banner-comparendo.jpg HTTP/1.1" 304 -
201.244.55.205 - - [13/Nov/2014:07:58:34 -0500] "GET /galeria/nivo-slider/demo/images/Banner-Ecourbanismo.jpg HTTP/1.1" 304 -
201.244.55.205 - - [13/Nov/2014:07:58:34 -0500] "GET /galeria/nivo-slider/demo/images/porloshumedales.jpg HTTP/1.1" 304 -
201.244.55.205 - - [13/Nov/2014:07:58:34 -0500] "GET /galeria/nivo-slider/demo/images/banner-aceite3.jpg HTTP/1.1" 304 -
201.244.55.205 - - [13/Nov/2014:07:58:34 -0500] "GET /galeria/nivo-slider/demo/images/banner-redes.jpg HTTP/1.1" 304 -
201.244.55.205 - - [13/Nov/2014:07:58:35 -0500] "GET /videos/Spot_CambioClimatico.flv HTTP/1.1" 304 -
186.28.145.97 - - [13/Nov/2014:07:58:39 -0500] "POST /forms/lservlet;jsessionid=ac16012b30d58e8b1f03a4a149d9bc9cd0e47245263a.e3iSbxaKaheRe34Sa3yKbhiTahb0n6jAmljGr5XDqQLvpAe HTTP/1.1" 200 2
200.93.185.158 - - [13/Nov/2014:07:58:40 -0500] "GET /ecodirectorio/res%5Cthumbnails%5Cthumb_7.png HTTP/1.0" 404 1305
200.93.185.158 - - [13/Nov/2014:07:58:42 -0500] "GET /ecodirectorio/res%5Cthumbnails%5Cthumb_8.png HTTP/1.0" 404 1305
200.93.185.158 - - [13/Nov/2014:07:58:43 -0500] "GET /ecodirectorio/res%5Cthumbnails%5Cthumb_9.png HTTP/1.0" 404 1305
201.245.192.253 - - [13/Nov/2014:07:58:43 -0500] "GET /plugins/login_button.php?app_id=111327552271582&auto_logout_link=false&channel=http%3A%2F%2Fstatic.ak.facebook.com%2Fconnect%2Fxd_arbiter%2FQjK2hWv6uak.js%3Fversion%3D41%23cb%3Df105f0a16b283c9%26domain%3Dwww.metrocuadrado.com%26origin%3Dhttp%253A%252F%252Fwww.metrocuadrado.com%252Ff3d7b4ee94f377%26relation%3Dparent.parent&locale=es_LA&perms=user_about_me%2Cuser_birthday%2Cfriends_about_me%2Cuser_photos%2Cuser_status%2Cemail&sdk=joey HTTP/1.1" 404 1408
201.244.55.205 - - [13/Nov/2014:07:58:43 -0500] "GET /isolucionsda/ HTTP/1.1" 200 739
201.244.55.205 - - [13/Nov/2014:07:58:45 -0500] "GET /isolucionsda/IdentificaUsuario.asp?Pagina1=FrameSetGeneral.asp& HTTP/1.1" 200 4997
190.27.154.190 - - [13/Nov/2014:07:58:45 -0500] "GET /isolucionsda/Session.asp HTTP/1.1" 200 205
200.93.185.158 - - [13/Nov/2014:07:58:46 -0500] "GET /ecodirectorio/res%5Cthumbnails%5Cthumb_10.png HTTP/1.0" 404 1305
66.249.64.47 - - [13/Nov/2014:07:58:49 -0500] "GET /htdocs/even/Ca0jr6ay/tsld015.htm HTTP/1.1" 404 1019
201.245.192.253 - - [13/Nov/2014:07:58:50 -0500] "GET /fr/u.php?t=2592000&p=443937282305007&m=NTc1YzJiZTAzMWRmNzA2MTAwZGMwOWNlMjc3N2Y5MjY HTTP/1.1" 404 1316
201.244.55.205 - - [13/Nov/2014:07:58:50 -0500] "POST /isolucionsda/IdentificaUsuario.asp?Pagina1=FrameSetGeneral.asp& HTTP/1.1" 302 173
201.244.55.205 - - [13/Nov/2014:07:58:51 -0500] "POST /isolucionsda/IdentificaUsuario.asp?Pagina1=FrameSetGeneral.asp& HTTP/1.1" 302 173
201.244.55.205 - - [13/Nov/2014:07:58:51 -0500] "GET /isolucionsda/FrameSetGeneral.asp?Pagina1=FrameSetGeneral.asp& HTTP/1.1" 200 6613
201.244.55.205 - - [13/Nov/2014:07:58:51 -0500] "GET /isolucionsda/BarraTitulos.asp?Pagina1=FrameSetGeneral.asp&&Pagina=MagazinHome.asp HTTP/1.1" 200 6972
201.244.55.205 - - [13/Nov/2014:07:58:51 -0500] "GET /isolucionsda/Encabezado.asp?Pagina1=FrameSetGeneral.asp&&Pagina=MagazinHome.asp HTTP/1.1" 200 15388
201.245.192.253 - - [13/Nov/2014:07:58:51 -0500] "GET /galeria/nivo-slider/demo/demo.html HTTP/1.1" 304 -
201.244.55.205 - - [13/Nov/2014:07:58:51 -0500] "GET /isolucionsda/BarraFavoritos.asp HTTP/1.1" 200 911
201.244.55.205 - - [13/Nov/2014:07:58:51 -0500] "GET /isolucionsda/Session.asp?Continue=1 HTTP/1.1" 200 6324
201.244.55.205 - - [13/Nov/2014:07:58:51 -0500] "GET /isolucionsda/MagazinHome.asp HTTP/1.1" 200 25853
201.244.55.205 - - [13/Nov/2014:07:58:51 -0500] "GET /isolucionsda/g/Bgr_Destacado3399CC.jpg HTTP/1.1" 404 5217
201.245.192.253 - - [13/Nov/2014:07:58:51 -0500] "GET /galeria/nivo-slider/demo/images/ForoNacionalAmbiental.jpg HTTP/1.1" 304 -
201.244.55.205 - - [13/Nov/2014:07:58:51 -0500] "GET /isolucionsda/TareasSFRedirect.asp HTTP/1.1" 302 195
201.245.192.253 - - [13/Nov/2014:07:58:51 -0500] "GET /galeria/nivo-slider/demo/images/Banner-comparendo.jpg HTTP/1.1" 304 -
201.245.192.253 - - [13/Nov/2014:07:58:51 -0500] "GET /galeria/nivo-slider/demo/images/Banner-Ecourbanismo.jpg HTTP/1.1" 304 -
201.245.192.253 - - [13/Nov/2014:07:58:51 -0500] "GET /galeria/nivo-slider/demo/images/porloshumedales.jpg HTTP/1.1" 304 -
201.245.192.253 - - [13/Nov/2014:07:58:51 -0500] "GET /galeria/nivo-slider/demo/images/banner-redes.jpg HTTP/1.1" 304 -
201.245.192.253 - - [13/Nov/2014:07:58:52 -0500] "GET /galeria/nivo-slider/demo/images/banner-aceite3.jpg HTTP/1.1" 304 -
201.244.55.205 - - [13/Nov/2014:07:58:52 -0500] "GET /isolucionsda/FrameSetGeneral.asp?Pagina=SucursalSeleccion.asp&CargaPagina=ModuloProcesos&IdModulo=3 HTTP/1.1" 200 6716
201.244.55.205 - - [13/Nov/2014:07:58:53 -0500] "GET /isolucionsda/Encabezado.asp?Pagina=SucursalSeleccion.asp&CargaPagina=ModuloProcesos&IdModulo=3 HTTP/1.1" 200 15389
201.244.55.205 - - [13/Nov/2014:07:58:53 -0500] "GET /isolucionsda/BarraTitulos.asp?Pagina=SucursalSeleccion.asp&CargaPagina=ModuloProcesos&IdModulo=3 HTTP/1.1" 200 6988
201.244.55.205 - - [13/Nov/2014:07:58:53 -0500] "GET /isolucionsda/BarraFavoritos.asp HTTP/1.1" 200 911
201.244.55.205 - - [13/Nov/2014:07:58:53 -0500] "GET /isolucionsda/SucursalSeleccion.asp?Pagina=SucursalSeleccion.asp&CargaPagina=ModuloProcesos&IdModulo=3 HTTP/1.1" 302 219
201.244.55.205 - - [13/Nov/2014:07:58:53 -0500] "GET /isolucionsda/Session.asp?Continue=1 HTTP/1.1" 200 6324
201.244.55.205 - - [13/Nov/2014:07:58:53 -0500] "GET /isolucionsda/SucursalSeleccion.asp?CodSucursal=1&URLRedirect=MagazinHome.asp&CargaPagina=ModuloProcesos HTTP/1.1" 302 221
201.244.55.205 - - [13/Nov/2014:07:58:53 -0500] "GET /isolucionsda/BancoConocimiento/M/MAPADEPROCESOSSDA_v3/MAPADEPROCESOSSDA_v3.asp HTTP/1.1" 302 159
201.244.55.205 - - [13/Nov/2014:07:58:51 -0500] "GET /isolucionsda/Login.aspx?TARGET=SFContainerFiltrado.aspx&number=54506966495455524565 HTTP/1.1" 302 886
188.165.15.238 - - [13/Nov/2014:07:58:56 -0500] "GET /BLA/resoluciones/RESOLUCIONES%202005/RES%202005%202901-2950/00002946.tif HTTP/1.1" 200 38170
200.93.185.158 - - [13/Nov/2014:07:58:58 -0500] "GET /ecodirectorio/res%5Cthumbnails%5Cthumb_11.png HTTP/1.0" 404 1305
201.244.55.205 - - [13/Nov/2014:07:58:53 -0500] "GET /isolucionsda/BancoConocimiento/M/MAPADEPROCESOSSDA_v3/mapa%20de%20procesos%20sda%2020110.mht HTTP/1.1" 200 472990
107.150.52.85 - - [13/Nov/2014:07:59:00 -0500] "GET / HTTP/1.1" 302 -
74.86.158.107 - - [13/Nov/2014:07:59:01 -0500] "HEAD / HTTP/1.1" 302 -
200.93.185.158 - - [13/Nov/2014:07:59:07 -0500] "GET /ecodirectorio/res%5Cthumbnails%5Cthumb_12.png HTTP/1.0" 404 1305
200.93.185.158 - - [13/Nov/2014:07:59:10 -0500] "GET /ecodirectorio/res%5Cthumbnails%5Cthumb_13.png HTTP/1.0" 404 1305
200.93.185.158 - - [13/Nov/2014:07:59:10 -0500] "GET /ecodirectorio/res%5Cthumbnails%5Cthumb_14.png HTTP/1.0" 404 1305
201.245.192.253 - - [13/Nov/2014:07:59:18 -0500] "GET /embed/7PzhHHy2EXM HTTP/1.1" 404 1247
200.108.54.176 - - [13/Nov/2014:07:59:26 -0500] "GET /BLA/boletinlegal/js/jquery.js HTTP/1.1" 200 57254
200.108.54.176 - - [13/Nov/2014:07:59:26 -0500] "GET /BLA/boletinlegal/js/jquery.scrollTo-min.js HTTP/1.1" 200 1150
200.108.54.176 - - [13/Nov/2014:07:59:26 -0500] "GET /BLA/boletinlegal/js/jquery.scrollShow.js HTTP/1.1" 200 4586
200.93.185.158 - - [13/Nov/2014:07:59:27 -0500] "GET /ecodirectorio/res%5Cthumbnails%5Cthumb_15.png HTTP/1.0" 404 1305
200.93.185.158 - - [13/Nov/2014:07:59:30 -0500] "GET /ecodirectorio/res%5Cthumbnails%5Cthumb_16.png HTTP/1.0" 404 1305
181.135.141.39 - - [13/Nov/2014:07:59:30 -0500] "GET /BLA/boletinlegal/js/jquery.js HTTP/1.1" 200 57254
181.135.141.39 - - [13/Nov/2014:07:59:30 -0500] "GET /galeria/carrusel/Carrusel/jquery.thumbnailScroller.css HTTP/1.1" 200 2066
181.135.141.39 - - [13/Nov/2014:07:59:30 -0500] "GET /BLA/boletinlegal/js/jquery.scrollTo-min.js HTTP/1.1" 200 1150
181.135.141.39 - - [13/Nov/2014:07:59:30 -0500] "GET /galeria/carrusel/Carrusel/jquery.thumbnailScroller.js HTTP/1.1" 200 8157
181.135.141.39 - - [13/Nov/2014:07:59:30 -0500] "GET /BLA/boletinlegal/js/jquery.scrollShow.js HTTP/1.1" 200 4586
181.135.141.39 - - [13/Nov/2014:07:59:30 -0500] "GET /galeria/carrusel/Carrusel/jquery-ui-1.8.13.custom.min.js HTTP/1.1" 200 10800
200.93.185.158 - - [13/Nov/2014:07:59:31 -0500] "GET /ecodirectorio/res%5Cthumbnails%5Cthumb_17.png HTTP/1.0" 404 1305
200.93.185.158 - - [13/Nov/2014:07:59:31 -0500] "GET /ecodirectorio/res%5Cthumbnails%5Cthumb_18.png HTTP/1.0" 404 1305
181.135.141.39 - - [13/Nov/2014:07:59:32 -0500] "GET /galeria/nivo-slider/demo/demo.html HTTP/1.1" 200 3537
181.135.141.39 - - [13/Nov/2014:07:59:32 -0500] "GET /galeria/nivo-slider/nivo-slider.css HTTP/1.1" 200 1507
181.135.141.39 - - [13/Nov/2014:07:59:32 -0500] "GET /galeria/nivo-slider/themes/orman/orman.css HTTP/1.1" 200 2152
181.135.141.39 - - [13/Nov/2014:07:59:32 -0500] "GET /galeria/nivo-slider/demo/style.css HTTP/1.1" 200 2222
181.135.141.39 - - [13/Nov/2014:07:59:32 -0500] "GET /galeria/nivo-slider/themes/default/default.css HTTP/1.1" 200 1569
181.135.141.39 - - [13/Nov/2014:07:59:32 -0500] "GET /galeria/nivo-slider/themes/pascal/pascal.css HTTP/1.1" 200 2258
181.135.141.39 - - [13/Nov/2014:07:59:32 -0500] "GET /galeria/nivo-slider/demo/scripts/jquery-1.7.1.min.js HTTP/1.1" 200 93868
181.135.141.39 - - [13/Nov/2014:07:59:32 -0500] "GET /galeria/nivo-slider/jquery.nivo.slider.pack.js HTTP/1.1" 200 11561
181.135.141.39 - - [13/Nov/2014:07:59:32 -0500] "GET /galeria/nivo-slider/demo/images/4Simple_Slider.png HTTP/1.1" 200 11722
181.135.141.39 - - [13/Nov/2014:07:59:32 -0500] "GET /galeria/nivo-slider/themes/default/loading.gif HTTP/1.1" 200 1737
181.135.141.39 - - [13/Nov/2014:07:59:34 -0500] "GET /galeria/nivo-slider/demo/images/ForoNacionalAmbiental.jpg HTTP/1.1" 200 202541
181.135.141.39 - - [13/Nov/2014:07:59:34 -0500] "GET /galeria/nivo-slider/demo/images/Banner-Ecourbanismo.jpg HTTP/1.1" 200 189838
181.135.141.39 - - [13/Nov/2014:07:59:34 -0500] "GET /galeria/nivo-slider/demo/images/Banner-comparendo.jpg HTTP/1.1" 200 388762
181.135.141.39 - - [13/Nov/2014:07:59:34 -0500] "GET /galeria/nivo-slider/demo/images/porloshumedales.jpg HTTP/1.1" 200 351238
181.135.141.39 - - [13/Nov/2014:07:59:34 -0500] "GET /galeria/nivo-slider/demo/images/banner-aceite3.jpg HTTP/1.1" 200 88347
181.135.141.39 - - [13/Nov/2014:07:59:34 -0500] "GET /galeria/nivo-slider/demo/images/Tingua-azul.jpg HTTP/1.1" 200 307638
181.135.141.39 - - [13/Nov/2014:07:59:34 -0500] "GET /galeria/nivo-slider/demo/images/Banner-Caracol-Africano.jpg HTTP/1.1" 200 331986
181.135.141.39 - - [13/Nov/2014:07:59:36 -0500] "GET /galeria/nivo-slider/demo/images/banner-redes.jpg HTTP/1.1" 200 62209
181.135.141.39 - - [13/Nov/2014:07:59:36 -0500] "GET /galeria/nivo-slider/demo/images/9Signos.jpg HTTP/1.1" 200 93040
181.135.141.39 - - [13/Nov/2014:07:59:37 -0500] "GET /galeria/nivo-slider/demo/images/banner-caballos.png HTTP/1.1" 200 389106
181.135.141.39 - - [13/Nov/2014:07:59:37 -0500] "GET /galeria/nivo-slider/demo/images/Hacienda_Molinos.jpg HTTP/1.1" 200 319171
181.135.141.39 - - [13/Nov/2014:07:59:37 -0500] "GET /galeria/nivo-slider/demo/images/bannerEcolecta3.jpg HTTP/1.1" 200 280034
200.93.185.158 - - [13/Nov/2014:07:59:42 -0500] "GET /ecodirectorio/res%5Cthumbnails%5Cthumb_19.png HTTP/1.0" 404 1305
181.135.141.39 - - [13/Nov/2014:07:59:42 -0500] "GET /galeria/nivo-slider/themes/default/arrows.png HTTP/1.1" 200 824
181.135.141.39 - - [13/Nov/2014:07:59:42 -0500] "GET /galeria/nivo-slider/themes/default/bullets.png HTTP/1.1" 200 1281
200.93.185.158 - - [13/Nov/2014:07:59:43 -0500] "GET /ecodirectorio/res%5Cthumbnails%5Cthumb_20.png HTTP/1.0" 404 1305
200.93.185.158 - - [13/Nov/2014:07:59:43 -0500] "GET /ecodirectorio/res%5Cthumbnails%5Cthumb_21.png HTTP/1.0" 404 1305
200.93.185.158 - - [13/Nov/2014:07:59:43 -0500] "GET /ecodirectorio/res%5Cthumbnails%5Cthumb_22.png HTTP/1.0" 404 1305
181.135.141.39 - - [13/Nov/2014:07:59:43 -0500] "GET /videos/Spot_CambioClimatico.flv HTTP/1.1" 200 4371917
66.249.64.47 - - [13/Nov/2014:07:59:44 -0500] "GET /htdocs/even/Ca8xejc/tsld001.htm HTTP/1.1" 404 1019
66.249.64.43 - - [13/Nov/2014:07:59:44 -0500] "GET /ecodirectorio/files/res/pages/page_0025.swf HTTP/1.1" 200 135270
201.245.192.253 - - [13/Nov/2014:07:59:54 -0500] "GET /embed/2iQPCxFQWnE HTTP/1.1" 404 1265
181.143.134.178 - - [13/Nov/2014:08:00:04 -0500] "GET /BLA/boletinlegal/js/jquery.scrollTo-min.js HTTP/1.1" 200 1150
181.143.134.178 - - [13/Nov/2014:08:00:04 -0500] "GET /BLA/boletinlegal/js/jquery.scrollShow.js HTTP/1.1" 200 4586
181.143.134.178 - - [13/Nov/2014:08:00:04 -0500] "GET /BLA/boletinlegal/js/jquery.js HTTP/1.1" 200 57254
181.143.134.178 - - [13/Nov/2014:08:00:05 -0500] "GET /galeria/carrusel/Carrusel/jquery.thumbnailScroller.css HTTP/1.1" 200 2066
181.143.134.178 - - [13/Nov/2014:08:00:06 -0500] "GET /galeria/carrusel/Carrusel/jquery-ui-1.8.13.custom.min.js HTTP/1.1" 200 10800
181.143.134.178 - - [13/Nov/2014:08:00:06 -0500] "GET /galeria/carrusel/Carrusel/jquery.thumbnailScroller.js HTTP/1.1" 200 8157
181.143.134.178 - - [13/Nov/2014:08:00:07 -0500] "GET /galeria/nivo-slider/demo/demo.html HTTP/1.1" 200 3537
181.143.134.178 - - [13/Nov/2014:08:00:08 -0500] "GET /galeria/nivo-slider/demo/images/ForoNacionalAmbiental.jpg HTTP/1.1" 200 202541
181.143.134.178 - - [13/Nov/2014:08:00:08 -0500] "GET /galeria/nivo-slider/demo/images/Banner-comparendo.jpg HTTP/1.1" 304 -
181.143.134.178 - - [13/Nov/2014:08:00:08 -0500] "GET /galeria/nivo-slider/demo/images/Banner-Ecourbanismo.jpg HTTP/1.1" 304 -
200.93.185.158 - - [13/Nov/2014:08:00:09 -0500] "GET /ecodirectorio/res%5Cthumbnails%5Cthumb_24.png HTTP/1.0" 404 1305
200.93.185.158 - - [13/Nov/2014:08:00:09 -0500] "GET /ecodirectorio/res%5Cthumbnails%5Cthumb_25.png HTTP/1.0" 404 1305
200.93.185.158 - - [13/Nov/2014:08:00:12 -0500] "GET /ecodirectorio/res%5Cthumbnails%5Cthumb_23.png HTTP/1.0" 404 1305
66.249.64.163 - - [13/Nov/2014:08:00:16 -0500] "GET /BLA/resoluciones/RESOLUCIONES%202005/RES%202005%201901-1950/00001909.tif HTTP/1.1" 200 218620
200.93.185.158 - - [13/Nov/2014:08:00:18 -0500] "GET /ecodirectorio/res%5Cthumbnails%5Cthumb_26.png HTTP/1.0" 404 1305
181.148.69.174 - - [13/Nov/2014:08:00:24 -0500] "GET /galeria/carrusel/Carrusel/jquery.thumbnailScroller.css HTTP/1.1" 200 2066
181.148.69.174 - - [13/Nov/2014:08:00:24 -0500] "GET /BLA/boletinlegal/js/jquery.js HTTP/1.1" 200 57254
181.148.69.174 - - [13/Nov/2014:08:00:24 -0500] "GET /BLA/boletinlegal/js/jquery.scrollShow.js HTTP/1.1" 200 4586
181.148.69.174 - - [13/Nov/2014:08:00:24 -0500] "GET /BLA/boletinlegal/js/jquery.scrollTo-min.js HTTP/1.1" 200 1150
181.148.69.174 - - [13/Nov/2014:08:00:24 -0500] "GET /galeria/carrusel/Carrusel/jquery.thumbnailScroller.js HTTP/1.1" 200 8157
181.148.69.174 - - [13/Nov/2014:08:00:24 -0500] "GET /galeria/carrusel/Carrusel/jquery-ui-1.8.13.custom.min.js HTTP/1.1" 200 10800
201.245.192.253 - - [13/Nov/2014:08:00:25 -0500] "GET /plugins/like.php?href=http://www.elnuevosiglo.com.co/articulos/11-2014-m%C3%A1s-controles-publicidad-exterior-en-bogot%C3%A1.html%20&layout=button_count&show_faces=true&width=80&action=like&colorscheme=light&height=21 HTTP/1.1" 404 1434
181.148.69.174 - - [13/Nov/2014:08:00:27 -0500] "GET /galeria/nivo-slider/demo/demo.html HTTP/1.1" 200 3537
181.148.69.174 - - [13/Nov/2014:08:00:28 -0500] "GET /galeria/nivo-slider/themes/default/default.css HTTP/1.1" 200 1569
181.148.69.174 - - [13/Nov/2014:08:00:28 -0500] "GET /galeria/nivo-slider/themes/pascal/pascal.css HTTP/1.1" 200 2258
181.148.69.174 - - [13/Nov/2014:08:00:28 -0500] "GET /galeria/nivo-slider/themes/orman/orman.css HTTP/1.1" 200 2152
181.148.69.174 - - [13/Nov/2014:08:00:28 -0500] "GET /galeria/nivo-slider/nivo-slider.css HTTP/1.1" 200 1507
181.148.69.174 - - [13/Nov/2014:08:00:28 -0500] "GET /galeria/nivo-slider/demo/style.css HTTP/1.1" 200 2222
181.148.69.174 - - [13/Nov/2014:08:00:28 -0500] "GET /galeria/nivo-slider/demo/scripts/jquery-1.7.1.min.js HTTP/1.1" 200 93868
181.148.69.174 - - [13/Nov/2014:08:00:29 -0500] "GET /galeria/nivo-slider/jquery.nivo.slider.pack.js HTTP/1.1" 200 11561
181.148.69.174 - - [13/Nov/2014:08:00:29 -0500] "GET /galeria/nivo-slider/demo/images/ForoNacionalAmbiental.jpg HTTP/1.1" 200 202541
181.148.69.174 - - [13/Nov/2014:08:00:29 -0500] "GET /galeria/nivo-slider/demo/images/4Simple_Slider.png HTTP/1.1" 200 11722
181.148.69.174 - - [13/Nov/2014:08:00:29 -0500] "GET /galeria/nivo-slider/themes/default/loading.gif HTTP/1.1" 200 1737
181.148.69.174 - - [13/Nov/2014:08:00:29 -0500] "GET /galeria/nivo-slider/demo/images/Banner-comparendo.jpg HTTP/1.1" 200 388762
181.148.69.174 - - [13/Nov/2014:08:00:30 -0500] "GET /galeria/nivo-slider/demo/images/Banner-Ecourbanismo.jpg HTTP/1.1" 200 189838
181.148.69.174 - - [13/Nov/2014:08:00:30 -0500] "GET /galeria/nivo-slider/demo/images/porloshumedales.jpg HTTP/1.1" 200 351238
181.148.69.174 - - [13/Nov/2014:08:00:32 -0500] "GET /galeria/nivo-slider/demo/images/banner-aceite3.jpg HTTP/1.1" 200 88347
201.245.192.253 - - [13/Nov/2014:08:00:33 -0500] "GET /plugins/like.php?app_id=&channel=http%3A%2F%2Fstatic.ak.facebook.com%2Fconnect%2Fxd_arbiter%2FQjK2hWv6uak.js%3Fversion%3D41%23cb%3Df5f3a790cf7108%26domain%3Ddestinos.copaair.com%26origin%3Dhttp%253A%252F%252Fdestinos.copaair.com%252Ff1586bf87b2dda2%26relation%3Dparent.parent&font=verdana&href=http%3A%2F%2Ffacebook.com%2Fcopaairlines&layout=button_count&locale=en_US&sdk=joey&send=false&show_faces=false&width=290 HTTP/1.1" 404 1572
200.93.185.158 - - [13/Nov/2014:08:00:36 -0500] "GET /ecodirectorio/res%5Cthumbnails%5Cthumb_28.png HTTP/1.0" 404 1305
200.93.185.158 - - [13/Nov/2014:08:00:37 -0500] "GET /ecodirectorio/res%5Cthumbnails%5Cthumb_29.png HTTP/1.0" 404 1305
200.93.185.158 - - [13/Nov/2014:08:00:38 -0500] "GET /ecodirectorio/res%5Cthumbnails%5Cthumb_27.png HTTP/1.0" 404 1305
200.93.185.158 - - [13/Nov/2014:08:00:38 -0500] "GET /ecodirectorio/res%5Cthumbnails%5Cthumb_30.png HTTP/1.0" 404 1305
181.148.69.174 - - [13/Nov/2014:08:00:41 -0500] "GET /galeria/nivo-slider/demo/images/Tingua-azul.jpg HTTP/1.1" 200 307638
181.148.69.174 - - [13/Nov/2014:08:00:42 -0500] "GET /galeria/nivo-slider/demo/images/Banner-Caracol-Africano.jpg HTTP/1.1" 200 331986
200.93.185.158 - - [13/Nov/2014:08:00:47 -0500] "GET /ecodirectorio/res%5Cthumbnails%5Cthumb_31.png HTTP/1.0" 404 1305
181.148.69.174 - - [13/Nov/2014:08:00:49 -0500] "GET /galeria/nivo-slider/demo/images/banner-redes.jpg HTTP/1.1" 200 62209
200.93.185.158 - - [13/Nov/2014:08:00:50 -0500] "GET /ecodirectorio/res%5Cthumbnails%5Cthumb_32.png HTTP/1.0" 404 1305
200.93.185.158 - - [13/Nov/2014:08:00:51 -0500] "GET /ecodirectorio/res%5Cthumbnails%5Cthumb_33.png HTTP/1.0" 404 1305
200.93.185.158 - - [13/Nov/2014:08:00:51 -0500] "GET /ecodirectorio/res%5Cthumbnails%5Cthumb_34.png HTTP/1.0" 404 1305
201.245.192.253 - - [13/Nov/2014:08:00:52 -0500] "GET /embed/7PzhHHy2EXM HTTP/1.1" 404 1247
181.148.69.174 - - [13/Nov/2014:08:00:54 -0500] "GET /galeria/nivo-slider/demo/images/9Signos.jpg HTTP/1.1" 200 93040
181.148.69.174 - - [13/Nov/2014:08:00:54 -0500] "GET /galeria/nivo-slider/demo/images/banner-caballos.png HTTP/1.1" 200 389106
181.148.69.174 - - [13/Nov/2014:08:00:56 -0500] "GET /galeria/nivo-slider/demo/images/Hacienda_Molinos.jpg HTTP/1.1" 200 319171
181.148.69.174 - - [13/Nov/2014:08:00:56 -0500] "GET /galeria/nivo-slider/demo/images/bannerEcolecta3.jpg HTTP/1.1" 200 280034
200.93.185.158 - - [13/Nov/2014:08:01:03 -0500] "GET /ecodirectorio/res%5Cthumbnails%5Cthumb_35.png HTTP/1.0" 404 1305
181.148.69.174 - - [13/Nov/2014:08:01:10 -0500] "GET /galeria/nivo-slider/themes/default/arrows.png HTTP/1.1" 200 824
181.148.69.174 - - [13/Nov/2014:08:01:10 -0500] "GET /galeria/nivo-slider/themes/default/bullets.png HTTP/1.1" 200 1281
200.93.185.158 - - [13/Nov/2014:08:01:11 -0500] "GET /ecodirectorio/res%5Cthumbnails%5Cthumb_37.png HTTP/1.0" 404 1305
200.93.185.158 - - [13/Nov/2014:08:01:11 -0500] "GET /ecodirectorio/res%5Cthumbnails%5Cthumb_38.png HTTP/1.0" 404 1305
201.245.192.253 - - [13/Nov/2014:08:01:11 -0500] "GET /embed/2iQPCxFQWnE HTTP/1.1" 404 1265
186.30.236.227 - - [13/Nov/2014:08:01:12 -0500] "GET /BLA/boletinlegal/js/jquery.js HTTP/1.1" 200 57254
186.30.236.227 - - [13/Nov/2014:08:01:12 -0500] "GET /BLA/boletinlegal/js/jquery.scrollTo-min.js HTTP/1.1" 200 1150
186.30.236.227 - - [13/Nov/2014:08:01:12 -0500] "GET /BLA/boletinlegal/js/jquery.scrollShow.js HTTP/1.1" 200 4586
201.245.192.253 - - [13/Nov/2014:08:01:15 -0500] "GET /galeria/nivo-slider/demo/demo.html HTTP/1.1" 304 -
201.245.192.253 - - [13/Nov/2014:08:01:16 -0500] "GET /galeria/nivo-slider/demo/images/ForoNacionalAmbiental.jpg HTTP/1.1" 304 -
201.245.192.253 - - [13/Nov/2014:08:01:16 -0500] "GET /galeria/nivo-slider/demo/images/Banner-comparendo.jpg HTTP/1.1" 304 -
201.245.192.253 - - [13/Nov/2014:08:01:16 -0500] "GET /galeria/nivo-slider/demo/images/Banner-Ecourbanismo.jpg HTTP/1.1" 304 -
201.245.192.253 - - [13/Nov/2014:08:01:16 -0500] "GET /galeria/nivo-slider/demo/images/porloshumedales.jpg HTTP/1.1" 304 -
201.245.192.253 - - [13/Nov/2014:08:01:16 -0500] "GET /galeria/nivo-slider/demo/images/banner-aceite3.jpg HTTP/1.1" 304 -
201.245.192.253 - - [13/Nov/2014:08:01:16 -0500] "GET /galeria/nivo-slider/demo/images/Banner-Caracol-Africano.jpg HTTP/1.1" 304 -
201.245.192.253 - - [13/Nov/2014:08:01:16 -0500] "GET /galeria/nivo-slider/demo/images/banner-redes.jpg HTTP/1.1" 304 -
200.93.185.158 - - [13/Nov/2014:08:01:17 -0500] "GET /ecodirectorio/res%5Cthumbnails%5Cthumb_39.png HTTP/1.0" 404 1305
201.245.192.253 - - [13/Nov/2014:08:01:25 -0500] "GET /isolucionsda/ HTTP/1.1" 200 739
200.93.185.158 - - [13/Nov/2014:08:01:25 -0500] "GET /ecodirectorio/res%5Cthumbnails%5Cthumb_41.png HTTP/1.0" 404 1305
201.245.192.253 - - [13/Nov/2014:08:01:26 -0500] "GET /isolucionsda/IdentificaUsuario.asp?Pagina1=FrameSetGeneral.asp& HTTP/1.1" 200 4997
200.93.185.158 - - [13/Nov/2014:08:01:27 -0500] "GET /ecodirectorio/res%5Cthumbnails%5Cthumb_40.png HTTP/1.0" 404 1305
181.135.141.39 - - [13/Nov/2014:08:01:28 -0500] "GET /autoliquidacion HTTP/1.1" 301 310
181.135.141.39 - - [13/Nov/2014:08:01:28 -0500] "GET /autoliquidacion/ HTTP/1.1" 200 6375
181.135.141.39 - - [13/Nov/2014:08:01:28 -0500] "GET /autoliquidacion/dlf/styles.css HTTP/1.1" 200 3045
181.135.141.39 - - [13/Nov/2014:08:01:28 -0500] "GET /autoliquidacion/dlf/folder.png HTTP/1.1" 200 410
181.135.141.39 - - [13/Nov/2014:08:01:28 -0500] "GET /autoliquidacion/dlf/bg.gif HTTP/1.1" 200 54
201.245.192.253 - - [13/Nov/2014:08:01:30 -0500] "GET /plugins/like.php?href=http://www.elnuevosiglo.com.co/articulos/11-2014-m%C3%A1s-controles-publicidad-exterior-en-bogot%C3%A1.html%20&layout=button_count&show_faces=true&width=80&action=like&colorscheme=light&height=21 HTTP/1.1" 404 1434
200.93.185.158 - - [13/Nov/2014:08:01:31 -0500] "GET /ecodirectorio/res%5Cthumbnails%5Cthumb_42.png HTTP/1.0" 404 1305
201.245.192.253 - - [13/Nov/2014:08:01:34 -0500] "POST /isolucionsda/IdentificaUsuario.asp?Pagina1=FrameSetGeneral.asp& HTTP/1.1" 302 173
201.245.192.253 - - [13/Nov/2014:08:01:34 -0500] "GET /isolucionsda/FrameSetGeneral.asp?Pagina1=FrameSetGeneral.asp& HTTP/1.1" 200 6613
201.245.192.253 - - [13/Nov/2014:08:01:34 -0500] "GET /isolucionsda/Encabezado.asp?Pagina1=FrameSetGeneral.asp&&Pagina=MagazinHome.asp HTTP/1.1" 200 15388
201.245.192.253 - - [13/Nov/2014:08:01:34 -0500] "GET /isolucionsda/BarraTitulos.asp?Pagina1=FrameSetGeneral.asp&&Pagina=MagazinHome.asp HTTP/1.1" 200 6972
201.245.192.253 - - [13/Nov/2014:08:01:34 -0500] "GET /isolucionsda/BarraFavoritos.asp HTTP/1.1" 200 911
201.245.192.253 - - [13/Nov/2014:08:01:34 -0500] "GET /isolucionsda/MagazinHome.asp HTTP/1.1" 200 25853
201.245.192.253 - - [13/Nov/2014:08:01:35 -0500] "GET /isolucionsda/Session.asp?Continue=1 HTTP/1.1" 200 6324
201.245.192.253 - - [13/Nov/2014:08:01:35 -0500] "GET /isolucionsda/grafvinetas/logo%2030.jpg HTTP/1.1" 200 18166
201.245.192.253 - - [13/Nov/2014:08:01:35 -0500] "GET /isolucionsda/TareasSFRedirect.asp HTTP/1.1" 302 195
201.245.192.253 - - [13/Nov/2014:08:01:35 -0500] "GET /isolucionsda/g/Bgr_Destacado3399CC.jpg HTTP/1.1" 404 5217
201.245.192.253 - - [13/Nov/2014:08:01:35 -0500] "GET /isolucionsda/Login.aspx?TARGET=SFContainerFiltrado.aspx&number=54566550545157664549 HTTP/1.1" 302 886
201.245.192.253 - - [13/Nov/2014:08:01:36 -0500] "GET /isolucionsda/SFContainerFiltrado.aspx?Number=54566550545157664549 HTTP/1.1" 200 14356
201.245.192.253 - - [13/Nov/2014:08:01:36 -0500] "GET /isolucionsda/DetalleTareas.aspx?Number=54566550545157664549 HTTP/1.1" 200 5408
201.245.192.253 - - [13/Nov/2014:08:01:36 -0500] "GET /isolucionsda/auxlib.js HTTP/1.1" 404 5185
201.245.192.253 - - [13/Nov/2014:08:01:36 -0500] "GET /isolucionsda/infowndpublic.js HTTP/1.1" 404 5199
201.245.192.253 - - [13/Nov/2014:08:01:36 -0500] "GET /isolucionsda/infowndcore.js HTTP/1.1" 404 5195
181.135.141.39 - - [13/Nov/2014:08:01:38 -0500] "GET /autoliquidacion/ HTTP/1.1" 200 6375
201.245.192.253 - - [13/Nov/2014:08:01:41 -0500] "GET /embed/7PzhHHy2EXM HTTP/1.1" 404 1247
201.245.192.253 - - [13/Nov/2014:08:01:42 -0500] "GET /isolucionsda/FrameSetGeneral.asp?Pagina=Menu.asp&IdModulo=4 HTTP/1.1" 200 6583
201.245.192.253 - - [13/Nov/2014:08:01:42 -0500] "GET /isolucionsda/Encabezado.asp?Pagina=Menu.asp&IdModulo=4 HTTP/1.1" 200 15389
201.245.192.253 - - [13/Nov/2014:08:01:43 -0500] "GET /isolucionsda/BarraTitulos.asp?Pagina=Menu.asp&IdModulo=4 HTTP/1.1" 200 6985
201.245.192.253 - - [13/Nov/2014:08:01:43 -0500] "GET /isolucionsda/BarraFavoritos.asp HTTP/1.1" 200 911
201.245.192.253 - - [13/Nov/2014:08:01:43 -0500] "GET /isolucionsda/Menu.asp?Pagina=Menu.asp&IdModulo=4 HTTP/1.1" 200 9682
201.245.192.253 - - [13/Nov/2014:08:01:43 -0500] "GET /isolucionsda/Session.asp?Continue=1 HTTP/1.1" 200 6324
201.245.192.253 - - [13/Nov/2014:08:01:48 -0500] "GET /isolucionsda/FrameSetGeneral.asp?Pagina=ListadoMaestroDocumentos3.asp HTTP/1.1" 200 6634
201.245.192.253 - - [13/Nov/2014:08:01:48 -0500] "GET /isolucionsda/Encabezado.asp?Pagina=ListadoMaestroDocumentos3.asp HTTP/1.1" 200 15364
201.245.192.253 - - [13/Nov/2014:08:01:48 -0500] "GET /isolucionsda/BarraTitulos.asp?Pagina=ListadoMaestroDocumentos3.asp HTTP/1.1" 200 6985
201.245.192.253 - - [13/Nov/2014:08:01:48 -0500] "GET /isolucionsda/BarraFavoritos.asp HTTP/1.1" 200 911
201.245.192.253 - - [13/Nov/2014:08:01:48 -0500] "GET /isolucionsda/ListadoMaestroDocumentos3.asp?Pagina=ListadoMaestroDocumentos3.asp HTTP/1.1" 200 11467
201.245.192.253 - - [13/Nov/2014:08:01:48 -0500] "GET /isolucionsda/Session.asp?Continue=1 HTTP/1.1" 200 6324
181.135.141.39 - - [13/Nov/2014:08:01:49 -0500] "GET /autoliquidacion/index.php?dir=Solicitudes+relacionadas+con+calidad+del+aire+auditiva+y+visual%2F HTTP/1.1" 200 5748
181.135.141.39 - - [13/Nov/2014:08:01:49 -0500] "GET /autoliquidacion/dlf/dirup.png HTTP/1.1" 200 644
200.93.185.158 - - [13/Nov/2014:08:01:50 -0500] "GET /ecodirectorio/res%5Cthumbnails%5Cthumb_44.png HTTP/1.0" 404 1305
201.245.192.253 - - [13/Nov/2014:08:01:52 -0500] "POST /isolucionsda/ListadoMaestroDocumentos3.asp HTTP/1.1" 200 17145
200.93.185.158 - - [13/Nov/2014:08:01:53 -0500] "GET /ecodirectorio/res%5Cthumbnails%5Cthumb_43.png HTTP/1.0" 404 1305
201.245.192.253 - - [13/Nov/2014:08:01:58 -0500] "POST /isolucionsda/ListadoMaestroDocumentos3.asp?Accion=Consultar&Mande=Buscar&paginaactual=2 HTTP/1.1" 200 17694
181.135.141.39 - - [13/Nov/2014:08:02:00 -0500] "GET /autoliquidacion/index.php?dir=Solicitudes+relacionadas+con+calidad+del+aire+auditiva+y+visual%2FRegistro+de+Elementos+de+publicidad+Exterior+Visual%2F HTTP/1.1" 200 4037
181.135.141.39 - - [13/Nov/2014:08:02:00 -0500] "GET /autoliquidacion/dlf/xls.gif HTTP/1.1" 200 636
181.135.141.39 - - [13/Nov/2014:08:02:00 -0500] "GET /autoliquidacion/dlf/html.gif HTTP/1.1" 200 632
181.135.141.39 - - [13/Nov/2014:08:02:00 -0500] "GET /autoliquidacion/dlf/pdf.gif HTTP/1.1" 200 272
200.93.185.158 - - [13/Nov/2014:08:02:00 -0500] "GET /ecodirectorio/res%5Cthumbnails%5Cthumb_45.png HTTP/1.0" 404 1305
201.245.192.253 - - [13/Nov/2014:08:02:02 -0500] "POST /isolucionsda/ListadoMaestroDocumentos3.asp?Accion=Consultar&Mande=Buscar&paginaactual=3 HTTP/1.1" 200 16988
181.135.141.39 - - [13/Nov/2014:08:02:02 -0500] "GET /autoliquidacion/Solicitudes%20relacionadas%20con%20calidad%20del%20aire%20auditiva%20y%20visual/Registro%20de%20Elementos%20de%20publicidad%20Exterior%20Visual/Resolucion%200877%20126PM04-PR16%20registro%20pev.pdf HTTP/1.1" 200 566340
181.135.141.39 - - [13/Nov/2014:08:02:03 -0500] "GET /autoliquidacion/Solicitudes%20relacionadas%20con%20calidad%20del%20aire%20auditiva%20y%20visual/Registro%20de%20Elementos%20de%20publicidad%20Exterior%20Visual/Resolucion%200877%20126PM04-PR16%20registro%20pev.pdf HTTP/1.1" 206 32768
181.135.141.39 - - [13/Nov/2014:08:02:03 -0500] "GET /autoliquidacion/Solicitudes%20relacionadas%20con%20calidad%20del%20aire%20auditiva%20y%20visual/Registro%20de%20Elementos%20de%20publicidad%20Exterior%20Visual/Resolucion%200877%20126PM04-PR16%20registro%20pev.pdf HTTP/1.1" 206 533572
201.245.192.253 - - [13/Nov/2014:08:02:04 -0500] "POST /isolucionsda/ListadoMaestroDocumentos3.asp?Accion=Consultar&Mande=Buscar&paginaactual=4 HTTP/1.1" 200 17260
201.245.192.253 - - [13/Nov/2014:08:02:07 -0500] "GET /isolucionsda/FramesetArticulo.asp?Pagina=bancoconocimiento%2FA%2FActadeReunionyRelaciondeAsistencia%5Fv7%2FActadeReunionyRelaciondeAsistencia%5Fv7%2Easp&IdArticulo=7882 HTTP/1.1" 200 7381
201.245.192.253 - - [13/Nov/2014:08:02:07 -0500] "GET /isolucionsda/Arriba.asp?Pagina=bancoconocimiento%2FA%2FActadeReunionyRelaciondeAsistencia%5Fv7%2FActadeReunionyRelaciondeAsistencia%5Fv7%2Easp&IdArticulo=7882 HTTP/1.1" 200 10602
201.245.192.253 - - [13/Nov/2014:08:02:07 -0500] "GET /isolucionsda/bancoconocimiento/A/ActadeReunionyRelaciondeAsistencia_v7/ActadeReunionyRelaciondeAsistencia_v7.asp?IdArticulo=7882 HTTP/1.1" 302 186
201.245.192.253 - - [13/Nov/2014:08:02:07 -0500] "GET /isolucionsda/bancoconocimiento/A/ActadeReunionyRelaciondeAsistencia_v7/acta%20de%20reunion%20y%20relacion%20de%20asistencia%20v%2070.doc HTTP/1.1" 304 -
201.245.192.253 - - [13/Nov/2014:08:02:09 -0500] "OPTIONS /isolucionsda/bancoconocimiento/A/ActadeReunionyRelaciondeAsistencia_v7/ HTTP/1.1" 200 -
201.245.192.253 - - [13/Nov/2014:08:02:09 -0500] "OPTIONS /isolucionsda/bancoconocimiento/A/ActadeReunionyRelaciondeAsistencia_v7/ HTTP/1.1" 200 -
200.93.185.158 - - [13/Nov/2014:08:02:09 -0500] "GET /ecodirectorio/res%5Cthumbnails%5Cthumb_46.png HTTP/1.0" 404 1305
201.245.192.253 - - [13/Nov/2014:08:02:09 -0500] "HEAD /isolucionsda/bancoconocimiento/A/ActadeReunionyRelaciondeAsistencia_v7/acta%20de%20reunion%20y%20relacion%20de%20asistencia%20v%2070.doc HTTP/1.1" 200 -
201.245.192.253 - - [13/Nov/2014:08:02:16 -0500] "OPTIONS /isolucionsda/bancoconocimiento/A/ HTTP/1.1" 200 -
201.245.192.253 - - [13/Nov/2014:08:02:16 -0500] "HEAD /isolucionsda/bancoconocimiento/A/ActadeReunionyRelaciondeAsistencia_v7/acta%20de%20reunion%20y%20relacion%20de%20asistencia%20v%2070.doc HTTP/1.1" 200 -
200.93.185.158 - - [13/Nov/2014:08:02:18 -0500] "GET /ecodirectorio/res%5Cthumbnails%5Cthumb_47.png HTTP/1.0" 404 1305
200.93.185.158 - - [13/Nov/2014:08:02:37 -0500] "GET /ecodirectorio/res%5Cthumbnails%5Cthumb_49.png HTTP/1.0" 404 1305
190.7.159.170 - - [13/Nov/2014:08:02:39 -0500] "GET /BLA/boletinlegal/js/jquery.js HTTP/1.1" 200 57254
190.7.159.170 - - [13/Nov/2014:08:02:39 -0500] "GET /BLA/boletinlegal/js/jquery.scrollTo-min.js HTTP/1.1" 200 1150
190.7.159.170 - - [13/Nov/2014:08:02:39 -0500] "GET /BLA/boletinlegal/js/jquery.scrollShow.js HTTP/1.1" 200 4586
201.245.192.253 - - [13/Nov/2014:08:02:42 -0500] "OPTIONS /isolucionsda/bancoconocimiento/A/ActadeReunionyRelaciondeAsistencia_v7/ HTTP/1.1" 200 -
201.245.192.253 - - [13/Nov/2014:08:02:42 -0500] "HEAD /isolucionsda/bancoconocimiento/A/ActadeReunionyRelaciondeAsistencia_v7/ HTTP/1.1" 403 -
201.245.192.253 - - [13/Nov/2014:08:02:42 -0500] "OPTIONS /isolucionsda/bancoconocimiento/A/ActadeReunionyRelaciondeAsistencia_v7/ HTTP/1.1" 200 -
201.245.192.253 - - [13/Nov/2014:08:02:42 -0500] "HEAD /isolucionsda/bancoconocimiento/A/ActadeReunionyRelaciondeAsistencia_v7 HTTP/1.1" 301 -
201.245.192.253 - - [13/Nov/2014:08:02:42 -0500] "HEAD /isolucionsda/bancoconocimiento/A/ActadeReunionyRelaciondeAsistencia_v7/ HTTP/1.1" 403 -
201.245.192.253 - - [13/Nov/2014:08:02:42 -0500] "OPTIONS /isolucionsda/bancoconocimiento/A/ActadeReunionyRelaciondeAsistencia_v7/ HTTP/1.1" 200 -
201.245.192.253 - - [13/Nov/2014:08:02:42 -0500] "HEAD /isolucionsda/bancoconocimiento/A/ActadeReunionyRelaciondeAsistencia_v7 HTTP/1.1" 301 -
201.245.192.253 - - [13/Nov/2014:08:02:42 -0500] "HEAD /isolucionsda/bancoconocimiento/A/ActadeReunionyRelaciondeAsistencia_v7/ HTTP/1.1" 403 -
200.93.185.158 - - [13/Nov/2014:08:02:43 -0500] "GET /ecodirectorio/res%5Cthumbnails%5Cthumb_48.png HTTP/1.0" 404 1305
157.55.39.34 - - [13/Nov/2014:08:02:43 -0500] "GET /smbc/feb6.htm HTTP/1.1" 404 1019
201.245.192.253 - - [13/Nov/2014:08:02:44 -0500] "GET /plugins/like.php?action=like&app_id=&channel=http%3A%2F%2Fstatic.ak.facebook.com%2Fconnect%2Fxd_arbiter%2FQjK2hWv6uak.js%3Fversion%3D41%23cb%3Df157408a594365e%26domain%3Dwww.elespectador.com%26origin%3Dhttp%253A%252F%252Fwww.elespectador.com%252Ff2e83a8ba9518dc%26relation%3Dparent.parent&href=https%3A%2F%2Fwww.facebook.com%2Felespectadorcom&layout=button&locale=es_LA&sdk=joey&share=false&show_faces=false HTTP/1.1" 404 1276
201.245.192.253 - - [13/Nov/2014:08:02:45 -0500] "GET /plugins/like.php?action=like&app_id=&channel=http%3A%2F%2Fstatic.ak.facebook.com%2Fconnect%2Fxd_arbiter%2FQjK2hWv6uak.js%3Fversion%3D41%23cb%3Df18d320bf74e0f5%26domain%3Dwww.elespectador.com%26origin%3Dhttp%253A%252F%252Fwww.elespectador.com%252Ff2e83a8ba9518dc%26relation%3Dparent.parent&href=https%3A%2F%2Fwww.facebook.com%2Felespectadorcom&layout=button&locale=es_LA&sdk=joey&share=false&show_faces=false HTTP/1.1" 404 1276
201.245.192.253 - - [13/Nov/2014:08:02:45 -0500] "GET /plugins/like.php?action=like&app_id=&channel=http%3A%2F%2Fstatic.ak.facebook.com%2Fconnect%2Fxd_arbiter%2FQjK2hWv6uak.js%3Fversion%3D41%23cb%3Df2802e09b2c91d6%26domain%3Dwww.elespectador.com%26origin%3Dhttp%253A%252F%252Fwww.elespectador.com%252Ff2e83a8ba9518dc%26relation%3Dparent.parent&href=http%3A%2F%2Fwww.elespectador.com%2F&layout=standard&locale=es_LA&sdk=joey&share=true&show_faces=false&width=450 HTTP/1.1" 404 1276
200.93.185.158 - - [13/Nov/2014:08:02:46 -0500] "GET /ecodirectorio/res%5Cthumbnails%5Cthumb_50.png HTTP/1.0" 404 1305
201.245.192.253 - - [13/Nov/2014:08:02:46 -0500] "GET /plugins/like.php?action=like&app_id=&channel=http%3A%2F%2Fstatic.ak.facebook.com%2Fconnect%2Fxd_arbiter%2FQjK2hWv6uak.js%3Fversion%3D41%23cb%3Df24d9350a323744%26domain%3Dwww.elespectador.com%26origin%3Dhttp%253A%252F%252Fwww.elespectador.com%252Ff2e83a8ba9518dc%26relation%3Dparent.parent&href=http%3A%2F%2Fwww.elespectador.com%2F&layout=standard&locale=es_LA&sdk=joey&share=true&show_faces=false&width=450 HTTP/1.1" 404 1276
181.135.141.39 - - [13/Nov/2014:08:02:47 -0500] "GET /autoliquidacion/Solicitudes%20relacionadas%20con%20calidad%20del%20aire%20auditiva%20y%20visual/Registro%20de%20Elementos%20de%20publicidad%20Exterior%20Visual/Aplicativo%20PEV%202014.htm HTTP/1.1" 200 327
186.117.60.88 - - [13/Nov/2014:08:02:57 -0500] "GET /BLA/boletinlegal/js/jquery.js HTTP/1.1" 200 57254
186.117.60.88 - - [13/Nov/2014:08:02:57 -0500] "GET /BLA/boletinlegal/js/jquery.scrollTo-min.js HTTP/1.1" 200 1150
186.117.60.88 - - [13/Nov/2014:08:02:57 -0500] "GET /BLA/boletinlegal/js/jquery.scrollShow.js HTTP/1.1" 200 4586
200.93.185.158 - - [13/Nov/2014:08:03:02 -0500] "GET /ecodirectorio/res%5Cthumbnails%5Cthumb_51.png HTTP/1.0" 404 1305
200.93.185.158 - - [13/Nov/2014:08:03:04 -0500] "GET /ecodirectorio/res%5Cthumbnails%5Cthumb_52.png HTTP/1.0" 404 1305
200.93.185.158 - - [13/Nov/2014:08:03:04 -0500] "GET /ecodirectorio/res%5Cthumbnails%5Cthumb_53.png HTTP/1.0" 404 1305
200.93.185.158 - - [13/Nov/2014:08:03:06 -0500] "GET /ecodirectorio/res%5Cthumbnails%5Cthumb_36.png HTTP/1.0" 404 1305
181.135.141.39 - - [13/Nov/2014:08:03:06 -0500] "GET /autoliquidacion/Solicitudes%20relacionadas%20con%20calidad%20del%20aire%20auditiva%20y%20visual/Registro%20de%20Elementos%20de%20publicidad%20Exterior%20Visual/126pm04-pr16-f-a301%20Formato%20Solicitud%20de%20registro.xls HTTP/1.1" 200 3573248
200.93.185.158 - - [13/Nov/2014:08:03:07 -0500] "GET /ecodirectorio/res%5Cthumbnails%5Cthumb_36.png HTTP/1.0" 404 1305
200.93.185.158 - - [13/Nov/2014:08:03:11 -0500] "GET /ecodirectorio/res%5Cthumbnails%5Cthumb_54.png HTTP/1.0" 404 1305
200.93.185.158 - - [13/Nov/2014:08:03:15 -0500] "GET /ecodirectorio/res%5Cthumbnails%5Cthumb_55.png HTTP/1.0" 404 1305
200.93.185.158 - - [13/Nov/2014:08:03:15 -0500] "GET /ecodirectorio/res%5Cthumbnails%5Cthumb_56.png HTTP/1.0" 404 1305
200.93.185.158 - - [13/Nov/2014:08:03:16 -0500] "GET /ecodirectorio/res%5Cthumbnails%5Cthumb_57.png HTTP/1.0" 404 1305
200.75.35.88 - - [13/Nov/2014:08:03:19 -0500] "-" 408 -
201.245.192.253 - - [13/Nov/2014:08:03:20 -0500] "GET /galeria/carrusel/Carrusel/jquery.thumbnailScroller.css HTTP/1.1" 304 -
201.245.192.253 - - [13/Nov/2014:08:03:20 -0500] "GET /galeria/carrusel/Carrusel/jquery-ui-1.8.13.custom.min.js HTTP/1.1" 304 -
201.245.192.253 - - [13/Nov/2014:08:03:20 -0500] "GET /galeria/carrusel/Carrusel/jquery.thumbnailScroller.js HTTP/1.1" 304 -
201.245.192.253 - - [13/Nov/2014:08:03:22 -0500] "GET /galeria/nivo-slider/demo/demo.html HTTP/1.1" 304 -
186.80.130.215 - - [13/Nov/2014:08:03:22 -0500] "GET /BLA/boletinlegal/js/jquery.js HTTP/1.1" 200 57254
186.80.130.215 - - [13/Nov/2014:08:03:22 -0500] "GET /BLA/boletinlegal/js/jquery.scrollShow.js HTTP/1.1" 200 4586
186.80.130.215 - - [13/Nov/2014:08:03:22 -0500] "GET /BLA/boletinlegal/js/jquery.scrollTo-min.js HTTP/1.1" 200 1150
201.245.192.253 - - [13/Nov/2014:08:03:22 -0500] "GET /galeria/nivo-slider/demo/images/ForoNacionalAmbiental.jpg HTTP/1.1" 304 -
201.245.192.253 - - [13/Nov/2014:08:03:22 -0500] "GET /galeria/nivo-slider/demo/images/Banner-comparendo.jpg HTTP/1.1" 304 -
201.245.192.253 - - [13/Nov/2014:08:03:22 -0500] "GET /galeria/nivo-slider/demo/images/Banner-Ecourbanismo.jpg HTTP/1.1" 304 -
201.245.192.253 - - [13/Nov/2014:08:03:22 -0500] "GET /galeria/nivo-slider/demo/images/porloshumedales.jpg HTTP/1.1" 304 -
201.245.192.253 - - [13/Nov/2014:08:03:22 -0500] "GET /galeria/nivo-slider/demo/images/banner-aceite3.jpg HTTP/1.1" 304 -
201.245.192.253 - - [13/Nov/2014:08:03:22 -0500] "GET /galeria/nivo-slider/demo/images/banner-redes.jpg HTTP/1.1" 304 -
200.93.185.158 - - [13/Nov/2014:08:03:23 -0500] "GET /ecodirectorio/res%5Cthumbnails%5Cthumb_58.png HTTP/1.0" 404 1305
200.75.35.88 - - [13/Nov/2014:08:03:23 -0500] "-" 408 -
200.93.185.158 - - [13/Nov/2014:08:03:29 -0500] "GET /ecodirectorio/res%5Cthumbnails%5Cthumb_60.png HTTP/1.0" 404 1305
200.75.35.88 - - [13/Nov/2014:08:03:31 -0500] "-" 408 -
