186.82.78.180 - - [21/Nov/2014:06:52:25 -0500] "POST /forms/lservlet;jsessionid=ac16012b30d57214cb46c874470f816f92415861bbcf.e3iSbxaKaheRe34Sa3yKbhiTahb0n6jAmljGr5XDqQLvpAe HTTP/1.1" 200 2
186.82.78.180 - - [21/Nov/2014:06:52:26 -0500] "POST /forms/lservlet;jsessionid=ac16012b30d57214cb46c874470f816f92415861bbcf.e3iSbxaKaheRe34Sa3yKbhiTahb0n6jAmljGr5XDqQLvpAe HTTP/1.1" 200 2368
186.82.78.180 - - [21/Nov/2014:06:52:26 -0500] "POST /forms/lservlet;jsessionid=ac16012b30d57214cb46c874470f816f92415861bbcf.e3iSbxaKaheRe34Sa3yKbhiTahb0n6jAmljGr5XDqQLvpAe HTTP/1.1" 200 2
186.82.78.180 - - [21/Nov/2014:06:52:27 -0500] "POST /forms/lservlet;jsessionid=ac16012b30d57214cb46c874470f816f92415861bbcf.e3iSbxaKaheRe34Sa3yKbhiTahb0n6jAmljGr5XDqQLvpAe HTTP/1.1" 200 2
186.82.78.180 - - [21/Nov/2014:06:52:27 -0500] "POST /forms/lservlet;jsessionid=ac16012b30d57214cb46c874470f816f92415861bbcf.e3iSbxaKaheRe34Sa3yKbhiTahb0n6jAmljGr5XDqQLvpAe HTTP/1.1" 200 2680
186.82.78.180 - - [21/Nov/2014:06:52:28 -0500] "POST /forms/lservlet;jsessionid=ac16012b30d57214cb46c874470f816f92415861bbcf.e3iSbxaKaheRe34Sa3yKbhiTahb0n6jAmljGr5XDqQLvpAe HTTP/1.1" 200 2
186.82.78.180 - - [21/Nov/2014:06:52:31 -0500] "POST /forms/lservlet;jsessionid=ac16012b30d57214cb46c874470f816f92415861bbcf.e3iSbxaKaheRe34Sa3yKbhiTahb0n6jAmljGr5XDqQLvpAe HTTP/1.1" 200 2
186.82.78.180 - - [21/Nov/2014:06:52:31 -0500] "POST /forms/lservlet;jsessionid=ac16012b30d57214cb46c874470f816f92415861bbcf.e3iSbxaKaheRe34Sa3yKbhiTahb0n6jAmljGr5XDqQLvpAe HTTP/1.1" 200 2235
186.82.78.180 - - [21/Nov/2014:06:52:31 -0500] "POST /forms/lservlet;jsessionid=ac16012b30d57214cb46c874470f816f92415861bbcf.e3iSbxaKaheRe34Sa3yKbhiTahb0n6jAmljGr5XDqQLvpAe HTTP/1.1" 200 2
186.82.78.180 - - [21/Nov/2014:06:52:32 -0500] "POST /forms/lservlet;jsessionid=ac16012b30d57214cb46c874470f816f92415861bbcf.e3iSbxaKaheRe34Sa3yKbhiTahb0n6jAmljGr5XDqQLvpAe HTTP/1.1" 200 2
186.82.78.180 - - [21/Nov/2014:06:52:32 -0500] "POST /forms/lservlet;jsessionid=ac16012b30d57214cb46c874470f816f92415861bbcf.e3iSbxaKaheRe34Sa3yKbhiTahb0n6jAmljGr5XDqQLvpAe HTTP/1.1" 200 2565
186.82.78.180 - - [21/Nov/2014:06:52:33 -0500] "POST /forms/lservlet;jsessionid=ac16012b30d57214cb46c874470f816f92415861bbcf.e3iSbxaKaheRe34Sa3yKbhiTahb0n6jAmljGr5XDqQLvpAe HTTP/1.1" 200 2
186.82.78.180 - - [21/Nov/2014:06:52:35 -0500] "POST /forms/lservlet;jsessionid=ac16012b30d57214cb46c874470f816f92415861bbcf.e3iSbxaKaheRe34Sa3yKbhiTahb0n6jAmljGr5XDqQLvpAe HTTP/1.1" 200 2
186.82.78.180 - - [21/Nov/2014:06:52:35 -0500] "POST /forms/lservlet;jsessionid=ac16012b30d57214cb46c874470f816f92415861bbcf.e3iSbxaKaheRe34Sa3yKbhiTahb0n6jAmljGr5XDqQLvpAe HTTP/1.1" 200 3600
186.82.78.180 - - [21/Nov/2014:06:52:36 -0500] "POST /forms/lservlet;jsessionid=ac16012b30d57214cb46c874470f816f92415861bbcf.e3iSbxaKaheRe34Sa3yKbhiTahb0n6jAmljGr5XDqQLvpAe HTTP/1.1" 200 2
186.82.78.180 - - [21/Nov/2014:06:52:40 -0500] "POST /forms/lservlet;jsessionid=ac16012b30d57214cb46c874470f816f92415861bbcf.e3iSbxaKaheRe34Sa3yKbhiTahb0n6jAmljGr5XDqQLvpAe HTTP/1.1" 200 2
186.82.78.180 - - [21/Nov/2014:06:52:40 -0500] "POST /forms/lservlet;jsessionid=ac16012b30d57214cb46c874470f816f92415861bbcf.e3iSbxaKaheRe34Sa3yKbhiTahb0n6jAmljGr5XDqQLvpAe HTTP/1.1" 200 3370
186.82.78.180 - - [21/Nov/2014:06:52:41 -0500] "POST /forms/lservlet;jsessionid=ac16012b30d57214cb46c874470f816f92415861bbcf.e3iSbxaKaheRe34Sa3yKbhiTahb0n6jAmljGr5XDqQLvpAe HTTP/1.1" 200 2
186.82.78.180 - - [21/Nov/2014:06:52:47 -0500] "POST /forms/lservlet;jsessionid=ac16012b30d57214cb46c874470f816f92415861bbcf.e3iSbxaKaheRe34Sa3yKbhiTahb0n6jAmljGr5XDqQLvpAe HTTP/1.1" 200 2
186.82.78.180 - - [21/Nov/2014:06:52:47 -0500] "POST /forms/lservlet;jsessionid=ac16012b30d57214cb46c874470f816f92415861bbcf.e3iSbxaKaheRe34Sa3yKbhiTahb0n6jAmljGr5XDqQLvpAe HTTP/1.1" 200 3541
186.82.78.180 - - [21/Nov/2014:06:52:48 -0500] "POST /forms/lservlet;jsessionid=ac16012b30d57214cb46c874470f816f92415861bbcf.e3iSbxaKaheRe34Sa3yKbhiTahb0n6jAmljGr5XDqQLvpAe HTTP/1.1" 200 2
186.82.78.180 - - [21/Nov/2014:06:52:49 -0500] "POST /forms/lservlet;jsessionid=ac16012b30d57214cb46c874470f816f92415861bbcf.e3iSbxaKaheRe34Sa3yKbhiTahb0n6jAmljGr5XDqQLvpAe HTTP/1.1" 200 2
186.82.78.180 - - [21/Nov/2014:06:52:49 -0500] "POST /forms/lservlet;jsessionid=ac16012b30d57214cb46c874470f816f92415861bbcf.e3iSbxaKaheRe34Sa3yKbhiTahb0n6jAmljGr5XDqQLvpAe HTTP/1.1" 200 2996
186.82.78.180 - - [21/Nov/2014:06:52:50 -0500] "POST /forms/lservlet;jsessionid=ac16012b30d57214cb46c874470f816f92415861bbcf.e3iSbxaKaheRe34Sa3yKbhiTahb0n6jAmljGr5XDqQLvpAe HTTP/1.1" 200 2
186.82.78.180 - - [21/Nov/2014:06:52:52 -0500] "POST /forms/lservlet;jsessionid=ac16012b30d57214cb46c874470f816f92415861bbcf.e3iSbxaKaheRe34Sa3yKbhiTahb0n6jAmljGr5XDqQLvpAe HTTP/1.1" 200 2
186.82.78.180 - - [21/Nov/2014:06:52:52 -0500] "POST /forms/lservlet;jsessionid=ac16012b30d57214cb46c874470f816f92415861bbcf.e3iSbxaKaheRe34Sa3yKbhiTahb0n6jAmljGr5XDqQLvpAe HTTP/1.1" 200 3759
186.82.78.180 - - [21/Nov/2014:06:52:53 -0500] "POST /forms/lservlet;jsessionid=ac16012b30d57214cb46c874470f816f92415861bbcf.e3iSbxaKaheRe34Sa3yKbhiTahb0n6jAmljGr5XDqQLvpAe HTTP/1.1" 200 2
190.84.71.109 - - [21/Nov/2014:06:52:53 -0500] "GET /BLA/boletinlegal/js/jquery.js HTTP/1.1" 200 57254
190.84.71.109 - - [21/Nov/2014:06:52:53 -0500] "GET /BLA/boletinlegal/js/jquery.scrollTo-min.js HTTP/1.1" 200 1150
190.84.71.109 - - [21/Nov/2014:06:52:53 -0500] "GET /BLA/boletinlegal/js/jquery.scrollShow.js HTTP/1.1" 200 4586
186.82.78.180 - - [21/Nov/2014:06:52:55 -0500] "POST /forms/lservlet;jsessionid=ac16012b30d57214cb46c874470f816f92415861bbcf.e3iSbxaKaheRe34Sa3yKbhiTahb0n6jAmljGr5XDqQLvpAe HTTP/1.1" 200 2
186.82.78.180 - - [21/Nov/2014:06:52:55 -0500] "POST /forms/lservlet;jsessionid=ac16012b30d57214cb46c874470f816f92415861bbcf.e3iSbxaKaheRe34Sa3yKbhiTahb0n6jAmljGr5XDqQLvpAe HTTP/1.1" 200 3797
186.82.78.180 - - [21/Nov/2014:06:52:56 -0500] "POST /forms/lservlet;jsessionid=ac16012b30d57214cb46c874470f816f92415861bbcf.e3iSbxaKaheRe34Sa3yKbhiTahb0n6jAmljGr5XDqQLvpAe HTTP/1.1" 200 2
186.82.78.180 - - [21/Nov/2014:06:52:57 -0500] "POST /forms/lservlet;jsessionid=ac16012b30d57214cb46c874470f816f92415861bbcf.e3iSbxaKaheRe34Sa3yKbhiTahb0n6jAmljGr5XDqQLvpAe HTTP/1.1" 200 2
186.82.78.180 - - [21/Nov/2014:06:52:57 -0500] "POST /forms/lservlet;jsessionid=ac16012b30d57214cb46c874470f816f92415861bbcf.e3iSbxaKaheRe34Sa3yKbhiTahb0n6jAmljGr5XDqQLvpAe HTTP/1.1" 200 3491
186.82.78.180 - - [21/Nov/2014:06:52:58 -0500] "POST /forms/lservlet;jsessionid=ac16012b30d57214cb46c874470f816f92415861bbcf.e3iSbxaKaheRe34Sa3yKbhiTahb0n6jAmljGr5XDqQLvpAe HTTP/1.1" 200 2
186.82.78.180 - - [21/Nov/2014:06:52:58 -0500] "POST /forms/lservlet;jsessionid=ac16012b30d57214cb46c874470f816f92415861bbcf.e3iSbxaKaheRe34Sa3yKbhiTahb0n6jAmljGr5XDqQLvpAe HTTP/1.1" 200 2
186.82.78.180 - - [21/Nov/2014:06:52:58 -0500] "POST /forms/lservlet;jsessionid=ac16012b30d57214cb46c874470f816f92415861bbcf.e3iSbxaKaheRe34Sa3yKbhiTahb0n6jAmljGr5XDqQLvpAe HTTP/1.1" 200 2975
186.82.78.180 - - [21/Nov/2014:06:52:59 -0500] "POST /forms/lservlet;jsessionid=ac16012b30d57214cb46c874470f816f92415861bbcf.e3iSbxaKaheRe34Sa3yKbhiTahb0n6jAmljGr5XDqQLvpAe HTTP/1.1" 200 2
186.82.78.180 - - [21/Nov/2014:06:53:00 -0500] "POST /forms/lservlet;jsessionid=ac16012b30d57214cb46c874470f816f92415861bbcf.e3iSbxaKaheRe34Sa3yKbhiTahb0n6jAmljGr5XDqQLvpAe HTTP/1.1" 200 2
186.82.78.180 - - [21/Nov/2014:06:53:00 -0500] "POST /forms/lservlet;jsessionid=ac16012b30d57214cb46c874470f816f92415861bbcf.e3iSbxaKaheRe34Sa3yKbhiTahb0n6jAmljGr5XDqQLvpAe HTTP/1.1" 200 3017
186.82.78.180 - - [21/Nov/2014:06:53:01 -0500] "POST /forms/lservlet;jsessionid=ac16012b30d57214cb46c874470f816f92415861bbcf.e3iSbxaKaheRe34Sa3yKbhiTahb0n6jAmljGr5XDqQLvpAe HTTP/1.1" 200 2
186.82.78.180 - - [21/Nov/2014:06:53:05 -0500] "POST /forms/lservlet;jsessionid=ac16012b30d57214cb46c874470f816f92415861bbcf.e3iSbxaKaheRe34Sa3yKbhiTahb0n6jAmljGr5XDqQLvpAe HTTP/1.1" 200 2
186.82.78.180 - - [21/Nov/2014:06:53:05 -0500] "POST /forms/lservlet;jsessionid=ac16012b30d57214cb46c874470f816f92415861bbcf.e3iSbxaKaheRe34Sa3yKbhiTahb0n6jAmljGr5XDqQLvpAe HTTP/1.1" 200 2300
186.82.78.180 - - [21/Nov/2014:06:53:06 -0500] "POST /forms/lservlet;jsessionid=ac16012b30d57214cb46c874470f816f92415861bbcf.e3iSbxaKaheRe34Sa3yKbhiTahb0n6jAmljGr5XDqQLvpAe HTTP/1.1" 200 2
186.82.78.180 - - [21/Nov/2014:06:53:06 -0500] "POST /forms/lservlet;jsessionid=ac16012b30d57214cb46c874470f816f92415861bbcf.e3iSbxaKaheRe34Sa3yKbhiTahb0n6jAmljGr5XDqQLvpAe HTTP/1.1" 200 2
186.82.78.180 - - [21/Nov/2014:06:53:07 -0500] "POST /forms/lservlet;jsessionid=ac16012b30d57214cb46c874470f816f92415861bbcf.e3iSbxaKaheRe34Sa3yKbhiTahb0n6jAmljGr5XDqQLvpAe HTTP/1.1" 200 3595
186.82.78.180 - - [21/Nov/2014:06:53:07 -0500] "POST /forms/lservlet;jsessionid=ac16012b30d57214cb46c874470f816f92415861bbcf.e3iSbxaKaheRe34Sa3yKbhiTahb0n6jAmljGr5XDqQLvpAe HTTP/1.1" 200 2
186.82.78.180 - - [21/Nov/2014:06:53:09 -0500] "POST /forms/lservlet;jsessionid=ac16012b30d57214cb46c874470f816f92415861bbcf.e3iSbxaKaheRe34Sa3yKbhiTahb0n6jAmljGr5XDqQLvpAe HTTP/1.1" 200 2
186.82.78.180 - - [21/Nov/2014:06:53:09 -0500] "POST /forms/lservlet;jsessionid=ac16012b30d57214cb46c874470f816f92415861bbcf.e3iSbxaKaheRe34Sa3yKbhiTahb0n6jAmljGr5XDqQLvpAe HTTP/1.1" 200 3766
186.82.78.180 - - [21/Nov/2014:06:53:10 -0500] "POST /forms/lservlet;jsessionid=ac16012b30d57214cb46c874470f816f92415861bbcf.e3iSbxaKaheRe34Sa3yKbhiTahb0n6jAmljGr5XDqQLvpAe HTTP/1.1" 200 2
186.82.78.180 - - [21/Nov/2014:06:53:11 -0500] "POST /forms/lservlet;jsessionid=ac16012b30d57214cb46c874470f816f92415861bbcf.e3iSbxaKaheRe34Sa3yKbhiTahb0n6jAmljGr5XDqQLvpAe HTTP/1.1" 200 2
186.82.78.180 - - [21/Nov/2014:06:53:11 -0500] "POST /forms/lservlet;jsessionid=ac16012b30d57214cb46c874470f816f92415861bbcf.e3iSbxaKaheRe34Sa3yKbhiTahb0n6jAmljGr5XDqQLvpAe HTTP/1.1" 200 3527
186.82.78.180 - - [21/Nov/2014:06:53:12 -0500] "POST /forms/lservlet;jsessionid=ac16012b30d57214cb46c874470f816f92415861bbcf.e3iSbxaKaheRe34Sa3yKbhiTahb0n6jAmljGr5XDqQLvpAe HTTP/1.1" 200 2
186.82.78.180 - - [21/Nov/2014:06:53:15 -0500] "POST /forms/lservlet;jsessionid=ac16012b30d57214cb46c874470f816f92415861bbcf.e3iSbxaKaheRe34Sa3yKbhiTahb0n6jAmljGr5XDqQLvpAe HTTP/1.1" 200 2
186.82.78.180 - - [21/Nov/2014:06:53:15 -0500] "POST /forms/lservlet;jsessionid=ac16012b30d57214cb46c874470f816f92415861bbcf.e3iSbxaKaheRe34Sa3yKbhiTahb0n6jAmljGr5XDqQLvpAe HTTP/1.1" 200 3745
186.82.78.180 - - [21/Nov/2014:06:53:16 -0500] "POST /forms/lservlet;jsessionid=ac16012b30d57214cb46c874470f816f92415861bbcf.e3iSbxaKaheRe34Sa3yKbhiTahb0n6jAmljGr5XDqQLvpAe HTTP/1.1" 200 2
201.245.166.57 - - [21/Nov/2014:06:53:17 -0500] "GET /galeria/nivo-slider/demo/demo.html HTTP/1.1" 200 3794
186.82.78.180 - - [21/Nov/2014:06:53:21 -0500] "POST /forms/lservlet;jsessionid=ac16012b30d57214cb46c874470f816f92415861bbcf.e3iSbxaKaheRe34Sa3yKbhiTahb0n6jAmljGr5XDqQLvpAe HTTP/1.1" 200 2
186.82.78.180 - - [21/Nov/2014:06:53:21 -0500] "POST /forms/lservlet;jsessionid=ac16012b30d57214cb46c874470f816f92415861bbcf.e3iSbxaKaheRe34Sa3yKbhiTahb0n6jAmljGr5XDqQLvpAe HTTP/1.1" 200 3448
186.82.78.180 - - [21/Nov/2014:06:53:22 -0500] "POST /forms/lservlet;jsessionid=ac16012b30d57214cb46c874470f816f92415861bbcf.e3iSbxaKaheRe34Sa3yKbhiTahb0n6jAmljGr5XDqQLvpAe HTTP/1.1" 200 2
201.245.166.57 - - [21/Nov/2014:06:53:23 -0500] "GET /galeria/nivo-slider/demo/images/ForoNacionalAmbiental.jpg HTTP/1.1" 304 -
201.245.166.57 - - [21/Nov/2014:06:53:24 -0500] "GET /galeria/nivo-slider/demo/images/Banner-Ecourbanismo.jpg HTTP/1.1" 304 -
201.245.166.57 - - [21/Nov/2014:06:53:24 -0500] "GET /galeria/nivo-slider/demo/images/banner-pygaai.jpg HTTP/1.1" 200 82693
201.245.166.57 - - [21/Nov/2014:06:53:24 -0500] "GET /galeria/nivo-slider/demo/images/Biotaxis-Man.jpg HTTP/1.1" 200 99362
201.245.166.57 - - [21/Nov/2014:06:53:24 -0500] "GET /galeria/nivo-slider/demo/images/Banner-comparendo.jpg HTTP/1.1" 304 -
201.245.166.57 - - [21/Nov/2014:06:53:24 -0500] "GET /galeria/nivo-slider/demo/images/porloshumedales.jpg HTTP/1.1" 304 -
201.245.166.57 - - [21/Nov/2014:06:53:25 -0500] "GET /galeria/nivo-slider/demo/images/banner-aceite3.jpg HTTP/1.1" 304 -
201.245.166.57 - - [21/Nov/2014:06:53:25 -0500] "GET /galeria/nivo-slider/demo/images/Tingua-azul.jpg HTTP/1.1" 304 -
201.245.166.57 - - [21/Nov/2014:06:53:25 -0500] "GET /galeria/nivo-slider/demo/images/Banner-Caracol-Africano.jpg HTTP/1.1" 304 -
186.82.78.180 - - [21/Nov/2014:06:53:25 -0500] "POST /forms/lservlet;jsessionid=ac16012b30d57214cb46c874470f816f92415861bbcf.e3iSbxaKaheRe34Sa3yKbhiTahb0n6jAmljGr5XDqQLvpAe HTTP/1.1" 200 2
201.245.166.57 - - [21/Nov/2014:06:53:25 -0500] "GET /galeria/nivo-slider/demo/images/banner-redes.jpg HTTP/1.1" 304 -
201.245.166.57 - - [21/Nov/2014:06:53:25 -0500] "GET /videos/Spot_CambioClimatico.flv HTTP/1.1" 304 -
186.82.78.180 - - [21/Nov/2014:06:53:25 -0500] "POST /forms/lservlet;jsessionid=ac16012b30d57214cb46c874470f816f92415861bbcf.e3iSbxaKaheRe34Sa3yKbhiTahb0n6jAmljGr5XDqQLvpAe HTTP/1.1" 200 2812
201.245.166.57 - - [21/Nov/2014:06:53:26 -0500] "GET /galeria/nivo-slider/demo/images/9Signos.jpg HTTP/1.1" 304 -
186.82.78.180 - - [21/Nov/2014:06:53:26 -0500] "POST /forms/lservlet;jsessionid=ac16012b30d57214cb46c874470f816f92415861bbcf.e3iSbxaKaheRe34Sa3yKbhiTahb0n6jAmljGr5XDqQLvpAe HTTP/1.1" 200 2
201.245.166.57 - - [21/Nov/2014:06:53:26 -0500] "GET /galeria/nivo-slider/demo/images/bannerEcolecta3.jpg HTTP/1.1" 304 -
66.249.69.195 - - [21/Nov/2014:06:53:27 -0500] "GET /BLA/resoluciones/AUTOS%202006/AUTOS%202006%20701-800/00000748.tif HTTP/1.1" 200 58114
186.82.78.180 - - [21/Nov/2014:06:53:27 -0500] "POST /forms/lservlet;jsessionid=ac16012b30d57214cb46c874470f816f92415861bbcf.e3iSbxaKaheRe34Sa3yKbhiTahb0n6jAmljGr5XDqQLvpAe HTTP/1.1" 200 2
186.82.78.180 - - [21/Nov/2014:06:53:28 -0500] "POST /forms/lservlet;jsessionid=ac16012b30d57214cb46c874470f816f92415861bbcf.e3iSbxaKaheRe34Sa3yKbhiTahb0n6jAmljGr5XDqQLvpAe HTTP/1.1" 200 4356
186.82.78.180 - - [21/Nov/2014:06:53:28 -0500] "POST /forms/lservlet;jsessionid=ac16012b30d57214cb46c874470f816f92415861bbcf.e3iSbxaKaheRe34Sa3yKbhiTahb0n6jAmljGr5XDqQLvpAe HTTP/1.1" 200 2
186.82.78.180 - - [21/Nov/2014:06:53:29 -0500] "POST /forms/lservlet;jsessionid=ac16012b30d57214cb46c874470f816f92415861bbcf.e3iSbxaKaheRe34Sa3yKbhiTahb0n6jAmljGr5XDqQLvpAe HTTP/1.1" 200 2
186.82.78.180 - - [21/Nov/2014:06:53:29 -0500] "POST /forms/lservlet;jsessionid=ac16012b30d57214cb46c874470f816f92415861bbcf.e3iSbxaKaheRe34Sa3yKbhiTahb0n6jAmljGr5XDqQLvpAe HTTP/1.1" 200 3567
186.82.78.180 - - [21/Nov/2014:06:53:30 -0500] "POST /forms/lservlet;jsessionid=ac16012b30d57214cb46c874470f816f92415861bbcf.e3iSbxaKaheRe34Sa3yKbhiTahb0n6jAmljGr5XDqQLvpAe HTTP/1.1" 200 2
186.82.78.180 - - [21/Nov/2014:06:53:31 -0500] "POST /forms/lservlet;jsessionid=ac16012b30d57214cb46c874470f816f92415861bbcf.e3iSbxaKaheRe34Sa3yKbhiTahb0n6jAmljGr5XDqQLvpAe HTTP/1.1" 200 2
186.82.78.180 - - [21/Nov/2014:06:53:32 -0500] "POST /forms/lservlet;jsessionid=ac16012b30d57214cb46c874470f816f92415861bbcf.e3iSbxaKaheRe34Sa3yKbhiTahb0n6jAmljGr5XDqQLvpAe HTTP/1.1" 200 3909
186.82.78.180 - - [21/Nov/2014:06:53:32 -0500] "POST /forms/lservlet;jsessionid=ac16012b30d57214cb46c874470f816f92415861bbcf.e3iSbxaKaheRe34Sa3yKbhiTahb0n6jAmljGr5XDqQLvpAe HTTP/1.1" 200 2
186.82.78.180 - - [21/Nov/2014:06:53:36 -0500] "POST /forms/lservlet;jsessionid=ac16012b30d57214cb46c874470f816f92415861bbcf.e3iSbxaKaheRe34Sa3yKbhiTahb0n6jAmljGr5XDqQLvpAe HTTP/1.1" 200 2
186.82.78.180 - - [21/Nov/2014:06:53:36 -0500] "POST /forms/lservlet;jsessionid=ac16012b30d57214cb46c874470f816f92415861bbcf.e3iSbxaKaheRe34Sa3yKbhiTahb0n6jAmljGr5XDqQLvpAe HTTP/1.1" 200 3459
186.82.78.180 - - [21/Nov/2014:06:53:37 -0500] "POST /forms/lservlet;jsessionid=ac16012b30d57214cb46c874470f816f92415861bbcf.e3iSbxaKaheRe34Sa3yKbhiTahb0n6jAmljGr5XDqQLvpAe HTTP/1.1" 200 2
66.249.69.227 - - [21/Nov/2014:06:53:39 -0500] "GET /phpold/cdr/ HTTP/1.1" 404 1018
186.82.78.180 - - [21/Nov/2014:06:53:44 -0500] "POST /forms/lservlet;jsessionid=ac16012b30d57214cb46c874470f816f92415861bbcf.e3iSbxaKaheRe34Sa3yKbhiTahb0n6jAmljGr5XDqQLvpAe HTTP/1.1" 200 2
186.82.78.180 - - [21/Nov/2014:06:53:44 -0500] "POST /forms/lservlet;jsessionid=ac16012b30d57214cb46c874470f816f92415861bbcf.e3iSbxaKaheRe34Sa3yKbhiTahb0n6jAmljGr5XDqQLvpAe HTTP/1.1" 200 3047
186.82.78.180 - - [21/Nov/2014:06:53:45 -0500] "POST /forms/lservlet;jsessionid=ac16012b30d57214cb46c874470f816f92415861bbcf.e3iSbxaKaheRe34Sa3yKbhiTahb0n6jAmljGr5XDqQLvpAe HTTP/1.1" 200 2
191.150.131.173 - - [21/Nov/2014:06:53:51 -0500] "GET /BLA/boletinlegal/js/jquery.js HTTP/1.1" 200 57254
191.150.131.173 - - [21/Nov/2014:06:53:51 -0500] "GET /BLA/boletinlegal/js/jquery.scrollShow.js HTTP/1.1" 200 4586
191.150.131.173 - - [21/Nov/2014:06:53:51 -0500] "GET /BLA/boletinlegal/js/jquery.scrollTo-min.js HTTP/1.1" 200 1150
186.82.78.180 - - [21/Nov/2014:06:53:52 -0500] "POST /forms/lservlet;jsessionid=ac16012b30d57214cb46c874470f816f92415861bbcf.e3iSbxaKaheRe34Sa3yKbhiTahb0n6jAmljGr5XDqQLvpAe HTTP/1.1" 200 2
186.82.78.180 - - [21/Nov/2014:06:53:53 -0500] "POST /forms/lservlet;jsessionid=ac16012b30d57214cb46c874470f816f92415861bbcf.e3iSbxaKaheRe34Sa3yKbhiTahb0n6jAmljGr5XDqQLvpAe HTTP/1.1" 200 3351
186.82.78.180 - - [21/Nov/2014:06:53:54 -0500] "POST /forms/lservlet;jsessionid=ac16012b30d57214cb46c874470f816f92415861bbcf.e3iSbxaKaheRe34Sa3yKbhiTahb0n6jAmljGr5XDqQLvpAe HTTP/1.1" 200 2
186.82.78.180 - - [21/Nov/2014:06:53:58 -0500] "POST /forms/lservlet;jsessionid=ac16012b30d57214cb46c874470f816f92415861bbcf.e3iSbxaKaheRe34Sa3yKbhiTahb0n6jAmljGr5XDqQLvpAe HTTP/1.1" 200 2
186.82.78.180 - - [21/Nov/2014:06:53:58 -0500] "POST /forms/lservlet;jsessionid=ac16012b30d57214cb46c874470f816f92415861bbcf.e3iSbxaKaheRe34Sa3yKbhiTahb0n6jAmljGr5XDqQLvpAe HTTP/1.1" 200 2790
186.82.78.180 - - [21/Nov/2014:06:53:59 -0500] "POST /forms/lservlet;jsessionid=ac16012b30d57214cb46c874470f816f92415861bbcf.e3iSbxaKaheRe34Sa3yKbhiTahb0n6jAmljGr5XDqQLvpAe HTTP/1.1" 200 2
186.82.78.180 - - [21/Nov/2014:06:54:03 -0500] "POST /forms/lservlet;jsessionid=ac16012b30d57214cb46c874470f816f92415861bbcf.e3iSbxaKaheRe34Sa3yKbhiTahb0n6jAmljGr5XDqQLvpAe HTTP/1.1" 200 2
186.82.78.180 - - [21/Nov/2014:06:54:03 -0500] "POST /forms/lservlet;jsessionid=ac16012b30d57214cb46c874470f816f92415861bbcf.e3iSbxaKaheRe34Sa3yKbhiTahb0n6jAmljGr5XDqQLvpAe HTTP/1.1" 200 3407
186.82.78.180 - - [21/Nov/2014:06:54:04 -0500] "POST /forms/lservlet;jsessionid=ac16012b30d57214cb46c874470f816f92415861bbcf.e3iSbxaKaheRe34Sa3yKbhiTahb0n6jAmljGr5XDqQLvpAe HTTP/1.1" 200 2
186.82.78.180 - - [21/Nov/2014:06:54:08 -0500] "POST /forms/lservlet;jsessionid=ac16012b30d57214cb46c874470f816f92415861bbcf.e3iSbxaKaheRe34Sa3yKbhiTahb0n6jAmljGr5XDqQLvpAe HTTP/1.1" 200 2
186.82.78.180 - - [21/Nov/2014:06:54:08 -0500] "POST /forms/lservlet;jsessionid=ac16012b30d57214cb46c874470f816f92415861bbcf.e3iSbxaKaheRe34Sa3yKbhiTahb0n6jAmljGr5XDqQLvpAe HTTP/1.1" 200 3627
186.82.78.180 - - [21/Nov/2014:06:54:09 -0500] "POST /forms/lservlet;jsessionid=ac16012b30d57214cb46c874470f816f92415861bbcf.e3iSbxaKaheRe34Sa3yKbhiTahb0n6jAmljGr5XDqQLvpAe HTTP/1.1" 200 2
186.82.78.180 - - [21/Nov/2014:06:54:11 -0500] "POST /forms/lservlet;jsessionid=ac16012b30d57214cb46c874470f816f92415861bbcf.e3iSbxaKaheRe34Sa3yKbhiTahb0n6jAmljGr5XDqQLvpAe HTTP/1.1" 200 2
186.82.78.180 - - [21/Nov/2014:06:54:11 -0500] "POST /forms/lservlet;jsessionid=ac16012b30d57214cb46c874470f816f92415861bbcf.e3iSbxaKaheRe34Sa3yKbhiTahb0n6jAmljGr5XDqQLvpAe HTTP/1.1" 200 3702
186.28.50.33 - - [21/Nov/2014:06:54:12 -0500] "GET /galeria/nivo-slider/demo/demo.html HTTP/1.1" 200 3794
186.82.78.180 - - [21/Nov/2014:06:54:12 -0500] "POST /forms/lservlet;jsessionid=ac16012b30d57214cb46c874470f816f92415861bbcf.e3iSbxaKaheRe34Sa3yKbhiTahb0n6jAmljGr5XDqQLvpAe HTTP/1.1" 200 2
186.28.50.33 - - [21/Nov/2014:06:54:13 -0500] "GET /galeria/nivo-slider/demo/images/ForoNacionalAmbiental.jpg HTTP/1.1" 304 -
186.28.50.33 - - [21/Nov/2014:06:54:13 -0500] "GET /galeria/nivo-slider/demo/images/banner-pygaai.jpg HTTP/1.1" 200 82693
186.28.50.33 - - [21/Nov/2014:06:54:13 -0500] "GET /galeria/nivo-slider/demo/images/Biotaxis-Man.jpg HTTP/1.1" 304 -
186.28.50.33 - - [21/Nov/2014:06:54:13 -0500] "GET /galeria/nivo-slider/demo/images/porloshumedales.jpg HTTP/1.1" 304 -
186.82.78.180 - - [21/Nov/2014:06:54:15 -0500] "POST /forms/lservlet;jsessionid=ac16012b30d57214cb46c874470f816f92415861bbcf.e3iSbxaKaheRe34Sa3yKbhiTahb0n6jAmljGr5XDqQLvpAe HTTP/1.1" 200 2
186.82.78.180 - - [21/Nov/2014:06:54:15 -0500] "POST /forms/lservlet;jsessionid=ac16012b30d57214cb46c874470f816f92415861bbcf.e3iSbxaKaheRe34Sa3yKbhiTahb0n6jAmljGr5XDqQLvpAe HTTP/1.1" 200 3286
186.82.78.180 - - [21/Nov/2014:06:54:16 -0500] "POST /forms/lservlet;jsessionid=ac16012b30d57214cb46c874470f816f92415861bbcf.e3iSbxaKaheRe34Sa3yKbhiTahb0n6jAmljGr5XDqQLvpAe HTTP/1.1" 200 2
186.82.78.180 - - [21/Nov/2014:06:54:19 -0500] "POST /forms/lservlet;jsessionid=ac16012b30d57214cb46c874470f816f92415861bbcf.e3iSbxaKaheRe34Sa3yKbhiTahb0n6jAmljGr5XDqQLvpAe HTTP/1.1" 200 2
186.82.78.180 - - [21/Nov/2014:06:54:19 -0500] "POST /forms/lservlet;jsessionid=ac16012b30d57214cb46c874470f816f92415861bbcf.e3iSbxaKaheRe34Sa3yKbhiTahb0n6jAmljGr5XDqQLvpAe HTTP/1.1" 200 2583
186.82.78.180 - - [21/Nov/2014:06:54:20 -0500] "POST /forms/lservlet;jsessionid=ac16012b30d57214cb46c874470f816f92415861bbcf.e3iSbxaKaheRe34Sa3yKbhiTahb0n6jAmljGr5XDqQLvpAe HTTP/1.1" 200 2
186.82.78.180 - - [21/Nov/2014:06:54:23 -0500] "POST /forms/lservlet;jsessionid=ac16012b30d57214cb46c874470f816f92415861bbcf.e3iSbxaKaheRe34Sa3yKbhiTahb0n6jAmljGr5XDqQLvpAe HTTP/1.1" 200 2
186.82.78.180 - - [21/Nov/2014:06:54:23 -0500] "POST /forms/lservlet;jsessionid=ac16012b30d57214cb46c874470f816f92415861bbcf.e3iSbxaKaheRe34Sa3yKbhiTahb0n6jAmljGr5XDqQLvpAe HTTP/1.1" 200 2
186.82.78.180 - - [21/Nov/2014:06:54:23 -0500] "POST /forms/lservlet;jsessionid=ac16012b30d57214cb46c874470f816f92415861bbcf.e3iSbxaKaheRe34Sa3yKbhiTahb0n6jAmljGr5XDqQLvpAe HTTP/1.1" 200 2974
186.82.78.180 - - [21/Nov/2014:06:54:24 -0500] "POST /forms/lservlet;jsessionid=ac16012b30d57214cb46c874470f816f92415861bbcf.e3iSbxaKaheRe34Sa3yKbhiTahb0n6jAmljGr5XDqQLvpAe HTTP/1.1" 200 2
186.82.78.180 - - [21/Nov/2014:06:54:27 -0500] "POST /forms/lservlet;jsessionid=ac16012b30d57214cb46c874470f816f92415861bbcf.e3iSbxaKaheRe34Sa3yKbhiTahb0n6jAmljGr5XDqQLvpAe HTTP/1.1" 200 2
186.82.78.180 - - [21/Nov/2014:06:54:27 -0500] "POST /forms/lservlet;jsessionid=ac16012b30d57214cb46c874470f816f92415861bbcf.e3iSbxaKaheRe34Sa3yKbhiTahb0n6jAmljGr5XDqQLvpAe HTTP/1.1" 200 3405
186.82.78.180 - - [21/Nov/2014:06:54:28 -0500] "POST /forms/lservlet;jsessionid=ac16012b30d57214cb46c874470f816f92415861bbcf.e3iSbxaKaheRe34Sa3yKbhiTahb0n6jAmljGr5XDqQLvpAe HTTP/1.1" 200 2
186.82.78.180 - - [21/Nov/2014:06:54:34 -0500] "POST /forms/lservlet;jsessionid=ac16012b30d57214cb46c874470f816f92415861bbcf.e3iSbxaKaheRe34Sa3yKbhiTahb0n6jAmljGr5XDqQLvpAe HTTP/1.1" 200 2
186.82.78.180 - - [21/Nov/2014:06:54:34 -0500] "POST /forms/lservlet;jsessionid=ac16012b30d57214cb46c874470f816f92415861bbcf.e3iSbxaKaheRe34Sa3yKbhiTahb0n6jAmljGr5XDqQLvpAe HTTP/1.1" 200 3134
186.82.78.180 - - [21/Nov/2014:06:54:35 -0500] "POST /forms/lservlet;jsessionid=ac16012b30d57214cb46c874470f816f92415861bbcf.e3iSbxaKaheRe34Sa3yKbhiTahb0n6jAmljGr5XDqQLvpAe HTTP/1.1" 200 2
186.82.78.180 - - [21/Nov/2014:06:54:39 -0500] "POST /forms/lservlet;jsessionid=ac16012b30d57214cb46c874470f816f92415861bbcf.e3iSbxaKaheRe34Sa3yKbhiTahb0n6jAmljGr5XDqQLvpAe HTTP/1.1" 200 2
186.82.78.180 - - [21/Nov/2014:06:54:39 -0500] "POST /forms/lservlet;jsessionid=ac16012b30d57214cb46c874470f816f92415861bbcf.e3iSbxaKaheRe34Sa3yKbhiTahb0n6jAmljGr5XDqQLvpAe HTTP/1.1" 200 2883
186.82.78.180 - - [21/Nov/2014:06:54:40 -0500] "POST /forms/lservlet;jsessionid=ac16012b30d57214cb46c874470f816f92415861bbcf.e3iSbxaKaheRe34Sa3yKbhiTahb0n6jAmljGr5XDqQLvpAe HTTP/1.1" 200 2
186.82.78.180 - - [21/Nov/2014:06:54:43 -0500] "POST /forms/lservlet;jsessionid=ac16012b30d57214cb46c874470f816f92415861bbcf.e3iSbxaKaheRe34Sa3yKbhiTahb0n6jAmljGr5XDqQLvpAe HTTP/1.1" 200 2
186.82.78.180 - - [21/Nov/2014:06:54:43 -0500] "POST /forms/lservlet;jsessionid=ac16012b30d57214cb46c874470f816f92415861bbcf.e3iSbxaKaheRe34Sa3yKbhiTahb0n6jAmljGr5XDqQLvpAe HTTP/1.1" 200 3439
186.82.78.180 - - [21/Nov/2014:06:54:44 -0500] "POST /forms/lservlet;jsessionid=ac16012b30d57214cb46c874470f816f92415861bbcf.e3iSbxaKaheRe34Sa3yKbhiTahb0n6jAmljGr5XDqQLvpAe HTTP/1.1" 200 2
201.245.192.253 - - [21/Nov/2014:06:54:44 -0500] "GET /stormWeb/cargaArchivo.jsp?id_group=2100&id_rd=2105 HTTP/1.1" 200 35909
201.245.192.253 - - [21/Nov/2014:06:54:45 -0500] "GET /stormWeb/js/sarissa.js HTTP/1.1" 304 -
201.245.192.253 - - [21/Nov/2014:06:54:45 -0500] "GET /stormWeb/js/escritorio.js HTTP/1.1" 304 -
186.82.78.180 - - [21/Nov/2014:06:54:51 -0500] "POST /forms/lservlet;jsessionid=ac16012b30d57214cb46c874470f816f92415861bbcf.e3iSbxaKaheRe34Sa3yKbhiTahb0n6jAmljGr5XDqQLvpAe HTTP/1.1" 200 2
186.82.78.180 - - [21/Nov/2014:06:54:52 -0500] "POST /forms/lservlet;jsessionid=ac16012b30d57214cb46c874470f816f92415861bbcf.e3iSbxaKaheRe34Sa3yKbhiTahb0n6jAmljGr5XDqQLvpAe HTTP/1.1" 200 3188
186.82.78.180 - - [21/Nov/2014:06:54:52 -0500] "POST /forms/lservlet;jsessionid=ac16012b30d57214cb46c874470f816f92415861bbcf.e3iSbxaKaheRe34Sa3yKbhiTahb0n6jAmljGr5XDqQLvpAe HTTP/1.1" 200 2
201.245.192.253 - - [21/Nov/2014:06:54:56 -0500] "GET /galeria/nivo-slider/demo/demo.html HTTP/1.1" 304 -
201.245.192.253 - - [21/Nov/2014:06:54:56 -0500] "GET /galeria/nivo-slider/demo/images/ForoNacionalAmbiental.jpg HTTP/1.1" 304 -
201.245.192.253 - - [21/Nov/2014:06:54:56 -0500] "GET /galeria/nivo-slider/demo/images/banner-pygaai.jpg HTTP/1.1" 304 -
201.245.192.253 - - [21/Nov/2014:06:54:56 -0500] "GET /galeria/nivo-slider/demo/images/Biotaxis-Man.jpg HTTP/1.1" 304 -
201.245.192.253 - - [21/Nov/2014:06:54:56 -0500] "GET /galeria/nivo-slider/demo/images/porloshumedales.jpg HTTP/1.1" 304 -
186.82.78.180 - - [21/Nov/2014:06:54:57 -0500] "POST /forms/lservlet;jsessionid=ac16012b30d57214cb46c874470f816f92415861bbcf.e3iSbxaKaheRe34Sa3yKbhiTahb0n6jAmljGr5XDqQLvpAe HTTP/1.1" 200 2
186.82.78.180 - - [21/Nov/2014:06:54:57 -0500] "POST /forms/lservlet;jsessionid=ac16012b30d57214cb46c874470f816f92415861bbcf.e3iSbxaKaheRe34Sa3yKbhiTahb0n6jAmljGr5XDqQLvpAe HTTP/1.1" 200 2999
186.82.78.180 - - [21/Nov/2014:06:54:58 -0500] "POST /forms/lservlet;jsessionid=ac16012b30d57214cb46c874470f816f92415861bbcf.e3iSbxaKaheRe34Sa3yKbhiTahb0n6jAmljGr5XDqQLvpAe HTTP/1.1" 200 2
186.82.78.180 - - [21/Nov/2014:06:55:01 -0500] "POST /forms/lservlet;jsessionid=ac16012b30d57214cb46c874470f816f92415861bbcf.e3iSbxaKaheRe34Sa3yKbhiTahb0n6jAmljGr5XDqQLvpAe HTTP/1.1" 200 2
186.82.78.180 - - [21/Nov/2014:06:55:01 -0500] "POST /forms/lservlet;jsessionid=ac16012b30d57214cb46c874470f816f92415861bbcf.e3iSbxaKaheRe34Sa3yKbhiTahb0n6jAmljGr5XDqQLvpAe HTTP/1.1" 200 2867
186.82.78.180 - - [21/Nov/2014:06:55:02 -0500] "POST /forms/lservlet;jsessionid=ac16012b30d57214cb46c874470f816f92415861bbcf.e3iSbxaKaheRe34Sa3yKbhiTahb0n6jAmljGr5XDqQLvpAe HTTP/1.1" 200 2
186.82.78.180 - - [21/Nov/2014:06:55:05 -0500] "POST /forms/lservlet;jsessionid=ac16012b30d57214cb46c874470f816f92415861bbcf.e3iSbxaKaheRe34Sa3yKbhiTahb0n6jAmljGr5XDqQLvpAe HTTP/1.1" 200 2
186.82.78.180 - - [21/Nov/2014:06:55:05 -0500] "POST /forms/lservlet;jsessionid=ac16012b30d57214cb46c874470f816f92415861bbcf.e3iSbxaKaheRe34Sa3yKbhiTahb0n6jAmljGr5XDqQLvpAe HTTP/1.1" 200 2776
186.82.78.180 - - [21/Nov/2014:06:55:05 -0500] "POST /forms/lservlet;jsessionid=ac16012b30d57214cb46c874470f816f92415861bbcf.e3iSbxaKaheRe34Sa3yKbhiTahb0n6jAmljGr5XDqQLvpAe HTTP/1.1" 200 2
186.82.78.180 - - [21/Nov/2014:06:55:07 -0500] "POST /forms/lservlet;jsessionid=ac16012b30d57214cb46c874470f816f92415861bbcf.e3iSbxaKaheRe34Sa3yKbhiTahb0n6jAmljGr5XDqQLvpAe HTTP/1.1" 200 2
186.82.78.180 - - [21/Nov/2014:06:55:07 -0500] "POST /forms/lservlet;jsessionid=ac16012b30d57214cb46c874470f816f92415861bbcf.e3iSbxaKaheRe34Sa3yKbhiTahb0n6jAmljGr5XDqQLvpAe HTTP/1.1" 200 3771
186.82.78.180 - - [21/Nov/2014:06:55:08 -0500] "POST /forms/lservlet;jsessionid=ac16012b30d57214cb46c874470f816f92415861bbcf.e3iSbxaKaheRe34Sa3yKbhiTahb0n6jAmljGr5XDqQLvpAe HTTP/1.1" 200 2
186.82.78.180 - - [21/Nov/2014:06:55:11 -0500] "POST /forms/lservlet;jsessionid=ac16012b30d57214cb46c874470f816f92415861bbcf.e3iSbxaKaheRe34Sa3yKbhiTahb0n6jAmljGr5XDqQLvpAe HTTP/1.1" 200 2
186.82.78.180 - - [21/Nov/2014:06:55:11 -0500] "POST /forms/lservlet;jsessionid=ac16012b30d57214cb46c874470f816f92415861bbcf.e3iSbxaKaheRe34Sa3yKbhiTahb0n6jAmljGr5XDqQLvpAe HTTP/1.1" 200 3032
186.82.78.180 - - [21/Nov/2014:06:55:12 -0500] "POST /forms/lservlet;jsessionid=ac16012b30d57214cb46c874470f816f92415861bbcf.e3iSbxaKaheRe34Sa3yKbhiTahb0n6jAmljGr5XDqQLvpAe HTTP/1.1" 200 2
186.82.78.180 - - [21/Nov/2014:06:55:15 -0500] "POST /forms/lservlet;jsessionid=ac16012b30d57214cb46c874470f816f92415861bbcf.e3iSbxaKaheRe34Sa3yKbhiTahb0n6jAmljGr5XDqQLvpAe HTTP/1.1" 200 2
186.82.78.180 - - [21/Nov/2014:06:55:15 -0500] "POST /forms/lservlet;jsessionid=ac16012b30d57214cb46c874470f816f92415861bbcf.e3iSbxaKaheRe34Sa3yKbhiTahb0n6jAmljGr5XDqQLvpAe HTTP/1.1" 200 3067
66.249.69.227 - - [21/Nov/2014:06:55:17 -0500] "GET /phpold/resta/ HTTP/1.1" 404 1018
186.82.78.180 - - [21/Nov/2014:06:55:16 -0500] "POST /forms/lservlet;jsessionid=ac16012b30d57214cb46c874470f816f92415861bbcf.e3iSbxaKaheRe34Sa3yKbhiTahb0n6jAmljGr5XDqQLvpAe HTTP/1.1" 200 2
186.82.78.180 - - [21/Nov/2014:06:55:19 -0500] "POST /forms/lservlet;jsessionid=ac16012b30d57214cb46c874470f816f92415861bbcf.e3iSbxaKaheRe34Sa3yKbhiTahb0n6jAmljGr5XDqQLvpAe HTTP/1.1" 200 2
186.82.78.180 - - [21/Nov/2014:06:55:19 -0500] "POST /forms/lservlet;jsessionid=ac16012b30d57214cb46c874470f816f92415861bbcf.e3iSbxaKaheRe34Sa3yKbhiTahb0n6jAmljGr5XDqQLvpAe HTTP/1.1" 200 3072
186.82.78.180 - - [21/Nov/2014:06:55:20 -0500] "POST /forms/lservlet;jsessionid=ac16012b30d57214cb46c874470f816f92415861bbcf.e3iSbxaKaheRe34Sa3yKbhiTahb0n6jAmljGr5XDqQLvpAe HTTP/1.1" 200 2
74.86.158.107 - - [21/Nov/2014:06:55:26 -0500] "HEAD / HTTP/1.1" 302 -
186.82.78.180 - - [21/Nov/2014:06:55:29 -0500] "POST /forms/lservlet;jsessionid=ac16012b30d57214cb46c874470f816f92415861bbcf.e3iSbxaKaheRe34Sa3yKbhiTahb0n6jAmljGr5XDqQLvpAe HTTP/1.1" 200 2
186.82.78.180 - - [21/Nov/2014:06:55:29 -0500] "POST /forms/lservlet;jsessionid=ac16012b30d57214cb46c874470f816f92415861bbcf.e3iSbxaKaheRe34Sa3yKbhiTahb0n6jAmljGr5XDqQLvpAe HTTP/1.1" 200 3059
186.82.78.180 - - [21/Nov/2014:06:55:30 -0500] "POST /forms/lservlet;jsessionid=ac16012b30d57214cb46c874470f816f92415861bbcf.e3iSbxaKaheRe34Sa3yKbhiTahb0n6jAmljGr5XDqQLvpAe HTTP/1.1" 200 2
200.31.76.138 - - [21/Nov/2014:06:55:35 -0500] "GET /BLA/boletinlegal/js/jquery.scrollTo-min.js HTTP/1.1" 200 1150
200.31.76.138 - - [21/Nov/2014:06:55:35 -0500] "GET /BLA/boletinlegal/js/jquery.js HTTP/1.1" 200 57254
200.31.76.138 - - [21/Nov/2014:06:55:35 -0500] "GET /BLA/boletinlegal/js/jquery.scrollShow.js HTTP/1.1" 200 4586
200.31.76.138 - - [21/Nov/2014:06:55:35 -0500] "GET /galeria/carrusel/Carrusel/jquery.thumbnailScroller.css HTTP/1.1" 200 2066
200.31.76.138 - - [21/Nov/2014:06:55:35 -0500] "GET /galeria/carrusel/Carrusel/jquery-ui-1.8.13.custom.min.js HTTP/1.1" 200 10800
200.31.76.138 - - [21/Nov/2014:06:55:35 -0500] "GET /galeria/carrusel/Carrusel/jquery.thumbnailScroller.js HTTP/1.1" 200 8157
186.82.78.180 - - [21/Nov/2014:06:55:35 -0500] "POST /forms/lservlet;jsessionid=ac16012b30d57214cb46c874470f816f92415861bbcf.e3iSbxaKaheRe34Sa3yKbhiTahb0n6jAmljGr5XDqQLvpAe HTTP/1.1" 200 2
186.82.78.180 - - [21/Nov/2014:06:55:35 -0500] "POST /forms/lservlet;jsessionid=ac16012b30d57214cb46c874470f816f92415861bbcf.e3iSbxaKaheRe34Sa3yKbhiTahb0n6jAmljGr5XDqQLvpAe HTTP/1.1" 200 3027
186.82.78.180 - - [21/Nov/2014:06:55:36 -0500] "POST /forms/lservlet;jsessionid=ac16012b30d57214cb46c874470f816f92415861bbcf.e3iSbxaKaheRe34Sa3yKbhiTahb0n6jAmljGr5XDqQLvpAe HTTP/1.1" 200 2
186.82.78.180 - - [21/Nov/2014:06:55:37 -0500] "POST /forms/lservlet;jsessionid=ac16012b30d57214cb46c874470f816f92415861bbcf.e3iSbxaKaheRe34Sa3yKbhiTahb0n6jAmljGr5XDqQLvpAe HTTP/1.1" 200 2
186.82.78.180 - - [21/Nov/2014:06:55:37 -0500] "POST /forms/lservlet;jsessionid=ac16012b30d57214cb46c874470f816f92415861bbcf.e3iSbxaKaheRe34Sa3yKbhiTahb0n6jAmljGr5XDqQLvpAe HTTP/1.1" 200 4097
186.82.78.180 - - [21/Nov/2014:06:55:38 -0500] "POST /forms/lservlet;jsessionid=ac16012b30d57214cb46c874470f816f92415861bbcf.e3iSbxaKaheRe34Sa3yKbhiTahb0n6jAmljGr5XDqQLvpAe HTTP/1.1" 200 2
200.31.76.138 - - [21/Nov/2014:06:55:39 -0500] "GET /galeria/nivo-slider/demo/demo.html HTTP/1.1" 200 3794
186.82.78.180 - - [21/Nov/2014:06:55:42 -0500] "POST /forms/lservlet;jsessionid=ac16012b30d57214cb46c874470f816f92415861bbcf.e3iSbxaKaheRe34Sa3yKbhiTahb0n6jAmljGr5XDqQLvpAe HTTP/1.1" 200 2
200.31.76.138 - - [21/Nov/2014:06:55:42 -0500] "GET /galeria/nivo-slider/themes/default/default.css HTTP/1.1" 200 1569
200.31.76.138 - - [21/Nov/2014:06:55:42 -0500] "GET /galeria/nivo-slider/demo/style.css HTTP/1.1" 200 2222
200.31.76.138 - - [21/Nov/2014:06:55:42 -0500] "GET /galeria/nivo-slider/nivo-slider.css HTTP/1.1" 200 1507
200.31.76.138 - - [21/Nov/2014:06:55:42 -0500] "GET /galeria/nivo-slider/themes/pascal/pascal.css HTTP/1.1" 200 2258
200.31.76.138 - - [21/Nov/2014:06:55:42 -0500] "GET /galeria/nivo-slider/demo/images/ForoNacionalAmbiental.jpg HTTP/1.1" 200 202541
200.31.76.138 - - [21/Nov/2014:06:55:42 -0500] "GET /galeria/nivo-slider/themes/orman/orman.css HTTP/1.1" 200 2152
200.31.76.138 - - [21/Nov/2014:06:55:42 -0500] "GET /galeria/nivo-slider/demo/scripts/jquery-1.7.1.min.js HTTP/1.1" 200 93868
200.31.76.138 - - [21/Nov/2014:06:55:42 -0500] "GET /galeria/nivo-slider/jquery.nivo.slider.pack.js HTTP/1.1" 200 11561
200.31.76.138 - - [21/Nov/2014:06:55:42 -0500] "GET /galeria/nivo-slider/demo/images/Banner-Ecourbanismo.jpg HTTP/1.1" 200 189838
200.31.76.138 - - [21/Nov/2014:06:55:42 -0500] "GET /galeria/nivo-slider/demo/images/banner-pygaai.jpg HTTP/1.1" 200 82693
200.31.76.138 - - [21/Nov/2014:06:55:42 -0500] "GET /galeria/nivo-slider/demo/images/Biotaxis-Man.jpg HTTP/1.1" 200 99362
200.31.76.138 - - [21/Nov/2014:06:55:43 -0500] "GET /galeria/nivo-slider/demo/images/Banner-comparendo.jpg HTTP/1.1" 200 388762
200.31.76.138 - - [21/Nov/2014:06:55:43 -0500] "GET /galeria/nivo-slider/demo/images/porloshumedales.jpg HTTP/1.1" 200 351238
200.31.76.138 - - [21/Nov/2014:06:55:43 -0500] "GET /galeria/nivo-slider/demo/images/banner-aceite3.jpg HTTP/1.1" 200 88347
200.31.76.138 - - [21/Nov/2014:06:55:43 -0500] "GET /galeria/nivo-slider/demo/images/Tingua-azul.jpg HTTP/1.1" 200 307638
186.82.78.180 - - [21/Nov/2014:06:55:42 -0500] "POST /forms/lservlet;jsessionid=ac16012b30d57214cb46c874470f816f92415861bbcf.e3iSbxaKaheRe34Sa3yKbhiTahb0n6jAmljGr5XDqQLvpAe HTTP/1.1" 200 3371
200.31.76.138 - - [21/Nov/2014:06:55:43 -0500] "GET /galeria/nivo-slider/demo/images/Banner-Caracol-Africano.jpg HTTP/1.1" 200 331986
200.31.76.138 - - [21/Nov/2014:06:55:43 -0500] "GET /galeria/nivo-slider/demo/images/banner-redes.jpg HTTP/1.1" 200 62209
186.82.78.180 - - [21/Nov/2014:06:55:43 -0500] "POST /forms/lservlet;jsessionid=ac16012b30d57214cb46c874470f816f92415861bbcf.e3iSbxaKaheRe34Sa3yKbhiTahb0n6jAmljGr5XDqQLvpAe HTTP/1.1" 200 2
200.31.76.138 - - [21/Nov/2014:06:55:44 -0500] "GET /videos/Spot_CambioClimatico.flv HTTP/1.1" 200 4371917
200.31.76.138 - - [21/Nov/2014:06:55:44 -0500] "GET /galeria/nivo-slider/demo/images/4Simple_Slider.png HTTP/1.1" 200 11722
200.31.76.138 - - [21/Nov/2014:06:55:44 -0500] "GET /galeria/nivo-slider/themes/default/loading.gif HTTP/1.1" 200 1737
200.31.76.138 - - [21/Nov/2014:06:55:44 -0500] "GET /galeria/nivo-slider/demo/images/9Signos.jpg HTTP/1.1" 200 93040
200.31.76.138 - - [21/Nov/2014:06:55:44 -0500] "GET /galeria/nivo-slider/demo/images/banner-caballos.png HTTP/1.1" 200 389106
200.31.76.138 - - [21/Nov/2014:06:55:44 -0500] "GET /galeria/nivo-slider/demo/images/Hacienda_Molinos.jpg HTTP/1.1" 200 319171
200.31.76.138 - - [21/Nov/2014:06:55:45 -0500] "GET /galeria/nivo-slider/demo/images/bannerEcolecta3.jpg HTTP/1.1" 200 280034
201.245.192.253 - - [21/Nov/2014:06:55:45 -0500] "POST /stormWeb/ajax.do?opc=1&nomArchivo=C:\\fakepath\\03_000000519_20131231.str&codInf=3&nitso=519&fechaC=20131231&a=0.8485120888799429 HTTP/1.1" 200 381
200.31.76.138 - - [21/Nov/2014:06:55:46 -0500] "GET /galeria/nivo-slider/themes/default/arrows.png HTTP/1.1" 200 824
200.31.76.138 - - [21/Nov/2014:06:55:46 -0500] "GET /galeria/nivo-slider/themes/default/bullets.png HTTP/1.1" 200 1281
186.82.78.180 - - [21/Nov/2014:06:55:46 -0500] "POST /forms/lservlet;jsessionid=ac16012b30d57214cb46c874470f816f92415861bbcf.e3iSbxaKaheRe34Sa3yKbhiTahb0n6jAmljGr5XDqQLvpAe HTTP/1.1" 200 2
186.82.78.180 - - [21/Nov/2014:06:55:46 -0500] "POST /forms/lservlet;jsessionid=ac16012b30d57214cb46c874470f816f92415861bbcf.e3iSbxaKaheRe34Sa3yKbhiTahb0n6jAmljGr5XDqQLvpAe HTTP/1.1" 200 3664
186.82.78.180 - - [21/Nov/2014:06:55:47 -0500] "POST /forms/lservlet;jsessionid=ac16012b30d57214cb46c874470f816f92415861bbcf.e3iSbxaKaheRe34Sa3yKbhiTahb0n6jAmljGr5XDqQLvpAe HTTP/1.1" 200 2
186.82.78.180 - - [21/Nov/2014:06:55:48 -0500] "POST /forms/lservlet;jsessionid=ac16012b30d57214cb46c874470f816f92415861bbcf.e3iSbxaKaheRe34Sa3yKbhiTahb0n6jAmljGr5XDqQLvpAe HTTP/1.1" 200 2
186.82.78.180 - - [21/Nov/2014:06:55:48 -0500] "POST /forms/lservlet;jsessionid=ac16012b30d57214cb46c874470f816f92415861bbcf.e3iSbxaKaheRe34Sa3yKbhiTahb0n6jAmljGr5XDqQLvpAe HTTP/1.1" 200 3529
186.82.78.180 - - [21/Nov/2014:06:55:49 -0500] "POST /forms/lservlet;jsessionid=ac16012b30d57214cb46c874470f816f92415861bbcf.e3iSbxaKaheRe34Sa3yKbhiTahb0n6jAmljGr5XDqQLvpAe HTTP/1.1" 200 2
201.245.192.253 - - [21/Nov/2014:06:55:48 -0500] "POST /stormWeb/FileUpload.do HTTP/1.1" 200 22233
186.82.78.180 - - [21/Nov/2014:06:55:53 -0500] "POST /forms/lservlet;jsessionid=ac16012b30d57214cb46c874470f816f92415861bbcf.e3iSbxaKaheRe34Sa3yKbhiTahb0n6jAmljGr5XDqQLvpAe HTTP/1.1" 200 2
186.82.78.180 - - [21/Nov/2014:06:55:53 -0500] "POST /forms/lservlet;jsessionid=ac16012b30d57214cb46c874470f816f92415861bbcf.e3iSbxaKaheRe34Sa3yKbhiTahb0n6jAmljGr5XDqQLvpAe HTTP/1.1" 200 3192
186.82.78.180 - - [21/Nov/2014:06:55:54 -0500] "POST /forms/lservlet;jsessionid=ac16012b30d57214cb46c874470f816f92415861bbcf.e3iSbxaKaheRe34Sa3yKbhiTahb0n6jAmljGr5XDqQLvpAe HTTP/1.1" 200 2
186.82.78.180 - - [21/Nov/2014:06:55:54 -0500] "POST /forms/lservlet;jsessionid=ac16012b30d57214cb46c874470f816f92415861bbcf.e3iSbxaKaheRe34Sa3yKbhiTahb0n6jAmljGr5XDqQLvpAe HTTP/1.1" 200 2
186.82.78.180 - - [21/Nov/2014:06:55:54 -0500] "POST /forms/lservlet;jsessionid=ac16012b30d57214cb46c874470f816f92415861bbcf.e3iSbxaKaheRe34Sa3yKbhiTahb0n6jAmljGr5XDqQLvpAe HTTP/1.1" 200 3368
186.82.78.180 - - [21/Nov/2014:06:55:55 -0500] "POST /forms/lservlet;jsessionid=ac16012b30d57214cb46c874470f816f92415861bbcf.e3iSbxaKaheRe34Sa3yKbhiTahb0n6jAmljGr5XDqQLvpAe HTTP/1.1" 200 2
190.182.80.10 - - [21/Nov/2014:06:55:56 -0500] "GET /BLA/boletinlegal/js/jquery.js HTTP/1.1" 200 57254
190.182.80.10 - - [21/Nov/2014:06:55:56 -0500] "GET /BLA/boletinlegal/js/jquery.scrollTo-min.js HTTP/1.1" 200 1150
190.182.80.10 - - [21/Nov/2014:06:55:56 -0500] "GET /BLA/boletinlegal/js/jquery.scrollShow.js HTTP/1.1" 200 4586
186.82.78.180 - - [21/Nov/2014:06:55:56 -0500] "POST /forms/lservlet;jsessionid=ac16012b30d57214cb46c874470f816f92415861bbcf.e3iSbxaKaheRe34Sa3yKbhiTahb0n6jAmljGr5XDqQLvpAe HTTP/1.1" 200 2
186.82.78.180 - - [21/Nov/2014:06:55:56 -0500] "POST /forms/lservlet;jsessionid=ac16012b30d57214cb46c874470f816f92415861bbcf.e3iSbxaKaheRe34Sa3yKbhiTahb0n6jAmljGr5XDqQLvpAe HTTP/1.1" 200 3353
186.82.78.180 - - [21/Nov/2014:06:55:57 -0500] "POST /forms/lservlet;jsessionid=ac16012b30d57214cb46c874470f816f92415861bbcf.e3iSbxaKaheRe34Sa3yKbhiTahb0n6jAmljGr5XDqQLvpAe HTTP/1.1" 200 2
201.245.192.253 - - [21/Nov/2014:06:55:58 -0500] "GET /Report2/login.do;jsessionid=A9CBFA317A2156B0456A402371A71230 HTTP/1.1" 200 4338
186.82.78.180 - - [21/Nov/2014:06:55:58 -0500] "POST /forms/lservlet;jsessionid=ac16012b30d57214cb46c874470f816f92415861bbcf.e3iSbxaKaheRe34Sa3yKbhiTahb0n6jAmljGr5XDqQLvpAe HTTP/1.1" 200 2
186.82.78.180 - - [21/Nov/2014:06:55:58 -0500] "POST /forms/lservlet;jsessionid=ac16012b30d57214cb46c874470f816f92415861bbcf.e3iSbxaKaheRe34Sa3yKbhiTahb0n6jAmljGr5XDqQLvpAe HTTP/1.1" 200 2946
186.82.78.180 - - [21/Nov/2014:06:55:59 -0500] "POST /forms/lservlet;jsessionid=ac16012b30d57214cb46c874470f816f92415861bbcf.e3iSbxaKaheRe34Sa3yKbhiTahb0n6jAmljGr5XDqQLvpAe HTTP/1.1" 200 2
186.82.78.180 - - [21/Nov/2014:06:56:00 -0500] "POST /forms/lservlet;jsessionid=ac16012b30d57214cb46c874470f816f92415861bbcf.e3iSbxaKaheRe34Sa3yKbhiTahb0n6jAmljGr5XDqQLvpAe HTTP/1.1" 200 2
186.82.78.180 - - [21/Nov/2014:06:56:00 -0500] "POST /forms/lservlet;jsessionid=ac16012b30d57214cb46c874470f816f92415861bbcf.e3iSbxaKaheRe34Sa3yKbhiTahb0n6jAmljGr5XDqQLvpAe HTTP/1.1" 200 4032
186.82.78.180 - - [21/Nov/2014:06:56:01 -0500] "POST /forms/lservlet;jsessionid=ac16012b30d57214cb46c874470f816f92415861bbcf.e3iSbxaKaheRe34Sa3yKbhiTahb0n6jAmljGr5XDqQLvpAe HTTP/1.1" 200 2
186.82.78.180 - - [21/Nov/2014:06:56:05 -0500] "POST /forms/lservlet;jsessionid=ac16012b30d57214cb46c874470f816f92415861bbcf.e3iSbxaKaheRe34Sa3yKbhiTahb0n6jAmljGr5XDqQLvpAe HTTP/1.1" 200 2
201.245.192.253 - - [21/Nov/2014:06:56:06 -0500] "POST /Report2/login.do;jsessionid=81C400186D84A791E72482A96E53FB6C HTTP/1.1" 200 4298
186.82.78.180 - - [21/Nov/2014:06:56:05 -0500] "POST /forms/lservlet;jsessionid=ac16012b30d57214cb46c874470f816f92415861bbcf.e3iSbxaKaheRe34Sa3yKbhiTahb0n6jAmljGr5XDqQLvpAe HTTP/1.1" 200 3243
186.82.78.180 - - [21/Nov/2014:06:56:06 -0500] "POST /forms/lservlet;jsessionid=ac16012b30d57214cb46c874470f816f92415861bbcf.e3iSbxaKaheRe34Sa3yKbhiTahb0n6jAmljGr5XDqQLvpAe HTTP/1.1" 200 2
186.82.78.180 - - [21/Nov/2014:06:56:07 -0500] "POST /forms/lservlet;jsessionid=ac16012b30d57214cb46c874470f816f92415861bbcf.e3iSbxaKaheRe34Sa3yKbhiTahb0n6jAmljGr5XDqQLvpAe HTTP/1.1" 200 2
186.82.78.180 - - [21/Nov/2014:06:56:07 -0500] "POST /forms/lservlet;jsessionid=ac16012b30d57214cb46c874470f816f92415861bbcf.e3iSbxaKaheRe34Sa3yKbhiTahb0n6jAmljGr5XDqQLvpAe HTTP/1.1" 200 2893
186.82.78.180 - - [21/Nov/2014:06:56:08 -0500] "POST /forms/lservlet;jsessionid=ac16012b30d57214cb46c874470f816f92415861bbcf.e3iSbxaKaheRe34Sa3yKbhiTahb0n6jAmljGr5XDqQLvpAe HTTP/1.1" 200 2
201.245.192.253 - - [21/Nov/2014:06:56:10 -0500] "POST /Report2/login.do HTTP/1.1" 200 14506
201.245.192.253 - - [21/Nov/2014:06:56:10 -0500] "GET /Report2/parameter?action=listRpts HTTP/1.1" 200 16331
201.245.192.253 - - [21/Nov/2014:06:56:13 -0500] "GET /Report2/parameter?action=parametersReportMDX&id_rpt=17&currentTab=tab_presentacion HTTP/1.1" 200 6578
186.82.78.180 - - [21/Nov/2014:06:56:16 -0500] "POST /forms/lservlet;jsessionid=ac16012b30d57214cb46c874470f816f92415861bbcf.e3iSbxaKaheRe34Sa3yKbhiTahb0n6jAmljGr5XDqQLvpAe HTTP/1.1" 200 120
180.76.6.58 - - [21/Nov/2014:06:56:17 -0500] "GET /BLA/resoluciones/AUTOS%202012/2350.pdf HTTP/1.1" 200 501544
186.82.78.180 - - [21/Nov/2014:06:56:23 -0500] "POST /forms/lservlet;jsessionid=ac16012b30d57214cb46c874470f816f92415861bbcf.e3iSbxaKaheRe34Sa3yKbhiTahb0n6jAmljGr5XDqQLvpAe HTTP/1.1" 200 2
201.245.192.253 - - [21/Nov/2014:06:56:24 -0500] "POST /Report2/parameter?action=runReportMDX&json=true&listdep=nit&id_rpt=17&param_partNomauto=51 HTTP/1.1" 200 560
201.245.192.253 - - [21/Nov/2014:06:56:25 -0500] "POST /Report2/parameter?action=runReportMDX&json=true&listdep=nit&id_rpt=17&param_partNomauto=519 HTTP/1.1" 200 60
201.245.192.253 - - [21/Nov/2014:06:56:26 -0500] "GET /Report2/parameter?action=runReportMDX&json=true&listdep=informe&id_rpt=17&param_nit=519 HTTP/1.1" 200 320
186.82.78.180 - - [21/Nov/2014:06:56:27 -0500] "POST /forms/lservlet;jsessionid=ac16012b30d57214cb46c874470f816f92415861bbcf.e3iSbxaKaheRe34Sa3yKbhiTahb0n6jAmljGr5XDqQLvpAe HTTP/1.1" 200 2
186.82.78.180 - - [21/Nov/2014:06:56:27 -0500] "POST /forms/lservlet;jsessionid=ac16012b30d57214cb46c874470f816f92415861bbcf.e3iSbxaKaheRe34Sa3yKbhiTahb0n6jAmljGr5XDqQLvpAe HTTP/1.1" 200 14
201.245.192.253 - - [21/Nov/2014:06:56:29 -0500] "GET /Report2/parameter?action=runReportMDX&json=true&listdep=FecBal&id_rpt=17&param_informe=3&param_nit=519 HTTP/1.1" 200 87
186.82.78.180 - - [21/Nov/2014:06:56:29 -0500] "POST /forms/lservlet;jsessionid=ac16012b30d57214cb46c874470f816f92415861bbcf.e3iSbxaKaheRe34Sa3yKbhiTahb0n6jAmljGr5XDqQLvpAe HTTP/1.1" 200 14
201.245.192.253 - - [21/Nov/2014:06:56:30 -0500] "GET /Report2/parameter?action=runReportMDX&json=true&listdep=formato&id_rpt=17&param_informe=3&param_nit=519&param_FecBal=2013-12-31 HTTP/1.1" 200 145
186.82.78.180 - - [21/Nov/2014:06:56:30 -0500] "POST /forms/lservlet;jsessionid=ac16012b30d57214cb46c874470f816f92415861bbcf.e3iSbxaKaheRe34Sa3yKbhiTahb0n6jAmljGr5XDqQLvpAe HTTP/1.1" 200 114
186.82.78.180 - - [21/Nov/2014:06:56:31 -0500] "POST /forms/lservlet;jsessionid=ac16012b30d57214cb46c874470f816f92415861bbcf.e3iSbxaKaheRe34Sa3yKbhiTahb0n6jAmljGr5XDqQLvpAe HTTP/1.1" 200 12
201.245.192.253 - - [21/Nov/2014:06:56:31 -0500] "POST /Report2/rptManage.jsp?migracion=111 HTTP/1.1" 200 615
201.245.192.253 - - [21/Nov/2014:06:56:31 -0500] "GET /Report2/loading.jsp?migracion=111&id_rpt=17&currentTab=tab_3815&rnd=0.783145609548404 HTTP/1.1" 200 2689
201.245.192.253 - - [21/Nov/2014:06:56:31 -0500] "GET /Report2/rpt.jsp?migracion=111&id_rpt=17&currentTab=tab_3815&rnd=0.6802449750886737 HTTP/1.1" 200 13578
201.245.192.253 - - [21/Nov/2014:06:56:32 -0500] "GET /Report2/serviceListados.jsp?queryId=rpt/infxidC&informe=3&a=0.7343427909072489 HTTP/1.1" 200 132
201.245.192.253 - - [21/Nov/2014:06:56:32 -0500] "POST /Report2/infReportada.jsp?rdmMapa=950410 HTTP/1.1" 200 33858
186.82.78.180 - - [21/Nov/2014:06:56:31 -0500] "GET /reports/rwservlet/getjobid334016?server=rep_srvapsda HTTP/1.0" 200 809237
190.252.112.177 - - [21/Nov/2014:06:56:36 -0500] "GET /galeria/nivo-slider/demo/demo.html HTTP/1.1" 304 -
201.245.192.253 - - [21/Nov/2014:06:56:37 -0500] "POST /Report2/parameter HTTP/1.1" 200 6664
201.245.192.253 - - [21/Nov/2014:06:56:37 -0500] "GET /Report2/parameter?action=runReportMDX&json=true&listdep=informe&id_rpt=17&param_nit=519 HTTP/1.1" 200 320
201.245.192.253 - - [21/Nov/2014:06:56:37 -0500] "GET /Report2/parameter?action=runReportMDX&json=true&listdep=FecBal&id_rpt=17&param_informe=3&param_nit=519 HTTP/1.1" 200 87
201.245.192.253 - - [21/Nov/2014:06:56:37 -0500] "GET /Report2/parameter?action=runReportMDX&json=true&listdep=formato&id_rpt=17&param_informe=3&param_nit=519&param_FecBal=2013-12-31 HTTP/1.1" 200 145
190.252.112.177 - - [21/Nov/2014:06:56:39 -0500] "GET /galeria/nivo-slider/demo/images/banner-pygaai.jpg HTTP/1.1" 304 -
190.252.112.177 - - [21/Nov/2014:06:56:39 -0500] "GET /galeria/nivo-slider/demo/images/Biotaxis-Man.jpg HTTP/1.1" 304 -
201.245.192.253 - - [21/Nov/2014:06:56:39 -0500] "POST /Report2/rptManage.jsp?migracion=111 HTTP/1.1" 200 615
201.245.192.253 - - [21/Nov/2014:06:56:40 -0500] "GET /Report2/loading.jsp?migracion=111&id_rpt=17&currentTab=tab_3815&rnd=0.313014636189501 HTTP/1.1" 200 2752
201.245.192.253 - - [21/Nov/2014:06:56:40 -0500] "GET /Report2/rpt.jsp?migracion=111&id_rpt=17&currentTab=tab_3815&rnd=0.9807636578381044 HTTP/1.1" 200 13784
201.245.192.253 - - [21/Nov/2014:06:56:40 -0500] "GET /Report2/serviceListados.jsp?queryId=rpt/infxidC&informe=3&a=0.23799483547918499 HTTP/1.1" 200 132
201.245.192.253 - - [21/Nov/2014:06:56:40 -0500] "POST /Report2/infReportada.jsp?rdmMapa=827430 HTTP/1.1" 200 173229
191.95.244.224 - - [21/Nov/2014:06:56:40 -0500] "GET /BLA/boletinlegal/js/jquery.scrollTo-min.js HTTP/1.1" 200 1150
191.95.244.224 - - [21/Nov/2014:06:56:40 -0500] "GET /BLA/boletinlegal/js/jquery.js HTTP/1.1" 200 57254
191.95.244.224 - - [21/Nov/2014:06:56:40 -0500] "GET /galeria/carrusel/Carrusel/jquery.thumbnailScroller.css HTTP/1.1" 200 2066
191.95.244.224 - - [21/Nov/2014:06:56:40 -0500] "GET /galeria/carrusel/Carrusel/jquery-ui-1.8.13.custom.min.js HTTP/1.1" 200 10800
191.95.244.224 - - [21/Nov/2014:06:56:40 -0500] "GET /BLA/boletinlegal/js/jquery.scrollShow.js HTTP/1.1" 200 4586
191.95.244.224 - - [21/Nov/2014:06:56:40 -0500] "GET /galeria/carrusel/Carrusel/jquery.thumbnailScroller.js HTTP/1.1" 200 8157
190.252.112.177 - - [21/Nov/2014:06:56:44 -0500] "GET /videos/Spot_CambioClimatico.flv HTTP/1.1" 206 1
191.95.244.224 - - [21/Nov/2014:06:56:44 -0500] "GET /galeria/nivo-slider/demo/demo.html HTTP/1.1" 200 3794
190.252.112.177 - - [21/Nov/2014:06:56:44 -0500] "GET /videos/Spot_CambioClimatico.flv HTTP/1.1" 206 369929
191.95.244.224 - - [21/Nov/2014:06:56:45 -0500] "GET /galeria/nivo-slider/themes/pascal/pascal.css HTTP/1.1" 200 2258
191.95.244.224 - - [21/Nov/2014:06:56:45 -0500] "GET /galeria/nivo-slider/themes/default/default.css HTTP/1.1" 200 1569
191.95.244.224 - - [21/Nov/2014:06:56:45 -0500] "GET /galeria/nivo-slider/demo/images/ForoNacionalAmbiental.jpg HTTP/1.1" 200 202541
191.95.244.224 - - [21/Nov/2014:06:56:45 -0500] "GET /galeria/nivo-slider/themes/orman/orman.css HTTP/1.1" 200 2152
191.95.244.224 - - [21/Nov/2014:06:56:45 -0500] "GET /galeria/nivo-slider/demo/style.css HTTP/1.1" 200 2222
191.95.244.224 - - [21/Nov/2014:06:56:45 -0500] "GET /galeria/nivo-slider/nivo-slider.css HTTP/1.1" 200 1507
191.95.244.224 - - [21/Nov/2014:06:56:45 -0500] "GET /galeria/nivo-slider/demo/images/Banner-Ecourbanismo.jpg HTTP/1.1" 200 189838
191.95.244.224 - - [21/Nov/2014:06:56:45 -0500] "GET /galeria/nivo-slider/demo/images/banner-pygaai.jpg HTTP/1.1" 200 82693
191.95.244.224 - - [21/Nov/2014:06:56:45 -0500] "GET /galeria/nivo-slider/demo/scripts/jquery-1.7.1.min.js HTTP/1.1" 200 93868
191.95.244.224 - - [21/Nov/2014:06:56:45 -0500] "GET /galeria/nivo-slider/demo/images/Biotaxis-Man.jpg HTTP/1.1" 200 99362
191.95.244.224 - - [21/Nov/2014:06:56:45 -0500] "GET /galeria/nivo-slider/jquery.nivo.slider.pack.js HTTP/1.1" 200 11561
