190.66.107.70 - - [23/Nov/2014:11:06:37 -0500] "POST /forms/lservlet;jsessionid=ac16012b30d5bb66409031d94c33b8f2d7c0a6479156.e3iSbxaKaheRe34Sa3yKbhiTahb0n6jAmljGr5XDqQLvpAe HTTP/1.1" 200 2
190.66.107.70 - - [23/Nov/2014:11:06:37 -0500] "POST /forms/lservlet;jsessionid=ac16012b30d5bb66409031d94c33b8f2d7c0a6479156.e3iSbxaKaheRe34Sa3yKbhiTahb0n6jAmljGr5XDqQLvpAe HTTP/1.1" 200 359
190.66.107.70 - - [23/Nov/2014:11:06:37 -0500] "POST /forms/lservlet;jsessionid=ac16012b30d5bb66409031d94c33b8f2d7c0a6479156.e3iSbxaKaheRe34Sa3yKbhiTahb0n6jAmljGr5XDqQLvpAe HTTP/1.1" 200 7
190.66.107.70 - - [23/Nov/2014:11:06:38 -0500] "POST /forms/lservlet;jsessionid=ac16012b30d5bb66409031d94c33b8f2d7c0a6479156.e3iSbxaKaheRe34Sa3yKbhiTahb0n6jAmljGr5XDqQLvpAe HTTP/1.1" 200 2
190.66.107.70 - - [23/Nov/2014:11:06:38 -0500] "POST /forms/lservlet;jsessionid=ac16012b30d5bb66409031d94c33b8f2d7c0a6479156.e3iSbxaKaheRe34Sa3yKbhiTahb0n6jAmljGr5XDqQLvpAe HTTP/1.1" 200 19
190.66.107.70 - - [23/Nov/2014:11:06:38 -0500] "POST /forms/lservlet;jsessionid=ac16012b30d5bb66409031d94c33b8f2d7c0a6479156.e3iSbxaKaheRe34Sa3yKbhiTahb0n6jAmljGr5XDqQLvpAe HTTP/1.1" 200 7
157.55.39.102 - - [23/Nov/2014:11:06:38 -0500] "GET /bla/resoluciones/resoluciones%202009/7784.pdf HTTP/1.1" 200 498113
190.66.107.70 - - [23/Nov/2014:11:06:40 -0500] "POST /forms/lservlet;jsessionid=ac16012b30d5bb66409031d94c33b8f2d7c0a6479156.e3iSbxaKaheRe34Sa3yKbhiTahb0n6jAmljGr5XDqQLvpAe HTTP/1.1" 200 2
190.66.107.70 - - [23/Nov/2014:11:06:40 -0500] "POST /forms/lservlet;jsessionid=ac16012b30d5bb66409031d94c33b8f2d7c0a6479156.e3iSbxaKaheRe34Sa3yKbhiTahb0n6jAmljGr5XDqQLvpAe HTTP/1.1" 200 17
190.66.107.70 - - [23/Nov/2014:11:06:40 -0500] "POST /forms/lservlet;jsessionid=ac16012b30d5bb66409031d94c33b8f2d7c0a6479156.e3iSbxaKaheRe34Sa3yKbhiTahb0n6jAmljGr5XDqQLvpAe HTTP/1.1" 200 7
190.109.140.55 - - [23/Nov/2014:11:06:40 -0500] "GET /BLA/boletinlegal/js/jquery.js HTTP/1.1" 200 57254
190.109.140.55 - - [23/Nov/2014:11:06:41 -0500] "GET /BLA/boletinlegal/js/jquery.scrollTo-min.js HTTP/1.1" 200 1150
190.109.140.55 - - [23/Nov/2014:11:06:41 -0500] "GET /BLA/boletinlegal/js/jquery.scrollShow.js HTTP/1.1" 200 4586
190.66.107.70 - - [23/Nov/2014:11:06:41 -0500] "POST /forms/lservlet;jsessionid=ac16012b30d5bb66409031d94c33b8f2d7c0a6479156.e3iSbxaKaheRe34Sa3yKbhiTahb0n6jAmljGr5XDqQLvpAe HTTP/1.1" 200 2
190.66.107.70 - - [23/Nov/2014:11:06:42 -0500] "POST /forms/lservlet;jsessionid=ac16012b30d5bb66409031d94c33b8f2d7c0a6479156.e3iSbxaKaheRe34Sa3yKbhiTahb0n6jAmljGr5XDqQLvpAe HTTP/1.1" 200 17
190.66.107.70 - - [23/Nov/2014:11:06:42 -0500] "POST /forms/lservlet;jsessionid=ac16012b30d5bb66409031d94c33b8f2d7c0a6479156.e3iSbxaKaheRe34Sa3yKbhiTahb0n6jAmljGr5XDqQLvpAe HTTP/1.1" 200 7
190.66.107.70 - - [23/Nov/2014:11:06:44 -0500] "POST /forms/lservlet;jsessionid=ac16012b30d5bb66409031d94c33b8f2d7c0a6479156.e3iSbxaKaheRe34Sa3yKbhiTahb0n6jAmljGr5XDqQLvpAe HTTP/1.1" 200 158
190.66.107.70 - - [23/Nov/2014:11:06:45 -0500] "POST /forms/lservlet;jsessionid=ac16012b30d5bb66409031d94c33b8f2d7c0a6479156.e3iSbxaKaheRe34Sa3yKbhiTahb0n6jAmljGr5XDqQLvpAe HTTP/1.1" 200 2391
190.66.107.70 - - [23/Nov/2014:11:06:46 -0500] "POST /forms/lservlet;jsessionid=ac16012b30d5bb66409031d94c33b8f2d7c0a6479156.e3iSbxaKaheRe34Sa3yKbhiTahb0n6jAmljGr5XDqQLvpAe HTTP/1.1" 200 2
186.28.2.76 - - [23/Nov/2014:11:06:47 -0500] "GET /BLA/boletinlegal/js/jquery.js HTTP/1.1" 200 57254
186.28.2.76 - - [23/Nov/2014:11:06:47 -0500] "GET /BLA/boletinlegal/js/jquery.scrollTo-min.js HTTP/1.1" 200 1150
186.28.2.76 - - [23/Nov/2014:11:06:47 -0500] "GET /BLA/boletinlegal/js/jquery.scrollShow.js HTTP/1.1" 200 4586
190.66.107.70 - - [23/Nov/2014:11:06:48 -0500] "POST /forms/lservlet;jsessionid=ac16012b30d5bb66409031d94c33b8f2d7c0a6479156.e3iSbxaKaheRe34Sa3yKbhiTahb0n6jAmljGr5XDqQLvpAe HTTP/1.1" 200 402
186.145.239.163 - - [23/Nov/2014:11:06:48 -0500] "GET /autoliquidacion/index.php?dir=Grupo+Forestal+-+Silvicultura%2F HTTP/1.1" 200 5756
190.66.107.70 - - [23/Nov/2014:11:06:49 -0500] "POST /forms/lservlet;jsessionid=ac16012b30d5bb66409031d94c33b8f2d7c0a6479156.e3iSbxaKaheRe34Sa3yKbhiTahb0n6jAmljGr5XDqQLvpAe HTTP/1.1" 200 2035
190.66.107.70 - - [23/Nov/2014:11:06:49 -0500] "POST /forms/lservlet;jsessionid=ac16012b30d5bb66409031d94c33b8f2d7c0a6479156.e3iSbxaKaheRe34Sa3yKbhiTahb0n6jAmljGr5XDqQLvpAe HTTP/1.1" 200 78
186.145.239.163 - - [23/Nov/2014:11:06:50 -0500] "GET /autoliquidacion/index.php?dir=Grupo+Forestal+-+Silvicultura%2F HTTP/1.1" 200 5756
186.145.239.163 - - [23/Nov/2014:11:06:50 -0500] "GET /autoliquidacion/dlf/dirup.png HTTP/1.1" 200 644
186.145.239.163 - - [23/Nov/2014:11:06:50 -0500] "GET /autoliquidacion/dlf/xls.gif HTTP/1.1" 200 636
186.145.239.163 - - [23/Nov/2014:11:06:50 -0500] "GET /autoliquidacion/dlf/unknown.png HTTP/1.1" 200 266
190.66.107.70 - - [23/Nov/2014:11:06:52 -0500] "POST /forms/lservlet;jsessionid=ac16012b30d5bb66409031d94c33b8f2d7c0a6479156.e3iSbxaKaheRe34Sa3yKbhiTahb0n6jAmljGr5XDqQLvpAe HTTP/1.1" 200 34756
190.66.107.70 - - [23/Nov/2014:11:06:53 -0500] "GET /imagenes/listval.gif HTTP/1.1" 200 905
190.66.107.70 - - [23/Nov/2014:11:06:53 -0500] "POST /forms/lservlet;jsessionid=ac16012b30d5bb66409031d94c33b8f2d7c0a6479156.e3iSbxaKaheRe34Sa3yKbhiTahb0n6jAmljGr5XDqQLvpAe HTTP/1.1" 200 7
190.66.107.70 - - [23/Nov/2014:11:06:53 -0500] "POST /forms/lservlet;jsessionid=ac16012b30d5bb66409031d94c33b8f2d7c0a6479156.e3iSbxaKaheRe34Sa3yKbhiTahb0n6jAmljGr5XDqQLvpAe HTTP/1.1" 200 34
190.66.107.70 - - [23/Nov/2014:11:06:53 -0500] "POST /forms/lservlet;jsessionid=ac16012b30d5bb66409031d94c33b8f2d7c0a6479156.e3iSbxaKaheRe34Sa3yKbhiTahb0n6jAmljGr5XDqQLvpAe HTTP/1.1" 200 2
190.66.107.70 - - [23/Nov/2014:11:06:56 -0500] "POST /forms/lservlet;jsessionid=ac16012b30d5bb66409031d94c33b8f2d7c0a6479156.e3iSbxaKaheRe34Sa3yKbhiTahb0n6jAmljGr5XDqQLvpAe HTTP/1.1" 200 610
66.249.65.119 - - [23/Nov/2014:11:06:58 -0500] "GET /BLA/resoluciones/RESOLUCIONES%202010/5311.pdf HTTP/1.1" 200 754747
190.66.107.70 - - [23/Nov/2014:11:06:58 -0500] "POST /forms/lservlet;jsessionid=ac16012b30d5bb66409031d94c33b8f2d7c0a6479156.e3iSbxaKaheRe34Sa3yKbhiTahb0n6jAmljGr5XDqQLvpAe HTTP/1.1" 200 51
207.46.13.28 - - [23/Nov/2014:11:07:02 -0500] "GET /BLA/resoluciones/Resoluciones%202011/3008.pdf HTTP/1.1" 200 535659
186.147.66.232 - - [23/Nov/2014:11:01:05 -0500] "GET /ForestMSG_SDA/channelAsync/template_word_16950055?X-Atmosphere-tracking-id=5ccd28a0-de80-d9d3-4bfc-eb38bd67969c&X-Atmosphere-Framework=1.0.5&X-Atmosphere-Transport=long-polling&tabid=0.503652538638562&X-Cache-Date=0&Content-Type=application/xml&_=1416758618728 HTTP/1.1" 200 8193
207.46.13.28 - - [23/Nov/2014:11:07:07 -0500] "GET /bla/resoluciones/resoluciones%202009/8230.pdf HTTP/1.1" 200 484637
186.145.239.163 - - [23/Nov/2014:11:07:09 -0500] "GET /autoliquidacion/Grupo%20Forestal%20-%20Silvicultura/Ficha%20t%C3%A9cnica%20de%20registro%20(Ficha%202).docx HTTP/1.1" 200 668170
180.76.5.191 - - [23/Nov/2014:11:07:12 -0500] "GET /BLA/resoluciones/RESOLUCIONES%202007/RES%202007%202801%20AL%202900/RESOLUCION%202879%20%20DE%202007.pdf HTTP/1.1" 200 195868
157.55.39.197 - - [23/Nov/2014:11:07:12 -0500] "GET /BLA/resoluciones/AUTOS%202011/5941.pdf HTTP/1.1" 200 240593
157.55.39.102 - - [23/Nov/2014:11:07:16 -0500] "GET /BLA/resoluciones/RESOLUCIONES%202008/2224.pdf HTTP/1.1" 200 477035
186.145.239.163 - - [23/Nov/2014:11:07:20 -0500] "GET /autoliquidacion/ HTTP/1.1" 200 6375
161.10.181.182 - - [23/Nov/2014:11:07:22 -0500] "GET /BLA/boletinlegal/js/jquery.scrollShow.js HTTP/1.1" 200 4586
161.10.181.182 - - [23/Nov/2014:11:07:22 -0500] "GET /BLA/boletinlegal/js/jquery.js HTTP/1.1" 200 57254
161.10.181.182 - - [23/Nov/2014:11:07:22 -0500] "GET /BLA/boletinlegal/js/jquery.scrollTo-min.js HTTP/1.1" 200 1150
190.66.107.70 - - [23/Nov/2014:11:07:26 -0500] "POST /forms/lservlet;jsessionid=ac16012b30d5bb66409031d94c33b8f2d7c0a6479156.e3iSbxaKaheRe34Sa3yKbhiTahb0n6jAmljGr5XDqQLvpAe HTTP/1.1" 200 26
190.66.107.70 - - [23/Nov/2014:11:07:26 -0500] "POST /forms/lservlet;jsessionid=ac16012b30d5bb66409031d94c33b8f2d7c0a6479156.e3iSbxaKaheRe34Sa3yKbhiTahb0n6jAmljGr5XDqQLvpAe HTTP/1.1" 200 5137
190.66.107.70 - - [23/Nov/2014:11:07:27 -0500] "POST /forms/lservlet;jsessionid=ac16012b30d5bb66409031d94c33b8f2d7c0a6479156.e3iSbxaKaheRe34Sa3yKbhiTahb0n6jAmljGr5XDqQLvpAe HTTP/1.1" 200 10
190.66.107.70 - - [23/Nov/2014:11:07:29 -0500] "POST /forms/lservlet;jsessionid=ac16012b30d5bb66409031d94c33b8f2d7c0a6479156.e3iSbxaKaheRe34Sa3yKbhiTahb0n6jAmljGr5XDqQLvpAe HTTP/1.1" 200 2
190.66.107.70 - - [23/Nov/2014:11:07:29 -0500] "POST /forms/lservlet;jsessionid=ac16012b30d5bb66409031d94c33b8f2d7c0a6479156.e3iSbxaKaheRe34Sa3yKbhiTahb0n6jAmljGr5XDqQLvpAe HTTP/1.1" 200 2957
190.66.107.70 - - [23/Nov/2014:11:07:30 -0500] "POST /forms/lservlet;jsessionid=ac16012b30d5bb66409031d94c33b8f2d7c0a6479156.e3iSbxaKaheRe34Sa3yKbhiTahb0n6jAmljGr5XDqQLvpAe HTTP/1.1" 200 2
186.145.239.163 - - [23/Nov/2014:11:07:30 -0500] "GET /autoliquidacion/ HTTP/1.1" 200 6375
190.66.107.70 - - [23/Nov/2014:11:07:30 -0500] "POST /forms/lservlet;jsessionid=ac16012b30d5bb66409031d94c33b8f2d7c0a6479156.e3iSbxaKaheRe34Sa3yKbhiTahb0n6jAmljGr5XDqQLvpAe HTTP/1.1" 200 2
190.66.107.70 - - [23/Nov/2014:11:07:31 -0500] "POST /forms/lservlet;jsessionid=ac16012b30d5bb66409031d94c33b8f2d7c0a6479156.e3iSbxaKaheRe34Sa3yKbhiTahb0n6jAmljGr5XDqQLvpAe HTTP/1.1" 200 2530
190.66.107.70 - - [23/Nov/2014:11:07:31 -0500] "POST /forms/lservlet;jsessionid=ac16012b30d5bb66409031d94c33b8f2d7c0a6479156.e3iSbxaKaheRe34Sa3yKbhiTahb0n6jAmljGr5XDqQLvpAe HTTP/1.1" 200 2
190.66.107.70 - - [23/Nov/2014:11:07:32 -0500] "POST /forms/lservlet;jsessionid=ac16012b30d5bb66409031d94c33b8f2d7c0a6479156.e3iSbxaKaheRe34Sa3yKbhiTahb0n6jAmljGr5XDqQLvpAe HTTP/1.1" 200 2
190.66.107.70 - - [23/Nov/2014:11:07:32 -0500] "POST /forms/lservlet;jsessionid=ac16012b30d5bb66409031d94c33b8f2d7c0a6479156.e3iSbxaKaheRe34Sa3yKbhiTahb0n6jAmljGr5XDqQLvpAe HTTP/1.1" 200 3015
186.145.239.163 - - [23/Nov/2014:11:07:33 -0500] "GET /autoliquidacion/ HTTP/1.1" 200 6375
190.66.107.70 - - [23/Nov/2014:11:07:33 -0500] "POST /forms/lservlet;jsessionid=ac16012b30d5bb66409031d94c33b8f2d7c0a6479156.e3iSbxaKaheRe34Sa3yKbhiTahb0n6jAmljGr5XDqQLvpAe HTTP/1.1" 200 2
201.245.192.253 - - [23/Nov/2014:11:07:34 -0500] "GET /plugins/like.php?action=like&app_id=&channel=http%3A%2F%2Fstatic.ak.facebook.com%2Fconnect%2Fxd_arbiter%2F7r8gQb8MIqE.js%3Fversion%3D41%23cb%3Df2e7d25dc%26domain%3Dwww.paisdelosjuegos.com.co%26origin%3Dhttp%253A%252F%252Fwww.paisdelosjuegos.com.co%252Ff11c4b3854%26relation%3Dparent.parent&href=http%3A%2F%2Fwww.paisdelosjuegos.com.co%2Fjuego%2Fhundir%2Bla%2Bflota%2Fcruiser.html&layout=button_count&locale=en_US&sdk=joey&share=false&show_faces=false HTTP/1.1" 404 1340
190.66.107.70 - - [23/Nov/2014:11:07:34 -0500] "POST /forms/lservlet;jsessionid=ac16012b30d5bb66409031d94c33b8f2d7c0a6479156.e3iSbxaKaheRe34Sa3yKbhiTahb0n6jAmljGr5XDqQLvpAe HTTP/1.1" 200 2
190.66.107.70 - - [23/Nov/2014:11:07:34 -0500] "POST /forms/lservlet;jsessionid=ac16012b30d5bb66409031d94c33b8f2d7c0a6479156.e3iSbxaKaheRe34Sa3yKbhiTahb0n6jAmljGr5XDqQLvpAe HTTP/1.1" 200 2610
190.66.107.70 - - [23/Nov/2014:11:07:34 -0500] "POST /forms/lservlet;jsessionid=ac16012b30d5bb66409031d94c33b8f2d7c0a6479156.e3iSbxaKaheRe34Sa3yKbhiTahb0n6jAmljGr5XDqQLvpAe HTTP/1.1" 200 2
190.66.107.70 - - [23/Nov/2014:11:07:35 -0500] "POST /forms/lservlet;jsessionid=ac16012b30d5bb66409031d94c33b8f2d7c0a6479156.e3iSbxaKaheRe34Sa3yKbhiTahb0n6jAmljGr5XDqQLvpAe HTTP/1.1" 200 2
157.55.39.50 - - [23/Nov/2014:11:07:36 -0500] "GET /bla/resoluciones/resoluciones%202009/0046.pdf HTTP/1.1" 200 249984
190.66.107.70 - - [23/Nov/2014:11:07:35 -0500] "POST /forms/lservlet;jsessionid=ac16012b30d5bb66409031d94c33b8f2d7c0a6479156.e3iSbxaKaheRe34Sa3yKbhiTahb0n6jAmljGr5XDqQLvpAe HTTP/1.1" 200 2033
190.66.107.70 - - [23/Nov/2014:11:07:36 -0500] "POST /forms/lservlet;jsessionid=ac16012b30d5bb66409031d94c33b8f2d7c0a6479156.e3iSbxaKaheRe34Sa3yKbhiTahb0n6jAmljGr5XDqQLvpAe HTTP/1.1" 200 2
186.145.239.163 - - [23/Nov/2014:11:07:36 -0500] "GET /autoliquidacion/index.php?dir=Solicitudes+relacionadas+con+ocupaci%F3n+de+cauce%2F HTTP/1.1" 200 2802
186.145.239.163 - - [23/Nov/2014:11:07:36 -0500] "GET /autoliquidacion/dlf/pdf.gif HTTP/1.1" 200 272
190.66.107.70 - - [23/Nov/2014:11:07:36 -0500] "POST /forms/lservlet;jsessionid=ac16012b30d5bb66409031d94c33b8f2d7c0a6479156.e3iSbxaKaheRe34Sa3yKbhiTahb0n6jAmljGr5XDqQLvpAe HTTP/1.1" 200 2
190.66.107.70 - - [23/Nov/2014:11:07:37 -0500] "POST /forms/lservlet;jsessionid=ac16012b30d5bb66409031d94c33b8f2d7c0a6479156.e3iSbxaKaheRe34Sa3yKbhiTahb0n6jAmljGr5XDqQLvpAe HTTP/1.1" 200 2136
190.66.107.70 - - [23/Nov/2014:11:07:37 -0500] "POST /forms/lservlet;jsessionid=ac16012b30d5bb66409031d94c33b8f2d7c0a6479156.e3iSbxaKaheRe34Sa3yKbhiTahb0n6jAmljGr5XDqQLvpAe HTTP/1.1" 200 2
181.142.236.160 - - [23/Nov/2014:11:07:37 -0500] "GET /BLA/boletinlegal/js/jquery.js HTTP/1.1" 200 57254
181.142.236.160 - - [23/Nov/2014:11:07:37 -0500] "GET /BLA/boletinlegal/js/jquery.scrollTo-min.js HTTP/1.1" 200 1150
181.142.236.160 - - [23/Nov/2014:11:07:37 -0500] "GET /BLA/boletinlegal/js/jquery.scrollShow.js HTTP/1.1" 200 4586
186.29.170.3 - - [23/Nov/2014:11:07:37 -0500] "GET /BLA/resoluciones/AUTOS%202013/1016.pdf HTTP/1.1" 200 2960978
186.29.170.3 - - [23/Nov/2014:11:07:38 -0500] "GET /BLA/resoluciones/AUTOS%202013/1016.pdf HTTP/1.1" 206 32768
186.29.170.3 - - [23/Nov/2014:11:07:38 -0500] "GET /BLA/resoluciones/AUTOS%202013/1016.pdf HTTP/1.1" 206 2928210
157.55.39.50 - - [23/Nov/2014:11:07:38 -0500] "GET /BLA/resoluciones/RESOLUCIONES%202010/0291.pdf HTTP/1.1" 200 515386
201.245.192.253 - - [23/Nov/2014:11:07:38 -0500] "GET /yva_video?adformat=1_2&autoplay=0&controls=0&iv_load_policy=3&ps=instream&yva_ai_preroll=1 HTTP/1.1" 404 1339
190.66.107.70 - - [23/Nov/2014:11:07:39 -0500] "POST /forms/lservlet;jsessionid=ac16012b30d5bb66409031d94c33b8f2d7c0a6479156.e3iSbxaKaheRe34Sa3yKbhiTahb0n6jAmljGr5XDqQLvpAe HTTP/1.1" 200 2
190.66.107.70 - - [23/Nov/2014:11:07:39 -0500] "POST /forms/lservlet;jsessionid=ac16012b30d5bb66409031d94c33b8f2d7c0a6479156.e3iSbxaKaheRe34Sa3yKbhiTahb0n6jAmljGr5XDqQLvpAe HTTP/1.1" 200 2866
190.66.107.70 - - [23/Nov/2014:11:07:40 -0500] "POST /forms/lservlet;jsessionid=ac16012b30d5bb66409031d94c33b8f2d7c0a6479156.e3iSbxaKaheRe34Sa3yKbhiTahb0n6jAmljGr5XDqQLvpAe HTTP/1.1" 200 2
201.245.192.253 - - [23/Nov/2014:11:07:41 -0500] "GET /yva_video?adformat=2_2_1&adns=4&agcid=60555432058&autoplay=0&controls=0&iv_load_policy=3&ps=trueview-instream&video_id=X37wlgO2Y2g&yva_ai_preroll=1 HTTP/1.1" 404 1339
186.29.170.3 - - [23/Nov/2014:11:07:41 -0500] "GET /favicon.ico HTTP/1.1" 200 7782
207.46.13.28 - - [23/Nov/2014:11:07:42 -0500] "GET /BLA/resoluciones/RESOLUCIONES%202009/0749.pdf HTTP/1.1" 200 172846
207.46.13.28 - - [23/Nov/2014:11:07:42 -0500] "GET /BLA/resoluciones/AUTOS%202011/1362.pdf HTTP/1.1" 200 237408
190.66.107.70 - - [23/Nov/2014:11:07:47 -0500] "POST /forms/lservlet;jsessionid=ac16012b30d5bb66409031d94c33b8f2d7c0a6479156.e3iSbxaKaheRe34Sa3yKbhiTahb0n6jAmljGr5XDqQLvpAe HTTP/1.1" 200 2
157.55.39.197 - - [23/Nov/2014:11:07:47 -0500] "GET /bla/resoluciones/resoluciones%202010/5326.pdf HTTP/1.1" 200 232829
157.55.39.197 - - [23/Nov/2014:11:07:47 -0500] "GET /BLA/resoluciones/RESOLUCIONES%202008/1487.pdf HTTP/1.1" 200 407233
190.66.107.70 - - [23/Nov/2014:11:07:47 -0500] "POST /forms/lservlet;jsessionid=ac16012b30d5bb66409031d94c33b8f2d7c0a6479156.e3iSbxaKaheRe34Sa3yKbhiTahb0n6jAmljGr5XDqQLvpAe HTTP/1.1" 200 3275
190.66.107.70 - - [23/Nov/2014:11:07:47 -0500] "POST /forms/lservlet;jsessionid=ac16012b30d5bb66409031d94c33b8f2d7c0a6479156.e3iSbxaKaheRe34Sa3yKbhiTahb0n6jAmljGr5XDqQLvpAe HTTP/1.1" 200 2
186.145.239.163 - - [23/Nov/2014:11:07:49 -0500] "GET /autoliquidacion/index.php?dir=Grupo+Forestal+-+Silvicultura%2F HTTP/1.1" 200 5756
190.66.107.70 - - [23/Nov/2014:11:07:49 -0500] "POST /forms/lservlet;jsessionid=ac16012b30d5bb66409031d94c33b8f2d7c0a6479156.e3iSbxaKaheRe34Sa3yKbhiTahb0n6jAmljGr5XDqQLvpAe HTTP/1.1" 200 2
190.66.107.70 - - [23/Nov/2014:11:07:50 -0500] "POST /forms/lservlet;jsessionid=ac16012b30d5bb66409031d94c33b8f2d7c0a6479156.e3iSbxaKaheRe34Sa3yKbhiTahb0n6jAmljGr5XDqQLvpAe HTTP/1.1" 200 2234
190.66.107.70 - - [23/Nov/2014:11:07:50 -0500] "POST /forms/lservlet;jsessionid=ac16012b30d5bb66409031d94c33b8f2d7c0a6479156.e3iSbxaKaheRe34Sa3yKbhiTahb0n6jAmljGr5XDqQLvpAe HTTP/1.1" 200 10
188.165.15.78 - - [23/Nov/2014:11:07:51 -0500] "GET /BLA/resoluciones/RESOLUCIONES%202003/RES%202003%20801-850/826.tif HTTP/1.1" 200 295204
190.66.107.70 - - [23/Nov/2014:11:07:52 -0500] "POST /forms/lservlet;jsessionid=ac16012b30d5bb66409031d94c33b8f2d7c0a6479156.e3iSbxaKaheRe34Sa3yKbhiTahb0n6jAmljGr5XDqQLvpAe HTTP/1.1" 200 2
190.66.107.70 - - [23/Nov/2014:11:07:52 -0500] "POST /forms/lservlet;jsessionid=ac16012b30d5bb66409031d94c33b8f2d7c0a6479156.e3iSbxaKaheRe34Sa3yKbhiTahb0n6jAmljGr5XDqQLvpAe HTTP/1.1" 200 3156
190.66.107.70 - - [23/Nov/2014:11:07:52 -0500] "POST /forms/lservlet;jsessionid=ac16012b30d5bb66409031d94c33b8f2d7c0a6479156.e3iSbxaKaheRe34Sa3yKbhiTahb0n6jAmljGr5XDqQLvpAe HTTP/1.1" 200 2
190.66.107.70 - - [23/Nov/2014:11:07:54 -0500] "POST /forms/lservlet;jsessionid=ac16012b30d5bb66409031d94c33b8f2d7c0a6479156.e3iSbxaKaheRe34Sa3yKbhiTahb0n6jAmljGr5XDqQLvpAe HTTP/1.1" 200 391
190.66.107.70 - - [23/Nov/2014:11:07:54 -0500] "POST /forms/lservlet;jsessionid=ac16012b30d5bb66409031d94c33b8f2d7c0a6479156.e3iSbxaKaheRe34Sa3yKbhiTahb0n6jAmljGr5XDqQLvpAe HTTP/1.1" 200 7
190.66.107.70 - - [23/Nov/2014:11:07:55 -0500] "POST /forms/lservlet;jsessionid=ac16012b30d5bb66409031d94c33b8f2d7c0a6479156.e3iSbxaKaheRe34Sa3yKbhiTahb0n6jAmljGr5XDqQLvpAe HTTP/1.1" 200 303
190.66.107.70 - - [23/Nov/2014:11:07:55 -0500] "POST /forms/lservlet;jsessionid=ac16012b30d5bb66409031d94c33b8f2d7c0a6479156.e3iSbxaKaheRe34Sa3yKbhiTahb0n6jAmljGr5XDqQLvpAe HTTP/1.1" 200 357
190.66.107.70 - - [23/Nov/2014:11:07:56 -0500] "POST /forms/lservlet;jsessionid=ac16012b30d5bb66409031d94c33b8f2d7c0a6479156.e3iSbxaKaheRe34Sa3yKbhiTahb0n6jAmljGr5XDqQLvpAe HTTP/1.1" 200 347
180.76.6.46 - - [23/Nov/2014:11:07:56 -0500] "GET /BLA/resoluciones/RESOLUCIONES%202010/0293.pdf HTTP/1.1" 200 545975
190.66.107.70 - - [23/Nov/2014:11:07:56 -0500] "POST /forms/lservlet;jsessionid=ac16012b30d5bb66409031d94c33b8f2d7c0a6479156.e3iSbxaKaheRe34Sa3yKbhiTahb0n6jAmljGr5XDqQLvpAe HTTP/1.1" 200 341
190.66.107.70 - - [23/Nov/2014:11:07:57 -0500] "POST /forms/lservlet;jsessionid=ac16012b30d5bb66409031d94c33b8f2d7c0a6479156.e3iSbxaKaheRe34Sa3yKbhiTahb0n6jAmljGr5XDqQLvpAe HTTP/1.1" 200 333
157.55.39.102 - - [23/Nov/2014:11:07:58 -0500] "GET /BLA/resoluciones/AUTOS%202009/1995.pdf HTTP/1.1" 200 104272
190.66.107.70 - - [23/Nov/2014:11:08:00 -0500] "POST /forms/lservlet;jsessionid=ac16012b30d5bb66409031d94c33b8f2d7c0a6479156.e3iSbxaKaheRe34Sa3yKbhiTahb0n6jAmljGr5XDqQLvpAe HTTP/1.1" 200 582
186.145.239.163 - - [23/Nov/2014:11:08:00 -0500] "GET /autoliquidacion/Grupo%20Forestal%20-%20Silvicultura/Formato%20de%20revision%20de%20documentacion%20-%20Tramite%20facil.xls HTTP/1.1" 200 1682944
66.249.65.123 - - [23/Nov/2014:11:08:01 -0500] "GET /BLA/resoluciones/RESOLUCIONES%202010/7173.pdf HTTP/1.1" 200 834118
190.66.107.70 - - [23/Nov/2014:11:08:02 -0500] "POST /forms/lservlet;jsessionid=ac16012b30d5bb66409031d94c33b8f2d7c0a6479156.e3iSbxaKaheRe34Sa3yKbhiTahb0n6jAmljGr5XDqQLvpAe HTTP/1.1" 200 2
190.66.107.70 - - [23/Nov/2014:11:08:02 -0500] "POST /forms/lservlet;jsessionid=ac16012b30d5bb66409031d94c33b8f2d7c0a6479156.e3iSbxaKaheRe34Sa3yKbhiTahb0n6jAmljGr5XDqQLvpAe HTTP/1.1" 200 311
190.66.107.70 - - [23/Nov/2014:11:08:02 -0500] "POST /forms/lservlet;jsessionid=ac16012b30d5bb66409031d94c33b8f2d7c0a6479156.e3iSbxaKaheRe34Sa3yKbhiTahb0n6jAmljGr5XDqQLvpAe HTTP/1.1" 200 7
66.249.65.115 - - [23/Nov/2014:11:08:04 -0500] "GET /BLA/resoluciones/RESOLUCIONES%202003/RES%202003%201551-1601/20031562.tif HTTP/1.1" 200 139608
190.66.107.70 - - [23/Nov/2014:11:08:07 -0500] "POST /forms/lservlet;jsessionid=ac16012b30d5bb66409031d94c33b8f2d7c0a6479156.e3iSbxaKaheRe34Sa3yKbhiTahb0n6jAmljGr5XDqQLvpAe HTTP/1.1" 200 233
186.145.239.163 - - [23/Nov/2014:11:08:08 -0500] "OPTIONS /autoliquidacion/Grupo%20Forestal%20-%20Silvicultura/ HTTP/1.1" 200 -
186.145.239.163 - - [23/Nov/2014:11:08:08 -0500] "HEAD /autoliquidacion/Grupo%20Forestal%20-%20Silvicultura/Formato%20de%20revision%20de%20documentacion%20-%20Tramite%20facil.xls HTTP/1.1" 200 -
186.145.239.163 - - [23/Nov/2014:11:08:08 -0500] "OPTIONS /autoliquidacion/Grupo%20Forestal%20-%20Silvicultura HTTP/1.1" 301 346
186.145.239.163 - - [23/Nov/2014:11:08:08 -0500] "OPTIONS /autoliquidacion/Grupo%20Forestal%20-%20Silvicultura/ HTTP/1.1" 200 -
186.145.239.163 - - [23/Nov/2014:11:08:08 -0500] "PROPFIND /autoliquidacion/Grupo%20Forestal%20-%20Silvicultura HTTP/1.1" 301 346
186.145.239.163 - - [23/Nov/2014:11:08:08 -0500] "PROPFIND /autoliquidacion/Grupo%20Forestal%20-%20Silvicultura/ HTTP/1.1" 405 943
186.145.239.163 - - [23/Nov/2014:11:08:08 -0500] "PROPFIND /autoliquidacion HTTP/1.1" 301 310
186.145.239.163 - - [23/Nov/2014:11:08:08 -0500] "PROPFIND /autoliquidacion/ HTTP/1.1" 200 6375
186.145.239.163 - - [23/Nov/2014:11:08:08 -0500] "PROPFIND /autoliquidacion HTTP/1.1" 301 310
186.145.239.163 - - [23/Nov/2014:11:08:08 -0500] "PROPFIND /autoliquidacion/ HTTP/1.1" 200 6375
186.145.239.163 - - [23/Nov/2014:11:08:09 -0500] "PROPFIND /autoliquidacion/Grupo%20Forestal%20-%20Silvicultura HTTP/1.1" 301 346
186.145.239.163 - - [23/Nov/2014:11:08:09 -0500] "PROPFIND /autoliquidacion/Grupo%20Forestal%20-%20Silvicultura/ HTTP/1.1" 405 943
186.145.239.163 - - [23/Nov/2014:11:08:09 -0500] "PROPFIND /autoliquidacion HTTP/1.1" 301 310
186.145.239.163 - - [23/Nov/2014:11:08:09 -0500] "PROPFIND /autoliquidacion/ HTTP/1.1" 200 6375
186.145.239.163 - - [23/Nov/2014:11:08:09 -0500] "HEAD /autoliquidacion/Grupo%20Forestal%20-%20Silvicultura/Formato%20de%20revision%20de%20documentacion%20-%20Tramite%20facil.xls HTTP/1.1" 200 -
190.66.107.70 - - [23/Nov/2014:11:08:09 -0500] "POST /forms/lservlet;jsessionid=ac16012b30d5bb66409031d94c33b8f2d7c0a6479156.e3iSbxaKaheRe34Sa3yKbhiTahb0n6jAmljGr5XDqQLvpAe HTTP/1.1" 200 369
190.66.107.70 - - [23/Nov/2014:11:08:10 -0500] "POST /forms/lservlet;jsessionid=ac16012b30d5bb66409031d94c33b8f2d7c0a6479156.e3iSbxaKaheRe34Sa3yKbhiTahb0n6jAmljGr5XDqQLvpAe HTTP/1.1" 200 2015
186.145.239.163 - - [23/Nov/2014:11:08:10 -0500] "PROPFIND / HTTP/1.1" 302 -
190.66.107.70 - - [23/Nov/2014:11:08:10 -0500] "POST /forms/lservlet;jsessionid=ac16012b30d5bb66409031d94c33b8f2d7c0a6479156.e3iSbxaKaheRe34Sa3yKbhiTahb0n6jAmljGr5XDqQLvpAe HTTP/1.1" 200 78
186.145.239.163 - - [23/Nov/2014:11:08:10 -0500] "PROPFIND / HTTP/1.1" 302 -
190.66.107.70 - - [23/Nov/2014:11:08:14 -0500] "POST /forms/lservlet;jsessionid=ac16012b30d5bb66409031d94c33b8f2d7c0a6479156.e3iSbxaKaheRe34Sa3yKbhiTahb0n6jAmljGr5XDqQLvpAe HTTP/1.1" 200 34756
190.66.107.70 - - [23/Nov/2014:11:08:15 -0500] "GET /imagenes/listval.gif HTTP/1.1" 200 905
190.66.107.70 - - [23/Nov/2014:11:08:15 -0500] "POST /forms/lservlet;jsessionid=ac16012b30d5bb66409031d94c33b8f2d7c0a6479156.e3iSbxaKaheRe34Sa3yKbhiTahb0n6jAmljGr5XDqQLvpAe HTTP/1.1" 200 7
190.66.107.70 - - [23/Nov/2014:11:08:15 -0500] "POST /forms/lservlet;jsessionid=ac16012b30d5bb66409031d94c33b8f2d7c0a6479156.e3iSbxaKaheRe34Sa3yKbhiTahb0n6jAmljGr5XDqQLvpAe HTTP/1.1" 200 34
190.66.107.70 - - [23/Nov/2014:11:08:15 -0500] "POST /forms/lservlet;jsessionid=ac16012b30d5bb66409031d94c33b8f2d7c0a6479156.e3iSbxaKaheRe34Sa3yKbhiTahb0n6jAmljGr5XDqQLvpAe HTTP/1.1" 200 2
157.55.39.102 - - [23/Nov/2014:11:08:18 -0500] "GET /bla/resoluciones/resoluciones%202009/8572.pdf HTTP/1.1" 200 517226
157.55.39.102 - - [23/Nov/2014:11:08:19 -0500] "GET /bla/resoluciones/resoluciones%202009/6978.pdf HTTP/1.1" 200 94925
190.66.107.70 - - [23/Nov/2014:11:08:22 -0500] "POST /forms/lservlet;jsessionid=ac16012b30d5bb66409031d94c33b8f2d7c0a6479156.e3iSbxaKaheRe34Sa3yKbhiTahb0n6jAmljGr5XDqQLvpAe HTTP/1.1" 200 2
186.154.164.203 - - [23/Nov/2014:11:08:23 -0500] "GET /BLA/boletinlegal/js/jquery.scrollShow.js HTTP/1.1" 200 4586
186.154.164.203 - - [23/Nov/2014:11:08:23 -0500] "GET /BLA/boletinlegal/js/jquery.js HTTP/1.1" 200 57254
186.154.164.203 - - [23/Nov/2014:11:08:23 -0500] "GET /BLA/boletinlegal/js/jquery.scrollTo-min.js HTTP/1.1" 200 1150
186.85.109.205 - - [23/Nov/2014:11:08:26 -0500] "GET /BLA/boletinlegal/js/jquery.js HTTP/1.1" 200 57254
186.85.109.205 - - [23/Nov/2014:11:08:26 -0500] "GET /BLA/boletinlegal/js/jquery.scrollTo-min.js HTTP/1.1" 200 1150
186.85.109.205 - - [23/Nov/2014:11:08:26 -0500] "GET /BLA/boletinlegal/js/jquery.scrollShow.js HTTP/1.1" 200 4586
186.145.130.33 - - [23/Nov/2014:11:08:27 -0500] "GET /BLA/boletinlegal/js/jquery.scrollTo-min.js HTTP/1.1" 200 1150
186.145.130.33 - - [23/Nov/2014:11:08:27 -0500] "GET /BLA/boletinlegal/js/jquery.js HTTP/1.1" 200 57254
186.145.130.33 - - [23/Nov/2014:11:08:27 -0500] "GET /BLA/boletinlegal/js/jquery.scrollShow.js HTTP/1.1" 200 4586
190.66.107.70 - - [23/Nov/2014:11:08:28 -0500] "POST /forms/lservlet;jsessionid=ac16012b30d5bb66409031d94c33b8f2d7c0a6479156.e3iSbxaKaheRe34Sa3yKbhiTahb0n6jAmljGr5XDqQLvpAe HTTP/1.1" 200 610
190.66.107.70 - - [23/Nov/2014:11:08:29 -0500] "POST /forms/lservlet;jsessionid=ac16012b30d5bb66409031d94c33b8f2d7c0a6479156.e3iSbxaKaheRe34Sa3yKbhiTahb0n6jAmljGr5XDqQLvpAe HTTP/1.1" 200 51
186.145.239.163 - - [23/Nov/2014:11:08:37 -0500] "GET /autoliquidacion/Grupo%20Forestal%20-%20Silvicultura/Formulario%20de%20recoleccion%20de%20informacion%20silvicultural%20-%20%20Ficha1.xls HTTP/1.1" 200 183808
186.145.239.163 - - [23/Nov/2014:11:08:39 -0500] "GET /autoliquidacion/Grupo%20Forestal%20-%20Silvicultura/Formulario%20de%20recoleccion%20de%20informacion%20silvicultural%20-%20%20Ficha1.xls HTTP/1.1" 200 183808
180.76.5.170 - - [23/Nov/2014:11:08:40 -0500] "GET /BLA/resoluciones/RESOLUCIONES%202010/3151.pdf HTTP/1.1" 200 350124
186.145.239.163 - - [23/Nov/2014:11:08:41 -0500] "OPTIONS /autoliquidacion/Grupo%20Forestal%20-%20Silvicultura/ HTTP/1.1" 200 -
186.145.239.163 - - [23/Nov/2014:11:08:42 -0500] "HEAD /autoliquidacion/Grupo%20Forestal%20-%20Silvicultura/Formulario%20de%20recoleccion%20de%20informacion%20silvicultural%20-%20%20Ficha1.xls HTTP/1.1" 200 -
186.145.239.163 - - [23/Nov/2014:11:08:42 -0500] "HEAD /autoliquidacion/Grupo%20Forestal%20-%20Silvicultura/Formulario%20de%20recoleccion%20de%20informacion%20silvicultural%20-%20%20Ficha1.xls HTTP/1.1" 200 -
157.55.39.197 - - [23/Nov/2014:11:08:44 -0500] "GET /bla/resoluciones/resoluciones%202010/6076.pdf HTTP/1.1" 200 279785
157.55.39.197 - - [23/Nov/2014:11:08:54 -0500] "GET /BLA/resoluciones/AUTOS%202011/2447.pdf HTTP/1.1" 200 161643
157.55.39.197 - - [23/Nov/2014:11:08:54 -0500] "GET /BLA/resoluciones/AUTOS%202009/0925.pdf HTTP/1.1" 200 121498
190.66.107.70 - - [23/Nov/2014:11:08:55 -0500] "POST /forms/lservlet;jsessionid=ac16012b30d5bb66409031d94c33b8f2d7c0a6479156.e3iSbxaKaheRe34Sa3yKbhiTahb0n6jAmljGr5XDqQLvpAe HTTP/1.1" 200 26
190.66.107.70 - - [23/Nov/2014:11:08:55 -0500] "POST /forms/lservlet;jsessionid=ac16012b30d5bb66409031d94c33b8f2d7c0a6479156.e3iSbxaKaheRe34Sa3yKbhiTahb0n6jAmljGr5XDqQLvpAe HTTP/1.1" 200 600
190.66.107.70 - - [23/Nov/2014:11:08:55 -0500] "POST /forms/lservlet;jsessionid=ac16012b30d5bb66409031d94c33b8f2d7c0a6479156.e3iSbxaKaheRe34Sa3yKbhiTahb0n6jAmljGr5XDqQLvpAe HTTP/1.1" 200 20
190.66.107.70 - - [23/Nov/2014:11:08:57 -0500] "POST /forms/lservlet;jsessionid=ac16012b30d5bb66409031d94c33b8f2d7c0a6479156.e3iSbxaKaheRe34Sa3yKbhiTahb0n6jAmljGr5XDqQLvpAe HTTP/1.1" 200 428
190.66.107.70 - - [23/Nov/2014:11:08:59 -0500] "POST /forms/lservlet;jsessionid=ac16012b30d5bb66409031d94c33b8f2d7c0a6479156.e3iSbxaKaheRe34Sa3yKbhiTahb0n6jAmljGr5XDqQLvpAe HTTP/1.1" 200 54
186.147.66.232 - - [23/Nov/2014:11:09:04 -0500] "GET /forest/session.jsp?a=0.3930128482170403 HTTP/1.1" 200 4
157.55.39.102 - - [23/Nov/2014:11:09:09 -0500] "GET /bla/resoluciones/autos%202010/5530.pdf HTTP/1.1" 200 230968
157.55.39.197 - - [23/Nov/2014:11:09:14 -0500] "GET /BLA/resoluciones/AUTOS%202009/2247.pdf HTTP/1.1" 200 121960
186.28.54.234 - - [23/Nov/2014:11:09:17 -0500] "GET /BLA/resoluciones/RESOLUCIONES%202007/RES%202007%201501%20AL%201600/RESOLUCION%201550%20DE%202007.pdf HTTP/1.1" 200 914739
186.28.54.234 - - [23/Nov/2014:11:09:18 -0500] "GET /BLA/resoluciones/RESOLUCIONES%202007/RES%202007%201501%20AL%201600/RESOLUCION%201550%20DE%202007.pdf HTTP/1.1" 206 32768
186.28.54.234 - - [23/Nov/2014:11:09:18 -0500] "GET /BLA/resoluciones/RESOLUCIONES%202007/RES%202007%201501%20AL%201600/RESOLUCION%201550%20DE%202007.pdf HTTP/1.1" 206 881971
157.55.39.197 - - [23/Nov/2014:11:09:14 -0500] "GET /BLA/resoluciones/index.php?dir=RESOLUCIONES%202010/&sort=size&order=asc HTTP/1.1" 200 607236
157.55.39.197 - - [23/Nov/2014:11:09:18 -0500] "GET /bla/resoluciones/resoluciones%202009/7568.pdf HTTP/1.1" 200 494579
186.28.54.234 - - [23/Nov/2014:11:09:19 -0500] "GET /favicon.ico HTTP/1.1" 200 7782
181.54.178.154 - - [23/Nov/2014:11:09:19 -0500] "GET /BLA/boletinlegal/js/jquery.scrollShow.js HTTP/1.1" 200 4586
181.54.178.154 - - [23/Nov/2014:11:09:19 -0500] "GET /BLA/boletinlegal/js/jquery.scrollTo-min.js HTTP/1.1" 200 1150
181.54.178.154 - - [23/Nov/2014:11:09:19 -0500] "GET /BLA/boletinlegal/js/jquery.js HTTP/1.1" 200 57254
188.165.15.210 - - [23/Nov/2014:11:09:21 -0500] "GET /BLA/resoluciones/RESOLUCIONES%202002/RES%202002%201501-1550/20021514.tif HTTP/1.1" 200 82402
190.156.87.9 - - [23/Nov/2014:11:09:22 -0500] "GET /BLA/boletinlegal/js/jquery.scrollShow.js HTTP/1.1" 200 4586
190.156.87.9 - - [23/Nov/2014:11:09:22 -0500] "GET /BLA/boletinlegal/js/jquery.js HTTP/1.1" 200 57254
190.156.87.9 - - [23/Nov/2014:11:09:22 -0500] "GET /BLA/boletinlegal/js/jquery.scrollTo-min.js HTTP/1.1" 200 1150
207.46.13.28 - - [23/Nov/2014:11:09:23 -0500] "GET /BLA/resoluciones/AUTOS%202009/0608.pdf HTTP/1.1" 200 122919
180.76.6.57 - - [23/Nov/2014:11:09:25 -0500] "GET /BLA/resoluciones/AUTOS%202011/1504.pdf HTTP/1.1" 200 128034
157.55.39.197 - - [23/Nov/2014:11:09:28 -0500] "GET /bla/resoluciones/resoluciones%202009/7384.pdf HTTP/1.1" 200 1165313
157.55.39.197 - - [23/Nov/2014:11:09:28 -0500] "GET /BLA/resoluciones/RESOLUCIONES%202009/1430.pdf HTTP/1.1" 200 932837
157.55.39.197 - - [23/Nov/2014:11:09:29 -0500] "GET /BLA/resoluciones/RESOLUCIONES%202009/4211.pdf HTTP/1.1" 200 1052701
186.28.212.150 - - [23/Nov/2014:11:09:29 -0500] "GET /BLA/boletinlegal/js/jquery.scrollTo-min.js HTTP/1.1" 200 1150
186.28.212.150 - - [23/Nov/2014:11:09:29 -0500] "GET /BLA/boletinlegal/js/jquery.scrollShow.js HTTP/1.1" 200 4586
186.28.212.150 - - [23/Nov/2014:11:09:29 -0500] "GET /galeria/carrusel/Carrusel/jquery.thumbnailScroller.js HTTP/1.1" 200 8157
186.28.212.150 - - [23/Nov/2014:11:09:29 -0500] "GET /galeria/carrusel/Carrusel/jquery.thumbnailScroller.css HTTP/1.1" 200 2066
186.28.212.150 - - [23/Nov/2014:11:09:30 -0500] "GET /BLA/boletinlegal/js/jquery.js HTTP/1.1" 200 57254
186.28.212.150 - - [23/Nov/2014:11:09:31 -0500] "GET /galeria/nivo-slider/demo/demo.html HTTP/1.1" 200 3946
186.28.212.150 - - [23/Nov/2014:11:09:31 -0500] "GET /galeria/nivo-slider/themes/default/default.css HTTP/1.1" 200 1569
186.28.212.150 - - [23/Nov/2014:11:09:31 -0500] "GET /galeria/nivo-slider/themes/pascal/pascal.css HTTP/1.1" 200 2258
186.28.212.150 - - [23/Nov/2014:11:09:31 -0500] "GET /galeria/nivo-slider/themes/orman/orman.css HTTP/1.1" 200 2152
186.28.212.150 - - [23/Nov/2014:11:09:31 -0500] "GET /galeria/nivo-slider/nivo-slider.css HTTP/1.1" 200 1507
186.28.212.150 - - [23/Nov/2014:11:09:31 -0500] "GET /galeria/nivo-slider/demo/style.css HTTP/1.1" 200 2222
186.28.212.150 - - [23/Nov/2014:11:09:31 -0500] "GET /galeria/nivo-slider/demo/images/TIBANICA-03.jpg HTTP/1.1" 200 121750
186.28.212.150 - - [23/Nov/2014:11:09:31 -0500] "GET /galeria/nivo-slider/demo/images/BANNER-GOBERNANZA.jpg HTTP/1.1" 200 87637
186.28.212.150 - - [23/Nov/2014:11:09:31 -0500] "GET /galeria/nivo-slider/demo/images/ForoNacionalAmbiental.jpg HTTP/1.1" 304 -
186.28.212.150 - - [23/Nov/2014:11:09:31 -0500] "GET /galeria/nivo-slider/demo/scripts/jquery-1.7.1.min.js HTTP/1.1" 200 93868
186.28.212.150 - - [23/Nov/2014:11:09:31 -0500] "GET /galeria/nivo-slider/demo/images/Biotaxis-Man.jpg HTTP/1.1" 304 -
186.28.212.150 - - [23/Nov/2014:11:09:31 -0500] "GET /galeria/nivo-slider/demo/images/Banner-comparendo.jpg HTTP/1.1" 304 -
186.28.212.150 - - [23/Nov/2014:11:09:31 -0500] "GET /galeria/nivo-slider/demo/images/banner-redes.jpg HTTP/1.1" 200 62209
186.28.212.150 - - [23/Nov/2014:11:09:31 -0500] "GET /galeria/nivo-slider/demo/images/banner-pygaai.jpg HTTP/1.1" 304 -
186.28.212.150 - - [23/Nov/2014:11:09:31 -0500] "GET /galeria/nivo-slider/demo/images/Banner-Ecourbanismo.jpg HTTP/1.1" 200 189838
186.28.212.150 - - [23/Nov/2014:11:09:32 -0500] "GET /galeria/nivo-slider/demo/images/banner-caballos.png HTTP/1.1" 200 389106
186.28.212.150 - - [23/Nov/2014:11:09:32 -0500] "GET /galeria/nivo-slider/demo/images/4Simple_Slider.png HTTP/1.1" 200 11722
157.55.39.102 - - [23/Nov/2014:11:09:32 -0500] "GET /BLA/resoluciones/Resoluciones%202011/0952.pdf HTTP/1.1" 200 75735
186.28.212.150 - - [23/Nov/2014:11:09:34 -0500] "GET /galeria/nivo-slider/themes/default/bullets.png HTTP/1.1" 200 1281
157.55.39.50 - - [23/Nov/2014:11:09:38 -0500] "GET /bla/resoluciones/resoluciones%202009/3196.pdf HTTP/1.1" 200 341546
157.55.39.50 - - [23/Nov/2014:11:09:39 -0500] "GET /bla/resoluciones/autos%202010/5203.pdf HTTP/1.1" 200 327879
157.55.39.102 - - [23/Nov/2014:11:09:47 -0500] "GET /BLA/resoluciones/Resoluciones%202011/0784.pdf HTTP/1.1" 200 76367
157.55.39.102 - - [23/Nov/2014:11:09:48 -0500] "GET /BLA/resoluciones/RESOLUCIONES%202009/1738.pdf HTTP/1.1" 200 415045
207.46.13.28 - - [23/Nov/2014:11:09:43 -0500] "GET /BLA/resoluciones/index.php?dir=RESOLUCIONES%202011/&sort=date&order=asc HTTP/1.1" 200 607392
190.66.107.70 - - [23/Nov/2014:11:09:53 -0500] "POST /forms/lservlet;jsessionid=ac16012b30d5bb66409031d94c33b8f2d7c0a6479156.e3iSbxaKaheRe34Sa3yKbhiTahb0n6jAmljGr5XDqQLvpAe HTTP/1.1" 200 26
190.66.107.70 - - [23/Nov/2014:11:09:53 -0500] "POST /forms/lservlet;jsessionid=ac16012b30d5bb66409031d94c33b8f2d7c0a6479156.e3iSbxaKaheRe34Sa3yKbhiTahb0n6jAmljGr5XDqQLvpAe HTTP/1.1" 200 532
190.66.107.70 - - [23/Nov/2014:11:09:53 -0500] "POST /forms/lservlet;jsessionid=ac16012b30d5bb66409031d94c33b8f2d7c0a6479156.e3iSbxaKaheRe34Sa3yKbhiTahb0n6jAmljGr5XDqQLvpAe HTTP/1.1" 200 20
190.66.107.70 - - [23/Nov/2014:11:09:55 -0500] "POST /forms/lservlet;jsessionid=ac16012b30d5bb66409031d94c33b8f2d7c0a6479156.e3iSbxaKaheRe34Sa3yKbhiTahb0n6jAmljGr5XDqQLvpAe HTTP/1.1" 200 2
190.66.107.70 - - [23/Nov/2014:11:09:55 -0500] "POST /forms/lservlet;jsessionid=ac16012b30d5bb66409031d94c33b8f2d7c0a6479156.e3iSbxaKaheRe34Sa3yKbhiTahb0n6jAmljGr5XDqQLvpAe HTTP/1.1" 200 474
190.66.107.70 - - [23/Nov/2014:11:09:55 -0500] "POST /forms/lservlet;jsessionid=ac16012b30d5bb66409031d94c33b8f2d7c0a6479156.e3iSbxaKaheRe34Sa3yKbhiTahb0n6jAmljGr5XDqQLvpAe HTTP/1.1" 200 10
201.245.245.7 - - [23/Nov/2014:11:09:56 -0500] "GET /BLA/boletinlegal/js/jquery.js HTTP/1.1" 200 57254
201.245.245.7 - - [23/Nov/2014:11:09:56 -0500] "GET /BLA/boletinlegal/js/jquery.scrollTo-min.js HTTP/1.1" 200 1150
201.245.245.7 - - [23/Nov/2014:11:09:56 -0500] "GET /BLA/boletinlegal/js/jquery.scrollShow.js HTTP/1.1" 200 4586
157.55.39.50 - - [23/Nov/2014:11:09:58 -0500] "GET /BLA/resoluciones/RESOLUCIONES%202008/3052.pdf HTTP/1.1" 200 448601
190.66.107.70 - - [23/Nov/2014:11:09:59 -0500] "POST /forms/lservlet;jsessionid=ac16012b30d5bb66409031d94c33b8f2d7c0a6479156.e3iSbxaKaheRe34Sa3yKbhiTahb0n6jAmljGr5XDqQLvpAe HTTP/1.1" 200 54
157.55.39.197 - - [23/Nov/2014:11:10:02 -0500] "GET /bla/resoluciones/resoluciones%202010/6471.pdf HTTP/1.1" 200 74279
157.55.39.197 - - [23/Nov/2014:11:10:05 -0500] "-" 408 -
181.142.236.160 - - [23/Nov/2014:11:10:19 -0500] "GET /galeria/carrusel/Carrusel/jquery.thumbnailScroller.css HTTP/1.1" 200 2066
181.142.236.160 - - [23/Nov/2014:11:10:19 -0500] "GET /galeria/carrusel/Carrusel/jquery-ui-1.8.13.custom.min.js HTTP/1.1" 200 10800
181.142.236.160 - - [23/Nov/2014:11:10:19 -0500] "GET /galeria/carrusel/Carrusel/jquery.thumbnailScroller.js HTTP/1.1" 200 8157
181.142.236.160 - - [23/Nov/2014:11:10:19 -0500] "GET /galeria/nivo-slider/demo/demo.html HTTP/1.1" 200 3946
181.142.236.160 - - [23/Nov/2014:11:10:20 -0500] "GET /galeria/nivo-slider/themes/default/default.css HTTP/1.1" 200 1569
181.142.236.160 - - [23/Nov/2014:11:10:20 -0500] "GET /galeria/nivo-slider/themes/pascal/pascal.css HTTP/1.1" 200 2258
181.142.236.160 - - [23/Nov/2014:11:10:20 -0500] "GET /galeria/nivo-slider/themes/orman/orman.css HTTP/1.1" 200 2152
181.142.236.160 - - [23/Nov/2014:11:10:20 -0500] "GET /galeria/nivo-slider/nivo-slider.css HTTP/1.1" 200 1507
181.142.236.160 - - [23/Nov/2014:11:10:20 -0500] "GET /galeria/nivo-slider/demo/style.css HTTP/1.1" 200 2222
181.142.236.160 - - [23/Nov/2014:11:10:20 -0500] "GET /galeria/nivo-slider/demo/scripts/jquery-1.7.1.min.js HTTP/1.1" 200 93868
181.142.236.160 - - [23/Nov/2014:11:10:20 -0500] "GET /galeria/nivo-slider/jquery.nivo.slider.pack.js HTTP/1.1" 200 11561
181.142.236.160 - - [23/Nov/2014:11:10:20 -0500] "GET /galeria/nivo-slider/demo/images/TIBANICA-03.jpg HTTP/1.1" 200 121750
181.142.236.160 - - [23/Nov/2014:11:10:20 -0500] "GET /galeria/nivo-slider/demo/images/BANNER-GOBERNANZA.jpg HTTP/1.1" 200 87637
181.142.236.160 - - [23/Nov/2014:11:10:20 -0500] "GET /galeria/nivo-slider/demo/images/4Simple_Slider.png HTTP/1.1" 200 11722
181.142.236.160 - - [23/Nov/2014:11:10:20 -0500] "GET /galeria/nivo-slider/themes/default/loading.gif HTTP/1.1" 200 1737
181.142.236.160 - - [23/Nov/2014:11:10:20 -0500] "GET /galeria/nivo-slider/demo/images/ForoNacionalAmbiental.jpg HTTP/1.1" 200 202541
181.142.236.160 - - [23/Nov/2014:11:10:20 -0500] "GET /galeria/nivo-slider/demo/images/Banner-Ecourbanismo.jpg HTTP/1.1" 200 189838
181.142.236.160 - - [23/Nov/2014:11:10:20 -0500] "GET /galeria/nivo-slider/demo/images/banner-pygaai.jpg HTTP/1.1" 200 82693
186.145.239.163 - - [23/Nov/2014:11:10:21 -0500] "GET /autoliquidacion/ HTTP/1.1" 200 6375
181.142.236.160 - - [23/Nov/2014:11:10:21 -0500] "GET /galeria/nivo-slider/demo/images/Biotaxis-Man.jpg HTTP/1.1" 200 99362
181.142.236.160 - - [23/Nov/2014:11:10:21 -0500] "GET /galeria/nivo-slider/demo/images/Banner-comparendo.jpg HTTP/1.1" 200 388762
181.142.236.160 - - [23/Nov/2014:11:10:22 -0500] "GET /galeria/nivo-slider/demo/images/porloshumedales.jpg HTTP/1.1" 200 351238
181.142.236.160 - - [23/Nov/2014:11:10:22 -0500] "GET /galeria/nivo-slider/demo/images/Tingua-azul.jpg HTTP/1.1" 200 307638
190.66.107.70 - - [23/Nov/2014:11:10:22 -0500] "POST /forms/lservlet;jsessionid=ac16012b30d5bb66409031d94c33b8f2d7c0a6479156.e3iSbxaKaheRe34Sa3yKbhiTahb0n6jAmljGr5XDqQLvpAe HTTP/1.1" 200 26
181.142.236.160 - - [23/Nov/2014:11:10:23 -0500] "GET /galeria/nivo-slider/demo/demo.html HTTP/1.1" 304 -
181.142.236.160 - - [23/Nov/2014:11:10:24 -0500] "GET /galeria/nivo-slider/demo/images/Banner-Ecourbanismo.jpg HTTP/1.1" 206 1
181.142.236.160 - - [23/Nov/2014:11:10:24 -0500] "GET /galeria/nivo-slider/demo/images/Banner-comparendo.jpg HTTP/1.1" 206 1
181.142.236.160 - - [23/Nov/2014:11:10:24 -0500] "GET /galeria/nivo-slider/demo/images/porloshumedales.jpg HTTP/1.1" 206 1
181.142.236.160 - - [23/Nov/2014:11:10:24 -0500] "GET /galeria/nivo-slider/demo/images/Tingua-azul.jpg HTTP/1.1" 206 1
181.142.236.160 - - [23/Nov/2014:11:10:24 -0500] "GET /galeria/nivo-slider/demo/images/Banner-Caracol-Africano.jpg HTTP/1.1" 200 331986
181.142.236.160 - - [23/Nov/2014:11:10:24 -0500] "GET /galeria/nivo-slider/demo/images/Banner-comparendo.jpg HTTP/1.1" 206 241576
181.142.236.160 - - [23/Nov/2014:11:10:24 -0500] "GET /galeria/nivo-slider/demo/images/Banner-Ecourbanismo.jpg HTTP/1.1" 206 147772
181.142.236.160 - - [23/Nov/2014:11:10:24 -0500] "GET /galeria/nivo-slider/demo/images/porloshumedales.jpg HTTP/1.1" 206 317932
181.142.236.160 - - [23/Nov/2014:11:10:24 -0500] "GET /galeria/nivo-slider/demo/images/Tingua-azul.jpg HTTP/1.1" 206 134172
190.66.107.70 - - [23/Nov/2014:11:10:25 -0500] "POST /forms/lservlet;jsessionid=ac16012b30d5bb66409031d94c33b8f2d7c0a6479156.e3iSbxaKaheRe34Sa3yKbhiTahb0n6jAmljGr5XDqQLvpAe HTTP/1.1" 200 2
190.66.107.70 - - [23/Nov/2014:11:10:25 -0500] "POST /forms/lservlet;jsessionid=ac16012b30d5bb66409031d94c33b8f2d7c0a6479156.e3iSbxaKaheRe34Sa3yKbhiTahb0n6jAmljGr5XDqQLvpAe HTTP/1.1" 200 532
190.66.107.70 - - [23/Nov/2014:11:10:26 -0500] "POST /forms/lservlet;jsessionid=ac16012b30d5bb66409031d94c33b8f2d7c0a6479156.e3iSbxaKaheRe34Sa3yKbhiTahb0n6jAmljGr5XDqQLvpAe HTTP/1.1" 200 20
181.142.236.160 - - [23/Nov/2014:11:10:26 -0500] "GET /galeria/nivo-slider/demo/images/banner-redes.jpg HTTP/1.1" 200 62209
181.142.236.160 - - [23/Nov/2014:11:10:26 -0500] "GET /galeria/nivo-slider/demo/images/9Signos.jpg HTTP/1.1" 200 93040
181.142.236.160 - - [23/Nov/2014:11:10:26 -0500] "GET /galeria/nivo-slider/demo/images/banner-caballos.png HTTP/1.1" 200 389106
181.142.236.160 - - [23/Nov/2014:11:10:27 -0500] "GET /videos/Spot_CambioClimatico.flv HTTP/1.1" 200 4371917
181.142.236.160 - - [23/Nov/2014:11:10:27 -0500] "GET /galeria/nivo-slider/demo/images/Hacienda_Molinos.jpg HTTP/1.1" 200 319171
181.142.236.160 - - [23/Nov/2014:11:10:28 -0500] "GET /galeria/nivo-slider/demo/images/bannerEcolecta3.jpg HTTP/1.1" 200 280034
186.145.239.163 - - [23/Nov/2014:11:10:28 -0500] "GET /autoliquidacion/index.php?dir=Solicitudes+relacionadas+con+ocupaci%F3n+de+cauce%2F HTTP/1.1" 200 2802
190.66.107.70 - - [23/Nov/2014:11:10:28 -0500] "POST /forms/lservlet;jsessionid=ac16012b30d5bb66409031d94c33b8f2d7c0a6479156.e3iSbxaKaheRe34Sa3yKbhiTahb0n6jAmljGr5XDqQLvpAe HTTP/1.1" 200 2
190.66.107.70 - - [23/Nov/2014:11:10:28 -0500] "POST /forms/lservlet;jsessionid=ac16012b30d5bb66409031d94c33b8f2d7c0a6479156.e3iSbxaKaheRe34Sa3yKbhiTahb0n6jAmljGr5XDqQLvpAe HTTP/1.1" 200 449
190.66.107.70 - - [23/Nov/2014:11:10:28 -0500] "POST /forms/lservlet;jsessionid=ac16012b30d5bb66409031d94c33b8f2d7c0a6479156.e3iSbxaKaheRe34Sa3yKbhiTahb0n6jAmljGr5XDqQLvpAe HTTP/1.1" 200 10
157.55.39.102 - - [23/Nov/2014:11:10:28 -0500] "GET /BLA/resoluciones/RESOLUCIONES%202008/1137.pdf HTTP/1.1" 200 106428
157.55.39.102 - - [23/Nov/2014:11:10:29 -0500] "GET /bla/resoluciones/resoluciones%202009/0959.pdf HTTP/1.1" 200 542684
201.245.192.253 - - [23/Nov/2014:11:10:29 -0500] "GET /plugins/like.php?app_id=182228858593604&locale=es_MX&href=http%3A%2F%2Fbatalla-naval.chulojuegos.com%2F&send=false&layout=button_count&show_faces=true&action=like&colorscheme=light&font&width=130&height=21 HTTP/1.1" 404 1278
190.66.107.70 - - [23/Nov/2014:11:10:29 -0500] "POST /forms/lservlet;jsessionid=ac16012b30d5bb66409031d94c33b8f2d7c0a6479156.e3iSbxaKaheRe34Sa3yKbhiTahb0n6jAmljGr5XDqQLvpAe HTTP/1.1" 200 54
181.142.236.160 - - [23/Nov/2014:11:10:31 -0500] "GET /galeria/nivo-slider/themes/default/arrows.png HTTP/1.1" 200 824
181.142.236.160 - - [23/Nov/2014:11:10:31 -0500] "GET /galeria/nivo-slider/themes/default/bullets.png HTTP/1.1" 200 1281
157.55.39.102 - - [23/Nov/2014:11:10:35 -0500] "GET /BLA/resoluciones/AUTOS%202009/3225.pdf HTTP/1.1" 200 194916
181.136.119.14 - - [23/Nov/2014:11:10:35 -0500] "GET /BLA/boletinlegal/js/jquery.scrollShow.js HTTP/1.1" 200 4586
181.136.119.14 - - [23/Nov/2014:11:10:35 -0500] "GET /BLA/boletinlegal/js/jquery.js HTTP/1.1" 200 57254
181.136.119.14 - - [23/Nov/2014:11:10:35 -0500] "GET /BLA/boletinlegal/js/jquery.scrollTo-min.js HTTP/1.1" 200 1150
74.86.158.107 - - [23/Nov/2014:11:10:39 -0500] "HEAD / HTTP/1.1" 302 -
157.55.39.50 - - [23/Nov/2014:11:10:41 -0500] "GET /BLA/resoluciones/AUTOS%202011/0333.pdf HTTP/1.1" 200 231514
186.145.239.163 - - [23/Nov/2014:11:10:42 -0500] "GET /autoliquidacion/index.php?dir=Grupo+Forestal+-+Silvicultura%2F HTTP/1.1" 200 5756
190.66.107.70 - - [23/Nov/2014:11:10:42 -0500] "POST /forms/lservlet;jsessionid=ac16012b30d5bb66409031d94c33b8f2d7c0a6479156.e3iSbxaKaheRe34Sa3yKbhiTahb0n6jAmljGr5XDqQLvpAe HTTP/1.1" 200 26
190.66.107.70 - - [23/Nov/2014:11:10:43 -0500] "POST /forms/lservlet;jsessionid=ac16012b30d5bb66409031d94c33b8f2d7c0a6479156.e3iSbxaKaheRe34Sa3yKbhiTahb0n6jAmljGr5XDqQLvpAe HTTP/1.1" 200 5122
190.66.107.70 - - [23/Nov/2014:11:10:44 -0500] "POST /forms/lservlet;jsessionid=ac16012b30d5bb66409031d94c33b8f2d7c0a6479156.e3iSbxaKaheRe34Sa3yKbhiTahb0n6jAmljGr5XDqQLvpAe HTTP/1.1" 200 10
157.55.39.197 - - [23/Nov/2014:11:10:44 -0500] "GET /bla/resoluciones/resoluciones%202009/3649.pdf HTTP/1.1" 200 93270
157.55.39.197 - - [23/Nov/2014:11:10:44 -0500] "GET /BLA/resoluciones/RESOLUCIONES%202009/1552.pdf HTTP/1.1" 200 699934
157.55.39.50 - - [23/Nov/2014:11:10:44 -0500] "GET /bla/resoluciones/autos%202010/0808.pdf HTTP/1.1" 200 176537
201.245.192.253 - - [23/Nov/2014:11:10:46 -0500] "GET /plugins/like.php?app_id=182228858593604&locale=es_MX&href=http%3A%2F%2Fpensar.chulojuegos.com%2Fjuegos-de-sea-battle.html&send=false&layout=button_count&show_faces=true&action=like&colorscheme=light&font&width=130&height=21 HTTP/1.1" 404 1314
201.245.192.253 - - [23/Nov/2014:11:10:46 -0500] "GET /plugins/like.php?app_id=182228858593604&locale=es_MX&href=http%3A%2F%2Fpensar.chulojuegos.com%2Fjuegos-de-sea-battle.html&send=false&layout=button_count&show_faces=true&action=like&colorscheme=light&font&width=130&height=21 HTTP/1.1" 404 1314
190.66.107.70 - - [23/Nov/2014:11:10:47 -0500] "POST /forms/lservlet;jsessionid=ac16012b30d5bb66409031d94c33b8f2d7c0a6479156.e3iSbxaKaheRe34Sa3yKbhiTahb0n6jAmljGr5XDqQLvpAe HTTP/1.1" 200 2
190.66.107.70 - - [23/Nov/2014:11:10:47 -0500] "POST /forms/lservlet;jsessionid=ac16012b30d5bb66409031d94c33b8f2d7c0a6479156.e3iSbxaKaheRe34Sa3yKbhiTahb0n6jAmljGr5XDqQLvpAe HTTP/1.1" 200 2580
207.46.13.83 - - [23/Nov/2014:11:10:50 -0500] "GET /pot/pot12.htm HTTP/1.1" 404 1015
157.55.39.102 - - [23/Nov/2014:11:10:50 -0500] "GET /bla/resoluciones/resoluciones%202009/9142.pdf HTTP/1.1" 200 445632
186.145.239.163 - - [23/Nov/2014:11:10:50 -0500] "GET /autoliquidacion/Grupo%20Forestal%20-%20Silvicultura/Especies%20de%20flora%20en%20la%20ciudad%20de%20bogota.xls HTTP/1.1" 200 1619968
190.66.107.70 - - [23/Nov/2014:11:10:51 -0500] "POST /forms/lservlet;jsessionid=ac16012b30d5bb66409031d94c33b8f2d7c0a6479156.e3iSbxaKaheRe34Sa3yKbhiTahb0n6jAmljGr5XDqQLvpAe HTTP/1.1" 200 2
190.66.107.70 - - [23/Nov/2014:11:10:51 -0500] "POST /forms/lservlet;jsessionid=ac16012b30d5bb66409031d94c33b8f2d7c0a6479156.e3iSbxaKaheRe34Sa3yKbhiTahb0n6jAmljGr5XDqQLvpAe HTTP/1.1" 200 2
190.66.107.70 - - [23/Nov/2014:11:10:51 -0500] "POST /forms/lservlet;jsessionid=ac16012b30d5bb66409031d94c33b8f2d7c0a6479156.e3iSbxaKaheRe34Sa3yKbhiTahb0n6jAmljGr5XDqQLvpAe HTTP/1.1" 200 3520
190.66.107.70 - - [23/Nov/2014:11:10:52 -0500] "POST /forms/lservlet;jsessionid=ac16012b30d5bb66409031d94c33b8f2d7c0a6479156.e3iSbxaKaheRe34Sa3yKbhiTahb0n6jAmljGr5XDqQLvpAe HTTP/1.1" 200 2
190.66.107.70 - - [23/Nov/2014:11:10:53 -0500] "POST /forms/lservlet;jsessionid=ac16012b30d5bb66409031d94c33b8f2d7c0a6479156.e3iSbxaKaheRe34Sa3yKbhiTahb0n6jAmljGr5XDqQLvpAe HTTP/1.1" 200 2
190.66.107.70 - - [23/Nov/2014:11:10:53 -0500] "POST /forms/lservlet;jsessionid=ac16012b30d5bb66409031d94c33b8f2d7c0a6479156.e3iSbxaKaheRe34Sa3yKbhiTahb0n6jAmljGr5XDqQLvpAe HTTP/1.1" 200 2764
190.66.107.70 - - [23/Nov/2014:11:10:54 -0500] "POST /forms/lservlet;jsessionid=ac16012b30d5bb66409031d94c33b8f2d7c0a6479156.e3iSbxaKaheRe34Sa3yKbhiTahb0n6jAmljGr5XDqQLvpAe HTTP/1.1" 200 2
190.66.107.70 - - [23/Nov/2014:11:10:54 -0500] "POST /forms/lservlet;jsessionid=ac16012b30d5bb66409031d94c33b8f2d7c0a6479156.e3iSbxaKaheRe34Sa3yKbhiTahb0n6jAmljGr5XDqQLvpAe HTTP/1.1" 200 2
188.165.15.198 - - [23/Nov/2014:11:10:55 -0500] "GET /BLA/resoluciones/index.php?dir=Notificaciones/&sort=name&order=desc HTTP/1.1" 200 3220
190.66.107.70 - - [23/Nov/2014:11:10:55 -0500] "POST /forms/lservlet;jsessionid=ac16012b30d5bb66409031d94c33b8f2d7c0a6479156.e3iSbxaKaheRe34Sa3yKbhiTahb0n6jAmljGr5XDqQLvpAe HTTP/1.1" 200 2530
201.245.192.253 - - [23/Nov/2014:11:10:55 -0500] "GET /plugins/like_box.php?app_id=182228858593604&channel=http%3A%2F%2Fstatic.ak.facebook.com%2Fconnect%2Fxd_arbiter%2F7r8gQb8MIqE.js%3Fversion%3D41%23cb%3Df382dd661%26domain%3Dpensar.chulojuegos.com%26origin%3Dhttp%253A%252F%252Fpensar.chulojuegos.com%252Fff33ef8bc%26relation%3Dparent.parent&header=true&height=234&href=https%3A%2F%2Fwww.facebook.com%2Fchulojuegos&locale=en_US&sdk=joey&show_border=true&show_faces=true&stream=false&width=261 HTTP/1.1" 404 1314
190.66.107.70 - - [23/Nov/2014:11:10:55 -0500] "POST /forms/lservlet;jsessionid=ac16012b30d5bb66409031d94c33b8f2d7c0a6479156.e3iSbxaKaheRe34Sa3yKbhiTahb0n6jAmljGr5XDqQLvpAe HTTP/1.1" 200 2
190.66.107.70 - - [23/Nov/2014:11:10:56 -0500] "POST /forms/lservlet;jsessionid=ac16012b30d5bb66409031d94c33b8f2d7c0a6479156.e3iSbxaKaheRe34Sa3yKbhiTahb0n6jAmljGr5XDqQLvpAe HTTP/1.1" 200 2
157.55.39.50 - - [23/Nov/2014:11:10:56 -0500] "GET /BLA/resoluciones/RESOLUCIONES%202012/1762.pdf HTTP/1.1" 200 420420
190.66.107.70 - - [23/Nov/2014:11:10:56 -0500] "POST /forms/lservlet;jsessionid=ac16012b30d5bb66409031d94c33b8f2d7c0a6479156.e3iSbxaKaheRe34Sa3yKbhiTahb0n6jAmljGr5XDqQLvpAe HTTP/1.1" 200 3019
190.66.107.70 - - [23/Nov/2014:11:10:57 -0500] "POST /forms/lservlet;jsessionid=ac16012b30d5bb66409031d94c33b8f2d7c0a6479156.e3iSbxaKaheRe34Sa3yKbhiTahb0n6jAmljGr5XDqQLvpAe HTTP/1.1" 200 2
157.55.39.50 - - [23/Nov/2014:11:10:57 -0500] "GET /bla/resoluciones/RESOLUCIONES%202011/2077.pdf HTTP/1.1" 200 510969
186.145.239.163 - - [23/Nov/2014:11:10:58 -0500] "HEAD /autoliquidacion/Grupo%20Forestal%20-%20Silvicultura/Especies%20de%20flora%20en%20la%20ciudad%20de%20bogota.xls HTTP/1.1" 200 -
186.145.239.163 - - [23/Nov/2014:11:10:58 -0500] "OPTIONS /autoliquidacion/Grupo%20Forestal%20-%20Silvicultura HTTP/1.1" 301 346
186.145.239.163 - - [23/Nov/2014:11:10:58 -0500] "OPTIONS /autoliquidacion/Grupo%20Forestal%20-%20Silvicultura/ HTTP/1.1" 200 -
