186.84.140.228 - - [23/Nov/2014:10:05:01 -0500] "GET /galeria/nivo-slider/demo/demo.html HTTP/1.1" 200 3946
186.84.140.228 - - [23/Nov/2014:10:05:01 -0500] "GET /galeria/nivo-slider/themes/pascal/pascal.css HTTP/1.1" 200 2258
186.84.140.228 - - [23/Nov/2014:10:05:01 -0500] "GET /galeria/nivo-slider/themes/default/default.css HTTP/1.1" 200 1569
186.84.140.228 - - [23/Nov/2014:10:05:01 -0500] "GET /galeria/nivo-slider/nivo-slider.css HTTP/1.1" 200 1507
186.84.140.228 - - [23/Nov/2014:10:05:01 -0500] "GET /galeria/nivo-slider/themes/orman/orman.css HTTP/1.1" 200 2152
186.84.140.228 - - [23/Nov/2014:10:05:01 -0500] "GET /galeria/nivo-slider/demo/images/TIBANICA-03.jpg HTTP/1.1" 200 121750
186.84.140.228 - - [23/Nov/2014:10:05:01 -0500] "GET /galeria/nivo-slider/demo/style.css HTTP/1.1" 200 2222
186.84.140.228 - - [23/Nov/2014:10:05:01 -0500] "GET /galeria/nivo-slider/demo/images/BANNER-GOBERNANZA.jpg HTTP/1.1" 200 87637
186.84.140.228 - - [23/Nov/2014:10:05:01 -0500] "GET /galeria/nivo-slider/demo/images/ForoNacionalAmbiental.jpg HTTP/1.1" 200 202541
186.84.140.228 - - [23/Nov/2014:10:05:01 -0500] "GET /galeria/nivo-slider/demo/images/Banner-Ecourbanismo.jpg HTTP/1.1" 200 189838
186.85.59.98 - - [23/Nov/2014:10:05:01 -0500] "POST /Report2/parameter?action=runReportMDX&json=true&listdep=nit&id_rpt=17&param_partNomauto=23 HTTP/1.1" 200 254
186.84.140.228 - - [23/Nov/2014:10:05:01 -0500] "GET /galeria/nivo-slider/demo/images/banner-pygaai.jpg HTTP/1.1" 200 82693
186.84.140.228 - - [23/Nov/2014:10:05:01 -0500] "GET /galeria/nivo-slider/demo/images/Biotaxis-Man.jpg HTTP/1.1" 200 99362
186.84.140.228 - - [23/Nov/2014:10:05:01 -0500] "GET /galeria/nivo-slider/demo/images/Banner-comparendo.jpg HTTP/1.1" 200 388762
186.85.59.98 - - [23/Nov/2014:10:05:01 -0500] "POST /Report2/parameter?action=runReportMDX&json=true&listdep=nit&id_rpt=17&param_partNomauto=230 HTTP/1.1" 200 72
157.55.39.102 - - [23/Nov/2014:10:05:02 -0500] "GET /bla/resoluciones/resoluciones%202009/1361.pdf HTTP/1.1" 200 510253
186.84.140.228 - - [23/Nov/2014:10:05:02 -0500] "GET /galeria/nivo-slider/demo/images/porloshumedales.jpg HTTP/1.1" 200 351238
186.84.140.228 - - [23/Nov/2014:10:05:02 -0500] "GET /galeria/nivo-slider/demo/images/Tingua-azul.jpg HTTP/1.1" 200 307638
186.84.140.228 - - [23/Nov/2014:10:05:03 -0500] "GET /galeria/nivo-slider/demo/images/Banner-Caracol-Africano.jpg HTTP/1.1" 200 331986
186.84.140.228 - - [23/Nov/2014:10:05:03 -0500] "GET /galeria/nivo-slider/demo/images/banner-redes.jpg HTTP/1.1" 200 62209
186.84.140.228 - - [23/Nov/2014:10:05:03 -0500] "GET /galeria/nivo-slider/demo/images/9Signos.jpg HTTP/1.1" 200 93040
186.84.140.228 - - [23/Nov/2014:10:05:04 -0500] "GET /galeria/nivo-slider/demo/images/banner-caballos.png HTTP/1.1" 200 389106
186.84.140.228 - - [23/Nov/2014:10:05:04 -0500] "GET /galeria/nivo-slider/demo/images/Hacienda_Molinos.jpg HTTP/1.1" 200 319171
186.84.140.228 - - [23/Nov/2014:10:05:04 -0500] "GET /galeria/nivo-slider/demo/images/bannerEcolecta3.jpg HTTP/1.1" 200 280034
186.84.140.228 - - [23/Nov/2014:10:05:04 -0500] "GET /galeria/nivo-slider/demo/scripts/jquery-1.7.1.min.js HTTP/1.1" 200 93868
186.84.140.228 - - [23/Nov/2014:10:05:05 -0500] "GET /galeria/nivo-slider/jquery.nivo.slider.pack.js HTTP/1.1" 200 11561
188.165.15.66 - - [23/Nov/2014:10:05:06 -0500] "GET /BLA/resoluciones/RESOLUCIONES%202005/RES%202005%201501-1550/00001512.tif HTTP/1.1" 200 142228
186.84.140.228 - - [23/Nov/2014:10:05:06 -0500] "GET /galeria/nivo-slider/demo/scripts/jquery-1.7.1.min.js HTTP/1.1" 206 1
186.84.140.228 - - [23/Nov/2014:10:05:06 -0500] "GET /galeria/nivo-slider/jquery.nivo.slider.pack.js HTTP/1.1" 200 11561
186.85.59.98 - - [23/Nov/2014:10:05:06 -0500] "GET /Report2/parameter?action=runReportMDX&json=true&listdep=informe&id_rpt=17&param_nit=230 HTTP/1.1" 200 751
186.84.140.228 - - [23/Nov/2014:10:05:06 -0500] "GET /galeria/nivo-slider/demo/scripts/jquery-1.7.1.min.js HTTP/1.1" 206 29913
186.84.140.228 - - [23/Nov/2014:10:05:06 -0500] "GET /galeria/nivo-slider/demo/images/bannerEcolecta3.jpg HTTP/1.1" 206 1
186.84.140.228 - - [23/Nov/2014:10:05:06 -0500] "GET /galeria/nivo-slider/demo/images/Hacienda_Molinos.jpg HTTP/1.1" 206 1
186.84.140.228 - - [23/Nov/2014:10:05:07 -0500] "GET /galeria/nivo-slider/demo/images/banner-caballos.png HTTP/1.1" 206 1
186.84.140.228 - - [23/Nov/2014:10:05:07 -0500] "GET /galeria/nivo-slider/demo/images/bannerEcolecta3.jpg HTTP/1.1" 206 216068
186.84.140.228 - - [23/Nov/2014:10:05:07 -0500] "GET /galeria/nivo-slider/demo/images/Hacienda_Molinos.jpg HTTP/1.1" 206 190965
186.84.140.228 - - [23/Nov/2014:10:05:07 -0500] "GET /galeria/nivo-slider/demo/images/banner-caballos.png HTTP/1.1" 206 147019
186.84.140.228 - - [23/Nov/2014:10:05:07 -0500] "GET /galeria/nivo-slider/themes/default/loading.gif HTTP/1.1" 200 1737
186.84.140.228 - - [23/Nov/2014:10:05:07 -0500] "GET /galeria/nivo-slider/demo/images/4Simple_Slider.png HTTP/1.1" 200 11722
186.84.140.228 - - [23/Nov/2014:10:05:08 -0500] "GET /galeria/nivo-slider/themes/default/arrows.png HTTP/1.1" 200 824
186.84.140.228 - - [23/Nov/2014:10:05:08 -0500] "GET /galeria/nivo-slider/themes/default/bullets.png HTTP/1.1" 200 1281
207.46.13.28 - - [23/Nov/2014:10:05:08 -0500] "GET /bla/resoluciones/resoluciones%202009/7577.pdf HTTP/1.1" 200 450392
190.252.106.152 - - [23/Nov/2014:10:05:09 -0500] "GET /hidrico/aguas%20subterraneas/ HTTP/1.1" 404 1296
186.84.140.228 - - [23/Nov/2014:10:05:11 -0500] "GET /videos/Spot_CambioClimatico.flv HTTP/1.1" 200 4371917
190.67.180.16 - - [23/Nov/2014:10:05:19 -0500] "GET /BLA/boletinlegal/jurisprudencia/analisis/Analisis%20jurisprudencial%20Sentencia%20C-366-11.doc HTTP/1.1" 200 59392
207.46.13.28 - - [23/Nov/2014:10:05:21 -0500] "GET /bla/resoluciones/resoluciones%202009/7484.pdf HTTP/1.1" 200 354992
186.85.59.98 - - [23/Nov/2014:10:05:24 -0500] "POST /Report2/login.do;jsessionid=C68AF16CBDCD5E403EC609753B7051B1 HTTP/1.1" 200 4298
157.55.39.197 - - [23/Nov/2014:10:05:26 -0500] "GET /BLA/resoluciones/RESOLUCIONES%202008/0767.pdf HTTP/1.1" 200 216727
157.55.39.50 - - [23/Nov/2014:10:05:31 -0500] "GET /bla/resoluciones/resoluciones%202009/8015.pdf HTTP/1.1" 200 82649
157.55.39.102 - - [23/Nov/2014:10:05:37 -0500] "GET /bla/resoluciones/resoluciones%202009/8168.pdf HTTP/1.1" 200 499085
198.170.241.46 - - [23/Nov/2014:10:05:38 -0500] "GET /wp-admin/ HTTP/1.1" 404 1018
186.85.59.98 - - [23/Nov/2014:10:05:38 -0500] "POST /Report2/login.do HTTP/1.1" 200 4298
74.86.158.107 - - [23/Nov/2014:10:05:39 -0500] "HEAD / HTTP/1.1" 302 -
201.245.192.253 - - [23/Nov/2014:10:05:40 -0500] "GET /galeria/nivo-slider/demo/demo.html HTTP/1.1" 304 -
201.245.192.253 - - [23/Nov/2014:10:05:41 -0500] "GET /galeria/nivo-slider/demo/images/TIBANICA-03.jpg HTTP/1.1" 304 -
201.245.192.253 - - [23/Nov/2014:10:05:41 -0500] "GET /galeria/nivo-slider/demo/images/BANNER-GOBERNANZA.jpg HTTP/1.1" 304 -
201.245.192.253 - - [23/Nov/2014:10:05:41 -0500] "GET /galeria/nivo-slider/demo/images/ForoNacionalAmbiental.jpg HTTP/1.1" 304 -
201.245.192.253 - - [23/Nov/2014:10:05:41 -0500] "GET /galeria/nivo-slider/demo/images/Banner-Ecourbanismo.jpg HTTP/1.1" 304 -
201.245.192.253 - - [23/Nov/2014:10:05:41 -0500] "GET /galeria/nivo-slider/demo/images/banner-pygaai.jpg HTTP/1.1" 304 -
201.245.192.253 - - [23/Nov/2014:10:05:41 -0500] "GET /galeria/nivo-slider/demo/images/Biotaxis-Man.jpg HTTP/1.1" 304 -
201.245.192.253 - - [23/Nov/2014:10:05:41 -0500] "GET /galeria/nivo-slider/demo/images/Banner-comparendo.jpg HTTP/1.1" 304 -
201.245.192.253 - - [23/Nov/2014:10:05:41 -0500] "GET /galeria/nivo-slider/demo/images/banner-redes.jpg HTTP/1.1" 304 -
66.249.65.123 - - [23/Nov/2014:10:05:46 -0500] "GET /BLA/resoluciones/RESOLUCIONES%202010/5345.pdf HTTP/1.1" 200 503497
186.80.75.51 - - [23/Nov/2014:10:05:49 -0500] "GET /BLA/boletinlegal/js/jquery.scrollTo-min.js HTTP/1.1" 200 1150
186.80.75.51 - - [23/Nov/2014:10:05:49 -0500] "GET /BLA/boletinlegal/js/jquery.js HTTP/1.1" 200 57254
186.80.75.51 - - [23/Nov/2014:10:05:49 -0500] "GET /BLA/boletinlegal/js/jquery.scrollShow.js HTTP/1.1" 200 4586
207.46.13.28 - - [23/Nov/2014:10:05:51 -0500] "GET /BLA/resoluciones/RESOLUCIONES%202008/1492.pdf HTTP/1.1" 200 223817
188.165.15.136 - - [23/Nov/2014:10:05:52 -0500] "GET /BLA/resoluciones/RESOLUCIONES%202005/RES%202005%202101-2150/00002120.tif HTTP/1.1" 200 125022
191.107.86.206 - - [23/Nov/2014:10:05:52 -0500] "GET /BLA/boletinlegal/js/jquery.js HTTP/1.1" 200 57254
191.107.86.206 - - [23/Nov/2014:10:05:52 -0500] "GET /galeria/carrusel/Carrusel/jquery.thumbnailScroller.css HTTP/1.1" 200 2066
191.107.86.206 - - [23/Nov/2014:10:05:52 -0500] "GET /BLA/boletinlegal/js/jquery.scrollTo-min.js HTTP/1.1" 200 1150
191.107.86.206 - - [23/Nov/2014:10:05:53 -0500] "GET /BLA/boletinlegal/js/jquery.scrollShow.js HTTP/1.1" 200 4586
191.107.86.206 - - [23/Nov/2014:10:05:55 -0500] "GET /galeria/carrusel/Carrusel/jquery-ui-1.8.13.custom.min.js HTTP/1.1" 200 10800
191.107.86.206 - - [23/Nov/2014:10:05:55 -0500] "GET /galeria/carrusel/Carrusel/jquery.thumbnailScroller.js HTTP/1.1" 200 8157
186.85.59.98 - - [23/Nov/2014:10:05:56 -0500] "POST /Report2/login.do HTTP/1.1" 200 4298
186.85.59.98 - - [23/Nov/2014:10:06:06 -0500] "GET /Report2/login.do HTTP/1.1" 200 4294
157.55.39.102 - - [23/Nov/2014:10:06:07 -0500] "GET /BLA/resoluciones/RESOLUCIONES%202008/0725.pdf HTTP/1.1" 200 201764
66.249.65.55 - - [23/Nov/2014:10:06:08 -0500] "GET /galeria/mapa/CORDOBA12.jpg HTTP/1.1" 200 23380
190.66.107.70 - - [23/Nov/2014:10:06:20 -0500] "POST /forms/lservlet;jsessionid=ac16012b30d5bb66409031d94c33b8f2d7c0a6479156.e3iSbxaKaheRe34Sa3yKbhiTahb0n6jAmljGr5XDqQLvpAe HTTP/1.1" 200 2
186.85.59.98 - - [23/Nov/2014:10:06:21 -0500] "POST /Report2/login.do HTTP/1.1" 200 14505
157.55.39.50 - - [23/Nov/2014:10:06:21 -0500] "GET /BLA/resoluciones/RESOLUCIONES%202009/4218.pdf HTTP/1.1" 200 773656
186.85.59.98 - - [23/Nov/2014:10:06:21 -0500] "GET /Report2/parameter?action=listRpts HTTP/1.1" 200 16331
186.85.59.98 - - [23/Nov/2014:10:06:25 -0500] "GET /Report2/parameter?action=parametersReportMDX&id_rpt=17&currentTab=tab_presentacion HTTP/1.1" 200 6578
186.85.59.98 - - [23/Nov/2014:10:06:28 -0500] "POST /Report2/parameter?action=runReportMDX&json=true&listdep=nit&id_rpt=17&param_partNomauto=230 HTTP/1.1" 200 72
186.85.59.98 - - [23/Nov/2014:10:06:30 -0500] "GET /Report2/parameter?action=runReportMDX&json=true&listdep=informe&id_rpt=17&param_nit=230 HTTP/1.1" 200 751
186.85.59.98 - - [23/Nov/2014:10:06:33 -0500] "GET /Report2/parameter?action=runReportMDX&json=true&listdep=FecBal&id_rpt=17&param_informe=3&param_nit=230 HTTP/1.1" 200 173
186.85.59.98 - - [23/Nov/2014:10:06:35 -0500] "GET /Report2/parameter?action=runReportMDX&json=true&listdep=formato&id_rpt=17&param_informe=3&param_nit=230&param_FecBal=2013-12-31 HTTP/1.1" 200 145
157.55.39.197 - - [23/Nov/2014:10:06:39 -0500] "GET /BLA/resoluciones/RESOLUCIONES%202009/1908.pdf HTTP/1.1" 200 563739
186.85.59.98 - - [23/Nov/2014:10:06:41 -0500] "POST /Report2/rptManage.jsp?migracion=111 HTTP/1.1" 200 617
186.85.59.98 - - [23/Nov/2014:10:06:41 -0500] "GET /Report2/loading.jsp?migracion=111&id_rpt=17&currentTab=tab_25514&rnd=0.3483472816442159 HTTP/1.1" 200 2760
186.85.59.98 - - [23/Nov/2014:10:06:41 -0500] "GET /Report2/rpt.jsp?migracion=111&id_rpt=17&currentTab=tab_25514&rnd=0.750892706384646 HTTP/1.1" 200 13795
186.85.59.98 - - [23/Nov/2014:10:06:42 -0500] "GET /Report2/serviceListados.jsp?queryId=rpt/infxidC&informe=3&a=0.6080414948519319 HTTP/1.1" 200 221
186.85.59.98 - - [23/Nov/2014:10:06:42 -0500] "GET /Report2/serviceListados.jsp?queryId=rpt/entidadxidC&nit=230&a=0.8350103064440191 HTTP/1.1" 200 246
207.46.13.28 - - [23/Nov/2014:10:06:43 -0500] "GET /bla/resoluciones/resoluciones%202009/9635.pdf HTTP/1.1" 200 710908
186.85.59.98 - - [23/Nov/2014:10:06:43 -0500] "GET /Report2/parameter?action=parametersReportMDX&id_rpt=17&currentTab=tab_presentacion HTTP/1.1" 200 6578
186.85.59.98 - - [23/Nov/2014:10:06:42 -0500] "POST /Report2/infReportada.jsp?rdmMapa=761346 HTTP/1.1" 200 196937
186.85.59.98 - - [23/Nov/2014:10:06:46 -0500] "POST /Report2/parameter?action=runReportMDX&json=true&listdep=nit&id_rpt=17&param_partNomauto=230 HTTP/1.1" 200 72
186.85.59.98 - - [23/Nov/2014:10:06:48 -0500] "GET /Report2/parameter?action=runReportMDX&json=true&listdep=informe&id_rpt=17&param_nit=230 HTTP/1.1" 200 751
157.55.39.197 - - [23/Nov/2014:10:06:48 -0500] "GET /bla/resoluciones/resoluciones%202010/7427.pdf HTTP/1.1" 200 71213
186.85.59.98 - - [23/Nov/2014:10:06:50 -0500] "GET /Report2/parameter?action=runReportMDX&json=true&listdep=FecBal&id_rpt=17&param_informe=8&param_nit=230 HTTP/1.1" 200 517
157.55.39.50 - - [23/Nov/2014:10:06:55 -0500] "GET /bla/resoluciones/autos%202010/5294.pdf HTTP/1.1" 200 151627
191.107.86.206 - - [23/Nov/2014:10:06:55 -0500] "GET /galeria/nivo-slider/demo/demo.html HTTP/1.1" 200 3946
186.85.59.98 - - [23/Nov/2014:10:06:55 -0500] "GET /Report2/parameter?action=runReportMDX&json=true&listdep=FecBal&id_rpt=17&param_informe=3&param_nit=230 HTTP/1.1" 200 173
191.107.86.206 - - [23/Nov/2014:10:06:55 -0500] "GET /galeria/nivo-slider/themes/default/default.css HTTP/1.1" 200 1569
191.107.86.206 - - [23/Nov/2014:10:06:55 -0500] "GET /galeria/nivo-slider/themes/pascal/pascal.css HTTP/1.1" 200 2258
191.107.86.206 - - [23/Nov/2014:10:06:55 -0500] "GET /galeria/nivo-slider/themes/orman/orman.css HTTP/1.1" 200 2152
191.107.86.206 - - [23/Nov/2014:10:06:56 -0500] "GET /galeria/nivo-slider/nivo-slider.css HTTP/1.1" 200 1507
191.107.86.206 - - [23/Nov/2014:10:06:56 -0500] "GET /galeria/nivo-slider/demo/style.css HTTP/1.1" 200 2222
191.107.86.206 - - [23/Nov/2014:10:06:56 -0500] "GET /galeria/nivo-slider/demo/scripts/jquery-1.7.1.min.js HTTP/1.1" 200 93868
191.107.86.206 - - [23/Nov/2014:10:06:56 -0500] "GET /galeria/nivo-slider/jquery.nivo.slider.pack.js HTTP/1.1" 200 11561
191.107.86.206 - - [23/Nov/2014:10:06:56 -0500] "GET /galeria/nivo-slider/demo/images/TIBANICA-03.jpg HTTP/1.1" 200 121750
191.107.86.206 - - [23/Nov/2014:10:06:56 -0500] "GET /galeria/nivo-slider/demo/images/BANNER-GOBERNANZA.jpg HTTP/1.1" 200 87637
191.107.86.206 - - [23/Nov/2014:10:06:56 -0500] "GET /galeria/nivo-slider/demo/images/ForoNacionalAmbiental.jpg HTTP/1.1" 200 202541
191.107.86.206 - - [23/Nov/2014:10:06:56 -0500] "GET /galeria/nivo-slider/demo/images/Banner-Ecourbanismo.jpg HTTP/1.1" 200 189838
186.85.59.98 - - [23/Nov/2014:10:06:57 -0500] "GET /Report2/parameter?action=runReportMDX&json=true&listdep=formato&id_rpt=17&param_informe=3&param_nit=230&param_FecBal=2013-12-31 HTTP/1.1" 200 145
207.46.13.28 - - [23/Nov/2014:10:07:00 -0500] "GET /bla/resoluciones/resoluciones%202009/2193.pdf HTTP/1.1" 200 637462
186.85.59.98 - - [23/Nov/2014:10:07:00 -0500] "POST /Report2/rptManage.jsp?migracion=111 HTTP/1.1" 200 617
186.85.59.98 - - [23/Nov/2014:10:07:01 -0500] "GET /Report2/rpt.jsp?migracion=111&id_rpt=17&currentTab=tab_3075&rnd=0.4827812067013636 HTTP/1.1" 200 13618
186.85.59.98 - - [23/Nov/2014:10:07:01 -0500] "GET /Report2/loading.jsp?migracion=111&id_rpt=17&currentTab=tab_3075&rnd=0.34431957220230314 HTTP/1.1" 200 2701
186.85.59.98 - - [23/Nov/2014:10:07:01 -0500] "GET /Report2/serviceListados.jsp?queryId=rpt/infxidC&informe=3&a=0.49103315570391715 HTTP/1.1" 200 221
186.85.59.98 - - [23/Nov/2014:10:07:01 -0500] "GET /Report2/serviceListados.jsp?queryId=rpt/entidadxidC&nit=230&a=0.6821018399205059 HTTP/1.1" 200 246
186.85.59.98 - - [23/Nov/2014:10:07:01 -0500] "POST /Report2/infReportada.jsp?rdmMapa=410118 HTTP/1.1" 200 53469
186.85.59.98 - - [23/Nov/2014:10:07:03 -0500] "GET /Report2/parameter?action=parametersReportMDX&id_rpt=17&currentTab=tab_presentacion HTTP/1.1" 200 6578
180.76.6.149 - - [23/Nov/2014:10:07:06 -0500] "GET /BLA/resoluciones/RESOLUCIONES%202013/2733.pdf HTTP/1.1" 200 574828
186.85.59.98 - - [23/Nov/2014:10:07:06 -0500] "POST /Report2/parameter?action=runReportMDX&json=true&listdep=nit&id_rpt=17&param_partNomauto=230 HTTP/1.1" 200 72
186.85.59.98 - - [23/Nov/2014:10:07:08 -0500] "GET /Report2/parameter?action=runReportMDX&json=true&listdep=informe&id_rpt=17&param_nit=230 HTTP/1.1" 200 751
157.55.39.102 - - [23/Nov/2014:10:07:12 -0500] "GET /BLA/resoluciones/AUTOS%202010/1470.pdf HTTP/1.1" 200 271233
186.85.59.98 - - [23/Nov/2014:10:07:12 -0500] "GET /Report2/parameter?action=runReportMDX&json=true&listdep=FecBal&id_rpt=17&param_informe=1&param_nit=230 HTTP/1.1" 200 130
157.55.39.102 - - [23/Nov/2014:10:07:13 -0500] "GET /BLA/resoluciones/RESOLUCIONES%202009/6325.pdf HTTP/1.1" 200 616805
186.85.59.98 - - [23/Nov/2014:10:07:15 -0500] "GET /Report2/parameter?action=runReportMDX&json=true&listdep=formato&id_rpt=17&param_informe=1&param_nit=230&param_FecBal=2012-12-31 HTTP/1.1" 200 140
157.55.39.50 - - [23/Nov/2014:10:07:17 -0500] "GET /BLA/resoluciones/RESOLUCIONES%202010/1274.pdf HTTP/1.1" 200 100121
157.55.39.50 - - [23/Nov/2014:10:07:17 -0500] "GET /BLA/resoluciones/RESOLUCIONES%202010/0520.pdf HTTP/1.1" 200 774570
191.107.86.206 - - [23/Nov/2014:10:07:19 -0500] "GET /galeria/nivo-slider/demo/images/4Simple_Slider.png HTTP/1.1" 200 11722
186.85.59.98 - - [23/Nov/2014:10:07:19 -0500] "POST /Report2/rptManage.jsp?migracion=111 HTTP/1.1" 200 616
186.85.59.98 - - [23/Nov/2014:10:07:19 -0500] "GET /Report2/loading.jsp?migracion=111&id_rpt=17&currentTab=tab_2257&rnd=0.6499852716470428 HTTP/1.1" 200 2739
186.85.59.98 - - [23/Nov/2014:10:07:19 -0500] "GET /Report2/rpt.jsp?migracion=111&id_rpt=17&currentTab=tab_2257&rnd=0.9073390059323846 HTTP/1.1" 200 13724
186.85.59.98 - - [23/Nov/2014:10:07:20 -0500] "GET /Report2/serviceListados.jsp?queryId=rpt/infxidC&informe=1&a=0.5272331247106194 HTTP/1.1" 200 235
186.85.59.98 - - [23/Nov/2014:10:07:20 -0500] "GET /Report2/serviceListados.jsp?queryId=rpt/entidadxidC&nit=230&a=0.06160706258378923 HTTP/1.1" 200 246
186.85.59.98 - - [23/Nov/2014:10:07:20 -0500] "POST /Report2/infReportada.jsp?rdmMapa=513383 HTTP/1.1" 200 82273
186.85.59.98 - - [23/Nov/2014:10:07:21 -0500] "GET /Report2/parameter?action=parametersReportMDX&id_rpt=17&currentTab=tab_presentacion HTTP/1.1" 200 6578
186.85.59.98 - - [23/Nov/2014:10:07:23 -0500] "POST /Report2/parameter?action=runReportMDX&json=true&listdep=nit&id_rpt=17&param_partNomauto=230 HTTP/1.1" 200 72
186.85.200.212 - - [23/Nov/2014:10:07:25 -0500] "GET /BLA/boletinlegal/js/jquery.scrollTo-min.js HTTP/1.1" 200 1150
186.85.200.212 - - [23/Nov/2014:10:07:25 -0500] "GET /BLA/boletinlegal/js/jquery.scrollShow.js HTTP/1.1" 200 4586
186.85.200.212 - - [23/Nov/2014:10:07:25 -0500] "GET /BLA/boletinlegal/js/jquery.js HTTP/1.1" 200 57254
186.85.59.98 - - [23/Nov/2014:10:07:25 -0500] "GET /Report2/parameter?action=runReportMDX&json=true&listdep=informe&id_rpt=17&param_nit=230 HTTP/1.1" 200 751
186.85.59.98 - - [23/Nov/2014:10:07:29 -0500] "GET /Report2/parameter?action=runReportMDX&json=true&listdep=FecBal&id_rpt=17&param_informe=8&param_nit=230 HTTP/1.1" 200 517
186.85.59.98 - - [23/Nov/2014:10:07:32 -0500] "GET /Report2/parameter?action=runReportMDX&json=true&listdep=formato&id_rpt=17&param_informe=8&param_nit=230&param_FecBal=2013-03-31 HTTP/1.1" 200 138
157.55.39.50 - - [23/Nov/2014:10:07:37 -0500] "GET /BLA/resoluciones/AUTOS%202010/0600.pdf HTTP/1.1" 200 206475
186.85.59.98 - - [23/Nov/2014:10:07:37 -0500] "POST /Report2/rptManage.jsp?migracion=111 HTTP/1.1" 200 619
186.85.59.98 - - [23/Nov/2014:10:07:37 -0500] "GET /Report2/loading.jsp?migracion=111&id_rpt=17&currentTab=tab_37229&rnd=0.19905322686459703 HTTP/1.1" 200 2739
186.85.59.98 - - [23/Nov/2014:10:07:37 -0500] "GET /Report2/rpt.jsp?migracion=111&id_rpt=17&currentTab=tab_37229&rnd=0.9770655083730181 HTTP/1.1" 200 13724
186.85.59.98 - - [23/Nov/2014:10:07:38 -0500] "GET /Report2/serviceListados.jsp?queryId=rpt/infxidC&informe=8&a=0.11787870619446039 HTTP/1.1" 200 235
186.85.59.98 - - [23/Nov/2014:10:07:38 -0500] "GET /Report2/serviceListados.jsp?queryId=rpt/entidadxidC&nit=230&a=0.041353251319378614 HTTP/1.1" 200 246
186.85.59.98 - - [23/Nov/2014:10:07:38 -0500] "POST /Report2/infReportada.jsp?rdmMapa=456015 HTTP/1.1" 200 34832
186.85.59.98 - - [23/Nov/2014:10:07:39 -0500] "GET /Report2/parameter?action=parametersReportMDX&id_rpt=17&currentTab=tab_presentacion HTTP/1.1" 200 6578
157.55.39.197 - - [23/Nov/2014:10:07:41 -0500] "GET /BLA/resoluciones/Resoluciones%202011/2263.pdf HTTP/1.1" 200 665672
190.8.198.177 - - [23/Nov/2014:10:07:42 -0500] "GET /BLA/boletinlegal/js/jquery.js HTTP/1.1" 200 57254
190.8.198.177 - - [23/Nov/2014:10:07:42 -0500] "GET /BLA/boletinlegal/js/jquery.scrollTo-min.js HTTP/1.1" 200 1150
190.8.198.177 - - [23/Nov/2014:10:07:42 -0500] "GET /BLA/boletinlegal/js/jquery.scrollShow.js HTTP/1.1" 200 4586
157.55.39.197 - - [23/Nov/2014:10:07:42 -0500] "GET /BLA/resoluciones/RESOLUCIONES%202009/1937.pdf HTTP/1.1" 200 539919
186.85.59.98 - - [23/Nov/2014:10:07:42 -0500] "POST /Report2/parameter?action=runReportMDX&json=true&listdep=nit&id_rpt=17&param_partNomauto=230 HTTP/1.1" 200 72
186.85.59.98 - - [23/Nov/2014:10:07:43 -0500] "GET /Report2/parameter?action=runReportMDX&json=true&listdep=informe&id_rpt=17&param_nit=230 HTTP/1.1" 200 751
186.85.59.98 - - [23/Nov/2014:10:07:46 -0500] "GET /Report2/parameter?action=runReportMDX&json=true&listdep=FecBal&id_rpt=17&param_informe=8&param_nit=230 HTTP/1.1" 200 517
207.46.13.28 - - [23/Nov/2014:10:07:47 -0500] "GET /bla/resoluciones/autos%202010/4593.pdf HTTP/1.1" 200 156975
207.46.13.28 - - [23/Nov/2014:10:07:47 -0500] "GET /bla/resoluciones/autos%202010/0481.pdf HTTP/1.1" 200 181635
186.85.59.98 - - [23/Nov/2014:10:07:48 -0500] "GET /Report2/parameter?action=runReportMDX&json=true&listdep=formato&id_rpt=17&param_informe=8&param_nit=230&param_FecBal=2013-06-30 HTTP/1.1" 200 138
186.85.59.98 - - [23/Nov/2014:10:07:51 -0500] "POST /Report2/rptManage.jsp?migracion=111 HTTP/1.1" 200 618
186.85.59.98 - - [23/Nov/2014:10:07:51 -0500] "GET /Report2/loading.jsp?migracion=111&id_rpt=17&currentTab=tab_11483&rnd=0.5454191859442249 HTTP/1.1" 200 2739
186.85.59.98 - - [23/Nov/2014:10:07:51 -0500] "GET /Report2/rpt.jsp?migracion=111&id_rpt=17&currentTab=tab_11483&rnd=0.8563739796739516 HTTP/1.1" 200 13724
186.85.59.98 - - [23/Nov/2014:10:07:52 -0500] "GET /Report2/serviceListados.jsp?queryId=rpt/infxidC&informe=8&a=0.5916682193055749 HTTP/1.1" 200 235
186.85.59.98 - - [23/Nov/2014:10:07:52 -0500] "POST /Report2/infReportada.jsp?rdmMapa=111686 HTTP/1.1" 200 50256
186.85.59.98 - - [23/Nov/2014:10:07:52 -0500] "GET /Report2/serviceListados.jsp?queryId=rpt/entidadxidC&nit=230&a=0.6596107825171202 HTTP/1.1" 200 246
157.55.39.197 - - [23/Nov/2014:10:07:55 -0500] "GET /bla/resoluciones/resoluciones%202009/7248.pdf HTTP/1.1" 200 98819
186.85.59.98 - - [23/Nov/2014:10:07:55 -0500] "GET /Report2/parameter?action=parametersReportMDX&id_rpt=17&currentTab=tab_presentacion HTTP/1.1" 200 6578
157.55.39.197 - - [23/Nov/2014:10:07:56 -0500] "GET /bla/resoluciones/resoluciones%202010/7299.pdf HTTP/1.1" 200 447645
186.85.59.98 - - [23/Nov/2014:10:07:57 -0500] "POST /Report2/parameter?action=runReportMDX&json=true&listdep=nit&id_rpt=17&param_partNomauto=23 HTTP/1.1" 200 254
186.85.59.98 - - [23/Nov/2014:10:07:58 -0500] "POST /Report2/parameter?action=runReportMDX&json=true&listdep=nit&id_rpt=17&param_partNomauto=230 HTTP/1.1" 200 72
186.85.59.98 - - [23/Nov/2014:10:07:59 -0500] "GET /Report2/parameter?action=runReportMDX&json=true&listdep=informe&id_rpt=17&param_nit=230 HTTP/1.1" 200 751
207.46.13.28 - - [23/Nov/2014:10:08:00 -0500] "GET /BLA/resoluciones/AUTOS%202011/1809.pdf HTTP/1.1" 200 140160
186.85.59.98 - - [23/Nov/2014:10:08:02 -0500] "GET /Report2/parameter?action=runReportMDX&json=true&listdep=FecBal&id_rpt=17&param_informe=8&param_nit=230 HTTP/1.1" 200 517
157.55.39.102 - - [23/Nov/2014:10:08:04 -0500] "GET /BLA/resoluciones/RESOLUCIONES%202009/1590.pdf HTTP/1.1" 200 627088
157.55.39.102 - - [23/Nov/2014:10:08:05 -0500] "GET /BLA/resoluciones/RESOLUCIONES%202010/2071.pdf HTTP/1.1" 200 196319
157.55.39.102 - - [23/Nov/2014:10:08:05 -0500] "GET /BLA/resoluciones/RESOLUCIONES%202008/0760.pdf HTTP/1.1" 200 48844
186.85.59.98 - - [23/Nov/2014:10:08:05 -0500] "GET /Report2/parameter?action=runReportMDX&json=true&listdep=formato&id_rpt=17&param_informe=8&param_nit=230&param_FecBal=2013-09-30 HTTP/1.1" 200 138
181.133.78.132 - - [23/Nov/2014:10:08:07 -0500] "GET /BLA/boletinlegal/js/jquery.js HTTP/1.1" 200 57254
181.133.78.132 - - [23/Nov/2014:10:08:07 -0500] "GET /BLA/boletinlegal/js/jquery.scrollTo-min.js HTTP/1.1" 200 1150
181.133.78.132 - - [23/Nov/2014:10:08:07 -0500] "GET /BLA/boletinlegal/js/jquery.scrollShow.js HTTP/1.1" 200 4586
186.85.59.98 - - [23/Nov/2014:10:08:09 -0500] "POST /Report2/rptManage.jsp?migracion=111 HTTP/1.1" 200 618
186.85.59.98 - - [23/Nov/2014:10:08:09 -0500] "GET /Report2/rpt.jsp?migracion=111&id_rpt=17&currentTab=tab_43160&rnd=0.3329906637721626 HTTP/1.1" 200 13724
186.85.59.98 - - [23/Nov/2014:10:08:09 -0500] "GET /Report2/loading.jsp?migracion=111&id_rpt=17&currentTab=tab_43160&rnd=0.5020565846352315 HTTP/1.1" 200 2740
186.85.59.98 - - [23/Nov/2014:10:08:10 -0500] "GET /Report2/serviceListados.jsp?queryId=rpt/infxidC&informe=8&a=0.13363841688260436 HTTP/1.1" 200 235
186.85.59.98 - - [23/Nov/2014:10:08:10 -0500] "GET /Report2/serviceListados.jsp?queryId=rpt/entidadxidC&nit=230&a=0.9765823744237423 HTTP/1.1" 200 246
186.85.59.98 - - [23/Nov/2014:10:08:10 -0500] "POST /Report2/infReportada.jsp?rdmMapa=835530 HTTP/1.1" 200 37485
186.85.59.98 - - [23/Nov/2014:10:08:12 -0500] "GET /Report2/parameter?action=parametersReportMDX&id_rpt=17&currentTab=tab_presentacion HTTP/1.1" 200 6578
186.85.59.98 - - [23/Nov/2014:10:08:15 -0500] "POST /Report2/parameter?action=runReportMDX&json=true&listdep=nit&id_rpt=17&param_partNomauto=230 HTTP/1.1" 200 72
186.85.59.98 - - [23/Nov/2014:10:08:17 -0500] "GET /Report2/parameter?action=runReportMDX&json=true&listdep=informe&id_rpt=17&param_nit=230 HTTP/1.1" 200 751
190.29.94.157 - - [23/Nov/2014:10:08:18 -0500] "GET /BLA/boletinlegal/js/jquery.js HTTP/1.1" 200 57254
190.29.94.157 - - [23/Nov/2014:10:08:18 -0500] "GET /BLA/boletinlegal/js/jquery.scrollTo-min.js HTTP/1.1" 200 1150
190.29.94.157 - - [23/Nov/2014:10:08:18 -0500] "GET /BLA/boletinlegal/js/jquery.scrollShow.js HTTP/1.1" 200 4586
186.147.66.232 - - [23/Nov/2014:10:02:18 -0500] "GET /ForestMSG_SDA/channelAsync/template_word_16942972?X-Atmosphere-tracking-id=a87dbd06-7840-84f4-2dfb-2e2d06df805f&X-Atmosphere-Framework=1.0.5&X-Atmosphere-Transport=long-polling&tabid=0.8218463615048677&X-Cache-Date=0&Content-Type=application/xml&_=1416755091429 HTTP/1.1" 200 8193
157.55.39.197 - - [23/Nov/2014:10:08:19 -0500] "GET /bla/resoluciones/autos%202010/3463.pdf HTTP/1.1" 200 392277
186.85.59.98 - - [23/Nov/2014:10:08:19 -0500] "GET /Report2/parameter?action=runReportMDX&json=true&listdep=FecBal&id_rpt=17&param_informe=8&param_nit=230 HTTP/1.1" 200 517
190.66.107.70 - - [23/Nov/2014:10:08:20 -0500] "POST /forms/lservlet;jsessionid=ac16012b30d5bb66409031d94c33b8f2d7c0a6479156.e3iSbxaKaheRe34Sa3yKbhiTahb0n6jAmljGr5XDqQLvpAe HTTP/1.1" 200 2
188.165.15.198 - - [23/Nov/2014:10:08:20 -0500] "GET /BLA/resoluciones/RESOLUCIONES%202003/RES%202003%20001-050/2003RES48.tif HTTP/1.1" 200 152192
186.85.59.98 - - [23/Nov/2014:10:08:22 -0500] "GET /Report2/parameter?action=runReportMDX&json=true&listdep=formato&id_rpt=17&param_informe=8&param_nit=230&param_FecBal=2013-12-31 HTTP/1.1" 200 138
157.55.39.197 - - [23/Nov/2014:10:08:24 -0500] "GET /bla/resoluciones/resoluciones%202010/5703.pdf HTTP/1.1" 200 79374
157.55.39.197 - - [23/Nov/2014:10:08:24 -0500] "GET /BLA/resoluciones/Resoluciones%202011/2552.pdf HTTP/1.1" 200 255404
186.85.59.98 - - [23/Nov/2014:10:08:25 -0500] "POST /Report2/rptManage.jsp?migracion=111 HTTP/1.1" 200 618
186.85.59.98 - - [23/Nov/2014:10:08:25 -0500] "GET /Report2/loading.jsp?migracion=111&id_rpt=17&currentTab=tab_34428&rnd=0.5279739305768166 HTTP/1.1" 200 2741
186.85.59.98 - - [23/Nov/2014:10:08:25 -0500] "GET /Report2/rpt.jsp?migracion=111&id_rpt=17&currentTab=tab_34428&rnd=0.2917479610841699 HTTP/1.1" 200 13724
186.85.59.98 - - [23/Nov/2014:10:08:25 -0500] "GET /Report2/serviceListados.jsp?queryId=rpt/infxidC&informe=8&a=0.8445090102031827 HTTP/1.1" 200 235
186.85.59.98 - - [23/Nov/2014:10:08:25 -0500] "GET /Report2/serviceListados.jsp?queryId=rpt/entidadxidC&nit=230&a=0.7836805689148605 HTTP/1.1" 200 246
186.85.59.98 - - [23/Nov/2014:10:08:26 -0500] "POST /Report2/infReportada.jsp?rdmMapa=277496 HTTP/1.1" 200 48992
157.55.39.197 - - [23/Nov/2014:10:08:26 -0500] "GET /BLA/resoluciones/RESOLUCIONES%202010/0262.pdf HTTP/1.1" 200 702653
186.85.59.98 - - [23/Nov/2014:10:08:27 -0500] "GET /Report2/parameter?action=parametersReportMDX&id_rpt=17&currentTab=tab_presentacion HTTP/1.1" 200 6578
157.55.39.50 - - [23/Nov/2014:10:08:31 -0500] "GET /bla/resoluciones/resoluciones%202009/9146.pdf HTTP/1.1" 200 437711
186.85.59.98 - - [23/Nov/2014:10:08:31 -0500] "POST /Report2/parameter?action=runReportMDX&json=true&listdep=nit&id_rpt=17&param_partNomauto=int HTTP/1.1" 200 197
186.85.59.98 - - [23/Nov/2014:10:08:32 -0500] "POST /Report2/parameter?action=runReportMDX&json=true&listdep=nit&id_rpt=17&param_partNomauto=integr HTTP/1.1" 200 69
180.76.5.151 - - [23/Nov/2014:10:08:35 -0500] "GET /BLA/resoluciones/RESOLUCIONES%202007/RES%202007%202901%20AL%203000/RESOLUCION%202972%20DE%202007.pdf HTTP/1.1" 200 424163
186.85.59.98 - - [23/Nov/2014:10:08:36 -0500] "GET /Report2/parameter?action=runReportMDX&json=true&listdep=informe&id_rpt=17&param_nit=122 HTTP/1.1" 200 517
157.55.39.197 - - [23/Nov/2014:10:08:39 -0500] "GET /bla/resoluciones/resoluciones%202009/0954.pdf HTTP/1.1" 200 720863
186.85.59.98 - - [23/Nov/2014:10:08:39 -0500] "GET /Report2/parameter?action=runReportMDX&json=true&listdep=FecBal&id_rpt=17&param_informe=2&param_nit=122 HTTP/1.1" 200 216
157.55.39.50 - - [23/Nov/2014:10:08:44 -0500] "GET /BLA/resoluciones/AUTOS%202009/0673.pdf HTTP/1.1" 200 68515
207.46.13.28 - - [23/Nov/2014:10:08:48 -0500] "GET /bla/resoluciones/resoluciones%202009/0561.pdf HTTP/1.1" 200 705579
186.85.59.98 - - [23/Nov/2014:10:08:49 -0500] "GET /Report2/parameter?action=runReportMDX&json=true&listdep=formato&id_rpt=17&param_informe=2&param_nit=122&param_FecBal=2013-12-31 HTTP/1.1" 200 238
186.85.59.98 - - [23/Nov/2014:10:08:53 -0500] "POST /Report2/rptManage.jsp?migracion=111 HTTP/1.1" 200 619
157.55.39.102 - - [23/Nov/2014:10:08:53 -0500] "GET /BLA/resoluciones/RESOLUCIONES%202009/4635.pdf HTTP/1.1" 200 643829
186.85.59.98 - - [23/Nov/2014:10:08:54 -0500] "GET /Report2/rpt.jsp?migracion=111&id_rpt=17&currentTab=tab_13012&rnd=0.6109660358878032 HTTP/1.1" 200 13657
186.85.59.98 - - [23/Nov/2014:10:08:54 -0500] "GET /Report2/loading.jsp?migracion=111&id_rpt=17&currentTab=tab_13012&rnd=0.28270450117721757 HTTP/1.1" 200 2715
157.55.39.197 - - [23/Nov/2014:10:08:58 -0500] "GET /BLA/resoluciones/RESOLUCIONES%202012/0821.pdf HTTP/1.1" 200 291659
186.85.59.98 - - [23/Nov/2014:10:08:59 -0500] "GET /Report2/serviceListados.jsp?queryId=rpt/infxidC&informe=2&a=0.100127546582371 HTTP/1.1" 200 229
186.85.59.98 - - [23/Nov/2014:10:08:59 -0500] "GET /Report2/serviceListados.jsp?queryId=rpt/entidadxidC&nit=122&a=0.4260477456264198 HTTP/1.1" 200 242
186.85.59.98 - - [23/Nov/2014:10:08:59 -0500] "POST /Report2/infReportada.jsp?rdmMapa=448785 HTTP/1.1" 200 15536
66.249.65.119 - - [23/Nov/2014:10:09:02 -0500] "GET /BLA/resoluciones/RESOLUCIONES%202009/6510.pdf HTTP/1.1" 200 429955
207.46.13.28 - - [23/Nov/2014:10:09:12 -0500] "GET /bla/resoluciones/resoluciones%202009/1252.pdf HTTP/1.1" 200 622674
207.46.13.28 - - [23/Nov/2014:10:09:12 -0500] "GET /bla/resoluciones/resoluciones%202009/7861.pdf HTTP/1.1" 200 758829
157.55.39.102 - - [23/Nov/2014:10:09:16 -0500] "GET /BLA/resoluciones/RESOLUCIONES%202008/0525.pdf HTTP/1.1" 200 178939
190.25.145.191 - - [23/Nov/2014:10:09:18 -0500] "GET /BLA/boletinlegal/js/jquery.js HTTP/1.1" 200 57254
190.25.145.191 - - [23/Nov/2014:10:09:18 -0500] "GET /BLA/boletinlegal/js/jquery.scrollTo-min.js HTTP/1.1" 200 1150
190.25.145.191 - - [23/Nov/2014:10:09:18 -0500] "GET /BLA/boletinlegal/js/jquery.scrollShow.js HTTP/1.1" 200 4586
191.107.86.206 - - [23/Nov/2014:10:09:21 -0500] "GET /galeria/nivo-slider/demo/images/4Simple_Slider.png HTTP/1.1" 206 1
191.107.86.206 - - [23/Nov/2014:10:09:21 -0500] "GET /galeria/nivo-slider/demo/images/TIBANICA-03.jpg HTTP/1.1" 206 1
191.107.86.206 - - [23/Nov/2014:10:09:21 -0500] "GET /galeria/nivo-slider/demo/scripts/jquery-1.7.1.min.js HTTP/1.1" 206 1
191.107.86.206 - - [23/Nov/2014:10:09:21 -0500] "GET /galeria/nivo-slider/demo/images/4Simple_Slider.png HTTP/1.1" 206 10594
191.107.86.206 - - [23/Nov/2014:10:09:21 -0500] "GET /galeria/nivo-slider/demo/images/TIBANICA-03.jpg HTTP/1.1" 206 70224
157.55.39.50 - - [23/Nov/2014:10:09:21 -0500] "GET /BLA/resoluciones/RESOLUCIONES%202012/0415.pdf HTTP/1.1" 200 422093
191.107.86.206 - - [23/Nov/2014:10:09:21 -0500] "GET /galeria/nivo-slider/demo/scripts/jquery-1.7.1.min.js HTTP/1.1" 206 31154
191.107.86.206 - - [23/Nov/2014:10:09:21 -0500] "GET /galeria/nivo-slider/themes/default/loading.gif HTTP/1.1" 200 1737
157.55.39.50 - - [23/Nov/2014:10:09:22 -0500] "GET /BLA/resoluciones/AUTOS%202009/1565.pdf HTTP/1.1" 200 122939
191.107.86.206 - - [23/Nov/2014:10:09:22 -0500] "GET /galeria/nivo-slider/demo/images/BANNER-GOBERNANZA.jpg HTTP/1.1" 206 1
181.54.71.35 - - [23/Nov/2014:10:09:25 -0500] "GET /BLA/boletinlegal/js/jquery.js HTTP/1.1" 200 57254
181.54.71.35 - - [23/Nov/2014:10:09:25 -0500] "GET /BLA/boletinlegal/js/jquery.scrollTo-min.js HTTP/1.1" 200 1150
181.54.71.35 - - [23/Nov/2014:10:09:25 -0500] "GET /BLA/boletinlegal/js/jquery.scrollShow.js HTTP/1.1" 200 4586
207.46.13.28 - - [23/Nov/2014:10:09:26 -0500] "GET /BLA/resoluciones/RESOLUCIONES%202008/1088.pdf HTTP/1.1" 200 554764
207.46.13.28 - - [23/Nov/2014:10:09:27 -0500] "GET /BLA/resoluciones/RESOLUCIONES%202009/1671.pdf HTTP/1.1" 200 1005917
157.55.39.102 - - [23/Nov/2014:10:09:31 -0500] "GET /BLA/resoluciones/AUTOS%202010/1096.pdf HTTP/1.1" 200 188283
157.55.39.197 - - [23/Nov/2014:10:09:36 -0500] "GET /bla/resoluciones/RESOLUCIONES%202011/1534.pdf HTTP/1.1" 200 65369
207.46.13.28 - - [23/Nov/2014:10:09:41 -0500] "GET /BLA/resoluciones/AUTOS%202009/1113.pdf HTTP/1.1" 200 71527
207.46.13.28 - - [23/Nov/2014:10:09:42 -0500] "GET /bla/resoluciones/resoluciones%202009/8075.pdf HTTP/1.1" 200 787972
191.107.86.206 - - [23/Nov/2014:10:09:43 -0500] "GET /galeria/nivo-slider/demo/images/banner-pygaai.jpg HTTP/1.1" 200 82693
191.107.86.206 - - [23/Nov/2014:10:09:43 -0500] "GET /galeria/nivo-slider/demo/images/Banner-Ecourbanismo.jpg HTTP/1.1" 206 1
191.107.86.206 - - [23/Nov/2014:10:09:43 -0500] "GET /galeria/nivo-slider/demo/images/ForoNacionalAmbiental.jpg HTTP/1.1" 206 1
191.107.86.206 - - [23/Nov/2014:10:09:43 -0500] "GET /galeria/nivo-slider/demo/images/BANNER-GOBERNANZA.jpg HTTP/1.1" 206 36110
191.107.86.206 - - [23/Nov/2014:10:09:43 -0500] "GET /galeria/nivo-slider/demo/images/Banner-Ecourbanismo.jpg HTTP/1.1" 206 141840
191.107.86.206 - - [23/Nov/2014:10:09:43 -0500] "GET /galeria/nivo-slider/demo/images/ForoNacionalAmbiental.jpg HTTP/1.1" 206 139199
157.55.39.102 - - [23/Nov/2014:10:09:46 -0500] "GET /BLA/resoluciones/RESOLUCIONES%202009/3814.pdf HTTP/1.1" 200 692763
157.55.39.197 - - [23/Nov/2014:10:09:50 -0500] "GET /bla/resoluciones/RESOLUCIONES%202011/2999.pdf HTTP/1.1" 200 523012
157.55.39.197 - - [23/Nov/2014:10:09:51 -0500] "GET /bla/resoluciones/RESOLUCIONES%202011/1867.pdf HTTP/1.1" 200 512986
186.84.135.10 - - [23/Nov/2014:10:09:54 -0500] "GET /BLA/boletinlegal/js/jquery.scrollShow.js HTTP/1.1" 200 4586
186.84.135.10 - - [23/Nov/2014:10:09:54 -0500] "GET /BLA/boletinlegal/js/jquery.js HTTP/1.1" 200 57254
186.84.135.10 - - [23/Nov/2014:10:09:54 -0500] "GET /BLA/boletinlegal/js/jquery.scrollTo-min.js HTTP/1.1" 200 1150
200.119.92.19 - - [23/Nov/2014:10:09:56 -0500] "GET /BLA/boletinlegal/js/jquery.js HTTP/1.1" 200 57254
200.119.92.19 - - [23/Nov/2014:10:09:56 -0500] "GET /BLA/boletinlegal/js/jquery.scrollTo-min.js HTTP/1.1" 200 1150
200.119.92.19 - - [23/Nov/2014:10:09:56 -0500] "GET /BLA/boletinlegal/js/jquery.scrollShow.js HTTP/1.1" 200 4586
207.46.13.28 - - [23/Nov/2014:10:09:56 -0500] "GET /bla/resoluciones/RESOLUCIONES%202011/2812.pdf HTTP/1.1" 200 210238
181.60.218.94 - - [23/Nov/2014:10:09:57 -0500] "GET /BLA/boletinlegal/js/jquery.js HTTP/1.1" 200 57254
181.60.218.94 - - [23/Nov/2014:10:09:57 -0500] "GET /BLA/boletinlegal/js/jquery.scrollShow.js HTTP/1.1" 200 4586
181.60.218.94 - - [23/Nov/2014:10:09:57 -0500] "GET /BLA/boletinlegal/js/jquery.scrollTo-min.js HTTP/1.1" 200 1150
191.107.86.206 - - [23/Nov/2014:10:09:58 -0500] "GET /galeria/nivo-slider/demo/images/Biotaxis-Man.jpg HTTP/1.1" 200 99362
180.76.6.44 - - [23/Nov/2014:10:10:04 -0500] "GET /BLA/resoluciones/RESOLUCIONES%202010/1771.pdf HTTP/1.1" 200 248691
157.55.39.102 - - [23/Nov/2014:10:10:05 -0500] "GET /BLA/resoluciones/AUTOS%202011/3840.pdf HTTP/1.1" 200 332486
157.55.39.102 - - [23/Nov/2014:10:10:14 -0500] "GET /BLA/resoluciones/AUTOS%202010/6291.pdf HTTP/1.1" 200 389502
186.86.224.125 - - [23/Nov/2014:10:10:17 -0500] "GET /BLA/boletinlegal/js/jquery.js HTTP/1.1" 200 57254
186.86.224.125 - - [23/Nov/2014:10:10:17 -0500] "GET /BLA/boletinlegal/js/jquery.scrollTo-min.js HTTP/1.1" 200 1150
186.86.224.125 - - [23/Nov/2014:10:10:17 -0500] "GET /BLA/boletinlegal/js/jquery.scrollShow.js HTTP/1.1" 200 4586
209.200.244.133 - - [23/Nov/2014:10:10:19 -0500] "GET /blog/wp-admin/ HTTP/1.1" 404 1018
190.66.107.70 - - [23/Nov/2014:10:10:20 -0500] "POST /forms/lservlet;jsessionid=ac16012b30d5bb66409031d94c33b8f2d7c0a6479156.e3iSbxaKaheRe34Sa3yKbhiTahb0n6jAmljGr5XDqQLvpAe HTTP/1.1" 200 2
191.107.86.206 - - [23/Nov/2014:10:10:20 -0500] "GET /galeria/nivo-slider/demo/images/porloshumedales.jpg HTTP/1.1" 200 351238
191.107.86.206 - - [23/Nov/2014:10:10:20 -0500] "GET /galeria/nivo-slider/demo/images/Tingua-azul.jpg HTTP/1.1" 200 307638
191.107.86.206 - - [23/Nov/2014:10:10:21 -0500] "GET /galeria/nivo-slider/demo/images/Banner-Caracol-Africano.jpg HTTP/1.1" 200 331986
157.55.39.50 - - [23/Nov/2014:10:10:22 -0500] "GET /BLA/resoluciones/RESOLUCIONES%202008/1426.pdf HTTP/1.1" 200 268107
190.26.183.224 - - [23/Nov/2014:10:10:26 -0500] "GET /BLA/boletinlegal/js/jquery.scrollShow.js HTTP/1.1" 200 4586
190.26.183.224 - - [23/Nov/2014:10:10:26 -0500] "GET /BLA/boletinlegal/js/jquery.scrollTo-min.js HTTP/1.1" 200 1150
190.26.183.224 - - [23/Nov/2014:10:10:26 -0500] "GET /BLA/boletinlegal/js/jquery.js HTTP/1.1" 200 57254
188.165.15.66 - - [23/Nov/2014:10:10:27 -0500] "GET /BLA/resoluciones/RESOLUCIONES%202003/RES%202003%20851-900/875.tif HTTP/1.1" 200 221656
207.46.13.28 - - [23/Nov/2014:10:10:28 -0500] "GET /BLA/resoluciones/RESOLUCIONES%202009/2290.pdf HTTP/1.1" 200 346970
207.46.13.28 - - [23/Nov/2014:10:10:32 -0500] "GET /BLA/resoluciones/RESOLUCIONES%202009/9320.pdf HTTP/1.1" 200 1230781
157.55.39.102 - - [23/Nov/2014:10:10:37 -0500] "GET /BLA/resoluciones/RESOLUCIONES%202009/1532.pdf HTTP/1.1" 200 798782
186.29.246.216 - - [23/Nov/2014:10:10:37 -0500] "GET /BLA/boletinlegal/js/jquery.js HTTP/1.1" 200 57254
186.29.246.216 - - [23/Nov/2014:10:10:37 -0500] "GET /BLA/boletinlegal/js/jquery.scrollTo-min.js HTTP/1.1" 200 1150
186.29.246.216 - - [23/Nov/2014:10:10:37 -0500] "GET /BLA/boletinlegal/js/jquery.scrollShow.js HTTP/1.1" 200 4586
157.55.39.102 - - [23/Nov/2014:10:10:38 -0500] "GET /BLA/resoluciones/RESOLUCIONES%202010/2096.pdf HTTP/1.1" 200 606617
74.86.158.107 - - [23/Nov/2014:10:10:39 -0500] "HEAD / HTTP/1.1" 302 -
188.165.15.78 - - [23/Nov/2014:10:10:40 -0500] "GET /BLA/resoluciones/RESOLUCIONES%202004/RES%202004%201151-1200/00001192.tif HTTP/1.1" 200 185848
181.134.8.158 - - [23/Nov/2014:10:10:47 -0500] "GET /BLA/resoluciones/AUTOS%202013/0066.pdf HTTP/1.1" 200 3199509
181.134.8.158 - - [23/Nov/2014:10:10:47 -0500] "GET /BLA/resoluciones/AUTOS%202013/0066.pdf HTTP/1.1" 206 32768
181.134.8.158 - - [23/Nov/2014:10:10:47 -0500] "GET /BLA/resoluciones/AUTOS%202013/0066.pdf HTTP/1.1" 206 3166741
180.76.6.152 - - [23/Nov/2014:10:10:51 -0500] "GET /videos/Spot_Tinguas.flv HTTP/1.1" 200 2087054
181.134.8.158 - - [23/Nov/2014:10:10:53 -0500] "GET /favicon.ico HTTP/1.1" 200 7782
186.30.184.187 - - [23/Nov/2014:10:10:55 -0500] "GET /BLA/boletinlegal/js/jquery.scrollShow.js HTTP/1.1" 200 4586
186.30.184.187 - - [23/Nov/2014:10:10:55 -0500] "GET /BLA/boletinlegal/js/jquery.js HTTP/1.1" 200 57254
186.30.184.187 - - [23/Nov/2014:10:10:55 -0500] "GET /BLA/boletinlegal/js/jquery.scrollTo-min.js HTTP/1.1" 200 1150
157.55.39.197 - - [23/Nov/2014:10:11:00 -0500] "GET /BLA/resoluciones/Resoluciones%202011/1811.pdf HTTP/1.1" 200 515612
157.55.39.102 - - [23/Nov/2014:10:11:08 -0500] "GET /BLA/resoluciones/Resoluciones%202011/2300.pdf HTTP/1.1" 200 510271
190.165.67.156 - - [23/Nov/2014:10:11:18 -0500] "GET /galeria/carrusel/Carrusel/jquery.thumbnailScroller.css HTTP/1.1" 200 2066
190.165.67.156 - - [23/Nov/2014:10:11:18 -0500] "GET /BLA/boletinlegal/js/jquery.js HTTP/1.1" 200 57254
190.165.67.156 - - [23/Nov/2014:10:11:18 -0500] "GET /BLA/boletinlegal/js/jquery.scrollTo-min.js HTTP/1.1" 200 1150
190.165.67.156 - - [23/Nov/2014:10:11:18 -0500] "GET /BLA/boletinlegal/js/jquery.scrollShow.js HTTP/1.1" 200 4586
190.165.67.156 - - [23/Nov/2014:10:11:18 -0500] "GET /galeria/carrusel/Carrusel/jquery-ui-1.8.13.custom.min.js HTTP/1.1" 200 10800
190.165.67.156 - - [23/Nov/2014:10:11:18 -0500] "GET /galeria/carrusel/Carrusel/jquery.thumbnailScroller.js HTTP/1.1" 200 8157
157.55.39.102 - - [23/Nov/2014:10:11:23 -0500] "GET /BLA/resoluciones/AUTOS%202011/0837.pdf HTTP/1.1" 200 46720
157.55.39.102 - - [23/Nov/2014:10:11:24 -0500] "GET /BLA/resoluciones/Resoluciones%202011/1761.pdf HTTP/1.1" 200 520764
190.165.67.156 - - [23/Nov/2014:10:11:25 -0500] "GET /galeria/nivo-slider/demo/demo.html HTTP/1.1" 200 3946
186.85.235.65 - - [23/Nov/2014:10:11:27 -0500] "GET /BLA/boletinlegal/js/jquery.scrollShow.js HTTP/1.1" 200 4586
186.85.235.65 - - [23/Nov/2014:10:11:27 -0500] "GET /BLA/boletinlegal/js/jquery.scrollTo-min.js HTTP/1.1" 200 1150
186.85.235.65 - - [23/Nov/2014:10:11:27 -0500] "GET /BLA/boletinlegal/js/jquery.js HTTP/1.1" 200 57254
190.165.67.156 - - [23/Nov/2014:10:11:28 -0500] "GET /galeria/nivo-slider/themes/default/default.css HTTP/1.1" 200 1569
190.165.67.156 - - [23/Nov/2014:10:11:29 -0500] "GET /galeria/nivo-slider/themes/pascal/pascal.css HTTP/1.1" 200 2258
190.165.67.156 - - [23/Nov/2014:10:11:29 -0500] "GET /galeria/nivo-slider/themes/orman/orman.css HTTP/1.1" 200 2152
190.165.67.156 - - [23/Nov/2014:10:11:29 -0500] "GET /galeria/nivo-slider/nivo-slider.css HTTP/1.1" 200 1507
190.165.67.156 - - [23/Nov/2014:10:11:29 -0500] "GET /galeria/nivo-slider/demo/style.css HTTP/1.1" 200 2222
190.165.67.156 - - [23/Nov/2014:10:11:29 -0500] "GET /galeria/nivo-slider/demo/scripts/jquery-1.7.1.min.js HTTP/1.1" 200 93868
190.165.67.156 - - [23/Nov/2014:10:11:29 -0500] "GET /galeria/nivo-slider/jquery.nivo.slider.pack.js HTTP/1.1" 200 11561
190.165.67.156 - - [23/Nov/2014:10:11:29 -0500] "GET /galeria/nivo-slider/demo/images/TIBANICA-03.jpg HTTP/1.1" 200 121750
190.165.67.156 - - [23/Nov/2014:10:11:29 -0500] "GET /galeria/nivo-slider/demo/images/BANNER-GOBERNANZA.jpg HTTP/1.1" 200 87637
190.165.67.156 - - [23/Nov/2014:10:11:29 -0500] "GET /galeria/nivo-slider/demo/images/ForoNacionalAmbiental.jpg HTTP/1.1" 200 202541
190.165.67.156 - - [23/Nov/2014:10:11:29 -0500] "GET /galeria/nivo-slider/demo/images/Banner-Ecourbanismo.jpg HTTP/1.1" 200 189838
190.165.67.156 - - [23/Nov/2014:10:11:29 -0500] "GET /galeria/nivo-slider/demo/images/4Simple_Slider.png HTTP/1.1" 200 11722
190.165.67.156 - - [23/Nov/2014:10:11:29 -0500] "GET /galeria/nivo-slider/themes/default/loading.gif HTTP/1.1" 200 1737
190.165.67.156 - - [23/Nov/2014:10:11:30 -0500] "GET /galeria/nivo-slider/demo/images/banner-pygaai.jpg HTTP/1.1" 200 82693
190.165.67.156 - - [23/Nov/2014:10:11:30 -0500] "GET /galeria/nivo-slider/demo/images/Biotaxis-Man.jpg HTTP/1.1" 200 99362
190.165.67.156 - - [23/Nov/2014:10:11:30 -0500] "GET /galeria/nivo-slider/demo/images/Banner-comparendo.jpg HTTP/1.1" 200 388762
190.165.67.156 - - [23/Nov/2014:10:11:30 -0500] "GET /galeria/nivo-slider/demo/images/porloshumedales.jpg HTTP/1.1" 200 351238
190.165.67.156 - - [23/Nov/2014:10:11:30 -0500] "GET /galeria/nivo-slider/demo/images/Tingua-azul.jpg HTTP/1.1" 200 307638
190.165.67.156 - - [23/Nov/2014:10:11:31 -0500] "GET /galeria/nivo-slider/demo/images/Banner-Caracol-Africano.jpg HTTP/1.1" 200 331986
190.165.67.156 - - [23/Nov/2014:10:11:32 -0500] "GET /galeria/nivo-slider/demo/images/banner-redes.jpg HTTP/1.1" 200 62209
190.165.67.156 - - [23/Nov/2014:10:11:32 -0500] "GET /galeria/nivo-slider/demo/images/9Signos.jpg HTTP/1.1" 200 93040
180.76.6.48 - - [23/Nov/2014:10:11:33 -0500] "GET /BLA/resoluciones/RESOLUCIONES%202010/2316.pdf HTTP/1.1" 200 448145
190.165.67.156 - - [23/Nov/2014:10:11:33 -0500] "GET /galeria/nivo-slider/demo/images/banner-caballos.png HTTP/1.1" 200 389106
190.165.67.156 - - [23/Nov/2014:10:11:33 -0500] "GET /videos/Spot_CambioClimatico.flv HTTP/1.1" 200 4371917
190.165.67.156 - - [23/Nov/2014:10:11:33 -0500] "GET /galeria/nivo-slider/demo/images/Hacienda_Molinos.jpg HTTP/1.1" 200 319171
190.165.67.156 - - [23/Nov/2014:10:11:34 -0500] "GET /galeria/nivo-slider/demo/images/bannerEcolecta3.jpg HTTP/1.1" 200 280034
190.165.67.156 - - [23/Nov/2014:10:11:38 -0500] "GET /galeria/nivo-slider/themes/default/arrows.png HTTP/1.1" 200 824
190.165.67.156 - - [23/Nov/2014:10:11:38 -0500] "GET /galeria/nivo-slider/themes/default/bullets.png HTTP/1.1" 200 1281
191.107.86.206 - - [23/Nov/2014:10:11:42 -0500] "GET /galeria/nivo-slider/demo/images/banner-redes.jpg HTTP/1.1" 200 62209
157.55.39.102 - - [23/Nov/2014:10:11:48 -0500] "GET /BLA/resoluciones/AUTOS%202010/6653.pdf HTTP/1.1" 200 158423
157.55.39.50 - - [23/Nov/2014:10:11:54 -0500] "GET /BLA/resoluciones/AUTOS%202011/2803.pdf HTTP/1.1" 200 32120
157.55.39.50 - - [23/Nov/2014:10:11:54 -0500] "GET /BLA/resoluciones/Resoluciones%202011/1321.pdf HTTP/1.1" 200 75151
157.55.39.50 - - [23/Nov/2014:10:11:54 -0500] "GET /BLA/resoluciones/AUTOS%202009/0013.pdf HTTP/1.1" 200 112537
157.55.39.102 - - [23/Nov/2014:10:11:58 -0500] "GET /BLA/resoluciones/RESOLUCIONES%202008/1260.pdf HTTP/1.1" 200 340522
191.107.86.206 - - [23/Nov/2014:10:12:03 -0500] "GET /galeria/nivo-slider/demo/images/9Signos.jpg HTTP/1.1" 200 93040
191.107.86.206 - - [23/Nov/2014:10:12:04 -0500] "GET /galeria/nivo-slider/demo/images/banner-caballos.png HTTP/1.1" 200 389106
191.107.86.206 - - [23/Nov/2014:10:12:05 -0500] "GET /galeria/nivo-slider/demo/images/Hacienda_Molinos.jpg HTTP/1.1" 200 319171
157.55.39.197 - - [23/Nov/2014:10:12:10 -0500] "GET /bla/resoluciones/resoluciones%202010/7263.pdf HTTP/1.1" 200 266867
157.55.39.197 - - [23/Nov/2014:10:12:16 -0500] "GET /BLA/resoluciones/Resoluciones%202011/3459.pdf HTTP/1.1" 200 810252
66.249.65.119 - - [23/Nov/2014:10:12:18 -0500] "GET /BLA/resoluciones/RESOLUCIONES%202010/2384.pdf HTTP/1.1" 200 780714
190.66.107.70 - - [23/Nov/2014:10:12:20 -0500] "POST /forms/lservlet;jsessionid=ac16012b30d5bb66409031d94c33b8f2d7c0a6479156.e3iSbxaKaheRe34Sa3yKbhiTahb0n6jAmljGr5XDqQLvpAe HTTP/1.1" 200 2
181.130.74.136 - - [23/Nov/2014:10:12:20 -0500] "GET /BLA/boletinlegal/js/jquery.js HTTP/1.1" 200 57254
181.130.74.136 - - [23/Nov/2014:10:12:20 -0500] "GET /BLA/boletinlegal/js/jquery.scrollTo-min.js HTTP/1.1" 200 1150
181.130.74.136 - - [23/Nov/2014:10:12:20 -0500] "GET /BLA/boletinlegal/js/jquery.scrollShow.js HTTP/1.1" 200 4586
157.55.39.102 - - [23/Nov/2014:10:12:20 -0500] "GET /BLA/resoluciones/AUTOS%202009/2912.pdf HTTP/1.1" 200 113114
188.165.15.241 - - [23/Nov/2014:10:12:22 -0500] "GET /BLA/resoluciones/RESOLUCIONES%202006/RES%202006%201201-1250/00001243.tif HTTP/1.1" 200 85288
186.85.59.98 - - [23/Nov/2014:10:12:27 -0500] "GET /Report2/parameter?action=parametersReportMDX&id_rpt=17&currentTab=tab_presentacion HTTP/1.1" 200 6578
190.26.221.93 - - [23/Nov/2014:10:12:31 -0500] "GET /BLA/boletinlegal/js/jquery.scrollShow.js HTTP/1.1" 200 4586
190.26.221.93 - - [23/Nov/2014:10:12:31 -0500] "GET /BLA/boletinlegal/js/jquery.js HTTP/1.1" 200 57254
190.26.221.93 - - [23/Nov/2014:10:12:31 -0500] "GET /BLA/boletinlegal/js/jquery.scrollTo-min.js HTTP/1.1" 200 1150
157.55.39.50 - - [23/Nov/2014:10:12:32 -0500] "GET /BLA/resoluciones/AUTOS%202011/3355.pdf HTTP/1.1" 200 253595
186.85.59.98 - - [23/Nov/2014:10:12:32 -0500] "GET /Report2/parameter?action=runReportMDX&json=true&listdep=informe&id_rpt=17&param_nit=122 HTTP/1.1" 200 517
186.85.59.98 - - [23/Nov/2014:10:12:33 -0500] "POST /Report2/parameter?action=runReportMDX&json=true&listdep=nit&id_rpt=17&param_partNomauto=122 HTTP/1.1" 200 69
157.55.39.50 - - [23/Nov/2014:10:12:34 -0500] "GET /BLA/resoluciones/RESOLUCIONES%202010/0864.pdf HTTP/1.1" 200 436247
186.85.59.98 - - [23/Nov/2014:10:12:36 -0500] "GET /Report2/parameter?action=runReportMDX&json=true&listdep=FecBal&id_rpt=17&param_informe=2&param_nit=122 HTTP/1.1" 200 216
191.107.86.206 - - [23/Nov/2014:10:12:40 -0500] "GET /galeria/nivo-slider/demo/images/bannerEcolecta3.jpg HTTP/1.1" 200 280034
207.46.13.28 - - [23/Nov/2014:10:12:42 -0500] "GET /BLA/resoluciones/RESOLUCIONES%202008/1752.pdf HTTP/1.1" 200 348672
207.46.13.28 - - [23/Nov/2014:10:12:43 -0500] "GET /BLA/resoluciones/RESOLUCIONES%202012/1070.pdf HTTP/1.1" 200 330267
65.55.218.33 - - [23/Nov/2014:10:12:44 -0500] "GET /BLA/boletinlegal/js/jquery.scrollTo-min.js HTTP/1.1" 200 1150
65.55.211.247 - - [23/Nov/2014:10:12:44 -0500] "GET /BLA/boletinlegal/js/jquery.js HTTP/1.1" 200 57254
65.55.218.33 - - [23/Nov/2014:10:12:44 -0500] "GET /BLA/boletinlegal/js/jquery.scrollShow.js HTTP/1.1" 200 4586
186.85.59.98 - - [23/Nov/2014:10:12:45 -0500] "GET /Report2/parameter?action=runReportMDX&json=true&listdep=informe&id_rpt=17&param_nit=122 HTTP/1.1" 200 517
190.165.67.156 - - [23/Nov/2014:10:12:46 -0500] "GET /videos/Spot_CambioClimatico.flv HTTP/1.1" 206 1
