181.60.141.81 - - [23/Nov/2014:09:11:15 -0500] "GET /galeria/nivo-slider/themes/default/arrows.png HTTP/1.1" 200 824
181.60.141.81 - - [23/Nov/2014:09:11:15 -0500] "GET /galeria/nivo-slider/themes/default/bullets.png HTTP/1.1" 200 1281
157.55.39.49 - - [23/Nov/2014:09:11:15 -0500] "GET /BLA/resoluciones/RESOLUCIONES%202010/0258.pdf HTTP/1.1" 200 474215
181.60.141.81 - - [23/Nov/2014:09:11:15 -0500] "GET /videos/Spot_CambioClimatico.flv HTTP/1.1" 200 4371917
190.66.107.70 - - [23/Nov/2014:09:11:15 -0500] "POST /forms/lservlet;jsessionid=ac16012b30d5bb66409031d94c33b8f2d7c0a6479156.e3iSbxaKaheRe34Sa3yKbhiTahb0n6jAmljGr5XDqQLvpAe HTTP/1.1" 200 10
190.66.107.70 - - [23/Nov/2014:09:11:15 -0500] "POST /forms/lservlet;jsessionid=ac16012b30d5bb66409031d94c33b8f2d7c0a6479156.e3iSbxaKaheRe34Sa3yKbhiTahb0n6jAmljGr5XDqQLvpAe HTTP/1.1" 200 14
190.66.107.70 - - [23/Nov/2014:09:11:17 -0500] "POST /forms/lservlet;jsessionid=ac16012b30d5bb66409031d94c33b8f2d7c0a6479156.e3iSbxaKaheRe34Sa3yKbhiTahb0n6jAmljGr5XDqQLvpAe HTTP/1.1" 200 64000
190.66.107.70 - - [23/Nov/2014:09:11:17 -0500] "POST /forms/lservlet;jsessionid=ac16012b30d5bb66409031d94c33b8f2d7c0a6479156.e3iSbxaKaheRe34Sa3yKbhiTahb0n6jAmljGr5XDqQLvpAe HTTP/1.1" 200 64000
190.66.107.70 - - [23/Nov/2014:09:11:18 -0500] "POST /forms/lservlet;jsessionid=ac16012b30d5bb66409031d94c33b8f2d7c0a6479156.e3iSbxaKaheRe34Sa3yKbhiTahb0n6jAmljGr5XDqQLvpAe HTTP/1.1" 200 34623
190.66.107.70 - - [23/Nov/2014:09:11:18 -0500] "GET /imagenes/listval.gif HTTP/1.1" 200 905
190.66.107.70 - - [23/Nov/2014:09:11:18 -0500] "GET /imagenes/rt_print.gif HTTP/1.1" 200 916
190.66.107.70 - - [23/Nov/2014:09:11:18 -0500] "GET /imagenes/rt_quer3.gif HTTP/1.1" 200 939
190.66.107.70 - - [23/Nov/2014:09:11:18 -0500] "GET /imagenes/rt_pset.gif HTTP/1.1" 200 914
190.66.107.70 - - [23/Nov/2014:09:11:18 -0500] "POST /forms/lservlet;jsessionid=ac16012b30d5bb66409031d94c33b8f2d7c0a6479156.e3iSbxaKaheRe34Sa3yKbhiTahb0n6jAmljGr5XDqQLvpAe HTTP/1.1" 200 11
190.66.107.70 - - [23/Nov/2014:09:11:18 -0500] "POST /forms/lservlet;jsessionid=ac16012b30d5bb66409031d94c33b8f2d7c0a6479156.e3iSbxaKaheRe34Sa3yKbhiTahb0n6jAmljGr5XDqQLvpAe HTTP/1.1" 200 34
157.55.39.102 - - [23/Nov/2014:09:11:29 -0500] "GET /BLA/resoluciones/AUTOS%202011/2999.pdf HTTP/1.1" 200 259215
190.84.180.154 - - [23/Nov/2014:09:11:35 -0500] "GET /BLA/boletinlegal/js/jquery.js HTTP/1.1" 200 57254
190.84.180.154 - - [23/Nov/2014:09:11:35 -0500] "GET /BLA/boletinlegal/js/jquery.scrollTo-min.js HTTP/1.1" 200 1150
190.84.180.154 - - [23/Nov/2014:09:11:35 -0500] "GET /BLA/boletinlegal/js/jquery.scrollShow.js HTTP/1.1" 200 4586
157.55.39.197 - - [23/Nov/2014:09:11:35 -0500] "GET /BLA/resoluciones/RESOLUCIONES%202008/1782.pdf HTTP/1.1" 200 272352
157.55.39.197 - - [23/Nov/2014:09:11:36 -0500] "GET /BLA/resoluciones/AUTOS%202011/2946.pdf HTTP/1.1" 200 549182
190.66.107.70 - - [23/Nov/2014:09:11:46 -0500] "POST /forms/lservlet;jsessionid=ac16012b30d5bb66409031d94c33b8f2d7c0a6479156.e3iSbxaKaheRe34Sa3yKbhiTahb0n6jAmljGr5XDqQLvpAe HTTP/1.1" 200 7806
190.66.107.70 - - [23/Nov/2014:09:11:46 -0500] "POST /forms/lservlet;jsessionid=ac16012b30d5bb66409031d94c33b8f2d7c0a6479156.e3iSbxaKaheRe34Sa3yKbhiTahb0n6jAmljGr5XDqQLvpAe HTTP/1.1" 200 2
207.46.13.28 - - [23/Nov/2014:09:11:47 -0500] "GET /bla/resoluciones/resoluciones%202010/7061.pdf HTTP/1.1" 200 502382
207.46.13.28 - - [23/Nov/2014:09:12:07 -0500] "GET /BLA/resoluciones/RESOLUCIONES%202009/7349.pdf HTTP/1.1" 200 2312733
190.66.107.70 - - [23/Nov/2014:09:12:07 -0500] "POST /forms/lservlet;jsessionid=ac16012b30d5bb66409031d94c33b8f2d7c0a6479156.e3iSbxaKaheRe34Sa3yKbhiTahb0n6jAmljGr5XDqQLvpAe HTTP/1.1" 200 2
157.55.39.197 - - [23/Nov/2014:09:12:10 -0500] "GET /BLA/resoluciones/AUTOS%202011/5517.pdf HTTP/1.1" 200 503303
157.55.39.197 - - [23/Nov/2014:09:12:11 -0500] "GET /BLA/resoluciones/RESOLUCIONES%202009/1494.pdf HTTP/1.1" 200 472555
157.55.39.197 - - [23/Nov/2014:09:12:25 -0500] "GET /bla/resoluciones/resoluciones%202010/6846.pdf HTTP/1.1" 200 3160297
190.66.107.70 - - [23/Nov/2014:09:12:25 -0500] "POST /forms/lservlet;jsessionid=ac16012b30d5bb66409031d94c33b8f2d7c0a6479156.e3iSbxaKaheRe34Sa3yKbhiTahb0n6jAmljGr5XDqQLvpAe HTTP/1.1" 200 1999
190.66.107.70 - - [23/Nov/2014:09:12:25 -0500] "POST /forms/lservlet;jsessionid=ac16012b30d5bb66409031d94c33b8f2d7c0a6479156.e3iSbxaKaheRe34Sa3yKbhiTahb0n6jAmljGr5XDqQLvpAe HTTP/1.1" 200 78
157.55.39.50 - - [23/Nov/2014:09:12:29 -0500] "GET /BLA/resoluciones/AUTOS%202011/3786.pdf HTTP/1.1" 200 174407
157.55.39.50 - - [23/Nov/2014:09:12:30 -0500] "GET /bla/resoluciones/resoluciones%202010/6688.pdf HTTP/1.1" 200 372297
190.27.182.157 - - [23/Nov/2014:09:12:33 -0500] "POST /forms/lservlet;jsessionid=ac16012b30d521959a9deb4243598249b10d8a62c94d.e3iSbxaKaheRe34Sa3yKbhiTahb0n6jAmljGr5XDqQLvpAe HTTP/1.1" 200 2
157.55.39.102 - - [23/Nov/2014:09:12:34 -0500] "GET /BLA/resoluciones/Resoluciones%202011/1101.pdf HTTP/1.1" 200 379696
157.55.39.102 - - [23/Nov/2014:09:12:35 -0500] "GET /bla/resoluciones/resoluciones%202009/7206.pdf HTTP/1.1" 200 96623
186.147.66.232 - - [23/Nov/2014:09:12:48 -0500] "GET /forest/session.jsp?a=0.12798545346595347 HTTP/1.1" 200 4
207.46.13.28 - - [23/Nov/2014:09:12:52 -0500] "GET /bla/resoluciones/RESOLUCIONES%202011/0361.pdf HTTP/1.1" 200 65715
190.117.138.182 - - [23/Nov/2014:09:12:53 -0500] "GET /BLA/boletinlegal/js/jquery.scrollTo-min.js HTTP/1.1" 200 1150
190.117.138.182 - - [23/Nov/2014:09:12:53 -0500] "GET /BLA/boletinlegal/js/jquery.js HTTP/1.1" 200 57254
190.117.138.182 - - [23/Nov/2014:09:12:53 -0500] "GET /BLA/boletinlegal/js/jquery.scrollShow.js HTTP/1.1" 200 4586
200.106.168.243 - - [23/Nov/2014:09:12:54 -0500] "GET /BLA/boletinlegal/js/jquery.js HTTP/1.1" 200 57254
200.106.168.243 - - [23/Nov/2014:09:12:54 -0500] "GET /BLA/boletinlegal/js/jquery.scrollTo-min.js HTTP/1.1" 200 1150
200.106.168.243 - - [23/Nov/2014:09:12:54 -0500] "GET /BLA/boletinlegal/js/jquery.scrollShow.js HTTP/1.1" 200 4586
157.55.39.197 - - [23/Nov/2014:09:12:56 -0500] "GET /BLA/resoluciones/RESOLUCIONES%202008/1696.pdf HTTP/1.1" 200 216589
207.46.13.28 - - [23/Nov/2014:09:13:07 -0500] "GET /BLA/resoluciones/AUTOS%202011/2178.pdf HTTP/1.1" 200 124564
157.55.39.197 - - [23/Nov/2014:09:13:11 -0500] "GET /bla/resoluciones/resoluciones%202010/5388.pdf HTTP/1.1" 200 146650
157.55.39.197 - - [23/Nov/2014:09:13:11 -0500] "GET /BLA/resoluciones/RESOLUCIONES%202009/0584.pdf HTTP/1.1" 200 334633
66.249.65.119 - - [23/Nov/2014:09:13:12 -0500] "GET /BLA/resoluciones/RESOLUCIONES%202004/RES%202004%201101-1150/00001111.tif HTTP/1.1" 200 123070
157.55.39.50 - - [23/Nov/2014:09:13:24 -0500] "GET /bla/resoluciones/resoluciones%202009/7859.pdf HTTP/1.1" 200 409544
157.55.39.50 - - [23/Nov/2014:09:13:25 -0500] "GET /BLA/resoluciones/RESOLUCIONES%202012/1901.pdf HTTP/1.1" 200 2214073
157.55.39.50 - - [23/Nov/2014:09:13:25 -0500] "GET /bla/resoluciones/RESOLUCIONES%202011/0125.pdf HTTP/1.1" 200 512687
157.55.39.50 - - [23/Nov/2014:09:13:26 -0500] "GET /bla/resoluciones/resoluciones%202009/8446.pdf HTTP/1.1" 200 519382
157.55.39.50 - - [23/Nov/2014:09:13:27 -0500] "GET /bla/resoluciones/resoluciones%202010/5231.pdf HTTP/1.1" 200 773979
66.249.65.123 - - [23/Nov/2014:09:13:34 -0500] "GET /BLA/resoluciones/RESOLUCIONES%202009/6500.pdf HTTP/1.1" 200 434759
157.55.39.197 - - [23/Nov/2014:09:13:49 -0500] "GET /BLA/resoluciones/AUTOS%202009/1647.pdf HTTP/1.1" 200 97981
190.158.121.84 - - [23/Nov/2014:09:13:59 -0500] "GET /BLA/boletinlegal/js/jquery.js HTTP/1.1" 200 57254
190.158.121.84 - - [23/Nov/2014:09:13:59 -0500] "GET /galeria/carrusel/Carrusel/jquery.thumbnailScroller.css HTTP/1.1" 200 2066
190.158.121.84 - - [23/Nov/2014:09:13:59 -0500] "GET /BLA/boletinlegal/js/jquery.scrollTo-min.js HTTP/1.1" 200 1150
190.158.121.84 - - [23/Nov/2014:09:13:59 -0500] "GET /galeria/carrusel/Carrusel/jquery-ui-1.8.13.custom.min.js HTTP/1.1" 200 10800
190.158.121.84 - - [23/Nov/2014:09:13:59 -0500] "GET /BLA/boletinlegal/js/jquery.scrollShow.js HTTP/1.1" 200 4586
190.158.121.84 - - [23/Nov/2014:09:13:59 -0500] "GET /galeria/carrusel/Carrusel/jquery.thumbnailScroller.js HTTP/1.1" 200 8157
157.55.39.49 - - [23/Nov/2014:09:14:01 -0500] "GET /BLA/resoluciones/RESOLUCIONES%202008/0831.pdf HTTP/1.1" 200 197776
190.158.121.84 - - [23/Nov/2014:09:14:03 -0500] "GET /galeria/nivo-slider/demo/demo.html HTTP/1.1" 200 3946
190.158.121.84 - - [23/Nov/2014:09:14:07 -0500] "GET /galeria/nivo-slider/themes/default/default.css HTTP/1.1" 200 1569
190.158.121.84 - - [23/Nov/2014:09:14:07 -0500] "GET /galeria/nivo-slider/themes/pascal/pascal.css HTTP/1.1" 200 2258
190.158.121.84 - - [23/Nov/2014:09:14:07 -0500] "GET /galeria/nivo-slider/nivo-slider.css HTTP/1.1" 200 1507
190.158.121.84 - - [23/Nov/2014:09:14:07 -0500] "GET /galeria/nivo-slider/themes/orman/orman.css HTTP/1.1" 200 2152
190.158.121.84 - - [23/Nov/2014:09:14:07 -0500] "GET /galeria/nivo-slider/demo/style.css HTTP/1.1" 200 2222
190.158.121.84 - - [23/Nov/2014:09:14:07 -0500] "GET /galeria/nivo-slider/demo/scripts/jquery-1.7.1.min.js HTTP/1.1" 200 93868
190.158.121.84 - - [23/Nov/2014:09:14:07 -0500] "GET /galeria/nivo-slider/jquery.nivo.slider.pack.js HTTP/1.1" 200 11561
190.158.121.84 - - [23/Nov/2014:09:14:07 -0500] "GET /galeria/nivo-slider/demo/images/TIBANICA-03.jpg HTTP/1.1" 200 121750
190.158.121.84 - - [23/Nov/2014:09:14:07 -0500] "GET /galeria/nivo-slider/demo/images/BANNER-GOBERNANZA.jpg HTTP/1.1" 200 87637
190.158.121.84 - - [23/Nov/2014:09:14:07 -0500] "GET /galeria/nivo-slider/demo/images/ForoNacionalAmbiental.jpg HTTP/1.1" 200 202541
190.158.121.84 - - [23/Nov/2014:09:14:07 -0500] "GET /galeria/nivo-slider/demo/images/Banner-Ecourbanismo.jpg HTTP/1.1" 200 189838
190.158.121.84 - - [23/Nov/2014:09:14:07 -0500] "GET /galeria/nivo-slider/demo/images/banner-pygaai.jpg HTTP/1.1" 200 82693
190.158.121.84 - - [23/Nov/2014:09:14:07 -0500] "GET /galeria/nivo-slider/demo/images/Biotaxis-Man.jpg HTTP/1.1" 200 99362
190.158.121.84 - - [23/Nov/2014:09:14:07 -0500] "GET /galeria/nivo-slider/demo/images/Banner-comparendo.jpg HTTP/1.1" 200 388762
190.66.107.70 - - [23/Nov/2014:09:14:07 -0500] "POST /forms/lservlet;jsessionid=ac16012b30d5bb66409031d94c33b8f2d7c0a6479156.e3iSbxaKaheRe34Sa3yKbhiTahb0n6jAmljGr5XDqQLvpAe HTTP/1.1" 200 2
190.158.121.84 - - [23/Nov/2014:09:14:07 -0500] "GET /galeria/nivo-slider/demo/images/porloshumedales.jpg HTTP/1.1" 200 351238
190.158.121.84 - - [23/Nov/2014:09:14:07 -0500] "GET /galeria/nivo-slider/demo/images/Tingua-azul.jpg HTTP/1.1" 200 307638
190.158.121.84 - - [23/Nov/2014:09:14:07 -0500] "GET /galeria/nivo-slider/demo/images/4Simple_Slider.png HTTP/1.1" 200 11722
190.158.121.84 - - [23/Nov/2014:09:14:08 -0500] "GET /galeria/nivo-slider/themes/default/loading.gif HTTP/1.1" 200 1737
190.158.121.84 - - [23/Nov/2014:09:14:08 -0500] "GET /galeria/nivo-slider/demo/images/Banner-Caracol-Africano.jpg HTTP/1.1" 200 331986
190.158.121.84 - - [23/Nov/2014:09:14:08 -0500] "GET /galeria/nivo-slider/demo/images/banner-redes.jpg HTTP/1.1" 200 62209
190.158.121.84 - - [23/Nov/2014:09:14:08 -0500] "GET /galeria/nivo-slider/demo/images/9Signos.jpg HTTP/1.1" 200 93040
190.158.121.84 - - [23/Nov/2014:09:14:08 -0500] "GET /galeria/nivo-slider/demo/images/banner-caballos.png HTTP/1.1" 200 389106
190.158.121.84 - - [23/Nov/2014:09:14:09 -0500] "GET /galeria/nivo-slider/demo/images/Hacienda_Molinos.jpg HTTP/1.1" 200 319171
190.158.121.84 - - [23/Nov/2014:09:14:09 -0500] "GET /galeria/nivo-slider/demo/images/bannerEcolecta3.jpg HTTP/1.1" 200 280034
157.55.39.197 - - [23/Nov/2014:09:14:10 -0500] "GET /BLA/resoluciones/AUTOS%202010/0533.pdf HTTP/1.1" 200 187035
190.158.121.84 - - [23/Nov/2014:09:14:10 -0500] "GET /galeria/nivo-slider/themes/default/bullets.png HTTP/1.1" 200 1281
190.158.121.84 - - [23/Nov/2014:09:14:10 -0500] "GET /galeria/nivo-slider/themes/default/arrows.png HTTP/1.1" 200 824
190.158.121.84 - - [23/Nov/2014:09:14:11 -0500] "GET /videos/Spot_CambioClimatico.flv HTTP/1.1" 200 4371917
207.46.13.28 - - [23/Nov/2014:09:14:14 -0500] "GET /BLA/resoluciones/AUTOS%202009/2772.pdf HTTP/1.1" 200 94991
186.147.66.232 - - [23/Nov/2014:09:08:14 -0500] "GET /ForestMSG_SDA/channelAsync/template_word_16942972?X-Atmosphere-tracking-id=a87dbd06-7840-84f4-2dfb-2e2d06df805f&X-Atmosphere-Framework=1.0.5&X-Atmosphere-Transport=long-polling&tabid=0.8218463615048677&X-Cache-Date=0&Content-Type=application/xml&_=1416751847205 HTTP/1.1" 200 8193
66.249.65.119 - - [23/Nov/2014:09:14:28 -0500] "GET /BLA/resoluciones/RESOLUCIONES%202010/1787.pdf HTTP/1.1" 304 -
157.55.39.197 - - [23/Nov/2014:09:14:30 -0500] "GET /BLA/resoluciones/Resoluciones%202011/1018.pdf HTTP/1.1" 200 76421
157.55.39.197 - - [23/Nov/2014:09:14:30 -0500] "GET /BLA/resoluciones/AUTOS%202011/4239.pdf HTTP/1.1" 200 209925
190.27.182.157 - - [23/Nov/2014:09:14:33 -0500] "POST /forms/lservlet;jsessionid=ac16012b30d521959a9deb4243598249b10d8a62c94d.e3iSbxaKaheRe34Sa3yKbhiTahb0n6jAmljGr5XDqQLvpAe HTTP/1.1" 200 2
157.55.39.50 - - [23/Nov/2014:09:14:35 -0500] "GET /bla/resoluciones/RESOLUCIONES%202011/1840.pdf HTTP/1.1" 200 515688
157.55.39.197 - - [23/Nov/2014:09:14:44 -0500] "GET /BLA/resoluciones/AUTOS%202009/0773.pdf HTTP/1.1" 200 161556
157.55.39.197 - - [23/Nov/2014:09:14:44 -0500] "GET /BLA/resoluciones/RESOLUCIONES%202010/1579.pdf HTTP/1.1" 200 493345
157.55.39.50 - - [23/Nov/2014:09:14:49 -0500] "GET /bla/resoluciones/resoluciones%202009/6840.pdf HTTP/1.1" 200 281891
157.55.39.50 - - [23/Nov/2014:09:14:50 -0500] "GET /BLA/resoluciones/Resoluciones%202011/1076.pdf HTTP/1.1" 200 384148
190.159.144.138 - - [23/Nov/2014:09:14:51 -0500] "GET /forest/login.do HTTP/1.1" 200 12486
190.159.144.138 - - [23/Nov/2014:09:14:51 -0500] "GET /forest/skins/gdocs-jar/css/forest.css?version=1411.041919 HTTP/1.1" 200 51
190.159.144.138 - - [23/Nov/2014:09:14:51 -0500] "GET /forest/skins/gdocs-jar/css/menu.css?version=1411.041919 HTTP/1.1" 200 4235
190.159.144.138 - - [23/Nov/2014:09:14:51 -0500] "GET /forest/1ibre/jscalendar/calendar-win2k-1.css?version=1411.041919 HTTP/1.1" 200 5986
190.159.144.138 - - [23/Nov/2014:09:14:51 -0500] "GET /forest/skins/gdocs-jar/css/autocomplete.css?version=1411.041919 HTTP/1.1" 200 1620
190.159.144.138 - - [23/Nov/2014:09:14:51 -0500] "GET /forest/css/index.css?version=1411.041919 HTTP/1.1" 200 1900
190.159.144.138 - - [23/Nov/2014:09:14:51 -0500] "GET /forest/css/escritorio.css?version=1411.041919 HTTP/1.1" 200 15878
157.55.39.197 - - [23/Nov/2014:09:14:54 -0500] "GET /bla/resoluciones/resoluciones%202009/8201.pdf HTTP/1.1" 200 989777
157.55.39.102 - - [23/Nov/2014:09:15:03 -0500] "GET /bla/resoluciones/resoluciones%202009/1744.pdf HTTP/1.1" 200 502919
180.76.6.52 - - [23/Nov/2014:09:15:07 -0500] "GET /BLA/resoluciones/index.php?dir=RESOLUCIONES+2006%2FRES+2006+2151-2200%2F HTTP/1.1" 200 12368
181.54.209.181 - - [23/Nov/2014:09:15:10 -0500] "GET /BLA/boletinlegal/js/jquery.js HTTP/1.1" 200 57254
181.54.209.181 - - [23/Nov/2014:09:15:10 -0500] "GET /BLA/boletinlegal/js/jquery.scrollShow.js HTTP/1.1" 200 4586
181.54.209.181 - - [23/Nov/2014:09:15:10 -0500] "GET /BLA/boletinlegal/js/jquery.scrollTo-min.js HTTP/1.1" 200 1150
157.55.39.197 - - [23/Nov/2014:09:15:18 -0500] "GET /BLA/boletinlegal/js/jquery.js HTTP/1.1" 200 57254
157.55.39.197 - - [23/Nov/2014:09:15:20 -0500] "GET /bla/resoluciones/resoluciones%202010/6434.pdf HTTP/1.1" 200 664797
157.55.39.50 - - [23/Nov/2014:09:15:31 -0500] "GET /BLA/resoluciones/AUTOS%202011/2314.pdf HTTP/1.1" 200 92205
157.55.39.197 - - [23/Nov/2014:09:15:32 -0500] "GET /BLA/boletinlegal/js/jquery.js HTTP/1.1" 200 57254
157.55.39.102 - - [23/Nov/2014:09:15:37 -0500] "GET /BLA/resoluciones/AUTOS%202009/1679.pdf HTTP/1.1" 200 121769
157.55.39.102 - - [23/Nov/2014:09:15:37 -0500] "GET /BLA/resoluciones/RESOLUCIONES%202009/0645.pdf HTTP/1.1" 200 297172
74.86.158.107 - - [23/Nov/2014:09:15:39 -0500] "HEAD / HTTP/1.1" 302 -
207.46.13.28 - - [23/Nov/2014:09:15:42 -0500] "GET /bla/resoluciones/autos%202010/0537.pdf HTTP/1.1" 200 185567
207.46.13.28 - - [23/Nov/2014:09:15:43 -0500] "GET /BLA/resoluciones/RESOLUCIONES%202009/5704.pdf HTTP/1.1" 200 660555
207.46.13.28 - - [23/Nov/2014:09:15:43 -0500] "GET /BLA/resoluciones/Resoluciones%202011/1059.pdf HTTP/1.1" 200 279689
207.46.13.28 - - [23/Nov/2014:09:15:44 -0500] "GET /BLA/resoluciones/RESOLUCIONES%202009/7203.pdf HTTP/1.1" 200 879200
157.55.39.50 - - [23/Nov/2014:09:15:47 -0500] "GET /bla/resoluciones/autos%202010/5463.pdf HTTP/1.1" 200 672477
157.55.39.50 - - [23/Nov/2014:09:15:49 -0500] "GET /BLA/resoluciones/AUTOS%202011/0021.pdf HTTP/1.1" 200 187617
157.55.39.50 - - [23/Nov/2014:09:15:49 -0500] "GET /BLA/resoluciones/RESOLUCIONES%202009/0161.pdf HTTP/1.1" 200 266693
180.76.6.46 - - [23/Nov/2014:09:15:52 -0500] "GET /BLA/resoluciones/RESOLUCIONES%202013/0491.pdf HTTP/1.1" 200 1648410
181.54.28.181 - - [23/Nov/2014:09:16:03 -0500] "GET /BLA/boletinlegal/js/jquery.js HTTP/1.1" 200 57254
181.54.28.181 - - [23/Nov/2014:09:16:05 -0500] "GET /BLA/boletinlegal/js/jquery.scrollTo-min.js HTTP/1.1" 200 1150
181.54.28.181 - - [23/Nov/2014:09:16:05 -0500] "GET /BLA/boletinlegal/js/jquery.scrollShow.js HTTP/1.1" 200 4586
190.66.107.70 - - [23/Nov/2014:09:16:07 -0500] "POST /forms/lservlet;jsessionid=ac16012b30d5bb66409031d94c33b8f2d7c0a6479156.e3iSbxaKaheRe34Sa3yKbhiTahb0n6jAmljGr5XDqQLvpAe HTTP/1.1" 200 2
157.55.39.197 - - [23/Nov/2014:09:16:20 -0500] "GET /BLA/resoluciones/RESOLUCIONES%202009/6777.pdf HTTP/1.1" 200 690626
157.55.39.197 - - [23/Nov/2014:09:16:20 -0500] "GET /BLA/resoluciones/RESOLUCIONES%202010/0781.pdf HTTP/1.1" 200 103380
207.46.13.28 - - [23/Nov/2014:09:16:28 -0500] "GET /BLA/resoluciones/RESOLUCIONES%202009/1173.pdf HTTP/1.1" 200 318996
190.27.182.157 - - [23/Nov/2014:09:16:33 -0500] "POST /forms/lservlet;jsessionid=ac16012b30d521959a9deb4243598249b10d8a62c94d.e3iSbxaKaheRe34Sa3yKbhiTahb0n6jAmljGr5XDqQLvpAe HTTP/1.1" 200 2
157.55.39.50 - - [23/Nov/2014:09:16:39 -0500] "GET /bla/resoluciones/resoluciones%202010/6450.pdf HTTP/1.1" 200 70189
157.55.39.102 - - [23/Nov/2014:09:16:45 -0500] "GET /BLA/resoluciones/Resoluciones%202011/2734.pdf HTTP/1.1" 200 525095
66.249.65.123 - - [23/Nov/2014:09:16:50 -0500] "GET /BLA/resoluciones/RESOLUCIONES%202009/4961.pdf HTTP/1.1" 200 343548
157.55.39.102 - - [23/Nov/2014:09:16:59 -0500] "GET /bla/resoluciones/resoluciones%202009/8750.pdf HTTP/1.1" 200 807149
157.55.39.102 - - [23/Nov/2014:09:17:01 -0500] "GET /BLA/resoluciones/RESOLUCIONES%202010/0440.pdf HTTP/1.1" 200 492697
157.55.39.102 - - [23/Nov/2014:09:17:01 -0500] "GET /BLA/resoluciones/RESOLUCIONES%202008/2795.pdf HTTP/1.1" 200 157700
157.55.39.49 - - [23/Nov/2014:09:17:03 -0500] "GET /BLA/resoluciones/AUTOS%202009/2115.pdf HTTP/1.1" 200 87326
207.46.13.28 - - [23/Nov/2014:09:17:12 -0500] "GET /bla/resoluciones/resoluciones%202009/8437.pdf HTTP/1.1" 200 557306
207.46.13.28 - - [23/Nov/2014:09:17:13 -0500] "GET /bla/resoluciones/resoluciones%202009/7858.pdf HTTP/1.1" 200 740036
157.55.39.197 - - [23/Nov/2014:09:17:21 -0500] "GET /BLA/resoluciones/RESOLUCIONES%202012/0827.pdf HTTP/1.1" 200 329101
157.55.39.50 - - [23/Nov/2014:09:17:25 -0500] "GET /BLA/resoluciones/RESOLUCIONES%202009/4566.pdf HTTP/1.1" 200 639737
157.55.39.50 - - [23/Nov/2014:09:17:26 -0500] "GET /BLA/resoluciones/RESOLUCIONES%202008/1367.pdf HTTP/1.1" 200 411628
207.46.13.28 - - [23/Nov/2014:09:17:30 -0500] "GET /bla/resoluciones/resoluciones%202009/8957.pdf HTTP/1.1" 200 278987
207.46.13.28 - - [23/Nov/2014:09:17:31 -0500] "GET /BLA/resoluciones/AUTOS%202011/2010.pdf HTTP/1.1" 200 264504
157.55.39.197 - - [23/Nov/2014:09:17:36 -0500] "GET /BLA/boletinlegal/js/jquery.js HTTP/1.1" 200 57254
157.55.39.102 - - [23/Nov/2014:09:17:40 -0500] "GET /bla/resoluciones/resoluciones%202010/5398.pdf HTTP/1.1" 200 274555
157.55.39.102 - - [23/Nov/2014:09:17:40 -0500] "GET /bla/resoluciones/resoluciones%202009/4819.pdf HTTP/1.1" 200 160834
157.55.39.102 - - [23/Nov/2014:09:17:41 -0500] "GET /BLA/resoluciones/AUTOS%202009/0763.pdf HTTP/1.1" 200 268350
190.26.161.144 - - [23/Nov/2014:09:17:45 -0500] "GET /hidrico/aguas%20subterraneas/ HTTP/1.1" 404 1296
157.55.39.197 - - [23/Nov/2014:09:17:51 -0500] "GET /bla/resoluciones/resoluciones%202009/9167.pdf HTTP/1.1" 200 438763
66.249.65.115 - - [23/Nov/2014:09:17:54 -0500] "GET /BLA/resoluciones/index.php?dir=RESOLUCIONES+2007%2FRES+2007+2701+AL+2800%2F HTTP/1.1" 200 26889
157.55.39.50 - - [23/Nov/2014:09:17:55 -0500] "GET /bla/resoluciones/autos%202010/1437.pdf HTTP/1.1" 200 167382
157.55.39.50 - - [23/Nov/2014:09:17:56 -0500] "GET /bla/resoluciones/resoluciones%202009/7965.pdf HTTP/1.1" 200 1782844
157.55.39.50 - - [23/Nov/2014:09:17:56 -0500] "GET /BLA/resoluciones/AUTOS%202011/1884.pdf HTTP/1.1" 200 146881
157.55.39.102 - - [23/Nov/2014:09:18:00 -0500] "GET /BLA/resoluciones/AUTOS%202011/4888.pdf HTTP/1.1" 200 780748
157.55.39.197 - - [23/Nov/2014:09:18:06 -0500] "GET /BLA/boletinlegal/js/jquery.js HTTP/1.1" 200 57254
157.55.39.197 - - [23/Nov/2014:09:18:07 -0500] "GET /BLA/resoluciones/RESOLUCIONES%202009/0991.pdf HTTP/1.1" 200 234707
190.66.107.70 - - [23/Nov/2014:09:18:07 -0500] "POST /forms/lservlet;jsessionid=ac16012b30d5bb66409031d94c33b8f2d7c0a6479156.e3iSbxaKaheRe34Sa3yKbhiTahb0n6jAmljGr5XDqQLvpAe HTTP/1.1" 200 2
157.55.39.197 - - [23/Nov/2014:09:18:12 -0500] "-" 408 -
157.55.39.197 - - [23/Nov/2014:09:18:16 -0500] "GET /BLA/resoluciones/AUTOS%202009/2931.pdf HTTP/1.1" 200 106113
188.165.15.241 - - [23/Nov/2014:09:18:16 -0500] "GET /BLA/resoluciones/RESOLUCIONES%202006/RES%202006%201201-1250/00001206.tif HTTP/1.1" 200 71178
190.26.49.212 - - [23/Nov/2014:09:18:21 -0500] "GET /galeria/nivo-slider/demo/demo.html HTTP/1.1" 200 3946
190.26.49.212 - - [23/Nov/2014:09:18:22 -0500] "GET /galeria/nivo-slider/demo/images/TIBANICA-03.jpg HTTP/1.1" 200 121750
190.26.49.212 - - [23/Nov/2014:09:18:22 -0500] "GET /galeria/nivo-slider/demo/images/BANNER-GOBERNANZA.jpg HTTP/1.1" 200 87637
190.26.49.212 - - [23/Nov/2014:09:18:23 -0500] "GET /galeria/nivo-slider/demo/images/ForoNacionalAmbiental.jpg HTTP/1.1" 304 -
190.26.49.212 - - [23/Nov/2014:09:18:23 -0500] "GET /galeria/nivo-slider/demo/images/Banner-Ecourbanismo.jpg HTTP/1.1" 304 -
190.26.49.212 - - [23/Nov/2014:09:18:23 -0500] "GET /galeria/nivo-slider/demo/images/banner-pygaai.jpg HTTP/1.1" 304 -
190.26.49.212 - - [23/Nov/2014:09:18:23 -0500] "GET /galeria/nivo-slider/demo/images/Biotaxis-Man.jpg HTTP/1.1" 304 -
190.26.49.212 - - [23/Nov/2014:09:18:23 -0500] "GET /galeria/nivo-slider/demo/images/Banner-comparendo.jpg HTTP/1.1" 304 -
190.26.49.212 - - [23/Nov/2014:09:18:23 -0500] "GET /galeria/nivo-slider/demo/images/porloshumedales.jpg HTTP/1.1" 304 -
190.26.49.212 - - [23/Nov/2014:09:18:23 -0500] "GET /galeria/nivo-slider/demo/images/banner-redes.jpg HTTP/1.1" 304 -
190.26.49.212 - - [23/Nov/2014:09:18:23 -0500] "GET /galeria/nivo-slider/demo/images/9Signos.jpg HTTP/1.1" 304 -
190.26.49.212 - - [23/Nov/2014:09:18:23 -0500] "GET /galeria/nivo-slider/demo/images/banner-caballos.png HTTP/1.1" 304 -
190.26.49.212 - - [23/Nov/2014:09:18:24 -0500] "GET /videos/Spot_CambioClimatico.flv HTTP/1.1" 304 -
190.27.182.157 - - [23/Nov/2014:09:18:33 -0500] "POST /forms/lservlet;jsessionid=ac16012b30d521959a9deb4243598249b10d8a62c94d.e3iSbxaKaheRe34Sa3yKbhiTahb0n6jAmljGr5XDqQLvpAe HTTP/1.1" 200 2
157.55.39.50 - - [23/Nov/2014:09:18:40 -0500] "GET /BLA/resoluciones/Resoluciones%202011/2422.pdf HTTP/1.1" 200 514195
188.165.15.198 - - [23/Nov/2014:09:18:53 -0500] "GET /BLA/resoluciones/RESOLUCIONES%202003/RES%202003%20501-550/508.tif HTTP/1.1" 200 143140
157.55.39.50 - - [23/Nov/2014:09:19:00 -0500] "GET /BLA/resoluciones/RESOLUCIONES%202008/2381.pdf HTTP/1.1" 200 298426
186.82.190.2 - - [23/Nov/2014:09:19:06 -0500] "GET /BLA/resoluciones/AUTOS%202009/2317.pdf HTTP/1.1" 200 152199
186.82.190.2 - - [23/Nov/2014:09:19:07 -0500] "GET /BLA/resoluciones/AUTOS%202009/2317.pdf HTTP/1.1" 206 32768
186.82.190.2 - - [23/Nov/2014:09:19:07 -0500] "GET /favicon.ico HTTP/1.1" 200 7782
186.82.190.2 - - [23/Nov/2014:09:19:07 -0500] "GET /BLA/resoluciones/AUTOS%202009/2317.pdf HTTP/1.1" 206 119431
157.55.39.102 - - [23/Nov/2014:09:19:09 -0500] "GET /BLA/resoluciones/RESOLUCIONES%202009/3222.pdf HTTP/1.1" 200 617427
157.55.39.49 - - [23/Nov/2014:09:19:13 -0500] "GET /bla/resoluciones/autos%202010/1729.pdf HTTP/1.1" 200 338053
157.55.39.197 - - [23/Nov/2014:09:19:19 -0500] "GET /bla/resoluciones/resoluciones%202009/5614.pdf HTTP/1.1" 200 56112
157.55.39.102 - - [23/Nov/2014:09:19:24 -0500] "GET /BLA/resoluciones/Resoluciones%202011/0970.pdf HTTP/1.1" 200 69877
157.55.39.102 - - [23/Nov/2014:09:19:25 -0500] "GET /bla/resoluciones/resoluciones%202010/7876.pdf HTTP/1.1" 200 191890
207.46.13.28 - - [23/Nov/2014:09:19:32 -0500] "GET /BLA/resoluciones/RESOLUCIONES%202008/2516.pdf HTTP/1.1" 200 730544
190.8.231.86 - - [23/Nov/2014:09:19:34 -0500] "GET /BLA/boletinlegal/js/jquery.js HTTP/1.1" 200 57254
190.8.231.86 - - [23/Nov/2014:09:19:34 -0500] "GET /BLA/boletinlegal/js/jquery.scrollTo-min.js HTTP/1.1" 200 1150
190.8.231.86 - - [23/Nov/2014:09:19:34 -0500] "GET /BLA/boletinlegal/js/jquery.scrollShow.js HTTP/1.1" 200 4586
190.8.231.86 - - [23/Nov/2014:09:19:35 -0500] "GET /BLA/boletinlegal/js/jquery.js HTTP/1.1" 206 1
190.8.231.86 - - [23/Nov/2014:09:19:35 -0500] "GET /BLA/boletinlegal/js/jquery.js HTTP/1.1" 206 22819
157.55.39.50 - - [23/Nov/2014:09:19:51 -0500] "GET /bla/resoluciones/resoluciones%202009/1888.pdf HTTP/1.1" 200 468114
66.249.65.119 - - [23/Nov/2014:09:20:05 -0500] "GET /BLA/resoluciones/RESOLUCIONES%202007/RES%202007%203001%20AL%203100/RESOLUCION%203081%20DE%202007.pdf HTTP/1.1" 200 334966
190.66.107.70 - - [23/Nov/2014:09:20:07 -0500] "POST /forms/lservlet;jsessionid=ac16012b30d5bb66409031d94c33b8f2d7c0a6479156.e3iSbxaKaheRe34Sa3yKbhiTahb0n6jAmljGr5XDqQLvpAe HTTP/1.1" 200 2
157.55.39.102 - - [23/Nov/2014:09:20:14 -0500] "GET /BLA/resoluciones/RESOLUCIONES%202009/1905.pdf HTTP/1.1" 200 505741
186.147.66.232 - - [23/Nov/2014:09:14:15 -0500] "GET /ForestMSG_SDA/channelAsync/template_word_16942972?X-Atmosphere-tracking-id=a87dbd06-7840-84f4-2dfb-2e2d06df805f&X-Atmosphere-Framework=1.0.5&X-Atmosphere-Transport=long-polling&tabid=0.8218463615048677&X-Cache-Date=0&Content-Type=application/xml&_=1416752207631 HTTP/1.1" 200 8193
207.46.13.28 - - [23/Nov/2014:09:20:18 -0500] "GET /BLA/resoluciones/AUTOS%202009/1916.pdf HTTP/1.1" 200 154897
207.46.13.28 - - [23/Nov/2014:09:20:19 -0500] "GET /BLA/resoluciones/Resoluciones%202011/2330.pdf HTTP/1.1" 200 346030
207.46.13.28 - - [23/Nov/2014:09:20:19 -0500] "GET /bla/resoluciones/resoluciones%202010/6332.pdf HTTP/1.1" 200 442801
207.46.13.28 - - [23/Nov/2014:09:20:20 -0500] "GET /BLA/resoluciones/AUTOS%202009/2928.pdf HTTP/1.1" 200 170147
66.249.65.115 - - [23/Nov/2014:09:20:20 -0500] "GET /autoliquidacion/Solicitudes%20relacionadas%20con%20calidad%20del%20aire%20auditiva%20y%20visual/Evaluaci%C3%B3n%20certificado%20de%20Intensidad%20Auditiva/Aplicativo%20Evaluacion%20certificado%20intensidad%20auditiva%202014.xlsx HTTP/1.1" 200 85097
157.55.39.50 - - [23/Nov/2014:09:20:26 -0500] "GET /BLA/resoluciones/RESOLUCIONES%202010/1904.pdf HTTP/1.1" 200 602692
157.55.39.50 - - [23/Nov/2014:09:20:26 -0500] "GET /BLA/resoluciones/RESOLUCIONES%202009/2258.pdf HTTP/1.1" 200 415163
190.27.182.157 - - [23/Nov/2014:09:20:33 -0500] "POST /forms/lservlet;jsessionid=ac16012b30d521959a9deb4243598249b10d8a62c94d.e3iSbxaKaheRe34Sa3yKbhiTahb0n6jAmljGr5XDqQLvpAe HTTP/1.1" 200 2
38.64.37.19 - - [23/Nov/2014:09:20:34 -0500] "GET /wordpress/wp-admin/ HTTP/1.1" 404 1018
157.55.39.102 - - [23/Nov/2014:09:20:39 -0500] "GET /bla/resoluciones/resoluciones%202009/8179.pdf HTTP/1.1" 200 498243
74.86.158.107 - - [23/Nov/2014:09:20:39 -0500] "HEAD / HTTP/1.1" 302 -
157.55.39.197 - - [23/Nov/2014:09:20:46 -0500] "GET /BLA/resoluciones/RESOLUCIONES%202009/8705.pdf HTTP/1.1" 200 600914
157.55.39.197 - - [23/Nov/2014:09:20:47 -0500] "GET /BLA/resoluciones/RESOLUCIONES%202009/1153.pdf HTTP/1.1" 200 540110
157.55.39.102 - - [23/Nov/2014:09:20:51 -0500] "GET /bla/resoluciones/resoluciones%202009/9832.pdf HTTP/1.1" 200 469151
186.29.223.102 - - [23/Nov/2014:09:21:00 -0500] "GET /BLA/boletinlegal/js/jquery.js HTTP/1.1" 200 57254
186.29.223.102 - - [23/Nov/2014:09:21:00 -0500] "GET /BLA/boletinlegal/js/jquery.scrollTo-min.js HTTP/1.1" 200 1150
186.29.223.102 - - [23/Nov/2014:09:21:00 -0500] "GET /BLA/boletinlegal/js/jquery.scrollShow.js HTTP/1.1" 200 4586
157.55.39.50 - - [23/Nov/2014:09:21:15 -0500] "GET /BLA/resoluciones/AUTOS%202011/6442.pdf HTTP/1.1" 200 654162
181.48.9.62 - - [23/Nov/2014:09:21:19 -0500] "GET /BLA/boletinlegal/js/jquery.js HTTP/1.1" 304 -
181.48.9.62 - - [23/Nov/2014:09:21:19 -0500] "GET /BLA/boletinlegal/js/jquery.scrollTo-min.js HTTP/1.1" 304 -
181.48.9.62 - - [23/Nov/2014:09:21:19 -0500] "GET /BLA/boletinlegal/js/jquery.scrollShow.js HTTP/1.1" 304 -
157.55.39.197 - - [23/Nov/2014:09:21:22 -0500] "GET /bla/resoluciones/RESOLUCIONES%202011/1009.pdf HTTP/1.1" 200 80195
207.46.13.28 - - [23/Nov/2014:09:21:43 -0500] "GET /BLA/resoluciones/AUTOS%202011/3009.pdf HTTP/1.1" 200 110462
157.55.39.50 - - [23/Nov/2014:09:21:47 -0500] "GET /BLA/resoluciones/RESOLUCIONES%202009/6648.pdf HTTP/1.1" 200 796852
157.55.39.50 - - [23/Nov/2014:09:21:48 -0500] "GET /BLA/resoluciones/RESOLUCIONES%202010/2426.pdf HTTP/1.1" 200 489392
188.165.15.36 - - [23/Nov/2014:09:21:51 -0500] "GET /BLA/resoluciones/RESOLUCIONES%202003/RES%202003%201501-1550/20031543.tif HTTP/1.1" 200 107520
186.147.24.137 - - [23/Nov/2014:09:21:52 -0500] "GET /BLA/boletinlegal/js/jquery.js HTTP/1.1" 200 57254
186.147.24.137 - - [23/Nov/2014:09:21:52 -0500] "GET /BLA/boletinlegal/js/jquery.scrollShow.js HTTP/1.1" 200 4586
186.147.24.137 - - [23/Nov/2014:09:21:52 -0500] "GET /BLA/boletinlegal/js/jquery.scrollTo-min.js HTTP/1.1" 200 1150
157.55.39.197 - - [23/Nov/2014:09:21:53 -0500] "GET /bla/resoluciones/resoluciones%202010/7754.pdf HTTP/1.1" 200 561517
207.46.13.28 - - [23/Nov/2014:09:21:57 -0500] "GET /bla/resoluciones/resoluciones%202009/3927.pdf HTTP/1.1" 200 101552
66.249.65.123 - - [23/Nov/2014:09:21:58 -0500] "GET /BLA/resoluciones/RESOLUCIONES%202007/RES%202007%20101%20AL%20200/RESOLUCION%200128%20%20DE%202007.pdf HTTP/1.1" 200 341223
157.55.39.49 - - [23/Nov/2014:09:22:05 -0500] "GET /BLA/resoluciones/Resoluciones%202011/2296.pdf HTTP/1.1" 200 223712
157.55.39.49 - - [23/Nov/2014:09:22:07 -0500] "GET /BLA/resoluciones/RESOLUCIONES%202009/1826.pdf HTTP/1.1" 200 461285
157.55.39.197 - - [23/Nov/2014:09:22:08 -0500] "GET /BLA/resoluciones/AUTOS%202010/5659.pdf HTTP/1.1" 200 498714
190.66.107.70 - - [23/Nov/2014:09:22:08 -0500] "POST /forms/lservlet;jsessionid=ac16012b30d5bb66409031d94c33b8f2d7c0a6479156.e3iSbxaKaheRe34Sa3yKbhiTahb0n6jAmljGr5XDqQLvpAe HTTP/1.1" 200 2
157.55.39.102 - - [23/Nov/2014:09:22:13 -0500] "GET /BLA/resoluciones/RESOLUCIONES%202008/1141.pdf HTTP/1.1" 200 69463
157.55.39.102 - - [23/Nov/2014:09:22:14 -0500] "GET /bla/resoluciones/resoluciones%202009/0042.pdf HTTP/1.1" 200 72289
157.55.39.197 - - [23/Nov/2014:09:22:18 -0500] "GET /BLA/boletinlegal/js/jquery.js HTTP/1.1" 200 57254
181.51.47.211 - - [23/Nov/2014:09:22:22 -0500] "GET /BLA/boletinlegal/js/jquery.scrollTo-min.js HTTP/1.1" 200 1150
181.51.47.211 - - [23/Nov/2014:09:22:22 -0500] "GET /BLA/boletinlegal/js/jquery.js HTTP/1.1" 200 57254
181.51.47.211 - - [23/Nov/2014:09:22:22 -0500] "GET /BLA/boletinlegal/js/jquery.scrollShow.js HTTP/1.1" 200 4586
207.46.13.28 - - [23/Nov/2014:09:22:23 -0500] "GET /BLA/resoluciones/RESOLUCIONES%202009/0093.pdf HTTP/1.1" 200 283365
207.46.13.28 - - [23/Nov/2014:09:22:24 -0500] "GET /bla/resoluciones/resoluciones%202009/9480.pdf HTTP/1.1" 200 353750
157.55.39.50 - - [23/Nov/2014:09:22:32 -0500] "GET /bla/resoluciones/RESOLUCIONES%202011/0969.pdf HTTP/1.1" 200 72151
190.27.182.157 - - [23/Nov/2014:09:22:33 -0500] "POST /forms/lservlet;jsessionid=ac16012b30d521959a9deb4243598249b10d8a62c94d.e3iSbxaKaheRe34Sa3yKbhiTahb0n6jAmljGr5XDqQLvpAe HTTP/1.1" 200 2
157.55.39.197 - - [23/Nov/2014:09:22:38 -0500] "GET /bla/resoluciones/autos%202010/6060.pdf HTTP/1.1" 200 493458
157.55.39.197 - - [23/Nov/2014:09:22:40 -0500] "GET /BLA/resoluciones/RESOLUCIONES%202010/1966.pdf HTTP/1.1" 200 487387
188.165.15.26 - - [23/Nov/2014:09:22:41 -0500] "GET /BLA/resoluciones/RESOLUCIONES%202002/RES%202002%201951-1971/20021969.tif HTTP/1.1" 200 35954
181.54.12.244 - - [23/Nov/2014:09:22:47 -0500] "GET /BLA/boletinlegal/js/jquery.scrollTo-min.js HTTP/1.1" 200 1150
181.54.12.244 - - [23/Nov/2014:09:22:47 -0500] "GET /BLA/boletinlegal/js/jquery.js HTTP/1.1" 200 57254
181.54.12.244 - - [23/Nov/2014:09:22:47 -0500] "GET /BLA/boletinlegal/js/jquery.scrollShow.js HTTP/1.1" 200 4586
157.55.39.102 - - [23/Nov/2014:09:22:49 -0500] "GET /BLA/resoluciones/AUTOS%202010/0870.pdf HTTP/1.1" 200 261667
157.55.39.102 - - [23/Nov/2014:09:22:50 -0500] "GET /BLA/resoluciones/RESOLUCIONES%202009/2342.pdf HTTP/1.1" 200 414695
157.55.39.102 - - [23/Nov/2014:09:23:10 -0500] "GET /BLA/resoluciones/AUTOS%202009/0830.pdf HTTP/1.1" 200 82815
157.55.39.102 - - [23/Nov/2014:09:23:12 -0500] "GET /BLA/resoluciones/AUTOS%202011/2694.pdf HTTP/1.1" 200 115526
207.46.13.28 - - [23/Nov/2014:09:23:14 -0500] "GET /bla/resoluciones/resoluciones%202010/7531.pdf HTTP/1.1" 200 130465
66.249.65.123 - - [23/Nov/2014:09:23:19 -0500] "GET /BLA/resoluciones/RESOLUCIONES%202010/2379.pdf HTTP/1.1" 200 448046
157.55.39.102 - - [23/Nov/2014:09:23:21 -0500] "GET /BLA/resoluciones/RESOLUCIONES%202010/0825.pdf HTTP/1.1" 200 97737
157.55.39.102 - - [23/Nov/2014:09:23:30 -0500] "GET /bla/resoluciones/resoluciones%202010/5526.pdf HTTP/1.1" 200 2624985
157.55.39.197 - - [23/Nov/2014:09:23:35 -0500] "GET /BLA/resoluciones/AUTOS%202011/5838.pdf HTTP/1.1" 200 163369
157.55.39.102 - - [23/Nov/2014:09:23:39 -0500] "GET /BLA/resoluciones/RESOLUCIONES%202009/3022.pdf HTTP/1.1" 200 611046
181.48.9.23 - - [23/Nov/2014:09:23:46 -0500] "GET /BLA/boletinlegal/js/jquery.js HTTP/1.1" 200 57254
181.48.9.23 - - [23/Nov/2014:09:23:46 -0500] "GET /BLA/boletinlegal/js/jquery.scrollTo-min.js HTTP/1.1" 200 1150
181.48.9.23 - - [23/Nov/2014:09:23:46 -0500] "GET /BLA/boletinlegal/js/jquery.scrollShow.js HTTP/1.1" 200 4586
157.55.39.50 - - [23/Nov/2014:09:23:46 -0500] "GET /BLA/resoluciones/Resoluciones%202011/1970.pdf HTTP/1.1" 200 498245
157.55.39.50 - - [23/Nov/2014:09:23:48 -0500] "GET /BLA/resoluciones/AUTOS%202011/4354.pdf HTTP/1.1" 200 410862
157.55.39.197 - - [23/Nov/2014:09:23:53 -0500] "GET /BLA/resoluciones/RESOLUCIONES%202010/2258.pdf HTTP/1.1" 200 687537
157.55.39.197 - - [23/Nov/2014:09:24:03 -0500] "GET /bla/resoluciones/resoluciones%202009/7649.pdf HTTP/1.1" 200 491031
157.55.39.49 - - [23/Nov/2014:09:24:07 -0500] "GET /BLA/resoluciones/RESOLUCIONES%202010/0052.pdf HTTP/1.1" 200 505257
190.66.107.70 - - [23/Nov/2014:09:24:08 -0500] "POST /forms/lservlet;jsessionid=ac16012b30d5bb66409031d94c33b8f2d7c0a6479156.e3iSbxaKaheRe34Sa3yKbhiTahb0n6jAmljGr5XDqQLvpAe HTTP/1.1" 200 2
207.46.13.28 - - [23/Nov/2014:09:24:13 -0500] "GET /bla/resoluciones/resoluciones%202010/7280.pdf HTTP/1.1" 200 858640
157.55.39.197 - - [23/Nov/2014:09:24:20 -0500] "GET /BLA/resoluciones/RESOLUCIONES%202008/1537.pdf HTTP/1.1" 200 305671
190.27.182.157 - - [23/Nov/2014:09:24:33 -0500] "POST /forms/lservlet;jsessionid=ac16012b30d521959a9deb4243598249b10d8a62c94d.e3iSbxaKaheRe34Sa3yKbhiTahb0n6jAmljGr5XDqQLvpAe HTTP/1.1" 200 2
157.55.39.197 - - [23/Nov/2014:09:24:38 -0500] "GET /BLA/resoluciones/RESOLUCIONES%202008/3064.pdf HTTP/1.1" 200 280450
157.55.39.50 - - [23/Nov/2014:09:24:43 -0500] "GET /BLA/resoluciones/RESOLUCIONES%202009/9644.pdf HTTP/1.1" 200 666256
157.55.39.50 - - [23/Nov/2014:09:24:44 -0500] "GET /BLA/resoluciones/RESOLUCIONES%202009/8418.pdf HTTP/1.1" 200 632460
157.55.39.197 - - [23/Nov/2014:09:24:58 -0500] "GET /BLA/resoluciones/AUTOS%202011/0898.pdf HTTP/1.1" 200 101400
157.55.39.102 - - [23/Nov/2014:09:25:03 -0500] "GET /BLA/resoluciones/Resoluciones%202011/1621.pdf HTTP/1.1" 200 69271
157.55.39.102 - - [23/Nov/2014:09:25:04 -0500] "GET /BLA/resoluciones/Resoluciones%202011/1915.pdf HTTP/1.1" 200 308308
157.55.39.49 - - [23/Nov/2014:09:25:09 -0500] "GET /BLA/resoluciones/AUTOS%202010/0172.pdf HTTP/1.1" 200 359964
157.55.39.49 - - [23/Nov/2014:09:25:10 -0500] "GET /BLA/resoluciones/RESOLUCIONES%202009/2157.pdf HTTP/1.1" 200 565789
157.55.39.49 - - [23/Nov/2014:09:25:10 -0500] "GET /bla/resoluciones/RESOLUCIONES%202011/1049.pdf HTTP/1.1" 200 389634
157.55.39.197 - - [23/Nov/2014:09:25:14 -0500] "GET /BLA/resoluciones/AUTOS%202011/3287.pdf HTTP/1.1" 200 218615
207.46.13.28 - - [23/Nov/2014:09:25:28 -0500] "GET /bla/resoluciones/RESOLUCIONES%202011/1594.pdf HTTP/1.1" 200 68841
207.46.13.28 - - [23/Nov/2014:09:25:29 -0500] "GET /BLA/resoluciones/AUTOS%202011/0202.pdf HTTP/1.1" 200 169441
207.46.13.28 - - [23/Nov/2014:09:25:29 -0500] "GET /BLA/resoluciones/RESOLUCIONES%202010/0792.pdf HTTP/1.1" 200 127632
190.84.120.188 - - [23/Nov/2014:09:25:31 -0500] "GET /BLA/boletinlegal/js/jquery.js HTTP/1.1" 200 57254
190.84.120.188 - - [23/Nov/2014:09:25:31 -0500] "GET /BLA/boletinlegal/js/jquery.scrollShow.js HTTP/1.1" 200 4586
190.84.120.188 - - [23/Nov/2014:09:25:31 -0500] "GET /BLA/boletinlegal/js/jquery.scrollTo-min.js HTTP/1.1" 200 1150
199.30.24.120 - - [23/Nov/2014:09:25:37 -0500] "GET /BLA/boletinlegal/js/jquery.js HTTP/1.1" 200 57254
74.86.158.107 - - [23/Nov/2014:09:25:39 -0500] "HEAD / HTTP/1.1" 302 -
157.55.39.197 - - [23/Nov/2014:09:25:44 -0500] "GET /bla/resoluciones/resoluciones%202009/3712.pdf HTTP/1.1" 200 109490
186.145.26.66 - - [23/Nov/2014:09:25:59 -0500] "GET /BLA/boletinlegal/js/jquery.js HTTP/1.1" 200 57254
186.145.26.66 - - [23/Nov/2014:09:25:59 -0500] "GET /BLA/boletinlegal/js/jquery.scrollTo-min.js HTTP/1.1" 200 1150
186.145.26.66 - - [23/Nov/2014:09:25:59 -0500] "GET /BLA/boletinlegal/js/jquery.scrollShow.js HTTP/1.1" 200 4586
186.145.26.66 - - [23/Nov/2014:09:25:59 -0500] "GET /galeria/carrusel/Carrusel/jquery.thumbnailScroller.css HTTP/1.1" 200 2066
186.145.26.66 - - [23/Nov/2014:09:25:59 -0500] "GET /galeria/carrusel/Carrusel/jquery-ui-1.8.13.custom.min.js HTTP/1.1" 200 10800
186.145.26.66 - - [23/Nov/2014:09:26:00 -0500] "GET /galeria/carrusel/Carrusel/jquery.thumbnailScroller.js HTTP/1.1" 200 8157
157.55.39.50 - - [23/Nov/2014:09:26:00 -0500] "GET /BLA/resoluciones/RESOLUCIONES%202008/1057.pdf HTTP/1.1" 200 70398
186.145.26.66 - - [23/Nov/2014:09:26:03 -0500] "GET /galeria/nivo-slider/demo/demo.html HTTP/1.1" 200 3946
186.145.26.66 - - [23/Nov/2014:09:26:04 -0500] "GET /galeria/nivo-slider/themes/default/default.css HTTP/1.1" 200 1569
186.145.26.66 - - [23/Nov/2014:09:26:04 -0500] "GET /galeria/nivo-slider/themes/orman/orman.css HTTP/1.1" 200 2152
186.145.26.66 - - [23/Nov/2014:09:26:04 -0500] "GET /galeria/nivo-slider/nivo-slider.css HTTP/1.1" 200 1507
186.145.26.66 - - [23/Nov/2014:09:26:04 -0500] "GET /galeria/nivo-slider/themes/pascal/pascal.css HTTP/1.1" 200 2258
186.145.26.66 - - [23/Nov/2014:09:26:04 -0500] "GET /galeria/nivo-slider/demo/images/BANNER-GOBERNANZA.jpg HTTP/1.1" 200 87637
186.145.26.66 - - [23/Nov/2014:09:26:04 -0500] "GET /galeria/nivo-slider/demo/style.css HTTP/1.1" 200 2222
186.145.26.66 - - [23/Nov/2014:09:26:04 -0500] "GET /galeria/nivo-slider/demo/images/TIBANICA-03.jpg HTTP/1.1" 200 121750
186.145.26.66 - - [23/Nov/2014:09:26:04 -0500] "GET /galeria/nivo-slider/demo/images/ForoNacionalAmbiental.jpg HTTP/1.1" 200 202541
186.145.26.66 - - [23/Nov/2014:09:26:04 -0500] "GET /galeria/nivo-slider/demo/images/Banner-Ecourbanismo.jpg HTTP/1.1" 200 189838
186.145.26.66 - - [23/Nov/2014:09:26:04 -0500] "GET /galeria/nivo-slider/demo/images/banner-pygaai.jpg HTTP/1.1" 200 82693
186.145.26.66 - - [23/Nov/2014:09:26:04 -0500] "GET /galeria/nivo-slider/demo/images/Biotaxis-Man.jpg HTTP/1.1" 200 99362
186.145.26.66 - - [23/Nov/2014:09:26:04 -0500] "GET /galeria/nivo-slider/demo/images/Banner-comparendo.jpg HTTP/1.1" 200 388762
186.145.26.66 - - [23/Nov/2014:09:26:04 -0500] "GET /galeria/nivo-slider/demo/images/porloshumedales.jpg HTTP/1.1" 200 351238
186.145.26.66 - - [23/Nov/2014:09:26:04 -0500] "GET /galeria/nivo-slider/demo/images/Tingua-azul.jpg HTTP/1.1" 200 307638
186.145.26.66 - - [23/Nov/2014:09:26:04 -0500] "GET /galeria/nivo-slider/demo/images/Banner-Caracol-Africano.jpg HTTP/1.1" 200 331986
186.145.26.66 - - [23/Nov/2014:09:26:04 -0500] "GET /galeria/nivo-slider/demo/images/banner-redes.jpg HTTP/1.1" 200 62209
186.145.26.66 - - [23/Nov/2014:09:26:04 -0500] "GET /galeria/nivo-slider/demo/images/banner-caballos.png HTTP/1.1" 200 389106
186.145.26.66 - - [23/Nov/2014:09:26:04 -0500] "GET /galeria/nivo-slider/demo/images/9Signos.jpg HTTP/1.1" 200 93040
186.145.26.66 - - [23/Nov/2014:09:26:07 -0500] "GET /galeria/nivo-slider/demo/scripts/jquery-1.7.1.min.js HTTP/1.1" 200 93868
186.145.26.66 - - [23/Nov/2014:09:26:07 -0500] "GET /galeria/nivo-slider/jquery.nivo.slider.pack.js HTTP/1.1" 200 11561
186.145.26.66 - - [23/Nov/2014:09:26:04 -0500] "GET /galeria/nivo-slider/demo/images/bannerEcolecta3.jpg HTTP/1.1" 200 280034
186.145.26.66 - - [23/Nov/2014:09:26:04 -0500] "GET /galeria/nivo-slider/demo/images/Hacienda_Molinos.jpg HTTP/1.1" 200 319171
186.145.26.66 - - [23/Nov/2014:09:26:08 -0500] "GET /galeria/nivo-slider/themes/default/loading.gif HTTP/1.1" 200 1737
186.145.26.66 - - [23/Nov/2014:09:26:08 -0500] "GET /galeria/nivo-slider/demo/images/4Simple_Slider.png HTTP/1.1" 200 11722
190.66.107.70 - - [23/Nov/2014:09:26:11 -0500] "POST /forms/lservlet;jsessionid=ac16012b30d5bb66409031d94c33b8f2d7c0a6479156.e3iSbxaKaheRe34Sa3yKbhiTahb0n6jAmljGr5XDqQLvpAe HTTP/1.1" 200 2
186.145.26.66 - - [23/Nov/2014:09:26:11 -0500] "GET /galeria/nivo-slider/themes/default/arrows.png HTTP/1.1" 200 824
186.145.26.66 - - [23/Nov/2014:09:26:11 -0500] "GET /galeria/nivo-slider/themes/default/bullets.png HTTP/1.1" 200 1281
157.55.39.197 - - [23/Nov/2014:09:26:12 -0500] "GET /BLA/boletinlegal/js/jquery.js HTTP/1.1" 200 57254
186.147.66.232 - - [23/Nov/2014:09:20:15 -0500] "GET /ForestMSG_SDA/channelAsync/template_word_16942972?X-Atmosphere-tracking-id=a87dbd06-7840-84f4-2dfb-2e2d06df805f&X-Atmosphere-Framework=1.0.5&X-Atmosphere-Transport=long-polling&tabid=0.8218463615048677&X-Cache-Date=0&Content-Type=application/xml&_=1416752567750 HTTP/1.1" 200 8193
157.55.39.102 - - [23/Nov/2014:09:26:17 -0500] "GET /dlf/styles.css HTTP/1.1" 404 1018
186.31.135.18 - - [23/Nov/2014:09:26:18 -0500] "GET /BLA/boletinlegal/js/jquery.js HTTP/1.1" 200 57254
186.31.135.18 - - [23/Nov/2014:09:26:18 -0500] "GET /BLA/boletinlegal/js/jquery.scrollTo-min.js HTTP/1.1" 200 1150
186.31.135.18 - - [23/Nov/2014:09:26:19 -0500] "GET /BLA/boletinlegal/js/jquery.scrollShow.js HTTP/1.1" 200 4586
201.184.8.231 - - [23/Nov/2014:09:26:23 -0500] "GET /BLA/boletinlegal/js/jquery.js HTTP/1.1" 200 57254
201.184.8.231 - - [23/Nov/2014:09:26:23 -0500] "GET /BLA/boletinlegal/js/jquery.scrollTo-min.js HTTP/1.1" 200 1150
201.184.8.231 - - [23/Nov/2014:09:26:23 -0500] "GET /BLA/boletinlegal/js/jquery.scrollShow.js HTTP/1.1" 200 4586
157.55.39.197 - - [23/Nov/2014:09:26:26 -0500] "GET /BLA/resoluciones/RESOLUCIONES%202010/1971.pdf HTTP/1.1" 200 422276
157.55.39.102 - - [23/Nov/2014:09:26:30 -0500] "GET /BLA/resoluciones/RESOLUCIONES%202010/1270.pdf HTTP/1.1" 200 106280
190.27.182.157 - - [23/Nov/2014:09:26:33 -0500] "POST /forms/lservlet;jsessionid=ac16012b30d521959a9deb4243598249b10d8a62c94d.e3iSbxaKaheRe34Sa3yKbhiTahb0n6jAmljGr5XDqQLvpAe HTTP/1.1" 200 2
157.55.39.50 - - [23/Nov/2014:09:26:35 -0500] "GET /bla/resoluciones/autos%202010/4551.pdf HTTP/1.1" 200 137947
66.249.65.115 - - [23/Nov/2014:09:26:36 -0500] "GET /BLA/resoluciones/RESOLUCIONES%202008/5433.pdf HTTP/1.1" 200 272242
207.46.13.28 - - [23/Nov/2014:09:26:40 -0500] "GET /BLA/resoluciones/AUTOS%202009/2217.pdf HTTP/1.1" 200 113583
157.55.39.197 - - [23/Nov/2014:09:26:45 -0500] "GET /BLA/resoluciones/RESOLUCIONES%202009/0793.pdf HTTP/1.1" 200 381072
157.55.39.197 - - [23/Nov/2014:09:26:46 -0500] "GET /BLA/resoluciones/RESOLUCIONES%202008/0739.pdf HTTP/1.1" 200 112219
157.55.39.197 - - [23/Nov/2014:09:26:47 -0500] "GET /bla/resoluciones/resoluciones%202009/8996.pdf HTTP/1.1" 200 388667
207.46.13.28 - - [23/Nov/2014:09:26:50 -0500] "GET /bla/resoluciones/resoluciones%202009/2172.pdf HTTP/1.1" 200 678221
157.55.39.50 - - [23/Nov/2014:09:26:55 -0500] "GET /BLA/boletinlegal/Circulares/2011/Circular%20No.%203%20del%2016%20de%20Junio%20de%202011.pdf HTTP/1.1" 200 346378
157.55.39.50 - - [23/Nov/2014:09:26:55 -0500] "GET /BLA/resoluciones/AUTOS%202010/6580.pdf HTTP/1.1" 200 154355
157.55.39.50 - - [23/Nov/2014:09:26:57 -0500] "GET /BLA/resoluciones/RESOLUCIONES%202012/0590.pdf HTTP/1.1" 200 335262
157.55.39.50 - - [23/Nov/2014:09:26:57 -0500] "GET /BLA/resoluciones/RESOLUCIONES%202010/2273.pdf HTTP/1.1" 200 491343
157.55.39.102 - - [23/Nov/2014:09:27:06 -0500] "GET /BLA/resoluciones/AUTOS%202010/0051.pdf HTTP/1.1" 200 221037
186.83.249.112 - - [23/Nov/2014:09:27:08 -0500] "GET /BLA/boletinlegal/js/jquery.js HTTP/1.1" 200 57254
186.83.249.112 - - [23/Nov/2014:09:27:08 -0500] "GET /BLA/boletinlegal/js/jquery.scrollTo-min.js HTTP/1.1" 200 1150
186.83.249.112 - - [23/Nov/2014:09:27:10 -0500] "GET /BLA/boletinlegal/js/jquery.scrollShow.js HTTP/1.1" 200 4586
157.55.39.197 - - [23/Nov/2014:09:27:36 -0500] "GET /bla/resoluciones/resoluciones%202009/6098.pdf HTTP/1.1" 200 279928
190.26.45.12 - - [23/Nov/2014:09:27:45 -0500] "GET /BLA/boletinlegal/js/jquery.js HTTP/1.1" 200 57254
190.26.45.12 - - [23/Nov/2014:09:27:45 -0500] "GET /BLA/boletinlegal/js/jquery.scrollShow.js HTTP/1.1" 200 4586
190.26.45.12 - - [23/Nov/2014:09:27:45 -0500] "GET /BLA/boletinlegal/js/jquery.scrollTo-min.js HTTP/1.1" 200 1150
190.26.45.12 - - [23/Nov/2014:09:27:45 -0500] "GET /galeria/carrusel/Carrusel/jquery.thumbnailScroller.css HTTP/1.1" 200 2066
190.26.45.12 - - [23/Nov/2014:09:27:45 -0500] "GET /galeria/carrusel/Carrusel/jquery-ui-1.8.13.custom.min.js HTTP/1.1" 200 10800
157.55.39.102 - - [23/Nov/2014:09:27:45 -0500] "GET /BLA/resoluciones/Resoluciones%202011/2469.pdf HTTP/1.1" 200 850984
190.26.45.12 - - [23/Nov/2014:09:27:46 -0500] "GET /galeria/carrusel/Carrusel/jquery.thumbnailScroller.js HTTP/1.1" 200 8157
190.26.45.12 - - [23/Nov/2014:09:27:53 -0500] "GET /galeria/nivo-slider/demo/demo.html HTTP/1.1" 200 3946
190.26.45.12 - - [23/Nov/2014:09:27:54 -0500] "GET /galeria/nivo-slider/themes/pascal/pascal.css HTTP/1.1" 200 2258
190.26.45.12 - - [23/Nov/2014:09:27:54 -0500] "GET /galeria/nivo-slider/themes/default/default.css HTTP/1.1" 200 1569
190.26.45.12 - - [23/Nov/2014:09:27:54 -0500] "GET /galeria/nivo-slider/themes/orman/orman.css HTTP/1.1" 200 2152
190.26.45.12 - - [23/Nov/2014:09:27:54 -0500] "GET /galeria/nivo-slider/demo/style.css HTTP/1.1" 200 2222
190.26.45.12 - - [23/Nov/2014:09:27:54 -0500] "GET /galeria/nivo-slider/nivo-slider.css HTTP/1.1" 200 1507
190.26.45.12 - - [23/Nov/2014:09:27:54 -0500] "GET /galeria/nivo-slider/demo/images/TIBANICA-03.jpg HTTP/1.1" 200 121750
157.55.39.197 - - [23/Nov/2014:09:27:54 -0500] "-" 408 -
190.26.45.12 - - [23/Nov/2014:09:27:54 -0500] "GET /galeria/nivo-slider/demo/images/BANNER-GOBERNANZA.jpg HTTP/1.1" 200 87637
190.26.45.12 - - [23/Nov/2014:09:27:54 -0500] "GET /galeria/nivo-slider/demo/images/ForoNacionalAmbiental.jpg HTTP/1.1" 200 202541
190.26.45.12 - - [23/Nov/2014:09:27:54 -0500] "GET /galeria/nivo-slider/demo/images/banner-pygaai.jpg HTTP/1.1" 200 82693
190.26.45.12 - - [23/Nov/2014:09:27:54 -0500] "GET /galeria/nivo-slider/demo/images/Banner-Ecourbanismo.jpg HTTP/1.1" 200 189838
190.26.45.12 - - [23/Nov/2014:09:27:54 -0500] "GET /galeria/nivo-slider/demo/images/Biotaxis-Man.jpg HTTP/1.1" 200 99362
190.26.45.12 - - [23/Nov/2014:09:27:56 -0500] "GET /galeria/nivo-slider/demo/images/Banner-comparendo.jpg HTTP/1.1" 200 388762
157.55.39.50 - - [23/Nov/2014:09:27:58 -0500] "GET /bla/resoluciones/resoluciones%202009/8047.pdf HTTP/1.1" 200 416512
190.26.45.12 - - [23/Nov/2014:09:27:58 -0500] "GET /galeria/nivo-slider/demo/images/porloshumedales.jpg HTTP/1.1" 200 351238
190.26.45.12 - - [23/Nov/2014:09:27:59 -0500] "GET /galeria/nivo-slider/demo/images/Tingua-azul.jpg HTTP/1.1" 200 307638
190.26.45.12 - - [23/Nov/2014:09:28:01 -0500] "GET /galeria/nivo-slider/demo/images/Banner-Caracol-Africano.jpg HTTP/1.1" 200 331986
190.26.45.12 - - [23/Nov/2014:09:28:02 -0500] "GET /galeria/nivo-slider/demo/images/banner-redes.jpg HTTP/1.1" 200 62209
190.26.45.12 - - [23/Nov/2014:09:28:03 -0500] "GET /galeria/nivo-slider/demo/images/9Signos.jpg HTTP/1.1" 200 93040
190.26.45.12 - - [23/Nov/2014:09:28:03 -0500] "GET /galeria/nivo-slider/demo/images/banner-caballos.png HTTP/1.1" 200 389106
190.26.45.12 - - [23/Nov/2014:09:28:03 -0500] "GET /galeria/nivo-slider/demo/images/Hacienda_Molinos.jpg HTTP/1.1" 200 319171
190.26.45.12 - - [23/Nov/2014:09:28:05 -0500] "GET /galeria/nivo-slider/demo/images/bannerEcolecta3.jpg HTTP/1.1" 200 280034
157.55.39.102 - - [23/Nov/2014:09:28:05 -0500] "GET /BLA/resoluciones/Resoluciones%202011/3108.pdf HTTP/1.1" 200 565936
190.26.45.12 - - [23/Nov/2014:09:28:06 -0500] "GET /galeria/nivo-slider/demo/scripts/jquery-1.7.1.min.js HTTP/1.1" 200 93868
157.55.39.197 - - [23/Nov/2014:09:28:10 -0500] "GET /BLA/resoluciones/RESOLUCIONES%202010/1347.pdf HTTP/1.1" 200 343450
190.26.45.12 - - [23/Nov/2014:09:28:10 -0500] "GET /galeria/nivo-slider/jquery.nivo.slider.pack.js HTTP/1.1" 200 11561
190.26.45.12 - - [23/Nov/2014:09:28:10 -0500] "GET /galeria/nivo-slider/demo/images/4Simple_Slider.png HTTP/1.1" 200 11722
190.26.45.12 - - [23/Nov/2014:09:28:11 -0500] "GET /galeria/nivo-slider/themes/default/loading.gif HTTP/1.1" 200 1737
190.66.107.70 - - [23/Nov/2014:09:28:12 -0500] "POST /forms/lservlet;jsessionid=ac16012b30d5bb66409031d94c33b8f2d7c0a6479156.e3iSbxaKaheRe34Sa3yKbhiTahb0n6jAmljGr5XDqQLvpAe HTTP/1.1" 200 2
190.26.45.12 - - [23/Nov/2014:09:28:14 -0500] "GET /galeria/nivo-slider/themes/default/arrows.png HTTP/1.1" 200 824
