186.30.83.86 - - [23/Nov/2014:09:54:55 -0500] "GET /BLA/boletinlegal/js/jquery.scrollTo-min.js HTTP/1.1" 200 1150
186.30.83.86 - - [23/Nov/2014:09:54:55 -0500] "GET /BLA/boletinlegal/js/jquery.scrollShow.js HTTP/1.1" 200 4586
207.46.13.28 - - [23/Nov/2014:09:55:00 -0500] "GET /bla/resoluciones/resoluciones%202009/0931.pdf HTTP/1.1" 200 229725
157.55.39.50 - - [23/Nov/2014:09:55:24 -0500] "GET /BLA/resoluciones/RESOLUCIONES%202008/2332.pdf HTTP/1.1" 200 46460
157.55.39.50 - - [23/Nov/2014:09:55:25 -0500] "GET /bla/resoluciones/resoluciones%202009/1815.pdf HTTP/1.1" 200 395703
157.55.39.50 - - [23/Nov/2014:09:55:26 -0500] "GET /bla/resoluciones/resoluciones%202009/2258.pdf HTTP/1.1" 200 415163
157.55.39.50 - - [23/Nov/2014:09:55:26 -0500] "GET /bla/resoluciones/resoluciones%202009/0723.pdf HTTP/1.1" 200 191019
157.55.39.50 - - [23/Nov/2014:09:55:27 -0500] "GET /BLA/resoluciones/AUTOS%202011/5583.pdf HTTP/1.1" 200 358194
207.46.13.28 - - [23/Nov/2014:09:55:29 -0500] "GET /BLA/resoluciones/Resoluciones%202011/0285.pdf HTTP/1.1" 200 90491
207.46.13.28 - - [23/Nov/2014:09:55:30 -0500] "GET /bla/resoluciones/resoluciones%202010/5358.pdf HTTP/1.1" 200 191238
157.55.39.197 - - [23/Nov/2014:09:55:34 -0500] "GET /BLA/resoluciones/RESOLUCIONES%202009/4114.pdf HTTP/1.1" 200 676970
150.70.97.113 - - [23/Nov/2014:09:55:35 -0500] "GET /BLA/boletinlegal/js/jquery.scrollTo-min.js HTTP/1.1" 200 1150
157.55.39.50 - - [23/Nov/2014:09:55:39 -0500] "GET /BLA/resoluciones/AUTOS%202009/2568.pdf HTTP/1.1" 200 117541
157.55.39.50 - - [23/Nov/2014:09:55:39 -0500] "GET /BLA/resoluciones/AUTOS%202011/5172.pdf HTTP/1.1" 200 630183
74.86.158.107 - - [23/Nov/2014:09:55:39 -0500] "HEAD / HTTP/1.1" 302 -
157.55.39.102 - - [23/Nov/2014:09:55:44 -0500] "GET /BLA/resoluciones/RESOLUCIONES%202010/1864.pdf HTTP/1.1" 200 360610
186.116.2.74 - - [23/Nov/2014:09:55:47 -0500] "GET /BLA/boletinlegal/js/jquery.scrollShow.js HTTP/1.1" 200 4586
186.116.2.74 - - [23/Nov/2014:09:55:47 -0500] "GET /BLA/boletinlegal/js/jquery.js HTTP/1.1" 200 57254
186.116.2.74 - - [23/Nov/2014:09:55:47 -0500] "GET /BLA/boletinlegal/js/jquery.scrollTo-min.js HTTP/1.1" 200 1150
157.55.39.102 - - [23/Nov/2014:09:55:51 -0500] "GET /BLA/resoluciones/RESOLUCIONES%202008/0122.pdf HTTP/1.1" 200 219810
66.249.65.115 - - [23/Nov/2014:09:55:56 -0500] "GET /BLA/resoluciones/RESOLUCIONES%202011/0660.pdf HTTP/1.1" 200 399716
207.46.13.28 - - [23/Nov/2014:09:55:56 -0500] "GET /BLA/resoluciones/AUTOS%202011/6165.pdf HTTP/1.1" 200 977845
123.125.71.34 - - [23/Nov/2014:09:55:56 -0500] "GET / HTTP/1.1" 302 -
66.249.65.123 - - [23/Nov/2014:09:56:08 -0500] "GET /BLA/resoluciones/RESOLUCIONES%202002/RES%202002%201301-1350/20021349.tif HTTP/1.1" 200 87294
190.66.107.70 - - [23/Nov/2014:09:56:16 -0500] "POST /forms/lservlet;jsessionid=ac16012b30d5bb66409031d94c33b8f2d7c0a6479156.e3iSbxaKaheRe34Sa3yKbhiTahb0n6jAmljGr5XDqQLvpAe HTTP/1.1" 200 2
186.147.66.232 - - [23/Nov/2014:09:50:18 -0500] "GET /ForestMSG_SDA/channelAsync/template_word_16942972?X-Atmosphere-tracking-id=a87dbd06-7840-84f4-2dfb-2e2d06df805f&X-Atmosphere-Framework=1.0.5&X-Atmosphere-Transport=long-polling&tabid=0.8218463615048677&X-Cache-Date=0&Content-Type=application/xml&_=1416754371117 HTTP/1.1" 200 8193
157.55.39.50 - - [23/Nov/2014:09:56:18 -0500] "-" 408 -
207.46.13.28 - - [23/Nov/2014:09:56:19 -0500] "GET /BLA/resoluciones/AUTOS%202009/1016.pdf HTTP/1.1" 200 112390
157.55.39.102 - - [23/Nov/2014:09:56:31 -0500] "GET /BLA/resoluciones/RESOLUCIONES%202008/0641.pdf HTTP/1.1" 200 395000
190.158.20.3 - - [23/Nov/2014:09:56:34 -0500] "GET /BLA/boletinlegal/js/jquery.js HTTP/1.1" 200 57254
190.158.20.3 - - [23/Nov/2014:09:56:34 -0500] "GET /BLA/boletinlegal/js/jquery.scrollShow.js HTTP/1.1" 200 4586
190.158.20.3 - - [23/Nov/2014:09:56:34 -0500] "GET /BLA/boletinlegal/js/jquery.scrollTo-min.js HTTP/1.1" 200 1150
157.55.39.50 - - [23/Nov/2014:09:56:35 -0500] "GET /BLA/resoluciones/RESOLUCIONES%202008/2848.pdf HTTP/1.1" 200 262948
157.55.39.50 - - [23/Nov/2014:09:56:36 -0500] "GET /bla/resoluciones/resoluciones%202009/5454.pdf HTTP/1.1" 200 146352
186.147.66.232 - - [23/Nov/2014:09:56:38 -0500] "GET /forest/session.jsp?a=0.0012623956426978111 HTTP/1.1" 200 4
207.46.13.28 - - [23/Nov/2014:09:56:40 -0500] "GET /bla/resoluciones/resoluciones%202009/1846.pdf HTTP/1.1" 200 504327
66.249.65.119 - - [23/Nov/2014:09:56:54 -0500] "GET /BLA/resoluciones/AUTOS%202006/AUTOS%202006%20601-700/00000645.tif HTTP/1.1" 200 183956
179.32.13.165 - - [23/Nov/2014:09:56:58 -0500] "GET /BLA/boletinlegal/js/jquery.js HTTP/1.1" 200 57254
179.32.13.165 - - [23/Nov/2014:09:56:58 -0500] "GET /BLA/boletinlegal/js/jquery.scrollShow.js HTTP/1.1" 200 4586
179.32.13.165 - - [23/Nov/2014:09:56:58 -0500] "GET /BLA/boletinlegal/js/jquery.scrollTo-min.js HTTP/1.1" 200 1150
157.55.39.197 - - [23/Nov/2014:09:57:03 -0500] "GET /BLA/resoluciones/Resoluciones%202011/3584.pdf HTTP/1.1" 200 547300
188.165.15.66 - - [23/Nov/2014:09:57:10 -0500] "GET /BLA/resoluciones/RESOLUCIONES%202006/RES%202006%20401-450/00000449.tif HTTP/1.1" 200 125800
157.55.39.197 - - [23/Nov/2014:09:57:16 -0500] "GET /robots.txt HTTP/1.1" 404 1018
207.46.13.28 - - [23/Nov/2014:09:57:24 -0500] "GET /BLA/boletinlegal/js/jquery.scrollShow.js HTTP/1.1" 200 4586
207.46.13.28 - - [23/Nov/2014:09:57:24 -0500] "GET /BLA/resoluciones/RESOLUCIONES%202012/1168.pdf HTTP/1.1" 200 1795780
190.27.156.188 - - [23/Nov/2014:09:57:31 -0500] "GET /BLA/boletinlegal/js/jquery.js HTTP/1.1" 200 57254
190.27.156.188 - - [23/Nov/2014:09:57:31 -0500] "GET /BLA/boletinlegal/js/jquery.scrollTo-min.js HTTP/1.1" 200 1150
190.27.156.188 - - [23/Nov/2014:09:57:31 -0500] "GET /BLA/boletinlegal/js/jquery.scrollShow.js HTTP/1.1" 200 4586
157.55.39.197 - - [23/Nov/2014:09:57:33 -0500] "GET /BLA/boletinlegal/js/jquery.js HTTP/1.1" 200 57254
157.55.39.197 - - [23/Nov/2014:09:57:34 -0500] "GET /hidrico/aguas%20subterraneas/ HTTP/1.1" 404 1018
201.184.11.206 - - [23/Nov/2014:09:57:35 -0500] "GET /BLA/boletinlegal/js/jquery.js HTTP/1.1" 200 57254
201.184.11.206 - - [23/Nov/2014:09:57:35 -0500] "GET /BLA/boletinlegal/js/jquery.scrollTo-min.js HTTP/1.1" 200 1150
201.184.11.206 - - [23/Nov/2014:09:57:35 -0500] "GET /BLA/boletinlegal/js/jquery.scrollShow.js HTTP/1.1" 200 4586
157.55.39.50 - - [23/Nov/2014:09:57:38 -0500] "GET /BLA/boletinlegal/js/jquery.scrollTo-min.js HTTP/1.1" 200 1150
207.46.13.28 - - [23/Nov/2014:09:57:44 -0500] "GET /bla/resoluciones/resoluciones%202010/6056.pdf HTTP/1.1" 200 1627753
186.145.235.188 - - [23/Nov/2014:09:57:51 -0500] "GET /BLA/boletinlegal/js/jquery.scrollTo-min.js HTTP/1.1" 200 1150
186.145.235.188 - - [23/Nov/2014:09:57:51 -0500] "GET /BLA/boletinlegal/js/jquery.js HTTP/1.1" 200 57254
186.145.235.188 - - [23/Nov/2014:09:57:51 -0500] "GET /BLA/boletinlegal/js/jquery.scrollShow.js HTTP/1.1" 200 4586
157.55.39.197 - - [23/Nov/2014:09:57:58 -0500] "GET /BLA/resoluciones/AUTOS%202011/2040.pdf HTTP/1.1" 200 149249
207.46.13.28 - - [23/Nov/2014:09:58:03 -0500] "GET /BLA/resoluciones/RESOLUCIONES%202009/1655.pdf HTTP/1.1" 200 409405
157.55.39.50 - - [23/Nov/2014:09:58:14 -0500] "GET /BLA/resoluciones/RESOLUCIONES%202008/2859.pdf HTTP/1.1" 200 256422
190.66.107.70 - - [23/Nov/2014:09:58:16 -0500] "POST /forms/lservlet;jsessionid=ac16012b30d5bb66409031d94c33b8f2d7c0a6479156.e3iSbxaKaheRe34Sa3yKbhiTahb0n6jAmljGr5XDqQLvpAe HTTP/1.1" 200 2
157.55.39.102 - - [23/Nov/2014:09:58:19 -0500] "GET /bla/resoluciones/autos%202010/4710.pdf HTTP/1.1" 200 277038
201.216.56.80 - - [23/Nov/2014:09:58:25 -0500] "GET /BLA/boletinlegal/js/jquery.js HTTP/1.1" 200 57254
201.216.56.80 - - [23/Nov/2014:09:58:25 -0500] "GET /BLA/boletinlegal/js/jquery.scrollShow.js HTTP/1.1" 200 4586
201.216.56.80 - - [23/Nov/2014:09:58:25 -0500] "GET /BLA/boletinlegal/js/jquery.scrollTo-min.js HTTP/1.1" 200 1150
180.76.6.232 - - [23/Nov/2014:09:58:28 -0500] "GET /BLA/resoluciones/RESOLUCIONES%202008/0932.pdf HTTP/1.1" 200 27385
157.55.39.102 - - [23/Nov/2014:09:58:31 -0500] "GET /BLA/resoluciones/RESOLUCIONES%202009/5897.pdf HTTP/1.1" 200 809240
157.55.39.50 - - [23/Nov/2014:09:58:35 -0500] "GET /bla/resoluciones/resoluciones%202009/9550.pdf HTTP/1.1" 200 490487
201.185.25.162 - - [23/Nov/2014:09:58:39 -0500] "GET /hidrico/aguas%20subterraneas/ HTTP/1.1" 404 1296
157.55.39.50 - - [23/Nov/2014:09:58:58 -0500] "GET /BLA/resoluciones/RESOLUCIONES%202012/1201.pdf HTTP/1.1" 200 700456
207.46.13.28 - - [23/Nov/2014:09:59:10 -0500] "GET /bla/resoluciones/RESOLUCIONES%202011/0693.pdf HTTP/1.1" 200 334457
66.249.65.119 - - [23/Nov/2014:09:59:12 -0500] "GET /BLA/resoluciones/RESOLUCIONES%202009/6053.pdf HTTP/1.1" 200 494507
157.55.39.197 - - [23/Nov/2014:09:59:14 -0500] "GET /BLA/resoluciones/RESOLUCIONES%202008/2929.pdf HTTP/1.1" 200 175585
181.54.162.55 - - [23/Nov/2014:09:59:25 -0500] "GET /galeria/carrusel/Carrusel/jquery.thumbnailScroller.css HTTP/1.1" 200 2066
181.54.162.55 - - [23/Nov/2014:09:59:25 -0500] "GET /BLA/boletinlegal/js/jquery.js HTTP/1.1" 200 57254
181.54.162.55 - - [23/Nov/2014:09:59:25 -0500] "GET /BLA/boletinlegal/js/jquery.scrollShow.js HTTP/1.1" 200 4586
181.54.162.55 - - [23/Nov/2014:09:59:25 -0500] "GET /galeria/carrusel/Carrusel/jquery-ui-1.8.13.custom.min.js HTTP/1.1" 200 10800
181.54.162.55 - - [23/Nov/2014:09:59:25 -0500] "GET /galeria/carrusel/Carrusel/jquery.thumbnailScroller.js HTTP/1.1" 200 8157
181.54.162.55 - - [23/Nov/2014:09:59:25 -0500] "GET /BLA/boletinlegal/js/jquery.scrollTo-min.js HTTP/1.1" 200 1150
209.200.244.133 - - [23/Nov/2014:09:59:25 -0500] "GET /wordpress/wp-admin/ HTTP/1.1" 404 1018
181.54.162.55 - - [23/Nov/2014:09:59:26 -0500] "GET /galeria/nivo-slider/demo/demo.html HTTP/1.1" 200 3946
181.54.162.55 - - [23/Nov/2014:09:59:27 -0500] "GET /galeria/nivo-slider/themes/pascal/pascal.css HTTP/1.1" 200 2258
181.54.162.55 - - [23/Nov/2014:09:59:27 -0500] "GET /galeria/nivo-slider/themes/orman/orman.css HTTP/1.1" 200 2152
181.54.162.55 - - [23/Nov/2014:09:59:27 -0500] "GET /galeria/nivo-slider/demo/scripts/jquery-1.7.1.min.js HTTP/1.1" 200 93868
181.54.162.55 - - [23/Nov/2014:09:59:27 -0500] "GET /galeria/nivo-slider/nivo-slider.css HTTP/1.1" 200 1507
181.54.162.55 - - [23/Nov/2014:09:59:27 -0500] "GET /galeria/nivo-slider/demo/style.css HTTP/1.1" 200 2222
181.54.162.55 - - [23/Nov/2014:09:59:27 -0500] "GET /galeria/nivo-slider/themes/default/default.css HTTP/1.1" 200 1569
181.54.162.55 - - [23/Nov/2014:09:59:27 -0500] "GET /galeria/nivo-slider/jquery.nivo.slider.pack.js HTTP/1.1" 200 11561
181.54.162.55 - - [23/Nov/2014:09:59:27 -0500] "GET /galeria/nivo-slider/demo/images/4Simple_Slider.png HTTP/1.1" 200 11722
181.54.162.55 - - [23/Nov/2014:09:59:27 -0500] "GET /galeria/nivo-slider/themes/default/loading.gif HTTP/1.1" 200 1737
181.54.162.55 - - [23/Nov/2014:09:59:27 -0500] "GET /galeria/nivo-slider/demo/images/TIBANICA-03.jpg HTTP/1.1" 200 121750
181.54.162.55 - - [23/Nov/2014:09:59:27 -0500] "GET /galeria/nivo-slider/demo/images/BANNER-GOBERNANZA.jpg HTTP/1.1" 200 87637
181.54.162.55 - - [23/Nov/2014:09:59:27 -0500] "GET /galeria/nivo-slider/demo/images/ForoNacionalAmbiental.jpg HTTP/1.1" 200 202541
181.54.162.55 - - [23/Nov/2014:09:59:27 -0500] "GET /galeria/nivo-slider/demo/images/Banner-Ecourbanismo.jpg HTTP/1.1" 200 189838
181.54.162.55 - - [23/Nov/2014:09:59:28 -0500] "GET /galeria/nivo-slider/demo/images/banner-pygaai.jpg HTTP/1.1" 200 82693
181.54.162.55 - - [23/Nov/2014:09:59:29 -0500] "GET /galeria/nivo-slider/demo/images/Biotaxis-Man.jpg HTTP/1.1" 200 99362
181.54.162.55 - - [23/Nov/2014:09:59:29 -0500] "GET /galeria/nivo-slider/demo/images/Banner-comparendo.jpg HTTP/1.1" 200 388762
181.54.162.55 - - [23/Nov/2014:09:59:30 -0500] "GET /galeria/nivo-slider/demo/images/porloshumedales.jpg HTTP/1.1" 200 351238
181.54.162.55 - - [23/Nov/2014:09:59:30 -0500] "GET /galeria/nivo-slider/demo/images/Tingua-azul.jpg HTTP/1.1" 200 307638
181.54.162.55 - - [23/Nov/2014:09:59:31 -0500] "GET /galeria/nivo-slider/demo/images/Banner-Caracol-Africano.jpg HTTP/1.1" 200 331986
181.54.162.55 - - [23/Nov/2014:09:59:32 -0500] "GET /galeria/nivo-slider/demo/images/banner-redes.jpg HTTP/1.1" 200 62209
157.55.39.197 - - [23/Nov/2014:09:59:34 -0500] "GET /BLA/resoluciones/Resoluciones%202011/0435.pdf HTTP/1.1" 200 73641
181.54.162.55 - - [23/Nov/2014:09:59:35 -0500] "GET /galeria/nivo-slider/demo/images/banner-caballos.png HTTP/1.1" 200 389106
181.54.162.55 - - [23/Nov/2014:09:59:35 -0500] "GET /galeria/nivo-slider/demo/images/Hacienda_Molinos.jpg HTTP/1.1" 200 319171
181.54.162.55 - - [23/Nov/2014:09:59:35 -0500] "GET /galeria/nivo-slider/demo/images/9Signos.jpg HTTP/1.1" 200 93040
181.54.162.55 - - [23/Nov/2014:09:59:35 -0500] "GET /galeria/nivo-slider/demo/images/bannerEcolecta3.jpg HTTP/1.1" 200 280034
181.54.162.55 - - [23/Nov/2014:09:59:37 -0500] "GET /videos/Spot_CambioClimatico.flv HTTP/1.1" 200 4371917
157.55.39.50 - - [23/Nov/2014:09:59:38 -0500] "GET /BLA/resoluciones/RESOLUCIONES%202009/8780.pdf HTTP/1.1" 200 1289117
181.54.162.55 - - [23/Nov/2014:09:59:39 -0500] "GET /galeria/nivo-slider/themes/default/arrows.png HTTP/1.1" 200 824
181.54.162.55 - - [23/Nov/2014:09:59:40 -0500] "GET /galeria/nivo-slider/themes/default/bullets.png HTTP/1.1" 200 1281
157.55.39.197 - - [23/Nov/2014:09:59:43 -0500] "GET /BLA/resoluciones/RESOLUCIONES%202009/8798.pdf HTTP/1.1" 200 1034020
157.55.39.197 - - [23/Nov/2014:09:59:44 -0500] "GET /bla/resoluciones/resoluciones%202009/0563.pdf HTTP/1.1" 200 506959
157.55.39.102 - - [23/Nov/2014:09:59:48 -0500] "GET /BLA/resoluciones/RESOLUCIONES%202009/2134.pdf HTTP/1.1" 200 541306
191.108.222.21 - - [23/Nov/2014:09:59:48 -0500] "GET /BLA/boletinlegal/js/jquery.js HTTP/1.1" 200 57254
191.108.222.21 - - [23/Nov/2014:09:59:48 -0500] "GET /BLA/boletinlegal/js/jquery.scrollShow.js HTTP/1.1" 200 4586
191.108.222.21 - - [23/Nov/2014:09:59:48 -0500] "GET /BLA/boletinlegal/js/jquery.scrollTo-min.js HTTP/1.1" 200 1150
207.46.13.28 - - [23/Nov/2014:09:59:55 -0500] "GET /BLA/resoluciones/AUTOS%202010/0103.pdf HTTP/1.1" 200 383486
207.46.13.28 - - [23/Nov/2014:09:59:57 -0500] "GET /bla/resoluciones/resoluciones%202009/7571.pdf HTTP/1.1" 200 492505
180.76.6.46 - - [23/Nov/2014:09:59:57 -0500] "GET /BLA/resoluciones/AUTOS%202010/3786.pdf HTTP/1.1" 200 10220
181.54.162.55 - - [23/Nov/2014:10:00:04 -0500] "GET /BLA/boletinlegal/style.css HTTP/1.1" 200 9406
181.54.162.55 - - [23/Nov/2014:10:00:04 -0500] "GET /BLA/boletinlegal/images/cabezote%20BLEGAL.jpg HTTP/1.1" 200 118164
181.54.162.55 - - [23/Nov/2014:10:00:04 -0500] "GET /BLA/boletinlegal/styles2.css HTTP/1.1" 200 1838
181.54.162.55 - - [23/Nov/2014:10:00:04 -0500] "GET /BLA/boletinlegal/images/nuevo.gif HTTP/1.1" 200 26475
181.54.162.55 - - [23/Nov/2014:10:00:04 -0500] "GET /BLA/boletinlegal/images/arr_l.jpg HTTP/1.1" 200 1979
181.54.162.55 - - [23/Nov/2014:10:00:04 -0500] "GET /BLA/boletinlegal/images/subscribe-icon-big.png HTTP/1.1" 200 47702
181.54.162.55 - - [23/Nov/2014:10:00:04 -0500] "GET /BLA/boletinlegal/images/historia.png HTTP/1.1" 200 52775
181.54.162.55 - - [23/Nov/2014:10:00:04 -0500] "GET /BLA/boletinlegal/images/body_bg.jpg HTTP/1.1" 200 1601
181.54.162.55 - - [23/Nov/2014:10:00:04 -0500] "GET /BLA/boletinlegal/images/menu_rght.gif HTTP/1.1" 200 1627
181.54.162.55 - - [23/Nov/2014:10:00:04 -0500] "GET /BLA/boletinlegal/images/bg_top.jpg HTTP/1.1" 200 522
181.54.162.55 - - [23/Nov/2014:10:00:04 -0500] "GET /BLA/boletinlegal/images/menu_lft.gif HTTP/1.1" 200 1713
181.54.162.55 - - [23/Nov/2014:10:00:04 -0500] "GET /BLA/boletinlegal/images/menu_bg.jpg HTTP/1.1" 200 620
181.54.162.55 - - [23/Nov/2014:10:00:04 -0500] "GET /BLA/boletinlegal/images/screen_3.png HTTP/1.1" 200 211853
181.54.162.55 - - [23/Nov/2014:10:00:04 -0500] "GET /BLA/boletinlegal/images/text.jpg HTTP/1.1" 200 568
181.54.162.55 - - [23/Nov/2014:10:00:04 -0500] "GET /BLA/boletinlegal/images/arr_r.jpg HTTP/1.1" 200 1998
181.54.162.55 - - [23/Nov/2014:10:00:04 -0500] "GET /BLA/boletinlegal/images/screen_5.png HTTP/1.1" 200 368876
181.54.162.55 - - [23/Nov/2014:10:00:04 -0500] "GET /BLA/boletinlegal/images/screen_2.png HTTP/1.1" 200 362502
181.54.162.55 - - [23/Nov/2014:10:00:05 -0500] "GET /BLA/boletinlegal/images/hover.jpg HTTP/1.1" 200 640
181.54.162.55 - - [23/Nov/2014:10:00:05 -0500] "GET /BLA/boletinlegal/images/screen_1.png HTTP/1.1" 200 202547
181.54.162.55 - - [23/Nov/2014:10:00:05 -0500] "GET /BLA/boletinlegal/images/launch.jpg HTTP/1.1" 200 14577
181.54.162.55 - - [23/Nov/2014:10:00:05 -0500] "GET /BLA/boletinlegal/images/footer_bg.jpg HTTP/1.1" 200 586
186.146.216.207 - - [23/Nov/2014:10:00:09 -0500] "GET /BLA/boletinlegal/js/jquery.js HTTP/1.1" 200 57254
186.146.216.207 - - [23/Nov/2014:10:00:09 -0500] "GET /BLA/boletinlegal/js/jquery.scrollShow.js HTTP/1.1" 200 4586
186.146.216.207 - - [23/Nov/2014:10:00:09 -0500] "GET /BLA/boletinlegal/js/jquery.scrollTo-min.js HTTP/1.1" 200 1150
190.66.107.70 - - [23/Nov/2014:10:00:16 -0500] "POST /forms/lservlet;jsessionid=ac16012b30d5bb66409031d94c33b8f2d7c0a6479156.e3iSbxaKaheRe34Sa3yKbhiTahb0n6jAmljGr5XDqQLvpAe HTTP/1.1" 200 2
188.165.15.198 - - [23/Nov/2014:10:00:17 -0500] "GET /BLA/resoluciones/RESOLUCIONES%202006/RES%202006%20151-200/00000152.tif HTTP/1.1" 200 147050
207.46.13.28 - - [23/Nov/2014:10:00:21 -0500] "GET /bla/resoluciones/RESOLUCIONES%202011/1053.pdf HTTP/1.1" 200 78397
181.54.162.55 - - [23/Nov/2014:10:00:04 -0500] "GET /BLA/boletinlegal/index.php? HTTP/1.1" 200 28058
157.55.39.102 - - [23/Nov/2014:10:00:25 -0500] "GET /bla/resoluciones/RESOLUCIONES%202011/0459.pdf HTTP/1.1" 200 524865
157.55.39.50 - - [23/Nov/2014:10:00:30 -0500] "GET /bla/resoluciones/resoluciones%202010/6707.pdf HTTP/1.1" 200 129307
190.9.192.125 - - [23/Nov/2014:10:00:31 -0500] "GET /BLA/boletinlegal/js/jquery.js HTTP/1.1" 200 57254
190.9.192.125 - - [23/Nov/2014:10:00:31 -0500] "GET /BLA/boletinlegal/js/jquery.scrollShow.js HTTP/1.1" 200 4586
190.9.192.125 - - [23/Nov/2014:10:00:31 -0500] "GET /BLA/boletinlegal/js/jquery.scrollTo-min.js HTTP/1.1" 200 1150
181.54.162.55 - - [23/Nov/2014:10:00:37 -0500] "GET /videos/ArchivoSDA.flv HTTP/1.1" 200 31205279
74.86.158.107 - - [23/Nov/2014:10:00:39 -0500] "HEAD / HTTP/1.1" 302 -
207.46.13.28 - - [23/Nov/2014:10:00:41 -0500] "GET /BLA/resoluciones/AUTOS%202011/1276.pdf HTTP/1.1" 200 161051
157.55.39.50 - - [23/Nov/2014:10:00:45 -0500] "GET /bla/resoluciones/RESOLUCIONES%202011/0220.pdf HTTP/1.1" 200 71167
190.26.76.65 - - [23/Nov/2014:10:00:47 -0500] "GET /BLA/boletinlegal/js/jquery.js HTTP/1.1" 200 57254
190.26.76.65 - - [23/Nov/2014:10:00:47 -0500] "GET /BLA/boletinlegal/js/jquery.scrollTo-min.js HTTP/1.1" 200 1150
190.26.76.65 - - [23/Nov/2014:10:00:48 -0500] "GET /BLA/boletinlegal/js/jquery.scrollShow.js HTTP/1.1" 200 4586
157.55.39.197 - - [23/Nov/2014:10:00:50 -0500] "GET /bla/resoluciones/RESOLUCIONES%202011/1951.pdf HTTP/1.1" 200 348829
157.55.39.102 - - [23/Nov/2014:10:01:06 -0500] "GET /bla/resoluciones/resoluciones%202009/0925.pdf HTTP/1.1" 200 602631
186.85.59.98 - - [23/Nov/2014:10:01:09 -0500] "GET /Report2/login.do HTTP/1.1" 200 4338
186.155.133.99 - - [23/Nov/2014:10:01:10 -0500] "GET /BLA/boletinlegal/js/jquery.js HTTP/1.1" 200 57254
186.155.133.99 - - [23/Nov/2014:10:01:10 -0500] "GET /BLA/boletinlegal/js/jquery.scrollTo-min.js HTTP/1.1" 200 1150
186.155.133.99 - - [23/Nov/2014:10:01:10 -0500] "GET /BLA/boletinlegal/js/jquery.scrollShow.js HTTP/1.1" 200 4586
181.141.5.217 - - [23/Nov/2014:10:01:10 -0500] "GET /BLA/resoluciones/RESOLUCIONES%202014/0307.pdf HTTP/1.1" 200 1032457
181.141.5.217 - - [23/Nov/2014:10:01:10 -0500] "GET /BLA/resoluciones/RESOLUCIONES%202014/0307.pdf HTTP/1.1" 206 32768
181.141.5.217 - - [23/Nov/2014:10:01:11 -0500] "GET /BLA/resoluciones/RESOLUCIONES%202014/0307.pdf HTTP/1.1" 206 54540
157.55.39.197 - - [23/Nov/2014:10:01:14 -0500] "GET /bla/resoluciones/resoluciones%202010/5813.pdf HTTP/1.1" 200 83110
186.95.224.101 - - [23/Nov/2014:10:01:15 -0500] "GET /BLA/boletinlegal/js/jquery.js HTTP/1.1" 200 57254
186.95.224.101 - - [23/Nov/2014:10:01:15 -0500] "GET /BLA/boletinlegal/js/jquery.scrollTo-min.js HTTP/1.1" 200 1150
186.95.224.101 - - [23/Nov/2014:10:01:15 -0500] "GET /BLA/boletinlegal/js/jquery.scrollShow.js HTTP/1.1" 200 4586
157.55.39.102 - - [23/Nov/2014:10:01:19 -0500] "GET /BLA/resoluciones/AUTOS%202010/1443.pdf HTTP/1.1" 200 203739
157.55.39.197 - - [23/Nov/2014:10:01:23 -0500] "GET /bla/resoluciones/resoluciones%202009/1570.pdf HTTP/1.1" 200 81493
186.85.59.98 - - [23/Nov/2014:10:01:23 -0500] "POST /Report2/login.do;jsessionid=C68AF16CBDCD5E403EC609753B7051B1 HTTP/1.1" 200 14506
186.85.59.98 - - [23/Nov/2014:10:01:25 -0500] "GET /Report2/parameter?action=listRpts HTTP/1.1" 200 16331
207.46.13.28 - - [23/Nov/2014:10:01:31 -0500] "GET /bla/resoluciones/RESOLUCIONES%202011/1589.pdf HTTP/1.1" 200 70881
207.46.13.28 - - [23/Nov/2014:10:01:31 -0500] "GET /bla/resoluciones/resoluciones%202009/1471.pdf HTTP/1.1" 200 354884
186.85.59.98 - - [23/Nov/2014:10:01:31 -0500] "GET /Report2/parameter?action=parametersReportMDX&id_rpt=17&currentTab=tab_presentacion HTTP/1.1" 200 6578
188.186.47.244 - - [23/Nov/2014:10:01:34 -0500] "GET / HTTP/1.0" 302 -
157.55.39.102 - - [23/Nov/2014:10:01:35 -0500] "GET /BLA/resoluciones/RESOLUCIONES%202008/0927.pdf HTTP/1.1" 200 495907
186.85.59.98 - - [23/Nov/2014:10:01:38 -0500] "POST /Report2/parameter?action=runReportMDX&json=true&listdep=nit&id_rpt=17&param_partNomauto=distri HTTP/1.1" 200 607
186.147.66.232 - - [23/Nov/2014:10:01:38 -0500] "GET /forest/session.jsp?a=0.9486376736313105 HTTP/1.1" 200 4
186.85.59.98 - - [23/Nov/2014:10:01:39 -0500] "POST /Report2/parameter?action=runReportMDX&json=true&listdep=nit&id_rpt=17&param_partNomauto=distrita HTTP/1.1" 200 605
186.85.59.98 - - [23/Nov/2014:10:01:40 -0500] "POST /Report2/parameter?action=runReportMDX&json=true&listdep=nit&id_rpt=17&param_partNomauto=distr HTTP/1.1" 200 607
207.46.13.28 - - [23/Nov/2014:10:01:41 -0500] "GET /BLA/resoluciones/RESOLUCIONES%202009/4123.pdf HTTP/1.1" 200 761870
207.46.13.28 - - [23/Nov/2014:10:01:41 -0500] "GET /BLA/resoluciones/RESOLUCIONES%202010/0350.pdf HTTP/1.1" 200 352326
188.165.15.85 - - [23/Nov/2014:10:01:42 -0500] "GET /BLA/resoluciones/RESOLUCIONES%202006/RES%202006%201-50/00000018.tif HTTP/1.1" 200 579818
157.55.39.50 - - [23/Nov/2014:10:01:45 -0500] "GET /BLA/resoluciones/AUTOS%202009/3285.pdf HTTP/1.1" 200 92650
186.85.59.98 - - [23/Nov/2014:10:01:49 -0500] "POST /Report2/parameter?action=runReportMDX&json=true&listdep=nit&id_rpt=17&param_partNomauto=unicve HTTP/1.1" 200 2
157.55.39.197 - - [23/Nov/2014:10:01:50 -0500] "GET /BLA/resoluciones/AUTOS%202010/3472.pdf HTTP/1.1" 200 473940
157.55.39.197 - - [23/Nov/2014:10:01:50 -0500] "GET /bla/resoluciones/autos%202010/4576.pdf HTTP/1.1" 200 171901
201.184.110.99 - - [23/Nov/2014:10:01:54 -0500] "GET /BLA/boletinlegal/js/jquery.scrollTo-min.js HTTP/1.1" 200 1150
201.184.110.99 - - [23/Nov/2014:10:01:54 -0500] "GET /BLA/boletinlegal/js/jquery.scrollShow.js HTTP/1.1" 200 4586
201.184.110.99 - - [23/Nov/2014:10:01:54 -0500] "GET /BLA/boletinlegal/js/jquery.js HTTP/1.1" 200 57254
157.55.39.102 - - [23/Nov/2014:10:01:55 -0500] "GET /BLA/resoluciones/AUTOS%202011/2535.pdf HTTP/1.1" 200 153057
188.165.15.36 - - [23/Nov/2014:10:02:00 -0500] "GET /BLA/resoluciones/RESOLUCIONES%202002/RES%202002%201801-1850/20021810.tif HTTP/1.1" 200 356038
157.55.39.197 - - [23/Nov/2014:10:02:05 -0500] "GET /bla/resoluciones/RESOLUCIONES%202011/1835.pdf HTTP/1.1" 200 502586
186.85.59.98 - - [23/Nov/2014:10:02:05 -0500] "POST /Report2/login.do;jsessionid=C68AF16CBDCD5E403EC609753B7051B1 HTTP/1.1" 200 14506
157.55.39.197 - - [23/Nov/2014:10:02:05 -0500] "GET /bla/resoluciones/resoluciones%202009/8955.pdf HTTP/1.1" 200 332185
186.85.59.98 - - [23/Nov/2014:10:02:06 -0500] "GET /Report2/parameter?action=listRpts HTTP/1.1" 200 16331
157.55.39.197 - - [23/Nov/2014:10:02:06 -0500] "GET /BLA/resoluciones/RESOLUCIONES%202012/0434.pdf HTTP/1.1" 200 412578
186.85.59.98 - - [23/Nov/2014:10:02:11 -0500] "GET /Report2/parameter?action=parametersReportMDX&id_rpt=17&currentTab=tab_presentacion HTTP/1.1" 200 6578
181.55.247.162 - - [23/Nov/2014:10:02:14 -0500] "GET /BLA/boletinlegal/js/jquery.js HTTP/1.1" 200 57254
181.55.247.162 - - [23/Nov/2014:10:02:14 -0500] "GET /BLA/boletinlegal/js/jquery.scrollTo-min.js HTTP/1.1" 200 1150
181.55.247.162 - - [23/Nov/2014:10:02:14 -0500] "GET /BLA/boletinlegal/js/jquery.scrollShow.js HTTP/1.1" 200 4586
157.55.39.49 - - [23/Nov/2014:10:02:14 -0500] "GET /BLA/resoluciones/RESOLUCIONES%202010/0028.pdf HTTP/1.1" 200 400510
186.85.59.98 - - [23/Nov/2014:10:02:14 -0500] "POST /Report2/parameter?action=runReportMDX&json=true&listdep=nit&id_rpt=17&param_partNomauto=un HTTP/1.1" 200 682
186.85.59.98 - - [23/Nov/2014:10:02:14 -0500] "POST /Report2/parameter?action=runReportMDX&json=true&listdep=nit&id_rpt=17&param_partNomauto=uni HTTP/1.1" 200 586
186.85.59.98 - - [23/Nov/2014:10:02:15 -0500] "POST /Report2/parameter?action=runReportMDX&json=true&listdep=nit&id_rpt=17&param_partNomauto=univer HTTP/1.1" 200 137
190.66.107.70 - - [23/Nov/2014:10:02:17 -0500] "POST /forms/lservlet;jsessionid=ac16012b30d5bb66409031d94c33b8f2d7c0a6479156.e3iSbxaKaheRe34Sa3yKbhiTahb0n6jAmljGr5XDqQLvpAe HTTP/1.1" 200 2
157.55.39.102 - - [23/Nov/2014:10:02:18 -0500] "GET /bla/resoluciones/resoluciones%202009/2359.pdf HTTP/1.1" 200 548830
186.147.66.232 - - [23/Nov/2014:09:56:18 -0500] "GET /ForestMSG_SDA/channelAsync/template_word_16942972?X-Atmosphere-tracking-id=a87dbd06-7840-84f4-2dfb-2e2d06df805f&X-Atmosphere-Framework=1.0.5&X-Atmosphere-Transport=long-polling&tabid=0.8218463615048677&X-Cache-Date=0&Content-Type=application/xml&_=1416754731318 HTTP/1.1" 200 8193
157.55.39.102 - - [23/Nov/2014:10:02:19 -0500] "GET /bla/resoluciones/autos%202010/1363.pdf HTTP/1.1" 200 248131
186.85.59.98 - - [23/Nov/2014:10:02:21 -0500] "GET /Report2/parameter?action=runReportMDX&json=true&listdep=informe&id_rpt=17&param_nit=230 HTTP/1.1" 200 751
186.85.59.98 - - [23/Nov/2014:10:02:26 -0500] "GET /Report2/parameter?action=runReportMDX&json=true&listdep=FecBal&id_rpt=17&param_informe=8&param_nit=230 HTTP/1.1" 200 517
157.55.39.197 - - [23/Nov/2014:10:02:26 -0500] "GET /BLA/resoluciones/RESOLUCIONES%202012/1908.pdf HTTP/1.1" 200 2395489
207.46.13.28 - - [23/Nov/2014:10:02:30 -0500] "GET /BLA/resoluciones/RESOLUCIONES%202009/0972.pdf HTTP/1.1" 200 251707
186.85.59.98 - - [23/Nov/2014:10:02:32 -0500] "GET /Report2/parameter?action=runReportMDX&json=true&listdep=formato&id_rpt=17&param_informe=8&param_nit=230&param_FecBal=2013-12-31 HTTP/1.1" 200 138
157.55.39.50 - - [23/Nov/2014:10:02:35 -0500] "GET /bla/resoluciones/resoluciones%202009/1697.pdf HTTP/1.1" 200 913069
157.55.39.102 - - [23/Nov/2014:10:02:40 -0500] "GET /bla/resoluciones/RESOLUCIONES%202011/2590.pdf HTTP/1.1" 200 173143
190.60.216.164 - - [23/Nov/2014:10:02:41 -0500] "GET /BLA/boletinlegal/js/jquery.scrollTo-min.js HTTP/1.1" 200 1150
190.60.216.164 - - [23/Nov/2014:10:02:41 -0500] "GET /BLA/boletinlegal/js/jquery.js HTTP/1.1" 200 57254
190.60.216.164 - - [23/Nov/2014:10:02:41 -0500] "GET /BLA/boletinlegal/js/jquery.scrollShow.js HTTP/1.1" 200 4586
186.85.59.98 - - [23/Nov/2014:10:02:41 -0500] "GET /Report2/parameter?action=runReportMDX&json=true&listdep=FecBal&id_rpt=17&param_informe=3&param_nit=230 HTTP/1.1" 200 173
157.55.39.102 - - [23/Nov/2014:10:02:42 -0500] "GET /BLA/resoluciones/RESOLUCIONES%202010/0685.pdf HTTP/1.1" 200 132564
186.85.59.98 - - [23/Nov/2014:10:02:43 -0500] "GET /Report2/parameter?action=runReportMDX&json=true&listdep=formato&id_rpt=17&param_informe=3&param_nit=230&param_FecBal=2013-12-31 HTTP/1.1" 200 145
207.46.13.28 - - [23/Nov/2014:10:02:45 -0500] "GET /BLA/resoluciones/AUTOS%202009/0133.pdf HTTP/1.1" 200 177252
186.85.59.98 - - [23/Nov/2014:10:02:47 -0500] "POST /Report2/rptManage.jsp?migracion=111 HTTP/1.1" 200 618
186.85.59.98 - - [23/Nov/2014:10:02:47 -0500] "GET /Report2/rpt.jsp?migracion=111&id_rpt=17&currentTab=tab_45265&rnd=0.8301669681746756 HTTP/1.1" 200 13795
186.85.59.98 - - [23/Nov/2014:10:02:47 -0500] "GET /Report2/loading.jsp?migracion=111&id_rpt=17&currentTab=tab_45265&rnd=0.6450641793718321 HTTP/1.1" 200 2760
186.85.59.98 - - [23/Nov/2014:10:02:48 -0500] "GET /Report2/serviceListados.jsp?queryId=rpt/infxidC&informe=3&a=0.20997989317402244 HTTP/1.1" 200 221
186.85.59.98 - - [23/Nov/2014:10:02:48 -0500] "GET /Report2/serviceListados.jsp?queryId=rpt/entidadxidC&nit=230&a=0.0712609973270446 HTTP/1.1" 200 246
186.85.59.98 - - [23/Nov/2014:10:02:48 -0500] "POST /Report2/infReportada.jsp?rdmMapa=24803 HTTP/1.1" 200 196937
157.55.39.197 - - [23/Nov/2014:10:02:51 -0500] "GET /bla/resoluciones/resoluciones%202009/0481.pdf HTTP/1.1" 200 529945
186.85.59.98 - - [23/Nov/2014:10:02:51 -0500] "GET /Report2/parameter?action=parametersReportMDX&id_rpt=17&currentTab=tab_presentacion HTTP/1.1" 200 6578
186.85.59.98 - - [23/Nov/2014:10:02:54 -0500] "POST /Report2/parameter?action=runReportMDX&json=true&listdep=nit&id_rpt=17&param_partNomauto=230 HTTP/1.1" 200 72
157.55.39.102 - - [23/Nov/2014:10:02:55 -0500] "GET /bla/resoluciones/resoluciones%202009/9031.pdf HTTP/1.1" 200 347162
157.55.39.102 - - [23/Nov/2014:10:02:56 -0500] "GET /BLA/resoluciones/AUTOS%202011/1339.pdf HTTP/1.1" 200 151232
181.141.5.217 - - [23/Nov/2014:10:02:56 -0500] "GET /BLA/resoluciones/RESOLUCIONES%202014/0307.pdf HTTP/1.1" 206 991262
181.141.5.217 - - [23/Nov/2014:10:02:56 -0500] "GET /BLA/resoluciones/RESOLUCIONES%202014/0307.pdf HTTP/1.1" 206 43530
186.85.59.98 - - [23/Nov/2014:10:02:56 -0500] "GET /Report2/parameter?action=runReportMDX&json=true&listdep=informe&id_rpt=17&param_nit=230 HTTP/1.1" 200 751
181.141.5.217 - - [23/Nov/2014:10:02:57 -0500] "GET /BLA/resoluciones/RESOLUCIONES%202014/0307.pdf HTTP/1.1" 206 32768
181.141.5.217 - - [23/Nov/2014:10:02:58 -0500] "GET /BLA/resoluciones/RESOLUCIONES%202014/0307.pdf HTTP/1.1" 206 32768
181.141.5.217 - - [23/Nov/2014:10:02:58 -0500] "GET /BLA/resoluciones/RESOLUCIONES%202014/0307.pdf HTTP/1.1" 206 32768
186.85.59.98 - - [23/Nov/2014:10:02:59 -0500] "GET /Report2/parameter?action=runReportMDX&json=true&listdep=FecBal&id_rpt=17&param_informe=2&param_nit=230 HTTP/1.1" 200 259
181.141.5.217 - - [23/Nov/2014:10:03:00 -0500] "GET /BLA/resoluciones/RESOLUCIONES%202014/0307.pdf HTTP/1.1" 206 32768
157.55.39.50 - - [23/Nov/2014:10:03:00 -0500] "GET /BLA/resoluciones/RESOLUCIONES%202010/1533.pdf HTTP/1.1" 200 260619
157.55.39.49 - - [23/Nov/2014:10:03:01 -0500] "GET /BLA/resoluciones/RESOLUCIONES%202012/1341.pdf HTTP/1.1" 200 2844215
186.85.59.98 - - [23/Nov/2014:10:03:01 -0500] "GET /Report2/parameter?action=runReportMDX&json=true&listdep=FecBal&id_rpt=17&param_informe=3&param_nit=230 HTTP/1.1" 200 173
181.141.5.217 - - [23/Nov/2014:10:03:02 -0500] "GET /BLA/resoluciones/RESOLUCIONES%202014/0307.pdf HTTP/1.1" 206 32768
181.141.5.217 - - [23/Nov/2014:10:03:03 -0500] "GET /BLA/resoluciones/RESOLUCIONES%202014/0307.pdf HTTP/1.1" 206 32768
181.141.5.217 - - [23/Nov/2014:10:03:04 -0500] "GET /BLA/resoluciones/RESOLUCIONES%202014/0307.pdf HTTP/1.1" 206 32768
186.85.59.98 - - [23/Nov/2014:10:03:04 -0500] "GET /Report2/parameter?action=runReportMDX&json=true&listdep=formato&id_rpt=17&param_informe=3&param_nit=230&param_FecBal=2013-12-31 HTTP/1.1" 200 145
207.46.13.28 - - [23/Nov/2014:10:03:05 -0500] "GET /bla/resoluciones/resoluciones%202009/9001.pdf HTTP/1.1" 200 728472
186.85.59.98 - - [23/Nov/2014:10:03:07 -0500] "POST /Report2/rptManage.jsp?migracion=111 HTTP/1.1" 200 619
186.85.59.98 - - [23/Nov/2014:10:03:07 -0500] "GET /Report2/rpt.jsp?migracion=111&id_rpt=17&currentTab=tab_5807&rnd=0.16545410548867812 HTTP/1.1" 200 13618
186.85.59.98 - - [23/Nov/2014:10:03:07 -0500] "GET /Report2/loading.jsp?migracion=111&id_rpt=17&currentTab=tab_5807&rnd=0.009810928300425514 HTTP/1.1" 200 2701
186.85.59.98 - - [23/Nov/2014:10:03:07 -0500] "GET /Report2/serviceListados.jsp?queryId=rpt/infxidC&informe=3&a=0.8909190797712654 HTTP/1.1" 200 221
186.85.59.98 - - [23/Nov/2014:10:03:07 -0500] "GET /Report2/serviceListados.jsp?queryId=rpt/entidadxidC&nit=230&a=0.730496036587283 HTTP/1.1" 200 246
186.85.59.98 - - [23/Nov/2014:10:03:08 -0500] "POST /Report2/infReportada.jsp?rdmMapa=7846 HTTP/1.1" 200 53469
186.85.59.98 - - [23/Nov/2014:10:03:08 -0500] "GET /Report2/parameter?action=parametersReportMDX&id_rpt=17&currentTab=tab_presentacion HTTP/1.1" 200 6578
188.165.15.241 - - [23/Nov/2014:10:03:09 -0500] "GET /BLA/resoluciones/RESOLUCIONES%202005/RES%202005%202201-2250/00002209.tif HTTP/1.1" 200 207776
157.55.39.102 - - [23/Nov/2014:10:03:10 -0500] "GET /BLA/resoluciones/Resoluciones%202011/2672.pdf HTTP/1.1" 200 777582
157.55.39.102 - - [23/Nov/2014:10:03:11 -0500] "GET /BLA/resoluciones/RESOLUCIONES%202009/1431.pdf HTTP/1.1" 200 604086
186.85.59.98 - - [23/Nov/2014:10:03:11 -0500] "POST /Report2/parameter?action=runReportMDX&json=true&listdep=nit&id_rpt=17&param_partNomauto=230 HTTP/1.1" 200 72
186.85.59.98 - - [23/Nov/2014:10:03:13 -0500] "GET /Report2/parameter?action=runReportMDX&json=true&listdep=informe&id_rpt=17&param_nit=230 HTTP/1.1" 200 751
157.55.39.197 - - [23/Nov/2014:10:03:16 -0500] "GET /BLA/resoluciones/RESOLUCIONES%202009/1269.pdf HTTP/1.1" 200 658108
157.55.39.197 - - [23/Nov/2014:10:03:16 -0500] "GET /bla/resoluciones/resoluciones%202009/3652.pdf HTTP/1.1" 200 84055
186.85.59.98 - - [23/Nov/2014:10:03:21 -0500] "GET /Report2/parameter?action=runReportMDX&json=true&listdep=FecBal&id_rpt=17&param_informe=8&param_nit=230 HTTP/1.1" 200 517
186.85.59.98 - - [23/Nov/2014:10:03:29 -0500] "GET /Report2/parameter?action=runReportMDX&json=true&listdep=FecBal&id_rpt=17&param_informe=1&param_nit=230 HTTP/1.1" 200 130
186.85.59.98 - - [23/Nov/2014:10:03:32 -0500] "GET /Report2/parameter?action=runReportMDX&json=true&listdep=formato&id_rpt=17&param_informe=1&param_nit=230&param_FecBal=2012-12-31 HTTP/1.1" 200 140
157.55.39.197 - - [23/Nov/2014:10:03:33 -0500] "GET /BLA/resoluciones/AUTOS%202010/1362.pdf HTTP/1.1" 200 243742
188.165.15.198 - - [23/Nov/2014:10:03:35 -0500] "GET /BLA/resoluciones/RESOLUCIONES%202002/RES%202002%201451-1500/20021457.tif HTTP/1.1" 200 40590
186.85.59.98 - - [23/Nov/2014:10:03:36 -0500] "POST /Report2/rptManage.jsp?migracion=111 HTTP/1.1" 200 617
186.85.59.98 - - [23/Nov/2014:10:03:36 -0500] "GET /Report2/loading.jsp?migracion=111&id_rpt=17&currentTab=tab_35030&rnd=0.504894395710414 HTTP/1.1" 200 2742
186.85.59.98 - - [23/Nov/2014:10:03:36 -0500] "GET /Report2/rpt.jsp?migracion=111&id_rpt=17&currentTab=tab_35030&rnd=0.2748536501102904 HTTP/1.1" 200 13725
186.85.59.98 - - [23/Nov/2014:10:03:37 -0500] "GET /Report2/serviceListados.jsp?queryId=rpt/infxidC&informe=1&a=0.5335221292916685 HTTP/1.1" 200 235
186.85.59.98 - - [23/Nov/2014:10:03:37 -0500] "GET /Report2/serviceListados.jsp?queryId=rpt/entidadxidC&nit=230&a=0.9746284591965377 HTTP/1.1" 200 246
207.46.13.28 - - [23/Nov/2014:10:03:37 -0500] "GET /BLA/resoluciones/RESOLUCIONES%202008/2738.pdf HTTP/1.1" 200 260000
186.85.59.98 - - [23/Nov/2014:10:03:37 -0500] "POST /Report2/infReportada.jsp?rdmMapa=356360 HTTP/1.1" 200 82273
186.85.59.98 - - [23/Nov/2014:10:03:40 -0500] "GET /Report2/parameter?action=parametersReportMDX&id_rpt=17&currentTab=tab_presentacion HTTP/1.1" 200 6578
157.55.39.102 - - [23/Nov/2014:10:03:42 -0500] "GET /bla/resoluciones/RESOLUCIONES%202011/2560.pdf HTTP/1.1" 200 392286
186.85.59.98 - - [23/Nov/2014:10:03:43 -0500] "POST /Report2/parameter?action=runReportMDX&json=true&listdep=nit&id_rpt=17&param_partNomauto=230 HTTP/1.1" 200 72
157.55.39.102 - - [23/Nov/2014:10:03:44 -0500] "GET /bla/resoluciones/resoluciones%202009/1420.pdf HTTP/1.1" 200 426696
186.85.59.98 - - [23/Nov/2014:10:03:45 -0500] "GET /Report2/parameter?action=runReportMDX&json=true&listdep=informe&id_rpt=17&param_nit=230 HTTP/1.1" 200 751
207.46.13.28 - - [23/Nov/2014:10:03:47 -0500] "GET /BLA/resoluciones/RESOLUCIONES%202009/8742.pdf HTTP/1.1" 200 874964
186.85.59.98 - - [23/Nov/2014:10:03:48 -0500] "GET /Report2/parameter?action=runReportMDX&json=true&listdep=FecBal&id_rpt=17&param_informe=8&param_nit=230 HTTP/1.1" 200 517
157.55.39.50 - - [23/Nov/2014:10:03:52 -0500] "GET /BLA/resoluciones/AUTOS%202011/1400.pdf HTTP/1.1" 200 98559
186.85.59.98 - - [23/Nov/2014:10:03:55 -0500] "GET /Report2/parameter?action=runReportMDX&json=true&listdep=formato&id_rpt=17&param_informe=8&param_nit=230&param_FecBal=2013-03-31 HTTP/1.1" 200 138
186.85.59.98 - - [23/Nov/2014:10:03:59 -0500] "POST /Report2/rptManage.jsp?migracion=111 HTTP/1.1" 200 620
186.85.59.98 - - [23/Nov/2014:10:03:59 -0500] "GET /Report2/loading.jsp?migracion=111&id_rpt=17&currentTab=tab_11367&rnd=0.4500583104330249 HTTP/1.1" 200 2740
186.85.59.98 - - [23/Nov/2014:10:03:59 -0500] "GET /Report2/rpt.jsp?migracion=111&id_rpt=17&currentTab=tab_11367&rnd=0.004896051950352254 HTTP/1.1" 200 13724
186.85.59.98 - - [23/Nov/2014:10:04:00 -0500] "POST /Report2/infReportada.jsp?rdmMapa=637806 HTTP/1.1" 200 34832
186.85.59.98 - - [23/Nov/2014:10:04:00 -0500] "GET /Report2/serviceListados.jsp?queryId=rpt/infxidC&informe=8&a=0.8684049730654806 HTTP/1.1" 200 235
186.85.59.98 - - [23/Nov/2014:10:04:00 -0500] "GET /Report2/serviceListados.jsp?queryId=rpt/entidadxidC&nit=230&a=0.2726219776086509 HTTP/1.1" 200 246
186.85.59.98 - - [23/Nov/2014:10:04:04 -0500] "GET /Report2/parameter?action=parametersReportMDX&id_rpt=17&currentTab=tab_presentacion HTTP/1.1" 200 6578
186.85.59.98 - - [23/Nov/2014:10:04:06 -0500] "POST /Report2/parameter?action=runReportMDX&json=true&listdep=nit&id_rpt=17&param_partNomauto=23 HTTP/1.1" 200 254
207.46.13.28 - - [23/Nov/2014:10:04:07 -0500] "GET /BLA/resoluciones/RESOLUCIONES%202010/1693.pdf HTTP/1.1" 200 379304
186.87.97.243 - - [23/Nov/2014:10:04:07 -0500] "GET /BLA/boletinlegal/js/jquery.scrollTo-min.js HTTP/1.1" 200 1150
186.87.97.243 - - [23/Nov/2014:10:04:07 -0500] "GET /BLA/boletinlegal/js/jquery.js HTTP/1.1" 200 57254
186.87.97.243 - - [23/Nov/2014:10:04:07 -0500] "GET /BLA/boletinlegal/js/jquery.scrollShow.js HTTP/1.1" 200 4586
186.85.59.98 - - [23/Nov/2014:10:04:07 -0500] "POST /Report2/parameter?action=runReportMDX&json=true&listdep=nit&id_rpt=17&param_partNomauto=230 HTTP/1.1" 200 72
186.85.59.98 - - [23/Nov/2014:10:04:08 -0500] "GET /Report2/parameter?action=runReportMDX&json=true&listdep=informe&id_rpt=17&param_nit=230 HTTP/1.1" 200 751
186.85.59.98 - - [23/Nov/2014:10:04:10 -0500] "GET /Report2/parameter?action=runReportMDX&json=true&listdep=FecBal&id_rpt=17&param_informe=8&param_nit=230 HTTP/1.1" 200 517
186.85.59.98 - - [23/Nov/2014:10:04:13 -0500] "GET /Report2/parameter?action=runReportMDX&json=true&listdep=formato&id_rpt=17&param_informe=8&param_nit=230&param_FecBal=2013-06-30 HTTP/1.1" 200 138
157.55.39.197 - - [23/Nov/2014:10:04:17 -0500] "GET /BLA/resoluciones/RESOLUCIONES%202009/5791.pdf HTTP/1.1" 200 1129284
186.85.59.98 - - [23/Nov/2014:10:04:17 -0500] "POST /Report2/rptManage.jsp?migracion=111 HTTP/1.1" 200 618
186.85.59.98 - - [23/Nov/2014:10:04:17 -0500] "GET /Report2/loading.jsp?migracion=111&id_rpt=17&currentTab=tab_14519&rnd=0.5838780426576318 HTTP/1.1" 200 2739
186.85.59.98 - - [23/Nov/2014:10:04:17 -0500] "GET /Report2/rpt.jsp?migracion=111&id_rpt=17&currentTab=tab_14519&rnd=0.5845544438848692 HTTP/1.1" 200 13724
157.55.39.197 - - [23/Nov/2014:10:04:18 -0500] "GET /BLA/resoluciones/RESOLUCIONES%202008/1416.pdf HTTP/1.1" 200 279290
186.85.59.98 - - [23/Nov/2014:10:04:18 -0500] "GET /Report2/serviceListados.jsp?queryId=rpt/infxidC&informe=8&a=0.8519469101447612 HTTP/1.1" 200 235
186.85.59.98 - - [23/Nov/2014:10:04:18 -0500] "GET /Report2/serviceListados.jsp?queryId=rpt/entidadxidC&nit=230&a=0.6136795619968325 HTTP/1.1" 200 246
186.85.59.98 - - [23/Nov/2014:10:04:18 -0500] "POST /Report2/infReportada.jsp?rdmMapa=347232 HTTP/1.1" 200 50256
190.66.107.70 - - [23/Nov/2014:10:04:20 -0500] "POST /forms/lservlet;jsessionid=ac16012b30d5bb66409031d94c33b8f2d7c0a6479156.e3iSbxaKaheRe34Sa3yKbhiTahb0n6jAmljGr5XDqQLvpAe HTTP/1.1" 200 2
186.85.59.98 - - [23/Nov/2014:10:04:20 -0500] "GET /Report2/parameter?action=parametersReportMDX&id_rpt=17&currentTab=tab_presentacion HTTP/1.1" 200 6578
186.85.59.98 - - [23/Nov/2014:10:04:22 -0500] "POST /Report2/parameter?action=runReportMDX&json=true&listdep=nit&id_rpt=17&param_partNomauto=23 HTTP/1.1" 200 254
186.85.59.98 - - [23/Nov/2014:10:04:23 -0500] "POST /Report2/parameter?action=runReportMDX&json=true&listdep=nit&id_rpt=17&param_partNomauto=230 HTTP/1.1" 200 72
186.85.59.98 - - [23/Nov/2014:10:04:24 -0500] "GET /Report2/parameter?action=runReportMDX&json=true&listdep=informe&id_rpt=17&param_nit=230 HTTP/1.1" 200 751
157.55.39.197 - - [23/Nov/2014:10:04:27 -0500] "GET /bla/resoluciones/resoluciones%202010/6162.pdf HTTP/1.1" 200 555363
186.85.59.98 - - [23/Nov/2014:10:04:28 -0500] "GET /Report2/parameter?action=runReportMDX&json=true&listdep=FecBal&id_rpt=17&param_informe=8&param_nit=230 HTTP/1.1" 200 517
180.76.5.27 - - [23/Nov/2014:10:04:30 -0500] "GET /BLA/resoluciones/RESOLUCIONES%202010/1496.pdf HTTP/1.1" 200 466365
186.85.59.98 - - [23/Nov/2014:10:04:30 -0500] "GET /Report2/parameter?action=runReportMDX&json=true&listdep=formato&id_rpt=17&param_informe=8&param_nit=230&param_FecBal=2013-09-30 HTTP/1.1" 200 138
157.55.39.50 - - [23/Nov/2014:10:04:31 -0500] "GET /BLA/resoluciones/AUTOS%202011/1399.pdf HTTP/1.1" 200 97370
66.249.65.119 - - [23/Nov/2014:10:04:31 -0500] "GET /reports/images/blaf-en.css HTTP/1.1" 200 16003
181.61.75.76 - - [23/Nov/2014:10:04:32 -0500] "GET /BLA/boletinlegal/js/jquery.js HTTP/1.1" 200 57254
181.61.75.76 - - [23/Nov/2014:10:04:32 -0500] "GET /BLA/boletinlegal/js/jquery.scrollTo-min.js HTTP/1.1" 200 1150
181.61.75.76 - - [23/Nov/2014:10:04:32 -0500] "GET /BLA/boletinlegal/js/jquery.scrollShow.js HTTP/1.1" 200 4586
181.61.75.76 - - [23/Nov/2014:10:04:32 -0500] "GET /galeria/carrusel/Carrusel/jquery.thumbnailScroller.css HTTP/1.1" 200 2066
181.61.75.76 - - [23/Nov/2014:10:04:32 -0500] "GET /galeria/carrusel/Carrusel/jquery-ui-1.8.13.custom.min.js HTTP/1.1" 200 10800
181.61.75.76 - - [23/Nov/2014:10:04:32 -0500] "GET /galeria/carrusel/Carrusel/jquery.thumbnailScroller.js HTTP/1.1" 200 8157
157.55.39.50 - - [23/Nov/2014:10:04:32 -0500] "GET /BLA/resoluciones/RESOLUCIONES%202010/0261.pdf HTTP/1.1" 200 368122
181.61.75.76 - - [23/Nov/2014:10:04:33 -0500] "GET /galeria/nivo-slider/demo/demo.html HTTP/1.1" 200 3946
181.61.75.76 - - [23/Nov/2014:10:04:33 -0500] "GET /galeria/nivo-slider/themes/default/default.css HTTP/1.1" 200 1569
181.61.75.76 - - [23/Nov/2014:10:04:33 -0500] "GET /galeria/nivo-slider/demo/scripts/jquery-1.7.1.min.js HTTP/1.1" 200 93868
181.61.75.76 - - [23/Nov/2014:10:04:33 -0500] "GET /galeria/nivo-slider/themes/pascal/pascal.css HTTP/1.1" 200 2258
181.61.75.76 - - [23/Nov/2014:10:04:33 -0500] "GET /galeria/nivo-slider/nivo-slider.css HTTP/1.1" 200 1507
181.61.75.76 - - [23/Nov/2014:10:04:33 -0500] "GET /galeria/nivo-slider/demo/style.css HTTP/1.1" 200 2222
181.61.75.76 - - [23/Nov/2014:10:04:33 -0500] "GET /galeria/nivo-slider/themes/orman/orman.css HTTP/1.1" 200 2152
181.61.75.76 - - [23/Nov/2014:10:04:33 -0500] "GET /galeria/nivo-slider/jquery.nivo.slider.pack.js HTTP/1.1" 200 11561
181.61.75.76 - - [23/Nov/2014:10:04:34 -0500] "GET /galeria/nivo-slider/demo/images/TIBANICA-03.jpg HTTP/1.1" 200 121750
181.61.75.76 - - [23/Nov/2014:10:04:34 -0500] "GET /galeria/nivo-slider/demo/images/BANNER-GOBERNANZA.jpg HTTP/1.1" 200 87637
181.61.75.76 - - [23/Nov/2014:10:04:34 -0500] "GET /galeria/nivo-slider/demo/images/ForoNacionalAmbiental.jpg HTTP/1.1" 200 202541
181.61.75.76 - - [23/Nov/2014:10:04:34 -0500] "GET /galeria/nivo-slider/demo/images/Banner-Ecourbanismo.jpg HTTP/1.1" 200 189838
181.61.75.76 - - [23/Nov/2014:10:04:34 -0500] "GET /galeria/nivo-slider/demo/images/banner-pygaai.jpg HTTP/1.1" 200 82693
181.61.75.76 - - [23/Nov/2014:10:04:34 -0500] "GET /galeria/nivo-slider/demo/images/Biotaxis-Man.jpg HTTP/1.1" 200 99362
186.85.59.98 - - [23/Nov/2014:10:04:34 -0500] "POST /Report2/rptManage.jsp?migracion=111 HTTP/1.1" 200 618
181.61.75.76 - - [23/Nov/2014:10:04:34 -0500] "GET /galeria/nivo-slider/demo/images/Banner-comparendo.jpg HTTP/1.1" 200 388762
186.85.59.98 - - [23/Nov/2014:10:04:34 -0500] "GET /Report2/rpt.jsp?migracion=111&id_rpt=17&currentTab=tab_33273&rnd=0.6357722921796826 HTTP/1.1" 200 13722
181.61.75.76 - - [23/Nov/2014:10:04:34 -0500] "GET /galeria/nivo-slider/demo/images/porloshumedales.jpg HTTP/1.1" 200 351238
186.85.59.98 - - [23/Nov/2014:10:04:34 -0500] "GET /Report2/loading.jsp?migracion=111&id_rpt=17&currentTab=tab_33273&rnd=0.6449535106765583 HTTP/1.1" 200 2740
186.85.59.98 - - [23/Nov/2014:10:04:35 -0500] "GET /Report2/serviceListados.jsp?queryId=rpt/infxidC&informe=8&a=0.7071904707700014 HTTP/1.1" 200 235
186.85.59.98 - - [23/Nov/2014:10:04:35 -0500] "GET /Report2/serviceListados.jsp?queryId=rpt/entidadxidC&nit=230&a=0.44172969995997846 HTTP/1.1" 200 246
181.61.75.76 - - [23/Nov/2014:10:04:35 -0500] "GET /galeria/nivo-slider/demo/images/Tingua-azul.jpg HTTP/1.1" 200 307638
181.61.75.76 - - [23/Nov/2014:10:04:35 -0500] "GET /galeria/nivo-slider/demo/images/Banner-Caracol-Africano.jpg HTTP/1.1" 200 331986
186.85.59.98 - - [23/Nov/2014:10:04:35 -0500] "POST /Report2/infReportada.jsp?rdmMapa=464207 HTTP/1.1" 200 37485
181.61.75.76 - - [23/Nov/2014:10:04:35 -0500] "GET /galeria/nivo-slider/demo/images/banner-redes.jpg HTTP/1.1" 200 62209
181.61.75.76 - - [23/Nov/2014:10:04:36 -0500] "GET /galeria/nivo-slider/demo/images/9Signos.jpg HTTP/1.1" 200 93040
181.61.75.76 - - [23/Nov/2014:10:04:37 -0500] "GET /galeria/nivo-slider/demo/images/banner-caballos.png HTTP/1.1" 200 389106
181.61.75.76 - - [23/Nov/2014:10:04:37 -0500] "GET /galeria/nivo-slider/demo/images/Hacienda_Molinos.jpg HTTP/1.1" 200 319171
181.61.75.76 - - [23/Nov/2014:10:04:37 -0500] "GET /galeria/nivo-slider/demo/images/bannerEcolecta3.jpg HTTP/1.1" 200 280034
181.61.75.76 - - [23/Nov/2014:10:04:37 -0500] "GET /galeria/nivo-slider/demo/images/4Simple_Slider.png HTTP/1.1" 200 11722
181.61.75.76 - - [23/Nov/2014:10:04:37 -0500] "GET /galeria/nivo-slider/themes/default/loading.gif HTTP/1.1" 200 1737
200.119.34.38 - - [23/Nov/2014:10:04:40 -0500] "GET /BLA/boletinlegal/js/jquery.scrollTo-min.js HTTP/1.1" 200 1150
200.119.34.38 - - [23/Nov/2014:10:04:40 -0500] "GET /BLA/boletinlegal/js/jquery.js HTTP/1.1" 200 57254
200.119.34.38 - - [23/Nov/2014:10:04:40 -0500] "GET /BLA/boletinlegal/js/jquery.scrollShow.js HTTP/1.1" 200 4586
181.61.75.76 - - [23/Nov/2014:10:04:41 -0500] "GET /galeria/nivo-slider/themes/default/bullets.png HTTP/1.1" 200 1281
181.61.75.76 - - [23/Nov/2014:10:04:41 -0500] "GET /galeria/nivo-slider/themes/default/arrows.png HTTP/1.1" 200 824
186.85.59.98 - - [23/Nov/2014:10:04:42 -0500] "GET /Report2/parameter?action=parametersReportMDX&id_rpt=17&currentTab=tab_presentacion HTTP/1.1" 200 6578
186.85.59.98 - - [23/Nov/2014:10:04:45 -0500] "POST /Report2/parameter?action=runReportMDX&json=true&listdep=nit&id_rpt=17&param_partNomauto=23 HTTP/1.1" 200 254
186.85.59.98 - - [23/Nov/2014:10:04:45 -0500] "POST /Report2/parameter?action=runReportMDX&json=true&listdep=nit&id_rpt=17&param_partNomauto=230 HTTP/1.1" 200 72
188.165.15.26 - - [23/Nov/2014:10:04:46 -0500] "GET /BLA/resoluciones/index.php?dir=AUTOS%202006/&sort=date&order=desc HTTP/1.1" 200 9518
186.85.59.98 - - [23/Nov/2014:10:04:46 -0500] "GET /Report2/parameter?action=runReportMDX&json=true&listdep=informe&id_rpt=17&param_nit=230 HTTP/1.1" 200 751
157.55.39.197 - - [23/Nov/2014:10:04:48 -0500] "GET /BLA/resoluciones/RESOLUCIONES%202010/0339.pdf HTTP/1.1" 200 536723
186.85.59.98 - - [23/Nov/2014:10:04:50 -0500] "GET /Report2/parameter?action=runReportMDX&json=true&listdep=FecBal&id_rpt=17&param_informe=8&param_nit=230 HTTP/1.1" 200 517
157.55.39.50 - - [23/Nov/2014:10:04:53 -0500] "GET /BLA/resoluciones/Resoluciones%202011/2141.pdf HTTP/1.1" 200 510939
186.85.59.98 - - [23/Nov/2014:10:04:52 -0500] "GET /Report2/parameter?action=runReportMDX&json=true&listdep=formato&id_rpt=17&param_informe=8&param_nit=230&param_FecBal=2013-12-31 HTTP/1.1" 200 138
186.85.59.98 - - [23/Nov/2014:10:04:56 -0500] "POST /Report2/rptManage.jsp?migracion=111 HTTP/1.1" 200 617
186.85.59.98 - - [23/Nov/2014:10:04:56 -0500] "GET /Report2/rpt.jsp?migracion=111&id_rpt=17&currentTab=tab_17579&rnd=0.496695602784181 HTTP/1.1" 200 13724
186.85.59.98 - - [23/Nov/2014:10:04:56 -0500] "GET /Report2/loading.jsp?migracion=111&id_rpt=17&currentTab=tab_17579&rnd=0.5300290538335434 HTTP/1.1" 200 2739
186.85.59.98 - - [23/Nov/2014:10:04:57 -0500] "GET /Report2/serviceListados.jsp?queryId=rpt/infxidC&informe=8&a=0.2800758422818035 HTTP/1.1" 200 235
186.85.59.98 - - [23/Nov/2014:10:04:57 -0500] "GET /Report2/serviceListados.jsp?queryId=rpt/entidadxidC&nit=230&a=0.8764121246058494 HTTP/1.1" 200 246
186.85.59.98 - - [23/Nov/2014:10:04:57 -0500] "POST /Report2/infReportada.jsp?rdmMapa=914408 HTTP/1.1" 200 48992
186.84.140.228 - - [23/Nov/2014:10:04:58 -0500] "GET /BLA/boletinlegal/js/jquery.js HTTP/1.1" 200 57254
186.84.140.228 - - [23/Nov/2014:10:04:58 -0500] "GET /BLA/boletinlegal/js/jquery.scrollTo-min.js HTTP/1.1" 200 1150
186.84.140.228 - - [23/Nov/2014:10:04:58 -0500] "GET /BLA/boletinlegal/js/jquery.scrollShow.js HTTP/1.1" 200 4586
186.84.140.228 - - [23/Nov/2014:10:04:58 -0500] "GET /galeria/carrusel/Carrusel/jquery.thumbnailScroller.css HTTP/1.1" 200 2066
186.84.140.228 - - [23/Nov/2014:10:04:58 -0500] "GET /galeria/carrusel/Carrusel/jquery-ui-1.8.13.custom.min.js HTTP/1.1" 200 10800
186.84.140.228 - - [23/Nov/2014:10:04:58 -0500] "GET /galeria/carrusel/Carrusel/jquery.thumbnailScroller.js HTTP/1.1" 200 8157
207.46.13.28 - - [23/Nov/2014:10:04:58 -0500] "GET /bla/resoluciones/resoluciones%202009/0307.pdf HTTP/1.1" 200 476589
186.85.59.98 - - [23/Nov/2014:10:04:58 -0500] "GET /Report2/parameter?action=parametersReportMDX&id_rpt=17&currentTab=tab_presentacion HTTP/1.1" 200 6578
207.46.13.28 - - [23/Nov/2014:10:04:59 -0500] "GET /bla/resoluciones/resoluciones%202009/1894.pdf HTTP/1.1" 200 350577
