190.66.107.70 - - [23/Nov/2014:09:06:08 -0500] "POST /forms/lservlet;jsessionid=ac16012b30d5bb66409031d94c33b8f2d7c0a6479156.e3iSbxaKaheRe34Sa3yKbhiTahb0n6jAmljGr5XDqQLvpAe HTTP/1.1" 200 10
190.253.143.172 - - [23/Nov/2014:09:06:09 -0500] "GET /BLA/boletinlegal/js/jquery.js HTTP/1.1" 200 57254
190.253.143.172 - - [23/Nov/2014:09:06:09 -0500] "GET /BLA/boletinlegal/js/jquery.scrollTo-min.js HTTP/1.1" 200 1150
190.253.143.172 - - [23/Nov/2014:09:06:09 -0500] "GET /BLA/boletinlegal/js/jquery.scrollShow.js HTTP/1.1" 200 4586
190.66.107.70 - - [23/Nov/2014:09:06:10 -0500] "POST /forms/lservlet;jsessionid=ac16012b30d5bb66409031d94c33b8f2d7c0a6479156.e3iSbxaKaheRe34Sa3yKbhiTahb0n6jAmljGr5XDqQLvpAe HTTP/1.1" 200 2
190.66.107.70 - - [23/Nov/2014:09:06:10 -0500] "POST /forms/lservlet;jsessionid=ac16012b30d5bb66409031d94c33b8f2d7c0a6479156.e3iSbxaKaheRe34Sa3yKbhiTahb0n6jAmljGr5XDqQLvpAe HTTP/1.1" 200 2941
190.66.107.70 - - [23/Nov/2014:09:06:10 -0500] "POST /forms/lservlet;jsessionid=ac16012b30d5bb66409031d94c33b8f2d7c0a6479156.e3iSbxaKaheRe34Sa3yKbhiTahb0n6jAmljGr5XDqQLvpAe HTTP/1.1" 200 2
157.55.39.102 - - [23/Nov/2014:09:06:10 -0500] "GET /bla/resoluciones/resoluciones%202009/1800.pdf HTTP/1.1" 200 770609
190.66.107.70 - - [23/Nov/2014:09:06:11 -0500] "POST /forms/lservlet;jsessionid=ac16012b30d5bb66409031d94c33b8f2d7c0a6479156.e3iSbxaKaheRe34Sa3yKbhiTahb0n6jAmljGr5XDqQLvpAe HTTP/1.1" 200 2
190.66.107.70 - - [23/Nov/2014:09:06:11 -0500] "POST /forms/lservlet;jsessionid=ac16012b30d5bb66409031d94c33b8f2d7c0a6479156.e3iSbxaKaheRe34Sa3yKbhiTahb0n6jAmljGr5XDqQLvpAe HTTP/1.1" 200 36
190.66.107.70 - - [23/Nov/2014:09:06:11 -0500] "POST /forms/lservlet;jsessionid=ac16012b30d5bb66409031d94c33b8f2d7c0a6479156.e3iSbxaKaheRe34Sa3yKbhiTahb0n6jAmljGr5XDqQLvpAe HTTP/1.1" 200 2
190.66.107.70 - - [23/Nov/2014:09:06:13 -0500] "POST /forms/lservlet;jsessionid=ac16012b30d5bb66409031d94c33b8f2d7c0a6479156.e3iSbxaKaheRe34Sa3yKbhiTahb0n6jAmljGr5XDqQLvpAe HTTP/1.1" 200 2
190.66.107.70 - - [23/Nov/2014:09:06:13 -0500] "POST /forms/lservlet;jsessionid=ac16012b30d5bb66409031d94c33b8f2d7c0a6479156.e3iSbxaKaheRe34Sa3yKbhiTahb0n6jAmljGr5XDqQLvpAe HTTP/1.1" 200 34
190.66.107.70 - - [23/Nov/2014:09:06:13 -0500] "POST /forms/lservlet;jsessionid=ac16012b30d5bb66409031d94c33b8f2d7c0a6479156.e3iSbxaKaheRe34Sa3yKbhiTahb0n6jAmljGr5XDqQLvpAe HTTP/1.1" 200 2
190.66.107.70 - - [23/Nov/2014:09:06:14 -0500] "POST /forms/lservlet;jsessionid=ac16012b30d5bb66409031d94c33b8f2d7c0a6479156.e3iSbxaKaheRe34Sa3yKbhiTahb0n6jAmljGr5XDqQLvpAe HTTP/1.1" 200 2
190.66.107.70 - - [23/Nov/2014:09:06:14 -0500] "POST /forms/lservlet;jsessionid=ac16012b30d5bb66409031d94c33b8f2d7c0a6479156.e3iSbxaKaheRe34Sa3yKbhiTahb0n6jAmljGr5XDqQLvpAe HTTP/1.1" 200 34
190.66.107.70 - - [23/Nov/2014:09:06:14 -0500] "POST /forms/lservlet;jsessionid=ac16012b30d5bb66409031d94c33b8f2d7c0a6479156.e3iSbxaKaheRe34Sa3yKbhiTahb0n6jAmljGr5XDqQLvpAe HTTP/1.1" 200 2
190.66.107.70 - - [23/Nov/2014:09:06:15 -0500] "POST /forms/lservlet;jsessionid=ac16012b30d5bb66409031d94c33b8f2d7c0a6479156.e3iSbxaKaheRe34Sa3yKbhiTahb0n6jAmljGr5XDqQLvpAe HTTP/1.1" 200 2
190.66.107.70 - - [23/Nov/2014:09:06:15 -0500] "POST /forms/lservlet;jsessionid=ac16012b30d5bb66409031d94c33b8f2d7c0a6479156.e3iSbxaKaheRe34Sa3yKbhiTahb0n6jAmljGr5XDqQLvpAe HTTP/1.1" 200 2430
190.66.107.70 - - [23/Nov/2014:09:06:16 -0500] "GET /imagenes/Srch_frw.gif HTTP/1.1" 200 925
190.66.107.70 - - [23/Nov/2014:09:06:16 -0500] "POST /forms/lservlet;jsessionid=ac16012b30d5bb66409031d94c33b8f2d7c0a6479156.e3iSbxaKaheRe34Sa3yKbhiTahb0n6jAmljGr5XDqQLvpAe HTTP/1.1" 200 10
190.66.107.70 - - [23/Nov/2014:09:06:17 -0500] "POST /forms/lservlet;jsessionid=ac16012b30d5bb66409031d94c33b8f2d7c0a6479156.e3iSbxaKaheRe34Sa3yKbhiTahb0n6jAmljGr5XDqQLvpAe HTTP/1.1" 200 30
207.46.13.28 - - [23/Nov/2014:09:06:25 -0500] "GET /BLA/resoluciones/AUTOS%202011/3608.pdf HTTP/1.1" 200 493133
190.66.107.70 - - [23/Nov/2014:09:06:30 -0500] "POST /forms/lservlet;jsessionid=ac16012b30d5bb66409031d94c33b8f2d7c0a6479156.e3iSbxaKaheRe34Sa3yKbhiTahb0n6jAmljGr5XDqQLvpAe HTTP/1.1" 200 24
190.66.107.70 - - [23/Nov/2014:09:06:30 -0500] "POST /forms/lservlet;jsessionid=ac16012b30d5bb66409031d94c33b8f2d7c0a6479156.e3iSbxaKaheRe34Sa3yKbhiTahb0n6jAmljGr5XDqQLvpAe HTTP/1.1" 200 14
190.66.107.70 - - [23/Nov/2014:09:06:31 -0500] "POST /forms/lservlet;jsessionid=ac16012b30d5bb66409031d94c33b8f2d7c0a6479156.e3iSbxaKaheRe34Sa3yKbhiTahb0n6jAmljGr5XDqQLvpAe HTTP/1.1" 200 14
157.55.39.102 - - [23/Nov/2014:09:06:33 -0500] "GET /BLA/resoluciones/AUTOS%202010/1452.pdf HTTP/1.1" 200 248459
190.27.182.157 - - [23/Nov/2014:09:06:33 -0500] "POST /forms/lservlet;jsessionid=ac16012b30d521959a9deb4243598249b10d8a62c94d.e3iSbxaKaheRe34Sa3yKbhiTahb0n6jAmljGr5XDqQLvpAe HTTP/1.1" 200 2
190.66.107.70 - - [23/Nov/2014:09:06:32 -0500] "POST /forms/lservlet;jsessionid=ac16012b30d5bb66409031d94c33b8f2d7c0a6479156.e3iSbxaKaheRe34Sa3yKbhiTahb0n6jAmljGr5XDqQLvpAe HTTP/1.1" 200 14
190.66.107.70 - - [23/Nov/2014:09:06:34 -0500] "POST /forms/lservlet;jsessionid=ac16012b30d5bb66409031d94c33b8f2d7c0a6479156.e3iSbxaKaheRe34Sa3yKbhiTahb0n6jAmljGr5XDqQLvpAe HTTP/1.1" 200 3302
190.66.107.70 - - [23/Nov/2014:09:06:34 -0500] "POST /forms/lservlet;jsessionid=ac16012b30d5bb66409031d94c33b8f2d7c0a6479156.e3iSbxaKaheRe34Sa3yKbhiTahb0n6jAmljGr5XDqQLvpAe HTTP/1.1" 200 20
157.55.39.197 - - [23/Nov/2014:09:06:35 -0500] "GET /bla/resoluciones/resoluciones%202009/0610.pdf HTTP/1.1" 200 303448
190.66.107.70 - - [23/Nov/2014:09:06:36 -0500] "POST /forms/lservlet;jsessionid=ac16012b30d5bb66409031d94c33b8f2d7c0a6479156.e3iSbxaKaheRe34Sa3yKbhiTahb0n6jAmljGr5XDqQLvpAe HTTP/1.1" 200 2
190.66.107.70 - - [23/Nov/2014:09:06:36 -0500] "POST /forms/lservlet;jsessionid=ac16012b30d5bb66409031d94c33b8f2d7c0a6479156.e3iSbxaKaheRe34Sa3yKbhiTahb0n6jAmljGr5XDqQLvpAe HTTP/1.1" 200 2168
190.66.107.70 - - [23/Nov/2014:09:06:36 -0500] "POST /forms/lservlet;jsessionid=ac16012b30d5bb66409031d94c33b8f2d7c0a6479156.e3iSbxaKaheRe34Sa3yKbhiTahb0n6jAmljGr5XDqQLvpAe HTTP/1.1" 200 10
190.66.107.70 - - [23/Nov/2014:09:06:37 -0500] "POST /forms/lservlet;jsessionid=ac16012b30d5bb66409031d94c33b8f2d7c0a6479156.e3iSbxaKaheRe34Sa3yKbhiTahb0n6jAmljGr5XDqQLvpAe HTTP/1.1" 200 2
190.66.107.70 - - [23/Nov/2014:09:06:37 -0500] "POST /forms/lservlet;jsessionid=ac16012b30d5bb66409031d94c33b8f2d7c0a6479156.e3iSbxaKaheRe34Sa3yKbhiTahb0n6jAmljGr5XDqQLvpAe HTTP/1.1" 200 2941
190.66.107.70 - - [23/Nov/2014:09:06:38 -0500] "POST /forms/lservlet;jsessionid=ac16012b30d5bb66409031d94c33b8f2d7c0a6479156.e3iSbxaKaheRe34Sa3yKbhiTahb0n6jAmljGr5XDqQLvpAe HTTP/1.1" 200 2
190.66.107.70 - - [23/Nov/2014:09:06:38 -0500] "POST /forms/lservlet;jsessionid=ac16012b30d5bb66409031d94c33b8f2d7c0a6479156.e3iSbxaKaheRe34Sa3yKbhiTahb0n6jAmljGr5XDqQLvpAe HTTP/1.1" 200 2
190.66.107.70 - - [23/Nov/2014:09:06:38 -0500] "POST /forms/lservlet;jsessionid=ac16012b30d5bb66409031d94c33b8f2d7c0a6479156.e3iSbxaKaheRe34Sa3yKbhiTahb0n6jAmljGr5XDqQLvpAe HTTP/1.1" 200 36
190.66.107.70 - - [23/Nov/2014:09:06:38 -0500] "POST /forms/lservlet;jsessionid=ac16012b30d5bb66409031d94c33b8f2d7c0a6479156.e3iSbxaKaheRe34Sa3yKbhiTahb0n6jAmljGr5XDqQLvpAe HTTP/1.1" 200 2
190.66.107.70 - - [23/Nov/2014:09:06:39 -0500] "POST /forms/lservlet;jsessionid=ac16012b30d5bb66409031d94c33b8f2d7c0a6479156.e3iSbxaKaheRe34Sa3yKbhiTahb0n6jAmljGr5XDqQLvpAe HTTP/1.1" 200 2
190.66.107.70 - - [23/Nov/2014:09:06:39 -0500] "POST /forms/lservlet;jsessionid=ac16012b30d5bb66409031d94c33b8f2d7c0a6479156.e3iSbxaKaheRe34Sa3yKbhiTahb0n6jAmljGr5XDqQLvpAe HTTP/1.1" 200 34
157.55.39.102 - - [23/Nov/2014:09:06:39 -0500] "GET /bla/resoluciones/resoluciones%202009/9088.pdf HTTP/1.1" 200 571350
190.66.107.70 - - [23/Nov/2014:09:06:39 -0500] "POST /forms/lservlet;jsessionid=ac16012b30d5bb66409031d94c33b8f2d7c0a6479156.e3iSbxaKaheRe34Sa3yKbhiTahb0n6jAmljGr5XDqQLvpAe HTTP/1.1" 200 2
190.66.107.70 - - [23/Nov/2014:09:06:40 -0500] "POST /forms/lservlet;jsessionid=ac16012b30d5bb66409031d94c33b8f2d7c0a6479156.e3iSbxaKaheRe34Sa3yKbhiTahb0n6jAmljGr5XDqQLvpAe HTTP/1.1" 200 2
190.66.107.70 - - [23/Nov/2014:09:06:40 -0500] "POST /forms/lservlet;jsessionid=ac16012b30d5bb66409031d94c33b8f2d7c0a6479156.e3iSbxaKaheRe34Sa3yKbhiTahb0n6jAmljGr5XDqQLvpAe HTTP/1.1" 200 34
190.66.107.70 - - [23/Nov/2014:09:06:40 -0500] "POST /forms/lservlet;jsessionid=ac16012b30d5bb66409031d94c33b8f2d7c0a6479156.e3iSbxaKaheRe34Sa3yKbhiTahb0n6jAmljGr5XDqQLvpAe HTTP/1.1" 200 2
190.66.107.70 - - [23/Nov/2014:09:06:42 -0500] "POST /forms/lservlet;jsessionid=ac16012b30d5bb66409031d94c33b8f2d7c0a6479156.e3iSbxaKaheRe34Sa3yKbhiTahb0n6jAmljGr5XDqQLvpAe HTTP/1.1" 200 2385
190.66.107.70 - - [23/Nov/2014:09:06:44 -0500] "POST /forms/lservlet;jsessionid=ac16012b30d5bb66409031d94c33b8f2d7c0a6479156.e3iSbxaKaheRe34Sa3yKbhiTahb0n6jAmljGr5XDqQLvpAe HTTP/1.1" 200 49
157.55.39.197 - - [23/Nov/2014:09:06:44 -0500] "GET /BLA/resoluciones/RESOLUCIONES%202009/5890.pdf HTTP/1.1" 200 709928
157.55.39.197 - - [23/Nov/2014:09:06:45 -0500] "GET /BLA/resoluciones/AUTOS%202009/2219.pdf HTTP/1.1" 200 123057
157.55.39.197 - - [23/Nov/2014:09:06:46 -0500] "GET /BLA/resoluciones/RESOLUCIONES%202010/1916.pdf HTTP/1.1" 200 599784
202.46.49.130 - - [23/Nov/2014:09:06:55 -0500] "GET /BLA/resoluciones/RESOLUCIONES%202010/2276.pdf HTTP/1.1" 200 349140
207.46.13.28 - - [23/Nov/2014:09:06:56 -0500] "GET /BLA/resoluciones/RESOLUCIONES%202008/0513.pdf HTTP/1.1" 200 213714
66.249.65.115 - - [23/Nov/2014:09:07:04 -0500] "GET /BLA/resoluciones/RESOLUCIONES%202010/2338.pdf HTTP/1.1" 200 522885
207.46.13.28 - - [23/Nov/2014:09:07:05 -0500] "GET /BLA/resoluciones/AUTOS%202010/1396.pdf HTTP/1.1" 200 241057
207.46.13.28 - - [23/Nov/2014:09:07:10 -0500] "GET /BLA/resoluciones/AUTOS%202011/2443.pdf HTTP/1.1" 200 148559
190.66.107.70 - - [23/Nov/2014:09:07:11 -0500] "POST /forms/lservlet;jsessionid=ac16012b30d5bb66409031d94c33b8f2d7c0a6479156.e3iSbxaKaheRe34Sa3yKbhiTahb0n6jAmljGr5XDqQLvpAe HTTP/1.1" 200 24
190.66.107.70 - - [23/Nov/2014:09:07:11 -0500] "POST /forms/lservlet;jsessionid=ac16012b30d5bb66409031d94c33b8f2d7c0a6479156.e3iSbxaKaheRe34Sa3yKbhiTahb0n6jAmljGr5XDqQLvpAe HTTP/1.1" 200 4046
190.66.107.70 - - [23/Nov/2014:09:07:12 -0500] "POST /forms/lservlet;jsessionid=ac16012b30d5bb66409031d94c33b8f2d7c0a6479156.e3iSbxaKaheRe34Sa3yKbhiTahb0n6jAmljGr5XDqQLvpAe HTTP/1.1" 200 20
190.66.107.70 - - [23/Nov/2014:09:07:17 -0500] "POST /forms/lservlet;jsessionid=ac16012b30d5bb66409031d94c33b8f2d7c0a6479156.e3iSbxaKaheRe34Sa3yKbhiTahb0n6jAmljGr5XDqQLvpAe HTTP/1.1" 200 2
190.66.107.70 - - [23/Nov/2014:09:07:17 -0500] "POST /forms/lservlet;jsessionid=ac16012b30d5bb66409031d94c33b8f2d7c0a6479156.e3iSbxaKaheRe34Sa3yKbhiTahb0n6jAmljGr5XDqQLvpAe HTTP/1.1" 200 89
190.66.107.70 - - [23/Nov/2014:09:07:18 -0500] "POST /forms/lservlet;jsessionid=ac16012b30d5bb66409031d94c33b8f2d7c0a6479156.e3iSbxaKaheRe34Sa3yKbhiTahb0n6jAmljGr5XDqQLvpAe HTTP/1.1" 200 2
190.66.107.70 - - [23/Nov/2014:09:07:18 -0500] "POST /forms/lservlet;jsessionid=ac16012b30d5bb66409031d94c33b8f2d7c0a6479156.e3iSbxaKaheRe34Sa3yKbhiTahb0n6jAmljGr5XDqQLvpAe HTTP/1.1" 200 2
190.66.107.70 - - [23/Nov/2014:09:07:19 -0500] "POST /forms/lservlet;jsessionid=ac16012b30d5bb66409031d94c33b8f2d7c0a6479156.e3iSbxaKaheRe34Sa3yKbhiTahb0n6jAmljGr5XDqQLvpAe HTTP/1.1" 200 28
207.46.13.28 - - [23/Nov/2014:09:07:20 -0500] "GET /BLA/resoluciones/RESOLUCIONES%202008/0504.pdf HTTP/1.1" 200 809257
190.66.107.70 - - [23/Nov/2014:09:07:22 -0500] "POST /forms/lservlet;jsessionid=ac16012b30d5bb66409031d94c33b8f2d7c0a6479156.e3iSbxaKaheRe34Sa3yKbhiTahb0n6jAmljGr5XDqQLvpAe HTTP/1.1" 200 2
188.165.15.85 - - [23/Nov/2014:09:07:23 -0500] "GET /BLA/resoluciones/RESOLUCIONES%202002/RES%202002%201751-1800/20021777.tif HTTP/1.1" 200 90614
190.66.107.70 - - [23/Nov/2014:09:07:22 -0500] "POST /forms/lservlet;jsessionid=ac16012b30d5bb66409031d94c33b8f2d7c0a6479156.e3iSbxaKaheRe34Sa3yKbhiTahb0n6jAmljGr5XDqQLvpAe HTTP/1.1" 200 14
190.66.107.70 - - [23/Nov/2014:09:07:23 -0500] "POST /forms/lservlet;jsessionid=ac16012b30d5bb66409031d94c33b8f2d7c0a6479156.e3iSbxaKaheRe34Sa3yKbhiTahb0n6jAmljGr5XDqQLvpAe HTTP/1.1" 200 14
190.66.107.70 - - [23/Nov/2014:09:07:24 -0500] "POST /forms/lservlet;jsessionid=ac16012b30d5bb66409031d94c33b8f2d7c0a6479156.e3iSbxaKaheRe34Sa3yKbhiTahb0n6jAmljGr5XDqQLvpAe HTTP/1.1" 200 14
190.66.107.70 - - [23/Nov/2014:09:07:26 -0500] "POST /forms/lservlet;jsessionid=ac16012b30d5bb66409031d94c33b8f2d7c0a6479156.e3iSbxaKaheRe34Sa3yKbhiTahb0n6jAmljGr5XDqQLvpAe HTTP/1.1" 200 130
190.66.107.70 - - [23/Nov/2014:09:07:27 -0500] "POST /forms/lservlet;jsessionid=ac16012b30d5bb66409031d94c33b8f2d7c0a6479156.e3iSbxaKaheRe34Sa3yKbhiTahb0n6jAmljGr5XDqQLvpAe HTTP/1.1" 200 2
190.66.107.70 - - [23/Nov/2014:09:07:36 -0500] "POST /forms/lservlet;jsessionid=ac16012b30d5bb66409031d94c33b8f2d7c0a6479156.e3iSbxaKaheRe34Sa3yKbhiTahb0n6jAmljGr5XDqQLvpAe HTTP/1.1" 200 2
190.66.107.70 - - [23/Nov/2014:09:07:36 -0500] "POST /forms/lservlet;jsessionid=ac16012b30d5bb66409031d94c33b8f2d7c0a6479156.e3iSbxaKaheRe34Sa3yKbhiTahb0n6jAmljGr5XDqQLvpAe HTTP/1.1" 200 14
157.55.39.50 - - [23/Nov/2014:09:07:37 -0500] "GET /BLA/resoluciones/RESOLUCIONES%202008/0977.pdf HTTP/1.1" 200 264185
190.66.107.70 - - [23/Nov/2014:09:07:37 -0500] "POST /forms/lservlet;jsessionid=ac16012b30d5bb66409031d94c33b8f2d7c0a6479156.e3iSbxaKaheRe34Sa3yKbhiTahb0n6jAmljGr5XDqQLvpAe HTTP/1.1" 200 116
190.66.107.70 - - [23/Nov/2014:09:07:38 -0500] "POST /forms/lservlet;jsessionid=ac16012b30d5bb66409031d94c33b8f2d7c0a6479156.e3iSbxaKaheRe34Sa3yKbhiTahb0n6jAmljGr5XDqQLvpAe HTTP/1.1" 200 2
180.76.5.60 - - [23/Nov/2014:09:07:40 -0500] "GET /videos/?C=D;O=A HTTP/1.1" 200 47950
207.46.13.28 - - [23/Nov/2014:09:07:41 -0500] "GET /bla/resoluciones/resoluciones%202009/7729.pdf HTTP/1.1" 200 560700
190.66.107.70 - - [23/Nov/2014:09:07:44 -0500] "POST /forms/lservlet;jsessionid=ac16012b30d5bb66409031d94c33b8f2d7c0a6479156.e3iSbxaKaheRe34Sa3yKbhiTahb0n6jAmljGr5XDqQLvpAe HTTP/1.1" 200 2
190.66.107.70 - - [23/Nov/2014:09:07:44 -0500] "POST /forms/lservlet;jsessionid=ac16012b30d5bb66409031d94c33b8f2d7c0a6479156.e3iSbxaKaheRe34Sa3yKbhiTahb0n6jAmljGr5XDqQLvpAe HTTP/1.1" 200 2960
190.66.107.70 - - [23/Nov/2014:09:07:45 -0500] "POST /forms/lservlet;jsessionid=ac16012b30d5bb66409031d94c33b8f2d7c0a6479156.e3iSbxaKaheRe34Sa3yKbhiTahb0n6jAmljGr5XDqQLvpAe HTTP/1.1" 200 2
186.147.66.232 - - [23/Nov/2014:09:07:48 -0500] "GET /forest/session.jsp?a=0.35008305544033647 HTTP/1.1" 200 4
190.66.107.70 - - [23/Nov/2014:09:07:51 -0500] "POST /forms/lservlet;jsessionid=ac16012b30d5bb66409031d94c33b8f2d7c0a6479156.e3iSbxaKaheRe34Sa3yKbhiTahb0n6jAmljGr5XDqQLvpAe HTTP/1.1" 200 2
190.66.107.70 - - [23/Nov/2014:09:07:51 -0500] "POST /forms/lservlet;jsessionid=ac16012b30d5bb66409031d94c33b8f2d7c0a6479156.e3iSbxaKaheRe34Sa3yKbhiTahb0n6jAmljGr5XDqQLvpAe HTTP/1.1" 200 14
190.66.107.70 - - [23/Nov/2014:09:07:52 -0500] "POST /forms/lservlet;jsessionid=ac16012b30d5bb66409031d94c33b8f2d7c0a6479156.e3iSbxaKaheRe34Sa3yKbhiTahb0n6jAmljGr5XDqQLvpAe HTTP/1.1" 200 112
190.66.107.70 - - [23/Nov/2014:09:07:53 -0500] "POST /forms/lservlet;jsessionid=ac16012b30d5bb66409031d94c33b8f2d7c0a6479156.e3iSbxaKaheRe34Sa3yKbhiTahb0n6jAmljGr5XDqQLvpAe HTTP/1.1" 200 2
190.66.107.70 - - [23/Nov/2014:09:07:57 -0500] "POST /forms/lservlet;jsessionid=ac16012b30d5bb66409031d94c33b8f2d7c0a6479156.e3iSbxaKaheRe34Sa3yKbhiTahb0n6jAmljGr5XDqQLvpAe HTTP/1.1" 200 2
190.66.107.70 - - [23/Nov/2014:09:07:58 -0500] "POST /forms/lservlet;jsessionid=ac16012b30d5bb66409031d94c33b8f2d7c0a6479156.e3iSbxaKaheRe34Sa3yKbhiTahb0n6jAmljGr5XDqQLvpAe HTTP/1.1" 200 14
190.66.107.70 - - [23/Nov/2014:09:07:59 -0500] "POST /forms/lservlet;jsessionid=ac16012b30d5bb66409031d94c33b8f2d7c0a6479156.e3iSbxaKaheRe34Sa3yKbhiTahb0n6jAmljGr5XDqQLvpAe HTTP/1.1" 200 116
190.66.107.70 - - [23/Nov/2014:09:07:59 -0500] "POST /forms/lservlet;jsessionid=ac16012b30d5bb66409031d94c33b8f2d7c0a6479156.e3iSbxaKaheRe34Sa3yKbhiTahb0n6jAmljGr5XDqQLvpAe HTTP/1.1" 200 2
190.66.107.70 - - [23/Nov/2014:09:08:04 -0500] "POST /forms/lservlet;jsessionid=ac16012b30d5bb66409031d94c33b8f2d7c0a6479156.e3iSbxaKaheRe34Sa3yKbhiTahb0n6jAmljGr5XDqQLvpAe HTTP/1.1" 200 2
190.66.107.70 - - [23/Nov/2014:09:08:04 -0500] "POST /forms/lservlet;jsessionid=ac16012b30d5bb66409031d94c33b8f2d7c0a6479156.e3iSbxaKaheRe34Sa3yKbhiTahb0n6jAmljGr5XDqQLvpAe HTTP/1.1" 200 2236
190.66.107.70 - - [23/Nov/2014:09:08:04 -0500] "POST /forms/lservlet;jsessionid=ac16012b30d5bb66409031d94c33b8f2d7c0a6479156.e3iSbxaKaheRe34Sa3yKbhiTahb0n6jAmljGr5XDqQLvpAe HTTP/1.1" 200 10
190.66.107.70 - - [23/Nov/2014:09:08:06 -0500] "POST /forms/lservlet;jsessionid=ac16012b30d5bb66409031d94c33b8f2d7c0a6479156.e3iSbxaKaheRe34Sa3yKbhiTahb0n6jAmljGr5XDqQLvpAe HTTP/1.1" 200 2
190.66.107.70 - - [23/Nov/2014:09:08:06 -0500] "POST /forms/lservlet;jsessionid=ac16012b30d5bb66409031d94c33b8f2d7c0a6479156.e3iSbxaKaheRe34Sa3yKbhiTahb0n6jAmljGr5XDqQLvpAe HTTP/1.1" 200 3067
190.66.107.70 - - [23/Nov/2014:09:08:06 -0500] "POST /forms/lservlet;jsessionid=ac16012b30d5bb66409031d94c33b8f2d7c0a6479156.e3iSbxaKaheRe34Sa3yKbhiTahb0n6jAmljGr5XDqQLvpAe HTTP/1.1" 200 2
190.66.107.70 - - [23/Nov/2014:09:08:06 -0500] "POST /forms/lservlet;jsessionid=ac16012b30d5bb66409031d94c33b8f2d7c0a6479156.e3iSbxaKaheRe34Sa3yKbhiTahb0n6jAmljGr5XDqQLvpAe HTTP/1.1" 200 2
190.66.107.70 - - [23/Nov/2014:09:08:09 -0500] "POST /forms/lservlet;jsessionid=ac16012b30d5bb66409031d94c33b8f2d7c0a6479156.e3iSbxaKaheRe34Sa3yKbhiTahb0n6jAmljGr5XDqQLvpAe HTTP/1.1" 200 99
207.46.13.28 - - [23/Nov/2014:09:08:13 -0500] "GET /bla/resoluciones/resoluciones%202010/5886.pdf HTTP/1.1" 200 76569
186.113.10.143 - - [23/Nov/2014:09:08:14 -0500] "GET /galeria/nivo-slider/demo/demo.html HTTP/1.1" 304 -
186.147.66.232 - - [23/Nov/2014:09:02:14 -0500] "GET /ForestMSG_SDA/channelAsync/template_word_16942972?X-Atmosphere-tracking-id=a87dbd06-7840-84f4-2dfb-2e2d06df805f&X-Atmosphere-Framework=1.0.5&X-Atmosphere-Transport=long-polling&tabid=0.8218463615048677&X-Cache-Date=0&Content-Type=application/xml&_=1416751487092 HTTP/1.1" 200 8193
190.66.107.70 - - [23/Nov/2014:09:08:16 -0500] "POST /forms/lservlet;jsessionid=ac16012b30d5bb66409031d94c33b8f2d7c0a6479156.e3iSbxaKaheRe34Sa3yKbhiTahb0n6jAmljGr5XDqQLvpAe HTTP/1.1" 200 2
190.66.107.70 - - [23/Nov/2014:09:08:16 -0500] "POST /forms/lservlet;jsessionid=ac16012b30d5bb66409031d94c33b8f2d7c0a6479156.e3iSbxaKaheRe34Sa3yKbhiTahb0n6jAmljGr5XDqQLvpAe HTTP/1.1" 200 3224
190.66.107.70 - - [23/Nov/2014:09:08:16 -0500] "POST /forms/lservlet;jsessionid=ac16012b30d5bb66409031d94c33b8f2d7c0a6479156.e3iSbxaKaheRe34Sa3yKbhiTahb0n6jAmljGr5XDqQLvpAe HTTP/1.1" 200 20
190.66.107.70 - - [23/Nov/2014:09:08:17 -0500] "POST /forms/lservlet;jsessionid=ac16012b30d5bb66409031d94c33b8f2d7c0a6479156.e3iSbxaKaheRe34Sa3yKbhiTahb0n6jAmljGr5XDqQLvpAe HTTP/1.1" 200 2
190.66.107.70 - - [23/Nov/2014:09:08:17 -0500] "POST /forms/lservlet;jsessionid=ac16012b30d5bb66409031d94c33b8f2d7c0a6479156.e3iSbxaKaheRe34Sa3yKbhiTahb0n6jAmljGr5XDqQLvpAe HTTP/1.1" 200 35
190.66.107.70 - - [23/Nov/2014:09:08:17 -0500] "POST /forms/lservlet;jsessionid=ac16012b30d5bb66409031d94c33b8f2d7c0a6479156.e3iSbxaKaheRe34Sa3yKbhiTahb0n6jAmljGr5XDqQLvpAe HTTP/1.1" 200 2
190.66.107.70 - - [23/Nov/2014:09:08:18 -0500] "POST /forms/lservlet;jsessionid=ac16012b30d5bb66409031d94c33b8f2d7c0a6479156.e3iSbxaKaheRe34Sa3yKbhiTahb0n6jAmljGr5XDqQLvpAe HTTP/1.1" 200 2
190.66.107.70 - - [23/Nov/2014:09:08:18 -0500] "POST /forms/lservlet;jsessionid=ac16012b30d5bb66409031d94c33b8f2d7c0a6479156.e3iSbxaKaheRe34Sa3yKbhiTahb0n6jAmljGr5XDqQLvpAe HTTP/1.1" 200 34
190.66.107.70 - - [23/Nov/2014:09:08:18 -0500] "POST /forms/lservlet;jsessionid=ac16012b30d5bb66409031d94c33b8f2d7c0a6479156.e3iSbxaKaheRe34Sa3yKbhiTahb0n6jAmljGr5XDqQLvpAe HTTP/1.1" 200 2
157.55.39.50 - - [23/Nov/2014:09:08:19 -0500] "GET /BLA/resoluciones/Resoluciones%202011/2096.pdf HTTP/1.1" 200 374505
190.66.107.70 - - [23/Nov/2014:09:08:19 -0500] "POST /forms/lservlet;jsessionid=ac16012b30d5bb66409031d94c33b8f2d7c0a6479156.e3iSbxaKaheRe34Sa3yKbhiTahb0n6jAmljGr5XDqQLvpAe HTTP/1.1" 200 2352
157.55.39.50 - - [23/Nov/2014:09:08:21 -0500] "GET /BLA/resoluciones/RESOLUCIONES%202008/0266.pdf HTTP/1.1" 200 47700
157.55.39.50 - - [23/Nov/2014:09:08:22 -0500] "GET /BLA/resoluciones/RESOLUCIONES%202008/1678.pdf HTTP/1.1" 200 69533
157.55.39.102 - - [23/Nov/2014:09:08:24 -0500] "GET /bla/resoluciones/resoluciones%202009/8991.pdf HTTP/1.1" 200 544729
190.66.107.70 - - [23/Nov/2014:09:08:27 -0500] "POST /forms/lservlet;jsessionid=ac16012b30d5bb66409031d94c33b8f2d7c0a6479156.e3iSbxaKaheRe34Sa3yKbhiTahb0n6jAmljGr5XDqQLvpAe HTTP/1.1" 200 24
190.66.107.70 - - [23/Nov/2014:09:08:27 -0500] "POST /forms/lservlet;jsessionid=ac16012b30d5bb66409031d94c33b8f2d7c0a6479156.e3iSbxaKaheRe34Sa3yKbhiTahb0n6jAmljGr5XDqQLvpAe HTTP/1.1" 200 3930
190.66.107.70 - - [23/Nov/2014:09:08:28 -0500] "POST /forms/lservlet;jsessionid=ac16012b30d5bb66409031d94c33b8f2d7c0a6479156.e3iSbxaKaheRe34Sa3yKbhiTahb0n6jAmljGr5XDqQLvpAe HTTP/1.1" 200 2
157.55.39.197 - - [23/Nov/2014:09:08:29 -0500] "GET /BLA/resoluciones/RESOLUCIONES%202010/0408.pdf HTTP/1.1" 200 458546
157.55.39.197 - - [23/Nov/2014:09:08:30 -0500] "GET /BLA/resoluciones/AUTOS%202011/5941.pdf HTTP/1.1" 200 240593
190.27.182.157 - - [23/Nov/2014:09:08:33 -0500] "POST /forms/lservlet;jsessionid=ac16012b30d521959a9deb4243598249b10d8a62c94d.e3iSbxaKaheRe34Sa3yKbhiTahb0n6jAmljGr5XDqQLvpAe HTTP/1.1" 200 2
190.66.107.70 - - [23/Nov/2014:09:08:37 -0500] "POST /forms/lservlet;jsessionid=ac16012b30d5bb66409031d94c33b8f2d7c0a6479156.e3iSbxaKaheRe34Sa3yKbhiTahb0n6jAmljGr5XDqQLvpAe HTTP/1.1" 200 2302
157.55.39.50 - - [23/Nov/2014:09:08:38 -0500] "-" 408 -
190.66.107.70 - - [23/Nov/2014:09:08:38 -0500] "POST /forms/lservlet;jsessionid=ac16012b30d5bb66409031d94c33b8f2d7c0a6479156.e3iSbxaKaheRe34Sa3yKbhiTahb0n6jAmljGr5XDqQLvpAe HTTP/1.1" 200 49
207.46.13.28 - - [23/Nov/2014:09:08:39 -0500] "-" 408 -
207.46.13.28 - - [23/Nov/2014:09:08:46 -0500] "GET /bla/resoluciones/resoluciones%202009/2452.pdf HTTP/1.1" 200 428960
157.55.39.102 - - [23/Nov/2014:09:08:54 -0500] "GET /BLA/resoluciones/RESOLUCIONES%202007/RES%202007%20801%20AL%20900/RESOLUCION%200822%20DE%202007.pdf HTTP/1.1" 200 241599
190.66.107.70 - - [23/Nov/2014:09:08:56 -0500] "POST /forms/lservlet;jsessionid=ac16012b30d5bb66409031d94c33b8f2d7c0a6479156.e3iSbxaKaheRe34Sa3yKbhiTahb0n6jAmljGr5XDqQLvpAe HTTP/1.1" 200 24
190.66.107.70 - - [23/Nov/2014:09:08:56 -0500] "POST /forms/lservlet;jsessionid=ac16012b30d5bb66409031d94c33b8f2d7c0a6479156.e3iSbxaKaheRe34Sa3yKbhiTahb0n6jAmljGr5XDqQLvpAe HTTP/1.1" 200 4506
190.66.107.70 - - [23/Nov/2014:09:08:57 -0500] "POST /forms/lservlet;jsessionid=ac16012b30d5bb66409031d94c33b8f2d7c0a6479156.e3iSbxaKaheRe34Sa3yKbhiTahb0n6jAmljGr5XDqQLvpAe HTTP/1.1" 200 20
207.46.13.28 - - [23/Nov/2014:09:08:58 -0500] "GET /BLA/resoluciones/AUTOS%202011/2216.pdf HTTP/1.1" 200 120178
190.66.107.70 - - [23/Nov/2014:09:09:00 -0500] "POST /forms/lservlet;jsessionid=ac16012b30d5bb66409031d94c33b8f2d7c0a6479156.e3iSbxaKaheRe34Sa3yKbhiTahb0n6jAmljGr5XDqQLvpAe HTTP/1.1" 200 2
190.66.107.70 - - [23/Nov/2014:09:09:00 -0500] "POST /forms/lservlet;jsessionid=ac16012b30d5bb66409031d94c33b8f2d7c0a6479156.e3iSbxaKaheRe34Sa3yKbhiTahb0n6jAmljGr5XDqQLvpAe HTTP/1.1" 200 3326
190.66.107.70 - - [23/Nov/2014:09:09:00 -0500] "POST /forms/lservlet;jsessionid=ac16012b30d5bb66409031d94c33b8f2d7c0a6479156.e3iSbxaKaheRe34Sa3yKbhiTahb0n6jAmljGr5XDqQLvpAe HTTP/1.1" 200 2
190.66.107.70 - - [23/Nov/2014:09:09:03 -0500] "POST /forms/lservlet;jsessionid=ac16012b30d5bb66409031d94c33b8f2d7c0a6479156.e3iSbxaKaheRe34Sa3yKbhiTahb0n6jAmljGr5XDqQLvpAe HTTP/1.1" 200 2
190.66.107.70 - - [23/Nov/2014:09:09:03 -0500] "POST /forms/lservlet;jsessionid=ac16012b30d5bb66409031d94c33b8f2d7c0a6479156.e3iSbxaKaheRe34Sa3yKbhiTahb0n6jAmljGr5XDqQLvpAe HTTP/1.1" 200 3316
190.66.107.70 - - [23/Nov/2014:09:09:03 -0500] "POST /forms/lservlet;jsessionid=ac16012b30d5bb66409031d94c33b8f2d7c0a6479156.e3iSbxaKaheRe34Sa3yKbhiTahb0n6jAmljGr5XDqQLvpAe HTTP/1.1" 200 2
190.66.107.70 - - [23/Nov/2014:09:09:04 -0500] "POST /forms/lservlet;jsessionid=ac16012b30d5bb66409031d94c33b8f2d7c0a6479156.e3iSbxaKaheRe34Sa3yKbhiTahb0n6jAmljGr5XDqQLvpAe HTTP/1.1" 200 2
190.66.107.70 - - [23/Nov/2014:09:09:04 -0500] "POST /forms/lservlet;jsessionid=ac16012b30d5bb66409031d94c33b8f2d7c0a6479156.e3iSbxaKaheRe34Sa3yKbhiTahb0n6jAmljGr5XDqQLvpAe HTTP/1.1" 200 3154
190.66.107.70 - - [23/Nov/2014:09:09:05 -0500] "POST /forms/lservlet;jsessionid=ac16012b30d5bb66409031d94c33b8f2d7c0a6479156.e3iSbxaKaheRe34Sa3yKbhiTahb0n6jAmljGr5XDqQLvpAe HTTP/1.1" 200 2
190.66.107.70 - - [23/Nov/2014:09:09:05 -0500] "POST /forms/lservlet;jsessionid=ac16012b30d5bb66409031d94c33b8f2d7c0a6479156.e3iSbxaKaheRe34Sa3yKbhiTahb0n6jAmljGr5XDqQLvpAe HTTP/1.1" 200 2
190.66.107.70 - - [23/Nov/2014:09:09:05 -0500] "POST /forms/lservlet;jsessionid=ac16012b30d5bb66409031d94c33b8f2d7c0a6479156.e3iSbxaKaheRe34Sa3yKbhiTahb0n6jAmljGr5XDqQLvpAe HTTP/1.1" 200 2699
190.66.107.70 - - [23/Nov/2014:09:09:06 -0500] "POST /forms/lservlet;jsessionid=ac16012b30d5bb66409031d94c33b8f2d7c0a6479156.e3iSbxaKaheRe34Sa3yKbhiTahb0n6jAmljGr5XDqQLvpAe HTTP/1.1" 200 2
190.66.107.70 - - [23/Nov/2014:09:09:06 -0500] "POST /forms/lservlet;jsessionid=ac16012b30d5bb66409031d94c33b8f2d7c0a6479156.e3iSbxaKaheRe34Sa3yKbhiTahb0n6jAmljGr5XDqQLvpAe HTTP/1.1" 200 2
190.66.107.70 - - [23/Nov/2014:09:09:06 -0500] "POST /forms/lservlet;jsessionid=ac16012b30d5bb66409031d94c33b8f2d7c0a6479156.e3iSbxaKaheRe34Sa3yKbhiTahb0n6jAmljGr5XDqQLvpAe HTTP/1.1" 200 2948
190.66.107.70 - - [23/Nov/2014:09:09:07 -0500] "POST /forms/lservlet;jsessionid=ac16012b30d5bb66409031d94c33b8f2d7c0a6479156.e3iSbxaKaheRe34Sa3yKbhiTahb0n6jAmljGr5XDqQLvpAe HTTP/1.1" 200 2
190.66.107.70 - - [23/Nov/2014:09:09:08 -0500] "POST /forms/lservlet;jsessionid=ac16012b30d5bb66409031d94c33b8f2d7c0a6479156.e3iSbxaKaheRe34Sa3yKbhiTahb0n6jAmljGr5XDqQLvpAe HTTP/1.1" 200 2
190.66.107.70 - - [23/Nov/2014:09:09:08 -0500] "POST /forms/lservlet;jsessionid=ac16012b30d5bb66409031d94c33b8f2d7c0a6479156.e3iSbxaKaheRe34Sa3yKbhiTahb0n6jAmljGr5XDqQLvpAe HTTP/1.1" 200 3531
190.66.107.70 - - [23/Nov/2014:09:09:08 -0500] "POST /forms/lservlet;jsessionid=ac16012b30d5bb66409031d94c33b8f2d7c0a6479156.e3iSbxaKaheRe34Sa3yKbhiTahb0n6jAmljGr5XDqQLvpAe HTTP/1.1" 200 2
157.55.39.197 - - [23/Nov/2014:09:09:09 -0500] "GET /BLA/resoluciones/AUTOS%202009/1674.pdf HTTP/1.1" 200 124095
190.66.107.70 - - [23/Nov/2014:09:09:09 -0500] "POST /forms/lservlet;jsessionid=ac16012b30d5bb66409031d94c33b8f2d7c0a6479156.e3iSbxaKaheRe34Sa3yKbhiTahb0n6jAmljGr5XDqQLvpAe HTTP/1.1" 200 2
190.66.107.70 - - [23/Nov/2014:09:09:09 -0500] "POST /forms/lservlet;jsessionid=ac16012b30d5bb66409031d94c33b8f2d7c0a6479156.e3iSbxaKaheRe34Sa3yKbhiTahb0n6jAmljGr5XDqQLvpAe HTTP/1.1" 200 2196
190.66.107.70 - - [23/Nov/2014:09:09:10 -0500] "POST /forms/lservlet;jsessionid=ac16012b30d5bb66409031d94c33b8f2d7c0a6479156.e3iSbxaKaheRe34Sa3yKbhiTahb0n6jAmljGr5XDqQLvpAe HTTP/1.1" 200 2
190.66.107.70 - - [23/Nov/2014:09:09:10 -0500] "POST /forms/lservlet;jsessionid=ac16012b30d5bb66409031d94c33b8f2d7c0a6479156.e3iSbxaKaheRe34Sa3yKbhiTahb0n6jAmljGr5XDqQLvpAe HTTP/1.1" 200 2
190.66.107.70 - - [23/Nov/2014:09:09:11 -0500] "POST /forms/lservlet;jsessionid=ac16012b30d5bb66409031d94c33b8f2d7c0a6479156.e3iSbxaKaheRe34Sa3yKbhiTahb0n6jAmljGr5XDqQLvpAe HTTP/1.1" 200 3547
190.66.107.70 - - [23/Nov/2014:09:09:11 -0500] "POST /forms/lservlet;jsessionid=ac16012b30d5bb66409031d94c33b8f2d7c0a6479156.e3iSbxaKaheRe34Sa3yKbhiTahb0n6jAmljGr5XDqQLvpAe HTTP/1.1" 200 2
190.66.107.70 - - [23/Nov/2014:09:09:12 -0500] "POST /forms/lservlet;jsessionid=ac16012b30d5bb66409031d94c33b8f2d7c0a6479156.e3iSbxaKaheRe34Sa3yKbhiTahb0n6jAmljGr5XDqQLvpAe HTTP/1.1" 200 2
190.66.107.70 - - [23/Nov/2014:09:09:12 -0500] "POST /forms/lservlet;jsessionid=ac16012b30d5bb66409031d94c33b8f2d7c0a6479156.e3iSbxaKaheRe34Sa3yKbhiTahb0n6jAmljGr5XDqQLvpAe HTTP/1.1" 200 2339
190.66.107.70 - - [23/Nov/2014:09:09:13 -0500] "POST /forms/lservlet;jsessionid=ac16012b30d5bb66409031d94c33b8f2d7c0a6479156.e3iSbxaKaheRe34Sa3yKbhiTahb0n6jAmljGr5XDqQLvpAe HTTP/1.1" 200 2
190.66.107.70 - - [23/Nov/2014:09:09:13 -0500] "POST /forms/lservlet;jsessionid=ac16012b30d5bb66409031d94c33b8f2d7c0a6479156.e3iSbxaKaheRe34Sa3yKbhiTahb0n6jAmljGr5XDqQLvpAe HTTP/1.1" 200 2
190.66.107.70 - - [23/Nov/2014:09:09:13 -0500] "POST /forms/lservlet;jsessionid=ac16012b30d5bb66409031d94c33b8f2d7c0a6479156.e3iSbxaKaheRe34Sa3yKbhiTahb0n6jAmljGr5XDqQLvpAe HTTP/1.1" 200 3637
190.66.107.70 - - [23/Nov/2014:09:09:14 -0500] "POST /forms/lservlet;jsessionid=ac16012b30d5bb66409031d94c33b8f2d7c0a6479156.e3iSbxaKaheRe34Sa3yKbhiTahb0n6jAmljGr5XDqQLvpAe HTTP/1.1" 200 2
190.66.107.70 - - [23/Nov/2014:09:09:15 -0500] "POST /forms/lservlet;jsessionid=ac16012b30d5bb66409031d94c33b8f2d7c0a6479156.e3iSbxaKaheRe34Sa3yKbhiTahb0n6jAmljGr5XDqQLvpAe HTTP/1.1" 200 2
190.66.107.70 - - [23/Nov/2014:09:09:15 -0500] "POST /forms/lservlet;jsessionid=ac16012b30d5bb66409031d94c33b8f2d7c0a6479156.e3iSbxaKaheRe34Sa3yKbhiTahb0n6jAmljGr5XDqQLvpAe HTTP/1.1" 200 3416
190.66.107.70 - - [23/Nov/2014:09:09:15 -0500] "POST /forms/lservlet;jsessionid=ac16012b30d5bb66409031d94c33b8f2d7c0a6479156.e3iSbxaKaheRe34Sa3yKbhiTahb0n6jAmljGr5XDqQLvpAe HTTP/1.1" 200 2
180.76.5.71 - - [23/Nov/2014:09:09:15 -0500] "GET /BLA/resoluciones/RESOLUCIONES%202010/1683.pdf HTTP/1.1" 200 443735
190.66.107.70 - - [23/Nov/2014:09:09:16 -0500] "POST /forms/lservlet;jsessionid=ac16012b30d5bb66409031d94c33b8f2d7c0a6479156.e3iSbxaKaheRe34Sa3yKbhiTahb0n6jAmljGr5XDqQLvpAe HTTP/1.1" 200 2
190.66.107.70 - - [23/Nov/2014:09:09:16 -0500] "POST /forms/lservlet;jsessionid=ac16012b30d5bb66409031d94c33b8f2d7c0a6479156.e3iSbxaKaheRe34Sa3yKbhiTahb0n6jAmljGr5XDqQLvpAe HTTP/1.1" 200 4025
190.66.107.70 - - [23/Nov/2014:09:09:17 -0500] "POST /forms/lservlet;jsessionid=ac16012b30d5bb66409031d94c33b8f2d7c0a6479156.e3iSbxaKaheRe34Sa3yKbhiTahb0n6jAmljGr5XDqQLvpAe HTTP/1.1" 200 2
190.66.107.70 - - [23/Nov/2014:09:09:17 -0500] "POST /forms/lservlet;jsessionid=ac16012b30d5bb66409031d94c33b8f2d7c0a6479156.e3iSbxaKaheRe34Sa3yKbhiTahb0n6jAmljGr5XDqQLvpAe HTTP/1.1" 200 2
190.66.107.70 - - [23/Nov/2014:09:09:17 -0500] "POST /forms/lservlet;jsessionid=ac16012b30d5bb66409031d94c33b8f2d7c0a6479156.e3iSbxaKaheRe34Sa3yKbhiTahb0n6jAmljGr5XDqQLvpAe HTTP/1.1" 200 3449
190.66.107.70 - - [23/Nov/2014:09:09:18 -0500] "POST /forms/lservlet;jsessionid=ac16012b30d5bb66409031d94c33b8f2d7c0a6479156.e3iSbxaKaheRe34Sa3yKbhiTahb0n6jAmljGr5XDqQLvpAe HTTP/1.1" 200 2
190.66.107.70 - - [23/Nov/2014:09:09:18 -0500] "POST /forms/lservlet;jsessionid=ac16012b30d5bb66409031d94c33b8f2d7c0a6479156.e3iSbxaKaheRe34Sa3yKbhiTahb0n6jAmljGr5XDqQLvpAe HTTP/1.1" 200 2
157.55.39.50 - - [23/Nov/2014:09:09:19 -0500] "GET /bla/resoluciones/resoluciones%202010/6064.pdf HTTP/1.1" 200 400505
190.66.107.70 - - [23/Nov/2014:09:09:19 -0500] "POST /forms/lservlet;jsessionid=ac16012b30d5bb66409031d94c33b8f2d7c0a6479156.e3iSbxaKaheRe34Sa3yKbhiTahb0n6jAmljGr5XDqQLvpAe HTTP/1.1" 200 3295
190.66.107.70 - - [23/Nov/2014:09:09:19 -0500] "POST /forms/lservlet;jsessionid=ac16012b30d5bb66409031d94c33b8f2d7c0a6479156.e3iSbxaKaheRe34Sa3yKbhiTahb0n6jAmljGr5XDqQLvpAe HTTP/1.1" 200 2
157.55.39.50 - - [23/Nov/2014:09:09:19 -0500] "GET /BLA/resoluciones/RESOLUCIONES%202012/0218.pdf HTTP/1.1" 200 509163
190.66.107.70 - - [23/Nov/2014:09:09:20 -0500] "POST /forms/lservlet;jsessionid=ac16012b30d5bb66409031d94c33b8f2d7c0a6479156.e3iSbxaKaheRe34Sa3yKbhiTahb0n6jAmljGr5XDqQLvpAe HTTP/1.1" 200 2
190.66.107.70 - - [23/Nov/2014:09:09:20 -0500] "POST /forms/lservlet;jsessionid=ac16012b30d5bb66409031d94c33b8f2d7c0a6479156.e3iSbxaKaheRe34Sa3yKbhiTahb0n6jAmljGr5XDqQLvpAe HTTP/1.1" 200 3263
190.66.107.70 - - [23/Nov/2014:09:09:20 -0500] "POST /forms/lservlet;jsessionid=ac16012b30d5bb66409031d94c33b8f2d7c0a6479156.e3iSbxaKaheRe34Sa3yKbhiTahb0n6jAmljGr5XDqQLvpAe HTTP/1.1" 200 2
190.66.107.70 - - [23/Nov/2014:09:09:21 -0500] "POST /forms/lservlet;jsessionid=ac16012b30d5bb66409031d94c33b8f2d7c0a6479156.e3iSbxaKaheRe34Sa3yKbhiTahb0n6jAmljGr5XDqQLvpAe HTTP/1.1" 200 2
190.66.107.70 - - [23/Nov/2014:09:09:21 -0500] "POST /forms/lservlet;jsessionid=ac16012b30d5bb66409031d94c33b8f2d7c0a6479156.e3iSbxaKaheRe34Sa3yKbhiTahb0n6jAmljGr5XDqQLvpAe HTTP/1.1" 200 2230
190.66.107.70 - - [23/Nov/2014:09:09:22 -0500] "POST /forms/lservlet;jsessionid=ac16012b30d5bb66409031d94c33b8f2d7c0a6479156.e3iSbxaKaheRe34Sa3yKbhiTahb0n6jAmljGr5XDqQLvpAe HTTP/1.1" 200 2
190.66.107.70 - - [23/Nov/2014:09:09:24 -0500] "POST /forms/lservlet;jsessionid=ac16012b30d5bb66409031d94c33b8f2d7c0a6479156.e3iSbxaKaheRe34Sa3yKbhiTahb0n6jAmljGr5XDqQLvpAe HTTP/1.1" 200 2
188.165.15.136 - - [23/Nov/2014:09:09:24 -0500] "GET /BLA/resoluciones/RESOLUCIONES%202006/RES%202006%202101-2150/00002118.tif HTTP/1.1" 200 203652
190.66.107.70 - - [23/Nov/2014:09:09:24 -0500] "POST /forms/lservlet;jsessionid=ac16012b30d5bb66409031d94c33b8f2d7c0a6479156.e3iSbxaKaheRe34Sa3yKbhiTahb0n6jAmljGr5XDqQLvpAe HTTP/1.1" 200 14
190.66.107.70 - - [23/Nov/2014:09:09:25 -0500] "POST /forms/lservlet;jsessionid=ac16012b30d5bb66409031d94c33b8f2d7c0a6479156.e3iSbxaKaheRe34Sa3yKbhiTahb0n6jAmljGr5XDqQLvpAe HTTP/1.1" 200 131
190.66.107.70 - - [23/Nov/2014:09:09:25 -0500] "POST /forms/lservlet;jsessionid=ac16012b30d5bb66409031d94c33b8f2d7c0a6479156.e3iSbxaKaheRe34Sa3yKbhiTahb0n6jAmljGr5XDqQLvpAe HTTP/1.1" 200 2
207.46.13.28 - - [23/Nov/2014:09:09:26 -0500] "GET /BLA/resoluciones/RESOLUCIONES%202010/0815.pdf HTTP/1.1" 200 98085
207.46.13.28 - - [23/Nov/2014:09:09:26 -0500] "GET /BLA/resoluciones/RESOLUCIONES%202009/0603.pdf HTTP/1.1" 200 341067
207.46.13.28 - - [23/Nov/2014:09:09:27 -0500] "GET /BLA/resoluciones/Resoluciones%202011/3123.pdf HTTP/1.1" 200 601316
190.66.107.70 - - [23/Nov/2014:09:09:27 -0500] "POST /forms/lservlet;jsessionid=ac16012b30d5bb66409031d94c33b8f2d7c0a6479156.e3iSbxaKaheRe34Sa3yKbhiTahb0n6jAmljGr5XDqQLvpAe HTTP/1.1" 200 2
207.46.13.28 - - [23/Nov/2014:09:09:27 -0500] "GET /BLA/resoluciones/Resoluciones%202011/0149.pdf HTTP/1.1" 200 360960
190.66.107.70 - - [23/Nov/2014:09:09:27 -0500] "POST /forms/lservlet;jsessionid=ac16012b30d5bb66409031d94c33b8f2d7c0a6479156.e3iSbxaKaheRe34Sa3yKbhiTahb0n6jAmljGr5XDqQLvpAe HTTP/1.1" 200 116
190.66.107.70 - - [23/Nov/2014:09:09:28 -0500] "POST /forms/lservlet;jsessionid=ac16012b30d5bb66409031d94c33b8f2d7c0a6479156.e3iSbxaKaheRe34Sa3yKbhiTahb0n6jAmljGr5XDqQLvpAe HTTP/1.1" 200 2
190.66.107.70 - - [23/Nov/2014:09:09:29 -0500] "POST /forms/lservlet;jsessionid=ac16012b30d5bb66409031d94c33b8f2d7c0a6479156.e3iSbxaKaheRe34Sa3yKbhiTahb0n6jAmljGr5XDqQLvpAe HTTP/1.1" 200 2
190.66.107.70 - - [23/Nov/2014:09:09:30 -0500] "POST /forms/lservlet;jsessionid=ac16012b30d5bb66409031d94c33b8f2d7c0a6479156.e3iSbxaKaheRe34Sa3yKbhiTahb0n6jAmljGr5XDqQLvpAe HTTP/1.1" 200 14
157.55.39.197 - - [23/Nov/2014:09:09:31 -0500] "GET /BLA/resoluciones/RESOLUCIONES%202010/1628.pdf HTTP/1.1" 200 440313
190.66.107.70 - - [23/Nov/2014:09:09:31 -0500] "POST /forms/lservlet;jsessionid=ac16012b30d5bb66409031d94c33b8f2d7c0a6479156.e3iSbxaKaheRe34Sa3yKbhiTahb0n6jAmljGr5XDqQLvpAe HTTP/1.1" 200 64000
190.66.107.70 - - [23/Nov/2014:09:09:32 -0500] "POST /forms/lservlet;jsessionid=ac16012b30d5bb66409031d94c33b8f2d7c0a6479156.e3iSbxaKaheRe34Sa3yKbhiTahb0n6jAmljGr5XDqQLvpAe HTTP/1.1" 200 19068
190.66.107.70 - - [23/Nov/2014:09:09:32 -0500] "GET /imagenes/open.gif HTTP/1.1" 200 919
190.66.107.70 - - [23/Nov/2014:09:09:32 -0500] "GET /imagenes/listval.gif HTTP/1.1" 200 905
190.66.107.70 - - [23/Nov/2014:09:09:32 -0500] "GET /imagenes/rt_print.gif HTTP/1.1" 200 916
190.66.107.70 - - [23/Nov/2014:09:09:33 -0500] "POST /forms/lservlet;jsessionid=ac16012b30d5bb66409031d94c33b8f2d7c0a6479156.e3iSbxaKaheRe34Sa3yKbhiTahb0n6jAmljGr5XDqQLvpAe HTTP/1.1" 200 11
190.66.107.70 - - [23/Nov/2014:09:09:33 -0500] "POST /forms/lservlet;jsessionid=ac16012b30d5bb66409031d94c33b8f2d7c0a6479156.e3iSbxaKaheRe34Sa3yKbhiTahb0n6jAmljGr5XDqQLvpAe HTTP/1.1" 200 34
66.249.65.123 - - [23/Nov/2014:09:09:41 -0500] "GET /Report2/logout.do HTTP/1.1" 200 4338
190.127.233.77 - - [23/Nov/2014:09:09:41 -0500] "GET /BLA/boletinlegal/js/jquery.js HTTP/1.1" 200 57254
190.127.233.77 - - [23/Nov/2014:09:09:41 -0500] "GET /BLA/boletinlegal/js/jquery.scrollTo-min.js HTTP/1.1" 200 1150
190.127.233.77 - - [23/Nov/2014:09:09:41 -0500] "GET /BLA/boletinlegal/js/jquery.scrollShow.js HTTP/1.1" 200 4586
181.225.70.205 - - [23/Nov/2014:09:09:47 -0500] "GET /BLA/boletinlegal/js/jquery.scrollTo-min.js HTTP/1.1" 200 1150
181.225.70.205 - - [23/Nov/2014:09:09:47 -0500] "GET /BLA/boletinlegal/js/jquery.js HTTP/1.1" 200 57254
181.225.70.205 - - [23/Nov/2014:09:09:47 -0500] "GET /BLA/boletinlegal/js/jquery.scrollShow.js HTTP/1.1" 200 4586
157.55.39.50 - - [23/Nov/2014:09:09:51 -0500] "GET /BLA/resoluciones/AUTOS%202010/0592.pdf HTTP/1.1" 200 366308
190.66.107.70 - - [23/Nov/2014:09:09:55 -0500] "POST /forms/lservlet;jsessionid=ac16012b30d5bb66409031d94c33b8f2d7c0a6479156.e3iSbxaKaheRe34Sa3yKbhiTahb0n6jAmljGr5XDqQLvpAe HTTP/1.1" 200 7807
190.66.107.70 - - [23/Nov/2014:09:09:55 -0500] "POST /forms/lservlet;jsessionid=ac16012b30d5bb66409031d94c33b8f2d7c0a6479156.e3iSbxaKaheRe34Sa3yKbhiTahb0n6jAmljGr5XDqQLvpAe HTTP/1.1" 200 2
207.46.13.28 - - [23/Nov/2014:09:10:01 -0500] "GET /BLA/resoluciones/RESOLUCIONES%202010/0789.pdf HTTP/1.1" 200 106980
207.46.13.28 - - [23/Nov/2014:09:10:01 -0500] "GET /bla/resoluciones/RESOLUCIONES%202011/0094.pdf HTTP/1.1" 200 357810
207.46.13.28 - - [23/Nov/2014:09:10:05 -0500] "GET /bla/resoluciones/resoluciones%202009/1028.pdf HTTP/1.1" 200 202621
207.46.13.28 - - [23/Nov/2014:09:10:06 -0500] "GET /BLA/resoluciones/RESOLUCIONES%202010/1998.pdf HTTP/1.1" 200 337692
190.66.107.70 - - [23/Nov/2014:09:10:07 -0500] "POST /forms/lservlet;jsessionid=ac16012b30d5bb66409031d94c33b8f2d7c0a6479156.e3iSbxaKaheRe34Sa3yKbhiTahb0n6jAmljGr5XDqQLvpAe HTTP/1.1" 200 2
157.55.39.197 - - [23/Nov/2014:09:10:10 -0500] "GET /BLA/resoluciones/RESOLUCIONES%202010/2130.pdf HTTP/1.1" 200 40914
157.55.39.197 - - [23/Nov/2014:09:10:11 -0500] "GET /BLA/resoluciones/RESOLUCIONES%202008/2023.pdf HTTP/1.1" 200 247117
190.66.107.70 - - [23/Nov/2014:09:10:13 -0500] "POST /forms/lservlet;jsessionid=ac16012b30d5bb66409031d94c33b8f2d7c0a6479156.e3iSbxaKaheRe34Sa3yKbhiTahb0n6jAmljGr5XDqQLvpAe HTTP/1.1" 200 2
190.66.107.70 - - [23/Nov/2014:09:10:13 -0500] "POST /forms/lservlet;jsessionid=ac16012b30d5bb66409031d94c33b8f2d7c0a6479156.e3iSbxaKaheRe34Sa3yKbhiTahb0n6jAmljGr5XDqQLvpAe HTTP/1.1" 200 3615
190.66.107.70 - - [23/Nov/2014:09:10:13 -0500] "POST /forms/lservlet;jsessionid=ac16012b30d5bb66409031d94c33b8f2d7c0a6479156.e3iSbxaKaheRe34Sa3yKbhiTahb0n6jAmljGr5XDqQLvpAe HTTP/1.1" 200 10
190.66.107.70 - - [23/Nov/2014:09:10:17 -0500] "POST /forms/lservlet;jsessionid=ac16012b30d5bb66409031d94c33b8f2d7c0a6479156.e3iSbxaKaheRe34Sa3yKbhiTahb0n6jAmljGr5XDqQLvpAe HTTP/1.1" 200 2
190.66.107.70 - - [23/Nov/2014:09:10:18 -0500] "POST /forms/lservlet;jsessionid=ac16012b30d5bb66409031d94c33b8f2d7c0a6479156.e3iSbxaKaheRe34Sa3yKbhiTahb0n6jAmljGr5XDqQLvpAe HTTP/1.1" 200 3287
190.66.107.70 - - [23/Nov/2014:09:10:19 -0500] "POST /forms/lservlet;jsessionid=ac16012b30d5bb66409031d94c33b8f2d7c0a6479156.e3iSbxaKaheRe34Sa3yKbhiTahb0n6jAmljGr5XDqQLvpAe HTTP/1.1" 200 2
66.249.65.123 - - [23/Nov/2014:09:10:20 -0500] "GET /BLA/resoluciones/AUTOS%202007/2411.pdf HTTP/1.1" 200 76885
190.66.107.70 - - [23/Nov/2014:09:10:20 -0500] "POST /forms/lservlet;jsessionid=ac16012b30d5bb66409031d94c33b8f2d7c0a6479156.e3iSbxaKaheRe34Sa3yKbhiTahb0n6jAmljGr5XDqQLvpAe HTTP/1.1" 200 2
190.66.107.70 - - [23/Nov/2014:09:10:20 -0500] "POST /forms/lservlet;jsessionid=ac16012b30d5bb66409031d94c33b8f2d7c0a6479156.e3iSbxaKaheRe34Sa3yKbhiTahb0n6jAmljGr5XDqQLvpAe HTTP/1.1" 200 3243
190.66.107.70 - - [23/Nov/2014:09:10:20 -0500] "POST /forms/lservlet;jsessionid=ac16012b30d5bb66409031d94c33b8f2d7c0a6479156.e3iSbxaKaheRe34Sa3yKbhiTahb0n6jAmljGr5XDqQLvpAe HTTP/1.1" 200 2
188.165.15.66 - - [23/Nov/2014:09:10:20 -0500] "GET /BLA/resoluciones/RESOLUCIONES%202006/RES%202006%20101-150/00000115.tif HTTP/1.1" 200 183170
190.66.107.70 - - [23/Nov/2014:09:10:21 -0500] "POST /forms/lservlet;jsessionid=ac16012b30d5bb66409031d94c33b8f2d7c0a6479156.e3iSbxaKaheRe34Sa3yKbhiTahb0n6jAmljGr5XDqQLvpAe HTTP/1.1" 200 2
190.66.107.70 - - [23/Nov/2014:09:10:21 -0500] "POST /forms/lservlet;jsessionid=ac16012b30d5bb66409031d94c33b8f2d7c0a6479156.e3iSbxaKaheRe34Sa3yKbhiTahb0n6jAmljGr5XDqQLvpAe HTTP/1.1" 200 3893
190.66.107.70 - - [23/Nov/2014:09:10:22 -0500] "POST /forms/lservlet;jsessionid=ac16012b30d5bb66409031d94c33b8f2d7c0a6479156.e3iSbxaKaheRe34Sa3yKbhiTahb0n6jAmljGr5XDqQLvpAe HTTP/1.1" 200 2
190.66.107.70 - - [23/Nov/2014:09:10:22 -0500] "POST /forms/lservlet;jsessionid=ac16012b30d5bb66409031d94c33b8f2d7c0a6479156.e3iSbxaKaheRe34Sa3yKbhiTahb0n6jAmljGr5XDqQLvpAe HTTP/1.1" 200 2
190.66.107.70 - - [23/Nov/2014:09:10:23 -0500] "POST /forms/lservlet;jsessionid=ac16012b30d5bb66409031d94c33b8f2d7c0a6479156.e3iSbxaKaheRe34Sa3yKbhiTahb0n6jAmljGr5XDqQLvpAe HTTP/1.1" 200 3686
190.66.107.70 - - [23/Nov/2014:09:10:23 -0500] "POST /forms/lservlet;jsessionid=ac16012b30d5bb66409031d94c33b8f2d7c0a6479156.e3iSbxaKaheRe34Sa3yKbhiTahb0n6jAmljGr5XDqQLvpAe HTTP/1.1" 200 2
190.66.107.70 - - [23/Nov/2014:09:10:24 -0500] "POST /forms/lservlet;jsessionid=ac16012b30d5bb66409031d94c33b8f2d7c0a6479156.e3iSbxaKaheRe34Sa3yKbhiTahb0n6jAmljGr5XDqQLvpAe HTTP/1.1" 200 2
190.66.107.70 - - [23/Nov/2014:09:10:24 -0500] "POST /forms/lservlet;jsessionid=ac16012b30d5bb66409031d94c33b8f2d7c0a6479156.e3iSbxaKaheRe34Sa3yKbhiTahb0n6jAmljGr5XDqQLvpAe HTTP/1.1" 200 3639
190.66.107.70 - - [23/Nov/2014:09:10:25 -0500] "POST /forms/lservlet;jsessionid=ac16012b30d5bb66409031d94c33b8f2d7c0a6479156.e3iSbxaKaheRe34Sa3yKbhiTahb0n6jAmljGr5XDqQLvpAe HTTP/1.1" 200 2
190.66.107.70 - - [23/Nov/2014:09:10:27 -0500] "POST /forms/lservlet;jsessionid=ac16012b30d5bb66409031d94c33b8f2d7c0a6479156.e3iSbxaKaheRe34Sa3yKbhiTahb0n6jAmljGr5XDqQLvpAe HTTP/1.1" 200 2
190.66.107.70 - - [23/Nov/2014:09:10:27 -0500] "POST /forms/lservlet;jsessionid=ac16012b30d5bb66409031d94c33b8f2d7c0a6479156.e3iSbxaKaheRe34Sa3yKbhiTahb0n6jAmljGr5XDqQLvpAe HTTP/1.1" 200 3251
190.66.107.70 - - [23/Nov/2014:09:10:28 -0500] "POST /forms/lservlet;jsessionid=ac16012b30d5bb66409031d94c33b8f2d7c0a6479156.e3iSbxaKaheRe34Sa3yKbhiTahb0n6jAmljGr5XDqQLvpAe HTTP/1.1" 200 2
188.165.15.241 - - [23/Nov/2014:09:10:31 -0500] "GET /BLA/resoluciones/RESOLUCIONES%202006/RES%202006%201551-1600/00001561.tif HTTP/1.1" 200 141682
190.66.107.70 - - [23/Nov/2014:09:10:33 -0500] "POST /forms/lservlet;jsessionid=ac16012b30d5bb66409031d94c33b8f2d7c0a6479156.e3iSbxaKaheRe34Sa3yKbhiTahb0n6jAmljGr5XDqQLvpAe HTTP/1.1" 200 2
190.27.182.157 - - [23/Nov/2014:09:10:33 -0500] "POST /forms/lservlet;jsessionid=ac16012b30d521959a9deb4243598249b10d8a62c94d.e3iSbxaKaheRe34Sa3yKbhiTahb0n6jAmljGr5XDqQLvpAe HTTP/1.1" 200 2
157.55.39.102 - - [23/Nov/2014:09:10:33 -0500] "GET /bla/resoluciones/resoluciones%202009/9522.pdf HTTP/1.1" 200 393401
190.66.107.70 - - [23/Nov/2014:09:10:33 -0500] "POST /forms/lservlet;jsessionid=ac16012b30d5bb66409031d94c33b8f2d7c0a6479156.e3iSbxaKaheRe34Sa3yKbhiTahb0n6jAmljGr5XDqQLvpAe HTTP/1.1" 200 2511
190.66.107.70 - - [23/Nov/2014:09:10:33 -0500] "POST /forms/lservlet;jsessionid=ac16012b30d5bb66409031d94c33b8f2d7c0a6479156.e3iSbxaKaheRe34Sa3yKbhiTahb0n6jAmljGr5XDqQLvpAe HTTP/1.1" 200 10
190.66.107.70 - - [23/Nov/2014:09:10:34 -0500] "POST /forms/lservlet;jsessionid=ac16012b30d5bb66409031d94c33b8f2d7c0a6479156.e3iSbxaKaheRe34Sa3yKbhiTahb0n6jAmljGr5XDqQLvpAe HTTP/1.1" 200 66
157.55.39.50 - - [23/Nov/2014:09:10:38 -0500] "GET /BLA/resoluciones/AUTOS%202011/5104.pdf HTTP/1.1" 200 222459
74.86.158.107 - - [23/Nov/2014:09:10:39 -0500] "HEAD / HTTP/1.1" 302 -
186.147.23.24 - - [23/Nov/2014:09:10:42 -0500] "GET /BLA/boletinlegal/js/jquery.js HTTP/1.1" 200 57254
186.147.23.24 - - [23/Nov/2014:09:10:42 -0500] "GET /BLA/boletinlegal/js/jquery.scrollTo-min.js HTTP/1.1" 200 1150
186.147.23.24 - - [23/Nov/2014:09:10:42 -0500] "GET /BLA/boletinlegal/js/jquery.scrollShow.js HTTP/1.1" 200 4586
157.55.39.102 - - [23/Nov/2014:09:10:44 -0500] "GET /bla/resoluciones/RESOLUCIONES%202011/0599.pdf HTTP/1.1" 200 74079
181.50.144.177 - - [23/Nov/2014:09:10:47 -0500] "GET /BLA/boletinlegal/js/jquery.scrollTo-min.js HTTP/1.1" 200 1150
181.50.144.177 - - [23/Nov/2014:09:10:47 -0500] "GET /BLA/boletinlegal/js/jquery.scrollShow.js HTTP/1.1" 200 4586
181.50.144.177 - - [23/Nov/2014:09:10:47 -0500] "GET /BLA/boletinlegal/js/jquery.js HTTP/1.1" 200 57254
157.55.39.50 - - [23/Nov/2014:09:10:54 -0500] "GET /bla/resoluciones/autos%202010/0188.pdf HTTP/1.1" 200 261883
157.55.39.50 - - [23/Nov/2014:09:10:56 -0500] "GET /bla/resoluciones/RESOLUCIONES%202011/1632.pdf HTTP/1.1" 200 68011
181.60.141.81 - - [23/Nov/2014:09:11:01 -0500] "GET /BLA/boletinlegal/js/jquery.js HTTP/1.1" 200 57254
181.60.141.81 - - [23/Nov/2014:09:11:01 -0500] "GET /galeria/carrusel/Carrusel/jquery.thumbnailScroller.css HTTP/1.1" 200 2066
181.60.141.81 - - [23/Nov/2014:09:11:01 -0500] "GET /BLA/boletinlegal/js/jquery.scrollTo-min.js HTTP/1.1" 200 1150
181.60.141.81 - - [23/Nov/2014:09:11:01 -0500] "GET /galeria/carrusel/Carrusel/jquery-ui-1.8.13.custom.min.js HTTP/1.1" 200 10800
181.60.141.81 - - [23/Nov/2014:09:11:01 -0500] "GET /BLA/boletinlegal/js/jquery.scrollShow.js HTTP/1.1" 200 4586
181.60.141.81 - - [23/Nov/2014:09:11:01 -0500] "GET /galeria/carrusel/Carrusel/jquery.thumbnailScroller.js HTTP/1.1" 200 8157
181.60.141.81 - - [23/Nov/2014:09:11:03 -0500] "GET /galeria/nivo-slider/demo/demo.html HTTP/1.1" 200 3946
157.55.39.197 - - [23/Nov/2014:09:11:03 -0500] "GET /BLA/resoluciones/RESOLUCIONES%202008/2966.pdf HTTP/1.1" 200 252869
181.60.141.81 - - [23/Nov/2014:09:11:03 -0500] "GET /galeria/nivo-slider/themes/default/default.css HTTP/1.1" 200 1569
190.66.107.70 - - [23/Nov/2014:09:11:03 -0500] "POST /forms/lservlet;jsessionid=ac16012b30d5bb66409031d94c33b8f2d7c0a6479156.e3iSbxaKaheRe34Sa3yKbhiTahb0n6jAmljGr5XDqQLvpAe HTTP/1.1" 200 24
181.60.141.81 - - [23/Nov/2014:09:11:03 -0500] "GET /galeria/nivo-slider/themes/pascal/pascal.css HTTP/1.1" 200 2258
181.60.141.81 - - [23/Nov/2014:09:11:03 -0500] "GET /galeria/nivo-slider/nivo-slider.css HTTP/1.1" 200 1507
181.60.141.81 - - [23/Nov/2014:09:11:03 -0500] "GET /galeria/nivo-slider/demo/style.css HTTP/1.1" 200 2222
181.60.141.81 - - [23/Nov/2014:09:11:03 -0500] "GET /galeria/nivo-slider/themes/orman/orman.css HTTP/1.1" 200 2152
181.60.141.81 - - [23/Nov/2014:09:11:03 -0500] "GET /galeria/nivo-slider/demo/scripts/jquery-1.7.1.min.js HTTP/1.1" 200 93868
181.60.141.81 - - [23/Nov/2014:09:11:03 -0500] "GET /galeria/nivo-slider/jquery.nivo.slider.pack.js HTTP/1.1" 200 11561
181.60.141.81 - - [23/Nov/2014:09:11:03 -0500] "GET /galeria/nivo-slider/demo/images/TIBANICA-03.jpg HTTP/1.1" 200 121750
181.60.141.81 - - [23/Nov/2014:09:11:03 -0500] "GET /galeria/nivo-slider/demo/images/BANNER-GOBERNANZA.jpg HTTP/1.1" 200 87637
181.60.141.81 - - [23/Nov/2014:09:11:03 -0500] "GET /galeria/nivo-slider/demo/images/ForoNacionalAmbiental.jpg HTTP/1.1" 200 202541
181.60.141.81 - - [23/Nov/2014:09:11:04 -0500] "GET /galeria/nivo-slider/demo/images/Banner-Ecourbanismo.jpg HTTP/1.1" 200 189838
181.60.141.81 - - [23/Nov/2014:09:11:04 -0500] "GET /galeria/nivo-slider/demo/images/4Simple_Slider.png HTTP/1.1" 200 11722
190.66.107.70 - - [23/Nov/2014:09:11:03 -0500] "POST /forms/lservlet;jsessionid=ac16012b30d5bb66409031d94c33b8f2d7c0a6479156.e3iSbxaKaheRe34Sa3yKbhiTahb0n6jAmljGr5XDqQLvpAe HTTP/1.1" 200 4247
190.66.107.70 - - [23/Nov/2014:09:11:04 -0500] "POST /forms/lservlet;jsessionid=ac16012b30d5bb66409031d94c33b8f2d7c0a6479156.e3iSbxaKaheRe34Sa3yKbhiTahb0n6jAmljGr5XDqQLvpAe HTTP/1.1" 200 20
181.60.141.81 - - [23/Nov/2014:09:11:04 -0500] "GET /galeria/nivo-slider/themes/default/loading.gif HTTP/1.1" 200 1737
181.60.141.81 - - [23/Nov/2014:09:11:05 -0500] "GET /galeria/nivo-slider/demo/images/banner-pygaai.jpg HTTP/1.1" 200 82693
181.60.141.81 - - [23/Nov/2014:09:11:05 -0500] "GET /galeria/nivo-slider/demo/images/Biotaxis-Man.jpg HTTP/1.1" 200 99362
181.60.141.81 - - [23/Nov/2014:09:11:05 -0500] "GET /galeria/nivo-slider/demo/images/Banner-comparendo.jpg HTTP/1.1" 200 388762
181.60.141.81 - - [23/Nov/2014:09:11:06 -0500] "GET /galeria/nivo-slider/demo/images/porloshumedales.jpg HTTP/1.1" 200 351238
181.60.141.81 - - [23/Nov/2014:09:11:07 -0500] "GET /galeria/nivo-slider/demo/images/Tingua-azul.jpg HTTP/1.1" 200 307638
181.60.141.81 - - [23/Nov/2014:09:11:07 -0500] "GET /galeria/nivo-slider/demo/images/Banner-Caracol-Africano.jpg HTTP/1.1" 200 331986
181.60.141.81 - - [23/Nov/2014:09:11:07 -0500] "GET /galeria/nivo-slider/demo/images/banner-redes.jpg HTTP/1.1" 200 62209
181.60.141.81 - - [23/Nov/2014:09:11:07 -0500] "GET /galeria/nivo-slider/demo/images/9Signos.jpg HTTP/1.1" 200 93040
38.64.37.19 - - [23/Nov/2014:09:11:07 -0500] "GET /test/wp-admin/ HTTP/1.1" 404 1018
181.60.141.81 - - [23/Nov/2014:09:11:08 -0500] "GET /galeria/nivo-slider/demo/images/banner-caballos.png HTTP/1.1" 200 389106
190.66.107.70 - - [23/Nov/2014:09:11:09 -0500] "POST /forms/lservlet;jsessionid=ac16012b30d5bb66409031d94c33b8f2d7c0a6479156.e3iSbxaKaheRe34Sa3yKbhiTahb0n6jAmljGr5XDqQLvpAe HTTP/1.1" 200 2
190.66.107.70 - - [23/Nov/2014:09:11:09 -0500] "POST /forms/lservlet;jsessionid=ac16012b30d5bb66409031d94c33b8f2d7c0a6479156.e3iSbxaKaheRe34Sa3yKbhiTahb0n6jAmljGr5XDqQLvpAe HTTP/1.1" 200 2955
190.66.107.70 - - [23/Nov/2014:09:11:10 -0500] "POST /forms/lservlet;jsessionid=ac16012b30d5bb66409031d94c33b8f2d7c0a6479156.e3iSbxaKaheRe34Sa3yKbhiTahb0n6jAmljGr5XDqQLvpAe HTTP/1.1" 200 2
207.46.13.28 - - [23/Nov/2014:09:11:10 -0500] "GET /BLA/resoluciones/RESOLUCIONES%202010/0960.pdf HTTP/1.1" 200 433387
181.60.141.81 - - [23/Nov/2014:09:11:11 -0500] "GET /galeria/nivo-slider/demo/images/Hacienda_Molinos.jpg HTTP/1.1" 200 319171
181.60.141.81 - - [23/Nov/2014:09:11:12 -0500] "GET /galeria/nivo-slider/demo/images/bannerEcolecta3.jpg HTTP/1.1" 200 280034
