186.147.66.232 - - [23/Nov/2014:08:02:14 -0500] "GET /forest/session.jsp?a=0.9957499133888632 HTTP/1.1" 200 4
186.147.66.232 - - [23/Nov/2014:08:02:14 -0500] "GET /forest/skins/gdocs-jar/img/bgPanel.jpg HTTP/1.1" 304 -
186.147.66.232 - - [23/Nov/2014:08:02:14 -0500] "GET /forest/skins/gdocs-jar/img/green.gif HTTP/1.1" 304 -
186.147.66.232 - - [23/Nov/2014:08:02:14 -0500] "GET /forest/actions/forms.getMappedValues?id=ViabTec_Perm1340&value=3&codForm=reporte_ct_registro&a=0.3479562404099852 HTTP/1.1" 200 28
186.147.66.232 - - [23/Nov/2014:08:02:14 -0500] "GET /forest/actions/forms.getMappedValues?id=tercero46&value=860000258-3&codForm=reporte_ct_registro&a=0.2979453057050705 HTTP/1.1" 200 151
186.147.66.232 - - [23/Nov/2014:08:02:14 -0500] "GET /forest/actions/forms.getMappedValues?id=NumExpe1455&value=20309&codForm=reporte_ct_registro&a=0.41156685864552855 HTTP/1.1" 200 32
186.147.66.232 - - [23/Nov/2014:08:02:15 -0500] "GET /forest/actions/forms.getMappedValues?id=ViabTec_Perm1340&value=3&codForm=reporte_ct_registro&a=0.5200233312789351 HTTP/1.1" 200 28
157.55.39.197 - - [23/Nov/2014:08:02:15 -0500] "GET /BLA/resoluciones/RESOLUCIONES%202012/1896.pdf HTTP/1.1" 200 406874
157.55.39.102 - - [23/Nov/2014:08:02:21 -0500] "GET /BLA/resoluciones/RESOLUCIONES%202008/1400.pdf HTTP/1.1" 200 188812
190.27.182.157 - - [23/Nov/2014:08:02:30 -0500] "POST /forms/lservlet;jsessionid=ac16012b30d521959a9deb4243598249b10d8a62c94d.e3iSbxaKaheRe34Sa3yKbhiTahb0n6jAmljGr5XDqQLvpAe HTTP/1.1" 200 2
157.55.39.102 - - [23/Nov/2014:08:02:36 -0500] "GET /BLA/resoluciones/RESOLUCIONES%202009/3228.pdf HTTP/1.1" 200 1066312
157.55.39.197 - - [23/Nov/2014:08:02:41 -0500] "GET /BLA/resoluciones/RESOLUCIONES%202007/RES%202007%20201%20AL%20300/RESOLUCION%200213%20DE%202007.pdf HTTP/1.1" 200 280874
157.55.39.102 - - [23/Nov/2014:08:02:56 -0500] "GET /BLA/resoluciones/AUTOS%202009/1078.pdf HTTP/1.1" 200 100919
157.55.39.49 - - [23/Nov/2014:08:03:01 -0500] "GET /bla/resoluciones/autos%202010/0878.pdf HTTP/1.1" 200 284536
157.55.39.49 - - [23/Nov/2014:08:03:02 -0500] "GET /bla/resoluciones/resoluciones%202009/9314.pdf HTTP/1.1" 200 443719
66.249.65.119 - - [23/Nov/2014:08:03:29 -0500] "GET /BLA/resoluciones/RESOLUCIONES%202002/RES%202002%201401-1450/20021415.tif HTTP/1.1" 200 120670
157.55.39.50 - - [23/Nov/2014:08:03:30 -0500] "GET /BLA/resoluciones/RESOLUCIONES%202009/1831.pdf HTTP/1.1" 200 467103
157.55.39.50 - - [23/Nov/2014:08:03:31 -0500] "GET /bla/resoluciones/resoluciones%202009/4100.pdf HTTP/1.1" 200 54324
157.55.39.50 - - [23/Nov/2014:08:03:31 -0500] "GET /bla/resoluciones/resoluciones%202009/9112.pdf HTTP/1.1" 200 413268
157.55.39.50 - - [23/Nov/2014:08:03:32 -0500] "GET /bla/resoluciones/resoluciones%202009/9206.pdf HTTP/1.1" 200 490287
190.216.141.138 - - [23/Nov/2014:08:03:37 -0500] "GET /BLA/boletinlegal/js/jquery.js HTTP/1.1" 200 57254
190.216.141.138 - - [23/Nov/2014:08:03:37 -0500] "GET /BLA/boletinlegal/js/jquery.scrollTo-min.js HTTP/1.1" 200 1150
190.216.141.138 - - [23/Nov/2014:08:03:38 -0500] "GET /BLA/boletinlegal/js/jquery.scrollShow.js HTTP/1.1" 200 4586
186.29.4.63 - - [23/Nov/2014:08:03:47 -0500] "GET /BLA/boletinlegal/js/jquery.js HTTP/1.1" 200 57254
186.29.4.63 - - [23/Nov/2014:08:03:47 -0500] "GET /BLA/boletinlegal/js/jquery.scrollTo-min.js HTTP/1.1" 200 1150
186.29.4.63 - - [23/Nov/2014:08:03:47 -0500] "GET /BLA/boletinlegal/js/jquery.scrollShow.js HTTP/1.1" 200 4586
188.165.15.78 - - [23/Nov/2014:08:03:48 -0500] "GET /BLA/resoluciones/RESOLUCIONES%202006/RES%202006%201251-1300/00001269.tif HTTP/1.1" 200 241618
157.55.39.50 - - [23/Nov/2014:08:03:49 -0500] "GET /bla/resoluciones/autos%202010/0147.pdf HTTP/1.1" 200 170993
157.55.39.197 - - [23/Nov/2014:08:03:57 -0500] "GET /bla/resoluciones/RESOLUCIONES%202011/1386.pdf HTTP/1.1" 200 70247
157.55.39.102 - - [23/Nov/2014:08:04:01 -0500] "GET /BLA/resoluciones/RESOLUCIONES%202009/3803.pdf HTTP/1.1" 200 999606
157.55.39.197 - - [23/Nov/2014:08:04:06 -0500] "GET /BLA/resoluciones/RESOLUCIONES%202007/RES%202007%20201%20AL%20300/RESOLUCION%200220%20DE%202007.pdf HTTP/1.1" 200 161841
181.136.84.69 - - [23/Nov/2014:08:04:07 -0500] "GET /galeria/nivo-slider/demo/demo.html HTTP/1.1" 200 3946
181.136.84.69 - - [23/Nov/2014:08:04:07 -0500] "GET /galeria/nivo-slider/demo/images/TIBANICA-03.jpg HTTP/1.1" 200 121750
181.136.84.69 - - [23/Nov/2014:08:04:07 -0500] "GET /galeria/nivo-slider/demo/images/Biotaxis-Man.jpg HTTP/1.1" 200 99362
181.136.84.69 - - [23/Nov/2014:08:04:07 -0500] "GET /galeria/nivo-slider/demo/images/BANNER-GOBERNANZA.jpg HTTP/1.1" 200 87637
181.136.84.69 - - [23/Nov/2014:08:04:07 -0500] "GET /galeria/nivo-slider/demo/images/ForoNacionalAmbiental.jpg HTTP/1.1" 200 202541
181.136.84.69 - - [23/Nov/2014:08:04:07 -0500] "GET /galeria/nivo-slider/demo/images/Banner-Ecourbanismo.jpg HTTP/1.1" 200 189838
181.136.84.69 - - [23/Nov/2014:08:04:07 -0500] "GET /galeria/nivo-slider/demo/images/banner-pygaai.jpg HTTP/1.1" 200 82693
181.136.84.69 - - [23/Nov/2014:08:04:07 -0500] "GET /galeria/nivo-slider/demo/images/Banner-comparendo.jpg HTTP/1.1" 200 388762
181.136.84.69 - - [23/Nov/2014:08:04:07 -0500] "GET /galeria/nivo-slider/demo/images/porloshumedales.jpg HTTP/1.1" 206 78512
181.136.84.69 - - [23/Nov/2014:08:04:07 -0500] "GET /galeria/nivo-slider/demo/images/Tingua-azul.jpg HTTP/1.1" 304 -
181.136.84.69 - - [23/Nov/2014:08:04:08 -0500] "GET /galeria/nivo-slider/demo/images/Banner-Caracol-Africano.jpg HTTP/1.1" 206 311460
181.136.84.69 - - [23/Nov/2014:08:04:08 -0500] "GET /galeria/nivo-slider/demo/images/banner-redes.jpg HTTP/1.1" 304 -
181.136.84.69 - - [23/Nov/2014:08:04:08 -0500] "GET /galeria/nivo-slider/demo/images/9Signos.jpg HTTP/1.1" 304 -
181.136.84.69 - - [23/Nov/2014:08:04:08 -0500] "GET /galeria/nivo-slider/demo/images/banner-caballos.png HTTP/1.1" 304 -
181.136.84.69 - - [23/Nov/2014:08:04:08 -0500] "GET /galeria/nivo-slider/demo/images/Hacienda_Molinos.jpg HTTP/1.1" 304 -
181.136.84.69 - - [23/Nov/2014:08:04:08 -0500] "GET /galeria/nivo-slider/demo/images/bannerEcolecta3.jpg HTTP/1.1" 304 -
190.1.226.187 - - [23/Nov/2014:08:04:14 -0500] "GET /BLA/boletinlegal/js/jquery.js HTTP/1.1" 200 57254
190.1.226.187 - - [23/Nov/2014:08:04:14 -0500] "GET /BLA/boletinlegal/js/jquery.scrollTo-min.js HTTP/1.1" 200 1150
190.1.226.187 - - [23/Nov/2014:08:04:14 -0500] "GET /BLA/boletinlegal/js/jquery.scrollShow.js HTTP/1.1" 200 4586
157.55.39.50 - - [23/Nov/2014:08:04:15 -0500] "GET /BLA/resoluciones/AUTOS%202009/2865.pdf HTTP/1.1" 200 118079
157.55.39.197 - - [23/Nov/2014:08:04:21 -0500] "GET /BLA/resoluciones/AUTOS%202009/2295.pdf HTTP/1.1" 200 114333
188.165.15.36 - - [23/Nov/2014:08:04:22 -0500] "GET /BLA/resoluciones/index.php?dir=RESOLUCIONES%202003/RES%202003%20651-700/&sort=name&order=asc HTTP/1.1" 200 11300
157.55.39.102 - - [23/Nov/2014:08:04:26 -0500] "GET /BLA/resoluciones/AUTOS%202011/5587.pdf HTTP/1.1" 200 479063
157.55.39.50 - - [23/Nov/2014:08:04:26 -0500] "-" 408 -
207.46.13.28 - - [23/Nov/2014:08:04:30 -0500] "GET /robots.txt HTTP/1.1" 404 1018
190.27.182.157 - - [23/Nov/2014:08:04:30 -0500] "POST /forms/lservlet;jsessionid=ac16012b30d521959a9deb4243598249b10d8a62c94d.e3iSbxaKaheRe34Sa3yKbhiTahb0n6jAmljGr5XDqQLvpAe HTTP/1.1" 200 2
207.46.13.28 - - [23/Nov/2014:08:04:30 -0500] "GET /BLA/resoluciones/AUTOS%202010/5801.pdf HTTP/1.1" 200 291751
66.249.65.123 - - [23/Nov/2014:08:04:33 -0500] "GET /autoliquidacion/index.php?dir=Solicitudes%20relacionadas%20con%20calidad%20del%20aire%20auditiva%20y%20visual/Registro%20de%20Elementos%20de%20publicidad%20Exterior%20Visual/&sort=date&order=asc HTTP/1.1" 200 4037
157.55.39.197 - - [23/Nov/2014:08:04:42 -0500] "GET /robots.txt HTTP/1.1" 404 1018
157.55.39.197 - - [23/Nov/2014:08:04:46 -0500] "GET /BLA/resoluciones/RESOLUCIONES%202009/7363.pdf HTTP/1.1" 200 941199
188.165.15.191 - - [23/Nov/2014:08:04:51 -0500] "GET /logos/logos.htm HTTP/1.1" 404 1019
157.55.39.197 - - [23/Nov/2014:08:04:51 -0500] "GET /BLA/resoluciones/AUTOS%202009/0617.pdf HTTP/1.1" 200 121663
157.55.39.197 - - [23/Nov/2014:08:04:52 -0500] "GET /BLA/resoluciones/Resoluciones%202011/3340.pdf HTTP/1.1" 200 613208
188.165.15.210 - - [23/Nov/2014:08:04:55 -0500] "GET /BLA/resoluciones/RESOLUCIONES%202005/00001097.tif HTTP/1.1" 200 131672
188.165.15.85 - - [23/Nov/2014:08:05:06 -0500] "GET /BLA/resoluciones/index.php?dir=RESOLUCIONES%202002/RES%202002%20101-150/&sort=size&order=asc HTTP/1.1" 200 12339
207.46.13.28 - - [23/Nov/2014:08:05:09 -0500] "GET /bla/resoluciones/resoluciones%202009/8849.pdf HTTP/1.1" 200 366380
66.249.65.115 - - [23/Nov/2014:08:05:14 -0500] "GET /BLA/resoluciones/RESOLUCIONES%202013/1223.pdf HTTP/1.1" 304 -
157.55.39.50 - - [23/Nov/2014:08:05:21 -0500] "GET /bla/resoluciones/resoluciones%202009/8421.pdf HTTP/1.1" 200 558568
157.55.39.50 - - [23/Nov/2014:08:05:24 -0500] "GET /bla/resoluciones/resoluciones%202009/1169.pdf HTTP/1.1" 200 55611
157.55.39.197 - - [23/Nov/2014:08:05:25 -0500] "GET /BLA/resoluciones/Resoluciones%202011/0320.pdf HTTP/1.1" 200 85043
157.55.39.102 - - [23/Nov/2014:08:05:30 -0500] "GET /BLA/resoluciones/AUTOS%202011/5236.pdf HTTP/1.1" 200 207650
74.86.158.107 - - [23/Nov/2014:08:05:39 -0500] "HEAD / HTTP/1.1" 302 -
207.46.13.28 - - [23/Nov/2014:08:05:55 -0500] "GET /bla/resoluciones/resoluciones%202009/1922.pdf HTTP/1.1" 200 858429
157.55.39.49 - - [23/Nov/2014:08:06:01 -0500] "GET /bla/resoluciones/RESOLUCIONES%202011/3062.pdf HTTP/1.1" 200 707618
157.55.39.102 - - [23/Nov/2014:08:06:06 -0500] "GET /BLA/resoluciones/RESOLUCIONES%202008/2459.pdf HTTP/1.1" 200 252762
186.31.67.203 - - [23/Nov/2014:08:06:11 -0500] "GET /BLA/boletinlegal/js/jquery.js HTTP/1.1" 200 57254
186.31.67.203 - - [23/Nov/2014:08:06:11 -0500] "GET /BLA/boletinlegal/js/jquery.scrollTo-min.js HTTP/1.1" 200 1150
186.31.67.203 - - [23/Nov/2014:08:06:11 -0500] "GET /BLA/boletinlegal/js/jquery.scrollShow.js HTTP/1.1" 200 4586
186.31.67.203 - - [23/Nov/2014:08:06:11 -0500] "GET /galeria/carrusel/Carrusel/jquery.thumbnailScroller.css HTTP/1.1" 200 2066
186.31.67.203 - - [23/Nov/2014:08:06:11 -0500] "GET /galeria/carrusel/Carrusel/jquery-ui-1.8.13.custom.min.js HTTP/1.1" 200 10800
186.31.67.203 - - [23/Nov/2014:08:06:11 -0500] "GET /galeria/carrusel/Carrusel/jquery.thumbnailScroller.js HTTP/1.1" 200 8157
157.55.39.197 - - [23/Nov/2014:08:06:13 -0500] "GET /BLA/resoluciones/RESOLUCIONES%202008/1952.pdf HTTP/1.1" 200 41411
157.55.39.197 - - [23/Nov/2014:08:06:14 -0500] "GET /bla/resoluciones/resoluciones%202009/1107.pdf HTTP/1.1" 200 270066
186.31.67.203 - - [23/Nov/2014:08:06:16 -0500] "GET /galeria/nivo-slider/demo/demo.html HTTP/1.1" 200 3946
186.31.67.203 - - [23/Nov/2014:08:06:16 -0500] "GET /galeria/nivo-slider/themes/default/default.css HTTP/1.1" 200 1569
186.31.67.203 - - [23/Nov/2014:08:06:16 -0500] "GET /galeria/nivo-slider/themes/pascal/pascal.css HTTP/1.1" 200 2258
186.31.67.203 - - [23/Nov/2014:08:06:16 -0500] "GET /galeria/nivo-slider/themes/orman/orman.css HTTP/1.1" 200 2152
186.31.67.203 - - [23/Nov/2014:08:06:16 -0500] "GET /galeria/nivo-slider/nivo-slider.css HTTP/1.1" 200 1507
186.31.67.203 - - [23/Nov/2014:08:06:16 -0500] "GET /galeria/nivo-slider/demo/style.css HTTP/1.1" 200 2222
186.31.67.203 - - [23/Nov/2014:08:06:16 -0500] "GET /galeria/nivo-slider/demo/images/TIBANICA-03.jpg HTTP/1.1" 200 121750
186.31.67.203 - - [23/Nov/2014:08:06:16 -0500] "GET /galeria/nivo-slider/demo/images/BANNER-GOBERNANZA.jpg HTTP/1.1" 200 87637
186.31.67.203 - - [23/Nov/2014:08:06:16 -0500] "GET /galeria/nivo-slider/demo/images/ForoNacionalAmbiental.jpg HTTP/1.1" 200 202541
186.31.67.203 - - [23/Nov/2014:08:06:17 -0500] "GET /galeria/nivo-slider/demo/images/Banner-Ecourbanismo.jpg HTTP/1.1" 200 189838
186.31.67.203 - - [23/Nov/2014:08:06:17 -0500] "GET /galeria/nivo-slider/demo/images/banner-pygaai.jpg HTTP/1.1" 200 82693
186.31.67.203 - - [23/Nov/2014:08:06:17 -0500] "GET /galeria/nivo-slider/demo/images/Biotaxis-Man.jpg HTTP/1.1" 200 99362
186.31.67.203 - - [23/Nov/2014:08:06:18 -0500] "GET /galeria/nivo-slider/demo/images/Banner-comparendo.jpg HTTP/1.1" 200 388762
186.31.67.203 - - [23/Nov/2014:08:06:19 -0500] "GET /galeria/nivo-slider/demo/images/porloshumedales.jpg HTTP/1.1" 200 351238
186.31.67.203 - - [23/Nov/2014:08:06:19 -0500] "GET /galeria/nivo-slider/demo/images/Tingua-azul.jpg HTTP/1.1" 200 307638
186.31.67.203 - - [23/Nov/2014:08:06:19 -0500] "GET /galeria/nivo-slider/demo/images/Banner-Caracol-Africano.jpg HTTP/1.1" 200 331986
186.31.67.203 - - [23/Nov/2014:08:06:20 -0500] "GET /galeria/nivo-slider/demo/images/banner-redes.jpg HTTP/1.1" 200 62209
186.31.67.203 - - [23/Nov/2014:08:06:20 -0500] "GET /galeria/nivo-slider/demo/images/9Signos.jpg HTTP/1.1" 200 93040
186.31.67.203 - - [23/Nov/2014:08:06:22 -0500] "GET /galeria/nivo-slider/demo/images/banner-caballos.png HTTP/1.1" 200 389106
186.31.67.203 - - [23/Nov/2014:08:06:22 -0500] "GET /galeria/nivo-slider/demo/images/Hacienda_Molinos.jpg HTTP/1.1" 200 319171
186.31.67.203 - - [23/Nov/2014:08:06:22 -0500] "GET /galeria/nivo-slider/demo/images/bannerEcolecta3.jpg HTTP/1.1" 200 280034
186.31.67.203 - - [23/Nov/2014:08:06:24 -0500] "GET /galeria/nivo-slider/demo/scripts/jquery-1.7.1.min.js HTTP/1.1" 200 93868
186.31.67.203 - - [23/Nov/2014:08:06:24 -0500] "GET /galeria/nivo-slider/jquery.nivo.slider.pack.js HTTP/1.1" 200 11561
186.31.67.203 - - [23/Nov/2014:08:06:25 -0500] "GET /galeria/nivo-slider/demo/images/4Simple_Slider.png HTTP/1.1" 200 11722
186.31.67.203 - - [23/Nov/2014:08:06:25 -0500] "GET /galeria/nivo-slider/themes/default/loading.gif HTTP/1.1" 200 1737
186.31.67.203 - - [23/Nov/2014:08:06:26 -0500] "GET /galeria/nivo-slider/themes/default/arrows.png HTTP/1.1" 200 824
186.31.67.203 - - [23/Nov/2014:08:06:26 -0500] "GET /galeria/nivo-slider/themes/default/bullets.png HTTP/1.1" 200 1281
190.27.182.157 - - [23/Nov/2014:08:06:30 -0500] "POST /forms/lservlet;jsessionid=ac16012b30d521959a9deb4243598249b10d8a62c94d.e3iSbxaKaheRe34Sa3yKbhiTahb0n6jAmljGr5XDqQLvpAe HTTP/1.1" 200 2
157.55.39.102 - - [23/Nov/2014:08:06:31 -0500] "GET /robots.txt HTTP/1.1" 404 1018
207.46.13.28 - - [23/Nov/2014:08:06:32 -0500] "GET /BLA/resoluciones/RESOLUCIONES%202008/2167.pdf HTTP/1.1" 200 323622
157.55.39.102 - - [23/Nov/2014:08:06:36 -0500] "GET /BLA/resoluciones/Resoluciones%202011/3007.pdf HTTP/1.1" 200 255323
157.55.39.197 - - [23/Nov/2014:08:06:41 -0500] "GET /bla/resoluciones/RESOLUCIONES%202011/0792.pdf HTTP/1.1" 200 277845
157.55.39.197 - - [23/Nov/2014:08:06:42 -0500] "GET /bla/resoluciones/RESOLUCIONES%202011/3270.pdf HTTP/1.1" 200 607667
157.55.39.50 - - [23/Nov/2014:08:06:47 -0500] "GET /BLA/resoluciones/RESOLUCIONES%202008/2947.pdf HTTP/1.1" 200 203959
188.165.15.187 - - [23/Nov/2014:08:06:56 -0500] "GET /BLA/resoluciones/index.php?dir=RESOLUCIONES+2005%2FRES+2005+801-850%2F HTTP/1.1" 200 12246
157.55.39.197 - - [23/Nov/2014:08:07:10 -0500] "GET /BLA/resoluciones/RESOLUCIONES%202009/2482.pdf HTTP/1.1" 200 906536
186.147.66.232 - - [23/Nov/2014:08:07:15 -0500] "GET /forest/session.jsp?a=0.4316553184762597 HTTP/1.1" 200 4
157.55.39.102 - - [23/Nov/2014:08:07:19 -0500] "GET /BLA/resoluciones/RESOLUCIONES%202012/1415.pdf HTTP/1.1" 200 449629
157.55.39.102 - - [23/Nov/2014:08:07:20 -0500] "GET /BLA/resoluciones/Resoluciones%202011/0459.pdf HTTP/1.1" 200 524865
207.46.13.28 - - [23/Nov/2014:08:07:22 -0500] "GET /BLA/resoluciones/RESOLUCIONES%202010/2269.pdf HTTP/1.1" 200 548508
186.28.62.47 - - [23/Nov/2014:08:07:31 -0500] "GET /BLA/boletinlegal/js/jquery.scrollShow.js HTTP/1.1" 200 4586
186.28.62.47 - - [23/Nov/2014:08:07:31 -0500] "GET /BLA/boletinlegal/js/jquery.js HTTP/1.1" 200 57254
186.28.62.47 - - [23/Nov/2014:08:07:31 -0500] "GET /BLA/boletinlegal/js/jquery.scrollTo-min.js HTTP/1.1" 200 1150
157.55.39.102 - - [23/Nov/2014:08:07:38 -0500] "GET /bla/resoluciones/RESOLUCIONES%202011/0416.pdf HTTP/1.1" 200 71087
186.84.63.244 - - [23/Nov/2014:08:07:39 -0500] "GET /pga/mapa7.jpg HTTP/1.1" 404 3111
188.165.15.85 - - [23/Nov/2014:08:07:41 -0500] "GET /BLA/resoluciones/RESOLUCIONES%202005/RES%202005%20151-200/00000155.tif HTTP/1.1" 200 44054
157.55.39.102 - - [23/Nov/2014:08:07:43 -0500] "GET /BLA/resoluciones/Resoluciones%202011/0719.pdf HTTP/1.1" 200 382627
157.55.39.50 - - [23/Nov/2014:08:07:48 -0500] "GET /bla/resoluciones/resoluciones%202009/8776.pdf HTTP/1.1" 200 340577
180.76.6.134 - - [23/Nov/2014:08:07:53 -0500] "GET /BLA/resoluciones/AUTOS%202007/1892.pdf HTTP/1.1" 200 103284
207.46.13.28 - - [23/Nov/2014:08:08:00 -0500] "GET /Residuos/metalmecanica/metalmecanica.html HTTP/1.1" 404 1018
157.55.39.49 - - [23/Nov/2014:08:08:08 -0500] "GET /bla/resoluciones/RESOLUCIONES%202011/2888.pdf HTTP/1.1" 200 1637855
186.147.66.232 - - [23/Nov/2014:08:02:13 -0500] "GET /ForestMSG_SDA/channelAsync/template_word_16942972?X-Atmosphere-tracking-id=a87dbd06-7840-84f4-2dfb-2e2d06df805f&X-Atmosphere-Framework=1.0.5&X-Atmosphere-Transport=long-polling&tabid=0.8218463615048677&X-Cache-Date=0&Content-Type=application/xml&_=1416747889135 HTTP/1.1" 200 8193
207.46.13.28 - - [23/Nov/2014:08:08:16 -0500] "GET /BLA/resoluciones/AUTOS%202010/6845.pdf HTTP/1.1" 200 416605
157.55.39.102 - - [23/Nov/2014:08:08:27 -0500] "GET /bla/resoluciones/resoluciones%202009/7105.pdf HTTP/1.1" 200 130000
190.27.182.157 - - [23/Nov/2014:08:08:30 -0500] "POST /forms/lservlet;jsessionid=ac16012b30d521959a9deb4243598249b10d8a62c94d.e3iSbxaKaheRe34Sa3yKbhiTahb0n6jAmljGr5XDqQLvpAe HTTP/1.1" 200 2
66.249.65.123 - - [23/Nov/2014:08:08:30 -0500] "GET /BLA/resoluciones/RESOLUCIONES%202012/1356.pdf HTTP/1.1" 200 282950
157.55.39.50 - - [23/Nov/2014:08:08:31 -0500] "GET /bla/resoluciones/RESOLUCIONES%202011/2562.pdf HTTP/1.1" 200 366341
188.165.15.210 - - [23/Nov/2014:08:08:39 -0500] "GET /BLA/resoluciones/RESOLUCIONES%202003/RES%202003%201751-1800/20031792.tif HTTP/1.1" 200 47156
180.76.5.191 - - [23/Nov/2014:08:08:41 -0500] "GET /BLA/resoluciones/index.php?dir=RESOLUCIONES%202004/RES%202004%201701-1750/&sort=size&order=desc HTTP/1.1" 200 12357
157.55.39.102 - - [23/Nov/2014:08:08:57 -0500] "GET /bla/resoluciones/resoluciones%202009/9485.pdf HTTP/1.1" 200 353940
157.55.39.197 - - [23/Nov/2014:08:09:01 -0500] "GET /bla/resoluciones/RESOLUCIONES%202011/1079.pdf HTTP/1.1" 200 66955
157.55.39.197 - - [23/Nov/2014:08:09:02 -0500] "GET /BLA/resoluciones/AUTOS%202009/2711.pdf HTTP/1.1" 200 125649
207.46.13.28 - - [23/Nov/2014:08:09:06 -0500] "GET /BLA/resoluciones/Resoluciones%202011/0079.pdf HTTP/1.1" 200 403475
207.46.13.28 - - [23/Nov/2014:08:09:20 -0500] "GET /BLA/resoluciones/RESOLUCIONES%202009/4984.pdf HTTP/1.1" 200 703925
180.76.5.19 - - [23/Nov/2014:08:09:22 -0500] "GET /BLA/resoluciones/RESOLUCIONES%202008/2659.pdf HTTP/1.1" 200 71758
157.55.39.50 - - [23/Nov/2014:08:09:29 -0500] "GET /bla/resoluciones/resoluciones%202009/8786.pdf HTTP/1.1" 200 487824
207.46.13.28 - - [23/Nov/2014:08:09:32 -0500] "GET /BLA/resoluciones/RESOLUCIONES%202009/3027.pdf HTTP/1.1" 200 613582
207.46.13.28 - - [23/Nov/2014:08:09:34 -0500] "GET /bla/resoluciones/resoluciones%202010/7782.pdf HTTP/1.1" 200 119796
157.55.39.102 - - [23/Nov/2014:08:09:37 -0500] "GET /bla/resoluciones/resoluciones%202009/9065.pdf HTTP/1.1" 200 509349
186.29.1.242 - - [23/Nov/2014:08:09:43 -0500] "GET /BLA/boletinlegal/js/jquery.scrollShow.js HTTP/1.1" 200 4586
186.29.1.242 - - [23/Nov/2014:08:09:43 -0500] "GET /BLA/boletinlegal/js/jquery.js HTTP/1.1" 200 57254
186.29.1.242 - - [23/Nov/2014:08:09:44 -0500] "GET /BLA/boletinlegal/js/jquery.scrollTo-min.js HTTP/1.1" 200 1150
207.46.13.28 - - [23/Nov/2014:08:09:45 -0500] "GET /BLA/resoluciones/Resoluciones%202011/1649.pdf HTTP/1.1" 200 107538
157.55.39.50 - - [23/Nov/2014:08:09:49 -0500] "GET /bla/resoluciones/RESOLUCIONES%202011/0288.pdf HTTP/1.1" 200 85805
190.157.152.19 - - [23/Nov/2014:08:09:54 -0500] "GET /BLA/boletinlegal/js/jquery.js HTTP/1.1" 200 57254
190.157.152.19 - - [23/Nov/2014:08:09:54 -0500] "GET /BLA/boletinlegal/js/jquery.scrollTo-min.js HTTP/1.1" 200 1150
190.157.152.19 - - [23/Nov/2014:08:09:54 -0500] "GET /BLA/boletinlegal/js/jquery.scrollShow.js HTTP/1.1" 200 4586
157.55.39.102 - - [23/Nov/2014:08:09:54 -0500] "GET /bla/resoluciones/resoluciones%202009/1962.pdf HTTP/1.1" 200 527313
157.55.39.50 - - [23/Nov/2014:08:10:00 -0500] "GET /BLA/resoluciones/RESOLUCIONES%202009/4876.pdf HTTP/1.1" 200 733084
207.46.13.28 - - [23/Nov/2014:08:10:04 -0500] "GET /BLA/resoluciones/RESOLUCIONES%202012/0299.pdf HTTP/1.1" 200 359451
157.55.39.197 - - [23/Nov/2014:08:10:10 -0500] "GET /BLA/resoluciones/RESOLUCIONES%202009/3476.pdf HTTP/1.1" 200 656149
157.55.39.197 - - [23/Nov/2014:08:10:10 -0500] "GET /BLA/resoluciones/RESOLUCIONES%202008/0636.pdf HTTP/1.1" 200 18367
157.55.39.50 - - [23/Nov/2014:08:10:27 -0500] "GET /BLA/resoluciones/RESOLUCIONES%202007/RES%202007%20201%20AL%20300/RESOLUCION%200214%20DE%202007.pdf HTTP/1.1" 200 294982
157.55.39.50 - - [23/Nov/2014:08:10:28 -0500] "GET /bla/resoluciones/resoluciones%202010/6354.pdf HTTP/1.1" 200 1111817
157.55.39.50 - - [23/Nov/2014:08:10:28 -0500] "GET /BLA/resoluciones/RESOLUCIONES%202012/1238.pdf HTTP/1.1" 200 515737
190.27.182.157 - - [23/Nov/2014:08:10:30 -0500] "POST /forms/lservlet;jsessionid=ac16012b30d521959a9deb4243598249b10d8a62c94d.e3iSbxaKaheRe34Sa3yKbhiTahb0n6jAmljGr5XDqQLvpAe HTTP/1.1" 200 2
207.46.13.28 - - [23/Nov/2014:08:10:31 -0500] "GET /bla/resoluciones/resoluciones%202009/0554.pdf HTTP/1.1" 200 711947
207.46.13.28 - - [23/Nov/2014:08:10:33 -0500] "GET /bla/resoluciones/resoluciones%202009/0896.pdf HTTP/1.1" 200 16481
157.55.39.102 - - [23/Nov/2014:08:10:37 -0500] "GET /bla/resoluciones/resoluciones%202009/1106.pdf HTTP/1.1" 200 279899
157.55.39.102 - - [23/Nov/2014:08:10:37 -0500] "GET /BLA/resoluciones/AUTOS%202009/1591.pdf HTTP/1.1" 200 124328
157.55.39.102 - - [23/Nov/2014:08:10:38 -0500] "GET /BLA/resoluciones/RESOLUCIONES%202007/RES%202007%20801%20AL%20900/RESOLUCION%200811%20DE%202007.pdf HTTP/1.1" 200 280492
74.86.158.107 - - [23/Nov/2014:08:10:39 -0500] "HEAD / HTTP/1.1" 302 -
191.69.2.164 - - [23/Nov/2014:08:10:45 -0500] "GET /BLA/boletinlegal/js/jquery.js HTTP/1.1" 200 57254
191.69.2.164 - - [23/Nov/2014:08:10:45 -0500] "GET /BLA/boletinlegal/js/jquery.scrollShow.js HTTP/1.1" 200 4586
191.69.2.164 - - [23/Nov/2014:08:10:45 -0500] "GET /BLA/boletinlegal/js/jquery.scrollTo-min.js HTTP/1.1" 200 1150
157.55.39.50 - - [23/Nov/2014:08:10:46 -0500] "GET /bla/resoluciones/resoluciones%202009/7739.pdf HTTP/1.1" 200 558250
157.55.39.50 - - [23/Nov/2014:08:10:46 -0500] "GET /BLA/resoluciones/RESOLUCIONES%202009/2080.pdf HTTP/1.1" 200 487510
180.76.6.61 - - [23/Nov/2014:08:11:07 -0500] "GET /BLA/boletinlegal/Circulares/2010/Circular%2002%20de%2025%20de%20febrero%20de%202010.pdf HTTP/1.1" 200 233254
157.55.39.49 - - [23/Nov/2014:08:11:07 -0500] "GET /bla/resoluciones/resoluciones%202009/8524.pdf HTTP/1.1" 200 145556
188.165.15.95 - - [23/Nov/2014:08:11:11 -0500] "GET /BLA/resoluciones/RESOLUCIONES%202005/RES%202005%202851-2900/00002859.tif HTTP/1.1" 200 136574
157.55.39.102 - - [23/Nov/2014:08:11:20 -0500] "GET /bla/resoluciones/RESOLUCIONES%202011/0756.pdf HTTP/1.1" 200 376432
157.55.39.102 - - [23/Nov/2014:08:11:21 -0500] "GET /bla/resoluciones/resoluciones%202009/4977.pdf HTTP/1.1" 200 339824
157.55.39.102 - - [23/Nov/2014:08:11:22 -0500] "GET /BLA/resoluciones/AUTOS%202009/3369.pdf HTTP/1.1" 200 208792
157.55.39.197 - - [23/Nov/2014:08:11:23 -0500] "GET /bla/resoluciones/resoluciones%202009/9214.pdf HTTP/1.1" 200 533242
157.55.39.197 - - [23/Nov/2014:08:11:25 -0500] "GET /bla/resoluciones/RESOLUCIONES%202011/1158.pdf HTTP/1.1" 200 408088
157.55.39.197 - - [23/Nov/2014:08:11:25 -0500] "GET /BLA/resoluciones/RESOLUCIONES%202010/1820.pdf HTTP/1.1" 200 350984
157.55.39.50 - - [23/Nov/2014:08:11:33 -0500] "GET /BLA/boletinlegal/Circulares/2011/Circular%20003%20de%20Febrero%20de%202011.pdf HTTP/1.1" 200 224758
157.55.39.50 - - [23/Nov/2014:08:11:34 -0500] "GET /BLA/resoluciones/RESOLUCIONES%202009/7359.pdf HTTP/1.1" 200 784344
157.55.39.50 - - [23/Nov/2014:08:11:35 -0500] "GET /BLA/resoluciones/AUTOS%202011/1910.pdf HTTP/1.1" 200 156081
66.249.65.119 - - [23/Nov/2014:08:11:46 -0500] "GET /BLA/resoluciones/RESOLUCIONES%202010/4492.pdf HTTP/1.1" 304 -
180.76.5.73 - - [23/Nov/2014:08:11:51 -0500] "GET /BLA/resoluciones/RESOLUCIONES%202007/RES%202007%20101%20AL%20200/RESOLUCION%200113%20%20DE%202007.pdf HTTP/1.1" 200 343091
157.55.39.197 - - [23/Nov/2014:08:11:57 -0500] "GET /BLA/resoluciones/RESOLUCIONES%202008/1490.pdf HTTP/1.1" 200 734732
207.46.13.28 - - [23/Nov/2014:08:12:01 -0500] "GET /BLA/resoluciones/RESOLUCIONES%202009/1588.pdf HTTP/1.1" 200 703641
157.55.39.102 - - [23/Nov/2014:08:12:07 -0500] "GET /BLA/resoluciones/AUTOS%202010/2892.pdf HTTP/1.1" 200 165770
157.55.39.102 - - [23/Nov/2014:08:12:08 -0500] "GET /bla/resoluciones/resoluciones%202009/9231.pdf HTTP/1.1" 200 525196
190.66.108.96 - - [23/Nov/2014:08:12:12 -0500] "GET /BLA/boletinlegal/js/jquery.js HTTP/1.1" 200 57254
157.55.39.197 - - [23/Nov/2014:08:12:12 -0500] "GET /bla/resoluciones/autos%202010/1595.pdf HTTP/1.1" 200 523914
190.66.108.96 - - [23/Nov/2014:08:12:12 -0500] "GET /BLA/boletinlegal/js/jquery.scrollShow.js HTTP/1.1" 200 4586
190.66.108.96 - - [23/Nov/2014:08:12:12 -0500] "GET /BLA/boletinlegal/js/jquery.scrollTo-min.js HTTP/1.1" 200 1150
186.147.66.232 - - [23/Nov/2014:08:12:15 -0500] "GET /forest/session.jsp?a=0.514137274120003 HTTP/1.1" 200 4
157.55.39.102 - - [23/Nov/2014:08:12:17 -0500] "GET /bla/resoluciones/autos%202010/4833.pdf HTTP/1.1" 200 378973
190.27.182.157 - - [23/Nov/2014:08:12:30 -0500] "POST /forms/lservlet;jsessionid=ac16012b30d521959a9deb4243598249b10d8a62c94d.e3iSbxaKaheRe34Sa3yKbhiTahb0n6jAmljGr5XDqQLvpAe HTTP/1.1" 200 2
190.159.153.42 - - [23/Nov/2014:08:12:34 -0500] "GET /BLA/boletinlegal/js/jquery.js HTTP/1.1" 200 57254
190.159.153.42 - - [23/Nov/2014:08:12:34 -0500] "GET /BLA/boletinlegal/js/jquery.scrollTo-min.js HTTP/1.1" 200 1150
190.159.153.42 - - [23/Nov/2014:08:12:34 -0500] "GET /BLA/boletinlegal/js/jquery.scrollShow.js HTTP/1.1" 200 4586
188.165.15.78 - - [23/Nov/2014:08:12:40 -0500] "GET /BLA/resoluciones/RESOLUCIONES%202005/RES%202005%202151-2200/00002190.tif HTTP/1.1" 200 117778
161.10.5.188 - - [23/Nov/2014:08:12:41 -0500] "GET /BLA/boletinlegal/js/jquery.js HTTP/1.1" 200 57254
161.10.5.188 - - [23/Nov/2014:08:12:41 -0500] "GET /BLA/boletinlegal/js/jquery.scrollTo-min.js HTTP/1.1" 200 1150
161.10.5.188 - - [23/Nov/2014:08:12:41 -0500] "GET /BLA/boletinlegal/js/jquery.scrollShow.js HTTP/1.1" 200 4586
157.55.39.50 - - [23/Nov/2014:08:12:41 -0500] "GET /BLA/resoluciones/AUTOS%202011/3517.pdf HTTP/1.1" 200 258063
157.55.39.197 - - [23/Nov/2014:08:12:45 -0500] "GET /bla/resoluciones/resoluciones%202009/2018.pdf HTTP/1.1" 200 666487
157.55.39.197 - - [23/Nov/2014:08:12:51 -0500] "GET /BLA/resoluciones/AUTOS%202011/2404.pdf HTTP/1.1" 200 163725
207.46.13.28 - - [23/Nov/2014:08:12:55 -0500] "GET /BLA/resoluciones/RESOLUCIONES%202008/0130.pdf HTTP/1.1" 200 262819
157.55.39.197 - - [23/Nov/2014:08:13:11 -0500] "GET /bla/resoluciones/resoluciones%202009/8253.pdf HTTP/1.1" 200 292863
157.55.39.197 - - [23/Nov/2014:08:13:12 -0500] "GET /BLA/resoluciones/AUTOS%202011/0206.pdf HTTP/1.1" 200 384191
181.61.48.65 - - [23/Nov/2014:08:13:15 -0500] "GET /BLA/boletinlegal/js/jquery.scrollTo-min.js HTTP/1.1" 200 1150
181.61.48.65 - - [23/Nov/2014:08:13:15 -0500] "GET /BLA/boletinlegal/js/jquery.js HTTP/1.1" 200 57254
181.61.48.65 - - [23/Nov/2014:08:13:15 -0500] "GET /BLA/boletinlegal/js/jquery.scrollShow.js HTTP/1.1" 200 4586
207.46.13.28 - - [23/Nov/2014:08:13:16 -0500] "GET /bla/resoluciones/RESOLUCIONES%202011/0027.pdf HTTP/1.1" 200 498695
180.76.6.143 - - [23/Nov/2014:08:13:20 -0500] "GET /BLA/resoluciones/AUTOS%202011/3168.pdf HTTP/1.1" 200 221519
207.46.13.28 - - [23/Nov/2014:08:13:26 -0500] "GET /BLA/resoluciones/RESOLUCIONES%202010/1516.pdf HTTP/1.1" 200 480717
207.46.13.28 - - [23/Nov/2014:08:13:27 -0500] "GET /bla/resoluciones/resoluciones%202009/9102.pdf HTTP/1.1" 200 487753
207.46.13.28 - - [23/Nov/2014:08:13:28 -0500] "GET /bla/resoluciones/resoluciones%202010/6464.pdf HTTP/1.1" 200 64468
157.55.39.50 - - [23/Nov/2014:08:13:35 -0500] "GET /BLA/resoluciones/RESOLUCIONES%202009/5628.pdf HTTP/1.1" 200 680349
157.55.39.102 - - [23/Nov/2014:08:13:39 -0500] "GET /BLA/resoluciones/RESOLUCIONES%202008/1661.pdf HTTP/1.1" 200 267559
157.55.39.197 - - [23/Nov/2014:08:13:51 -0500] "GET /bla/resoluciones/autos%202010/6435.pdf HTTP/1.1" 200 151701
188.165.15.95 - - [23/Nov/2014:08:14:01 -0500] "GET /BLA/resoluciones/RESOLUCIONES%202002/RES%202002%201801-1850/20021841.tif HTTP/1.1" 200 126360
188.165.15.36 - - [23/Nov/2014:08:14:02 -0500] "GET /BLA/resoluciones/RESOLUCIONES%202004/RES%202004%20201-250/00000224.tif HTTP/1.1" 200 93032
157.55.39.49 - - [23/Nov/2014:08:14:10 -0500] "GET /bla/resoluciones/resoluciones%202009/4482.pdf HTTP/1.1" 200 125284
186.147.66.232 - - [23/Nov/2014:08:08:13 -0500] "GET /ForestMSG_SDA/channelAsync/template_word_16942972?X-Atmosphere-tracking-id=a87dbd06-7840-84f4-2dfb-2e2d06df805f&X-Atmosphere-Framework=1.0.5&X-Atmosphere-Transport=long-polling&tabid=0.8218463615048677&X-Cache-Date=0&Content-Type=application/xml&_=1416748245642 HTTP/1.1" 200 8193
157.55.39.197 - - [23/Nov/2014:08:14:16 -0500] "GET /bla/resoluciones/resoluciones%202009/1265.pdf HTTP/1.1" 200 652375
190.27.182.157 - - [23/Nov/2014:08:14:30 -0500] "POST /forms/lservlet;jsessionid=ac16012b30d521959a9deb4243598249b10d8a62c94d.e3iSbxaKaheRe34Sa3yKbhiTahb0n6jAmljGr5XDqQLvpAe HTTP/1.1" 200 2
157.55.39.50 - - [23/Nov/2014:08:14:39 -0500] "GET /BLA/resoluciones/RESOLUCIONES%202008/1333.pdf HTTP/1.1" 200 452607
157.55.39.102 - - [23/Nov/2014:08:14:50 -0500] "GET /BLA/resoluciones/AUTOS%202011/4059.pdf HTTP/1.1" 200 242511
157.55.39.50 - - [23/Nov/2014:08:14:57 -0500] "GET /BLA/resoluciones/RESOLUCIONES%202010/1524.pdf HTTP/1.1" 200 125746
66.249.65.119 - - [23/Nov/2014:08:15:00 -0500] "GET /BLA/resoluciones/RESOLUCIONES%202010/7130.pdf HTTP/1.1" 200 261546
66.249.65.119 - - [23/Nov/2014:08:15:00 -0500] "GET /BLA/resoluciones/RESOLUCIONES%202005/RES%202005%20%201701-1750/00001733.tif HTTP/1.1" 200 963410
157.55.39.197 - - [23/Nov/2014:08:15:00 -0500] "GET /BLA/resoluciones/index.php?dir=RESOLUCIONES%202010/&sort=date&order=asc HTTP/1.1" 200 607274
157.55.39.197 - - [23/Nov/2014:08:15:06 -0500] "GET /bla/resoluciones/resoluciones%202010/7177.pdf HTTP/1.1" 200 75515
207.46.13.28 - - [23/Nov/2014:08:15:07 -0500] "GET /bla/resoluciones/resoluciones%202009/8796.pdf HTTP/1.1" 200 512979
181.54.211.246 - - [23/Nov/2014:08:15:14 -0500] "GET /BLA/boletinlegal/js/jquery.js HTTP/1.1" 200 57254
181.54.211.246 - - [23/Nov/2014:08:15:14 -0500] "GET /BLA/boletinlegal/js/jquery.scrollShow.js HTTP/1.1" 200 4586
181.54.211.246 - - [23/Nov/2014:08:15:14 -0500] "GET /BLA/boletinlegal/js/jquery.scrollTo-min.js HTTP/1.1" 200 1150
157.55.39.197 - - [23/Nov/2014:08:15:15 -0500] "GET /BLA/resoluciones/AUTOS%202011/2145.pdf HTTP/1.1" 200 157294
207.46.13.28 - - [23/Nov/2014:08:15:21 -0500] "GET /BLA/resoluciones/Resoluciones%202011/0501.pdf HTTP/1.1" 200 414332
157.55.39.50 - - [23/Nov/2014:08:15:28 -0500] "GET /bla/resoluciones/autos%202010/1903.pdf HTTP/1.1" 200 144935
180.76.6.16 - - [23/Nov/2014:08:15:32 -0500] "GET /BLA/boletinlegal/Circulares/2011/Circular%20003%20de%20Febrero%20de%202011.pdf HTTP/1.1" 200 224758
207.46.13.28 - - [23/Nov/2014:08:15:36 -0500] "GET /BLA/resoluciones/RESOLUCIONES%202010/1339.pdf HTTP/1.1" 200 392428
74.86.158.107 - - [23/Nov/2014:08:15:39 -0500] "HEAD / HTTP/1.1" 302 -
157.55.39.197 - - [23/Nov/2014:08:15:47 -0500] "GET /BLA/resoluciones/Resoluciones%202011/1079.pdf HTTP/1.1" 200 66955
157.55.39.102 - - [23/Nov/2014:08:15:51 -0500] "GET /BLA/resoluciones/AUTOS%202011/4798.pdf HTTP/1.1" 200 241035
157.55.39.102 - - [23/Nov/2014:08:15:52 -0500] "GET /bla/resoluciones/resoluciones%202009/9770.pdf HTTP/1.1" 200 257865
157.55.39.102 - - [23/Nov/2014:08:15:52 -0500] "GET /bla/resoluciones/RESOLUCIONES%202011/2707.pdf HTTP/1.1" 200 768628
157.55.39.102 - - [23/Nov/2014:08:15:53 -0500] "GET /BLA/resoluciones/AUTOS%202009/0563.pdf HTTP/1.1" 200 126502
157.55.39.50 - - [23/Nov/2014:08:15:59 -0500] "GET /BLA/resoluciones/RESOLUCIONES%202008/0536.pdf HTTP/1.1" 200 250037
66.249.88.211 - - [23/Nov/2014:08:16:18 -0500] "GET /BLA/boletinlegal/js/jquery.js HTTP/1.1" 200 57254
66.249.88.209 - - [23/Nov/2014:08:16:18 -0500] "GET /BLA/boletinlegal/js/jquery.scrollTo-min.js HTTP/1.1" 200 1150
66.249.88.211 - - [23/Nov/2014:08:16:18 -0500] "GET /BLA/boletinlegal/js/jquery.scrollShow.js HTTP/1.1" 200 4586
190.27.182.157 - - [23/Nov/2014:08:16:31 -0500] "POST /forms/lservlet;jsessionid=ac16012b30d521959a9deb4243598249b10d8a62c94d.e3iSbxaKaheRe34Sa3yKbhiTahb0n6jAmljGr5XDqQLvpAe HTTP/1.1" 200 2
207.46.13.28 - - [23/Nov/2014:08:16:36 -0500] "GET /BLA/resoluciones/RESOLUCIONES%202010/1608.pdf HTTP/1.1" 200 1025253
157.55.39.50 - - [23/Nov/2014:08:16:41 -0500] "GET /BLA/boletinlegal/Circulares/2012/Circular%20No.%206%20del%2025%20de%20Mayo%20de%202012.pdf HTTP/1.1" 200 387391
157.55.39.50 - - [23/Nov/2014:08:16:42 -0500] "GET /bla/resoluciones/resoluciones%202009/9772.pdf HTTP/1.1" 200 305435
157.55.39.50 - - [23/Nov/2014:08:16:49 -0500] "GET /BLA/resoluciones/RESOLUCIONES%202008/0540.pdf HTTP/1.1" 200 259754
157.55.39.197 - - [23/Nov/2014:08:16:53 -0500] "GET /BLA/resoluciones/RESOLUCIONES%202012/1770.pdf HTTP/1.1" 200 1199300
186.147.66.232 - - [23/Nov/2014:08:17:15 -0500] "GET /forest/session.jsp?a=0.8112443520221859 HTTP/1.1" 200 4
157.55.39.102 - - [23/Nov/2014:08:17:28 -0500] "GET /BLA/resoluciones/RESOLUCIONES%202010/0517.pdf HTTP/1.1" 200 380523
157.55.39.102 - - [23/Nov/2014:08:17:28 -0500] "GET /BLA/resoluciones/AUTOS%202011/4119.pdf HTTP/1.1" 200 233901
157.55.39.102 - - [23/Nov/2014:08:17:29 -0500] "GET /bla/resoluciones/autos%202010/1395.pdf HTTP/1.1" 200 247691
207.46.13.28 - - [23/Nov/2014:08:17:32 -0500] "GET /bla/resoluciones/resoluciones%202009/0664.pdf HTTP/1.1" 200 209613
157.55.39.197 - - [23/Nov/2014:08:17:35 -0500] "GET /bla/resoluciones/resoluciones%202009/0892.pdf HTTP/1.1" 200 435976
157.55.39.197 - - [23/Nov/2014:08:17:36 -0500] "GET /BLA/resoluciones/AUTOS%202011/0168.pdf HTTP/1.1" 200 215201
157.55.39.197 - - [23/Nov/2014:08:17:36 -0500] "GET /bla/resoluciones/resoluciones%202009/0747.pdf HTTP/1.1" 200 174681
157.55.39.197 - - [23/Nov/2014:08:17:38 -0500] "GET /BLA/resoluciones/RESOLUCIONES%202008/0842.pdf HTTP/1.1" 200 317418
157.55.39.102 - - [23/Nov/2014:08:17:41 -0500] "GET /bla/resoluciones/resoluciones%202010/5765.pdf HTTP/1.1" 200 411951
207.46.13.28 - - [23/Nov/2014:08:17:45 -0500] "GET /BLA/resoluciones/AUTOS%202009/2080.pdf HTTP/1.1" 200 99065
207.46.13.28 - - [23/Nov/2014:08:17:56 -0500] "GET /BLA/resoluciones/AUTOS%202010/5498.pdf HTTP/1.1" 200 229497
157.55.39.49 - - [23/Nov/2014:08:18:05 -0500] "GET /bla/resoluciones/resoluciones%202010/5679.pdf HTTP/1.1" 200 300448
188.165.15.187 - - [23/Nov/2014:08:18:11 -0500] "GET /BLA/resoluciones/RESOLUCIONES%202005/RES%202005%201151-1200/00001164.tif HTTP/1.1" 200 223352
190.27.182.157 - - [23/Nov/2014:08:18:31 -0500] "POST /forms/lservlet;jsessionid=ac16012b30d521959a9deb4243598249b10d8a62c94d.e3iSbxaKaheRe34Sa3yKbhiTahb0n6jAmljGr5XDqQLvpAe HTTP/1.1" 200 2
207.46.13.28 - - [23/Nov/2014:08:18:32 -0500] "GET /bla/resoluciones/resoluciones%202010/5927.pdf HTTP/1.1" 200 275934
207.46.13.28 - - [23/Nov/2014:08:18:33 -0500] "GET /BLA/resoluciones/AUTOS%202011/2445.pdf HTTP/1.1" 200 199380
157.55.39.197 - - [23/Nov/2014:08:18:36 -0500] "GET /BLA/resoluciones/RESOLUCIONES%202008/0752.pdf HTTP/1.1" 200 447804
157.55.39.102 - - [23/Nov/2014:08:18:41 -0500] "GET /BLA/resoluciones/RESOLUCIONES%202008/0790.pdf HTTP/1.1" 200 28374
157.55.39.102 - - [23/Nov/2014:08:18:41 -0500] "GET /BLA/resoluciones/Resoluciones%202011/3042.pdf HTTP/1.1" 200 708278
157.55.39.102 - - [23/Nov/2014:08:18:43 -0500] "GET /bla/resoluciones/resoluciones%202009/3653.pdf HTTP/1.1" 200 104690
207.46.13.28 - - [23/Nov/2014:08:18:46 -0500] "GET /bla/resoluciones/resoluciones%202009/7441.pdf HTTP/1.1" 200 111040
157.55.39.197 - - [23/Nov/2014:08:18:51 -0500] "GET /BLA/resoluciones/AUTOS%202010/5379.pdf HTTP/1.1" 200 2588786
207.46.13.28 - - [23/Nov/2014:08:18:57 -0500] "GET /BLA/resoluciones/RESOLUCIONES%202010/2396.pdf HTTP/1.1" 200 507844
207.46.13.28 - - [23/Nov/2014:08:18:57 -0500] "GET /bla/resoluciones/resoluciones%202010/6866.pdf HTTP/1.1" 200 185445
207.46.13.28 - - [23/Nov/2014:08:18:58 -0500] "GET /bla/resoluciones/RESOLUCIONES%202011/3282.pdf HTTP/1.1" 200 263271
157.55.39.101 - - [23/Nov/2014:08:18:58 -0500] "GET /robots.txt HTTP/1.1" 404 1015
186.115.22.194 - - [23/Nov/2014:08:19:10 -0500] "GET /BLA/boletinlegal/js/jquery.js HTTP/1.1" 200 57254
186.115.22.194 - - [23/Nov/2014:08:19:10 -0500] "GET /BLA/boletinlegal/js/jquery.scrollTo-min.js HTTP/1.1" 200 1150
186.115.22.194 - - [23/Nov/2014:08:19:10 -0500] "GET /BLA/boletinlegal/js/jquery.scrollShow.js HTTP/1.1" 200 4586
157.55.39.102 - - [23/Nov/2014:08:19:20 -0500] "GET /BLA/resoluciones/Resoluciones%202011/1153.pdf HTTP/1.1" 200 323627
190.254.36.240 - - [23/Nov/2014:08:19:49 -0500] "GET /BLA/boletinlegal/js/jquery.scrollShow.js HTTP/1.1" 200 4586
190.254.36.240 - - [23/Nov/2014:08:19:49 -0500] "GET /BLA/boletinlegal/js/jquery.js HTTP/1.1" 200 57254
190.254.36.240 - - [23/Nov/2014:08:19:49 -0500] "GET /BLA/boletinlegal/js/jquery.scrollTo-min.js HTTP/1.1" 200 1150
157.55.39.102 - - [23/Nov/2014:08:20:12 -0500] "-" 408 -
186.147.66.232 - - [23/Nov/2014:08:14:13 -0500] "GET /ForestMSG_SDA/channelAsync/template_word_16942972?X-Atmosphere-tracking-id=a87dbd06-7840-84f4-2dfb-2e2d06df805f&X-Atmosphere-Framework=1.0.5&X-Atmosphere-Transport=long-polling&tabid=0.8218463615048677&X-Cache-Date=0&Content-Type=application/xml&_=1416748605725 HTTP/1.1" 200 8193
157.55.39.197 - - [23/Nov/2014:08:20:16 -0500] "GET /BLA/resoluciones/AUTOS%202011/4455.pdf HTTP/1.1" 200 260759
207.46.13.28 - - [23/Nov/2014:08:20:20 -0500] "GET /bla/resoluciones/resoluciones%202009/9216.pdf HTTP/1.1" 200 487269
157.55.39.101 - - [23/Nov/2014:08:20:22 -0500] "GET / HTTP/1.1" 302 -
157.55.39.50 - - [23/Nov/2014:08:20:25 -0500] "GET /BLA/resoluciones/RESOLUCIONES%202012/0419.pdf HTTP/1.1" 200 306955
157.55.39.50 - - [23/Nov/2014:08:20:26 -0500] "GET /BLA/resoluciones/RESOLUCIONES%202009/0707.pdf HTTP/1.1" 200 569053
157.55.39.50 - - [23/Nov/2014:08:20:27 -0500] "GET /bla/resoluciones/RESOLUCIONES%202011/0549.pdf HTTP/1.1" 200 70783
157.55.39.50 - - [23/Nov/2014:08:20:27 -0500] "GET /bla/resoluciones/resoluciones%202009/1244.pdf HTTP/1.1" 200 710362
157.55.39.50 - - [23/Nov/2014:08:20:28 -0500] "GET /BLA/resoluciones/AUTOS%202011/1304.pdf HTTP/1.1" 200 160937
157.55.39.102 - - [23/Nov/2014:08:20:30 -0500] "GET /BLA/resoluciones/RESOLUCIONES%202008/1955.pdf HTTP/1.1" 200 68603
190.27.182.157 - - [23/Nov/2014:08:20:31 -0500] "POST /forms/lservlet;jsessionid=ac16012b30d521959a9deb4243598249b10d8a62c94d.e3iSbxaKaheRe34Sa3yKbhiTahb0n6jAmljGr5XDqQLvpAe HTTP/1.1" 200 2
200.87.177.221 - - [23/Nov/2014:08:20:32 -0500] "GET /BLA/boletinlegal/js/jquery.scrollShow.js HTTP/1.1" 200 4586
200.87.177.221 - - [23/Nov/2014:08:20:33 -0500] "GET /BLA/boletinlegal/js/jquery.js HTTP/1.1" 200 57254
200.87.177.221 - - [23/Nov/2014:08:20:33 -0500] "GET /BLA/boletinlegal/js/jquery.scrollTo-min.js HTTP/1.1" 200 1150
74.86.158.107 - - [23/Nov/2014:08:20:39 -0500] "HEAD / HTTP/1.1" 302 -
207.46.13.28 - - [23/Nov/2014:08:20:49 -0500] "GET /bla/resoluciones/resoluciones%202010/7719.pdf HTTP/1.1" 200 523692
207.46.13.28 - - [23/Nov/2014:08:20:49 -0500] "GET /BLA/resoluciones/AUTOS%202010/2311.pdf HTTP/1.1" 200 1506897
190.27.154.11 - - [23/Nov/2014:08:20:52 -0500] "GET /BLA/resoluciones/RESOLUCIONES%202007/RES%202007%202401%20AL%202500/RESOLUCION%202477%20DE%202007.pdf HTTP/1.1" 200 284530
190.27.154.11 - - [23/Nov/2014:08:20:52 -0500] "GET /BLA/resoluciones/RESOLUCIONES%202007/RES%202007%202401%20AL%202500/RESOLUCION%202477%20DE%202007.pdf HTTP/1.1" 206 32768
190.27.154.11 - - [23/Nov/2014:08:20:53 -0500] "GET /BLA/resoluciones/RESOLUCIONES%202007/RES%202007%202401%20AL%202500/RESOLUCION%202477%20DE%202007.pdf HTTP/1.1" 206 251762
157.55.39.50 - - [23/Nov/2014:08:20:53 -0500] "GET /BLA/resoluciones/AUTOS%202009/2808.pdf HTTP/1.1" 200 135906
190.27.154.11 - - [23/Nov/2014:08:20:53 -0500] "GET /favicon.ico HTTP/1.1" 200 7782
186.115.173.190 - - [23/Nov/2014:08:20:55 -0500] "GET /BLA/boletinlegal/js/jquery.js HTTP/1.1" 200 57254
186.115.173.190 - - [23/Nov/2014:08:20:55 -0500] "GET /BLA/boletinlegal/js/jquery.scrollTo-min.js HTTP/1.1" 200 1150
186.115.173.190 - - [23/Nov/2014:08:20:55 -0500] "GET /BLA/boletinlegal/js/jquery.scrollShow.js HTTP/1.1" 200 4586
188.165.15.85 - - [23/Nov/2014:08:20:59 -0500] "GET /BLA/resoluciones/index.php?dir=RESOLUCIONES%202002/RES%202002%20201-250/&sort=name&order=asc HTTP/1.1" 200 12325
157.55.39.49 - - [23/Nov/2014:08:21:01 -0500] "-" 408 -
131.253.24.40 - - [23/Nov/2014:08:21:05 -0500] "GET /BLA/boletinlegal/jurisprudencia.php HTTP/1.1" 200 10741
131.253.24.40 - - [23/Nov/2014:08:21:06 -0500] "GET /BLA/boletinlegal/style.css HTTP/1.1" 200 9406
131.253.24.40 - - [23/Nov/2014:08:21:06 -0500] "GET /BLA/boletinlegal/js/jquery1.js HTTP/1.1" 200 29846
131.253.24.40 - - [23/Nov/2014:08:21:06 -0500] "GET /BLA/boletinlegal/js/lib.js HTTP/1.1" 200 6474
131.253.24.40 - - [23/Nov/2014:08:21:06 -0500] "GET /BLA/boletinlegal/js/popup.js HTTP/1.1" 200 1270
157.55.39.102 - - [23/Nov/2014:08:21:09 -0500] "GET /bla/resoluciones/RESOLUCIONES%202011/1511.pdf HTTP/1.1" 200 70205
157.55.39.102 - - [23/Nov/2014:08:21:10 -0500] "GET /BLA/resoluciones/AUTOS%202009/1421.pdf HTTP/1.1" 200 108886
157.55.39.102 - - [23/Nov/2014:08:21:14 -0500] "GET /BLA/resoluciones/RESOLUCIONES%202009/9816.pdf HTTP/1.1" 200 475221
66.249.65.115 - - [23/Nov/2014:08:21:31 -0500] "GET /BLA/resoluciones/RESOLUCIONES%202009/0077.pdf HTTP/1.1" 304 -
207.46.13.28 - - [23/Nov/2014:08:21:33 -0500] "GET /bla/resoluciones/resoluciones%202010/7875.pdf HTTP/1.1" 200 1545333
186.28.73.60 - - [23/Nov/2014:08:21:41 -0500] "GET /BLA/resoluciones/AUTOS%202011/6924.pdf HTTP/1.1" 200 205519
186.28.73.60 - - [23/Nov/2014:08:21:41 -0500] "GET /BLA/resoluciones/AUTOS%202011/6924.pdf HTTP/1.1" 206 32768
186.28.73.60 - - [23/Nov/2014:08:21:41 -0500] "GET /BLA/resoluciones/AUTOS%202011/6924.pdf HTTP/1.1" 206 172751
186.28.73.60 - - [23/Nov/2014:08:21:41 -0500] "GET /favicon.ico HTTP/1.1" 200 7782
66.249.65.119 - - [23/Nov/2014:08:21:58 -0500] "GET /BLA/resoluciones/index.php?dir=RESOLUCIONES%202007/RES%202007%202501%20AL%202600/&sort=size&order=asc HTTP/1.1" 200 26847
186.147.66.232 - - [23/Nov/2014:08:22:15 -0500] "GET /forest/session.jsp?a=0.8134747231379151 HTTP/1.1" 200 4
157.55.39.102 - - [23/Nov/2014:08:22:16 -0500] "GET /BLA/resoluciones/Resoluciones%202011/0873.pdf HTTP/1.1" 200 242809
180.76.5.64 - - [23/Nov/2014:08:22:23 -0500] "GET /BLA/resoluciones/AUTOS%202007/0814.pdf HTTP/1.1" 200 96319
157.55.39.102 - - [23/Nov/2014:08:22:26 -0500] "GET /bla/resoluciones/resoluciones%202009/6982.pdf HTTP/1.1" 200 114654
157.55.39.102 - - [23/Nov/2014:08:22:27 -0500] "GET /BLA/resoluciones/RESOLUCIONES%202010/2248.pdf HTTP/1.1" 200 358355
190.27.182.157 - - [23/Nov/2014:08:22:31 -0500] "POST /forms/lservlet;jsessionid=ac16012b30d521959a9deb4243598249b10d8a62c94d.e3iSbxaKaheRe34Sa3yKbhiTahb0n6jAmljGr5XDqQLvpAe HTTP/1.1" 200 2
157.55.39.197 - - [23/Nov/2014:08:22:40 -0500] "GET /BLA/resoluciones/RESOLUCIONES%202012/1522.pdf HTTP/1.1" 200 589889
207.46.13.28 - - [23/Nov/2014:08:22:44 -0500] "GET /bla/resoluciones/RESOLUCIONES%202011/0729.pdf HTTP/1.1" 200 492309
180.76.6.156 - - [23/Nov/2014:08:22:41 -0500] "GET /videos/NuestraGente_TesorosNaturales.flv HTTP/1.1" 200 48471354
207.46.13.28 - - [23/Nov/2014:08:22:45 -0500] "GET /BLA/resoluciones/AUTOS%202011/3771.pdf HTTP/1.1" 200 273683
157.55.39.102 - - [23/Nov/2014:08:22:50 -0500] "GET /BLA/resoluciones/Resoluciones%202011/0383.pdf HTTP/1.1" 200 50085
207.46.13.28 - - [23/Nov/2014:08:22:54 -0500] "GET /BLA/resoluciones/AUTOS%202010/5213.pdf HTTP/1.1" 200 156771
157.55.39.50 - - [23/Nov/2014:08:23:00 -0500] "GET /BLA/resoluciones/RESOLUCIONES%202009/7037.pdf HTTP/1.1" 200 724309
157.55.39.49 - - [23/Nov/2014:08:23:01 -0500] "GET /BLA/resoluciones/RESOLUCIONES%202009/5990.pdf HTTP/1.1" 200 631834
157.55.39.197 - - [23/Nov/2014:08:23:06 -0500] "GET /BLA/resoluciones/AUTOS%202010/2606.pdf HTTP/1.1" 200 158119
157.55.39.102 - - [23/Nov/2014:08:23:15 -0500] "GET /bla/resoluciones/RESOLUCIONES%202011/0868.pdf HTTP/1.1" 200 239277
188.165.15.241 - - [23/Nov/2014:08:23:18 -0500] "GET /BLA/resoluciones/RESOLUCIONES%202003/RES%202003%201051-1100/1063.tif HTTP/1.1" 200 358668
207.46.13.28 - - [23/Nov/2014:08:23:19 -0500] "GET /BLA/resoluciones/RESOLUCIONES%202009/0348.pdf HTTP/1.1" 200 149432
157.55.39.50 - - [23/Nov/2014:08:23:25 -0500] "GET /bla/resoluciones/resoluciones%202009/2459.pdf HTTP/1.1" 200 211620
157.55.39.50 - - [23/Nov/2014:08:23:28 -0500] "GET /BLA/resoluciones/RESOLUCIONES%202008/1637.pdf HTTP/1.1" 200 231575
157.55.39.102 - - [23/Nov/2014:08:23:30 -0500] "GET /BLA/resoluciones/RESOLUCIONES%202009/1732.pdf HTTP/1.1" 200 484737
181.131.15.144 - - [23/Nov/2014:08:23:42 -0500] "GET /BLA/resoluciones/RESOLUCIONES%202011/4560.pdf HTTP/1.1" 200 836019
181.131.15.144 - - [23/Nov/2014:08:23:45 -0500] "GET /BLA/resoluciones/RESOLUCIONES%202011/4560.pdf HTTP/1.1" 206 32768
181.131.15.144 - - [23/Nov/2014:08:23:45 -0500] "GET /BLA/resoluciones/RESOLUCIONES%202011/4560.pdf HTTP/1.1" 206 803251
181.131.15.144 - - [23/Nov/2014:08:23:47 -0500] "GET /favicon.ico HTTP/1.1" 200 7782
157.55.39.50 - - [23/Nov/2014:08:23:51 -0500] "GET /BLA/resoluciones/RESOLUCIONES%202008/0363.pdf HTTP/1.1" 200 260492
157.55.39.50 - - [23/Nov/2014:08:23:52 -0500] "GET /BLA/resoluciones/AUTOS%202009/0475.pdf HTTP/1.1" 200 448583
207.46.13.28 - - [23/Nov/2014:08:23:59 -0500] "GET /bla/resoluciones/autos%202010/4805.pdf HTTP/1.1" 200 240166
192.241.217.167 - - [23/Nov/2014:08:24:09 -0500] "GET /BLA/boletinlegal/js/jquery.js HTTP/1.1" 200 57254
192.241.217.167 - - [23/Nov/2014:08:24:10 -0500] "GET /BLA/boletinlegal/js/jquery.scrollTo-min.js HTTP/1.1" 200 1150
192.241.217.167 - - [23/Nov/2014:08:24:10 -0500] "GET /BLA/boletinlegal/js/jquery.scrollShow.js HTTP/1.1" 200 4586
157.55.39.102 - - [23/Nov/2014:08:24:16 -0500] "GET /bla/resoluciones/resoluciones%202010/6029.pdf HTTP/1.1" 200 658734
207.46.13.28 - - [23/Nov/2014:08:24:24 -0500] "GET /BLA/resoluciones/RESOLUCIONES%202009/7139.pdf HTTP/1.1" 200 748056
157.55.39.197 - - [23/Nov/2014:08:24:28 -0500] "GET /BLA/resoluciones/RESOLUCIONES%202009/1110.pdf HTTP/1.1" 200 284341
190.27.182.157 - - [23/Nov/2014:08:24:31 -0500] "POST /forms/lservlet;jsessionid=ac16012b30d521959a9deb4243598249b10d8a62c94d.e3iSbxaKaheRe34Sa3yKbhiTahb0n6jAmljGr5XDqQLvpAe HTTP/1.1" 200 2
157.55.39.102 - - [23/Nov/2014:08:24:32 -0500] "GET /BLA/resoluciones/RESOLUCIONES%202010/0890.pdf HTTP/1.1" 200 107150
180.76.6.17 - - [23/Nov/2014:08:24:35 -0500] "GET /BLA/resoluciones/RESOLUCIONES%202008/2524.pdf HTTP/1.1" 200 302125
157.55.39.50 - - [23/Nov/2014:08:24:38 -0500] "GET /BLA/resoluciones/AUTOS%202009/1563.pdf HTTP/1.1" 200 120605
157.55.39.50 - - [23/Nov/2014:08:24:39 -0500] "GET /bla/resoluciones/autos%202010/1279.pdf HTTP/1.1" 200 464777
207.46.13.28 - - [23/Nov/2014:08:24:44 -0500] "GET /bla/resoluciones/resoluciones%202010/5257.pdf HTTP/1.1" 200 352480
157.55.39.102 - - [23/Nov/2014:08:24:44 -0500] "-" 408 -
188.165.15.95 - - [23/Nov/2014:08:24:45 -0500] "GET /BLA/resoluciones/RESOLUCIONES%202006/RES%202006%20901-950/00000903.tif HTTP/1.1" 200 60792
66.249.65.123 - - [23/Nov/2014:08:24:45 -0500] "GET /BLA/resoluciones/RESOLUCIONES%202010/3849.pdf HTTP/1.1" 304 -
157.55.39.102 - - [23/Nov/2014:08:24:51 -0500] "GET /BLA/resoluciones/AUTOS%202011/5111.pdf HTTP/1.1" 200 634061
157.55.39.197 - - [23/Nov/2014:08:24:54 -0500] "GET /bla/resoluciones/RESOLUCIONES%202011/1647.pdf HTTP/1.1" 200 42316
157.55.39.197 - - [23/Nov/2014:08:24:55 -0500] "GET /bla/resoluciones/RESOLUCIONES%202011/1983.pdf HTTP/1.1" 200 502485
157.55.39.197 - - [23/Nov/2014:08:24:56 -0500] "GET /bla/resoluciones/resoluciones%202009/3617.pdf HTTP/1.1" 200 75789
157.55.39.197 - - [23/Nov/2014:08:24:56 -0500] "GET /bla/resoluciones/resoluciones%202010/5746.pdf HTTP/1.1" 200 88354
207.46.13.28 - - [23/Nov/2014:08:25:00 -0500] "GET /BLA/resoluciones/RESOLUCIONES%202008/1412.pdf HTTP/1.1" 200 209215
157.55.39.49 - - [23/Nov/2014:08:25:07 -0500] "GET /autoliquidacion HTTP/1.1" 301 310
188.165.15.95 - - [23/Nov/2014:08:25:09 -0500] "GET /BLA/resoluciones/RESOLUCIONES%202003/RES%202003%20301-350/337.tif HTTP/1.1" 200 169100
157.55.39.49 - - [23/Nov/2014:08:25:09 -0500] "GET /autoliquidacion/ HTTP/1.1" 200 6375
207.46.13.28 - - [23/Nov/2014:08:25:15 -0500] "GET /BLA/resoluciones/RESOLUCIONES%202009/1750.pdf HTTP/1.1" 200 573424
157.55.39.102 - - [23/Nov/2014:08:25:19 -0500] "GET /BLA/resoluciones/RESOLUCIONES%202008/2109.pdf HTTP/1.1" 200 58687
186.113.58.149 - - [23/Nov/2014:08:25:21 -0500] "GET /BLA/boletinlegal/js/jquery.js HTTP/1.1" 200 57254
186.113.58.149 - - [23/Nov/2014:08:25:21 -0500] "GET /BLA/boletinlegal/js/jquery.scrollTo-min.js HTTP/1.1" 200 1150
186.113.58.149 - - [23/Nov/2014:08:25:21 -0500] "GET /BLA/boletinlegal/js/jquery.scrollShow.js HTTP/1.1" 200 4586
157.55.39.102 - - [23/Nov/2014:08:25:31 -0500] "GET /BLA/resoluciones/RESOLUCIONES%202009/0259.pdf HTTP/1.1" 200 359348
190.68.192.243 - - [23/Nov/2014:08:25:34 -0500] "GET /BLA/boletinlegal/js/jquery.js HTTP/1.1" 200 57254
190.68.192.243 - - [23/Nov/2014:08:25:34 -0500] "GET /BLA/boletinlegal/js/jquery.scrollTo-min.js HTTP/1.1" 200 1150
190.68.192.243 - - [23/Nov/2014:08:25:34 -0500] "GET /BLA/boletinlegal/js/jquery.scrollShow.js HTTP/1.1" 200 4586
186.147.4.121 - - [23/Nov/2014:08:25:34 -0500] "GET /BLA/boletinlegal/js/jquery.js HTTP/1.1" 200 57254
186.147.4.121 - - [23/Nov/2014:08:25:34 -0500] "GET /BLA/boletinlegal/js/jquery.scrollTo-min.js HTTP/1.1" 200 1150
