186.85.152.88 - - [24/Nov/2014:05:54:52 -0500] "GET /galeria/nivo-slider/themes/default/bullets.png HTTP/1.1" 200 1281
186.85.152.88 - - [24/Nov/2014:05:54:53 -0500] "GET /videos/Spot_CambioClimatico.flv HTTP/1.1" 200 4371917
66.249.65.115 - - [24/Nov/2014:05:54:58 -0500] "GET /BLA/resoluciones/AUTOS%202013/0607.pdf HTTP/1.1" 304 -
157.55.39.49 - - [24/Nov/2014:05:54:59 -0500] "GET /bla/resoluciones/resoluciones%202010/7156.pdf HTTP/1.1" 200 72689
207.46.13.28 - - [24/Nov/2014:05:55:22 -0500] "GET /BLA/resoluciones/AUTOS%202011/1879.pdf HTTP/1.1" 200 148723
157.55.39.50 - - [24/Nov/2014:05:55:34 -0500] "GET /BLA/resoluciones/Resoluciones%202011/1373.pdf HTTP/1.1" 200 74007
157.55.39.50 - - [24/Nov/2014:05:55:35 -0500] "GET /BLA/resoluciones/AUTOS%202009/0405.pdf HTTP/1.1" 200 79535
74.86.158.107 - - [24/Nov/2014:05:55:37 -0500] "HEAD / HTTP/1.1" 302 -
157.55.39.102 - - [24/Nov/2014:05:55:40 -0500] "GET /BLA/resoluciones/AUTOS%202011/0199.pdf HTTP/1.1" 200 171349
157.55.39.102 - - [24/Nov/2014:05:55:41 -0500] "GET /BLA/resoluciones/AUTOS%202010/0367.pdf HTTP/1.1" 200 210239
207.46.13.28 - - [24/Nov/2014:05:55:47 -0500] "GET /BLA/resoluciones/RESOLUCIONES%202008/2317.pdf HTTP/1.1" 200 355516
207.46.13.28 - - [24/Nov/2014:05:55:49 -0500] "GET /bla/resoluciones/RESOLUCIONES%202011/1592.pdf HTTP/1.1" 200 68581
186.114.54.240 - - [24/Nov/2014:05:55:50 -0500] "GET /BLA/boletinlegal/js/jquery.js HTTP/1.1" 200 57254
186.114.54.240 - - [24/Nov/2014:05:55:50 -0500] "GET /BLA/boletinlegal/js/jquery.scrollTo-min.js HTTP/1.1" 200 1150
186.114.54.240 - - [24/Nov/2014:05:55:50 -0500] "GET /BLA/boletinlegal/js/jquery.scrollShow.js HTTP/1.1" 200 4586
157.55.39.197 - - [24/Nov/2014:05:55:55 -0500] "GET /bla/resoluciones/resoluciones%202010/5718.pdf HTTP/1.1" 200 91624
157.55.39.197 - - [24/Nov/2014:05:55:56 -0500] "GET /BLA/resoluciones/RESOLUCIONES%202010/0699.pdf HTTP/1.1" 200 104508
157.55.39.102 - - [24/Nov/2014:05:56:08 -0500] "GET /BLA/resoluciones/RESOLUCIONES%202009/2065.pdf HTTP/1.1" 200 544689
207.46.13.28 - - [24/Nov/2014:05:56:15 -0500] "GET /BLA/resoluciones/AUTOS%202010/4827.pdf HTTP/1.1" 200 378739
207.46.13.28 - - [24/Nov/2014:05:56:16 -0500] "GET /BLA/resoluciones/RESOLUCIONES%202010/0557.pdf HTTP/1.1" 200 98215
207.46.13.28 - - [24/Nov/2014:05:56:16 -0500] "GET /bla/resoluciones/resoluciones%202009/0517.pdf HTTP/1.1" 200 563597
200.118.106.32 - - [24/Nov/2014:05:56:18 -0500] "GET /BLA/resoluciones/RESOLUCIONES%202011/2109.pdf HTTP/1.1" 200 509703
157.55.39.197 - - [24/Nov/2014:05:56:20 -0500] "GET /BLA/resoluciones/Resoluciones%202011/1742.pdf HTTP/1.1" 200 514617
188.165.15.136 - - [24/Nov/2014:05:56:24 -0500] "GET /BLA/resoluciones/RESOLUCIONES%202003/RES%202003%202051-2100/00002074.tif HTTP/1.1" 200 45194
157.55.39.197 - - [24/Nov/2014:05:56:27 -0500] "GET /bla/resoluciones/resoluciones%202009/8598.pdf HTTP/1.1" 200 515555
157.55.39.197 - - [24/Nov/2014:05:56:28 -0500] "GET /BLA/resoluciones/AUTOS%202009/1376.pdf HTTP/1.1" 200 118160
157.55.39.50 - - [24/Nov/2014:05:56:29 -0500] "GET /bla/resoluciones/resoluciones%202009/7288.pdf HTTP/1.1" 200 269057
157.55.39.102 - - [24/Nov/2014:05:56:36 -0500] "GET /BLA/resoluciones/AUTOS%202010/1718.pdf HTTP/1.1" 200 144603
207.46.13.28 - - [24/Nov/2014:05:56:47 -0500] "GET /BLA/resoluciones/RESOLUCIONES%202008/0671.pdf HTTP/1.1" 200 59203
157.55.39.50 - - [24/Nov/2014:05:56:50 -0500] "GET /BLA/resoluciones/Resoluciones%202011/0844.pdf HTTP/1.1" 200 794582
180.76.6.36 - - [24/Nov/2014:05:56:56 -0500] "GET /BLA/resoluciones/RESOLUCIONES%202012/1587.pdf HTTP/1.1" 200 3493026
157.55.39.49 - - [24/Nov/2014:05:57:04 -0500] "GET /bla/resoluciones/resoluciones%202009/8462.pdf HTTP/1.1" 200 49374
157.55.39.197 - - [24/Nov/2014:05:57:11 -0500] "GET /bla/resoluciones/autos%202010/1432.pdf HTTP/1.1" 200 237499
188.165.15.241 - - [24/Nov/2014:05:57:12 -0500] "GET /BLA/resoluciones/RESOLUCIONES%202002/RES%202002%201401-1450/20021401.tif HTTP/1.1" 200 100506
207.46.13.28 - - [24/Nov/2014:05:57:17 -0500] "GET /BLA/resoluciones/AUTOS%202010/5630.pdf HTTP/1.1" 200 213762
157.55.39.197 - - [24/Nov/2014:05:57:26 -0500] "GET /BLA/resoluciones/RESOLUCIONES%202009/0189.pdf HTTP/1.1" 200 256849
157.55.39.197 - - [24/Nov/2014:05:57:27 -0500] "GET /BLA/resoluciones/RESOLUCIONES%202009/3320.pdf HTTP/1.1" 200 629017
157.55.39.50 - - [24/Nov/2014:05:57:40 -0500] "GET /BLA/resoluciones/RESOLUCIONES%202012/0538.pdf HTTP/1.1" 200 402280
157.55.39.50 - - [24/Nov/2014:05:57:45 -0500] "GET /BLA/resoluciones/Resoluciones%202011/2048.pdf HTTP/1.1" 200 396815
157.55.39.50 - - [24/Nov/2014:05:57:45 -0500] "GET /BLA/resoluciones/RESOLUCIONES%202010/1132.pdf HTTP/1.1" 200 107050
157.55.39.197 - - [24/Nov/2014:05:57:49 -0500] "GET /bla/resoluciones/resoluciones%202009/0362.pdf HTTP/1.1" 200 368361
157.55.39.197 - - [24/Nov/2014:05:57:50 -0500] "GET /bla/resoluciones/RESOLUCIONES%202011/0259.pdf HTTP/1.1" 200 205307
157.55.39.50 - - [24/Nov/2014:05:57:55 -0500] "GET /bla/resoluciones/resoluciones%202010/6014.pdf HTTP/1.1" 200 2529224
157.55.39.102 - - [24/Nov/2014:05:58:02 -0500] "GET /bla/resoluciones/resoluciones%202009/7702.pdf HTTP/1.1" 200 633826
157.55.39.102 - - [24/Nov/2014:05:58:02 -0500] "GET /BLA/resoluciones/RESOLUCIONES%202009/0102.pdf HTTP/1.1" 200 245594
157.55.39.102 - - [24/Nov/2014:05:58:03 -0500] "GET /bla/resoluciones/RESOLUCIONES%202011/1570.pdf HTTP/1.1" 200 73643
157.55.39.49 - - [24/Nov/2014:05:58:05 -0500] "GET /BLA/resoluciones/RESOLUCIONES%202008/2558.pdf HTTP/1.1" 200 338902
190.24.187.27 - - [24/Nov/2014:05:58:07 -0500] "GET /BLA/boletinlegal/js/jquery.js HTTP/1.1" 200 57254
190.24.187.27 - - [24/Nov/2014:05:58:07 -0500] "GET /BLA/boletinlegal/js/jquery.scrollTo-min.js HTTP/1.1" 200 1150
190.24.187.27 - - [24/Nov/2014:05:58:07 -0500] "GET /BLA/boletinlegal/js/jquery.scrollShow.js HTTP/1.1" 200 4586
157.55.39.197 - - [24/Nov/2014:05:58:18 -0500] "GET /BLA/resoluciones/RESOLUCIONES%202012/0593.pdf HTTP/1.1" 200 310113
207.46.13.28 - - [24/Nov/2014:05:58:20 -0500] "GET /bla/resoluciones/resoluciones%202009/1625.pdf HTTP/1.1" 200 513979
207.46.13.28 - - [24/Nov/2014:05:58:20 -0500] "GET /BLA/resoluciones/AUTOS%202011/2942.pdf HTTP/1.1" 200 488661
157.55.39.197 - - [24/Nov/2014:05:58:38 -0500] "GET /bla/resoluciones/resoluciones%202010/6140.pdf HTTP/1.1" 200 569572
157.55.39.197 - - [24/Nov/2014:05:58:38 -0500] "GET /BLA/resoluciones/RESOLUCIONES%202010/0212.pdf HTTP/1.1" 200 598873
188.165.15.198 - - [24/Nov/2014:05:58:50 -0500] "GET /BLA/resoluciones/RESOLUCIONES%202003/RES%202003%201551-1601/20031592.tif HTTP/1.1" 200 83696
157.55.39.197 - - [24/Nov/2014:05:58:54 -0500] "GET /bla/resoluciones/resoluciones%202010/5863.pdf HTTP/1.1" 200 114280
157.55.39.102 - - [24/Nov/2014:05:59:05 -0500] "GET /BLA/resoluciones/RESOLUCIONES%202007/RES%202007%20801%20AL%20900/RESOLUCION%200837%20DE%202007.pdf HTTP/1.1" 200 167649
157.55.39.49 - - [24/Nov/2014:05:59:05 -0500] "GET /bla/resoluciones/autos%202010/5615.pdf HTTP/1.1" 200 369204
157.55.39.102 - - [24/Nov/2014:05:59:05 -0500] "GET /BLA/resoluciones/RESOLUCIONES%202009/5273.pdf HTTP/1.1" 200 600264
157.55.39.102 - - [24/Nov/2014:05:59:05 -0500] "GET /BLA/resoluciones/Resoluciones%202011/0949.pdf HTTP/1.1" 200 70279
157.55.39.102 - - [24/Nov/2014:05:59:06 -0500] "GET /BLA/resoluciones/Resoluciones%202011/2397.pdf HTTP/1.1" 200 615784
157.55.39.102 - - [24/Nov/2014:05:59:06 -0500] "GET /BLA/resoluciones/RESOLUCIONES%202012/0253.pdf HTTP/1.1" 200 116536
157.55.39.197 - - [24/Nov/2014:05:59:14 -0500] "GET /BLA/resoluciones/RESOLUCIONES%202008/0859.pdf HTTP/1.1" 200 1125863
66.249.65.115 - - [24/Nov/2014:05:59:14 -0500] "GET /BLA/resoluciones/RESOLUCIONES%202009/5076.pdf HTTP/1.1" 200 524191
157.55.39.102 - - [24/Nov/2014:05:59:36 -0500] "GET /BLA/resoluciones/AUTOS%202009/2240.pdf HTTP/1.1" 200 124287
157.55.39.102 - - [24/Nov/2014:05:59:37 -0500] "GET /bla/resoluciones/resoluciones%202010/5318.pdf HTTP/1.1" 200 1272076
157.55.39.197 - - [24/Nov/2014:05:59:47 -0500] "GET /bla/resoluciones/resoluciones%202010/5393.pdf HTTP/1.1" 200 344212
157.55.39.102 - - [24/Nov/2014:06:00:07 -0500] "GET /bla/resoluciones/resoluciones%202009/6844.pdf HTTP/1.1" 200 324168
157.55.39.50 - - [24/Nov/2014:06:00:20 -0500] "GET /BLA/resoluciones/AUTOS%202009/1818.pdf HTTP/1.1" 200 184896
157.55.39.197 - - [24/Nov/2014:06:00:26 -0500] "GET /BLA/resoluciones/Resoluciones%202011/1867.pdf HTTP/1.1" 200 512986
157.55.39.197 - - [24/Nov/2014:06:00:26 -0500] "GET /BLA/resoluciones/AUTOS%202009/1870.pdf HTTP/1.1" 200 103943
74.86.158.107 - - [24/Nov/2014:06:00:37 -0500] "HEAD / HTTP/1.1" 302 -
157.55.39.197 - - [24/Nov/2014:06:00:41 -0500] "GET /bla/resoluciones/resoluciones%202010/5234.pdf HTTP/1.1" 200 778733
157.55.39.197 - - [24/Nov/2014:06:00:41 -0500] "GET /BLA/resoluciones/AUTOS%202010/1726.pdf HTTP/1.1" 200 70717
157.55.39.50 - - [24/Nov/2014:06:00:42 -0500] "GET /BLA/resoluciones/Resoluciones%202011/1655.pdf HTTP/1.1" 200 69059
157.55.39.102 - - [24/Nov/2014:06:00:55 -0500] "GET /bla/resoluciones/resoluciones%202009/0225.pdf HTTP/1.1" 200 284903
157.55.39.102 - - [24/Nov/2014:06:00:55 -0500] "GET /BLA/resoluciones/RESOLUCIONES%202009/0727.pdf HTTP/1.1" 200 188738
157.55.39.197 - - [24/Nov/2014:06:01:02 -0500] "GET /BLA/resoluciones/AUTOS%202009/2116.pdf HTTP/1.1" 200 496991
157.55.39.50 - - [24/Nov/2014:06:01:21 -0500] "GET /bla/resoluciones/resoluciones%202009/9584.pdf HTTP/1.1" 200 310669
157.55.39.102 - - [24/Nov/2014:06:01:30 -0500] "GET /BLA/resoluciones/RESOLUCIONES%202008/0197.pdf HTTP/1.1" 200 835354
157.55.39.102 - - [24/Nov/2014:06:01:33 -0500] "GET /BLA/resoluciones/RESOLUCIONES%202009/0705.pdf HTTP/1.1" 200 266384
157.55.39.197 - - [24/Nov/2014:06:01:35 -0500] "GET /BLA/resoluciones/Resoluciones%202011/0156.pdf HTTP/1.1" 200 233747
157.55.39.197 - - [24/Nov/2014:06:01:35 -0500] "GET /bla/resoluciones/autos%202010/5136.pdf HTTP/1.1" 200 338597
157.55.39.197 - - [24/Nov/2014:06:01:36 -0500] "GET /BLA/resoluciones/RESOLUCIONES%202009/1371.pdf HTTP/1.1" 200 221314
157.55.39.197 - - [24/Nov/2014:06:01:36 -0500] "GET /bla/resoluciones/resoluciones%202009/2317.pdf HTTP/1.1" 200 278775
157.55.39.50 - - [24/Nov/2014:06:01:51 -0500] "GET /BLA/resoluciones/RESOLUCIONES%202009/2466.pdf HTTP/1.1" 200 297631
157.55.39.50 - - [24/Nov/2014:06:01:52 -0500] "GET /BLA/resoluciones/Resoluciones%202011/0084.pdf HTTP/1.1" 200 241866
157.55.39.102 - - [24/Nov/2014:06:02:11 -0500] "GET /BLA/resoluciones/RESOLUCIONES%202012/0955.pdf HTTP/1.1" 200 310688
157.55.39.102 - - [24/Nov/2014:06:02:12 -0500] "GET /BLA/resoluciones/AUTOS%202011/4768.pdf HTTP/1.1" 200 242021
188.165.15.136 - - [24/Nov/2014:06:02:13 -0500] "GET /BLA/resoluciones/RESOLUCIONES%202003/RES%202003%201301-1350/20031335.tif HTTP/1.1" 200 137848
157.55.39.50 - - [24/Nov/2014:06:02:13 -0500] "GET /BLA/resoluciones/AUTOS%202009/1917.pdf HTTP/1.1" 200 352485
157.55.39.197 - - [24/Nov/2014:06:02:23 -0500] "GET /BLA/resoluciones/AUTOS%202009/2202.pdf HTTP/1.1" 200 112399
157.55.39.102 - - [24/Nov/2014:06:02:35 -0500] "GET /bla/resoluciones/resoluciones%202009/9517.pdf HTTP/1.1" 200 413114
157.55.39.102 - - [24/Nov/2014:06:02:36 -0500] "GET /BLA/resoluciones/RESOLUCIONES%202009/1684.pdf HTTP/1.1" 200 565906
157.55.39.102 - - [24/Nov/2014:06:02:36 -0500] "GET /BLA/resoluciones/Resoluciones%202011/1614.pdf HTTP/1.1" 200 71169
157.55.39.102 - - [24/Nov/2014:06:02:37 -0500] "GET /bla/resoluciones/autos%202010/5727.pdf HTTP/1.1" 200 230551
186.94.180.227 - - [24/Nov/2014:06:02:48 -0500] "GET /BLA/boletinlegal/js/jquery.js HTTP/1.1" 200 57254
186.94.180.227 - - [24/Nov/2014:06:02:48 -0500] "GET /BLA/boletinlegal/js/jquery.scrollTo-min.js HTTP/1.1" 200 1150
186.94.180.227 - - [24/Nov/2014:06:02:48 -0500] "GET /BLA/boletinlegal/js/jquery.scrollShow.js HTTP/1.1" 200 4586
188.165.15.78 - - [24/Nov/2014:06:02:55 -0500] "GET /BLA/resoluciones/RESOLUCIONES%202005/RES%202005%202501-2550/00002540.tif HTTP/1.1" 200 235668
157.55.39.50 - - [24/Nov/2014:06:02:55 -0500] "GET /BLA/resoluciones/RESOLUCIONES%202008/1230.pdf HTTP/1.1" 200 408260
157.55.39.50 - - [24/Nov/2014:06:03:11 -0500] "GET /bla/resoluciones/resoluciones%202009/8842.pdf HTTP/1.1" 200 410749
157.55.39.50 - - [24/Nov/2014:06:03:31 -0500] "GET /BLA/resoluciones/RESOLUCIONES%202007/RES%202007%20801%20AL%20900/RESOLUCION%200882%20DE%202007.pdf HTTP/1.1" 200 196397
188.165.15.78 - - [24/Nov/2014:06:03:34 -0500] "GET /BLA/resoluciones/RESOLUCIONES%202002/RES%202002%20501-550/00000505.tif HTTP/1.1" 200 87398
157.55.39.50 - - [24/Nov/2014:06:03:46 -0500] "GET /bla/resoluciones/resoluciones%202009/4358.pdf HTTP/1.1" 200 59414
157.55.39.197 - - [24/Nov/2014:06:03:54 -0500] "GET /BLA/resoluciones/AUTOS%202009/2926.pdf HTTP/1.1" 200 169650
157.55.39.197 - - [24/Nov/2014:06:03:55 -0500] "GET /BLA/resoluciones/RESOLUCIONES%202009/0425.pdf HTTP/1.1" 200 200781
157.55.39.50 - - [24/Nov/2014:06:03:58 -0500] "GET /bla/resoluciones/resoluciones%202009/7689.pdf HTTP/1.1" 200 59466
157.55.39.50 - - [24/Nov/2014:06:03:58 -0500] "GET /BLA/resoluciones/RESOLUCIONES%202008/1693.pdf HTTP/1.1" 200 215688
157.55.39.49 - - [24/Nov/2014:06:03:59 -0500] "GET /BLA/resoluciones/AUTOS%202010/0568.pdf HTTP/1.1" 200 284795
157.55.39.49 - - [24/Nov/2014:06:04:05 -0500] "GET /BLA/resoluciones/RESOLUCIONES%202009/1847.pdf HTTP/1.1" 200 517180
157.55.39.49 - - [24/Nov/2014:06:04:06 -0500] "GET /bla/resoluciones/resoluciones%202009/6466.pdf HTTP/1.1" 200 57366
180.76.5.71 - - [24/Nov/2014:06:04:19 -0500] "GET /BLA/resoluciones/RESOLUCIONES%202010/0003.pdf HTTP/1.1" 200 41370
157.55.39.102 - - [24/Nov/2014:06:04:29 -0500] "GET /BLA/resoluciones/RESOLUCIONES%202009/7398.pdf HTTP/1.1" 200 678585
157.55.39.102 - - [24/Nov/2014:06:04:30 -0500] "GET /bla/resoluciones/resoluciones%202009/1100.pdf HTTP/1.1" 200 281238
66.249.65.115 - - [24/Nov/2014:06:04:30 -0500] "GET /BLA/resoluciones/AUTOS%202011/4877.pdf HTTP/1.1" 304 -
157.55.39.102 - - [24/Nov/2014:06:04:30 -0500] "GET /BLA/resoluciones/RESOLUCIONES%202010/1487.pdf HTTP/1.1" 200 523521
157.55.39.197 - - [24/Nov/2014:06:04:35 -0500] "GET /bla/resoluciones/RESOLUCIONES%202011/0178.pdf HTTP/1.1" 200 370341
188.165.15.66 - - [24/Nov/2014:06:04:41 -0500] "GET /BLA/resoluciones/RESOLUCIONES%202004/RES%202004%20651-700/00000692.tif HTTP/1.1" 200 116228
188.165.15.36 - - [24/Nov/2014:06:04:43 -0500] "GET /BLA/resoluciones/RESOLUCIONES%202003/RES%202003%201951-2000/00001967.tif HTTP/1.1" 200 122278
157.55.39.49 - - [24/Nov/2014:06:05:01 -0500] "GET /BLA/resoluciones/RESOLUCIONES%202010/1618.pdf HTTP/1.1" 200 471613
157.55.39.102 - - [24/Nov/2014:06:05:10 -0500] "-" 408 -
157.55.39.102 - - [24/Nov/2014:06:05:17 -0500] "GET /BLA/resoluciones/RESOLUCIONES%202009/2999.pdf HTTP/1.1" 200 614230
157.55.39.102 - - [24/Nov/2014:06:05:17 -0500] "GET /bla/resoluciones/autos%202010/1399.pdf HTTP/1.1" 200 292705
157.55.39.50 - - [24/Nov/2014:06:05:20 -0500] "GET /BLA/resoluciones/RESOLUCIONES%202009/2444.pdf HTTP/1.1" 200 509579
201.244.130.9 - - [24/Nov/2014:06:05:21 -0500] "GET /BLA/boletinlegal/js/jquery.scrollShow.js HTTP/1.1" 200 4586
201.244.130.9 - - [24/Nov/2014:06:05:21 -0500] "GET /BLA/boletinlegal/js/jquery.scrollTo-min.js HTTP/1.1" 200 1150
201.244.130.9 - - [24/Nov/2014:06:05:21 -0500] "GET /BLA/boletinlegal/js/jquery.js HTTP/1.1" 200 57254
201.184.96.130 - - [24/Nov/2014:06:05:23 -0500] "GET /BLA/boletinlegal/js/jquery.scrollTo-min.js HTTP/1.1" 200 1150
201.184.96.130 - - [24/Nov/2014:06:05:23 -0500] "GET /BLA/boletinlegal/js/jquery.scrollShow.js HTTP/1.1" 200 4586
201.184.96.130 - - [24/Nov/2014:06:05:23 -0500] "GET /galeria/carrusel/Carrusel/jquery-ui-1.8.13.custom.min.js HTTP/1.1" 200 10800
201.184.96.130 - - [24/Nov/2014:06:05:23 -0500] "GET /galeria/carrusel/Carrusel/jquery.thumbnailScroller.js HTTP/1.1" 200 8157
201.184.96.130 - - [24/Nov/2014:06:05:23 -0500] "GET /galeria/carrusel/Carrusel/jquery.thumbnailScroller.css HTTP/1.1" 200 2066
201.184.96.130 - - [24/Nov/2014:06:05:23 -0500] "GET /BLA/boletinlegal/js/jquery.js HTTP/1.1" 200 57254
201.184.96.130 - - [24/Nov/2014:06:05:26 -0500] "GET /galeria/nivo-slider/demo/demo.html HTTP/1.1" 200 3946
201.184.96.130 - - [24/Nov/2014:06:05:26 -0500] "GET /galeria/nivo-slider/themes/default/default.css HTTP/1.1" 200 1569
201.184.96.130 - - [24/Nov/2014:06:05:26 -0500] "GET /galeria/nivo-slider/themes/orman/orman.css HTTP/1.1" 200 2152
201.184.96.130 - - [24/Nov/2014:06:05:26 -0500] "GET /galeria/nivo-slider/demo/images/BANNER-GOBERNANZA.jpg HTTP/1.1" 200 87637
201.184.96.130 - - [24/Nov/2014:06:05:26 -0500] "GET /galeria/nivo-slider/demo/images/ForoNacionalAmbiental.jpg HTTP/1.1" 200 202541
201.184.96.130 - - [24/Nov/2014:06:05:26 -0500] "GET /galeria/nivo-slider/demo/images/Banner-Ecourbanismo.jpg HTTP/1.1" 200 189838
201.184.96.130 - - [24/Nov/2014:06:05:26 -0500] "GET /galeria/nivo-slider/demo/images/banner-pygaai.jpg HTTP/1.1" 200 82693
201.184.96.130 - - [24/Nov/2014:06:05:26 -0500] "GET /galeria/nivo-slider/demo/images/Biotaxis-Man.jpg HTTP/1.1" 200 99362
201.184.96.130 - - [24/Nov/2014:06:05:26 -0500] "GET /galeria/nivo-slider/demo/images/Banner-comparendo.jpg HTTP/1.1" 200 388762
157.55.39.197 - - [24/Nov/2014:06:05:27 -0500] "GET /BLA/resoluciones/RESOLUCIONES%202010/1042.pdf HTTP/1.1" 200 142958
201.184.96.130 - - [24/Nov/2014:06:05:27 -0500] "GET /galeria/nivo-slider/demo/images/TIBANICA-03.jpg HTTP/1.1" 200 121750
201.184.96.130 - - [24/Nov/2014:06:05:27 -0500] "GET /galeria/nivo-slider/demo/images/porloshumedales.jpg HTTP/1.1" 200 351238
201.184.96.130 - - [24/Nov/2014:06:05:27 -0500] "GET /galeria/nivo-slider/themes/pascal/pascal.css HTTP/1.1" 200 2258
201.184.96.130 - - [24/Nov/2014:06:05:27 -0500] "GET /galeria/nivo-slider/nivo-slider.css HTTP/1.1" 200 1507
201.184.96.130 - - [24/Nov/2014:06:05:27 -0500] "GET /galeria/nivo-slider/demo/images/Banner-Caracol-Africano.jpg HTTP/1.1" 200 331986
201.184.96.130 - - [24/Nov/2014:06:05:27 -0500] "GET /galeria/nivo-slider/demo/style.css HTTP/1.1" 200 2222
201.184.96.130 - - [24/Nov/2014:06:05:27 -0500] "GET /galeria/nivo-slider/demo/images/Tingua-azul.jpg HTTP/1.1" 200 307638
201.184.96.130 - - [24/Nov/2014:06:05:27 -0500] "GET /galeria/nivo-slider/demo/images/banner-redes.jpg HTTP/1.1" 200 62209
201.184.96.130 - - [24/Nov/2014:06:05:28 -0500] "GET /galeria/nivo-slider/demo/images/9Signos.jpg HTTP/1.1" 200 93040
201.184.96.130 - - [24/Nov/2014:06:05:28 -0500] "GET /galeria/nivo-slider/demo/images/banner-caballos.png HTTP/1.1" 200 389106
201.184.96.130 - - [24/Nov/2014:06:05:28 -0500] "GET /galeria/nivo-slider/demo/images/Hacienda_Molinos.jpg HTTP/1.1" 200 319171
201.184.96.130 - - [24/Nov/2014:06:05:28 -0500] "GET /galeria/nivo-slider/demo/images/bannerEcolecta3.jpg HTTP/1.1" 200 280034
201.184.96.130 - - [24/Nov/2014:06:05:30 -0500] "GET /galeria/nivo-slider/demo/scripts/jquery-1.7.1.min.js HTTP/1.1" 200 93868
201.184.96.130 - - [24/Nov/2014:06:05:30 -0500] "GET /galeria/nivo-slider/jquery.nivo.slider.pack.js HTTP/1.1" 200 11561
201.184.96.130 - - [24/Nov/2014:06:05:30 -0500] "GET /galeria/nivo-slider/demo/images/4Simple_Slider.png HTTP/1.1" 200 11722
201.184.96.130 - - [24/Nov/2014:06:05:30 -0500] "GET /galeria/nivo-slider/themes/default/loading.gif HTTP/1.1" 200 1737
201.184.96.130 - - [24/Nov/2014:06:05:31 -0500] "GET /videos/Spot_CambioClimatico.flv HTTP/1.1" 200 4371917
157.55.39.102 - - [24/Nov/2014:06:05:32 -0500] "GET /BLA/resoluciones/RESOLUCIONES%202010/0342.pdf HTTP/1.1" 200 1030451
201.184.96.130 - - [24/Nov/2014:06:05:33 -0500] "GET /galeria/nivo-slider/themes/default/arrows.png HTTP/1.1" 200 824
201.184.96.130 - - [24/Nov/2014:06:05:33 -0500] "GET /galeria/nivo-slider/themes/default/bullets.png HTTP/1.1" 200 1281
157.55.39.102 - - [24/Nov/2014:06:05:36 -0500] "GET /bla/resoluciones/resoluciones%202010/7867.pdf HTTP/1.1" 200 64441
157.55.39.102 - - [24/Nov/2014:06:05:36 -0500] "GET /BLA/resoluciones/RESOLUCIONES%202009/1843.pdf HTTP/1.1" 200 153133
74.86.158.107 - - [24/Nov/2014:06:05:37 -0500] "HEAD / HTTP/1.1" 302 -
157.55.39.50 - - [24/Nov/2014:06:05:41 -0500] "GET /BLA/resoluciones/RESOLUCIONES%202008/0326.pdf HTTP/1.1" 200 517674
157.55.39.50 - - [24/Nov/2014:06:05:41 -0500] "GET /bla/resoluciones/resoluciones%202009/8323.pdf HTTP/1.1" 200 380518
157.55.39.197 - - [24/Nov/2014:06:05:47 -0500] "GET /BLA/resoluciones/AUTOS%202011/4520.pdf HTTP/1.1" 200 228361
188.165.15.210 - - [24/Nov/2014:06:06:00 -0500] "GET /BLA/resoluciones/RESOLUCIONES%202006/RES%202006%202401-2450/00002420.tif HTTP/1.1" 200 202696
157.55.39.49 - - [24/Nov/2014:06:06:10 -0500] "GET /bla/resoluciones/RESOLUCIONES%202011/2439.pdf HTTP/1.1" 200 748562
66.249.65.123 - - [24/Nov/2014:06:06:27 -0500] "GET /BLA/resoluciones/RESOLUCIONES%202003/RES%202003%201101-1150/1145.tif HTTP/1.1" 200 261072
157.55.39.50 - - [24/Nov/2014:06:06:40 -0500] "GET /BLA/resoluciones/Resoluciones%202011/2281.pdf HTTP/1.1" 200 89893
157.55.39.50 - - [24/Nov/2014:06:06:41 -0500] "GET /bla/resoluciones/RESOLUCIONES%202011/1379.pdf HTTP/1.1" 200 66849
188.165.15.36 - - [24/Nov/2014:06:06:44 -0500] "GET /BLA/resoluciones/RESOLUCIONES%202004/RES%202004%20101-150/00000143.tif HTTP/1.1" 200 111960
157.55.39.197 - - [24/Nov/2014:06:06:45 -0500] "GET /bla/resoluciones/resoluciones%202010/5831.pdf HTTP/1.1" 200 605260
188.165.15.210 - - [24/Nov/2014:06:06:49 -0500] "GET /BLA/resoluciones/RESOLUCIONES%202002/RES%202002%20301-350/00000334.tif HTTP/1.1" 200 113044
157.55.39.197 - - [24/Nov/2014:06:07:05 -0500] "GET /BLA/resoluciones/RESOLUCIONES%202008/1432.pdf HTTP/1.1" 200 280811
157.55.39.49 - - [24/Nov/2014:06:07:10 -0500] "GET /BLA/resoluciones/AUTOS%202011/4046.pdf HTTP/1.1" 200 299461
188.165.15.187 - - [24/Nov/2014:06:07:11 -0500] "GET /BLA/resoluciones/RESOLUCIONES%202002/RES%202002%201801-1850/20021822.tif HTTP/1.1" 200 123664
181.136.171.50 - - [24/Nov/2014:06:07:11 -0500] "GET /BLA/boletinlegal/js/jquery.js HTTP/1.1" 200 57254
157.55.39.49 - - [24/Nov/2014:06:07:11 -0500] "GET /bla/resoluciones/RESOLUCIONES%202011/2382.pdf HTTP/1.1" 200 357347
181.136.171.50 - - [24/Nov/2014:06:07:11 -0500] "GET /BLA/boletinlegal/js/jquery.scrollTo-min.js HTTP/1.1" 200 1150
181.136.171.50 - - [24/Nov/2014:06:07:12 -0500] "GET /BLA/boletinlegal/js/jquery.scrollShow.js HTTP/1.1" 200 4586
157.55.39.102 - - [24/Nov/2014:06:07:16 -0500] "GET /BLA/resoluciones/Resoluciones%202011/3399.pdf HTTP/1.1" 200 429254
157.55.39.102 - - [24/Nov/2014:06:07:17 -0500] "GET /bla/resoluciones/RESOLUCIONES%202011/3622.pdf HTTP/1.1" 200 551285
157.55.39.50 - - [24/Nov/2014:06:07:20 -0500] "GET /bla/resoluciones/RESOLUCIONES%202011/2598.pdf HTTP/1.1" 200 704752
157.55.39.50 - - [24/Nov/2014:06:07:21 -0500] "GET /bla/resoluciones/resoluciones%202009/1365.pdf HTTP/1.1" 200 493473
190.255.172.70 - - [24/Nov/2014:06:07:27 -0500] "GET /BLA/boletinlegal/js/jquery.scrollShow.js HTTP/1.1" 200 4586
190.255.172.70 - - [24/Nov/2014:06:07:27 -0500] "GET /BLA/boletinlegal/js/jquery.scrollTo-min.js HTTP/1.1" 200 1150
190.255.172.70 - - [24/Nov/2014:06:07:27 -0500] "GET /BLA/boletinlegal/js/jquery.js HTTP/1.1" 200 57254
157.55.39.197 - - [24/Nov/2014:06:07:34 -0500] "GET /BLA/resoluciones/AUTOS%202010/6497.pdf HTTP/1.1" 200 571792
157.55.39.102 - - [24/Nov/2014:06:07:44 -0500] "GET /bla/resoluciones/RESOLUCIONES%202011/1498.pdf HTTP/1.1" 200 102678
180.76.5.191 - - [24/Nov/2014:06:07:49 -0500] "GET /BLA/resoluciones/RESOLUCIONES%202007/RES%202007%202801%20AL%202900/RESOLUCION%202803%20DE%202007.pdf HTTP/1.1" 200 526430
195.211.155.138 - - [24/Nov/2014:06:07:56 -0500] "GET /BLA/resoluciones/RESOLUCIONES+2011/5660.pdf HTTP/1.0" 404 1236
195.211.155.138 - - [24/Nov/2014:06:07:56 -0500] "GET / HTTP/1.0" 302 -
157.55.39.49 - - [24/Nov/2014:06:08:01 -0500] "GET /BLA/resoluciones/Resoluciones%202011/1582.pdf HTTP/1.1" 200 67951
157.55.39.50 - - [24/Nov/2014:06:08:11 -0500] "GET /bla/resoluciones/resoluciones%202009/2410.pdf HTTP/1.1" 200 416204
157.55.39.50 - - [24/Nov/2014:06:08:22 -0500] "GET /BLA/resoluciones/RESOLUCIONES%202009/7464.pdf HTTP/1.1" 200 726703
157.55.39.102 - - [24/Nov/2014:06:08:27 -0500] "GET /BLA/resoluciones/RESOLUCIONES%202010/1541.pdf HTTP/1.1" 200 53478
157.55.39.197 - - [24/Nov/2014:06:08:31 -0500] "GET /BLA/resoluciones/RESOLUCIONES%202009/3480.pdf HTTP/1.1" 200 720273
157.55.39.197 - - [24/Nov/2014:06:08:32 -0500] "GET /BLA/resoluciones/AUTOS%202010/4554.pdf HTTP/1.1" 200 121180
157.55.39.102 - - [24/Nov/2014:06:08:42 -0500] "GET /bla/resoluciones/RESOLUCIONES%202011/2854.pdf HTTP/1.1" 200 702468
66.249.65.123 - - [24/Nov/2014:06:09:30 -0500] "GET /BLA/resoluciones/RESOLUCIONES%202009/5146.pdf HTTP/1.1" 200 689492
157.55.39.197 - - [24/Nov/2014:06:09:30 -0500] "GET /BLA/resoluciones/AUTOS%202009/0589.pdf HTTP/1.1" 200 128301
157.55.39.102 - - [24/Nov/2014:06:09:38 -0500] "GET /bla/resoluciones/RESOLUCIONES%202011/2075.pdf HTTP/1.1" 200 508719
157.55.39.102 - - [24/Nov/2014:06:09:38 -0500] "GET /bla/resoluciones/resoluciones%202009/2004.pdf HTTP/1.1" 200 616607
66.249.65.119 - - [24/Nov/2014:06:09:42 -0500] "GET /BLA/resoluciones/AUTOS%202012/1454.pdf HTTP/1.1" 200 623274
66.249.65.123 - - [24/Nov/2014:06:09:43 -0500] "GET /BLA/resoluciones/index.php?dir=RESOLUCIONES+2002%2FRES+2002+1101-1150%2F HTTP/1.1" 200 12347
66.249.65.119 - - [24/Nov/2014:06:09:53 -0500] "GET /BLA/resoluciones/AUTOS%202012/1458.pdf HTTP/1.1" 200 940823
188.165.15.78 - - [24/Nov/2014:06:10:14 -0500] "GET /BLA/resoluciones/RESOLUCIONES%202005/RES%202005%202801-2850/00002823.tif HTTP/1.1" 200 102648
180.76.5.95 - - [24/Nov/2014:06:10:25 -0500] "GET /BLA/resoluciones/RESOLUCIONES%202008/0689.pdf HTTP/1.1" 200 140545
157.55.39.50 - - [24/Nov/2014:06:10:27 -0500] "GET /bla/resoluciones/RESOLUCIONES%202011/2910.pdf HTTP/1.1" 200 518378
188.165.15.66 - - [24/Nov/2014:06:10:31 -0500] "GET /BLA/resoluciones/RESOLUCIONES%202003/RES%202003%201901-1950/00001941.tif HTTP/1.1" 200 58988
157.55.39.50 - - [24/Nov/2014:06:10:33 -0500] "GET /bla/resoluciones/resoluciones%202009/1518.pdf HTTP/1.1" 200 427253
74.86.158.107 - - [24/Nov/2014:06:10:37 -0500] "HEAD / HTTP/1.1" 302 -
157.55.39.102 - - [24/Nov/2014:06:10:45 -0500] "GET /BLA/resoluciones/RESOLUCIONES%202007/RES%202007%20801%20AL%20900/RESOLUCION%200862%20DE%202007.pdf HTTP/1.1" 200 1346076
157.55.39.102 - - [24/Nov/2014:06:10:45 -0500] "GET /bla/resoluciones/resoluciones%202009/2288.pdf HTTP/1.1" 200 341459
157.55.39.102 - - [24/Nov/2014:06:10:46 -0500] "GET /BLA/resoluciones/Resoluciones%202011/0173.pdf HTTP/1.1" 200 166669
157.55.39.197 - - [24/Nov/2014:06:10:49 -0500] "GET /bla/resoluciones/resoluciones%202010/5740.pdf HTTP/1.1" 200 91354
157.55.39.197 - - [24/Nov/2014:06:10:50 -0500] "GET /bla/resoluciones/RESOLUCIONES%202011/0934.pdf HTTP/1.1" 200 71843
157.55.39.197 - - [24/Nov/2014:06:10:50 -0500] "GET /BLA/resoluciones/RESOLUCIONES%202010/0349.pdf HTTP/1.1" 200 348708
66.249.65.115 - - [24/Nov/2014:06:10:51 -0500] "GET /BLA/resoluciones/RESOLUCIONES%202007/RES%202007%203001%20AL%203100/RESOLUCION%203078%20DE%202007.pdf HTTP/1.1" 200 905206
186.154.82.203 - - [24/Nov/2014:06:11:55 -0500] "GET /BLA/boletinlegal/js/jquery.scrollTo-min.js HTTP/1.1" 200 1150
186.154.82.203 - - [24/Nov/2014:06:11:55 -0500] "GET /BLA/boletinlegal/js/jquery.js HTTP/1.1" 200 57254
186.154.82.203 - - [24/Nov/2014:06:11:55 -0500] "GET /BLA/boletinlegal/js/jquery.scrollShow.js HTTP/1.1" 200 4586
157.55.39.102 - - [24/Nov/2014:06:11:55 -0500] "GET /BLA/resoluciones/RESOLUCIONES%202010/0396.pdf HTTP/1.1" 200 114286
157.55.39.102 - - [24/Nov/2014:06:11:56 -0500] "GET /BLA/resoluciones/RESOLUCIONES%202009/2464.pdf HTTP/1.1" 200 266799
157.55.39.49 - - [24/Nov/2014:06:12:03 -0500] "GET /bla/resoluciones/resoluciones%202009/8405.pdf HTTP/1.1" 200 410937
157.55.39.197 - - [24/Nov/2014:06:12:09 -0500] "GET /bla/resoluciones/resoluciones%202009/9723.pdf HTTP/1.1" 200 335299
157.55.39.50 - - [24/Nov/2014:06:12:18 -0500] "GET /bla/resoluciones/resoluciones%202010/7071.pdf HTTP/1.1" 200 306414
157.55.39.50 - - [24/Nov/2014:06:12:23 -0500] "GET /bla/resoluciones/RESOLUCIONES%202011/0683.pdf HTTP/1.1" 200 76729
157.55.39.197 - - [24/Nov/2014:06:12:28 -0500] "GET /bla/resoluciones/RESOLUCIONES%202011/0865.pdf HTTP/1.1" 200 249087
66.249.65.123 - - [24/Nov/2014:06:12:30 -0500] "GET /BLA/resoluciones/RESOLUCIONES%202011/7090.pdf HTTP/1.1" 304 -
157.55.39.102 - - [24/Nov/2014:06:12:34 -0500] "GET /BLA/resoluciones/RESOLUCIONES%202008/2254.pdf HTTP/1.1" 200 207568
157.55.39.102 - - [24/Nov/2014:06:12:34 -0500] "GET /bla/resoluciones/resoluciones%202009/9761.pdf HTTP/1.1" 200 311691
157.55.39.50 - - [24/Nov/2014:06:12:48 -0500] "GET /BLA/resoluciones/RESOLUCIONES%202009/3332.pdf HTTP/1.1" 200 705508
157.55.39.50 - - [24/Nov/2014:06:12:49 -0500] "GET /BLA/resoluciones/RESOLUCIONES%202010/1155.pdf HTTP/1.1" 200 104068
157.55.39.50 - - [24/Nov/2014:06:13:23 -0500] "GET /bla/resoluciones/resoluciones%202009/0275.pdf HTTP/1.1" 200 64916
157.55.39.197 - - [24/Nov/2014:06:13:30 -0500] "GET /bla/resoluciones/RESOLUCIONES%202011/0977.pdf HTTP/1.1" 200 81927
157.55.39.197 - - [24/Nov/2014:06:13:30 -0500] "GET /BLA/resoluciones/AUTOS%202009/2155.pdf HTTP/1.1" 200 90629
157.55.39.197 - - [24/Nov/2014:06:13:33 -0500] "GET /bla/resoluciones/resoluciones%202009/8530.pdf HTTP/1.1" 200 522650
157.55.39.197 - - [24/Nov/2014:06:13:33 -0500] "GET /bla/resoluciones/resoluciones%202009/1832.pdf HTTP/1.1" 200 455014
157.55.39.50 - - [24/Nov/2014:06:13:37 -0500] "GET /BLA/resoluciones/RESOLUCIONES%202012/0876.pdf HTTP/1.1" 200 434518
157.55.39.50 - - [24/Nov/2014:06:13:37 -0500] "GET /BLA/resoluciones/AUTOS%202011/7810.pdf HTTP/1.1" 200 124406
157.55.39.102 - - [24/Nov/2014:06:13:44 -0500] "GET /bla/resoluciones/RESOLUCIONES%202011/1483.pdf HTTP/1.1" 200 74627
157.55.39.102 - - [24/Nov/2014:06:13:44 -0500] "GET /bla/resoluciones/resoluciones%202009/0540.pdf HTTP/1.1" 200 264480
157.55.39.102 - - [24/Nov/2014:06:13:44 -0500] "GET /bla/resoluciones/RESOLUCIONES%202011/2073.pdf HTTP/1.1" 200 516144
157.55.39.102 - - [24/Nov/2014:06:13:45 -0500] "GET /BLA/resoluciones/RESOLUCIONES%202008/2799.pdf HTTP/1.1" 200 283278
157.55.39.102 - - [24/Nov/2014:06:13:45 -0500] "GET /BLA/resoluciones/RESOLUCIONES%202009/4320.pdf HTTP/1.1" 200 789978
157.55.39.102 - - [24/Nov/2014:06:13:47 -0500] "GET /bla/resoluciones/resoluciones%202009/0445.pdf HTTP/1.1" 200 358350
157.55.39.50 - - [24/Nov/2014:06:13:52 -0500] "GET /BLA/resoluciones/AUTOS%202010/0411.pdf HTTP/1.1" 200 200587
66.249.65.115 - - [24/Nov/2014:06:14:09 -0500] "GET /BLA/resoluciones/AUTOS%202013/1102.pdf HTTP/1.1" 304 -
157.55.39.197 - - [24/Nov/2014:06:14:10 -0500] "GET /BLA/resoluciones/AUTOS%202009/1036.pdf HTTP/1.1" 200 446803
157.55.39.50 - - [24/Nov/2014:06:14:27 -0500] "GET /BLA/resoluciones/AUTOS%202011/3295.pdf HTTP/1.1" 200 217591
157.55.39.50 - - [24/Nov/2014:06:14:37 -0500] "GET /BLA/resoluciones/RESOLUCIONES%202009/0098.pdf HTTP/1.1" 200 231464
157.55.39.50 - - [24/Nov/2014:06:14:47 -0500] "GET /bla/resoluciones/RESOLUCIONES%202011/0896.pdf HTTP/1.1" 200 346533
157.55.39.50 - - [24/Nov/2014:06:14:47 -0500] "GET /BLA/resoluciones/AUTOS%202009/0511.pdf HTTP/1.1" 200 322070
157.55.39.102 - - [24/Nov/2014:06:14:52 -0500] "GET /BLA/resoluciones/RESOLUCIONES%202010/1466.pdf HTTP/1.1" 200 431787
186.83.128.190 - - [24/Nov/2014:06:14:56 -0500] "GET /forest/usutareas.do?group_system_actual=3&a=0.9627833876293153 HTTP/1.1" 200 12486
157.55.39.197 - - [24/Nov/2014:06:15:02 -0500] "GET /bla/resoluciones/resoluciones%202009/1181.pdf HTTP/1.1" 200 385602
200.89.244.68 - - [24/Nov/2014:06:15:02 -0500] "GET /BLA/boletinlegal/js/jquery.js HTTP/1.1" 200 57254
200.89.244.68 - - [24/Nov/2014:06:15:02 -0500] "GET /BLA/boletinlegal/js/jquery.scrollTo-min.js HTTP/1.1" 200 1150
200.89.244.68 - - [24/Nov/2014:06:15:02 -0500] "GET /BLA/boletinlegal/js/jquery.scrollShow.js HTTP/1.1" 200 4586
157.55.39.197 - - [24/Nov/2014:06:15:03 -0500] "GET /BLA/resoluciones/AUTOS%202009/3261.pdf HTTP/1.1" 200 221938
157.55.39.197 - - [24/Nov/2014:06:15:03 -0500] "GET /bla/resoluciones/RESOLUCIONES%202011/0059.pdf HTTP/1.1" 200 325464
157.55.39.197 - - [24/Nov/2014:06:15:04 -0500] "GET /BLA/resoluciones/RESOLUCIONES%202010/2297.pdf HTTP/1.1" 200 570535
157.55.39.197 - - [24/Nov/2014:06:15:04 -0500] "GET /bla/resoluciones/resoluciones%202009/0572.pdf HTTP/1.1" 200 314917
157.55.39.50 - - [24/Nov/2014:06:15:17 -0500] "GET /BLA/resoluciones/AUTOS%202011/3187.pdf HTTP/1.1" 200 211178
188.165.15.66 - - [24/Nov/2014:06:15:22 -0500] "GET /BLA/resoluciones/RESOLUCIONES%202003/RES%202003%20751-800/799.tif HTTP/1.1" 200 252488
157.55.39.50 - - [24/Nov/2014:06:15:27 -0500] "GET /BLA/resoluciones/RESOLUCIONES%202008/0643.pdf HTTP/1.1" 200 169825
186.28.56.164 - - [24/Nov/2014:06:15:30 -0500] "GET /BLA/boletinlegal/js/jquery.js HTTP/1.1" 200 57254
186.28.56.164 - - [24/Nov/2014:06:15:30 -0500] "GET /BLA/boletinlegal/js/jquery.scrollTo-min.js HTTP/1.1" 200 1150
186.28.56.164 - - [24/Nov/2014:06:15:30 -0500] "GET /BLA/boletinlegal/js/jquery.scrollShow.js HTTP/1.1" 200 4586
157.55.39.102 - - [24/Nov/2014:06:15:32 -0500] "GET /BLA/resoluciones/RESOLUCIONES%202008/1568.pdf HTTP/1.1" 200 253585
157.55.39.102 - - [24/Nov/2014:06:15:34 -0500] "GET /bla/resoluciones/resoluciones%202009/2479.pdf HTTP/1.1" 200 813858
74.86.158.107 - - [24/Nov/2014:06:15:37 -0500] "HEAD / HTTP/1.1" 302 -
66.249.65.119 - - [24/Nov/2014:06:15:48 -0500] "GET /BLA/resoluciones/AUTOS%202009/1581.pdf HTTP/1.1" 304 -
157.55.39.49 - - [24/Nov/2014:06:16:02 -0500] "GET /bla/resoluciones/resoluciones%202009/1573.pdf HTTP/1.1" 200 111128
66.249.65.115 - - [24/Nov/2014:06:16:10 -0500] "GET /BLA/resoluciones/RESOLUCIONES%202012/1573.pdf HTTP/1.1" 304 -
181.151.162.200 - - [24/Nov/2014:06:16:30 -0500] "GET /BLA/boletinlegal/js/jquery.js HTTP/1.1" 200 57254
181.151.162.200 - - [24/Nov/2014:06:16:30 -0500] "GET /BLA/boletinlegal/js/jquery.scrollTo-min.js HTTP/1.1" 200 1150
181.151.162.200 - - [24/Nov/2014:06:16:30 -0500] "GET /BLA/boletinlegal/js/jquery.scrollShow.js HTTP/1.1" 200 4586
66.249.65.123 - - [24/Nov/2014:06:16:31 -0500] "GET /BLA/resoluciones/RESOLUCIONES%202007/RES%202007%201401%20AL%201500/RESOLUCION%201448%20DE%202007.pdf HTTP/1.1" 304 -
157.55.39.197 - - [24/Nov/2014:06:16:35 -0500] "GET /bla/resoluciones/resoluciones%202009/1999.pdf HTTP/1.1" 200 743612
157.55.39.197 - - [24/Nov/2014:06:16:36 -0500] "GET /bla/resoluciones/resoluciones%202010/6900.pdf HTTP/1.1" 200 111561
157.55.39.197 - - [24/Nov/2014:06:16:36 -0500] "GET /BLA/boletinlegal/Circulares/2011/Circular%20No.%208%20del%2020%20de%20Septiembre%20de%202011.pdf HTTP/1.1" 200 285158
157.55.39.197 - - [24/Nov/2014:06:16:39 -0500] "GET /bla/resoluciones/resoluciones%202009/9647.pdf HTTP/1.1" 200 543125
83.243.48.2 - - [24/Nov/2014:06:16:43 -0500] "GET /dama/libreria/php/imagenes/29.jpg HTTP/1.1" 404 1366
83.243.48.2 - - [24/Nov/2014:06:16:51 -0500] "GET /dama/libreria/php/imagenes/29.jpg HTTP/1.1" 404 1366
157.55.39.102 - - [24/Nov/2014:06:16:57 -0500] "GET /bla/resoluciones/resoluciones%202009/5854.pdf HTTP/1.1" 200 50134
157.55.39.102 - - [24/Nov/2014:06:16:57 -0500] "GET /bla/resoluciones/resoluciones%202009/2694.pdf HTTP/1.1" 200 287031
83.243.48.2 - - [24/Nov/2014:06:16:58 -0500] "GET /dama/libreria/php/imagenes/29.jpg HTTP/1.1" 404 1366
157.55.39.102 - - [24/Nov/2014:06:16:58 -0500] "GET /bla/resoluciones/resoluciones%202010/5572.pdf HTTP/1.1" 200 318329
66.249.65.119 - - [24/Nov/2014:06:16:59 -0500] "GET /BLA/resoluciones/RESOLUCIONES%202007/RES%202007%203601%20AL%203700/RESOLUCION%203635%20DE%202007.pdf HTTP/1.1" 304 -
157.55.39.50 - - [24/Nov/2014:06:17:12 -0500] "GET /BLA/resoluciones/RESOLUCIONES%202007/RES%202007%20201%20AL%20300/RESOLUCION%200228%20DE%202007.pdf HTTP/1.1" 200 276461
157.55.39.50 - - [24/Nov/2014:06:17:23 -0500] "GET /bla/resoluciones/resoluciones%202009/0322.pdf HTTP/1.1" 200 263524
157.55.39.197 - - [24/Nov/2014:06:17:31 -0500] "GET /bla/resoluciones/resoluciones%202010/7412.pdf HTTP/1.1" 200 98156
157.55.39.50 - - [24/Nov/2014:06:17:32 -0500] "GET /BLA/boletinlegal/Circulares/2014/Circular%20No.%202%20del%2021%20de%20septiembre%20de%202014.pdf HTTP/1.1" 200 143376
157.55.39.50 - - [24/Nov/2014:06:17:33 -0500] "GET /BLA/resoluciones/RESOLUCIONES%202012/1077.pdf HTTP/1.1" 200 374709
188.165.15.210 - - [24/Nov/2014:06:17:54 -0500] "GET /BLA/resoluciones/RESOLUCIONES%202002/RES%202002%201951-1971/20021971.tif HTTP/1.1" 200 216552
157.55.39.197 - - [24/Nov/2014:06:17:59 -0500] "GET /bla/resoluciones/RESOLUCIONES%202011/2360.pdf HTTP/1.1" 200 843536
157.55.39.197 - - [24/Nov/2014:06:17:59 -0500] "GET /BLA/resoluciones/RESOLUCIONES%202008/1245.pdf HTTP/1.1" 200 284096
157.55.39.102 - - [24/Nov/2014:06:18:10 -0500] "GET /BLA/resoluciones/RESOLUCIONES%202009/1426.pdf HTTP/1.1" 200 418274
157.55.39.102 - - [24/Nov/2014:06:18:11 -0500] "GET /bla/resoluciones/resoluciones%202010/6182.pdf HTTP/1.1" 200 642075
157.55.39.102 - - [24/Nov/2014:06:18:32 -0500] "GET /bla/resoluciones/RESOLUCIONES%202011/0782.pdf HTTP/1.1" 200 72585
157.55.39.197 - - [24/Nov/2014:06:18:34 -0500] "GET /BLA/resoluciones/RESOLUCIONES%202008/2480.pdf HTTP/1.1" 200 739606
188.165.15.95 - - [24/Nov/2014:06:18:44 -0500] "GET /BLA/resoluciones/RESOLUCIONES%202006/RES%202006%20551-600/00000553.tif HTTP/1.1" 200 332780
157.55.39.50 - - [24/Nov/2014:06:18:48 -0500] "GET /bla/resoluciones/RESOLUCIONES%202011/0662.pdf HTTP/1.1" 200 368519
157.55.39.197 - - [24/Nov/2014:06:19:02 -0500] "GET /bla/resoluciones/autos%202010/4506.pdf HTTP/1.1" 200 326365
66.249.65.119 - - [24/Nov/2014:06:19:02 -0500] "GET /BLA/resoluciones/RESOLUCIONES%202007/RES%202007%203501%20AL%203600/RESOLUCION%203586%20DE%202007.pdf HTTP/1.1" 200 288264
66.249.65.119 - - [24/Nov/2014:06:19:03 -0500] "GET /Residuos/vehiculos/files/search/search52.xml HTTP/1.1" 404 1018
66.249.65.123 - - [24/Nov/2014:06:19:09 -0500] "GET /BLA/resoluciones/RESOLUCIONES%202009/0022.pdf HTTP/1.1" 200 337973
157.55.39.102 - - [24/Nov/2014:06:19:27 -0500] "GET /BLA/resoluciones/AUTOS%202011/3194.pdf HTTP/1.1" 200 216105
157.55.39.102 - - [24/Nov/2014:06:19:28 -0500] "GET /bla/resoluciones/resoluciones%202010/7128.pdf HTTP/1.1" 200 64761
188.165.15.198 - - [24/Nov/2014:06:19:37 -0500] "GET /BLA/resoluciones/RESOLUCIONES%202005/RES%202005%201301-1350/00001307.tif HTTP/1.1" 200 406038
157.55.39.197 - - [24/Nov/2014:06:19:39 -0500] "GET /bla/resoluciones/autos%202010/4549.pdf HTTP/1.1" 200 143915
157.55.39.50 - - [24/Nov/2014:06:19:42 -0500] "GET /BLA/resoluciones/RESOLUCIONES%202010/1263.pdf HTTP/1.1" 200 101956
66.249.65.119 - - [24/Nov/2014:06:19:52 -0500] "GET /BLA/resoluciones/AUTOS%202010/4821.pdf HTTP/1.1" 200 365934
157.55.39.50 - - [24/Nov/2014:06:19:53 -0500] "GET /BLA/resoluciones/AUTOS%202011/4822.pdf HTTP/1.1" 200 269259
66.249.65.119 - - [24/Nov/2014:06:20:10 -0500] "GET /BLA/resoluciones/index.php?dir=RESOLUCIONES%202003/RES%202003%20151-200/&sort=size&order=asc HTTP/1.1" 200 12346
188.165.15.66 - - [24/Nov/2014:06:20:25 -0500] "GET /BLA/resoluciones/RESOLUCIONES%202004/RES%202004%201551-1600/00001594.tif HTTP/1.1" 200 46436
66.249.65.119 - - [24/Nov/2014:06:20:35 -0500] "GET /BLA/resoluciones/RESOLUCIONES%202007/RES%202007%202201%20AL%202300/RESOLUCION%202211%20DE%202007.pdf HTTP/1.1" 200 85090
74.86.158.107 - - [24/Nov/2014:06:20:37 -0500] "HEAD / HTTP/1.1" 302 -
157.55.39.50 - - [24/Nov/2014:06:20:43 -0500] "GET /BLA/resoluciones/RESOLUCIONES%202009/7002.pdf HTTP/1.1" 200 723537
157.55.39.50 - - [24/Nov/2014:06:20:44 -0500] "GET /bla/resoluciones/autos%202010/5488.pdf HTTP/1.1" 200 142267
157.55.39.50 - - [24/Nov/2014:06:20:44 -0500] "GET /bla/resoluciones/resoluciones%202009/0376.pdf HTTP/1.1" 200 239200
157.55.39.102 - - [24/Nov/2014:06:20:52 -0500] "GET /BLA/resoluciones/AUTOS%202009/0198.pdf HTTP/1.1" 200 379077
157.55.39.50 - - [24/Nov/2014:06:20:54 -0500] "GET /bla/resoluciones/resoluciones%202009/7739.pdf HTTP/1.1" 200 558250
157.55.39.197 - - [24/Nov/2014:06:21:06 -0500] "GET /bla/resoluciones/resoluciones%202009/0192.pdf HTTP/1.1" 200 257319
157.55.39.197 - - [24/Nov/2014:06:21:07 -0500] "GET /BLA/resoluciones/RESOLUCIONES%202008/1385.pdf HTTP/1.1" 200 408287
65.55.212.93 - - [24/Nov/2014:06:21:09 -0500] "GET /BLA/boletinlegal/js/jquery.js HTTP/1.1" 200 57254
131.253.36.206 - - [24/Nov/2014:06:21:09 -0500] "GET /BLA/boletinlegal/js/jquery.scrollTo-min.js HTTP/1.1" 200 1150
131.253.36.206 - - [24/Nov/2014:06:21:09 -0500] "GET /BLA/boletinlegal/js/jquery.scrollShow.js HTTP/1.1" 200 4586
66.249.65.115 - - [24/Nov/2014:06:21:18 -0500] "GET /Residuos/impresion/files/search/search105.xml HTTP/1.1" 404 1018
157.55.39.50 - - [24/Nov/2014:06:21:18 -0500] "GET /bla/resoluciones/resoluciones%202009/7816.pdf HTTP/1.1" 200 499089
157.55.39.50 - - [24/Nov/2014:06:21:19 -0500] "GET /BLA/resoluciones/RESOLUCIONES%202008/2256.pdf HTTP/1.1" 200 196578
157.55.39.50 - - [24/Nov/2014:06:21:23 -0500] "GET /BLA/resoluciones/AUTOS%202011/1815.pdf HTTP/1.1" 200 153171
157.55.39.50 - - [24/Nov/2014:06:21:33 -0500] "GET /bla/resoluciones/resoluciones%202009/9136.pdf HTTP/1.1" 200 412360
157.55.39.50 - - [24/Nov/2014:06:21:44 -0500] "GET /BLA/resoluciones/RESOLUCIONES%202012/1568.pdf HTTP/1.1" 200 781728
157.55.39.197 - - [24/Nov/2014:06:21:49 -0500] "GET /bla/resoluciones/resoluciones%202009/0519.pdf HTTP/1.1" 200 184871
157.55.39.197 - - [24/Nov/2014:06:21:49 -0500] "GET /BLA/resoluciones/RESOLUCIONES%202009/5780.pdf HTTP/1.1" 200 1180980
157.55.39.197 - - [24/Nov/2014:06:21:50 -0500] "GET /BLA/resoluciones/AUTOS%202011/5125.pdf HTTP/1.1" 200 261513
157.55.39.197 - - [24/Nov/2014:06:21:51 -0500] "GET /bla/resoluciones/resoluciones%202009/7703.pdf HTTP/1.1" 200 630548
157.55.39.102 - - [24/Nov/2014:06:21:55 -0500] "GET /BLA/resoluciones/AUTOS%202010/4957.pdf HTTP/1.1" 200 243500
157.55.39.102 - - [24/Nov/2014:06:21:55 -0500] "GET /bla/resoluciones/resoluciones%202009/0667.pdf HTTP/1.1" 200 212667
157.55.39.102 - - [24/Nov/2014:06:21:58 -0500] "GET /bla/resoluciones/resoluciones%202010/5885.pdf HTTP/1.1" 200 490469
157.55.39.102 - - [24/Nov/2014:06:21:59 -0500] "GET /BLA/resoluciones/RESOLUCIONES%202008/2140.pdf HTTP/1.1" 200 211763
157.55.39.102 - - [24/Nov/2014:06:21:59 -0500] "GET /BLA/resoluciones/RESOLUCIONES%202009/7410.pdf HTTP/1.1" 200 847032
157.55.39.102 - - [24/Nov/2014:06:22:00 -0500] "GET /BLA/resoluciones/RESOLUCIONES%202008/1996.pdf HTTP/1.1" 200 235537
157.55.39.102 - - [24/Nov/2014:06:22:00 -0500] "GET /BLA/resoluciones/RESOLUCIONES%202012/1796.pdf HTTP/1.1" 200 986927
66.249.65.115 - - [24/Nov/2014:06:22:01 -0500] "-" 408 -
186.144.213.218 - - [24/Nov/2014:06:22:04 -0500] "GET /BLA/resoluciones/RESOLUCIONES%202010/1951.pdf HTTP/1.1" 200 996932
157.55.39.49 - - [24/Nov/2014:06:22:04 -0500] "GET /BLA/resoluciones/AUTOS%202011/5585.pdf HTTP/1.1" 200 243597
157.55.39.197 - - [24/Nov/2014:06:22:12 -0500] "GET /BLA/resoluciones/RESOLUCIONES%202009/1093.pdf HTTP/1.1" 200 284019
157.55.39.50 - - [24/Nov/2014:06:22:14 -0500] "GET /bla/resoluciones/resoluciones%202009/8274.pdf HTTP/1.1" 200 331953
157.55.39.50 - - [24/Nov/2014:06:22:28 -0500] "GET /BLA/resoluciones/RESOLUCIONES%202009/4682.pdf HTTP/1.1" 200 715632
157.55.39.102 - - [24/Nov/2014:06:22:55 -0500] "GET /bla/resoluciones/resoluciones%202010/6872.pdf HTTP/1.1" 200 156873
157.55.39.102 - - [24/Nov/2014:06:22:55 -0500] "GET /bla/resoluciones/resoluciones%202010/6670.pdf HTTP/1.1" 200 351544
157.55.39.102 - - [24/Nov/2014:06:22:56 -0500] "GET /BLA/resoluciones/RESOLUCIONES%202008/0507.pdf HTTP/1.1" 200 220446
180.76.5.74 - - [24/Nov/2014:06:22:57 -0500] "GET /BLA/resoluciones/RESOLUCIONES%202012/0888.pdf HTTP/1.1" 200 548558
157.55.39.50 - - [24/Nov/2014:06:23:24 -0500] "GET /BLA/resoluciones/AUTOS%202009/0926.pdf HTTP/1.1" 200 122120
161.18.153.44 - - [24/Nov/2014:06:23:25 -0500] "GET /BLA/boletinlegal/jurisprudencia/analisis/Analisis%20jurisprudencial%20Sentencia%20C-366-11.doc HTTP/1.1" 200 59392
157.55.39.50 - - [24/Nov/2014:06:23:39 -0500] "GET /bla/resoluciones/resoluciones%202009/4367.pdf HTTP/1.1" 200 174094
157.55.39.102 - - [24/Nov/2014:06:23:44 -0500] "GET /BLA/resoluciones/RESOLUCIONES%202009/0518.pdf HTTP/1.1" 200 209380
180.76.5.143 - - [24/Nov/2014:06:23:44 -0500] "GET /BLA/resoluciones/AUTOS%202010/3471.pdf HTTP/1.1" 200 360729
66.249.65.115 - - [24/Nov/2014:06:24:02 -0500] "GET /BLA/resoluciones/AUTOS%202011/5651.pdf HTTP/1.1" 200 242471
66.249.65.119 - - [24/Nov/2014:06:24:03 -0500] "GET /BLA/resoluciones/RESOLUCIONES%202010/1410.pdf HTTP/1.1" 200 3019381
157.55.39.49 - - [24/Nov/2014:06:24:04 -0500] "GET /bla/resoluciones/resoluciones%202010/6354.pdf HTTP/1.1" 200 1111817
157.55.39.197 - - [24/Nov/2014:06:24:09 -0500] "GET /bla/resoluciones/resoluciones%202009/1668.pdf HTTP/1.1" 200 1258712
66.249.65.115 - - [24/Nov/2014:06:24:10 -0500] "GET /BLA/resoluciones/RESOLUCIONES%202013/1186.pdf HTTP/1.1" 200 441162
157.55.39.50 - - [24/Nov/2014:06:24:13 -0500] "GET /BLA/resoluciones/AUTOS%202011/6114.pdf HTTP/1.1" 200 1123857
157.55.39.50 - - [24/Nov/2014:06:24:19 -0500] "GET /BLA/resoluciones/AUTOS%202011/5709.pdf HTTP/1.1" 200 252973
157.55.39.50 - - [24/Nov/2014:06:24:19 -0500] "GET /bla/resoluciones/resoluciones%202009/1433.pdf HTTP/1.1" 200 961112
188.165.15.187 - - [24/Nov/2014:06:24:25 -0500] "GET /BLA/resoluciones/RESOLUCIONES%202003/RES%202003%201201-1250/2003RES1224.tif HTTP/1.1" 200 202780
157.55.39.197 - - [24/Nov/2014:06:24:30 -0500] "GET /BLA/resoluciones/RESOLUCIONES%202010/0046.pdf HTTP/1.1" 200 495325
66.249.65.115 - - [24/Nov/2014:06:24:53 -0500] "GET /BLA/resoluciones/RESOLUCIONES%202012/0919.pdf HTTP/1.1" 200 137904
157.55.39.50 - - [24/Nov/2014:06:24:55 -0500] "GET /bla/resoluciones/resoluciones%202010/7042.pdf HTTP/1.1" 200 65021
157.55.39.102 - - [24/Nov/2014:06:24:56 -0500] "GET /bla/resoluciones/RESOLUCIONES%202011/3369.pdf HTTP/1.1" 200 749916
157.55.39.49 - - [24/Nov/2014:06:25:09 -0500] "-" 408 -
157.55.39.50 - - [24/Nov/2014:06:25:14 -0500] "GET /bla/resoluciones/resoluciones%202009/2286.pdf HTTP/1.1" 200 358013
66.249.65.123 - - [24/Nov/2014:06:25:36 -0500] "GET /BLA/resoluciones/RESOLUCIONES%202011/1251.pdf HTTP/1.1" 200 531854
74.86.158.107 - - [24/Nov/2014:06:25:37 -0500] "HEAD / HTTP/1.1" 302 -
157.55.39.50 - - [24/Nov/2014:06:25:40 -0500] "GET /bla/resoluciones/resoluciones%202010/5947.pdf HTTP/1.1" 200 275838
161.18.153.44 - - [24/Nov/2014:06:25:53 -0500] "GET /BLA/boletinlegal/jurisprudencia/analisis/Analisis%20jurisprudencial%20Sentencia%20C-366-11.doc HTTP/1.1" 206 1
161.18.153.44 - - [24/Nov/2014:06:25:53 -0500] "GET /BLA/boletinlegal/jurisprudencia/analisis/Analisis%20jurisprudencial%20Sentencia%20C-366-11.doc HTTP/1.1" 206 58313
186.80.224.19 - - [24/Nov/2014:06:25:54 -0500] "GET /BLA/boletinlegal/js/jquery.js HTTP/1.1" 200 57254
186.80.224.19 - - [24/Nov/2014:06:25:54 -0500] "GET /BLA/boletinlegal/js/jquery.scrollTo-min.js HTTP/1.1" 200 1150
186.80.224.19 - - [24/Nov/2014:06:25:54 -0500] "GET /BLA/boletinlegal/js/jquery.scrollShow.js HTTP/1.1" 200 4586
157.55.39.49 - - [24/Nov/2014:06:26:04 -0500] "GET /bla/resoluciones/resoluciones%202010/6759.pdf HTTP/1.1" 200 849585
157.55.39.49 - - [24/Nov/2014:06:26:05 -0500] "GET /BLA/resoluciones/RESOLUCIONES%202009/3301.pdf HTTP/1.1" 200 645686
66.249.65.119 - - [24/Nov/2014:06:26:08 -0500] "GET /BLA/resoluciones/RESOLUCIONES%202004/RES%202004%201851-1900/00001872.tif HTTP/1.1" 200 158736
66.249.65.119 - - [24/Nov/2014:06:26:09 -0500] "GET /BLA/resoluciones/RESOLUCIONES%202002/RES%202002%201451-1500/20021499.tif HTTP/1.1" 200 117900
66.249.65.119 - - [24/Nov/2014:06:26:19 -0500] "GET /BLA/resoluciones/AUTOS%202013/2438.pdf HTTP/1.1" 200 211128
207.46.13.28 - - [24/Nov/2014:06:26:19 -0500] "GET /bla/resoluciones/resoluciones%202010/6436.pdf HTTP/1.1" 200 235575
157.55.39.102 - - [24/Nov/2014:06:26:26 -0500] "GET /BLA/resoluciones/RESOLUCIONES%202012/1030.pdf HTTP/1.1" 200 585959
157.55.39.102 - - [24/Nov/2014:06:26:26 -0500] "GET /BLA/resoluciones/Resoluciones%202011/2262.pdf HTTP/1.1" 200 681834
207.46.13.28 - - [24/Nov/2014:06:26:41 -0500] "GET /BLA/resoluciones/RESOLUCIONES%202007/RES%202007%204201%20AL%204300/RESOLUCION%204259%20DE%202007.pdf HTTP/1.1" 200 342909
157.55.39.50 - - [24/Nov/2014:06:26:45 -0500] "GET /BLA/resoluciones/RESOLUCIONES%202008/2887.pdf HTTP/1.1" 200 522302
66.249.65.123 - - [24/Nov/2014:06:27:01 -0500] "GET /Residuos/metalmecanica/files/search/search44.xml HTTP/1.1" 404 1018
66.249.65.115 - - [24/Nov/2014:06:27:02 -0500] "-" 408 -
157.55.39.49 - - [24/Nov/2014:06:27:10 -0500] "GET /bla/resoluciones/resoluciones%202009/1242.pdf HTTP/1.1" 200 611097
157.55.39.49 - - [24/Nov/2014:06:27:10 -0500] "GET /BLA/resoluciones/Resoluciones%202011/2260.pdf HTTP/1.1" 200 548262
157.55.39.50 - - [24/Nov/2014:06:27:19 -0500] "GET /bla/resoluciones/resoluciones%202009/1779.pdf HTTP/1.1" 200 521594
157.55.39.50 - - [24/Nov/2014:06:27:25 -0500] "GET /BLA/resoluciones/RESOLUCIONES%202009/2379.pdf HTTP/1.1" 200 426094
157.55.39.197 - - [24/Nov/2014:06:27:39 -0500] "GET /bla/resoluciones/resoluciones%202010/7561.pdf HTTP/1.1" 200 62497
66.249.65.115 - - [24/Nov/2014:06:27:44 -0500] "GET /BLA/resoluciones/AUTOS%202007/3375.pdf HTTP/1.1" 200 120660
157.55.39.50 - - [24/Nov/2014:06:27:49 -0500] "GET /bla/resoluciones/resoluciones%202010/7773.pdf HTTP/1.1" 200 1546322
157.55.39.197 - - [24/Nov/2014:06:27:59 -0500] "GET /BLA/resoluciones/RESOLUCIONES%202009/0846.pdf HTTP/1.1" 200 312369
157.55.39.102 - - [24/Nov/2014:06:28:05 -0500] "GET /bla/resoluciones/resoluciones%202009/6475.pdf HTTP/1.1" 200 103624
157.55.39.102 - - [24/Nov/2014:06:28:05 -0500] "GET /BLA/resoluciones/Resoluciones%202011/0945.pdf HTTP/1.1" 200 321570
157.55.39.102 - - [24/Nov/2014:06:28:06 -0500] "GET /BLA/resoluciones/RESOLUCIONES%202008/0553.pdf HTTP/1.1" 200 118055
207.46.13.28 - - [24/Nov/2014:06:28:11 -0500] "GET /bla/resoluciones/autos%202010/1403.pdf HTTP/1.1" 200 247829
207.46.13.28 - - [24/Nov/2014:06:28:12 -0500] "GET /BLA/resoluciones/RESOLUCIONES%202009/1045.pdf HTTP/1.1" 200 202973
207.46.13.28 - - [24/Nov/2014:06:28:13 -0500] "GET /BLA/resoluciones/AUTOS%202011/1519.pdf HTTP/1.1" 200 134853
