201.228.77.139 - - [27/Nov/2014:00:30:24 -0500] "GET /galeria/nivo-slider/demo/images/Banner-comparendo.jpg HTTP/1.1" 200 388762
66.249.65.115 - - [27/Nov/2014:00:30:25 -0500] "GET /BLA/resoluciones/RESOLUCIONES%202011/0822.pdf HTTP/1.1" 200 304461
201.228.77.139 - - [27/Nov/2014:00:30:26 -0500] "GET /galeria/nivo-slider/demo/images/banner-pygaai.jpg HTTP/1.1" 200 82693
201.228.77.139 - - [27/Nov/2014:00:30:26 -0500] "GET /galeria/nivo-slider/demo/images/Biotaxis-Man.jpg HTTP/1.1" 200 99362
201.228.77.139 - - [27/Nov/2014:00:30:28 -0500] "GET /galeria/nivo-slider/demo/images/porloshumedales.jpg HTTP/1.1" 200 351238
186.80.71.32 - - [27/Nov/2014:00:30:28 -0500] "GET /BLA/boletinlegal/consulta_actos.php?tipo=resoluciones&no=&usuario=judy&sector=&fecha=2010&resuelve= HTTP/1.1" 200 1040
201.228.77.139 - - [27/Nov/2014:00:30:28 -0500] "GET /galeria/nivo-slider/demo/images/Tingua-azul.jpg HTTP/1.1" 200 307638
201.228.77.139 - - [27/Nov/2014:00:30:29 -0500] "GET /galeria/nivo-slider/demo/images/Banner-Caracol-Africano.jpg HTTP/1.1" 200 331986
201.228.77.139 - - [27/Nov/2014:00:30:30 -0500] "GET /galeria/nivo-slider/demo/images/banner-redes.jpg HTTP/1.1" 200 62209
201.228.77.139 - - [27/Nov/2014:00:30:31 -0500] "GET /galeria/nivo-slider/demo/images/9Signos.jpg HTTP/1.1" 200 93040
74.86.158.107 - - [27/Nov/2014:00:30:35 -0500] "HEAD / HTTP/1.1" 302 -
201.228.77.139 - - [27/Nov/2014:00:30:35 -0500] "GET /galeria/nivo-slider/demo/images/banner-caballos.png HTTP/1.1" 200 389106
201.228.77.139 - - [27/Nov/2014:00:30:35 -0500] "GET /galeria/nivo-slider/demo/images/Hacienda_Molinos.jpg HTTP/1.1" 200 319171
186.80.71.32 - - [27/Nov/2014:00:30:35 -0500] "GET /BLA/boletinlegal/consulta_actos.php?tipo=resoluciones&no=&usuario=judy&sector=&fecha=2011&resuelve= HTTP/1.1" 200 623
186.80.71.32 - - [27/Nov/2014:00:30:40 -0500] "GET /BLA/boletinlegal/consulta_actos.php?tipo=resoluciones&no=&usuario=judy&sector=&fecha=2012&resuelve= HTTP/1.1" 200 623
201.228.77.139 - - [27/Nov/2014:00:30:41 -0500] "GET /galeria/nivo-slider/demo/images/bannerEcolecta3.jpg HTTP/1.1" 200 280034
186.80.71.32 - - [27/Nov/2014:00:30:44 -0500] "GET /BLA/boletinlegal/consulta_actos.php?tipo=resoluciones&no=&usuario=judy&sector=&fecha=2013&resuelve= HTTP/1.1" 200 623
186.80.71.32 - - [27/Nov/2014:00:30:47 -0500] "GET /BLA/boletinlegal/consulta_actos.php?tipo=resoluciones&no=&usuario=judy&sector=&fecha=2014&resuelve= HTTP/1.1" 200 623
201.228.77.139 - - [27/Nov/2014:00:30:49 -0500] "GET /videos/Spot_CambioClimatico.flv HTTP/1.1" 200 4371917
201.228.77.139 - - [27/Nov/2014:00:30:56 -0500] "GET /galeria/nivo-slider/themes/default/bullets.png HTTP/1.1" 200 1281
201.228.77.139 - - [27/Nov/2014:00:30:56 -0500] "GET /galeria/nivo-slider/themes/default/arrows.png HTTP/1.1" 200 824
200.89.250.212 - - [27/Nov/2014:00:30:56 -0500] "GET /BLA/boletinlegal/js/jquery.js HTTP/1.1" 200 57254
200.89.250.212 - - [27/Nov/2014:00:30:56 -0500] "GET /BLA/boletinlegal/js/jquery.scrollTo-min.js HTTP/1.1" 200 1150
200.89.250.212 - - [27/Nov/2014:00:30:56 -0500] "GET /BLA/boletinlegal/js/jquery.scrollShow.js HTTP/1.1" 200 4586
200.89.250.212 - - [27/Nov/2014:00:30:56 -0500] "GET /galeria/carrusel/Carrusel/jquery.thumbnailScroller.css HTTP/1.1" 200 2066
200.89.250.212 - - [27/Nov/2014:00:30:56 -0500] "GET /galeria/carrusel/Carrusel/jquery-ui-1.8.13.custom.min.js HTTP/1.1" 200 10800
200.89.250.212 - - [27/Nov/2014:00:30:56 -0500] "GET /galeria/carrusel/Carrusel/jquery.thumbnailScroller.js HTTP/1.1" 200 8157
200.89.250.212 - - [27/Nov/2014:00:30:59 -0500] "GET /galeria/nivo-slider/demo/demo.html HTTP/1.1" 200 3458
200.89.250.212 - - [27/Nov/2014:00:31:00 -0500] "GET /galeria/nivo-slider/themes/pascal/pascal.css HTTP/1.1" 200 2258
200.89.250.212 - - [27/Nov/2014:00:31:00 -0500] "GET /galeria/nivo-slider/themes/orman/orman.css HTTP/1.1" 200 2152
200.89.250.212 - - [27/Nov/2014:00:31:00 -0500] "GET /galeria/nivo-slider/themes/default/default.css HTTP/1.1" 200 1569
200.89.250.212 - - [27/Nov/2014:00:31:00 -0500] "GET /galeria/nivo-slider/nivo-slider.css HTTP/1.1" 200 1507
200.89.250.212 - - [27/Nov/2014:00:31:00 -0500] "GET /galeria/nivo-slider/demo/scripts/jquery-1.7.1.min.js HTTP/1.1" 200 93868
200.89.250.212 - - [27/Nov/2014:00:31:00 -0500] "GET /galeria/nivo-slider/demo/style.css HTTP/1.1" 200 2222
200.89.250.212 - - [27/Nov/2014:00:31:00 -0500] "GET /galeria/nivo-slider/jquery.nivo.slider.pack.js HTTP/1.1" 200 11561
200.89.250.212 - - [27/Nov/2014:00:31:00 -0500] "GET /galeria/nivo-slider/demo/images/Banner-GAE2.jpg HTTP/1.1" 200 148621
200.89.250.212 - - [27/Nov/2014:00:31:00 -0500] "GET /galeria/nivo-slider/demo/images/Banner-comparendo.jpg HTTP/1.1" 200 388762
200.89.250.212 - - [27/Nov/2014:00:31:00 -0500] "GET /galeria/nivo-slider/demo/images/festivalBasura0.jpg HTTP/1.1" 200 96780
200.89.250.212 - - [27/Nov/2014:00:31:00 -0500] "GET /galeria/nivo-slider/demo/images/banner-pygaai.jpg HTTP/1.1" 200 82693
200.89.250.212 - - [27/Nov/2014:00:31:00 -0500] "GET /galeria/nivo-slider/demo/images/Biotaxis-Man.jpg HTTP/1.1" 200 99362
200.89.250.212 - - [27/Nov/2014:00:31:00 -0500] "GET /galeria/nivo-slider/demo/images/porloshumedales.jpg HTTP/1.1" 200 351238
200.89.250.212 - - [27/Nov/2014:00:31:01 -0500] "GET /galeria/nivo-slider/demo/images/Tingua-azul.jpg HTTP/1.1" 200 307638
200.89.250.212 - - [27/Nov/2014:00:31:01 -0500] "GET /galeria/nivo-slider/demo/images/Banner-Caracol-Africano.jpg HTTP/1.1" 200 331986
200.89.250.212 - - [27/Nov/2014:00:31:01 -0500] "GET /galeria/nivo-slider/demo/images/banner-redes.jpg HTTP/1.1" 200 62209
200.89.250.212 - - [27/Nov/2014:00:31:02 -0500] "GET /galeria/nivo-slider/demo/images/9Signos.jpg HTTP/1.1" 200 93040
200.89.250.212 - - [27/Nov/2014:00:31:02 -0500] "GET /galeria/nivo-slider/demo/images/banner-caballos.png HTTP/1.1" 200 389106
200.89.250.212 - - [27/Nov/2014:00:31:03 -0500] "GET /galeria/nivo-slider/demo/images/Hacienda_Molinos.jpg HTTP/1.1" 200 319171
200.89.250.212 - - [27/Nov/2014:00:31:03 -0500] "GET /galeria/nivo-slider/demo/images/bannerEcolecta3.jpg HTTP/1.1" 200 280034
200.89.250.212 - - [27/Nov/2014:00:31:03 -0500] "GET /galeria/nivo-slider/demo/images/4Simple_Slider.png HTTP/1.1" 200 11722
200.89.250.212 - - [27/Nov/2014:00:31:04 -0500] "GET /galeria/nivo-slider/themes/default/loading.gif HTTP/1.1" 200 1737
66.249.65.123 - - [27/Nov/2014:00:31:09 -0500] "GET /BLA/resoluciones/AUTOS%202012/0651.pdf HTTP/1.1" 200 459990
186.80.71.32 - - [27/Nov/2014:00:31:12 -0500] "GET /BLA/boletinlegal/consulta_actos.php?tipo=resoluciones&no=&usuario=pontevedra&sector=&fecha=2014&resuelve= HTTP/1.1" 200 623
186.80.71.32 - - [27/Nov/2014:00:31:16 -0500] "GET /BLA/boletinlegal/consulta_actos.php?tipo=resoluciones&no=&usuario=pontevedra&sector=&fecha=2013&resuelve= HTTP/1.1" 200 623
186.80.71.32 - - [27/Nov/2014:00:31:20 -0500] "GET /BLA/boletinlegal/consulta_actos.php?tipo=resoluciones&no=&usuario=pontevedra&sector=&fecha=2012&resuelve= HTTP/1.1" 200 623
200.89.250.212 - - [27/Nov/2014:00:31:20 -0500] "GET /videos/ArchivoSDA.flv HTTP/1.1" 200 31205279
186.80.71.32 - - [27/Nov/2014:00:31:24 -0500] "GET /BLA/boletinlegal/consulta_actos.php?tipo=resoluciones&no=&usuario=pontevedra&sector=&fecha=2011&resuelve= HTTP/1.1" 200 623
186.80.71.32 - - [27/Nov/2014:00:31:28 -0500] "GET /BLA/boletinlegal/consulta_actos.php?tipo=resoluciones&no=&usuario=pontevedra&sector=&fecha=2010&resuelve= HTTP/1.1" 200 1066
201.245.192.253 - - [27/Nov/2014:00:31:31 -0500] "GET /plugins/like.php?href=http%3A%2F%2Fwww.neoteo.com%2Fhistoria-de-la-arroba%2F&send=false&layout=button_count&width=120&show_faces=false&action=like&colorscheme=light&font&height=21 HTTP/1.1" 404 1292
186.80.71.32 - - [27/Nov/2014:00:31:34 -0500] "GET /BLA/boletinlegal/consulta_actos.php?tipo=resoluciones&no=&usuario=pontevedra&sector=&fecha=2009&resuelve= HTTP/1.1" 200 623
201.185.75.89 - - [27/Nov/2014:00:31:36 -0500] "GET /BLA/boletinlegal/js/jquery.js HTTP/1.1" 200 57254
201.185.75.89 - - [27/Nov/2014:00:31:36 -0500] "GET /BLA/boletinlegal/js/jquery.scrollTo-min.js HTTP/1.1" 200 1150
201.185.75.89 - - [27/Nov/2014:00:31:36 -0500] "GET /BLA/boletinlegal/js/jquery.scrollShow.js HTTP/1.1" 200 4586
186.80.71.32 - - [27/Nov/2014:00:31:38 -0500] "GET /BLA/boletinlegal/consulta_actos.php?tipo=resoluciones&no=&usuario=pontevedra&sector=&fecha=2008&resuelve= HTTP/1.1" 200 1020
201.245.192.253 - - [27/Nov/2014:00:31:40 -0500] "GET /v/_R0ELuiGGDI?adformat=2_9&version=3&showinfo=0&rel=0&controls=1&iv_load_policy=1 HTTP/1.1" 404 3469
66.249.65.123 - - [27/Nov/2014:00:31:46 -0500] "GET /BLA/resoluciones/RESOLUCIONES%202009/4717.pdf HTTP/1.1" 200 391354
66.249.65.115 - - [27/Nov/2014:00:31:54 -0500] "GET /BLA/resoluciones/AUTOS%202012/2143.pdf HTTP/1.1" 200 710194
190.24.82.241 - - [27/Nov/2014:00:31:56 -0500] "GET /BLA/boletinlegal/js/jquery.js HTTP/1.1" 200 57254
190.24.82.241 - - [27/Nov/2014:00:31:56 -0500] "GET /BLA/boletinlegal/js/jquery.scrollTo-min.js HTTP/1.1" 200 1150
190.24.82.241 - - [27/Nov/2014:00:31:57 -0500] "GET /BLA/boletinlegal/js/jquery.scrollShow.js HTTP/1.1" 200 4586
186.145.146.23 - - [27/Nov/2014:00:32:06 -0500] "GET /BLA/boletinlegal/js/jquery.js HTTP/1.1" 200 57254
186.145.146.23 - - [27/Nov/2014:00:32:06 -0500] "GET /BLA/boletinlegal/js/jquery.scrollTo-min.js HTTP/1.1" 200 1150
186.145.146.23 - - [27/Nov/2014:00:32:06 -0500] "GET /BLA/boletinlegal/js/jquery.scrollShow.js HTTP/1.1" 200 4586
200.89.250.212 - - [27/Nov/2014:00:32:12 -0500] "GET /galeria/nivo-slider/demo/images/porloshumedales.jpg HTTP/1.1" 206 1
200.89.250.212 - - [27/Nov/2014:00:32:12 -0500] "GET /galeria/nivo-slider/demo/images/bannerEcolecta3.jpg HTTP/1.1" 206 1
200.89.250.212 - - [27/Nov/2014:00:32:12 -0500] "GET /galeria/nivo-slider/demo/images/porloshumedales.jpg HTTP/1.1" 206 5492
200.89.250.212 - - [27/Nov/2014:00:32:12 -0500] "GET /galeria/nivo-slider/demo/images/bannerEcolecta3.jpg HTTP/1.1" 206 40868
200.89.250.212 - - [27/Nov/2014:00:32:12 -0500] "GET /galeria/nivo-slider/themes/default/arrows.png HTTP/1.1" 200 824
200.89.250.212 - - [27/Nov/2014:00:32:12 -0500] "GET /galeria/nivo-slider/themes/default/bullets.png HTTP/1.1" 200 1281
200.89.250.212 - - [27/Nov/2014:00:32:17 -0500] "GET /videos/Spot_CambioClimatico.flv HTTP/1.1" 200 4371917
200.89.250.212 - - [27/Nov/2014:00:32:22 -0500] "GET /BLA/boletinlegal/style.css HTTP/1.1" 200 9406
200.89.250.212 - - [27/Nov/2014:00:32:22 -0500] "GET /BLA/boletinlegal/styles2.css HTTP/1.1" 200 1838
200.89.250.212 - - [27/Nov/2014:00:32:22 -0500] "GET /BLA/boletinlegal/images/cabezote%20BLEGAL.jpg HTTP/1.1" 200 118164
200.89.250.212 - - [27/Nov/2014:00:32:22 -0500] "GET /BLA/boletinlegal/images/nuevo.gif HTTP/1.1" 200 26475
200.89.250.212 - - [27/Nov/2014:00:32:22 -0500] "GET /BLA/boletinlegal/images/historia.png HTTP/1.1" 200 52775
200.89.250.212 - - [27/Nov/2014:00:32:22 -0500] "GET /BLA/boletinlegal/images/subscribe-icon-big.png HTTP/1.1" 200 47702
200.89.250.212 - - [27/Nov/2014:00:32:23 -0500] "GET /BLA/boletinlegal/images/arr_l.jpg HTTP/1.1" 200 1979
200.89.250.212 - - [27/Nov/2014:00:32:23 -0500] "GET /BLA/boletinlegal/images/body_bg.jpg HTTP/1.1" 200 1601
200.89.250.212 - - [27/Nov/2014:00:32:23 -0500] "GET /BLA/boletinlegal/images/menu_rght.gif HTTP/1.1" 200 1627
200.89.250.212 - - [27/Nov/2014:00:32:23 -0500] "GET /BLA/boletinlegal/images/menu_lft.gif HTTP/1.1" 200 1713
200.89.250.212 - - [27/Nov/2014:00:32:23 -0500] "GET /BLA/boletinlegal/images/bg_top.jpg HTTP/1.1" 200 522
200.89.250.212 - - [27/Nov/2014:00:32:23 -0500] "GET /BLA/boletinlegal/images/menu_bg.jpg HTTP/1.1" 200 620
200.89.250.212 - - [27/Nov/2014:00:32:23 -0500] "GET /BLA/boletinlegal/images/screen_1.png HTTP/1.1" 200 202547
200.89.250.212 - - [27/Nov/2014:00:32:23 -0500] "GET /BLA/boletinlegal/images/screen_2.png HTTP/1.1" 200 362502
200.89.250.212 - - [27/Nov/2014:00:32:23 -0500] "GET /BLA/boletinlegal/images/screen_3.png HTTP/1.1" 200 211853
200.89.250.212 - - [27/Nov/2014:00:32:23 -0500] "GET /BLA/boletinlegal/images/screen_5.png HTTP/1.1" 200 368876
200.89.250.212 - - [27/Nov/2014:00:32:24 -0500] "GET /BLA/boletinlegal/images/text.jpg HTTP/1.1" 200 568
200.89.250.212 - - [27/Nov/2014:00:32:24 -0500] "GET /BLA/boletinlegal/images/arr_r.jpg HTTP/1.1" 200 1998
200.89.250.212 - - [27/Nov/2014:00:32:24 -0500] "GET /BLA/boletinlegal/images/hover.jpg HTTP/1.1" 200 640
200.89.250.212 - - [27/Nov/2014:00:32:24 -0500] "GET /BLA/boletinlegal/images/launch.jpg HTTP/1.1" 200 14577
200.89.250.212 - - [27/Nov/2014:00:32:24 -0500] "GET /BLA/boletinlegal/images/footer_bg.jpg HTTP/1.1" 200 586
200.89.250.212 - - [27/Nov/2014:00:32:30 -0500] "GET /BLA/boletinlegal/actos.php HTTP/1.1" 200 7534
200.89.250.212 - - [27/Nov/2014:00:32:30 -0500] "GET /BLA/boletinlegal/js/ajax_actos.js HTTP/1.1" 200 1322
200.89.250.212 - - [27/Nov/2014:00:32:30 -0500] "GET /BLA/boletinlegal/niceforms-default.css HTTP/1.1" 200 6694
200.89.250.212 - - [27/Nov/2014:00:32:30 -0500] "GET /BLA/boletinlegal/niceforms.js HTTP/1.1" 200 22876
200.89.250.212 - - [27/Nov/2014:00:32:30 -0500] "GET /BLA/boletinlegal/js/jquery1.js HTTP/1.1" 200 29846
200.89.250.212 - - [27/Nov/2014:00:32:30 -0500] "GET /BLA/boletinlegal/js/lib.js HTTP/1.1" 200 6474
200.89.250.212 - - [27/Nov/2014:00:32:30 -0500] "GET /BLA/boletinlegal/images/green-yellow-blue-pink-th.png HTTP/1.1" 200 7394
200.89.250.212 - - [27/Nov/2014:00:32:30 -0500] "GET /BLA/boletinlegal/js/popup.js HTTP/1.1" 200 1270
200.89.250.212 - - [27/Nov/2014:00:32:30 -0500] "GET /BLA/boletinlegal/images/abajo.png HTTP/1.1" 200 96676
200.89.250.212 - - [27/Nov/2014:00:32:31 -0500] "GET /BLA/boletinlegal/images/footer_bg_l.jpg HTTP/1.1" 200 776
200.89.250.212 - - [27/Nov/2014:00:32:32 -0500] "GET /BLA/boletinlegal/img/0.png HTTP/1.1" 200 110
200.89.250.212 - - [27/Nov/2014:00:32:32 -0500] "GET /BLA/boletinlegal/img/select-left.png HTTP/1.1" 200 263
200.89.250.212 - - [27/Nov/2014:00:32:32 -0500] "GET /BLA/boletinlegal/img/select-right.png HTTP/1.1" 200 44019
200.89.250.212 - - [27/Nov/2014:00:32:32 -0500] "GET /BLA/boletinlegal/img/button-left.png HTTP/1.1" 200 57071
200.89.250.212 - - [27/Nov/2014:00:32:32 -0500] "GET /BLA/boletinlegal/img/button-right.png HTTP/1.1" 200 57878
200.89.250.212 - - [27/Nov/2014:00:32:32 -0500] "GET /BLA/boletinlegal/img/button.png HTTP/1.1" 200 43241
200.89.250.212 - - [27/Nov/2014:00:32:32 -0500] "GET /favicon.ico HTTP/1.1" 200 7782
66.249.65.115 - - [27/Nov/2014:00:32:39 -0500] "GET /BLA/resoluciones/AUTOS%202012/1388.pdf HTTP/1.1" 200 351544
200.89.250.212 - - [27/Nov/2014:00:32:22 -0500] "GET /BLA/boletinlegal/index.php? HTTP/1.1" 200 28058
187.185.136.133 - - [27/Nov/2014:00:32:54 -0500] "GET /BLA/boletinlegal/js/jquery.js HTTP/1.1" 200 57254
187.185.136.133 - - [27/Nov/2014:00:32:54 -0500] "GET /BLA/boletinlegal/js/jquery.scrollTo-min.js HTTP/1.1" 200 1150
187.185.136.133 - - [27/Nov/2014:00:32:54 -0500] "GET /BLA/boletinlegal/js/jquery.scrollShow.js HTTP/1.1" 200 4586
66.249.65.123 - - [27/Nov/2014:00:33:11 -0500] "GET /BLA/resoluciones/AUTOS%202007/3748.pdf HTTP/1.1" 200 165613
186.85.135.50 - - [27/Nov/2014:00:33:11 -0500] "GET /BLA/boletinlegal/js/jquery.js HTTP/1.1" 200 57254
186.85.135.50 - - [27/Nov/2014:00:33:11 -0500] "GET /BLA/boletinlegal/js/jquery.scrollTo-min.js HTTP/1.1" 200 1150
186.85.135.50 - - [27/Nov/2014:00:33:11 -0500] "GET /BLA/boletinlegal/js/jquery.scrollShow.js HTTP/1.1" 200 4586
66.249.65.115 - - [27/Nov/2014:00:33:24 -0500] "GET /BLA/resoluciones/AUTOS%202012/1393.pdf HTTP/1.1" 200 230665
66.249.65.115 - - [27/Nov/2014:00:34:10 -0500] "GET /BLA/resoluciones/AUTOS%202012/1504.pdf HTTP/1.1" 200 221210
180.76.6.65 - - [27/Nov/2014:00:34:29 -0500] "GET /BLA/resoluciones/RESOLUCIONES%202008/1888.pdf HTTP/1.1" 200 207534
66.249.65.119 - - [27/Nov/2014:00:34:37 -0500] "GET /BLA/resoluciones/RESOLUCIONES%202009/4047.pdf HTTP/1.1" 200 481171
66.249.65.119 - - [27/Nov/2014:00:34:55 -0500] "GET /BLA/resoluciones/AUTOS%202012/0854.pdf HTTP/1.1" 200 454997
186.83.2.95 - - [27/Nov/2014:00:34:57 -0500] "GET /BLA/boletinlegal/js/jquery.js HTTP/1.1" 200 57254
186.83.2.95 - - [27/Nov/2014:00:34:57 -0500] "GET /BLA/boletinlegal/js/jquery.scrollTo-min.js HTTP/1.1" 200 1150
186.83.2.95 - - [27/Nov/2014:00:34:57 -0500] "GET /BLA/boletinlegal/js/jquery.scrollShow.js HTTP/1.1" 200 4586
74.86.158.107 - - [27/Nov/2014:00:35:35 -0500] "HEAD / HTTP/1.1" 302 -
66.249.65.115 - - [27/Nov/2014:00:35:40 -0500] "GET /BLA/resoluciones/AUTOS%202012/0275.pdf HTTP/1.1" 200 332987
201.245.192.253 - - [27/Nov/2014:00:35:53 -0500] "GET /plugins/like.php?app_id=142250212517726&locale=es_ES&href=http%3A%2F%2Fwww.facebook.com%2Fpages%2FTwoo%2F205453316143854&send=false&layout=button_count&width=150&show_faces=true&action=like&colorscheme=light&font&height=21 HTTP/1.1" 404 1478
66.249.65.115 - - [27/Nov/2014:00:36:02 -0500] "GET /BLA/resoluciones/RESOLUCIONES%202009/6419.pdf HTTP/1.1" 200 438019
66.249.65.123 - - [27/Nov/2014:00:36:25 -0500] "GET /BLA/resoluciones/AUTOS%202012/1764.pdf HTTP/1.1" 200 436520
201.244.160.21 - - [27/Nov/2014:00:36:45 -0500] "GET /BLA/boletinlegal/js/jquery.js HTTP/1.1" 200 57254
201.244.160.21 - - [27/Nov/2014:00:36:45 -0500] "GET /BLA/boletinlegal/js/jquery.scrollShow.js HTTP/1.1" 200 4586
201.244.160.21 - - [27/Nov/2014:00:36:45 -0500] "GET /BLA/boletinlegal/js/jquery.scrollTo-min.js HTTP/1.1" 200 1150
201.245.192.253 - - [27/Nov/2014:00:36:49 -0500] "GET /plugins/like.php?app_id=142250212517726&locale=es_ES&href=http%3A%2F%2Fwww.facebook.com%2Fpages%2FTwoo%2F205453316143854&send=false&layout=button_count&width=150&show_faces=true&action=like&colorscheme=light&font&height=21 HTTP/1.1" 404 1270
186.30.157.63 - - [27/Nov/2014:00:37:10 -0500] "GET /BLA/boletinlegal/js/jquery.js HTTP/1.1" 200 57254
201.245.192.253 - - [27/Nov/2014:00:37:10 -0500] "GET /plugins/like.php?app_id=142250212517726&locale=es_ES&href=http%3A%2F%2Fwww.facebook.com%2Fpages%2FTwoo%2F205453316143854&send=false&layout=button_count&width=150&show_faces=true&action=like&colorscheme=light&font&height=21 HTTP/1.1" 404 1380
186.30.157.63 - - [27/Nov/2014:00:37:10 -0500] "GET /BLA/boletinlegal/js/jquery.scrollTo-min.js HTTP/1.1" 200 1150
186.30.157.63 - - [27/Nov/2014:00:37:10 -0500] "GET /BLA/boletinlegal/js/jquery.scrollShow.js HTTP/1.1" 200 4586
66.249.65.115 - - [27/Nov/2014:00:37:11 -0500] "GET /BLA/resoluciones/AUTOS%202008/0520.pdf HTTP/1.1" 304 -
186.30.157.63 - - [27/Nov/2014:00:37:14 -0500] "GET /BLA/boletinlegal/js/jquery.scrollTo-min.js HTTP/1.1" 200 1150
186.30.157.63 - - [27/Nov/2014:00:37:14 -0500] "GET /BLA/boletinlegal/js/jquery.js HTTP/1.1" 206 1
186.30.157.63 - - [27/Nov/2014:00:37:14 -0500] "GET /BLA/boletinlegal/js/jquery.scrollShow.js HTTP/1.1" 200 4586
64.207.185.123 - - [27/Nov/2014:00:37:16 -0500] "GET /wp/wp-admin/ HTTP/1.1" 404 1018
66.249.65.119 - - [27/Nov/2014:00:37:28 -0500] "GET /BLA/resoluciones/RESOLUCIONES%202010/6021.pdf HTTP/1.1" 200 661099
201.185.204.14 - - [27/Nov/2014:00:37:50 -0500] "GET /BLA/boletinlegal/js/jquery.js HTTP/1.1" 200 57254
201.185.204.14 - - [27/Nov/2014:00:37:50 -0500] "GET /BLA/boletinlegal/js/jquery.scrollShow.js HTTP/1.1" 200 4586
201.185.204.14 - - [27/Nov/2014:00:37:50 -0500] "GET /BLA/boletinlegal/js/jquery.scrollTo-min.js HTTP/1.1" 200 1150
66.249.65.123 - - [27/Nov/2014:00:37:56 -0500] "GET /BLA/resoluciones/AUTOS%202012/0009.pdf HTTP/1.1" 200 199880
157.55.39.195 - - [27/Nov/2014:00:38:01 -0500] "GET /dama/libreria/pdf/anexossiac/Bases%20concertacion%20Telecomunicaciones.pdf HTTP/1.1" 404 1019
100.43.85.25 - - [27/Nov/2014:00:38:23 -0500] "GET /robots.txt HTTP/1.1" 404 1015
100.43.85.25 - - [27/Nov/2014:00:38:24 -0500] "GET /indi/uch/titu.gif HTTP/1.1" 404 1019
178.154.243.99 - - [27/Nov/2014:00:38:26 -0500] "GET / HTTP/1.1" 302 -
66.249.65.115 - - [27/Nov/2014:00:38:41 -0500] "GET /BLA/resoluciones/AUTOS%202012/1406.pdf HTTP/1.1" 200 269809
66.249.65.123 - - [27/Nov/2014:00:38:54 -0500] "GET /BLA/resoluciones/RESOLUCIONES%202009/5857.pdf HTTP/1.1" 200 48906
186.81.186.157 - - [27/Nov/2014:00:39:12 -0500] "GET /BLA/boletinlegal/js/jquery.js HTTP/1.1" 200 57254
186.81.186.157 - - [27/Nov/2014:00:39:12 -0500] "GET /BLA/boletinlegal/js/jquery.scrollTo-min.js HTTP/1.1" 200 1150
186.81.186.157 - - [27/Nov/2014:00:39:12 -0500] "GET /BLA/boletinlegal/js/jquery.scrollShow.js HTTP/1.1" 200 4586
66.249.65.115 - - [27/Nov/2014:00:39:27 -0500] "GET /BLA/resoluciones/AUTOS%202012/0587.pdf HTTP/1.1" 200 337120
66.249.65.119 - - [27/Nov/2014:00:40:12 -0500] "GET /BLA/resoluciones/AUTOS%202012/2415.pdf HTTP/1.1" 200 180663
190.159.155.46 - - [27/Nov/2014:00:40:14 -0500] "GET /BLA/boletinlegal/js/jquery.js HTTP/1.1" 200 57254
190.159.155.46 - - [27/Nov/2014:00:40:14 -0500] "GET /BLA/boletinlegal/js/jquery.scrollTo-min.js HTTP/1.1" 200 1150
190.159.155.46 - - [27/Nov/2014:00:40:14 -0500] "GET /BLA/boletinlegal/js/jquery.scrollShow.js HTTP/1.1" 200 4586
66.249.65.119 - - [27/Nov/2014:00:40:19 -0500] "GET /BLA/resoluciones/RESOLUCIONES%202009/5214.pdf HTTP/1.1" 200 491451
201.184.143.69 - - [27/Nov/2014:00:40:33 -0500] "GET /BLA/boletinlegal/js/jquery.js HTTP/1.1" 200 57254
201.184.143.69 - - [27/Nov/2014:00:40:33 -0500] "GET /BLA/boletinlegal/js/jquery.scrollTo-min.js HTTP/1.1" 200 1150
201.184.143.69 - - [27/Nov/2014:00:40:33 -0500] "GET /BLA/boletinlegal/js/jquery.scrollShow.js HTTP/1.1" 200 4586
74.86.158.107 - - [27/Nov/2014:00:40:35 -0500] "HEAD / HTTP/1.1" 302 -
186.84.187.102 - - [27/Nov/2014:00:40:49 -0500] "GET /BLA/boletinlegal/js/jquery.js HTTP/1.1" 200 57254
186.84.187.102 - - [27/Nov/2014:00:40:49 -0500] "GET /BLA/boletinlegal/js/jquery.scrollTo-min.js HTTP/1.1" 200 1150
186.84.187.102 - - [27/Nov/2014:00:40:49 -0500] "GET /BLA/boletinlegal/js/jquery.scrollShow.js HTTP/1.1" 200 4586
66.249.65.115 - - [27/Nov/2014:00:40:57 -0500] "GET /BLA/resoluciones/AUTOS%202012/1287.pdf HTTP/1.1" 200 1956062
181.130.196.116 - - [27/Nov/2014:00:41:15 -0500] "GET /BLA/boletinlegal/js/jquery.js HTTP/1.1" 200 57254
181.130.196.116 - - [27/Nov/2014:00:41:15 -0500] "GET /BLA/boletinlegal/js/jquery.scrollTo-min.js HTTP/1.1" 200 1150
181.130.196.116 - - [27/Nov/2014:00:41:15 -0500] "GET /BLA/boletinlegal/js/jquery.scrollShow.js HTTP/1.1" 200 4586
66.249.65.115 - - [27/Nov/2014:00:41:42 -0500] "GET /BLA/resoluciones/AUTOS%202012/2202.pdf HTTP/1.1" 200 231859
66.249.65.123 - - [27/Nov/2014:00:41:47 -0500] "GET /BLA/resoluciones/RESOLUCIONES%202009/3014.pdf HTTP/1.1" 200 606630
186.119.228.13 - - [27/Nov/2014:00:42:07 -0500] "GET /BLA/boletinlegal/js/jquery.js HTTP/1.1" 200 57254
186.119.228.13 - - [27/Nov/2014:00:42:07 -0500] "GET /BLA/boletinlegal/js/jquery.scrollTo-min.js HTTP/1.1" 200 1150
186.119.228.13 - - [27/Nov/2014:00:42:07 -0500] "GET /BLA/boletinlegal/js/jquery.scrollShow.js HTTP/1.1" 200 4586
181.139.110.57 - - [27/Nov/2014:00:42:14 -0500] "GET /BLA/boletinlegal/js/jquery.js HTTP/1.1" 200 57254
181.139.110.57 - - [27/Nov/2014:00:42:14 -0500] "GET /BLA/boletinlegal/js/jquery.scrollTo-min.js HTTP/1.1" 200 1150
181.139.110.57 - - [27/Nov/2014:00:42:14 -0500] "GET /BLA/boletinlegal/js/jquery.scrollShow.js HTTP/1.1" 200 4586
66.249.65.119 - - [27/Nov/2014:00:42:18 -0500] "GET /BLA/resoluciones/index.php?dir=RESOLUCIONES+2003%2FRES+2003+401-450%2F HTTP/1.1" 200 11312
66.249.65.115 - - [27/Nov/2014:00:42:28 -0500] "GET /BLA/resoluciones/AUTOS%202012/2002.pdf HTTP/1.1" 200 320886
186.119.228.13 - - [27/Nov/2014:00:42:15 -0500] "GET /videos/CRRFFS.mp4 HTTP/1.1" 200 286784363
190.9.255.15 - - [27/Nov/2014:00:42:47 -0500] "GET /POT-2013/Cartografia/29_EDIFICABILIDAD.pdf HTTP/1.1" 200 3041378
190.9.255.15 - - [27/Nov/2014:00:42:49 -0500] "GET /POT-2013/Cartografia/29_EDIFICABILIDAD.pdf HTTP/1.1" 206 32768
190.9.255.15 - - [27/Nov/2014:00:42:51 -0500] "GET /POT-2013/Cartografia/29_EDIFICABILIDAD.pdf HTTP/1.1" 206 3008610
220.181.125.162 - - [27/Nov/2014:00:42:57 -0500] "GET /robots.txt HTTP/1.1" 404 1015
220.181.125.162 - - [27/Nov/2014:00:43:02 -0500] "GET /robots.txt HTTP/1.1" 404 1019
220.181.125.162 - - [27/Nov/2014:00:43:07 -0500] "GET / HTTP/1.1" 302 -
66.249.65.123 - - [27/Nov/2014:00:43:13 -0500] "GET /BLA/resoluciones/AUTOS%202012/0058.pdf HTTP/1.1" 200 286056
220.181.125.162 - - [27/Nov/2014:00:43:34 -0500] "GET / HTTP/1.1" 302 -
66.249.65.119 - - [27/Nov/2014:00:43:58 -0500] "GET /BLA/resoluciones/AUTOS%202012/0283.pdf HTTP/1.1" 200 605828
190.24.82.241 - - [27/Nov/2014:00:44:01 -0500] "GET /galeria/carrusel/Carrusel/jquery.thumbnailScroller.css HTTP/1.1" 200 2066
190.24.82.241 - - [27/Nov/2014:00:44:01 -0500] "GET /galeria/carrusel/Carrusel/jquery.thumbnailScroller.js HTTP/1.1" 200 8157
190.24.82.241 - - [27/Nov/2014:00:44:01 -0500] "GET /galeria/carrusel/Carrusel/jquery-ui-1.8.13.custom.min.js HTTP/1.1" 200 10800
190.24.82.241 - - [27/Nov/2014:00:44:02 -0500] "GET /galeria/nivo-slider/demo/demo.html HTTP/1.1" 200 3458
190.24.82.241 - - [27/Nov/2014:00:44:02 -0500] "GET /galeria/nivo-slider/themes/default/default.css HTTP/1.1" 200 1569
190.24.82.241 - - [27/Nov/2014:00:44:02 -0500] "GET /galeria/nivo-slider/themes/pascal/pascal.css HTTP/1.1" 200 2258
190.24.82.241 - - [27/Nov/2014:00:44:02 -0500] "GET /galeria/nivo-slider/themes/orman/orman.css HTTP/1.1" 200 2152
190.24.82.241 - - [27/Nov/2014:00:44:02 -0500] "GET /galeria/nivo-slider/nivo-slider.css HTTP/1.1" 200 1507
190.24.82.241 - - [27/Nov/2014:00:44:02 -0500] "GET /galeria/nivo-slider/demo/style.css HTTP/1.1" 200 2222
190.24.82.241 - - [27/Nov/2014:00:44:02 -0500] "GET /galeria/nivo-slider/demo/scripts/jquery-1.7.1.min.js HTTP/1.1" 200 93868
190.24.82.241 - - [27/Nov/2014:00:44:02 -0500] "GET /galeria/nivo-slider/jquery.nivo.slider.pack.js HTTP/1.1" 200 11561
190.24.82.241 - - [27/Nov/2014:00:44:02 -0500] "GET /galeria/nivo-slider/demo/images/Banner-GAE2.jpg HTTP/1.1" 200 148621
190.24.82.241 - - [27/Nov/2014:00:44:02 -0500] "GET /galeria/nivo-slider/demo/images/festivalBasura0.jpg HTTP/1.1" 200 96780
186.29.123.139 - - [27/Nov/2014:00:44:02 -0500] "GET /BLA/boletinlegal/js/jquery.js HTTP/1.1" 200 57254
186.29.123.139 - - [27/Nov/2014:00:44:02 -0500] "GET /BLA/boletinlegal/js/jquery.scrollTo-min.js HTTP/1.1" 200 1150
186.29.123.139 - - [27/Nov/2014:00:44:02 -0500] "GET /BLA/boletinlegal/js/jquery.scrollShow.js HTTP/1.1" 200 4586
190.24.82.241 - - [27/Nov/2014:00:44:03 -0500] "GET /galeria/nivo-slider/themes/default/loading.gif HTTP/1.1" 200 1737
190.24.82.241 - - [27/Nov/2014:00:44:03 -0500] "GET /galeria/nivo-slider/demo/images/4Simple_Slider.png HTTP/1.1" 200 11722
190.24.82.241 - - [27/Nov/2014:00:44:03 -0500] "GET /galeria/nivo-slider/demo/images/Banner-comparendo.jpg HTTP/1.1" 200 388762
190.24.82.241 - - [27/Nov/2014:00:44:03 -0500] "GET /galeria/nivo-slider/demo/images/banner-pygaai.jpg HTTP/1.1" 200 82693
190.24.82.241 - - [27/Nov/2014:00:44:03 -0500] "GET /galeria/nivo-slider/demo/images/Biotaxis-Man.jpg HTTP/1.1" 200 99362
190.24.82.241 - - [27/Nov/2014:00:44:03 -0500] "GET /galeria/nivo-slider/demo/images/porloshumedales.jpg HTTP/1.1" 200 351238
190.24.82.241 - - [27/Nov/2014:00:44:04 -0500] "GET /galeria/nivo-slider/demo/images/Tingua-azul.jpg HTTP/1.1" 200 307638
190.24.82.241 - - [27/Nov/2014:00:44:04 -0500] "GET /galeria/nivo-slider/demo/images/Banner-Caracol-Africano.jpg HTTP/1.1" 200 331986
190.24.82.241 - - [27/Nov/2014:00:44:05 -0500] "GET /galeria/nivo-slider/demo/images/banner-redes.jpg HTTP/1.1" 200 62209
190.24.82.241 - - [27/Nov/2014:00:44:06 -0500] "GET /galeria/nivo-slider/demo/images/9Signos.jpg HTTP/1.1" 200 93040
190.24.82.241 - - [27/Nov/2014:00:44:07 -0500] "GET /galeria/nivo-slider/demo/images/banner-caballos.png HTTP/1.1" 200 389106
66.249.65.115 - - [27/Nov/2014:00:44:07 -0500] "GET /resoluciones/RESOLUCIONES%202010/1086.pdf HTTP/1.1" 404 1018
66.249.65.115 - - [27/Nov/2014:00:44:36 -0500] "GET /BLA/resoluciones/RESOLUCIONES%202009/1783.pdf HTTP/1.1" 200 512515
66.249.65.119 - - [27/Nov/2014:00:44:44 -0500] "GET /BLA/resoluciones/AUTOS%202012/0968.pdf HTTP/1.1" 200 360621
190.9.255.15 - - [27/Nov/2014:00:44:48 -0500] "GET /favicon.ico HTTP/1.1" 200 7782
66.249.65.123 - - [27/Nov/2014:00:44:55 -0500] "GET /resoluciones/RESOLUCIONES%202009/1830.pdf HTTP/1.1" 404 1018
190.24.82.241 - - [27/Nov/2014:00:45:08 -0500] "GET /galeria/nivo-slider/demo/images/Banner-comparendo.jpg HTTP/1.1" 206 1
190.24.82.241 - - [27/Nov/2014:00:45:08 -0500] "GET /galeria/nivo-slider/demo/images/porloshumedales.jpg HTTP/1.1" 206 1
190.24.82.241 - - [27/Nov/2014:00:45:08 -0500] "GET /galeria/nivo-slider/demo/images/Tingua-azul.jpg HTTP/1.1" 206 1
190.24.82.241 - - [27/Nov/2014:00:45:08 -0500] "GET /galeria/nivo-slider/demo/images/Banner-Caracol-Africano.jpg HTTP/1.1" 206 1
190.24.82.241 - - [27/Nov/2014:00:45:08 -0500] "GET /galeria/nivo-slider/demo/images/9Signos.jpg HTTP/1.1" 200 93040
190.24.82.241 - - [27/Nov/2014:00:45:08 -0500] "GET /galeria/nivo-slider/demo/images/banner-caballos.png HTTP/1.1" 200 389106
190.24.82.241 - - [27/Nov/2014:00:45:08 -0500] "GET /galeria/nivo-slider/demo/images/Banner-comparendo.jpg HTTP/1.1" 206 347036
190.24.82.241 - - [27/Nov/2014:00:45:08 -0500] "GET /galeria/nivo-slider/demo/images/Banner-Caracol-Africano.jpg HTTP/1.1" 206 125060
190.24.82.241 - - [27/Nov/2014:00:45:08 -0500] "GET /galeria/nivo-slider/demo/images/Tingua-azul.jpg HTTP/1.1" 206 53112
190.24.82.241 - - [27/Nov/2014:00:45:08 -0500] "GET /galeria/nivo-slider/demo/images/porloshumedales.jpg HTTP/1.1" 206 47712
190.24.82.241 - - [27/Nov/2014:00:45:10 -0500] "GET /galeria/nivo-slider/demo/images/Hacienda_Molinos.jpg HTTP/1.1" 200 319171
190.24.82.241 - - [27/Nov/2014:00:45:10 -0500] "GET /galeria/nivo-slider/demo/images/bannerEcolecta3.jpg HTTP/1.1" 200 280034
201.245.192.253 - - [27/Nov/2014:00:45:20 -0500] "GET /fr/u.php?p=328546547221502&m=3514403376876266191&t=2592000 HTTP/1.1" 404 1482
186.112.52.11 - - [27/Nov/2014:00:45:25 -0500] "GET /BLA/boletinlegal/js/jquery.js HTTP/1.1" 200 57254
186.112.52.11 - - [27/Nov/2014:00:45:25 -0500] "GET /BLA/boletinlegal/js/jquery.scrollTo-min.js HTTP/1.1" 200 1150
186.112.52.11 - - [27/Nov/2014:00:45:25 -0500] "GET /BLA/boletinlegal/js/jquery.scrollShow.js HTTP/1.1" 200 4586
66.249.65.123 - - [27/Nov/2014:00:45:29 -0500] "GET /BLA/resoluciones/AUTOS%202012/1802.pdf HTTP/1.1" 200 444657
74.86.158.107 - - [27/Nov/2014:00:45:35 -0500] "HEAD / HTTP/1.1" 302 -
201.245.192.253 - - [27/Nov/2014:00:45:36 -0500] "GET /plugins/like.php?locale=es_ES&href=https%3A%2F%2Fwww.facebook.com%2FMSNColombia&send=false&layout=button_count&width=450&show_faces=false&font&colorscheme=light&action=like&height=21 HTTP/1.1" 404 1290
64.207.185.123 - - [27/Nov/2014:00:45:57 -0500] "GET /old/wp-admin/ HTTP/1.1" 404 1018
180.76.5.152 - - [27/Nov/2014:00:45:59 -0500] "GET /BLA/resoluciones/AUTOS%202011/5075.pdf HTTP/1.1" 200 554362
186.28.133.224 - - [27/Nov/2014:00:46:00 -0500] "GET /BLA/boletinlegal/js/jquery.scrollTo-min.js HTTP/1.1" 200 1150
186.28.133.224 - - [27/Nov/2014:00:46:00 -0500] "GET /BLA/boletinlegal/js/jquery.js HTTP/1.1" 200 57254
186.28.133.224 - - [27/Nov/2014:00:46:00 -0500] "GET /BLA/boletinlegal/js/jquery.scrollShow.js HTTP/1.1" 200 4586
66.249.65.123 - - [27/Nov/2014:00:46:02 -0500] "GET /BLA/resoluciones/RESOLUCIONES%202010/5194.pdf HTTP/1.1" 200 1357449
66.249.65.115 - - [27/Nov/2014:00:46:14 -0500] "GET /BLA/resoluciones/AUTOS%202012/0652.pdf HTTP/1.1" 200 456072
186.31.15.178 - - [27/Nov/2014:00:46:34 -0500] "GET /BLA/boletinlegal/js/jquery.js HTTP/1.1" 200 57254
186.31.15.178 - - [27/Nov/2014:00:46:34 -0500] "GET /BLA/boletinlegal/js/jquery.scrollTo-min.js HTTP/1.1" 200 1150
186.31.15.178 - - [27/Nov/2014:00:46:34 -0500] "GET /BLA/boletinlegal/js/jquery.scrollShow.js HTTP/1.1" 200 4586
66.249.65.119 - - [27/Nov/2014:00:46:36 -0500] "GET /BLA/resoluciones/AUTOS%202006/AUTOS%202006%201801-%201900/00001841.tif HTTP/1.1" 200 68086
66.249.65.119 - - [27/Nov/2014:00:46:59 -0500] "GET /BLA/resoluciones/AUTOS%202012/0720.pdf HTTP/1.1" 200 262092
186.80.71.32 - - [27/Nov/2014:00:47:09 -0500] "GET /BLA/boletinlegal/consulta_actos.php?tipo=resoluciones&no=&usuario=altamar&sector=&fecha=2008&resuelve= HTTP/1.1" 200 623
186.80.71.32 - - [27/Nov/2014:00:47:13 -0500] "GET /BLA/boletinlegal/consulta_actos.php?tipo=resoluciones&no=&usuario=altamar&sector=&fecha=2009&resuelve= HTTP/1.1" 200 1026
186.80.71.32 - - [27/Nov/2014:00:47:19 -0500] "GET /BLA/boletinlegal/consulta_actos.php?tipo=resoluciones&no=&usuario=altamar&sector=&fecha=2010&resuelve= HTTP/1.1" 200 623
186.80.71.32 - - [27/Nov/2014:00:47:22 -0500] "GET /BLA/boletinlegal/consulta_actos.php?tipo=resoluciones&no=&usuario=altamar&sector=&fecha=2011&resuelve= HTTP/1.1" 200 623
186.80.71.32 - - [27/Nov/2014:00:47:26 -0500] "GET /BLA/boletinlegal/consulta_actos.php?tipo=resoluciones&no=&usuario=altamar&sector=&fecha=2012&resuelve= HTTP/1.1" 200 623
66.249.65.123 - - [27/Nov/2014:00:47:27 -0500] "GET /POT-2013/index.php?dir=SEGUIMIENTO%2F HTTP/1.1" 200 2147
186.80.71.32 - - [27/Nov/2014:00:47:31 -0500] "GET /BLA/boletinlegal/consulta_actos.php?tipo=resoluciones&no=&usuario=altamar&sector=&fecha=2013&resuelve= HTTP/1.1" 200 623
66.249.65.115 - - [27/Nov/2014:00:47:34 -0500] "GET /BLA/resoluciones/RESOLUCIONES%202003/RES%202003%20101-150/2003RES133.tif HTTP/1.1" 200 178916
186.80.71.32 - - [27/Nov/2014:00:47:34 -0500] "GET /BLA/boletinlegal/consulta_actos.php?tipo=resoluciones&no=&usuario=altamar&sector=&fecha=2014&resuelve= HTTP/1.1" 200 623
66.249.65.115 - - [27/Nov/2014:00:47:45 -0500] "GET /BLA/resoluciones/AUTOS%202012/2356.pdf HTTP/1.1" 200 260991
186.113.134.129 - - [27/Nov/2014:00:47:47 -0500] "GET /BLA/boletinlegal/js/jquery.js HTTP/1.1" 200 57254
186.113.134.129 - - [27/Nov/2014:00:47:47 -0500] "GET /BLA/boletinlegal/js/jquery.scrollTo-min.js HTTP/1.1" 200 1150
186.113.134.129 - - [27/Nov/2014:00:47:47 -0500] "GET /BLA/boletinlegal/js/jquery.scrollShow.js HTTP/1.1" 200 4586
201.245.192.253 - - [27/Nov/2014:00:47:51 -0500] "GET /embed/M2EAa9ijDpI HTTP/1.1" 404 1271
66.249.65.119 - - [27/Nov/2014:00:48:30 -0500] "GET /BLA/resoluciones/AUTOS%202012/0448.pdf HTTP/1.1" 200 230962
190.9.80.239 - - [27/Nov/2014:00:48:45 -0500] "GET /BLA/boletinlegal/js/jquery.scrollShow.js HTTP/1.1" 200 4586
190.9.80.239 - - [27/Nov/2014:00:48:45 -0500] "GET /BLA/boletinlegal/js/jquery.js HTTP/1.1" 200 57254
190.9.80.239 - - [27/Nov/2014:00:48:45 -0500] "GET /BLA/boletinlegal/js/jquery.scrollTo-min.js HTTP/1.1" 200 1150
190.158.129.50 - - [27/Nov/2014:00:48:46 -0500] "GET /BLA/resoluciones/RESOLUCIONES%202007/RES%202007%20201%20AL%20300/RESOLUCION%200273%20DE%202007.pdf HTTP/1.1" 200 309577
66.249.65.115 - - [27/Nov/2014:00:48:53 -0500] "GET /BLA/resoluciones/AUTOS%202007/2144.pdf HTTP/1.1" 200 71073
190.158.129.50 - - [27/Nov/2014:00:48:55 -0500] "GET /BLA/resoluciones/RESOLUCIONES%202007/RES%202007%20201%20AL%20300/RESOLUCION%200273%20DE%202007.pdf HTTP/1.1" 200 309577
190.158.129.50 - - [27/Nov/2014:00:48:57 -0500] "GET /BLA/resoluciones/RESOLUCIONES%202007/RES%202007%20201%20AL%20300/RESOLUCION%200273%20DE%202007.pdf HTTP/1.1" 200 309577
66.249.65.115 - - [27/Nov/2014:00:49:15 -0500] "GET /BLA/resoluciones/AUTOS%202012/2212.pdf HTTP/1.1" 200 325790
201.245.192.253 - - [27/Nov/2014:00:49:59 -0500] "GET /embed/M2EAa9ijDpI HTTP/1.1" 404 1271
66.249.65.119 - - [27/Nov/2014:00:50:01 -0500] "GET /BLA/resoluciones/AUTOS%202012/1929.pdf HTTP/1.1" 200 362603
190.68.48.99 - - [27/Nov/2014:00:50:04 -0500] "GET /BLA/boletinlegal/js/jquery.js HTTP/1.1" 200 57254
190.68.48.99 - - [27/Nov/2014:00:50:04 -0500] "GET /BLA/boletinlegal/js/jquery.scrollTo-min.js HTTP/1.1" 200 1150
190.68.48.99 - - [27/Nov/2014:00:50:04 -0500] "GET /BLA/boletinlegal/js/jquery.scrollShow.js HTTP/1.1" 200 4586
189.163.254.21 - - [27/Nov/2014:00:50:09 -0500] "GET /BLA/boletinlegal/js/jquery.scrollTo-min.js HTTP/1.1" 200 1150
189.163.254.21 - - [27/Nov/2014:00:50:09 -0500] "GET /BLA/boletinlegal/js/jquery.scrollShow.js HTTP/1.1" 200 4586
189.163.254.21 - - [27/Nov/2014:00:50:09 -0500] "GET /BLA/boletinlegal/js/jquery.js HTTP/1.1" 200 57254
189.163.254.21 - - [27/Nov/2014:00:50:11 -0500] "GET /hidrico/aguas%20subterraneas/ HTTP/1.1" 404 1296
66.249.65.115 - - [27/Nov/2014:00:50:18 -0500] "GET /BLA/resoluciones/RESOLUCIONES%202010/3007.pdf HTTP/1.1" 200 51774
186.80.71.32 - - [27/Nov/2014:00:50:21 -0500] "GET /BLA/boletinlegal/consulta_actos.php?tipo=resoluciones&no=&usuario=exito%20colina&sector=&fecha=2014&resuelve= HTTP/1.1" 200 623
181.55.172.123 - - [27/Nov/2014:00:50:24 -0500] "GET /BLA/boletinlegal/js/jquery.js HTTP/1.1" 200 57254
181.55.172.123 - - [27/Nov/2014:00:50:24 -0500] "GET /BLA/boletinlegal/js/jquery.scrollTo-min.js HTTP/1.1" 200 1150
181.55.172.123 - - [27/Nov/2014:00:50:24 -0500] "GET /BLA/boletinlegal/js/jquery.scrollShow.js HTTP/1.1" 200 4586
186.80.71.32 - - [27/Nov/2014:00:50:24 -0500] "GET /BLA/boletinlegal/consulta_actos.php?tipo=resoluciones&no=&usuario=exito%20colina&sector=&fecha=2013&resuelve= HTTP/1.1" 200 623
181.55.172.123 - - [27/Nov/2014:00:50:27 -0500] "GET /galeria/carrusel/Carrusel/jquery.thumbnailScroller.css HTTP/1.1" 200 2066
181.55.172.123 - - [27/Nov/2014:00:50:27 -0500] "GET /BLA/boletinlegal/js/jquery.js HTTP/1.1" 200 57254
181.55.172.123 - - [27/Nov/2014:00:50:27 -0500] "GET /BLA/boletinlegal/js/jquery.scrollTo-min.js HTTP/1.1" 200 1150
181.55.172.123 - - [27/Nov/2014:00:50:27 -0500] "GET /BLA/boletinlegal/js/jquery.scrollShow.js HTTP/1.1" 200 4586
181.55.172.123 - - [27/Nov/2014:00:50:27 -0500] "GET /galeria/carrusel/Carrusel/jquery-ui-1.8.13.custom.min.js HTTP/1.1" 200 10800
186.80.71.32 - - [27/Nov/2014:00:50:28 -0500] "GET /BLA/boletinlegal/consulta_actos.php?tipo=resoluciones&no=&usuario=exito%20colina&sector=&fecha=2012&resuelve= HTTP/1.1" 200 623
181.55.172.123 - - [27/Nov/2014:00:50:28 -0500] "GET /galeria/carrusel/Carrusel/jquery.thumbnailScroller.js HTTP/1.1" 200 8157
181.55.172.123 - - [27/Nov/2014:00:50:29 -0500] "GET /galeria/nivo-slider/demo/demo.html HTTP/1.1" 200 3458
181.55.172.123 - - [27/Nov/2014:00:50:29 -0500] "GET /galeria/nivo-slider/themes/default/default.css HTTP/1.1" 200 1569
181.55.172.123 - - [27/Nov/2014:00:50:30 -0500] "GET /galeria/nivo-slider/themes/pascal/pascal.css HTTP/1.1" 200 2258
181.55.172.123 - - [27/Nov/2014:00:50:30 -0500] "GET /galeria/nivo-slider/themes/orman/orman.css HTTP/1.1" 200 2152
181.55.172.123 - - [27/Nov/2014:00:50:30 -0500] "GET /galeria/nivo-slider/nivo-slider.css HTTP/1.1" 200 1507
181.55.172.123 - - [27/Nov/2014:00:50:30 -0500] "GET /galeria/nivo-slider/demo/style.css HTTP/1.1" 200 2222
181.55.172.123 - - [27/Nov/2014:00:50:30 -0500] "GET /galeria/nivo-slider/demo/scripts/jquery-1.7.1.min.js HTTP/1.1" 200 93868
181.55.172.123 - - [27/Nov/2014:00:50:30 -0500] "GET /galeria/nivo-slider/jquery.nivo.slider.pack.js HTTP/1.1" 200 11561
181.55.172.123 - - [27/Nov/2014:00:50:30 -0500] "GET /galeria/nivo-slider/demo/images/Banner-GAE2.jpg HTTP/1.1" 200 148621
181.55.172.123 - - [27/Nov/2014:00:50:30 -0500] "GET /galeria/nivo-slider/demo/images/festivalBasura0.jpg HTTP/1.1" 200 96780
181.55.172.123 - - [27/Nov/2014:00:50:30 -0500] "GET /galeria/nivo-slider/demo/images/Banner-comparendo.jpg HTTP/1.1" 200 388762
181.55.172.123 - - [27/Nov/2014:00:50:30 -0500] "GET /galeria/nivo-slider/demo/images/banner-pygaai.jpg HTTP/1.1" 200 82693
181.55.172.123 - - [27/Nov/2014:00:50:30 -0500] "GET /galeria/nivo-slider/demo/images/Biotaxis-Man.jpg HTTP/1.1" 200 99362
181.55.172.123 - - [27/Nov/2014:00:50:30 -0500] "GET /galeria/nivo-slider/demo/images/porloshumedales.jpg HTTP/1.1" 200 351238
181.55.172.123 - - [27/Nov/2014:00:50:31 -0500] "GET /galeria/nivo-slider/demo/images/Tingua-azul.jpg HTTP/1.1" 200 307638
181.55.172.123 - - [27/Nov/2014:00:50:31 -0500] "GET /galeria/nivo-slider/demo/images/Banner-Caracol-Africano.jpg HTTP/1.1" 200 331986
181.55.172.123 - - [27/Nov/2014:00:50:31 -0500] "GET /galeria/nivo-slider/demo/images/banner-redes.jpg HTTP/1.1" 200 62209
181.55.172.123 - - [27/Nov/2014:00:50:31 -0500] "GET /galeria/nivo-slider/demo/images/9Signos.jpg HTTP/1.1" 200 93040
186.80.71.32 - - [27/Nov/2014:00:50:32 -0500] "GET /BLA/boletinlegal/consulta_actos.php?tipo=resoluciones&no=&usuario=exito%20colina&sector=&fecha=2011&resuelve= HTTP/1.1" 200 623
181.55.172.123 - - [27/Nov/2014:00:50:32 -0500] "GET /galeria/nivo-slider/demo/images/banner-caballos.png HTTP/1.1" 200 389106
181.55.172.123 - - [27/Nov/2014:00:50:32 -0500] "GET /galeria/nivo-slider/demo/images/Hacienda_Molinos.jpg HTTP/1.1" 200 319171
181.55.172.123 - - [27/Nov/2014:00:50:33 -0500] "GET /galeria/nivo-slider/demo/images/bannerEcolecta3.jpg HTTP/1.1" 200 280034
181.55.172.123 - - [27/Nov/2014:00:50:34 -0500] "GET /galeria/nivo-slider/demo/images/4Simple_Slider.png HTTP/1.1" 200 11722
181.55.172.123 - - [27/Nov/2014:00:50:34 -0500] "GET /galeria/nivo-slider/themes/default/loading.gif HTTP/1.1" 200 1737
74.86.158.107 - - [27/Nov/2014:00:50:35 -0500] "HEAD / HTTP/1.1" 302 -
186.80.71.32 - - [27/Nov/2014:00:50:35 -0500] "GET /BLA/boletinlegal/consulta_actos.php?tipo=resoluciones&no=&usuario=exito%20colina&sector=&fecha=2010&resuelve= HTTP/1.1" 200 623
181.55.172.123 - - [27/Nov/2014:00:50:36 -0500] "GET /galeria/nivo-slider/themes/default/arrows.png HTTP/1.1" 200 824
181.55.172.123 - - [27/Nov/2014:00:50:36 -0500] "GET /galeria/nivo-slider/themes/default/bullets.png HTTP/1.1" 200 1281
186.80.71.32 - - [27/Nov/2014:00:50:40 -0500] "GET /BLA/boletinlegal/consulta_actos.php?tipo=resoluciones&no=&usuario=exito%20colina&sector=&fecha=2009&resuelve= HTTP/1.1" 200 623
186.80.71.32 - - [27/Nov/2014:00:50:43 -0500] "GET /BLA/boletinlegal/consulta_actos.php?tipo=resoluciones&no=&usuario=exito%20colina&sector=&fecha=2008&resuelve= HTTP/1.1" 200 623
66.249.65.119 - - [27/Nov/2014:00:50:46 -0500] "GET /BLA/resoluciones/AUTOS%202012/2141.pdf HTTP/1.1" 200 746056
200.89.250.212 - - [27/Nov/2014:00:51:00 -0500] "GET /BLA/resoluciones/ HTTP/1.1" 200 6952
200.89.250.212 - - [27/Nov/2014:00:51:00 -0500] "GET /BLA/resoluciones/dlf/styles.css HTTP/1.1" 200 3049
200.89.250.212 - - [27/Nov/2014:00:51:00 -0500] "GET /BLA/resoluciones/dlf/folder.png HTTP/1.1" 200 410
200.89.250.212 - - [27/Nov/2014:00:51:00 -0500] "GET /BLA/resoluciones/dlf/bg.gif HTTP/1.1" 200 54
190.143.27.167 - - [27/Nov/2014:00:51:02 -0500] "GET /BLA/boletinlegal/js/jquery.js HTTP/1.1" 200 57254
190.143.27.167 - - [27/Nov/2014:00:51:02 -0500] "GET /BLA/boletinlegal/js/jquery.scrollShow.js HTTP/1.1" 200 4586
190.143.27.167 - - [27/Nov/2014:00:51:02 -0500] "GET /BLA/boletinlegal/js/jquery.scrollTo-min.js HTTP/1.1" 200 1150
200.89.250.212 - - [27/Nov/2014:00:51:15 -0500] "GET /BLA/resoluciones/dlf/dirup.png HTTP/1.1" 200 644
200.89.250.212 - - [27/Nov/2014:00:51:15 -0500] "GET /BLA/resoluciones/dlf/pdf.gif HTTP/1.1" 200 272
200.89.250.212 - - [27/Nov/2014:00:51:13 -0500] "GET /BLA/resoluciones/index.php?dir=RESOLUCIONES+2009%2F HTTP/1.1" 200 1672912
66.249.65.115 - - [27/Nov/2014:00:51:31 -0500] "GET /BLA/resoluciones/AUTOS%202012/1497.pdf HTTP/1.1" 200 527435
200.89.250.212 - - [27/Nov/2014:00:51:35 -0500] "GET /BLA/resoluciones/RESOLUCIONES%202009/7586.pdf HTTP/1.1" 200 495815
200.89.250.212 - - [27/Nov/2014:00:51:36 -0500] "GET /BLA/resoluciones/RESOLUCIONES%202009/7586.pdf HTTP/1.1" 206 32768
200.89.250.212 - - [27/Nov/2014:00:51:36 -0500] "GET /BLA/resoluciones/RESOLUCIONES%202009/7586.pdf HTTP/1.1" 206 463047
200.89.250.212 - - [27/Nov/2014:00:51:42 -0500] "GET /BLA/resoluciones/ HTTP/1.1" 200 6952
66.249.65.115 - - [27/Nov/2014:00:51:45 -0500] "GET /BLA/resoluciones/RESOLUCIONES%202009/4727.pdf HTTP/1.1" 200 885445
66.249.65.123 - - [27/Nov/2014:00:51:52 -0500] "GET /resoluciones/RESOLUCIONES%202008/3098.pdf HTTP/1.1" 404 1018
66.249.65.119 - - [27/Nov/2014:00:51:56 -0500] "GET /BLA/resoluciones/RESOLUCIONES%202009/2769.pdf HTTP/1.1" 200 496552
200.89.250.212 - - [27/Nov/2014:00:51:49 -0500] "GET /BLA/resoluciones/index.php?dir=RESOLUCIONES+2009%2F HTTP/1.1" 200 1672912
66.249.65.119 - - [27/Nov/2014:00:52:16 -0500] "GET /BLA/resoluciones/AUTOS%202012/0707.pdf HTTP/1.1" 200 209819
74.90.226.10 - - [27/Nov/2014:00:52:21 -0500] "GET /BLA/boletinlegal/js/jquery.js HTTP/1.1" 200 57254
74.90.226.10 - - [27/Nov/2014:00:52:21 -0500] "GET /BLA/boletinlegal/js/jquery.scrollShow.js HTTP/1.1" 200 4586
74.90.226.10 - - [27/Nov/2014:00:52:21 -0500] "GET /BLA/boletinlegal/js/jquery.scrollTo-min.js HTTP/1.1" 200 1150
186.31.103.101 - - [27/Nov/2014:00:52:24 -0500] "GET /BLA/boletinlegal/js/jquery.js HTTP/1.1" 200 57254
186.31.103.101 - - [27/Nov/2014:00:52:24 -0500] "GET /BLA/boletinlegal/js/jquery.scrollTo-min.js HTTP/1.1" 200 1150
186.31.103.101 - - [27/Nov/2014:00:52:24 -0500] "GET /BLA/boletinlegal/js/jquery.scrollShow.js HTTP/1.1" 200 4586
200.89.250.212 - - [27/Nov/2014:00:52:25 -0500] "GET /BLA/resoluciones/RESOLUCIONES%202009/7486.pdf HTTP/1.1" 200 417038
200.89.250.212 - - [27/Nov/2014:00:52:25 -0500] "GET /BLA/resoluciones/RESOLUCIONES%202009/7486.pdf HTTP/1.1" 206 32768
200.89.250.212 - - [27/Nov/2014:00:52:25 -0500] "GET /BLA/resoluciones/RESOLUCIONES%202009/7486.pdf HTTP/1.1" 206 384270
190.255.234.114 - - [27/Nov/2014:00:52:35 -0500] "GET /BLA/boletinlegal/js/jquery.js HTTP/1.1" 200 57254
190.255.234.114 - - [27/Nov/2014:00:52:35 -0500] "GET /BLA/boletinlegal/js/jquery.scrollTo-min.js HTTP/1.1" 200 1150
190.255.234.114 - - [27/Nov/2014:00:52:35 -0500] "GET /BLA/boletinlegal/js/jquery.scrollShow.js HTTP/1.1" 200 4586
180.76.6.142 - - [27/Nov/2014:00:52:39 -0500] "GET /BLA/resoluciones/RESOLUCIONES%202008/1851.pdf HTTP/1.1" 200 253556
190.26.158.125 - - [27/Nov/2014:00:52:48 -0500] "GET /BLA/boletinlegal/js/jquery.js HTTP/1.1" 200 57254
190.26.158.125 - - [27/Nov/2014:00:52:48 -0500] "GET /BLA/boletinlegal/js/jquery.scrollTo-min.js HTTP/1.1" 200 1150
190.26.158.125 - - [27/Nov/2014:00:52:48 -0500] "GET /BLA/boletinlegal/js/jquery.scrollShow.js HTTP/1.1" 200 4586
66.249.65.115 - - [27/Nov/2014:00:53:02 -0500] "GET /BLA/resoluciones/RESOLUCIONES%202007/RES%202007%202601%20AL%202700/RESOLUCION%202643%20DE%202007.pdf HTTP/1.1" 200 903401
66.249.65.123 - - [27/Nov/2014:00:53:10 -0500] "GET /BLA/resoluciones/RESOLUCIONES%202010/3675.pdf HTTP/1.1" 200 556110
180.76.5.223 - - [27/Nov/2014:00:53:27 -0500] "GET /BLA/resoluciones/RESOLUCIONES%202008/2233.pdf HTTP/1.1" 200 210331
66.249.65.123 - - [27/Nov/2014:00:53:34 -0500] "GET /resoluciones/AUTOS%202007/3138.pdf HTTP/1.1" 404 1018
66.249.65.119 - - [27/Nov/2014:00:53:47 -0500] "GET /BLA/resoluciones/AUTOS%202012/0674.pdf HTTP/1.1" 200 317299
180.76.6.66 - - [27/Nov/2014:00:54:14 -0500] "GET /BLA/resoluciones/RESOLUCIONES%202013/1039.pdf HTTP/1.1" 200 2529068
66.249.65.115 - - [27/Nov/2014:00:54:32 -0500] "GET /BLA/resoluciones/AUTOS%202012/1811.pdf HTTP/1.1" 200 552860
66.249.65.115 - - [27/Nov/2014:00:54:35 -0500] "GET /BLA/resoluciones/RESOLUCIONES%202007/RES%202007%201201%20AL%201300/RESOLUCION%201286%20DE%202007.pdf HTTP/1.1" 304 -
66.249.65.123 - - [27/Nov/2014:00:55:18 -0500] "GET /BLA/resoluciones/RESOLUCIONES%202008/0411.pdf HTTP/1.1" 304 -
74.86.158.107 - - [27/Nov/2014:00:55:34 -0500] "HEAD / HTTP/1.1" 302 -
181.60.140.13 - - [27/Nov/2014:00:55:35 -0500] "GET /BLA/boletinlegal/js/jquery.js HTTP/1.1" 200 57254
181.60.140.13 - - [27/Nov/2014:00:55:35 -0500] "GET /BLA/boletinlegal/js/jquery.scrollTo-min.js HTTP/1.1" 200 1150
181.60.140.13 - - [27/Nov/2014:00:55:35 -0500] "GET /BLA/boletinlegal/js/jquery.scrollShow.js HTTP/1.1" 200 4586
66.249.65.115 - - [27/Nov/2014:00:56:01 -0500] "GET /BLA/resoluciones/RESOLUCIONES%202008/0227.pdf HTTP/1.1" 200 281834
66.249.65.115 - - [27/Nov/2014:00:56:03 -0500] "GET /BLA/resoluciones/AUTOS%202012/1078.pdf HTTP/1.1" 200 248319
66.249.65.123 - - [27/Nov/2014:00:56:48 -0500] "GET /BLA/resoluciones/AUTOS%202012/2261.pdf HTTP/1.1" 200 399931
66.249.65.123 - - [27/Nov/2014:00:57:14 -0500] "GET /resoluciones/RESOLUCIONES%202008/4930.pdf HTTP/1.1" 404 1018
66.249.65.123 - - [27/Nov/2014:00:57:26 -0500] "GET /BLA/resoluciones/RESOLUCIONES%202009/1906.pdf HTTP/1.1" 200 800587
66.249.65.119 - - [27/Nov/2014:00:57:28 -0500] "GET /BLA/resoluciones/RESOLUCIONES%202007/RES%202007%203901%20AL%204000/RESOLUCION%203945%20DE%202007.pdf HTTP/1.1" 200 748860
66.249.65.119 - - [27/Nov/2014:00:57:33 -0500] "GET /BLA/resoluciones/AUTOS%202012/2001.pdf HTTP/1.1" 200 300759
189.163.254.21 - - [27/Nov/2014:00:57:48 -0500] "GET /hidrico/aguas%20subterraneas/ HTTP/1.1" 404 1296
66.249.65.123 - - [27/Nov/2014:00:58:19 -0500] "GET /BLA/resoluciones/AUTOS%202012/1411.pdf HTTP/1.1" 200 250233
190.68.181.7 - - [27/Nov/2014:00:58:28 -0500] "GET /galeria/nivo-slider/demo/demo.html HTTP/1.1" 304 -
190.68.181.7 - - [27/Nov/2014:00:58:28 -0500] "GET /galeria/nivo-slider/demo/images/Banner-GAE2.jpg HTTP/1.1" 304 -
190.68.181.7 - - [27/Nov/2014:00:58:28 -0500] "GET /galeria/nivo-slider/demo/images/Banner-comparendo.jpg HTTP/1.1" 304 -
190.68.181.7 - - [27/Nov/2014:00:58:28 -0500] "GET /galeria/nivo-slider/demo/images/festivalBasura0.jpg HTTP/1.1" 304 -
66.249.65.115 - - [27/Nov/2014:00:58:52 -0500] "GET /BLA/resoluciones/Notificaciones/AUTOS%202013/0615.doc HTTP/1.1" 200 239616
66.249.65.119 - - [27/Nov/2014:00:59:04 -0500] "GET /BLA/resoluciones/RESOLUCIONES%202009/8650.pdf HTTP/1.1" 304 -
66.249.65.123 - - [27/Nov/2014:00:59:49 -0500] "GET /BLA/resoluciones/AUTOS%202012/0504.pdf HTTP/1.1" 200 505614
190.68.17.165 - - [27/Nov/2014:01:00:01 -0500] "GET /BLA/boletinlegal/js/jquery.js HTTP/1.1" 200 57254
190.68.17.165 - - [27/Nov/2014:01:00:01 -0500] "GET /BLA/boletinlegal/js/jquery.scrollTo-min.js HTTP/1.1" 200 1150
190.68.17.165 - - [27/Nov/2014:01:00:01 -0500] "GET /BLA/boletinlegal/js/jquery.scrollShow.js HTTP/1.1" 200 4586
66.249.65.115 - - [27/Nov/2014:01:00:18 -0500] "GET /BLA/resoluciones/RESOLUCIONES%202008/4798.pdf HTTP/1.1" 200 848592
180.76.5.144 - - [27/Nov/2014:01:00:32 -0500] "GET /BLA/resoluciones/RESOLUCIONES%202010/0365.pdf HTTP/1.1" 200 743872
66.249.65.123 - - [27/Nov/2014:01:00:34 -0500] "GET /BLA/resoluciones/AUTOS%202012/0872.pdf HTTP/1.1" 200 485964
74.86.158.107 - - [27/Nov/2014:01:00:35 -0500] "HEAD / HTTP/1.1" 302 -
