190.66.125.218 - - [27/Nov/2014:06:23:54 -0500] "POST /forms/lservlet;jsessionid=ac16012b30d5ae9fea6c97af46a3be41deca26eb8a54.e3iSbxaKaheRe34Sa3yKbhiTahb0n6jAmljGr5XDqQLvpAe HTTP/1.1" 200 1081
190.66.125.218 - - [27/Nov/2014:06:23:54 -0500] "POST /forms/lservlet;jsessionid=ac16012b30d5ae9fea6c97af46a3be41deca26eb8a54.e3iSbxaKaheRe34Sa3yKbhiTahb0n6jAmljGr5XDqQLvpAe HTTP/1.1" 200 1108
190.66.125.218 - - [27/Nov/2014:06:23:54 -0500] "POST /forms/lservlet;jsessionid=ac16012b30d5ae9fea6c97af46a3be41deca26eb8a54.e3iSbxaKaheRe34Sa3yKbhiTahb0n6jAmljGr5XDqQLvpAe HTTP/1.1" 200 1123
190.66.125.218 - - [27/Nov/2014:06:23:54 -0500] "POST /forms/lservlet;jsessionid=ac16012b30d5ae9fea6c97af46a3be41deca26eb8a54.e3iSbxaKaheRe34Sa3yKbhiTahb0n6jAmljGr5XDqQLvpAe HTTP/1.1" 200 1142
190.66.125.218 - - [27/Nov/2014:06:23:54 -0500] "POST /forms/lservlet;jsessionid=ac16012b30d5ae9fea6c97af46a3be41deca26eb8a54.e3iSbxaKaheRe34Sa3yKbhiTahb0n6jAmljGr5XDqQLvpAe HTTP/1.1" 200 400
190.66.125.218 - - [27/Nov/2014:06:23:54 -0500] "POST /forms/lservlet;jsessionid=ac16012b30d5ae9fea6c97af46a3be41deca26eb8a54.e3iSbxaKaheRe34Sa3yKbhiTahb0n6jAmljGr5XDqQLvpAe HTTP/1.1" 200 383
66.249.65.123 - - [27/Nov/2014:06:23:54 -0500] "GET /BLA/resoluciones/AUTOS%202012/1397.pdf HTTP/1.1" 200 280860
190.66.125.218 - - [27/Nov/2014:06:23:54 -0500] "POST /forms/lservlet;jsessionid=ac16012b30d5ae9fea6c97af46a3be41deca26eb8a54.e3iSbxaKaheRe34Sa3yKbhiTahb0n6jAmljGr5XDqQLvpAe HTTP/1.1" 200 1139
190.66.125.218 - - [27/Nov/2014:06:23:54 -0500] "POST /forms/lservlet;jsessionid=ac16012b30d5ae9fea6c97af46a3be41deca26eb8a54.e3iSbxaKaheRe34Sa3yKbhiTahb0n6jAmljGr5XDqQLvpAe HTTP/1.1" 200 1121
190.66.125.218 - - [27/Nov/2014:06:23:54 -0500] "POST /forms/lservlet;jsessionid=ac16012b30d5ae9fea6c97af46a3be41deca26eb8a54.e3iSbxaKaheRe34Sa3yKbhiTahb0n6jAmljGr5XDqQLvpAe HTTP/1.1" 200 1105
190.66.125.218 - - [27/Nov/2014:06:23:54 -0500] "POST /forms/lservlet;jsessionid=ac16012b30d5ae9fea6c97af46a3be41deca26eb8a54.e3iSbxaKaheRe34Sa3yKbhiTahb0n6jAmljGr5XDqQLvpAe HTTP/1.1" 200 1107
190.66.125.218 - - [27/Nov/2014:06:23:55 -0500] "POST /forms/lservlet;jsessionid=ac16012b30d5ae9fea6c97af46a3be41deca26eb8a54.e3iSbxaKaheRe34Sa3yKbhiTahb0n6jAmljGr5XDqQLvpAe HTTP/1.1" 200 1129
190.66.125.218 - - [27/Nov/2014:06:23:55 -0500] "POST /forms/lservlet;jsessionid=ac16012b30d5ae9fea6c97af46a3be41deca26eb8a54.e3iSbxaKaheRe34Sa3yKbhiTahb0n6jAmljGr5XDqQLvpAe HTTP/1.1" 200 1121
190.66.125.218 - - [27/Nov/2014:06:23:55 -0500] "POST /forms/lservlet;jsessionid=ac16012b30d5ae9fea6c97af46a3be41deca26eb8a54.e3iSbxaKaheRe34Sa3yKbhiTahb0n6jAmljGr5XDqQLvpAe HTTP/1.1" 200 1123
190.66.125.218 - - [27/Nov/2014:06:23:55 -0500] "POST /forms/lservlet;jsessionid=ac16012b30d5ae9fea6c97af46a3be41deca26eb8a54.e3iSbxaKaheRe34Sa3yKbhiTahb0n6jAmljGr5XDqQLvpAe HTTP/1.1" 200 1118
190.66.125.218 - - [27/Nov/2014:06:23:55 -0500] "POST /forms/lservlet;jsessionid=ac16012b30d5ae9fea6c97af46a3be41deca26eb8a54.e3iSbxaKaheRe34Sa3yKbhiTahb0n6jAmljGr5XDqQLvpAe HTTP/1.1" 200 1121
190.66.125.218 - - [27/Nov/2014:06:23:55 -0500] "POST /forms/lservlet;jsessionid=ac16012b30d5ae9fea6c97af46a3be41deca26eb8a54.e3iSbxaKaheRe34Sa3yKbhiTahb0n6jAmljGr5XDqQLvpAe HTTP/1.1" 200 1170
190.66.125.218 - - [27/Nov/2014:06:23:55 -0500] "POST /forms/lservlet;jsessionid=ac16012b30d5ae9fea6c97af46a3be41deca26eb8a54.e3iSbxaKaheRe34Sa3yKbhiTahb0n6jAmljGr5XDqQLvpAe HTTP/1.1" 200 1157
190.66.125.218 - - [27/Nov/2014:06:23:55 -0500] "POST /forms/lservlet;jsessionid=ac16012b30d5ae9fea6c97af46a3be41deca26eb8a54.e3iSbxaKaheRe34Sa3yKbhiTahb0n6jAmljGr5XDqQLvpAe HTTP/1.1" 200 1131
190.66.125.218 - - [27/Nov/2014:06:23:55 -0500] "POST /forms/lservlet;jsessionid=ac16012b30d5ae9fea6c97af46a3be41deca26eb8a54.e3iSbxaKaheRe34Sa3yKbhiTahb0n6jAmljGr5XDqQLvpAe HTTP/1.1" 200 1113
190.66.125.218 - - [27/Nov/2014:06:23:55 -0500] "POST /forms/lservlet;jsessionid=ac16012b30d5ae9fea6c97af46a3be41deca26eb8a54.e3iSbxaKaheRe34Sa3yKbhiTahb0n6jAmljGr5XDqQLvpAe HTTP/1.1" 200 1097
190.66.125.218 - - [27/Nov/2014:06:23:55 -0500] "POST /forms/lservlet;jsessionid=ac16012b30d5ae9fea6c97af46a3be41deca26eb8a54.e3iSbxaKaheRe34Sa3yKbhiTahb0n6jAmljGr5XDqQLvpAe HTTP/1.1" 200 1085
190.66.125.218 - - [27/Nov/2014:06:23:56 -0500] "POST /forms/lservlet;jsessionid=ac16012b30d5ae9fea6c97af46a3be41deca26eb8a54.e3iSbxaKaheRe34Sa3yKbhiTahb0n6jAmljGr5XDqQLvpAe HTTP/1.1" 200 1109
190.66.125.218 - - [27/Nov/2014:06:23:56 -0500] "POST /forms/lservlet;jsessionid=ac16012b30d5ae9fea6c97af46a3be41deca26eb8a54.e3iSbxaKaheRe34Sa3yKbhiTahb0n6jAmljGr5XDqQLvpAe HTTP/1.1" 200 1128
190.66.125.218 - - [27/Nov/2014:06:23:56 -0500] "POST /forms/lservlet;jsessionid=ac16012b30d5ae9fea6c97af46a3be41deca26eb8a54.e3iSbxaKaheRe34Sa3yKbhiTahb0n6jAmljGr5XDqQLvpAe HTTP/1.1" 200 1147
190.66.125.218 - - [27/Nov/2014:06:23:56 -0500] "POST /forms/lservlet;jsessionid=ac16012b30d5ae9fea6c97af46a3be41deca26eb8a54.e3iSbxaKaheRe34Sa3yKbhiTahb0n6jAmljGr5XDqQLvpAe HTTP/1.1" 200 1154
190.66.125.218 - - [27/Nov/2014:06:23:56 -0500] "POST /forms/lservlet;jsessionid=ac16012b30d5ae9fea6c97af46a3be41deca26eb8a54.e3iSbxaKaheRe34Sa3yKbhiTahb0n6jAmljGr5XDqQLvpAe HTTP/1.1" 200 1154
190.66.125.218 - - [27/Nov/2014:06:23:56 -0500] "POST /forms/lservlet;jsessionid=ac16012b30d5ae9fea6c97af46a3be41deca26eb8a54.e3iSbxaKaheRe34Sa3yKbhiTahb0n6jAmljGr5XDqQLvpAe HTTP/1.1" 200 1157
190.66.125.218 - - [27/Nov/2014:06:23:56 -0500] "POST /forms/lservlet;jsessionid=ac16012b30d5ae9fea6c97af46a3be41deca26eb8a54.e3iSbxaKaheRe34Sa3yKbhiTahb0n6jAmljGr5XDqQLvpAe HTTP/1.1" 200 1154
190.66.125.218 - - [27/Nov/2014:06:23:56 -0500] "POST /forms/lservlet;jsessionid=ac16012b30d5ae9fea6c97af46a3be41deca26eb8a54.e3iSbxaKaheRe34Sa3yKbhiTahb0n6jAmljGr5XDqQLvpAe HTTP/1.1" 200 1133
190.66.125.218 - - [27/Nov/2014:06:23:56 -0500] "POST /forms/lservlet;jsessionid=ac16012b30d5ae9fea6c97af46a3be41deca26eb8a54.e3iSbxaKaheRe34Sa3yKbhiTahb0n6jAmljGr5XDqQLvpAe HTTP/1.1" 200 1115
190.66.125.218 - - [27/Nov/2014:06:23:56 -0500] "POST /forms/lservlet;jsessionid=ac16012b30d5ae9fea6c97af46a3be41deca26eb8a54.e3iSbxaKaheRe34Sa3yKbhiTahb0n6jAmljGr5XDqQLvpAe HTTP/1.1" 200 1091
190.66.125.218 - - [27/Nov/2014:06:23:57 -0500] "POST /forms/lservlet;jsessionid=ac16012b30d5ae9fea6c97af46a3be41deca26eb8a54.e3iSbxaKaheRe34Sa3yKbhiTahb0n6jAmljGr5XDqQLvpAe HTTP/1.1" 200 1075
190.66.125.218 - - [27/Nov/2014:06:23:57 -0500] "POST /forms/lservlet;jsessionid=ac16012b30d5ae9fea6c97af46a3be41deca26eb8a54.e3iSbxaKaheRe34Sa3yKbhiTahb0n6jAmljGr5XDqQLvpAe HTTP/1.1" 200 1083
190.66.125.218 - - [27/Nov/2014:06:23:57 -0500] "POST /forms/lservlet;jsessionid=ac16012b30d5ae9fea6c97af46a3be41deca26eb8a54.e3iSbxaKaheRe34Sa3yKbhiTahb0n6jAmljGr5XDqQLvpAe HTTP/1.1" 200 1109
190.66.125.218 - - [27/Nov/2014:06:23:57 -0500] "POST /forms/lservlet;jsessionid=ac16012b30d5ae9fea6c97af46a3be41deca26eb8a54.e3iSbxaKaheRe34Sa3yKbhiTahb0n6jAmljGr5XDqQLvpAe HTTP/1.1" 200 1133
190.66.125.218 - - [27/Nov/2014:06:23:57 -0500] "POST /forms/lservlet;jsessionid=ac16012b30d5ae9fea6c97af46a3be41deca26eb8a54.e3iSbxaKaheRe34Sa3yKbhiTahb0n6jAmljGr5XDqQLvpAe HTTP/1.1" 200 1131
190.66.125.218 - - [27/Nov/2014:06:23:57 -0500] "POST /forms/lservlet;jsessionid=ac16012b30d5ae9fea6c97af46a3be41deca26eb8a54.e3iSbxaKaheRe34Sa3yKbhiTahb0n6jAmljGr5XDqQLvpAe HTTP/1.1" 200 1142
190.66.125.218 - - [27/Nov/2014:06:23:57 -0500] "POST /forms/lservlet;jsessionid=ac16012b30d5ae9fea6c97af46a3be41deca26eb8a54.e3iSbxaKaheRe34Sa3yKbhiTahb0n6jAmljGr5XDqQLvpAe HTTP/1.1" 200 1139
190.66.125.218 - - [27/Nov/2014:06:23:57 -0500] "POST /forms/lservlet;jsessionid=ac16012b30d5ae9fea6c97af46a3be41deca26eb8a54.e3iSbxaKaheRe34Sa3yKbhiTahb0n6jAmljGr5XDqQLvpAe HTTP/1.1" 200 1129
190.66.125.218 - - [27/Nov/2014:06:23:57 -0500] "POST /forms/lservlet;jsessionid=ac16012b30d5ae9fea6c97af46a3be41deca26eb8a54.e3iSbxaKaheRe34Sa3yKbhiTahb0n6jAmljGr5XDqQLvpAe HTTP/1.1" 200 1132
190.66.125.218 - - [27/Nov/2014:06:23:57 -0500] "POST /forms/lservlet;jsessionid=ac16012b30d5ae9fea6c97af46a3be41deca26eb8a54.e3iSbxaKaheRe34Sa3yKbhiTahb0n6jAmljGr5XDqQLvpAe HTTP/1.1" 200 1116
190.66.125.218 - - [27/Nov/2014:06:23:58 -0500] "POST /forms/lservlet;jsessionid=ac16012b30d5ae9fea6c97af46a3be41deca26eb8a54.e3iSbxaKaheRe34Sa3yKbhiTahb0n6jAmljGr5XDqQLvpAe HTTP/1.1" 200 1100
190.66.125.218 - - [27/Nov/2014:06:23:58 -0500] "POST /forms/lservlet;jsessionid=ac16012b30d5ae9fea6c97af46a3be41deca26eb8a54.e3iSbxaKaheRe34Sa3yKbhiTahb0n6jAmljGr5XDqQLvpAe HTTP/1.1" 200 1100
190.66.125.218 - - [27/Nov/2014:06:23:58 -0500] "POST /forms/lservlet;jsessionid=ac16012b30d5ae9fea6c97af46a3be41deca26eb8a54.e3iSbxaKaheRe34Sa3yKbhiTahb0n6jAmljGr5XDqQLvpAe HTTP/1.1" 200 1100
190.66.125.218 - - [27/Nov/2014:06:23:58 -0500] "POST /forms/lservlet;jsessionid=ac16012b30d5ae9fea6c97af46a3be41deca26eb8a54.e3iSbxaKaheRe34Sa3yKbhiTahb0n6jAmljGr5XDqQLvpAe HTTP/1.1" 200 1097
190.66.125.218 - - [27/Nov/2014:06:23:58 -0500] "POST /forms/lservlet;jsessionid=ac16012b30d5ae9fea6c97af46a3be41deca26eb8a54.e3iSbxaKaheRe34Sa3yKbhiTahb0n6jAmljGr5XDqQLvpAe HTTP/1.1" 200 1089
190.66.125.218 - - [27/Nov/2014:06:24:02 -0500] "POST /forms/lservlet;jsessionid=ac16012b30d5ae9fea6c97af46a3be41deca26eb8a54.e3iSbxaKaheRe34Sa3yKbhiTahb0n6jAmljGr5XDqQLvpAe HTTP/1.1" 200 7
190.66.125.218 - - [27/Nov/2014:06:24:02 -0500] "POST /forms/lservlet;jsessionid=ac16012b30d5ae9fea6c97af46a3be41deca26eb8a54.e3iSbxaKaheRe34Sa3yKbhiTahb0n6jAmljGr5XDqQLvpAe HTTP/1.1" 200 14
190.66.125.218 - - [27/Nov/2014:06:24:04 -0500] "POST /forms/lservlet;jsessionid=ac16012b30d5ae9fea6c97af46a3be41deca26eb8a54.e3iSbxaKaheRe34Sa3yKbhiTahb0n6jAmljGr5XDqQLvpAe HTTP/1.1" 200 14
190.66.125.218 - - [27/Nov/2014:06:24:05 -0500] "POST /forms/lservlet;jsessionid=ac16012b30d5ae9fea6c97af46a3be41deca26eb8a54.e3iSbxaKaheRe34Sa3yKbhiTahb0n6jAmljGr5XDqQLvpAe HTTP/1.1" 200 14
190.66.125.218 - - [27/Nov/2014:06:24:06 -0500] "POST /forms/lservlet;jsessionid=ac16012b30d5ae9fea6c97af46a3be41deca26eb8a54.e3iSbxaKaheRe34Sa3yKbhiTahb0n6jAmljGr5XDqQLvpAe HTTP/1.1" 200 14
157.55.39.197 - - [27/Nov/2014:06:24:08 -0500] "GET /BLA/resoluciones/AUTOS%202011/3449.pdf HTTP/1.1" 200 213367
190.66.125.218 - - [27/Nov/2014:06:24:08 -0500] "POST /forms/lservlet;jsessionid=ac16012b30d5ae9fea6c97af46a3be41deca26eb8a54.e3iSbxaKaheRe34Sa3yKbhiTahb0n6jAmljGr5XDqQLvpAe HTTP/1.1" 200 15
66.249.65.119 - - [27/Nov/2014:06:24:10 -0500] "GET /BLA/resoluciones/RESOLUCIONES%202010/3261.pdf HTTP/1.1" 200 504955
190.66.125.218 - - [27/Nov/2014:06:24:11 -0500] "POST /forms/lservlet;jsessionid=ac16012b30d5ae9fea6c97af46a3be41deca26eb8a54.e3iSbxaKaheRe34Sa3yKbhiTahb0n6jAmljGr5XDqQLvpAe HTTP/1.1" 200 110
190.66.125.218 - - [27/Nov/2014:06:24:12 -0500] "POST /forms/lservlet;jsessionid=ac16012b30d5ae9fea6c97af46a3be41deca26eb8a54.e3iSbxaKaheRe34Sa3yKbhiTahb0n6jAmljGr5XDqQLvpAe HTTP/1.1" 200 2
190.66.125.218 - - [27/Nov/2014:06:24:14 -0500] "POST /forms/lservlet;jsessionid=ac16012b30d5ae9fea6c97af46a3be41deca26eb8a54.e3iSbxaKaheRe34Sa3yKbhiTahb0n6jAmljGr5XDqQLvpAe HTTP/1.1" 200 316
190.66.125.218 - - [27/Nov/2014:06:24:17 -0500] "POST /forms/lservlet;jsessionid=ac16012b30d5ae9fea6c97af46a3be41deca26eb8a54.e3iSbxaKaheRe34Sa3yKbhiTahb0n6jAmljGr5XDqQLvpAe HTTP/1.1" 200 2
190.66.125.218 - - [27/Nov/2014:06:24:17 -0500] "POST /forms/lservlet;jsessionid=ac16012b30d5ae9fea6c97af46a3be41deca26eb8a54.e3iSbxaKaheRe34Sa3yKbhiTahb0n6jAmljGr5XDqQLvpAe HTTP/1.1" 200 14
190.66.125.218 - - [27/Nov/2014:06:24:18 -0500] "POST /forms/lservlet;jsessionid=ac16012b30d5ae9fea6c97af46a3be41deca26eb8a54.e3iSbxaKaheRe34Sa3yKbhiTahb0n6jAmljGr5XDqQLvpAe HTTP/1.1" 200 14
190.66.125.218 - - [27/Nov/2014:06:24:19 -0500] "POST /forms/lservlet;jsessionid=ac16012b30d5ae9fea6c97af46a3be41deca26eb8a54.e3iSbxaKaheRe34Sa3yKbhiTahb0n6jAmljGr5XDqQLvpAe HTTP/1.1" 200 14
190.66.125.218 - - [27/Nov/2014:06:24:21 -0500] "POST /forms/lservlet;jsessionid=ac16012b30d5ae9fea6c97af46a3be41deca26eb8a54.e3iSbxaKaheRe34Sa3yKbhiTahb0n6jAmljGr5XDqQLvpAe HTTP/1.1" 200 14
190.66.125.218 - - [27/Nov/2014:06:24:22 -0500] "POST /forms/lservlet;jsessionid=ac16012b30d5ae9fea6c97af46a3be41deca26eb8a54.e3iSbxaKaheRe34Sa3yKbhiTahb0n6jAmljGr5XDqQLvpAe HTTP/1.1" 200 114
190.66.125.218 - - [27/Nov/2014:06:24:22 -0500] "POST /forms/lservlet;jsessionid=ac16012b30d5ae9fea6c97af46a3be41deca26eb8a54.e3iSbxaKaheRe34Sa3yKbhiTahb0n6jAmljGr5XDqQLvpAe HTTP/1.1" 200 2
157.55.39.217 - - [27/Nov/2014:06:24:29 -0500] "GET /bla/resoluciones/RESOLUCIONES%202011/0482.pdf HTTP/1.1" 200 72189
157.55.39.217 - - [27/Nov/2014:06:24:29 -0500] "GET /BLA/resoluciones/RESOLUCIONES%202008/2886.pdf HTTP/1.1" 200 280092
186.99.55.186 - - [27/Nov/2014:06:24:34 -0500] "GET /BLA/boletinlegal/js/jquery.scrollTo-min.js HTTP/1.1" 200 1150
186.99.55.186 - - [27/Nov/2014:06:24:34 -0500] "GET /BLA/boletinlegal/js/jquery.js HTTP/1.1" 200 57254
186.99.55.186 - - [27/Nov/2014:06:24:34 -0500] "GET /BLA/boletinlegal/js/jquery.scrollShow.js HTTP/1.1" 200 4586
190.66.125.218 - - [27/Nov/2014:06:24:37 -0500] "POST /forms/lservlet;jsessionid=ac16012b30d5ae9fea6c97af46a3be41deca26eb8a54.e3iSbxaKaheRe34Sa3yKbhiTahb0n6jAmljGr5XDqQLvpAe HTTP/1.1" 200 102
190.66.125.218 - - [27/Nov/2014:06:24:39 -0500] "POST /forms/lservlet;jsessionid=ac16012b30d5ae9fea6c97af46a3be41deca26eb8a54.e3iSbxaKaheRe34Sa3yKbhiTahb0n6jAmljGr5XDqQLvpAe HTTP/1.1" 200 1008
66.249.65.123 - - [27/Nov/2014:06:24:39 -0500] "GET /BLA/resoluciones/AUTOS%202012/0482.pdf HTTP/1.1" 200 444765
190.66.125.218 - - [27/Nov/2014:06:24:41 -0500] "POST /forms/lservlet;jsessionid=ac16012b30d5ae9fea6c97af46a3be41deca26eb8a54.e3iSbxaKaheRe34Sa3yKbhiTahb0n6jAmljGr5XDqQLvpAe HTTP/1.1" 200 1007
190.66.125.218 - - [27/Nov/2014:06:24:42 -0500] "POST /forms/lservlet;jsessionid=ac16012b30d5ae9fea6c97af46a3be41deca26eb8a54.e3iSbxaKaheRe34Sa3yKbhiTahb0n6jAmljGr5XDqQLvpAe HTTP/1.1" 200 1007
190.66.125.218 - - [27/Nov/2014:06:24:44 -0500] "POST /forms/lservlet;jsessionid=ac16012b30d5ae9fea6c97af46a3be41deca26eb8a54.e3iSbxaKaheRe34Sa3yKbhiTahb0n6jAmljGr5XDqQLvpAe HTTP/1.1" 200 281
190.66.125.218 - - [27/Nov/2014:06:24:44 -0500] "POST /forms/lservlet;jsessionid=ac16012b30d5ae9fea6c97af46a3be41deca26eb8a54.e3iSbxaKaheRe34Sa3yKbhiTahb0n6jAmljGr5XDqQLvpAe HTTP/1.1" 200 2
190.66.125.218 - - [27/Nov/2014:06:24:45 -0500] "POST /forms/lservlet;jsessionid=ac16012b30d5ae9fea6c97af46a3be41deca26eb8a54.e3iSbxaKaheRe34Sa3yKbhiTahb0n6jAmljGr5XDqQLvpAe HTTP/1.1" 200 276
190.66.125.218 - - [27/Nov/2014:06:24:45 -0500] "POST /forms/lservlet;jsessionid=ac16012b30d5ae9fea6c97af46a3be41deca26eb8a54.e3iSbxaKaheRe34Sa3yKbhiTahb0n6jAmljGr5XDqQLvpAe HTTP/1.1" 200 2
190.66.125.218 - - [27/Nov/2014:06:24:45 -0500] "POST /forms/lservlet;jsessionid=ac16012b30d5ae9fea6c97af46a3be41deca26eb8a54.e3iSbxaKaheRe34Sa3yKbhiTahb0n6jAmljGr5XDqQLvpAe HTTP/1.1" 200 271
190.66.125.218 - - [27/Nov/2014:06:24:45 -0500] "POST /forms/lservlet;jsessionid=ac16012b30d5ae9fea6c97af46a3be41deca26eb8a54.e3iSbxaKaheRe34Sa3yKbhiTahb0n6jAmljGr5XDqQLvpAe HTTP/1.1" 200 2
190.66.125.218 - - [27/Nov/2014:06:24:46 -0500] "POST /forms/lservlet;jsessionid=ac16012b30d5ae9fea6c97af46a3be41deca26eb8a54.e3iSbxaKaheRe34Sa3yKbhiTahb0n6jAmljGr5XDqQLvpAe HTTP/1.1" 200 1090
190.66.125.218 - - [27/Nov/2014:06:24:46 -0500] "POST /forms/lservlet;jsessionid=ac16012b30d5ae9fea6c97af46a3be41deca26eb8a54.e3iSbxaKaheRe34Sa3yKbhiTahb0n6jAmljGr5XDqQLvpAe HTTP/1.1" 200 2
190.66.125.218 - - [27/Nov/2014:06:24:46 -0500] "POST /forms/lservlet;jsessionid=ac16012b30d5ae9fea6c97af46a3be41deca26eb8a54.e3iSbxaKaheRe34Sa3yKbhiTahb0n6jAmljGr5XDqQLvpAe HTTP/1.1" 200 1136
190.66.125.218 - - [27/Nov/2014:06:24:47 -0500] "POST /forms/lservlet;jsessionid=ac16012b30d5ae9fea6c97af46a3be41deca26eb8a54.e3iSbxaKaheRe34Sa3yKbhiTahb0n6jAmljGr5XDqQLvpAe HTTP/1.1" 200 1124
190.66.125.218 - - [27/Nov/2014:06:24:47 -0500] "POST /forms/lservlet;jsessionid=ac16012b30d5ae9fea6c97af46a3be41deca26eb8a54.e3iSbxaKaheRe34Sa3yKbhiTahb0n6jAmljGr5XDqQLvpAe HTTP/1.1" 200 1132
190.66.125.218 - - [27/Nov/2014:06:24:47 -0500] "POST /forms/lservlet;jsessionid=ac16012b30d5ae9fea6c97af46a3be41deca26eb8a54.e3iSbxaKaheRe34Sa3yKbhiTahb0n6jAmljGr5XDqQLvpAe HTTP/1.1" 200 1124
180.76.5.72 - - [27/Nov/2014:06:24:48 -0500] "GET /BLA/resoluciones/AUTOS%202011/7780.pdf HTTP/1.1" 200 137732
190.66.125.218 - - [27/Nov/2014:06:24:48 -0500] "POST /forms/lservlet;jsessionid=ac16012b30d5ae9fea6c97af46a3be41deca26eb8a54.e3iSbxaKaheRe34Sa3yKbhiTahb0n6jAmljGr5XDqQLvpAe HTTP/1.1" 200 1116
190.66.125.218 - - [27/Nov/2014:06:24:49 -0500] "POST /forms/lservlet;jsessionid=ac16012b30d5ae9fea6c97af46a3be41deca26eb8a54.e3iSbxaKaheRe34Sa3yKbhiTahb0n6jAmljGr5XDqQLvpAe HTTP/1.1" 200 1118
190.66.125.218 - - [27/Nov/2014:06:24:52 -0500] "POST /forms/lservlet;jsessionid=ac16012b30d5ae9fea6c97af46a3be41deca26eb8a54.e3iSbxaKaheRe34Sa3yKbhiTahb0n6jAmljGr5XDqQLvpAe HTTP/1.1" 200 1126
190.66.125.218 - - [27/Nov/2014:06:24:54 -0500] "POST /forms/lservlet;jsessionid=ac16012b30d5ae9fea6c97af46a3be41deca26eb8a54.e3iSbxaKaheRe34Sa3yKbhiTahb0n6jAmljGr5XDqQLvpAe HTTP/1.1" 200 1126
190.66.125.218 - - [27/Nov/2014:06:24:55 -0500] "POST /forms/lservlet;jsessionid=ac16012b30d5ae9fea6c97af46a3be41deca26eb8a54.e3iSbxaKaheRe34Sa3yKbhiTahb0n6jAmljGr5XDqQLvpAe HTTP/1.1" 200 1126
190.66.125.218 - - [27/Nov/2014:06:24:56 -0500] "POST /forms/lservlet;jsessionid=ac16012b30d5ae9fea6c97af46a3be41deca26eb8a54.e3iSbxaKaheRe34Sa3yKbhiTahb0n6jAmljGr5XDqQLvpAe HTTP/1.1" 200 1118
186.87.83.180 - - [27/Nov/2014:06:24:57 -0500] "GET /BLA/boletinlegal/js/jquery.js HTTP/1.1" 200 57254
186.87.83.180 - - [27/Nov/2014:06:24:57 -0500] "GET /BLA/boletinlegal/js/jquery.scrollShow.js HTTP/1.1" 200 4586
186.87.83.180 - - [27/Nov/2014:06:24:57 -0500] "GET /BLA/boletinlegal/js/jquery.scrollTo-min.js HTTP/1.1" 200 1150
190.66.125.218 - - [27/Nov/2014:06:24:58 -0500] "POST /forms/lservlet;jsessionid=ac16012b30d5ae9fea6c97af46a3be41deca26eb8a54.e3iSbxaKaheRe34Sa3yKbhiTahb0n6jAmljGr5XDqQLvpAe HTTP/1.1" 200 1118
190.66.125.218 - - [27/Nov/2014:06:24:58 -0500] "POST /forms/lservlet;jsessionid=ac16012b30d5ae9fea6c97af46a3be41deca26eb8a54.e3iSbxaKaheRe34Sa3yKbhiTahb0n6jAmljGr5XDqQLvpAe HTTP/1.1" 200 1126
190.66.125.218 - - [27/Nov/2014:06:24:59 -0500] "POST /forms/lservlet;jsessionid=ac16012b30d5ae9fea6c97af46a3be41deca26eb8a54.e3iSbxaKaheRe34Sa3yKbhiTahb0n6jAmljGr5XDqQLvpAe HTTP/1.1" 200 1167
190.66.125.218 - - [27/Nov/2014:06:24:59 -0500] "POST /forms/lservlet;jsessionid=ac16012b30d5ae9fea6c97af46a3be41deca26eb8a54.e3iSbxaKaheRe34Sa3yKbhiTahb0n6jAmljGr5XDqQLvpAe HTTP/1.1" 200 1139
190.66.125.218 - - [27/Nov/2014:06:25:00 -0500] "POST /forms/lservlet;jsessionid=ac16012b30d5ae9fea6c97af46a3be41deca26eb8a54.e3iSbxaKaheRe34Sa3yKbhiTahb0n6jAmljGr5XDqQLvpAe HTTP/1.1" 200 1137
190.66.125.218 - - [27/Nov/2014:06:25:00 -0500] "POST /forms/lservlet;jsessionid=ac16012b30d5ae9fea6c97af46a3be41deca26eb8a54.e3iSbxaKaheRe34Sa3yKbhiTahb0n6jAmljGr5XDqQLvpAe HTTP/1.1" 200 1150
190.66.125.218 - - [27/Nov/2014:06:25:01 -0500] "POST /forms/lservlet;jsessionid=ac16012b30d5ae9fea6c97af46a3be41deca26eb8a54.e3iSbxaKaheRe34Sa3yKbhiTahb0n6jAmljGr5XDqQLvpAe HTTP/1.1" 200 1141
190.66.125.218 - - [27/Nov/2014:06:25:02 -0500] "POST /forms/lservlet;jsessionid=ac16012b30d5ae9fea6c97af46a3be41deca26eb8a54.e3iSbxaKaheRe34Sa3yKbhiTahb0n6jAmljGr5XDqQLvpAe HTTP/1.1" 200 1146
190.66.125.218 - - [27/Nov/2014:06:25:03 -0500] "POST /forms/lservlet;jsessionid=ac16012b30d5ae9fea6c97af46a3be41deca26eb8a54.e3iSbxaKaheRe34Sa3yKbhiTahb0n6jAmljGr5XDqQLvpAe HTTP/1.1" 200 1144
190.66.125.218 - - [27/Nov/2014:06:25:06 -0500] "POST /forms/lservlet;jsessionid=ac16012b30d5ae9fea6c97af46a3be41deca26eb8a54.e3iSbxaKaheRe34Sa3yKbhiTahb0n6jAmljGr5XDqQLvpAe HTTP/1.1" 200 1129
190.66.125.218 - - [27/Nov/2014:06:25:07 -0500] "POST /forms/lservlet;jsessionid=ac16012b30d5ae9fea6c97af46a3be41deca26eb8a54.e3iSbxaKaheRe34Sa3yKbhiTahb0n6jAmljGr5XDqQLvpAe HTTP/1.1" 200 1119
190.66.125.218 - - [27/Nov/2014:06:25:08 -0500] "POST /forms/lservlet;jsessionid=ac16012b30d5ae9fea6c97af46a3be41deca26eb8a54.e3iSbxaKaheRe34Sa3yKbhiTahb0n6jAmljGr5XDqQLvpAe HTTP/1.1" 200 1135
190.66.125.218 - - [27/Nov/2014:06:25:10 -0500] "POST /forms/lservlet;jsessionid=ac16012b30d5ae9fea6c97af46a3be41deca26eb8a54.e3iSbxaKaheRe34Sa3yKbhiTahb0n6jAmljGr5XDqQLvpAe HTTP/1.1" 200 1134
190.66.125.218 - - [27/Nov/2014:06:25:11 -0500] "POST /forms/lservlet;jsessionid=ac16012b30d5ae9fea6c97af46a3be41deca26eb8a54.e3iSbxaKaheRe34Sa3yKbhiTahb0n6jAmljGr5XDqQLvpAe HTTP/1.1" 200 1124
66.249.65.123 - - [27/Nov/2014:06:25:25 -0500] "GET /BLA/resoluciones/AUTOS%202012/0398.pdf HTTP/1.1" 200 308957
74.86.158.107 - - [27/Nov/2014:06:25:34 -0500] "HEAD / HTTP/1.1" 302 -
66.249.65.115 - - [27/Nov/2014:06:25:35 -0500] "GET /BLA/resoluciones/RESOLUCIONES%202008/5321.pdf HTTP/1.1" 200 456020
201.245.192.253 - - [27/Nov/2014:06:25:53 -0500] "GET /Report2/login.do;jsessionid=A9CBFA317A2156B0456A402371A71230 HTTP/1.1" 200 4338
201.245.192.253 - - [27/Nov/2014:06:25:57 -0500] "POST /Report2/login.do;jsessionid=0AFD81FEF0C015F11EC91D5C74D29026 HTTP/1.1" 200 14505
201.245.192.253 - - [27/Nov/2014:06:25:58 -0500] "GET /Report2/parameter?action=listRpts HTTP/1.1" 200 16331
201.245.192.253 - - [27/Nov/2014:06:26:00 -0500] "GET /Report2/parameter?action=parametersReportMDX&id_rpt=17&currentTab=tab_presentacion HTTP/1.1" 200 6578
201.245.192.253 - - [27/Nov/2014:06:26:03 -0500] "POST /Report2/parameter?action=runReportMDX&json=true&listdep=nit&id_rpt=17&param_partNomauto=119 HTTP/1.1" 200 80
201.245.192.253 - - [27/Nov/2014:06:26:04 -0500] "GET /Report2/parameter?action=runReportMDX&json=true&listdep=informe&id_rpt=17&param_nit=119 HTTP/1.1" 200 575
201.245.192.253 - - [27/Nov/2014:06:26:08 -0500] "GET /Report2/parameter?action=runReportMDX&json=true&listdep=FecBal&id_rpt=17&param_informe=18&param_nit=119 HTTP/1.1" 200 44
66.249.65.115 - - [27/Nov/2014:06:26:10 -0500] "GET /BLA/resoluciones/AUTOS%202012/2315.pdf HTTP/1.1" 200 647716
201.245.192.253 - - [27/Nov/2014:06:26:10 -0500] "GET /Report2/parameter?action=runReportMDX&json=true&listdep=formato&id_rpt=17&param_informe=18&param_nit=119&param_FecBal=2014-06-30 HTTP/1.1" 200 55
181.205.236.116 - - [27/Nov/2014:06:26:12 -0500] "GET /BLA/boletinlegal/js/jquery.js HTTP/1.1" 200 57254
181.205.236.116 - - [27/Nov/2014:06:26:12 -0500] "GET /BLA/boletinlegal/js/jquery.scrollTo-min.js HTTP/1.1" 200 1150
181.205.236.116 - - [27/Nov/2014:06:26:12 -0500] "GET /BLA/boletinlegal/js/jquery.scrollShow.js HTTP/1.1" 200 4586
201.245.192.253 - - [27/Nov/2014:06:26:12 -0500] "POST /Report2/rptManage.jsp?migracion=111 HTTP/1.1" 200 617
201.245.192.253 - - [27/Nov/2014:06:26:12 -0500] "GET /Report2/rpt.jsp?migracion=111&id_rpt=17&currentTab=tab_2762&rnd=0.5783262397791595 HTTP/1.1" 200 13708
201.245.192.253 - - [27/Nov/2014:06:26:12 -0500] "GET /Report2/loading.jsp?migracion=111&id_rpt=17&currentTab=tab_2762&rnd=0.39777749636381665 HTTP/1.1" 200 2733
201.245.192.253 - - [27/Nov/2014:06:26:13 -0500] "GET /Report2/serviceListados.jsp?queryId=rpt/infxidC&informe=18&a=0.8654879718087614 HTTP/1.1" 200 234
201.245.192.253 - - [27/Nov/2014:06:26:13 -0500] "GET /Report2/serviceListados.jsp?queryId=rpt/entidadxidC&nit=119&a=0.01003305590711534 HTTP/1.1" 200 253
201.245.192.253 - - [27/Nov/2014:06:26:13 -0500] "POST /Report2/infReportada.jsp?rdmMapa=973043 HTTP/1.1" 200 57614
157.55.39.198 - - [27/Nov/2014:06:26:13 -0500] "-" 408 -
201.245.192.253 - - [27/Nov/2014:06:26:15 -0500] "POST /Report2/parameter HTTP/1.1" 200 6690
201.245.192.253 - - [27/Nov/2014:06:26:15 -0500] "GET /Report2/parameter?action=runReportMDX&json=true&listdep=informe&id_rpt=17&param_nit=119 HTTP/1.1" 200 575
201.245.192.253 - - [27/Nov/2014:06:26:15 -0500] "GET /Report2/parameter?action=runReportMDX&json=true&listdep=FecBal&id_rpt=17&param_informe=18&param_nit=119 HTTP/1.1" 200 44
201.245.192.253 - - [27/Nov/2014:06:26:15 -0500] "GET /Report2/parameter?action=runReportMDX&json=true&listdep=formato&id_rpt=17&param_informe=18&param_nit=119&param_FecBal=2014-06-30 HTTP/1.1" 200 55
201.245.192.253 - - [27/Nov/2014:06:26:19 -0500] "POST /Report2/infReportada.jsp?rdmMapa=2880&__format=xls&__name=SEGUIMIENTO%20PLAN%20DE%20ACCION%20242 HTTP/1.1" 200 56681
180.76.5.169 - - [27/Nov/2014:06:26:30 -0500] "GET /BLA/resoluciones/AUTOS%202009/0888.pdf HTTP/1.1" 200 120993
201.245.192.253 - - [27/Nov/2014:06:26:30 -0500] "POST /Report2/parameter HTTP/1.1" 200 6690
201.245.192.253 - - [27/Nov/2014:06:26:30 -0500] "GET /Report2/parameter?action=runReportMDX&json=true&listdep=informe&id_rpt=17&param_nit=119 HTTP/1.1" 200 575
201.245.192.253 - - [27/Nov/2014:06:26:30 -0500] "GET /Report2/parameter?action=runReportMDX&json=true&listdep=FecBal&id_rpt=17&param_informe=18&param_nit=119 HTTP/1.1" 200 44
201.245.192.253 - - [27/Nov/2014:06:26:31 -0500] "GET /Report2/parameter?action=runReportMDX&json=true&listdep=formato&id_rpt=17&param_informe=18&param_nit=119&param_FecBal=2014-06-30 HTTP/1.1" 200 55
201.245.192.253 - - [27/Nov/2014:06:26:33 -0500] "GET /Report2/parameter?action=runReportMDX&json=true&listdep=FecBal&id_rpt=17&param_informe=16&param_nit=119 HTTP/1.1" 200 44
201.245.192.253 - - [27/Nov/2014:06:26:35 -0500] "GET /Report2/parameter?action=runReportMDX&json=true&listdep=formato&id_rpt=17&param_informe=16&param_nit=119&param_FecBal=2013-12-31 HTTP/1.1" 200 62
201.245.192.253 - - [27/Nov/2014:06:26:37 -0500] "POST /Report2/rptManage.jsp?migracion=111 HTTP/1.1" 200 617
190.66.125.218 - - [27/Nov/2014:06:26:36 -0500] "POST /forms/lservlet;jsessionid=ac16012b30d5ae9fea6c97af46a3be41deca26eb8a54.e3iSbxaKaheRe34Sa3yKbhiTahb0n6jAmljGr5XDqQLvpAe HTTP/1.1" 200 2
201.245.192.253 - - [27/Nov/2014:06:26:37 -0500] "GET /Report2/loading.jsp?migracion=111&id_rpt=17&currentTab=tab_2762&rnd=0.08722513721959013 HTTP/1.1" 200 2744
201.245.192.253 - - [27/Nov/2014:06:26:37 -0500] "GET /Report2/rpt.jsp?migracion=111&id_rpt=17&currentTab=tab_2762&rnd=0.1705028199484988 HTTP/1.1" 200 13767
201.245.192.253 - - [27/Nov/2014:06:26:37 -0500] "GET /Report2/serviceListados.jsp?queryId=rpt/infxidC&informe=16&a=0.5010175325442106 HTTP/1.1" 200 132
201.245.192.253 - - [27/Nov/2014:06:26:37 -0500] "POST /Report2/infReportada.jsp?rdmMapa=405864 HTTP/1.1" 200 39077
190.66.125.218 - - [27/Nov/2014:06:26:37 -0500] "POST /forms/lservlet;jsessionid=ac16012b30d5ae9fea6c97af46a3be41deca26eb8a54.e3iSbxaKaheRe34Sa3yKbhiTahb0n6jAmljGr5XDqQLvpAe HTTP/1.1" 200 14
190.66.125.218 - - [27/Nov/2014:06:26:38 -0500] "POST /forms/lservlet;jsessionid=ac16012b30d5ae9fea6c97af46a3be41deca26eb8a54.e3iSbxaKaheRe34Sa3yKbhiTahb0n6jAmljGr5XDqQLvpAe HTTP/1.1" 200 14
190.66.125.218 - - [27/Nov/2014:06:26:40 -0500] "POST /forms/lservlet;jsessionid=ac16012b30d5ae9fea6c97af46a3be41deca26eb8a54.e3iSbxaKaheRe34Sa3yKbhiTahb0n6jAmljGr5XDqQLvpAe HTTP/1.1" 200 14
201.245.192.253 - - [27/Nov/2014:06:26:41 -0500] "POST /Report2/infReportada.jsp?rdmMapa=616317&__format=xls&__name=FORMULACION%20PLAN%20DE%20ACCION%20ANUAL%202014 HTTP/1.1" 200 38584
190.66.125.218 - - [27/Nov/2014:06:26:41 -0500] "POST /forms/lservlet;jsessionid=ac16012b30d5ae9fea6c97af46a3be41deca26eb8a54.e3iSbxaKaheRe34Sa3yKbhiTahb0n6jAmljGr5XDqQLvpAe HTTP/1.1" 200 14
190.66.125.218 - - [27/Nov/2014:06:26:43 -0500] "POST /forms/lservlet;jsessionid=ac16012b30d5ae9fea6c97af46a3be41deca26eb8a54.e3iSbxaKaheRe34Sa3yKbhiTahb0n6jAmljGr5XDqQLvpAe HTTP/1.1" 200 15
190.66.125.218 - - [27/Nov/2014:06:26:46 -0500] "POST /forms/lservlet;jsessionid=ac16012b30d5ae9fea6c97af46a3be41deca26eb8a54.e3iSbxaKaheRe34Sa3yKbhiTahb0n6jAmljGr5XDqQLvpAe HTTP/1.1" 200 15
157.55.39.166 - - [27/Nov/2014:06:26:51 -0500] "GET /bla/resoluciones/resoluciones%202010/7259.pdf HTTP/1.1" 200 67905
190.66.125.218 - - [27/Nov/2014:06:26:50 -0500] "POST /forms/lservlet;jsessionid=ac16012b30d5ae9fea6c97af46a3be41deca26eb8a54.e3iSbxaKaheRe34Sa3yKbhiTahb0n6jAmljGr5XDqQLvpAe HTTP/1.1" 200 15
66.249.65.123 - - [27/Nov/2014:06:26:55 -0500] "GET /BLA/resoluciones/AUTOS%202012/1976.pdf HTTP/1.1" 200 374715
190.66.125.218 - - [27/Nov/2014:06:26:57 -0500] "POST /forms/lservlet;jsessionid=ac16012b30d5ae9fea6c97af46a3be41deca26eb8a54.e3iSbxaKaheRe34Sa3yKbhiTahb0n6jAmljGr5XDqQLvpAe HTTP/1.1" 200 114
190.66.125.218 - - [27/Nov/2014:06:26:57 -0500] "POST /forms/lservlet;jsessionid=ac16012b30d5ae9fea6c97af46a3be41deca26eb8a54.e3iSbxaKaheRe34Sa3yKbhiTahb0n6jAmljGr5XDqQLvpAe HTTP/1.1" 200 2
66.249.65.115 - - [27/Nov/2014:06:27:01 -0500] "GET /BLA/resoluciones/AUTOS%202009/2934.pdf HTTP/1.1" 200 195255
190.66.125.218 - - [27/Nov/2014:06:27:32 -0500] "POST /forms/lservlet;jsessionid=ac16012b30d5ae9fea6c97af46a3be41deca26eb8a54.e3iSbxaKaheRe34Sa3yKbhiTahb0n6jAmljGr5XDqQLvpAe HTTP/1.1" 200 89
66.249.65.115 - - [27/Nov/2014:06:27:41 -0500] "GET /BLA/resoluciones/AUTOS%202012/0478.pdf HTTP/1.1" 200 513192
190.66.125.218 - - [27/Nov/2014:06:27:46 -0500] "POST /forms/lservlet;jsessionid=ac16012b30d5ae9fea6c97af46a3be41deca26eb8a54.e3iSbxaKaheRe34Sa3yKbhiTahb0n6jAmljGr5XDqQLvpAe HTTP/1.1" 200 2
190.66.125.218 - - [27/Nov/2014:06:27:46 -0500] "POST /forms/lservlet;jsessionid=ac16012b30d5ae9fea6c97af46a3be41deca26eb8a54.e3iSbxaKaheRe34Sa3yKbhiTahb0n6jAmljGr5XDqQLvpAe HTTP/1.1" 200 14
190.66.125.218 - - [27/Nov/2014:06:27:47 -0500] "POST /forms/lservlet;jsessionid=ac16012b30d5ae9fea6c97af46a3be41deca26eb8a54.e3iSbxaKaheRe34Sa3yKbhiTahb0n6jAmljGr5XDqQLvpAe HTTP/1.1" 200 14
190.66.125.218 - - [27/Nov/2014:06:27:48 -0500] "POST /forms/lservlet;jsessionid=ac16012b30d5ae9fea6c97af46a3be41deca26eb8a54.e3iSbxaKaheRe34Sa3yKbhiTahb0n6jAmljGr5XDqQLvpAe HTTP/1.1" 200 14
190.66.125.218 - - [27/Nov/2014:06:27:50 -0500] "POST /forms/lservlet;jsessionid=ac16012b30d5ae9fea6c97af46a3be41deca26eb8a54.e3iSbxaKaheRe34Sa3yKbhiTahb0n6jAmljGr5XDqQLvpAe HTTP/1.1" 200 14
190.66.125.218 - - [27/Nov/2014:06:27:52 -0500] "POST /forms/lservlet;jsessionid=ac16012b30d5ae9fea6c97af46a3be41deca26eb8a54.e3iSbxaKaheRe34Sa3yKbhiTahb0n6jAmljGr5XDqQLvpAe HTTP/1.1" 200 15
190.66.125.218 - - [27/Nov/2014:06:27:54 -0500] "POST /forms/lservlet;jsessionid=ac16012b30d5ae9fea6c97af46a3be41deca26eb8a54.e3iSbxaKaheRe34Sa3yKbhiTahb0n6jAmljGr5XDqQLvpAe HTTP/1.1" 200 15
201.245.192.253 - - [27/Nov/2014:06:27:57 -0500] "GET /plugins/like_box.php?app_id=&channel=http%3A%2F%2Fstatic.ak.facebook.com%2Fconnect%2Fxd_arbiter%2F7r8gQb8MIqE.js%3Fversion%3D41%23cb%3Df2975b4eac%26domain%3Dwww.colombia.com%26origin%3Dhttp%253A%252F%252Fwww.colombia.com%252Ff2453f0ed4%26relation%3Dparent.parent&header=false&href=http%3A%2F%2Fwww.facebook.com%2Fpages%2FColombiacom%2F120864984617693&locale=es_LA&sdk=joey&stream=false&width=320 HTTP/1.1" 404 1344
190.66.125.218 - - [27/Nov/2014:06:27:59 -0500] "POST /forms/lservlet;jsessionid=ac16012b30d5ae9fea6c97af46a3be41deca26eb8a54.e3iSbxaKaheRe34Sa3yKbhiTahb0n6jAmljGr5XDqQLvpAe HTTP/1.1" 200 15
190.66.125.218 - - [27/Nov/2014:06:28:06 -0500] "POST /forms/lservlet;jsessionid=ac16012b30d5ae9fea6c97af46a3be41deca26eb8a54.e3iSbxaKaheRe34Sa3yKbhiTahb0n6jAmljGr5XDqQLvpAe HTTP/1.1" 200 95
190.66.125.218 - - [27/Nov/2014:06:28:06 -0500] "POST /forms/lservlet;jsessionid=ac16012b30d5ae9fea6c97af46a3be41deca26eb8a54.e3iSbxaKaheRe34Sa3yKbhiTahb0n6jAmljGr5XDqQLvpAe HTTP/1.1" 200 2
190.66.125.218 - - [27/Nov/2014:06:28:13 -0500] "POST /forms/lservlet;jsessionid=ac16012b30d5ae9fea6c97af46a3be41deca26eb8a54.e3iSbxaKaheRe34Sa3yKbhiTahb0n6jAmljGr5XDqQLvpAe HTTP/1.1" 200 585
190.66.125.218 - - [27/Nov/2014:06:28:17 -0500] "POST /forms/lservlet;jsessionid=ac16012b30d5ae9fea6c97af46a3be41deca26eb8a54.e3iSbxaKaheRe34Sa3yKbhiTahb0n6jAmljGr5XDqQLvpAe HTTP/1.1" 200 369
190.66.125.218 - - [27/Nov/2014:06:28:17 -0500] "POST /forms/lservlet;jsessionid=ac16012b30d5ae9fea6c97af46a3be41deca26eb8a54.e3iSbxaKaheRe34Sa3yKbhiTahb0n6jAmljGr5XDqQLvpAe HTTP/1.1" 200 2069
190.66.125.218 - - [27/Nov/2014:06:28:18 -0500] "POST /forms/lservlet;jsessionid=ac16012b30d5ae9fea6c97af46a3be41deca26eb8a54.e3iSbxaKaheRe34Sa3yKbhiTahb0n6jAmljGr5XDqQLvpAe HTTP/1.1" 200 78
157.55.39.195 - - [27/Nov/2014:06:28:18 -0500] "GET /BLA/boletinlegal/circulares/2012IE017270.pdf HTTP/1.1" 200 233051
201.245.192.253 - - [27/Nov/2014:06:28:20 -0500] "GET /plugins/like_box.php?app_id=&channel=http%3A%2F%2Fstatic.ak.facebook.com%2Fconnect%2Fxd_arbiter%2F7r8gQb8MIqE.js%3Fversion%3D41%23cb%3Dfe66d7448%26domain%3Dwww.colombia.com%26origin%3Dhttp%253A%252F%252Fwww.colombia.com%252Ff580df718%26relation%3Dparent.parent&header=false&href=http%3A%2F%2Fwww.facebook.com%2Fpages%2FColombiacom%2F120864984617693&locale=es_LA&sdk=joey&stream=false&width=320 HTTP/1.1" 404 1344
190.66.125.218 - - [27/Nov/2014:06:28:21 -0500] "POST /forms/lservlet;jsessionid=ac16012b30d5ae9fea6c97af46a3be41deca26eb8a54.e3iSbxaKaheRe34Sa3yKbhiTahb0n6jAmljGr5XDqQLvpAe HTTP/1.1" 200 34762
190.66.125.218 - - [27/Nov/2014:06:28:22 -0500] "GET /imagenes/listval.gif HTTP/1.1" 200 905
190.66.125.218 - - [27/Nov/2014:06:28:22 -0500] "POST /forms/lservlet;jsessionid=ac16012b30d5ae9fea6c97af46a3be41deca26eb8a54.e3iSbxaKaheRe34Sa3yKbhiTahb0n6jAmljGr5XDqQLvpAe HTTP/1.1" 200 7
190.66.125.218 - - [27/Nov/2014:06:28:22 -0500] "POST /forms/lservlet;jsessionid=ac16012b30d5ae9fea6c97af46a3be41deca26eb8a54.e3iSbxaKaheRe34Sa3yKbhiTahb0n6jAmljGr5XDqQLvpAe HTTP/1.1" 200 34
190.66.125.218 - - [27/Nov/2014:06:28:22 -0500] "POST /forms/lservlet;jsessionid=ac16012b30d5ae9fea6c97af46a3be41deca26eb8a54.e3iSbxaKaheRe34Sa3yKbhiTahb0n6jAmljGr5XDqQLvpAe HTTP/1.1" 200 2
157.55.39.217 - - [27/Nov/2014:06:28:22 -0500] "GET /bla/resoluciones/resoluciones%202009/0545.pdf HTTP/1.1" 200 271526
190.66.125.218 - - [27/Nov/2014:06:28:23 -0500] "POST /forms/lservlet;jsessionid=ac16012b30d5ae9fea6c97af46a3be41deca26eb8a54.e3iSbxaKaheRe34Sa3yKbhiTahb0n6jAmljGr5XDqQLvpAe HTTP/1.1" 200 610
190.66.125.218 - - [27/Nov/2014:06:28:25 -0500] "POST /forms/lservlet;jsessionid=ac16012b30d5ae9fea6c97af46a3be41deca26eb8a54.e3iSbxaKaheRe34Sa3yKbhiTahb0n6jAmljGr5XDqQLvpAe HTTP/1.1" 200 32
66.249.65.55 - - [27/Nov/2014:06:28:26 -0500] "GET /POT-2013/index.php?dir=Cartografia%2F HTTP/1.1" 200 11465
66.249.65.119 - - [27/Nov/2014:06:28:27 -0500] "GET /BLA/resoluciones/RESOLUCIONES%202011/1591.pdf HTTP/1.1" 200 69129
190.66.125.218 - - [27/Nov/2014:06:28:35 -0500] "POST /forms/lservlet;jsessionid=ac16012b30d5ae9fea6c97af46a3be41deca26eb8a54.e3iSbxaKaheRe34Sa3yKbhiTahb0n6jAmljGr5XDqQLvpAe HTTP/1.1" 200 86
190.66.125.218 - - [27/Nov/2014:06:28:37 -0500] "POST /forms/lservlet;jsessionid=ac16012b30d5ae9fea6c97af46a3be41deca26eb8a54.e3iSbxaKaheRe34Sa3yKbhiTahb0n6jAmljGr5XDqQLvpAe HTTP/1.1" 200 2
190.66.125.218 - - [27/Nov/2014:06:28:37 -0500] "POST /forms/lservlet;jsessionid=ac16012b30d5ae9fea6c97af46a3be41deca26eb8a54.e3iSbxaKaheRe34Sa3yKbhiTahb0n6jAmljGr5XDqQLvpAe HTTP/1.1" 200 14
190.66.125.218 - - [27/Nov/2014:06:28:38 -0500] "POST /forms/lservlet;jsessionid=ac16012b30d5ae9fea6c97af46a3be41deca26eb8a54.e3iSbxaKaheRe34Sa3yKbhiTahb0n6jAmljGr5XDqQLvpAe HTTP/1.1" 200 6162
190.66.125.218 - - [27/Nov/2014:06:28:38 -0500] "POST /forms/lservlet;jsessionid=ac16012b30d5ae9fea6c97af46a3be41deca26eb8a54.e3iSbxaKaheRe34Sa3yKbhiTahb0n6jAmljGr5XDqQLvpAe HTTP/1.1" 200 10
157.55.39.166 - - [27/Nov/2014:06:28:42 -0500] "GET /bla/resoluciones/resoluciones%202010/6493.pdf HTTP/1.1" 200 79555
157.55.39.197 - - [27/Nov/2014:06:28:46 -0500] "GET /bla/resoluciones/resoluciones%202009/3628.pdf HTTP/1.1" 200 211452
190.66.125.218 - - [27/Nov/2014:06:28:47 -0500] "POST /forms/lservlet;jsessionid=ac16012b30d5ae9fea6c97af46a3be41deca26eb8a54.e3iSbxaKaheRe34Sa3yKbhiTahb0n6jAmljGr5XDqQLvpAe HTTP/1.1" 200 2
201.245.192.253 - - [27/Nov/2014:06:28:52 -0500] "GET /plugins/likebox.php?href=http%3A%2F%2Fwww.facebook.com%2Fpages%2FEcos-del-Combeima%2F101636419911146&width=300&colorscheme=light&show_faces=true&stream=false&header=false&height=310 HTTP/1.1" 404 1266
190.66.125.218 - - [27/Nov/2014:06:28:55 -0500] "POST /forms/lservlet;jsessionid=ac16012b30d5ae9fea6c97af46a3be41deca26eb8a54.e3iSbxaKaheRe34Sa3yKbhiTahb0n6jAmljGr5XDqQLvpAe HTTP/1.1" 200 2
190.66.125.218 - - [27/Nov/2014:06:28:55 -0500] "POST /forms/lservlet;jsessionid=ac16012b30d5ae9fea6c97af46a3be41deca26eb8a54.e3iSbxaKaheRe34Sa3yKbhiTahb0n6jAmljGr5XDqQLvpAe HTTP/1.1" 200 14
157.55.39.217 - - [27/Nov/2014:06:28:56 -0500] "GET /bla/resoluciones/resoluciones%202010/7235.pdf HTTP/1.1" 200 399525
190.66.125.218 - - [27/Nov/2014:06:28:56 -0500] "POST /forms/lservlet;jsessionid=ac16012b30d5ae9fea6c97af46a3be41deca26eb8a54.e3iSbxaKaheRe34Sa3yKbhiTahb0n6jAmljGr5XDqQLvpAe HTTP/1.1" 200 14
190.66.125.218 - - [27/Nov/2014:06:28:57 -0500] "POST /forms/lservlet;jsessionid=ac16012b30d5ae9fea6c97af46a3be41deca26eb8a54.e3iSbxaKaheRe34Sa3yKbhiTahb0n6jAmljGr5XDqQLvpAe HTTP/1.1" 200 14
190.66.125.218 - - [27/Nov/2014:06:28:59 -0500] "POST /forms/lservlet;jsessionid=ac16012b30d5ae9fea6c97af46a3be41deca26eb8a54.e3iSbxaKaheRe34Sa3yKbhiTahb0n6jAmljGr5XDqQLvpAe HTTP/1.1" 200 14
190.66.125.218 - - [27/Nov/2014:06:29:01 -0500] "POST /forms/lservlet;jsessionid=ac16012b30d5ae9fea6c97af46a3be41deca26eb8a54.e3iSbxaKaheRe34Sa3yKbhiTahb0n6jAmljGr5XDqQLvpAe HTTP/1.1" 200 15
190.66.125.218 - - [27/Nov/2014:06:29:03 -0500] "POST /forms/lservlet;jsessionid=ac16012b30d5ae9fea6c97af46a3be41deca26eb8a54.e3iSbxaKaheRe34Sa3yKbhiTahb0n6jAmljGr5XDqQLvpAe HTTP/1.1" 200 15
190.66.125.218 - - [27/Nov/2014:06:29:08 -0500] "POST /forms/lservlet;jsessionid=ac16012b30d5ae9fea6c97af46a3be41deca26eb8a54.e3iSbxaKaheRe34Sa3yKbhiTahb0n6jAmljGr5XDqQLvpAe HTTP/1.1" 200 132
190.66.125.218 - - [27/Nov/2014:06:29:09 -0500] "POST /forms/lservlet;jsessionid=ac16012b30d5ae9fea6c97af46a3be41deca26eb8a54.e3iSbxaKaheRe34Sa3yKbhiTahb0n6jAmljGr5XDqQLvpAe HTTP/1.1" 200 2
191.95.245.97 - - [27/Nov/2014:06:29:10 -0500] "GET /BLA/boletinlegal/js/jquery.scrollTo-min.js HTTP/1.1" 200 1150
201.245.192.253 - - [27/Nov/2014:06:29:10 -0500] "POST /Report2/parameter HTTP/1.1" 200 6698
191.95.245.97 - - [27/Nov/2014:06:29:10 -0500] "GET /BLA/boletinlegal/js/jquery.js HTTP/1.1" 200 57254
191.95.245.97 - - [27/Nov/2014:06:29:10 -0500] "GET /BLA/boletinlegal/js/jquery.scrollShow.js HTTP/1.1" 200 4586
201.245.192.253 - - [27/Nov/2014:06:29:10 -0500] "GET /Report2/parameter?action=runReportMDX&json=true&listdep=informe&id_rpt=17&param_nit=119 HTTP/1.1" 200 575
201.245.192.253 - - [27/Nov/2014:06:29:11 -0500] "GET /Report2/parameter?action=runReportMDX&json=true&listdep=FecBal&id_rpt=17&param_informe=16&param_nit=119 HTTP/1.1" 200 44
201.245.192.253 - - [27/Nov/2014:06:29:11 -0500] "GET /Report2/parameter?action=runReportMDX&json=true&listdep=formato&id_rpt=17&param_informe=16&param_nit=119&param_FecBal=2013-12-31 HTTP/1.1" 200 62
66.249.65.123 - - [27/Nov/2014:06:29:11 -0500] "GET /BLA/resoluciones/AUTOS%202012/0468.pdf HTTP/1.1" 200 327658
201.245.192.253 - - [27/Nov/2014:06:29:13 -0500] "GET /Report2/parameter?action=runReportMDX&json=true&listdep=FecBal&id_rpt=17&param_informe=1&param_nit=119 HTTP/1.1" 200 130
190.66.125.218 - - [27/Nov/2014:06:29:15 -0500] "POST /forms/lservlet;jsessionid=ac16012b30d5ae9fea6c97af46a3be41deca26eb8a54.e3iSbxaKaheRe34Sa3yKbhiTahb0n6jAmljGr5XDqQLvpAe HTTP/1.1" 200 2
201.245.192.253 - - [27/Nov/2014:06:29:15 -0500] "GET /Report2/parameter?action=runReportMDX&json=true&listdep=formato&id_rpt=17&param_informe=1&param_nit=119&param_FecBal=2012-12-31 HTTP/1.1" 200 140
190.66.125.218 - - [27/Nov/2014:06:29:15 -0500] "POST /forms/lservlet;jsessionid=ac16012b30d5ae9fea6c97af46a3be41deca26eb8a54.e3iSbxaKaheRe34Sa3yKbhiTahb0n6jAmljGr5XDqQLvpAe HTTP/1.1" 200 14
190.66.125.218 - - [27/Nov/2014:06:29:16 -0500] "POST /forms/lservlet;jsessionid=ac16012b30d5ae9fea6c97af46a3be41deca26eb8a54.e3iSbxaKaheRe34Sa3yKbhiTahb0n6jAmljGr5XDqQLvpAe HTTP/1.1" 200 14
201.245.192.253 - - [27/Nov/2014:06:29:17 -0500] "POST /Report2/rptManage.jsp?migracion=111 HTTP/1.1" 200 617
201.245.192.253 - - [27/Nov/2014:06:29:17 -0500] "GET /Report2/rpt.jsp?migracion=111&id_rpt=17&currentTab=tab_2762&rnd=0.4143254150800869 HTTP/1.1" 200 13858
201.245.192.253 - - [27/Nov/2014:06:29:17 -0500] "GET /Report2/loading.jsp?migracion=111&id_rpt=17&currentTab=tab_2762&rnd=0.35027070718222675 HTTP/1.1" 200 2760
201.245.192.253 - - [27/Nov/2014:06:29:17 -0500] "GET /Report2/serviceListados.jsp?queryId=rpt/infxidC&informe=1&a=0.6958425862248987 HTTP/1.1" 200 235
201.245.192.253 - - [27/Nov/2014:06:29:17 -0500] "GET /Report2/serviceListados.jsp?queryId=rpt/entidadxidC&nit=119&a=0.9792989427223802 HTTP/1.1" 200 253
201.245.192.253 - - [27/Nov/2014:06:29:17 -0500] "POST /Report2/infReportada.jsp?rdmMapa=731082 HTTP/1.1" 200 38928
190.66.125.218 - - [27/Nov/2014:06:29:17 -0500] "POST /forms/lservlet;jsessionid=ac16012b30d5ae9fea6c97af46a3be41deca26eb8a54.e3iSbxaKaheRe34Sa3yKbhiTahb0n6jAmljGr5XDqQLvpAe HTTP/1.1" 200 14
190.66.125.218 - - [27/Nov/2014:06:29:19 -0500] "POST /forms/lservlet;jsessionid=ac16012b30d5ae9fea6c97af46a3be41deca26eb8a54.e3iSbxaKaheRe34Sa3yKbhiTahb0n6jAmljGr5XDqQLvpAe HTTP/1.1" 200 14
190.66.125.218 - - [27/Nov/2014:06:29:21 -0500] "POST /forms/lservlet;jsessionid=ac16012b30d5ae9fea6c97af46a3be41deca26eb8a54.e3iSbxaKaheRe34Sa3yKbhiTahb0n6jAmljGr5XDqQLvpAe HTTP/1.1" 200 15
190.66.125.218 - - [27/Nov/2014:06:29:23 -0500] "POST /forms/lservlet;jsessionid=ac16012b30d5ae9fea6c97af46a3be41deca26eb8a54.e3iSbxaKaheRe34Sa3yKbhiTahb0n6jAmljGr5XDqQLvpAe HTTP/1.1" 200 115
190.66.125.218 - - [27/Nov/2014:06:29:25 -0500] "POST /forms/lservlet;jsessionid=ac16012b30d5ae9fea6c97af46a3be41deca26eb8a54.e3iSbxaKaheRe34Sa3yKbhiTahb0n6jAmljGr5XDqQLvpAe HTTP/1.1" 200 2
66.249.65.115 - - [27/Nov/2014:06:29:27 -0500] "GET /BLA/resoluciones/AUTOS%202012/1514.pdf HTTP/1.1" 200 465167
190.66.125.218 - - [27/Nov/2014:06:29:27 -0500] "POST /forms/lservlet;jsessionid=ac16012b30d5ae9fea6c97af46a3be41deca26eb8a54.e3iSbxaKaheRe34Sa3yKbhiTahb0n6jAmljGr5XDqQLvpAe HTTP/1.1" 200 238
190.66.125.218 - - [27/Nov/2014:06:29:29 -0500] "POST /forms/lservlet;jsessionid=ac16012b30d5ae9fea6c97af46a3be41deca26eb8a54.e3iSbxaKaheRe34Sa3yKbhiTahb0n6jAmljGr5XDqQLvpAe HTTP/1.1" 200 88
190.66.125.218 - - [27/Nov/2014:06:29:29 -0500] "POST /forms/lservlet;jsessionid=ac16012b30d5ae9fea6c97af46a3be41deca26eb8a54.e3iSbxaKaheRe34Sa3yKbhiTahb0n6jAmljGr5XDqQLvpAe HTTP/1.1" 200 8
190.66.125.218 - - [27/Nov/2014:06:29:29 -0500] "POST /forms/lservlet;jsessionid=ac16012b30d5ae9fea6c97af46a3be41deca26eb8a54.e3iSbxaKaheRe34Sa3yKbhiTahb0n6jAmljGr5XDqQLvpAe HTTP/1.1" 200 2
190.66.125.218 - - [27/Nov/2014:06:29:30 -0500] "POST /forms/lservlet;jsessionid=ac16012b30d5ae9fea6c97af46a3be41deca26eb8a54.e3iSbxaKaheRe34Sa3yKbhiTahb0n6jAmljGr5XDqQLvpAe HTTP/1.1" 200 7
190.66.125.218 - - [27/Nov/2014:06:29:30 -0500] "POST /forms/lservlet;jsessionid=ac16012b30d5ae9fea6c97af46a3be41deca26eb8a54.e3iSbxaKaheRe34Sa3yKbhiTahb0n6jAmljGr5XDqQLvpAe HTTP/1.1" 200 14161
190.66.125.218 - - [27/Nov/2014:06:29:31 -0500] "GET /imagenes/open.gif HTTP/1.1" 200 919
190.66.125.218 - - [27/Nov/2014:06:29:31 -0500] "GET /imagenes/rt_print.gif HTTP/1.1" 200 916
190.66.125.218 - - [27/Nov/2014:06:29:31 -0500] "POST /forms/lservlet;jsessionid=ac16012b30d5ae9fea6c97af46a3be41deca26eb8a54.e3iSbxaKaheRe34Sa3yKbhiTahb0n6jAmljGr5XDqQLvpAe HTTP/1.1" 200 11
190.66.125.218 - - [27/Nov/2014:06:29:31 -0500] "POST /forms/lservlet;jsessionid=ac16012b30d5ae9fea6c97af46a3be41deca26eb8a54.e3iSbxaKaheRe34Sa3yKbhiTahb0n6jAmljGr5XDqQLvpAe HTTP/1.1" 200 34
190.66.125.218 - - [27/Nov/2014:06:29:37 -0500] "POST /forms/lservlet;jsessionid=ac16012b30d5ae9fea6c97af46a3be41deca26eb8a54.e3iSbxaKaheRe34Sa3yKbhiTahb0n6jAmljGr5XDqQLvpAe HTTP/1.1" 200 2
190.66.125.218 - - [27/Nov/2014:06:29:38 -0500] "POST /forms/lservlet;jsessionid=ac16012b30d5ae9fea6c97af46a3be41deca26eb8a54.e3iSbxaKaheRe34Sa3yKbhiTahb0n6jAmljGr5XDqQLvpAe HTTP/1.1" 200 257
190.66.125.218 - - [27/Nov/2014:06:29:38 -0500] "POST /forms/lservlet;jsessionid=ac16012b30d5ae9fea6c97af46a3be41deca26eb8a54.e3iSbxaKaheRe34Sa3yKbhiTahb0n6jAmljGr5XDqQLvpAe HTTP/1.1" 200 19
190.66.125.218 - - [27/Nov/2014:06:29:39 -0500] "POST /forms/lservlet;jsessionid=ac16012b30d5ae9fea6c97af46a3be41deca26eb8a54.e3iSbxaKaheRe34Sa3yKbhiTahb0n6jAmljGr5XDqQLvpAe HTTP/1.1" 200 2
190.66.125.218 - - [27/Nov/2014:06:29:39 -0500] "POST /forms/lservlet;jsessionid=ac16012b30d5ae9fea6c97af46a3be41deca26eb8a54.e3iSbxaKaheRe34Sa3yKbhiTahb0n6jAmljGr5XDqQLvpAe HTTP/1.1" 200 233
190.66.125.218 - - [27/Nov/2014:06:29:39 -0500] "POST /forms/lservlet;jsessionid=ac16012b30d5ae9fea6c97af46a3be41deca26eb8a54.e3iSbxaKaheRe34Sa3yKbhiTahb0n6jAmljGr5XDqQLvpAe HTTP/1.1" 200 19
190.66.125.218 - - [27/Nov/2014:06:29:40 -0500] "POST /forms/lservlet;jsessionid=ac16012b30d5ae9fea6c97af46a3be41deca26eb8a54.e3iSbxaKaheRe34Sa3yKbhiTahb0n6jAmljGr5XDqQLvpAe HTTP/1.1" 200 2
190.66.125.218 - - [27/Nov/2014:06:29:40 -0500] "POST /forms/lservlet;jsessionid=ac16012b30d5ae9fea6c97af46a3be41deca26eb8a54.e3iSbxaKaheRe34Sa3yKbhiTahb0n6jAmljGr5XDqQLvpAe HTTP/1.1" 200 233
190.66.125.218 - - [27/Nov/2014:06:29:40 -0500] "POST /forms/lservlet;jsessionid=ac16012b30d5ae9fea6c97af46a3be41deca26eb8a54.e3iSbxaKaheRe34Sa3yKbhiTahb0n6jAmljGr5XDqQLvpAe HTTP/1.1" 200 19
191.156.40.170 - - [27/Nov/2014:06:29:49 -0500] "GET /BLA/boletinlegal/js/jquery.js HTTP/1.1" 200 57254
191.156.40.170 - - [27/Nov/2014:06:29:49 -0500] "GET /BLA/boletinlegal/js/jquery.scrollShow.js HTTP/1.1" 200 4586
191.156.40.170 - - [27/Nov/2014:06:29:49 -0500] "GET /BLA/boletinlegal/js/jquery.scrollTo-min.js HTTP/1.1" 200 1150
66.249.65.123 - - [27/Nov/2014:06:29:52 -0500] "GET /BLA/resoluciones/RESOLUCIONES%202009/3111.pdf HTTP/1.1" 200 480717
157.55.39.217 - - [27/Nov/2014:06:29:56 -0500] "GET /BLA/resoluciones/AUTOS%202010/3714.pdf HTTP/1.1" 200 267605
66.249.65.115 - - [27/Nov/2014:06:29:56 -0500] "GET /BLA/resoluciones/AUTOS%202012/0517.pdf HTTP/1.1" 200 373742
157.55.39.166 - - [27/Nov/2014:06:30:02 -0500] "GET /bla/resoluciones/resoluciones%202009/9011.pdf HTTP/1.1" 200 310033
186.116.62.178 - - [27/Nov/2014:06:30:12 -0500] "GET /BLA/boletinlegal/js/jquery.js HTTP/1.1" 200 57254
186.116.62.178 - - [27/Nov/2014:06:30:12 -0500] "GET /BLA/boletinlegal/js/jquery.scrollTo-min.js HTTP/1.1" 200 1150
186.116.62.178 - - [27/Nov/2014:06:30:12 -0500] "GET /BLA/boletinlegal/js/jquery.scrollShow.js HTTP/1.1" 200 4586
74.86.158.107 - - [27/Nov/2014:06:30:34 -0500] "HEAD / HTTP/1.1" 302 -
190.159.253.93 - - [27/Nov/2014:06:30:37 -0500] "GET /BLA/boletinlegal/js/jquery.js HTTP/1.1" 200 57254
190.159.253.93 - - [27/Nov/2014:06:30:37 -0500] "GET /BLA/boletinlegal/js/jquery.scrollTo-min.js HTTP/1.1" 200 1150
190.159.253.93 - - [27/Nov/2014:06:30:37 -0500] "GET /BLA/boletinlegal/js/jquery.scrollShow.js HTTP/1.1" 200 4586
66.249.65.123 - - [27/Nov/2014:06:30:42 -0500] "GET /BLA/resoluciones/AUTOS%202012/0826.pdf HTTP/1.1" 200 334148
190.66.125.218 - - [27/Nov/2014:06:30:47 -0500] "POST /forms/lservlet;jsessionid=ac16012b30d5ae9fea6c97af46a3be41deca26eb8a54.e3iSbxaKaheRe34Sa3yKbhiTahb0n6jAmljGr5XDqQLvpAe HTTP/1.1" 200 2
201.245.192.253 - - [27/Nov/2014:06:30:53 -0500] "GET /plugins/like_box.php?app_id=&channel=http%3A%2F%2Fstatic.ak.facebook.com%2Fconnect%2Fxd_arbiter%2F7r8gQb8MIqE.js%3Fversion%3D41%23cb%3Df2d74b5fa8%26domain%3Dwww.colombia.com%26origin%3Dhttp%253A%252F%252Fwww.colombia.com%252Ff3feb3705c%26relation%3Dparent.parent&header=false&href=http%3A%2F%2Fwww.facebook.com%2Fpages%2FColombiacom%2F120864984617693&locale=es_LA&sdk=joey&stream=false&width=320 HTTP/1.1" 404 1344
207.46.13.71 - - [27/Nov/2014:06:31:15 -0500] "GET /BLA/resoluciones/AUTOS%202011/5903.pdf HTTP/1.1" 200 245183
66.249.65.123 - - [27/Nov/2014:06:31:18 -0500] "GET /BLA/resoluciones/RESOLUCIONES%202009/5032.pdf HTTP/1.1" 200 40644
66.249.65.119 - - [27/Nov/2014:06:31:27 -0500] "GET /BLA/resoluciones/AUTOS%202012/1560.pdf HTTP/1.1" 200 302291
157.55.39.155 - - [27/Nov/2014:06:31:29 -0500] "GET /dama/libreria/php/2006/restauracion/33_publi/protoc/protocolo%20marco%20conceptual.pdf HTTP/1.1" 404 1019
207.46.13.71 - - [27/Nov/2014:06:31:45 -0500] "GET /BLA/resoluciones/AUTOS%202009/0103.pdf HTTP/1.1" 200 57934
191.73.230.3 - - [27/Nov/2014:06:32:01 -0500] "GET /BLA/boletinlegal/js/jquery.scrollTo-min.js HTTP/1.1" 200 1150
191.73.230.3 - - [27/Nov/2014:06:32:02 -0500] "GET /BLA/boletinlegal/js/jquery.js HTTP/1.1" 200 57254
191.73.230.3 - - [27/Nov/2014:06:32:02 -0500] "GET /BLA/boletinlegal/js/jquery.scrollShow.js HTTP/1.1" 200 4586
66.249.65.115 - - [27/Nov/2014:06:32:11 -0500] "GET /BLA/resoluciones/RESOLUCIONES%202002/RES%202002%20151-200/2002RES178.tif HTTP/1.1" 200 93722
180.76.5.58 - - [27/Nov/2014:06:32:12 -0500] "GET /BLA/resoluciones/AUTOS%202012/1772.pdf HTTP/1.1" 200 413133
66.249.65.119 - - [27/Nov/2014:06:32:12 -0500] "GET /BLA/resoluciones/AUTOS%202012/2270.pdf HTTP/1.1" 200 332130
201.245.192.253 - - [27/Nov/2014:06:32:31 -0500] "GET /galeria/nivo-slider/demo/demo.html HTTP/1.1" 304 -
201.245.192.253 - - [27/Nov/2014:06:32:31 -0500] "GET /galeria/nivo-slider/demo/images/Banner-GAE2.jpg HTTP/1.1" 304 -
201.245.192.253 - - [27/Nov/2014:06:32:31 -0500] "GET /galeria/nivo-slider/demo/images/festivalBasura0.jpg HTTP/1.1" 304 -
201.245.192.253 - - [27/Nov/2014:06:32:31 -0500] "GET /galeria/nivo-slider/demo/images/banner-pygaai.jpg HTTP/1.1" 304 -
201.245.192.253 - - [27/Nov/2014:06:32:31 -0500] "GET /galeria/nivo-slider/demo/images/Biotaxis-Man.jpg HTTP/1.1" 304 -
157.55.39.217 - - [27/Nov/2014:06:32:32 -0500] "GET /bla/resoluciones/resoluciones%202009/4528.pdf HTTP/1.1" 200 61126
66.249.65.123 - - [27/Nov/2014:06:32:43 -0500] "GET /BLA/resoluciones/RESOLUCIONES%202009/6286.pdf HTTP/1.1" 200 431007
190.66.125.218 - - [27/Nov/2014:06:32:47 -0500] "POST /forms/lservlet;jsessionid=ac16012b30d5ae9fea6c97af46a3be41deca26eb8a54.e3iSbxaKaheRe34Sa3yKbhiTahb0n6jAmljGr5XDqQLvpAe HTTP/1.1" 200 2
66.249.65.115 - - [27/Nov/2014:06:32:58 -0500] "GET /BLA/resoluciones/AUTOS%202012/2111.pdf HTTP/1.1" 200 374903
180.76.5.58 - - [27/Nov/2014:06:32:59 -0500] "GET /BLA/resoluciones/RESOLUCIONES%202008/0497.pdf HTTP/1.1" 200 99488
66.249.65.115 - - [27/Nov/2014:06:33:09 -0500] "GET /BLA/resoluciones/RESOLUCIONES%202004/RES%202004%201851-1900/00001875.tif HTTP/1.1" 200 159134
181.59.38.4 - - [27/Nov/2014:06:33:40 -0500] "GET /BLA/boletinlegal/js/jquery.js HTTP/1.1" 200 57254
