207.46.13.38 - - [09/Dec/2014:05:50:02 -0500] "GET /BLA/resoluciones/AUTOS%202011/2997.pdf HTTP/1.1" 200 198653
207.46.13.38 - - [09/Dec/2014:05:50:03 -0500] "GET /BLA/resoluciones/Resoluciones%202011/1151.pdf HTTP/1.1" 200 257424
74.86.158.107 - - [09/Dec/2014:05:50:03 -0500] "HEAD / HTTP/1.1" 302 -
207.46.13.38 - - [09/Dec/2014:05:50:03 -0500] "GET /BLA/resoluciones/RESOLUCIONES%202010/0173.pdf HTTP/1.1" 200 417669
157.55.39.13 - - [09/Dec/2014:05:50:06 -0500] "GET /BLA/resoluciones/AUTOS%202012/2511.pdf HTTP/1.1" 200 4158695
157.55.39.13 - - [09/Dec/2014:05:50:08 -0500] "GET /BLA/resoluciones/RESOLUCIONES%202010/1287.pdf HTTP/1.1" 200 96391
207.46.13.38 - - [09/Dec/2014:05:50:17 -0500] "GET /BLA/resoluciones/RESOLUCIONES%202010/0840.pdf HTTP/1.1" 200 124158
157.55.39.13 - - [09/Dec/2014:05:50:23 -0500] "GET /bla/resoluciones/RESOLUCIONES%202011/1152.pdf HTTP/1.1" 200 489027
157.55.39.13 - - [09/Dec/2014:05:50:24 -0500] "GET /bla/resoluciones/resoluciones%202010/0117.pdf HTTP/1.1" 200 104788
207.46.13.38 - - [09/Dec/2014:05:50:37 -0500] "GET /BLA/resoluciones/AUTOS%202010/4363.pdf HTTP/1.1" 200 707736
157.55.39.104 - - [09/Dec/2014:05:50:41 -0500] "GET /BLA/resoluciones/RESOLUCIONES%202009/7852.pdf HTTP/1.1" 200 646684
207.46.13.38 - - [09/Dec/2014:05:50:52 -0500] "GET /bla/resoluciones/resoluciones%202010/1171.pdf HTTP/1.1" 200 107844
181.54.57.138 - - [09/Dec/2014:05:50:53 -0500] "POST /forms/lservlet;jsessionid=ac16012b30d536ee128ca8d54f93b81fb84804e7a8a2.e3iSbxaKaheRe34Sa3yKbhiTahb0n6jAmljGr5XDqQLvpAe HTTP/1.1" 200 136
157.55.39.15 - - [09/Dec/2014:05:50:59 -0500] "GET /robots.txt HTTP/1.1" 404 1018
157.55.39.104 - - [09/Dec/2014:05:51:01 -0500] "GET /bla/resoluciones/resoluciones%202009/1206.pdf HTTP/1.1" 200 393468
157.55.39.191 - - [09/Dec/2014:05:51:06 -0500] "GET /BLA/resoluciones/Resoluciones%202011/2847.pdf HTTP/1.1" 200 725216
157.55.39.13 - - [09/Dec/2014:05:51:10 -0500] "GET /BLA/resoluciones/RESOLUCIONES%202010/2846.pdf HTTP/1.1" 200 635933
157.55.39.13 - - [09/Dec/2014:05:51:10 -0500] "-" 408 -
157.55.39.191 - - [09/Dec/2014:05:51:15 -0500] "GET /BLA/resoluciones/RESOLUCIONES%202010/2285.pdf HTTP/1.1" 200 351182
207.46.13.38 - - [09/Dec/2014:05:51:20 -0500] "GET /BLA/resoluciones/Resoluciones%202011/0506.pdf HTTP/1.1" 200 68437
181.54.57.138 - - [09/Dec/2014:05:51:28 -0500] "POST /forms/lservlet;jsessionid=ac16012b30d536ee128ca8d54f93b81fb84804e7a8a2.e3iSbxaKaheRe34Sa3yKbhiTahb0n6jAmljGr5XDqQLvpAe HTTP/1.1" 200 2
157.55.39.16 - - [09/Dec/2014:05:51:29 -0500] "GET /bla/resoluciones/resoluciones%202009/0884.pdf HTTP/1.1" 200 722089
157.55.39.16 - - [09/Dec/2014:05:51:29 -0500] "GET /BLA/resoluciones/RESOLUCIONES%202008/2039.pdf HTTP/1.1" 200 45747
66.249.75.51 - - [09/Dec/2014:05:51:36 -0500] "-" 408 -
186.154.85.200 - - [09/Dec/2014:05:51:42 -0500] "POST /forms/lservlet;jsessionid=ac16012b30d5dc42fff3b67e4e98b103908af20e5c2a.e3iSbxaKaheRe34Sa3yKbhiTahb0n6jAmljGr5XDqQLvpAe HTTP/1.1" 200 2
157.55.39.12 - - [09/Dec/2014:05:51:43 -0500] "GET /bla/resoluciones/resoluciones%202010/0817.pdf HTTP/1.1" 200 97727
157.55.39.104 - - [09/Dec/2014:05:51:51 -0500] "GET /bla/resoluciones/resoluciones%202010/6937.pdf HTTP/1.1" 200 333274
157.55.39.13 - - [09/Dec/2014:05:52:01 -0500] "GET /BLA/resoluciones/RESOLUCIONES%202012/1549.pdf HTTP/1.1" 200 1163828
180.76.5.73 - - [09/Dec/2014:05:52:04 -0500] "GET /BLA/resoluciones/RESOLUCIONES%202008/4760.pdf HTTP/1.1" 200 917328
157.55.39.15 - - [09/Dec/2014:05:52:06 -0500] "GET /BLA/resoluciones/Resoluciones%202011/0270.pdf HTTP/1.1" 200 90675
157.55.39.15 - - [09/Dec/2014:05:52:06 -0500] "GET /BLA/resoluciones/AUTOS%202011/3297.pdf HTTP/1.1" 200 215923
157.55.39.15 - - [09/Dec/2014:05:52:07 -0500] "GET /BLA/resoluciones/AUTOS%202012/1614.pdf HTTP/1.1" 200 465650
207.46.13.38 - - [09/Dec/2014:05:52:10 -0500] "GET /bla/resoluciones/RESOLUCIONES%202011/0405.pdf HTTP/1.1" 200 73376
207.46.13.38 - - [09/Dec/2014:05:52:11 -0500] "GET /BLA/resoluciones/AUTOS%202009/2001.pdf HTTP/1.1" 200 103831
157.55.39.13 - - [09/Dec/2014:05:52:15 -0500] "GET /BLA/resoluciones/RESOLUCIONES%202012/0702.pdf HTTP/1.1" 200 424188
157.55.39.13 - - [09/Dec/2014:05:52:16 -0500] "GET /bla/resoluciones/resoluciones%202009/1636.pdf HTTP/1.1" 200 379115
157.55.39.192 - - [09/Dec/2014:05:52:20 -0500] "GET /bla/resoluciones/resoluciones%202009/8056.pdf HTTP/1.1" 200 240213
157.55.39.192 - - [09/Dec/2014:05:52:20 -0500] "GET /BLA/resoluciones/AUTOS%202011/1757.pdf HTTP/1.1" 200 176760
157.55.39.103 - - [09/Dec/2014:05:52:26 -0500] "GET /BLA/resoluciones/RESOLUCIONES%202009/1017.pdf HTTP/1.1" 200 230390
181.157.178.127 - - [09/Dec/2014:05:52:30 -0500] "GET /BLA/boletinlegal/js/jquery.scrollShow.js HTTP/1.1" 200 4586
181.157.178.127 - - [09/Dec/2014:05:52:30 -0500] "GET /BLA/boletinlegal/js/jquery.js HTTP/1.1" 200 57254
157.55.39.12 - - [09/Dec/2014:05:52:41 -0500] "GET /BLA/resoluciones/AUTOS%202009/1404.pdf HTTP/1.1" 200 199044
157.55.39.12 - - [09/Dec/2014:05:52:43 -0500] "GET /bla/resoluciones/resoluciones%202010/6028.pdf HTTP/1.1" 200 662527
157.55.39.12 - - [09/Dec/2014:05:52:43 -0500] "GET /bla/resoluciones/resoluciones%202010/0732.pdf HTTP/1.1" 200 110688
207.46.13.38 - - [09/Dec/2014:05:52:46 -0500] "GET /bla/resoluciones/resoluciones%202010/1204.pdf HTTP/1.1" 200 112052
207.46.13.38 - - [09/Dec/2014:05:52:47 -0500] "GET /bla/resoluciones/resoluciones%202010/1366.pdf HTTP/1.1" 200 358422
207.46.13.38 - - [09/Dec/2014:05:52:47 -0500] "GET /bla/resoluciones/resoluciones%202010/6918.pdf HTTP/1.1" 200 1281285
180.76.6.60 - - [09/Dec/2014:05:52:55 -0500] "GET /BLA/resoluciones/RESOLUCIONES%202012/1239.pdf HTTP/1.1" 200 474610
180.76.5.151 - - [09/Dec/2014:05:52:55 -0500] "GET /BLA/resoluciones/RESOLUCIONES%202012/1239.pdf HTTP/1.1" 200 474610
180.76.6.45 - - [09/Dec/2014:05:53:06 -0500] "GET /BLA/resoluciones/RESOLUCIONES%202011/4823.pdf HTTP/1.1" 200 706854
180.76.6.148 - - [09/Dec/2014:05:53:06 -0500] "GET /BLA/resoluciones/RESOLUCIONES%202011/4823.pdf HTTP/1.1" 200 706854
188.165.15.187 - - [09/Dec/2014:05:53:11 -0500] "GET /BLA/resoluciones/RESOLUCIONES%202005/RES%202005%20801-850/00000805.tif HTTP/1.1" 200 189766
181.54.57.138 - - [09/Dec/2014:05:53:28 -0500] "POST /forms/lservlet;jsessionid=ac16012b30d536ee128ca8d54f93b81fb84804e7a8a2.e3iSbxaKaheRe34Sa3yKbhiTahb0n6jAmljGr5XDqQLvpAe HTTP/1.1" 200 2
157.55.39.12 - - [09/Dec/2014:05:53:32 -0500] "GET /bla/resoluciones/resoluciones%202009/1517.pdf HTTP/1.1" 200 414596
207.46.13.38 - - [09/Dec/2014:05:53:39 -0500] "GET /BLA/resoluciones/RESOLUCIONES%202011/4829.pdf HTTP/1.1" 200 533655
186.154.85.200 - - [09/Dec/2014:05:53:42 -0500] "POST /forms/lservlet;jsessionid=ac16012b30d5dc42fff3b67e4e98b103908af20e5c2a.e3iSbxaKaheRe34Sa3yKbhiTahb0n6jAmljGr5XDqQLvpAe HTTP/1.1" 200 2
157.55.39.15 - - [09/Dec/2014:05:53:45 -0500] "GET /bla/resoluciones/resoluciones%202010/0088.pdf HTTP/1.1" 200 537883
157.55.39.15 - - [09/Dec/2014:05:53:45 -0500] "GET /bla/resoluciones/resoluciones%202009/9609.pdf HTTP/1.1" 200 399987
157.55.39.15 - - [09/Dec/2014:05:53:46 -0500] "GET /BLA/resoluciones/AUTOS%202011/1555.pdf HTTP/1.1" 200 146823
157.55.39.15 - - [09/Dec/2014:05:53:46 -0500] "GET /bla/resoluciones/resoluciones%202010/1911.pdf HTTP/1.1" 200 588084
157.55.39.15 - - [09/Dec/2014:05:53:47 -0500] "GET /bla/resoluciones/resoluciones%202009/8892.pdf HTTP/1.1" 200 271283
157.55.39.12 - - [09/Dec/2014:05:53:49 -0500] "GET /BLA/resoluciones/RESOLUCIONES%202009/1825.pdf HTTP/1.1" 200 445548
180.76.6.17 - - [09/Dec/2014:05:53:51 -0500] "GET /BLA/resoluciones/AUTOS%202010/5660.pdf HTTP/1.1" 200 254255
180.76.6.149 - - [09/Dec/2014:05:53:51 -0500] "GET /BLA/resoluciones/AUTOS%202010/5660.pdf HTTP/1.1" 200 254255
157.55.39.12 - - [09/Dec/2014:05:53:51 -0500] "GET /BLA/resoluciones/AUTOS%202011/3837.pdf HTTP/1.1" 200 274913
157.55.39.104 - - [09/Dec/2014:05:53:54 -0500] "GET /BLA/resoluciones/RESOLUCIONES%202008/0434.pdf HTTP/1.1" 200 223036
157.55.39.104 - - [09/Dec/2014:05:53:55 -0500] "GET /BLA/resoluciones/RESOLUCIONES%202009/3030.pdf HTTP/1.1" 200 608232
207.46.13.38 - - [09/Dec/2014:05:53:59 -0500] "GET /BLA/resoluciones/AUTOS%202010/4888.pdf HTTP/1.1" 200 163579
180.76.5.71 - - [09/Dec/2014:05:54:02 -0500] "GET /BLA/resoluciones/RESOLUCIONES%202008/5356.pdf HTTP/1.1" 200 223705
180.76.5.187 - - [09/Dec/2014:05:54:05 -0500] "GET /BLA/resoluciones/RESOLUCIONES%202008/5356.pdf HTTP/1.1" 200 223705
157.55.39.13 - - [09/Dec/2014:05:54:11 -0500] "GET /BLA/resoluciones/AUTOS%202011/1511.pdf HTTP/1.1" 200 265651
188.165.15.132 - - [09/Dec/2014:05:54:25 -0500] "GET /BLA/resoluciones/RESOLUCIONES%202004/RES%202004%20651-700/00000659.tif HTTP/1.1" 200 240928
157.55.39.16 - - [09/Dec/2014:05:54:26 -0500] "GET /bla/resoluciones/RESOLUCIONES%202011/2014.pdf HTTP/1.1" 200 512091
157.55.39.16 - - [09/Dec/2014:05:54:28 -0500] "GET /bla/resoluciones/resoluciones%202010/5394.pdf HTTP/1.1" 200 373360
157.55.39.16 - - [09/Dec/2014:05:54:28 -0500] "GET /bla/resoluciones/resoluciones%202010/7544.pdf HTTP/1.1" 200 304476
157.55.39.16 - - [09/Dec/2014:05:54:29 -0500] "GET /bla/resoluciones/RESOLUCIONES%202011/0252.pdf HTTP/1.1" 200 271119
157.55.39.13 - - [09/Dec/2014:05:54:30 -0500] "GET /BLA/resoluciones/Resoluciones%202011/2247.pdf HTTP/1.1" 200 776572
207.46.13.38 - - [09/Dec/2014:05:54:35 -0500] "GET /bla/resoluciones/resoluciones%202009/8187.pdf HTTP/1.1" 200 496339
157.55.39.103 - - [09/Dec/2014:05:54:42 -0500] "GET /BLA/resoluciones/AUTOS%202009/0273.pdf HTTP/1.1" 200 110981
157.55.39.104 - - [09/Dec/2014:05:54:45 -0500] "GET /BLA/resoluciones/RESOLUCIONES%202011/2258.pdf HTTP/1.1" 200 643064
207.46.13.38 - - [09/Dec/2014:05:54:46 -0500] "GET /bla/resoluciones/resoluciones%202009/1055.pdf HTTP/1.1" 200 201305
157.55.39.12 - - [09/Dec/2014:05:54:50 -0500] "GET /BLA/resoluciones/AUTOS%202012/2171.pdf HTTP/1.1" 200 609580
207.46.13.38 - - [09/Dec/2014:05:54:59 -0500] "GET /BLA/resoluciones/RESOLUCIONES%202012/1575.pdf HTTP/1.1" 200 582237
157.55.39.13 - - [09/Dec/2014:05:55:03 -0500] "GET /BLA/resoluciones/AUTOS%202011/1522.pdf HTTP/1.1" 200 141513
74.86.158.107 - - [09/Dec/2014:05:55:03 -0500] "HEAD / HTTP/1.1" 302 -
157.55.39.104 - - [09/Dec/2014:05:55:11 -0500] "GET /BLA/resoluciones/AUTOS%202010/1464.pdf HTTP/1.1" 200 249053
157.55.39.13 - - [09/Dec/2014:05:55:24 -0500] "GET /BLA/resoluciones/Resoluciones%202011/2360.pdf HTTP/1.1" 200 843536
207.46.13.38 - - [09/Dec/2014:05:55:28 -0500] "GET /BLA/resoluciones/RESOLUCIONES%202011/1357.pdf HTTP/1.1" 200 64241
181.54.57.138 - - [09/Dec/2014:05:55:28 -0500] "POST /forms/lservlet;jsessionid=ac16012b30d536ee128ca8d54f93b81fb84804e7a8a2.e3iSbxaKaheRe34Sa3yKbhiTahb0n6jAmljGr5XDqQLvpAe HTTP/1.1" 200 2
157.55.39.103 - - [09/Dec/2014:05:55:36 -0500] "GET /BLA/resoluciones/AUTOS%202010/0537.pdf HTTP/1.1" 200 185567
157.55.39.103 - - [09/Dec/2014:05:55:36 -0500] "GET /bla/resoluciones/resoluciones%202009/1423.pdf HTTP/1.1" 200 439697
157.55.39.103 - - [09/Dec/2014:05:55:37 -0500] "GET /BLA/resoluciones/RESOLUCIONES%202008/2465.pdf HTTP/1.1" 200 243178
186.154.85.200 - - [09/Dec/2014:05:55:42 -0500] "POST /forms/lservlet;jsessionid=ac16012b30d5dc42fff3b67e4e98b103908af20e5c2a.e3iSbxaKaheRe34Sa3yKbhiTahb0n6jAmljGr5XDqQLvpAe HTTP/1.1" 200 2
157.55.39.15 - - [09/Dec/2014:05:55:47 -0500] "GET /BLA/resoluciones/Resoluciones%202011/1181.pdf HTTP/1.1" 200 344005
157.55.39.15 - - [09/Dec/2014:05:55:47 -0500] "GET /BLA/resoluciones/RESOLUCIONES%202009/0512.pdf HTTP/1.1" 200 295701
157.55.39.15 - - [09/Dec/2014:05:55:49 -0500] "GET /BLA/resoluciones/RESOLUCIONES%202010/2568.pdf HTTP/1.1" 200 545823
157.55.39.15 - - [09/Dec/2014:05:55:49 -0500] "GET /BLA/resoluciones/RESOLUCIONES%202011/3798.pdf HTTP/1.1" 200 529507
157.55.39.15 - - [09/Dec/2014:05:55:50 -0500] "GET /BLA/resoluciones/RESOLUCIONES%202010/0522.pdf HTTP/1.1" 200 327791
157.55.39.12 - - [09/Dec/2014:05:55:52 -0500] "GET /BLA/resoluciones/AUTOS%202010/4860.pdf HTTP/1.1" 200 246505
157.55.39.13 - - [09/Dec/2014:05:55:53 -0500] "GET /BLA/resoluciones/RESOLUCIONES%202009/0375.pdf HTTP/1.1" 200 223513
207.46.13.38 - - [09/Dec/2014:05:55:57 -0500] "GET /BLA/resoluciones/RESOLUCIONES%202009/0544.pdf HTTP/1.1" 200 209331
180.76.6.231 - - [09/Dec/2014:05:56:05 -0500] "GET /BLA/resoluciones/RESOLUCIONES%202008/3210.pdf HTTP/1.1" 200 80980
180.76.6.29 - - [09/Dec/2014:05:56:05 -0500] "GET /BLA/resoluciones/RESOLUCIONES%202008/3210.pdf HTTP/1.1" 200 80980
157.55.39.104 - - [09/Dec/2014:05:56:06 -0500] "GET /BLA/resoluciones/AUTOS%202010/5533.pdf HTTP/1.1" 200 742575
157.55.39.191 - - [09/Dec/2014:05:56:11 -0500] "GET /BLA/resoluciones/RESOLUCIONES%202009/3561.pdf HTTP/1.1" 200 651135
66.249.75.83 - - [09/Dec/2014:05:56:23 -0500] "GET /BLA/resoluciones/RESOLUCIONES%202005/RES%202005%201101-1150/00001109.tif HTTP/1.1" 200 117930
157.55.39.103 - - [09/Dec/2014:05:56:27 -0500] "GET /BLA/resoluciones/RESOLUCIONES%202009/3068.pdf HTTP/1.1" 200 675497
157.55.39.103 - - [09/Dec/2014:05:56:27 -0500] "GET /BLA/resoluciones/AUTOS%202010/5517.pdf HTTP/1.1" 200 235755
157.55.39.103 - - [09/Dec/2014:05:56:28 -0500] "GET /BLA/resoluciones/AUTOS%202009/1365.pdf HTTP/1.1" 200 223252
157.55.39.12 - - [09/Dec/2014:05:56:48 -0500] "GET /bla/resoluciones/resoluciones%202010/6217.pdf HTTP/1.1" 200 351228
207.46.13.38 - - [09/Dec/2014:05:56:53 -0500] "GET /BLA/resoluciones/AUTOS%202009/2929.pdf HTTP/1.1" 200 169518
157.55.39.104 - - [09/Dec/2014:05:56:58 -0500] "GET /bla/resoluciones/resoluciones%202010/0899.pdf HTTP/1.1" 200 104450
207.46.13.38 - - [09/Dec/2014:05:57:03 -0500] "GET /bla/resoluciones/resoluciones%202010/5984.pdf HTTP/1.1" 200 190974
157.55.39.191 - - [09/Dec/2014:05:57:07 -0500] "GET /BLA/resoluciones/AUTOS%202011/3972.pdf HTTP/1.1" 200 211841
188.165.15.36 - - [09/Dec/2014:05:57:16 -0500] "GET /BLA/resoluciones/RESOLUCIONES%202006/RES%202006%20%202801-2850/00002837.tif HTTP/1.1" 200 79238
181.54.57.138 - - [09/Dec/2014:05:57:28 -0500] "POST /forms/lservlet;jsessionid=ac16012b30d536ee128ca8d54f93b81fb84804e7a8a2.e3iSbxaKaheRe34Sa3yKbhiTahb0n6jAmljGr5XDqQLvpAe HTTP/1.1" 200 2
207.46.13.38 - - [09/Dec/2014:05:57:30 -0500] "GET /BLA/resoluciones/RESOLUCIONES%202009/3282.pdf HTTP/1.1" 200 713598
157.55.39.15 - - [09/Dec/2014:05:57:39 -0500] "GET /BLA/resoluciones/AUTOS%202009/1810.pdf HTTP/1.1" 200 196019
157.55.39.15 - - [09/Dec/2014:05:57:40 -0500] "GET /BLA/resoluciones/RESOLUCIONES%202010/3036.pdf HTTP/1.1" 200 489072
157.55.39.15 - - [09/Dec/2014:05:57:40 -0500] "GET /bla/resoluciones/resoluciones%202009/8224.pdf HTTP/1.1" 200 248839
157.55.39.15 - - [09/Dec/2014:05:57:41 -0500] "GET /BLA/resoluciones/AUTOS%202012/1842.pdf HTTP/1.1" 200 643788
157.55.39.15 - - [09/Dec/2014:05:57:41 -0500] "GET /BLA/resoluciones/AUTOS%202009/2587.pdf HTTP/1.1" 200 86907
157.55.39.15 - - [09/Dec/2014:05:57:42 -0500] "GET /bla/resoluciones/resoluciones%202010/1146.pdf HTTP/1.1" 200 93279
186.154.85.200 - - [09/Dec/2014:05:57:42 -0500] "POST /forms/lservlet;jsessionid=ac16012b30d5dc42fff3b67e4e98b103908af20e5c2a.e3iSbxaKaheRe34Sa3yKbhiTahb0n6jAmljGr5XDqQLvpAe HTTP/1.1" 200 2
157.55.39.15 - - [09/Dec/2014:05:57:42 -0500] "GET /bla/resoluciones/resoluciones%202010/6435.pdf HTTP/1.1" 200 967740
180.76.5.26 - - [09/Dec/2014:05:57:43 -0500] "GET /BLA/resoluciones/RESOLUCIONES%202008/0338.pdf HTTP/1.1" 200 246761
180.76.6.140 - - [09/Dec/2014:05:57:43 -0500] "GET /BLA/resoluciones/RESOLUCIONES%202008/0338.pdf HTTP/1.1" 200 246761
157.55.39.104 - - [09/Dec/2014:05:57:48 -0500] "GET /bla/resoluciones/resoluciones%202009/8587.pdf HTTP/1.1" 200 360117
157.55.39.104 - - [09/Dec/2014:05:57:49 -0500] "GET /BLA/resoluciones/RESOLUCIONES%202010/0150.pdf HTTP/1.1" 200 552371
180.76.6.60 - - [09/Dec/2014:05:57:53 -0500] "GET /BLA/resoluciones/RESOLUCIONES%202010/2909.pdf HTTP/1.1" 200 500635
207.46.13.38 - - [09/Dec/2014:05:58:01 -0500] "GET /BLA/resoluciones/AUTOS%202011/4867.pdf HTTP/1.1" 200 653388
207.46.13.38 - - [09/Dec/2014:05:58:10 -0500] "GET /BLA/resoluciones/AUTOS%202012/1774.pdf HTTP/1.1" 200 442132
157.55.39.13 - - [09/Dec/2014:05:58:28 -0500] "GET /BLA/resoluciones/RESOLUCIONES%202010/0143.pdf HTTP/1.1" 200 114662
157.55.39.13 - - [09/Dec/2014:05:58:28 -0500] "GET /BLA/resoluciones/RESOLUCIONES%202010/0447.pdf HTTP/1.1" 200 116030
157.55.39.15 - - [09/Dec/2014:05:58:32 -0500] "GET /bla/resoluciones/resoluciones%202010/0436.pdf HTTP/1.1" 200 327618
157.55.39.15 - - [09/Dec/2014:05:58:32 -0500] "GET /bla/resoluciones/resoluciones%202009/1135.pdf HTTP/1.1" 200 5451780
157.55.39.15 - - [09/Dec/2014:05:58:33 -0500] "GET /bla/resoluciones/RESOLUCIONES%202011/0228.pdf HTTP/1.1" 200 72827
157.55.39.15 - - [09/Dec/2014:05:58:34 -0500] "GET /BLA/resoluciones/AUTOS%202009/1834.pdf HTTP/1.1" 200 104210
157.55.39.15 - - [09/Dec/2014:05:58:35 -0500] "GET /bla/resoluciones/RESOLUCIONES%202011/1758.pdf HTTP/1.1" 200 519882
157.55.39.12 - - [09/Dec/2014:05:58:37 -0500] "GET /BLA/resoluciones/RESOLUCIONES%202009/2484.pdf HTTP/1.1" 200 392162
157.55.39.12 - - [09/Dec/2014:05:58:37 -0500] "GET /BLA/resoluciones/RESOLUCIONES%202009/1743.pdf HTTP/1.1" 200 513868
157.55.39.103 - - [09/Dec/2014:05:58:42 -0500] "GET /BLA/resoluciones/RESOLUCIONES%202009/4377.pdf HTTP/1.1" 200 1125547
157.55.39.104 - - [09/Dec/2014:05:58:42 -0500] "GET /BLA/resoluciones/RESOLUCIONES%202011/1060.pdf HTTP/1.1" 200 367728
157.55.39.104 - - [09/Dec/2014:05:58:43 -0500] "GET /BLA/resoluciones/RESOLUCIONES%202009/3240.pdf HTTP/1.1" 200 697512
157.55.39.104 - - [09/Dec/2014:05:58:43 -0500] "GET /BLA/resoluciones/RESOLUCIONES%202010/2160.pdf HTTP/1.1" 200 504468
207.46.13.38 - - [09/Dec/2014:05:58:47 -0500] "GET /BLA/resoluciones/RESOLUCIONES%202009/4590.pdf HTTP/1.1" 200 638847
207.46.13.38 - - [09/Dec/2014:05:58:47 -0500] "GET /bla/resoluciones/resoluciones%202009/7711.pdf HTTP/1.1" 200 627388
180.76.5.169 - - [09/Dec/2014:05:59:09 -0500] "GET /BLA/resoluciones/RESOLUCIONES%202013/1030.pdf HTTP/1.1" 200 158474
157.55.39.104 - - [09/Dec/2014:05:59:13 -0500] "GET /bla/resoluciones/resoluciones%202010/1849.pdf HTTP/1.1" 200 441135
207.46.13.38 - - [09/Dec/2014:05:59:18 -0500] "GET /bla/resoluciones/resoluciones%202009/0699.pdf HTTP/1.1" 200 430694
157.55.39.103 - - [09/Dec/2014:05:59:23 -0500] "GET /bla/resoluciones/RESOLUCIONES%202011/3226.pdf HTTP/1.1" 200 77279
157.55.39.103 - - [09/Dec/2014:05:59:24 -0500] "GET /BLA/resoluciones/Resoluciones%202011/0619.pdf HTTP/1.1" 200 70023
157.55.39.13 - - [09/Dec/2014:05:59:28 -0500] "GET /BLA/resoluciones/AUTOS%202009/0165.pdf HTTP/1.1" 200 171297
181.54.57.138 - - [09/Dec/2014:05:59:28 -0500] "POST /forms/lservlet;jsessionid=ac16012b30d536ee128ca8d54f93b81fb84804e7a8a2.e3iSbxaKaheRe34Sa3yKbhiTahb0n6jAmljGr5XDqQLvpAe HTTP/1.1" 200 2
157.55.39.12 - - [09/Dec/2014:05:59:38 -0500] "GET /bla/resoluciones/resoluciones%202009/1640.pdf HTTP/1.1" 200 384955
186.154.85.200 - - [09/Dec/2014:05:59:42 -0500] "POST /forms/lservlet;jsessionid=ac16012b30d5dc42fff3b67e4e98b103908af20e5c2a.e3iSbxaKaheRe34Sa3yKbhiTahb0n6jAmljGr5XDqQLvpAe HTTP/1.1" 200 2
207.46.13.38 - - [09/Dec/2014:05:59:43 -0500] "GET /BLA/resoluciones/Resoluciones%202011/2320.pdf HTTP/1.1" 200 679744
188.165.15.15 - - [09/Dec/2014:05:59:48 -0500] "GET /BLA/resoluciones/RESOLUCIONES%202004/RES%202004%201651-1700/00001658.tif HTTP/1.1" 200 212276
157.55.39.12 - - [09/Dec/2014:05:59:48 -0500] "GET /BLA/resoluciones/AUTOS%202011/3010.pdf HTTP/1.1" 200 149435
157.55.39.12 - - [09/Dec/2014:05:59:49 -0500] "GET /bla/resoluciones/resoluciones%202009/1567.pdf HTTP/1.1" 200 78927
180.76.5.167 - - [09/Dec/2014:06:00:01 -0500] "GET /BLA/resoluciones/AUTOS%202011/4893.pdf HTTP/1.1" 200 245025
180.76.6.152 - - [09/Dec/2014:06:00:01 -0500] "GET /BLA/resoluciones/AUTOS%202011/4893.pdf HTTP/1.1" 200 245025
74.86.158.107 - - [09/Dec/2014:06:00:03 -0500] "HEAD / HTTP/1.1" 302 -
157.55.39.103 - - [09/Dec/2014:06:00:33 -0500] "GET /BLA/resoluciones/RESOLUCIONES%202011/3692.pdf HTTP/1.1" 200 475046
157.55.39.103 - - [09/Dec/2014:06:00:34 -0500] "GET /bla/resoluciones/resoluciones%202010/2250.pdf HTTP/1.1" 200 352154
157.55.39.12 - - [09/Dec/2014:06:00:37 -0500] "GET /BLA/resoluciones/RESOLUCIONES%202009/4750.pdf HTTP/1.1" 200 612049
157.55.39.191 - - [09/Dec/2014:06:00:46 -0500] "GET /bla/resoluciones/resoluciones%202009/9252.pdf HTTP/1.1" 200 416490
157.55.39.12 - - [09/Dec/2014:06:00:50 -0500] "GET /bla/resoluciones/resoluciones%202009/7819.pdf HTTP/1.1" 200 486061
157.55.39.12 - - [09/Dec/2014:06:00:51 -0500] "GET /BLA/resoluciones/AUTOS%202009/0718.pdf HTTP/1.1" 200 304170
157.55.39.191 - - [09/Dec/2014:06:00:58 -0500] "GET /BLA/resoluciones/RESOLUCIONES%202009/1234.pdf HTTP/1.1" 200 90029
123.125.71.71 - - [09/Dec/2014:06:01:00 -0500] "GET /BLA/resoluciones/RESOLUCIONES%25202010/1723.pdf HTTP/1.1" 404 1018
157.55.39.13 - - [09/Dec/2014:06:01:00 -0500] "GET /BLA/resoluciones/RESOLUCIONES%202009/5567.pdf HTTP/1.1" 200 679413
157.55.39.191 - - [09/Dec/2014:06:01:06 -0500] "GET /BLA/resoluciones/AUTOS%202009/0451.pdf HTTP/1.1" 200 404567
201.245.192.253 - - [09/Dec/2014:06:01:08 -0500] "GET /galeria/nivo-slider/demo/demo.html HTTP/1.1" 304 -
201.245.192.253 - - [09/Dec/2014:06:01:09 -0500] "GET /galeria/nivo-slider/themes/pascal/pascal.css HTTP/1.1" 304 -
201.245.192.253 - - [09/Dec/2014:06:01:09 -0500] "GET /galeria/nivo-slider/themes/orman/orman.css HTTP/1.1" 304 -
201.245.192.253 - - [09/Dec/2014:06:01:09 -0500] "GET /galeria/nivo-slider/nivo-slider.css HTTP/1.1" 304 -
201.245.192.253 - - [09/Dec/2014:06:01:09 -0500] "GET /galeria/nivo-slider/demo/images/banner-musgo.jpg HTTP/1.1" 304 -
201.245.192.253 - - [09/Dec/2014:06:01:09 -0500] "GET /galeria/nivo-slider/demo/images/RdaNegociosFiltros.jpg HTTP/1.1" 304 -
201.245.192.253 - - [09/Dec/2014:06:01:09 -0500] "GET /galeria/nivo-slider/demo/images/BogotaSostenible.jpg HTTP/1.1" 304 -
201.245.192.253 - - [09/Dec/2014:06:01:09 -0500] "GET /galeria/nivo-slider/demo/images/Jornada-adopcion.jpg HTTP/1.1" 304 -
201.245.192.253 - - [09/Dec/2014:06:01:09 -0500] "GET /galeria/nivo-slider/demo/images/Banner-GAE3.jpg HTTP/1.1" 304 -
201.245.192.253 - - [09/Dec/2014:06:01:09 -0500] "GET /galeria/nivo-slider/demo/images/Biotaxis-Man.jpg HTTP/1.1" 304 -
201.245.192.253 - - [09/Dec/2014:06:01:09 -0500] "GET /galeria/nivo-slider/demo/images/porloshumedales.jpg HTTP/1.1" 304 -
201.245.192.253 - - [09/Dec/2014:06:01:09 -0500] "GET /galeria/nivo-slider/demo/images/Tingua-azul.jpg HTTP/1.1" 304 -
201.245.192.253 - - [09/Dec/2014:06:01:09 -0500] "GET /galeria/nivo-slider/demo/images/Banner-comparendo.jpg HTTP/1.1" 304 -
201.245.192.253 - - [09/Dec/2014:06:01:09 -0500] "GET /galeria/nivo-slider/demo/images/Banner-Caracol-Africano.jpg HTTP/1.1" 304 -
201.245.192.253 - - [09/Dec/2014:06:01:09 -0500] "GET /galeria/nivo-slider/demo/images/banner-redes.jpg HTTP/1.1" 304 -
201.245.192.253 - - [09/Dec/2014:06:01:09 -0500] "GET /galeria/nivo-slider/demo/images/9Signos.jpg HTTP/1.1" 304 -
201.245.192.253 - - [09/Dec/2014:06:01:09 -0500] "GET /galeria/nivo-slider/demo/images/banner-caballos.png HTTP/1.1" 304 -
201.245.192.253 - - [09/Dec/2014:06:01:09 -0500] "GET /galeria/nivo-slider/demo/images/Hacienda_Molinos.jpg HTTP/1.1" 304 -
201.245.192.253 - - [09/Dec/2014:06:01:09 -0500] "GET /galeria/nivo-slider/demo/images/bannerEcolecta3.jpg HTTP/1.1" 304 -
201.245.192.253 - - [09/Dec/2014:06:01:09 -0500] "GET /galeria/nivo-slider/jquery.nivo.slider.pack.js HTTP/1.1" 304 -
201.245.192.253 - - [09/Dec/2014:06:01:09 -0500] "GET /galeria/nivo-slider/themes/default/loading.gif HTTP/1.1" 304 -
201.245.192.253 - - [09/Dec/2014:06:01:09 -0500] "GET /galeria/nivo-slider/demo/images/4Simple_Slider.png HTTP/1.1" 304 -
201.245.192.253 - - [09/Dec/2014:06:01:10 -0500] "GET /videos/Spot_CambioClimatico.flv HTTP/1.1" 304 -
157.55.39.104 - - [09/Dec/2014:06:01:10 -0500] "GET /bla/resoluciones/resoluciones%202010/1992.pdf HTTP/1.1" 200 338576
157.55.39.104 - - [09/Dec/2014:06:01:11 -0500] "GET /BLA/resoluciones/RESOLUCIONES%202008/0763.pdf HTTP/1.1" 200 205956
157.55.39.13 - - [09/Dec/2014:06:01:15 -0500] "GET /BLA/resoluciones/Resoluciones%202011/1420.pdf HTTP/1.1" 200 68205
157.55.39.103 - - [09/Dec/2014:06:01:27 -0500] "GET /bla/resoluciones/resoluciones%202009/9238.pdf HTTP/1.1" 200 518714
181.54.57.138 - - [09/Dec/2014:06:01:28 -0500] "POST /forms/lservlet;jsessionid=ac16012b30d536ee128ca8d54f93b81fb84804e7a8a2.e3iSbxaKaheRe34Sa3yKbhiTahb0n6jAmljGr5XDqQLvpAe HTTP/1.1" 200 2
186.154.85.200 - - [09/Dec/2014:06:01:42 -0500] "POST /forms/lservlet;jsessionid=ac16012b30d5dc42fff3b67e4e98b103908af20e5c2a.e3iSbxaKaheRe34Sa3yKbhiTahb0n6jAmljGr5XDqQLvpAe HTTP/1.1" 200 2
207.46.13.38 - - [09/Dec/2014:06:01:42 -0500] "GET /BLA/resoluciones/AUTOS%202012/1502.pdf HTTP/1.1" 200 376080
157.55.39.15 - - [09/Dec/2014:06:01:47 -0500] "GET /BLA/resoluciones/RESOLUCIONES%202010/5857.pdf HTTP/1.1" 200 166036
157.55.39.15 - - [09/Dec/2014:06:01:47 -0500] "GET /bla/resoluciones/resoluciones%202010/1513.pdf HTTP/1.1" 200 481679
157.55.39.15 - - [09/Dec/2014:06:01:48 -0500] "GET /bla/resoluciones/resoluciones%202009/8017.pdf HTTP/1.1" 200 655596
157.55.39.15 - - [09/Dec/2014:06:01:48 -0500] "GET /BLA/resoluciones/AUTOS%202009/1219.pdf HTTP/1.1" 200 124402
157.55.39.15 - - [09/Dec/2014:06:01:49 -0500] "GET /BLA/resoluciones/RESOLUCIONES%202011/0375.pdf HTTP/1.1" 200 69247
157.55.39.15 - - [09/Dec/2014:06:01:49 -0500] "GET /BLA/resoluciones/RESOLUCIONES%202010/0580.pdf HTTP/1.1" 200 98743
157.55.39.15 - - [09/Dec/2014:06:01:49 -0500] "GET /BLA/resoluciones/RESOLUCIONES%202009/1725.pdf HTTP/1.1" 200 607464
157.55.39.15 - - [09/Dec/2014:06:01:50 -0500] "GET /bla/resoluciones/resoluciones%202010/0982.pdf HTTP/1.1" 200 104620
157.55.39.15 - - [09/Dec/2014:06:01:50 -0500] "GET /BLA/resoluciones/RESOLUCIONES%202011/3108.pdf HTTP/1.1" 200 565936
157.55.39.15 - - [09/Dec/2014:06:01:51 -0500] "GET /BLA/resoluciones/RESOLUCIONES%202009/1279.pdf HTTP/1.1" 200 444730
157.55.39.15 - - [09/Dec/2014:06:01:51 -0500] "GET /BLA/resoluciones/RESOLUCIONES%202012/0649.pdf HTTP/1.1" 200 576499
157.55.39.104 - - [09/Dec/2014:06:01:57 -0500] "GET /BLA/resoluciones/RESOLUCIONES%202010/2387.pdf HTTP/1.1" 200 495759
188.165.15.15 - - [09/Dec/2014:06:02:04 -0500] "GET /BLA/resoluciones/RESOLUCIONES%202005/RES%202005%20501-550/00000523.tif HTTP/1.1" 200 185904
157.55.39.191 - - [09/Dec/2014:06:02:11 -0500] "GET /bla/resoluciones/resoluciones%202009/2455.pdf HTTP/1.1" 200 394565
186.154.85.200 - - [09/Dec/2014:06:02:15 -0500] "POST /forms/lservlet;jsessionid=ac16012b30d5dc42fff3b67e4e98b103908af20e5c2a.e3iSbxaKaheRe34Sa3yKbhiTahb0n6jAmljGr5XDqQLvpAe HTTP/1.1" 200 68
157.55.39.103 - - [09/Dec/2014:06:02:15 -0500] "GET /BLA/resoluciones/RESOLUCIONES%202010/0916.pdf HTTP/1.1" 200 106676
123.125.71.53 - - [09/Dec/2014:06:02:17 -0500] "GET / HTTP/1.1" 302 -
186.154.85.200 - - [09/Dec/2014:06:02:18 -0500] "POST /forms/lservlet;jsessionid=ac16012b30d5dc42fff3b67e4e98b103908af20e5c2a.e3iSbxaKaheRe34Sa3yKbhiTahb0n6jAmljGr5XDqQLvpAe HTTP/1.1" 200 2
186.154.85.200 - - [09/Dec/2014:06:02:18 -0500] "POST /forms/lservlet;jsessionid=ac16012b30d5dc42fff3b67e4e98b103908af20e5c2a.e3iSbxaKaheRe34Sa3yKbhiTahb0n6jAmljGr5XDqQLvpAe HTTP/1.1" 200 14
186.154.85.200 - - [09/Dec/2014:06:02:19 -0500] "POST /forms/lservlet;jsessionid=ac16012b30d5dc42fff3b67e4e98b103908af20e5c2a.e3iSbxaKaheRe34Sa3yKbhiTahb0n6jAmljGr5XDqQLvpAe HTTP/1.1" 200 14
186.154.85.200 - - [09/Dec/2014:06:02:20 -0500] "POST /forms/lservlet;jsessionid=ac16012b30d5dc42fff3b67e4e98b103908af20e5c2a.e3iSbxaKaheRe34Sa3yKbhiTahb0n6jAmljGr5XDqQLvpAe HTTP/1.1" 200 14
186.154.85.200 - - [09/Dec/2014:06:02:21 -0500] "POST /forms/lservlet;jsessionid=ac16012b30d5dc42fff3b67e4e98b103908af20e5c2a.e3iSbxaKaheRe34Sa3yKbhiTahb0n6jAmljGr5XDqQLvpAe HTTP/1.1" 200 14
186.154.85.200 - - [09/Dec/2014:06:02:23 -0500] "POST /forms/lservlet;jsessionid=ac16012b30d5dc42fff3b67e4e98b103908af20e5c2a.e3iSbxaKaheRe34Sa3yKbhiTahb0n6jAmljGr5XDqQLvpAe HTTP/1.1" 200 114
186.154.85.200 - - [09/Dec/2014:06:02:23 -0500] "POST /forms/lservlet;jsessionid=ac16012b30d5dc42fff3b67e4e98b103908af20e5c2a.e3iSbxaKaheRe34Sa3yKbhiTahb0n6jAmljGr5XDqQLvpAe HTTP/1.1" 200 2
157.55.39.13 - - [09/Dec/2014:06:02:30 -0500] "GET /bla/resoluciones/resoluciones%202010/5611.pdf HTTP/1.1" 200 1323465
157.55.39.12 - - [09/Dec/2014:06:02:31 -0500] "GET /BLA/resoluciones/RESOLUCIONES%202011/1180.pdf HTTP/1.1" 200 259186
157.55.39.12 - - [09/Dec/2014:06:02:33 -0500] "GET /bla/resoluciones/resoluciones%202010/1081.pdf HTTP/1.1" 200 554601
157.55.39.191 - - [09/Dec/2014:06:02:36 -0500] "GET /BLA/resoluciones/AUTOS%202010/1122.pdf HTTP/1.1" 200 187923
157.55.39.15 - - [09/Dec/2014:06:02:45 -0500] "GET /BLA/resoluciones/RESOLUCIONES%202010/2372.pdf HTTP/1.1" 200 585915
157.55.39.15 - - [09/Dec/2014:06:02:46 -0500] "GET /bla/resoluciones/resoluciones%202010/1312.pdf HTTP/1.1" 200 114794
157.55.39.15 - - [09/Dec/2014:06:02:46 -0500] "GET /bla/resoluciones/resoluciones%202009/5608.pdf HTTP/1.1" 200 58506
157.55.39.15 - - [09/Dec/2014:06:02:48 -0500] "GET /BLA/resoluciones/RESOLUCIONES%202009/7900.pdf HTTP/1.1" 200 741855
186.154.85.200 - - [09/Dec/2014:06:02:23 -0500] "GET /reports/rwservlet/getjobid336461?server=rep_srvapsda HTTP/1.1" 200 5322320
157.55.39.104 - - [09/Dec/2014:06:02:54 -0500] "GET /BLA/resoluciones/Resoluciones%202011/1174.pdf HTTP/1.1" 200 206912
181.54.57.138 - - [09/Dec/2014:06:03:29 -0500] "POST /forms/lservlet;jsessionid=ac16012b30d536ee128ca8d54f93b81fb84804e7a8a2.e3iSbxaKaheRe34Sa3yKbhiTahb0n6jAmljGr5XDqQLvpAe HTTP/1.1" 200 2
157.55.39.12 - - [09/Dec/2014:06:03:35 -0500] "GET /bla/resoluciones/resoluciones%202010/0167.pdf HTTP/1.1" 200 475026
186.154.85.200 - - [09/Dec/2014:06:03:42 -0500] "POST /forms/lservlet;jsessionid=ac16012b30d5dc42fff3b67e4e98b103908af20e5c2a.e3iSbxaKaheRe34Sa3yKbhiTahb0n6jAmljGr5XDqQLvpAe HTTP/1.1" 200 2
157.55.39.104 - - [09/Dec/2014:06:03:45 -0500] "GET /bla/resoluciones/RESOLUCIONES%202011/0716.pdf HTTP/1.1" 200 256482
202.46.49.194 - - [09/Dec/2014:06:03:52 -0500] "GET /BLA/resoluciones/RESOLUCIONES%202010/1476.pdf HTTP/1.1" 200 440649
207.46.13.38 - - [09/Dec/2014:06:03:54 -0500] "GET /BLA/resoluciones/RESOLUCIONES%202008/2123.pdf HTTP/1.1" 200 331540
207.46.13.38 - - [09/Dec/2014:06:03:54 -0500] "GET /bla/resoluciones/resoluciones%202009/0946.pdf HTTP/1.1" 200 494864
157.55.39.13 - - [09/Dec/2014:06:03:58 -0500] "GET /BLA/resoluciones/RESOLUCIONES%202010/2164.pdf HTTP/1.1" 200 515091
66.249.75.83 - - [09/Dec/2014:06:04:01 -0500] "GET /BLA/resoluciones/AUTOS%202013/0173.pdf HTTP/1.1" 304 -
207.46.13.38 - - [09/Dec/2014:06:04:03 -0500] "GET /BLA/resoluciones/RESOLUCIONES%202010/3071.pdf HTTP/1.1" 200 97223
157.55.39.104 - - [09/Dec/2014:06:04:08 -0500] "GET /BLA/resoluciones/RESOLUCIONES%202008/0466.pdf HTTP/1.1" 200 229171
157.55.39.104 - - [09/Dec/2014:06:04:08 -0500] "GET /BLA/resoluciones/Resoluciones%202011/3371.pdf HTTP/1.1" 200 628640
157.55.39.104 - - [09/Dec/2014:06:04:09 -0500] "GET /BLA/resoluciones/RESOLUCIONES%202008/0681.pdf HTTP/1.1" 200 322037
157.55.39.13 - - [09/Dec/2014:06:04:15 -0500] "GET /BLA/resoluciones/RESOLUCIONES%202011/3531.pdf HTTP/1.1" 200 534455
207.46.13.38 - - [09/Dec/2014:06:04:24 -0500] "GET /BLA/resoluciones/RESOLUCIONES%202008/0374.pdf HTTP/1.1" 200 447306
207.46.13.38 - - [09/Dec/2014:06:04:24 -0500] "GET /BLA/resoluciones/AUTOS%202011/2471.pdf HTTP/1.1" 200 113880
220.181.108.84 - - [09/Dec/2014:06:04:31 -0500] "GET / HTTP/1.1" 302 -
157.55.39.104 - - [09/Dec/2014:06:04:41 -0500] "GET /BLA/resoluciones/Resoluciones%202011/2708.pdf HTTP/1.1" 200 765966
66.249.75.67 - - [09/Dec/2014:06:04:43 -0500] "GET /BLA/resoluciones/RESOLUCIONES%202008/2414.pdf HTTP/1.1" 200 208179
180.76.5.74 - - [09/Dec/2014:06:04:49 -0500] "GET /BLA/resoluciones/AUTOS%202012/1824.pdf HTTP/1.1" 200 340424
180.76.5.175 - - [09/Dec/2014:06:04:49 -0500] "GET /BLA/resoluciones/AUTOS%202012/1824.pdf HTTP/1.1" 200 340424
74.86.158.107 - - [09/Dec/2014:06:05:03 -0500] "HEAD / HTTP/1.1" 302 -
157.55.39.15 - - [09/Dec/2014:06:05:06 -0500] "GET /bla/resoluciones/RESOLUCIONES%202011/1871.pdf HTTP/1.1" 200 513315
157.55.39.15 - - [09/Dec/2014:06:05:07 -0500] "GET /BLA/resoluciones/RESOLUCIONES%202008/2453.pdf HTTP/1.1" 200 499883
157.55.39.15 - - [09/Dec/2014:06:05:07 -0500] "GET /bla/resoluciones/resoluciones%202009/1839.pdf HTTP/1.1" 200 528240
157.55.39.15 - - [09/Dec/2014:06:05:09 -0500] "GET /BLA/resoluciones/Resoluciones%202011/1801.pdf HTTP/1.1" 200 514828
157.55.39.15 - - [09/Dec/2014:06:05:09 -0500] "GET /BLA/resoluciones/RESOLUCIONES%202010/1297.pdf HTTP/1.1" 200 111404
157.55.39.13 - - [09/Dec/2014:06:05:10 -0500] "GET /BLA/resoluciones/AUTOS%202012/1796.pdf HTTP/1.1" 200 699550
157.55.39.13 - - [09/Dec/2014:06:05:10 -0500] "GET /bla/resoluciones/RESOLUCIONES%202011/1835.pdf HTTP/1.1" 200 502586
157.55.39.13 - - [09/Dec/2014:06:05:12 -0500] "GET /BLA/resoluciones/RESOLUCIONES%202010/2531.pdf HTTP/1.1" 200 504609
207.46.13.38 - - [09/Dec/2014:06:05:16 -0500] "GET /bla/resoluciones/RESOLUCIONES%202011/3548.pdf HTTP/1.1" 200 561620
207.46.13.38 - - [09/Dec/2014:06:05:17 -0500] "GET /BLA/resoluciones/RESOLUCIONES%202008/2366.pdf HTTP/1.1" 200 356112
157.55.39.103 - - [09/Dec/2014:06:05:21 -0500] "GET /bla/resoluciones/resoluciones%202010/1075.pdf HTTP/1.1" 200 106544
157.55.39.103 - - [09/Dec/2014:06:05:21 -0500] "GET /BLA/resoluciones/AUTOS%202011/6156.pdf HTTP/1.1" 200 211313
157.55.39.103 - - [09/Dec/2014:06:05:22 -0500] "GET /BLA/resoluciones/RESOLUCIONES%202008/2397.pdf HTTP/1.1" 200 201710
157.55.39.103 - - [09/Dec/2014:06:05:22 -0500] "GET /BLA/resoluciones/AUTOS%202009/0488.pdf HTTP/1.1" 200 185339
157.55.39.103 - - [09/Dec/2014:06:05:23 -0500] "GET /BLA/resoluciones/RESOLUCIONES%202011/0161.pdf HTTP/1.1" 200 250295
181.54.57.138 - - [09/Dec/2014:06:05:29 -0500] "POST /forms/lservlet;jsessionid=ac16012b30d536ee128ca8d54f93b81fb84804e7a8a2.e3iSbxaKaheRe34Sa3yKbhiTahb0n6jAmljGr5XDqQLvpAe HTTP/1.1" 200 2
157.55.39.15 - - [09/Dec/2014:06:05:35 -0500] "GET /bla/resoluciones/resoluciones%202010/0896.pdf HTTP/1.1" 200 105038
157.55.39.15 - - [09/Dec/2014:06:05:37 -0500] "GET /bla/resoluciones/resoluciones%202009/8898.pdf HTTP/1.1" 200 275003
157.55.39.15 - - [09/Dec/2014:06:05:37 -0500] "GET /bla/resoluciones/resoluciones%202009/1246.pdf HTTP/1.1" 200 554383
186.154.85.200 - - [09/Dec/2014:06:05:42 -0500] "POST /forms/lservlet;jsessionid=ac16012b30d5dc42fff3b67e4e98b103908af20e5c2a.e3iSbxaKaheRe34Sa3yKbhiTahb0n6jAmljGr5XDqQLvpAe HTTP/1.1" 200 2
157.55.39.12 - - [09/Dec/2014:06:05:44 -0500] "GET /bla/resoluciones/resoluciones%202010/0488.pdf HTTP/1.1" 200 107890
157.55.39.104 - - [09/Dec/2014:06:06:06 -0500] "GET /bla/resoluciones/resoluciones%202010/1117.pdf HTTP/1.1" 200 103550
157.55.39.104 - - [09/Dec/2014:06:06:06 -0500] "GET /BLA/resoluciones/RESOLUCIONES%202011/2318.pdf HTTP/1.1" 200 899270
157.55.39.104 - - [09/Dec/2014:06:06:07 -0500] "GET /bla/resoluciones/RESOLUCIONES%202011/0397.pdf HTTP/1.1" 200 71993
157.55.39.103 - - [09/Dec/2014:06:06:25 -0500] "GET /BLA/resoluciones/RESOLUCIONES%202009/1827.pdf HTTP/1.1" 200 450751
157.55.39.12 - - [09/Dec/2014:06:06:37 -0500] "GET /BLA/resoluciones/RESOLUCIONES%202008/2066.pdf HTTP/1.1" 200 591320
207.46.13.38 - - [09/Dec/2014:06:07:00 -0500] "GET /BLA/resoluciones/RESOLUCIONES%202011/2884.pdf HTTP/1.1" 200 825022
157.55.39.13 - - [09/Dec/2014:06:07:10 -0500] "GET /BLA/resoluciones/Resoluciones%202011/3531.pdf HTTP/1.1" 200 534455
207.46.13.38 - - [09/Dec/2014:06:07:15 -0500] "GET /BLA/resoluciones/RESOLUCIONES%202011/3940.pdf HTTP/1.1" 200 786374
157.55.39.16 - - [09/Dec/2014:06:07:19 -0500] "GET /BLA/resoluciones/RESOLUCIONES%202011/1860.pdf HTTP/1.1" 200 514169
157.55.39.16 - - [09/Dec/2014:06:07:19 -0500] "GET /BLA/resoluciones/RESOLUCIONES%202009/3024.pdf HTTP/1.1" 200 609686
157.55.39.16 - - [09/Dec/2014:06:07:20 -0500] "GET /BLA/resoluciones/AUTOS%202009/1791.pdf HTTP/1.1" 200 99212
157.55.39.16 - - [09/Dec/2014:06:07:20 -0500] "GET /BLA/resoluciones/RESOLUCIONES%202009/8655.pdf HTTP/1.1" 200 766236
181.54.57.138 - - [09/Dec/2014:06:07:29 -0500] "POST /forms/lservlet;jsessionid=ac16012b30d536ee128ca8d54f93b81fb84804e7a8a2.e3iSbxaKaheRe34Sa3yKbhiTahb0n6jAmljGr5XDqQLvpAe HTTP/1.1" 200 2
157.55.39.103 - - [09/Dec/2014:06:07:30 -0500] "GET /BLA/resoluciones/RESOLUCIONES%202009/3300.pdf HTTP/1.1" 200 643140
157.55.39.103 - - [09/Dec/2014:06:07:32 -0500] "GET /BLA/resoluciones/RESOLUCIONES%202008/0194.pdf HTTP/1.1" 200 266803
207.46.13.38 - - [09/Dec/2014:06:07:36 -0500] "GET /bla/resoluciones/resoluciones%202010/6723.pdf HTTP/1.1" 200 1119741
207.46.13.38 - - [09/Dec/2014:06:07:38 -0500] "GET /BLA/resoluciones/RESOLUCIONES%202009/2364.pdf HTTP/1.1" 200 494052
207.46.13.38 - - [09/Dec/2014:06:07:38 -0500] "GET /bla/resoluciones/resoluciones%202009/4534.pdf HTTP/1.1" 200 107398
180.76.5.66 - - [09/Dec/2014:06:07:38 -0500] "GET /BLA/resoluciones/AUTOS%202013/0324.pdf HTTP/1.1" 200 2912096
180.76.6.131 - - [09/Dec/2014:06:07:38 -0500] "GET /BLA/resoluciones/AUTOS%202013/0324.pdf HTTP/1.1" 200 2912096
157.55.39.12 - - [09/Dec/2014:06:07:40 -0500] "GET /bla/resoluciones/RESOLUCIONES%202011/2293.pdf HTTP/1.1" 200 211606
186.154.85.200 - - [09/Dec/2014:06:07:42 -0500] "POST /forms/lservlet;jsessionid=ac16012b30d5dc42fff3b67e4e98b103908af20e5c2a.e3iSbxaKaheRe34Sa3yKbhiTahb0n6jAmljGr5XDqQLvpAe HTTP/1.1" 200 2
157.55.39.15 - - [09/Dec/2014:06:07:45 -0500] "GET /bla/resoluciones/resoluciones%202010/0801.pdf HTTP/1.1" 200 107038
157.55.39.15 - - [09/Dec/2014:06:07:45 -0500] "GET /BLA/resoluciones/RESOLUCIONES%202009/5133.pdf HTTP/1.1" 200 633712
157.55.39.15 - - [09/Dec/2014:06:07:46 -0500] "GET /BLA/resoluciones/RESOLUCIONES%202009/1771.pdf HTTP/1.1" 200 289479
157.55.39.104 - - [09/Dec/2014:06:07:50 -0500] "GET /BLA/resoluciones/RESOLUCIONES%202012/1330.pdf HTTP/1.1" 200 1063111
207.46.13.38 - - [09/Dec/2014:06:07:55 -0500] "GET /BLA/resoluciones/RESOLUCIONES%202008/0234.pdf HTTP/1.1" 200 563202
207.46.13.38 - - [09/Dec/2014:06:07:55 -0500] "GET /bla/resoluciones/RESOLUCIONES%202011/1164.pdf HTTP/1.1" 200 268654
181.112.192.137 - - [09/Dec/2014:06:07:56 -0500] "GET /BLA/boletinlegal/js/jquery.js HTTP/1.1" 200 57254
181.112.192.137 - - [09/Dec/2014:06:07:56 -0500] "GET /BLA/boletinlegal/js/jquery.scrollTo-min.js HTTP/1.1" 200 1150
181.112.192.137 - - [09/Dec/2014:06:07:56 -0500] "GET /BLA/boletinlegal/js/jquery.scrollShow.js HTTP/1.1" 200 4586
157.55.39.13 - - [09/Dec/2014:06:08:00 -0500] "GET /BLA/resoluciones/AUTOS%202010/5444.pdf HTTP/1.1" 200 199381
157.55.39.13 - - [09/Dec/2014:06:08:01 -0500] "GET /BLA/resoluciones/RESOLUCIONES%202008/2374.pdf HTTP/1.1" 200 433667
207.46.13.38 - - [09/Dec/2014:06:08:06 -0500] "GET /BLA/resoluciones/RESOLUCIONES%202011/1933.pdf HTTP/1.1" 200 127025
207.46.13.38 - - [09/Dec/2014:06:08:06 -0500] "GET /BLA/resoluciones/RESOLUCIONES%202009/0905.pdf HTTP/1.1" 200 404065
157.55.39.16 - - [09/Dec/2014:06:08:12 -0500] "GET /bla/resoluciones/resoluciones%202009/7351.pdf HTTP/1.1" 200 294703
180.76.5.81 - - [09/Dec/2014:06:08:23 -0500] "GET /BLA/resoluciones/RESOLUCIONES%202010/3129.pdf HTTP/1.1" 200 710479
180.76.6.141 - - [09/Dec/2014:06:08:23 -0500] "GET /BLA/resoluciones/RESOLUCIONES%202010/3129.pdf HTTP/1.1" 200 710479
157.55.39.12 - - [09/Dec/2014:06:08:32 -0500] "GET /bla/resoluciones/resoluciones%202010/0021.pdf HTTP/1.1" 200 421811
180.76.5.144 - - [09/Dec/2014:06:08:39 -0500] "GET /BLA/boletinlegal/jurisprudencia/analisis/CUADRO%20SENTENCIA%20T-299%20DE%202008.doc HTTP/1.1" 200 40960
180.76.5.193 - - [09/Dec/2014:06:08:39 -0500] "GET /BLA/boletinlegal/jurisprudencia/analisis/CUADRO%20SENTENCIA%20T-299%20DE%202008.doc HTTP/1.1" 200 40960
207.46.13.38 - - [09/Dec/2014:06:08:41 -0500] "GET /BLA/resoluciones/AUTOS%202010/1478.pdf HTTP/1.1" 200 279727
180.76.6.53 - - [09/Dec/2014:06:08:42 -0500] "GET /BLA/resoluciones/RESOLUCIONES%202010/1045.pdf HTTP/1.1" 200 108034
100.43.85.25 - - [09/Dec/2014:06:08:42 -0500] "GET /videos/?C=S;O=A HTTP/1.1" 200 47950
157.55.39.104 - - [09/Dec/2014:06:08:47 -0500] "GET /bla/resoluciones/resoluciones%202009/3669.pdf HTTP/1.1" 200 80419
157.55.39.104 - - [09/Dec/2014:06:08:49 -0500] "GET /bla/resoluciones/resoluciones%202009/1336.pdf HTTP/1.1" 200 535372
180.76.5.23 - - [09/Dec/2014:06:08:50 -0500] "GET /BLA/resoluciones/RESOLUCIONES%202011/3976.pdf HTTP/1.1" 200 792238
180.76.5.24 - - [09/Dec/2014:06:08:50 -0500] "GET /BLA/resoluciones/RESOLUCIONES%202011/3976.pdf HTTP/1.1" 200 792238
157.55.39.15 - - [09/Dec/2014:06:08:52 -0500] "GET /BLA/resoluciones/AUTOS%202011/2405.pdf HTTP/1.1" 200 410660
157.55.39.13 - - [09/Dec/2014:06:08:57 -0500] "GET /bla/resoluciones/resoluciones%202010/6681.pdf HTTP/1.1" 200 359964
157.55.39.13 - - [09/Dec/2014:06:08:58 -0500] "GET /bla/resoluciones/resoluciones%202009/9197.pdf HTTP/1.1" 200 582599
157.55.39.15 - - [09/Dec/2014:06:09:11 -0500] "GET /BLA/resoluciones/RESOLUCIONES%202009/2099.pdf HTTP/1.1" 200 365198
157.55.39.13 - - [09/Dec/2014:06:09:16 -0500] "GET /BLA/resoluciones/RESOLUCIONES%202009/1982.pdf HTTP/1.1" 200 617507
157.55.39.13 - - [09/Dec/2014:06:09:17 -0500] "GET /bla/resoluciones/resoluciones%202010/0650.pdf HTTP/1.1" 200 514979
207.46.13.38 - - [09/Dec/2014:06:09:21 -0500] "GET /BLA/resoluciones/RESOLUCIONES%202008/2241.pdf HTTP/1.1" 200 193223
207.46.13.38 - - [09/Dec/2014:06:09:21 -0500] "GET /BLA/resoluciones/Resoluciones%202011/1049.pdf HTTP/1.1" 200 389634
207.46.13.38 - - [09/Dec/2014:06:09:22 -0500] "GET /bla/resoluciones/resoluciones%202010/5825.pdf HTTP/1.1" 200 77521
157.55.39.103 - - [09/Dec/2014:06:09:27 -0500] "GET /bla/resoluciones/resoluciones%202009/6308.pdf HTTP/1.1" 200 106688
181.54.57.138 - - [09/Dec/2014:06:09:29 -0500] "POST /forms/lservlet;jsessionid=ac16012b30d536ee128ca8d54f93b81fb84804e7a8a2.e3iSbxaKaheRe34Sa3yKbhiTahb0n6jAmljGr5XDqQLvpAe HTTP/1.1" 200 2
207.46.13.38 - - [09/Dec/2014:06:09:31 -0500] "GET /BLA/resoluciones/AUTOS%202012/0913.pdf HTTP/1.1" 200 298694
66.249.75.67 - - [09/Dec/2014:06:09:33 -0500] "GET /BLA/resoluciones/RESOLUCIONES%202002/RES%202002%2051-100/2002RES93.tif HTTP/1.1" 200 39912
157.55.39.12 - - [09/Dec/2014:06:09:41 -0500] "GET /BLA/resoluciones/RESOLUCIONES%202010/0734.pdf HTTP/1.1" 200 117582
186.154.85.200 - - [09/Dec/2014:06:09:42 -0500] "POST /forms/lservlet;jsessionid=ac16012b30d5dc42fff3b67e4e98b103908af20e5c2a.e3iSbxaKaheRe34Sa3yKbhiTahb0n6jAmljGr5XDqQLvpAe HTTP/1.1" 200 2
207.46.13.38 - - [09/Dec/2014:06:09:46 -0500] "GET /bla/resoluciones/resoluciones%202009/1449.pdf HTTP/1.1" 200 759792
157.55.39.104 - - [09/Dec/2014:06:09:51 -0500] "GET /bla/resoluciones/resoluciones%202009/1410.pdf HTTP/1.1" 200 387198
157.55.39.104 - - [09/Dec/2014:06:09:51 -0500] "GET /BLA/resoluciones/RESOLUCIONES%202011/0985.pdf HTTP/1.1" 200 71625
157.55.39.104 - - [09/Dec/2014:06:09:52 -0500] "GET /bla/resoluciones/resoluciones%202009/5330.pdf HTTP/1.1" 200 346396
157.55.39.15 - - [09/Dec/2014:06:09:56 -0500] "GET /BLA/resoluciones/RESOLUCIONES%202011/4715.pdf HTTP/1.1" 200 885978
157.55.39.15 - - [09/Dec/2014:06:09:57 -0500] "GET /BLA/resoluciones/AUTOS%202009/0314.pdf HTTP/1.1" 200 106136
74.86.158.107 - - [09/Dec/2014:06:10:03 -0500] "HEAD / HTTP/1.1" 302 -
207.46.13.38 - - [09/Dec/2014:06:10:12 -0500] "GET /BLA/resoluciones/AUTOS%202010/0053.pdf HTTP/1.1" 200 164688
157.55.39.103 - - [09/Dec/2014:06:10:16 -0500] "GET /bla/resoluciones/resoluciones%202009/0965.pdf HTTP/1.1" 200 637707
157.55.39.103 - - [09/Dec/2014:06:10:18 -0500] "GET /BLA/resoluciones/RESOLUCIONES%202010/1478.pdf HTTP/1.1" 200 157664
207.46.13.38 - - [09/Dec/2014:06:10:22 -0500] "GET /BLA/resoluciones/RESOLUCIONES%202008/0053.pdf HTTP/1.1" 200 78834
207.46.13.38 - - [09/Dec/2014:06:10:31 -0500] "GET /BLA/resoluciones/AUTOS%202012/0963.pdf HTTP/1.1" 200 172746
180.76.6.17 - - [09/Dec/2014:06:10:36 -0500] "GET /portalsiaccapacitaciones/Soportes%20Capacitaciones%20A%C3%B1o%202013/0025.%20Diagnostico%20Energetico%20SDA%204%20de%20Julio.pdf HTTP/1.1" 200 2018799
157.55.39.15 - - [09/Dec/2014:06:10:36 -0500] "GET /BLA/resoluciones/RESOLUCIONES%202008/2105.pdf HTTP/1.1" 200 145624
181.232.18.9 - - [09/Dec/2014:06:10:39 -0500] "GET /BLA/boletinlegal/js/jquery.scrollTo-min.js HTTP/1.1" 200 1150
181.232.18.9 - - [09/Dec/2014:06:10:39 -0500] "GET /BLA/boletinlegal/js/jquery.js HTTP/1.1" 200 57254
181.232.18.9 - - [09/Dec/2014:06:10:39 -0500] "GET /BLA/boletinlegal/js/jquery.scrollShow.js HTTP/1.1" 200 4586
157.55.39.12 - - [09/Dec/2014:06:10:41 -0500] "GET /bla/resoluciones/resoluciones%202010/1259.pdf HTTP/1.1" 200 109496
180.76.5.188 - - [09/Dec/2014:06:10:45 -0500] "GET /portalsiaccapacitaciones/Soportes%20Capacitaciones%20A%C3%B1o%202013/0025.%20Diagnostico%20Energetico%20SDA%204%20de%20Julio.pdf HTTP/1.1" 200 2018799
157.55.39.104 - - [09/Dec/2014:06:10:48 -0500] "GET /BLA/resoluciones/Resoluciones%202011/0951.pdf HTTP/1.1" 200 206620
207.46.13.38 - - [09/Dec/2014:06:10:53 -0500] "GET /BLA/resoluciones/RESOLUCIONES%202010/1479.pdf HTTP/1.1" 200 466909
207.46.13.38 - - [09/Dec/2014:06:10:54 -0500] "GET /BLA/resoluciones/AUTOS%202011/2961.pdf HTTP/1.1" 200 493787
180.76.6.135 - - [09/Dec/2014:06:10:55 -0500] "GET /BLA/resoluciones/AUTOS%202013/0767.pdf HTTP/1.1" 200 1584562
180.76.6.14 - - [09/Dec/2014:06:10:55 -0500] "GET /BLA/resoluciones/AUTOS%202013/0767.pdf HTTP/1.1" 200 1584562
157.55.39.60 - - [09/Dec/2014:06:11:08 -0500] "GET /dama/libreria/php/frame_detalle.php?h_id=572 HTTP/1.1" 404 1019
181.54.57.138 - - [09/Dec/2014:06:11:29 -0500] "POST /forms/lservlet;jsessionid=ac16012b30d536ee128ca8d54f93b81fb84804e7a8a2.e3iSbxaKaheRe34Sa3yKbhiTahb0n6jAmljGr5XDqQLvpAe HTTP/1.1" 200 2
157.55.39.15 - - [09/Dec/2014:06:11:32 -0500] "GET /BLA/resoluciones/RESOLUCIONES%202008/0262.pdf HTTP/1.1" 200 901592
157.55.39.15 - - [09/Dec/2014:06:11:33 -0500] "GET /BLA/resoluciones/RESOLUCIONES%202009/2088.pdf HTTP/1.1" 200 333599
157.55.39.15 - - [09/Dec/2014:06:11:34 -0500] "GET /BLA/resoluciones/AUTOS%202010/0106.pdf HTTP/1.1" 200 184143
157.55.39.103 - - [09/Dec/2014:06:11:38 -0500] "GET /BLA/resoluciones/RESOLUCIONES%202010/2078.pdf HTTP/1.1" 200 205053
157.55.39.103 - - [09/Dec/2014:06:11:39 -0500] "GET /bla/resoluciones/resoluciones%202010/0643.pdf HTTP/1.1" 200 496671
157.55.39.103 - - [09/Dec/2014:06:11:40 -0500] "GET /BLA/resoluciones/RESOLUCIONES%202009/5588.pdf HTTP/1.1" 200 675093
157.55.39.103 - - [09/Dec/2014:06:11:40 -0500] "GET /bla/resoluciones/RESOLUCIONES%202011/0397.pdf HTTP/1.1" 200 71993
157.55.39.103 - - [09/Dec/2014:06:11:41 -0500] "GET /BLA/resoluciones/RESOLUCIONES%202008/1580.pdf HTTP/1.1" 200 379464
186.154.85.200 - - [09/Dec/2014:06:11:42 -0500] "POST /forms/lservlet;jsessionid=ac16012b30d5dc42fff3b67e4e98b103908af20e5c2a.e3iSbxaKaheRe34Sa3yKbhiTahb0n6jAmljGr5XDqQLvpAe HTTP/1.1" 200 2
157.55.39.15 - - [09/Dec/2014:06:12:06 -0500] "GET /BLA/resoluciones/RESOLUCIONES%202008/0209.pdf HTTP/1.1" 200 276983
157.55.39.16 - - [09/Dec/2014:06:12:26 -0500] "GET /bla/resoluciones/resoluciones%202009/8245.pdf HTTP/1.1" 200 270253
157.55.39.16 - - [09/Dec/2014:06:12:27 -0500] "GET /BLA/resoluciones/RESOLUCIONES%202009/3243.pdf HTTP/1.1" 200 689846
157.55.39.16 - - [09/Dec/2014:06:12:28 -0500] "GET /BLA/resoluciones/AUTOS%202011/1738.pdf HTTP/1.1" 200 248200
207.46.13.38 - - [09/Dec/2014:06:12:31 -0500] "GET /BLA/resoluciones/RESOLUCIONES%202009/2192.pdf HTTP/1.1" 200 733650
157.55.39.12 - - [09/Dec/2014:06:12:36 -0500] "GET /BLA/resoluciones/RESOLUCIONES%202009/0508.pdf HTTP/1.1" 200 186343
157.55.39.15 - - [09/Dec/2014:06:12:41 -0500] "GET /BLA/resoluciones/RESOLUCIONES%202011/1657.pdf HTTP/1.1" 200 68143
157.55.39.104 - - [09/Dec/2014:06:12:53 -0500] "GET /bla/resoluciones/RESOLUCIONES%202011/2398.pdf HTTP/1.1" 200 642567
157.55.39.104 - - [09/Dec/2014:06:12:54 -0500] "GET /BLA/resoluciones/RESOLUCIONES%202011/0695.pdf HTTP/1.1" 200 77003
157.55.39.13 - - [09/Dec/2014:06:12:57 -0500] "GET /bla/resoluciones/resoluciones%202009/8023.pdf HTTP/1.1" 200 73129
157.55.39.13 - - [09/Dec/2014:06:12:58 -0500] "GET /BLA/resoluciones/RESOLUCIONES%202011/0518.pdf HTTP/1.1" 200 342258
157.55.39.13 - - [09/Dec/2014:06:12:59 -0500] "GET /BLA/resoluciones/AUTOS%202010/5642.pdf HTTP/1.1" 200 200335
157.55.39.13 - - [09/Dec/2014:06:13:00 -0500] "GET /bla/resoluciones/resoluciones%202009/1008.pdf HTTP/1.1" 200 599051
207.46.13.38 - - [09/Dec/2014:06:13:03 -0500] "GET /BLA/resoluciones/AUTOS%202010/3453.pdf HTTP/1.1" 200 451697
157.55.39.191 - - [09/Dec/2014:06:13:13 -0500] "GET /bla/resoluciones/RESOLUCIONES%202011/1818.pdf HTTP/1.1" 200 516820
157.55.39.191 - - [09/Dec/2014:06:13:13 -0500] "GET /BLA/resoluciones/RESOLUCIONES%202008/1507.pdf HTTP/1.1" 200 17510
207.46.13.38 - - [09/Dec/2014:06:13:18 -0500] "GET /BLA/resoluciones/RESOLUCIONES%202010/5902.pdf HTTP/1.1" 200 67724
157.55.39.103 - - [09/Dec/2014:06:13:23 -0500] "GET /BLA/resoluciones/RESOLUCIONES%202011/0699.pdf HTTP/1.1" 200 70835
181.54.57.138 - - [09/Dec/2014:06:13:29 -0500] "POST /forms/lservlet;jsessionid=ac16012b30d536ee128ca8d54f93b81fb84804e7a8a2.e3iSbxaKaheRe34Sa3yKbhiTahb0n6jAmljGr5XDqQLvpAe HTTP/1.1" 200 2
188.165.15.132 - - [09/Dec/2014:06:13:29 -0500] "GET /BLA/resoluciones/RESOLUCIONES%202004/RES%202004%201801-1850/00001810.tif HTTP/1.1" 200 215282
186.154.85.200 - - [09/Dec/2014:06:13:42 -0500] "POST /forms/lservlet;jsessionid=ac16012b30d5dc42fff3b67e4e98b103908af20e5c2a.e3iSbxaKaheRe34Sa3yKbhiTahb0n6jAmljGr5XDqQLvpAe HTTP/1.1" 200 2
157.55.39.12 - - [09/Dec/2014:06:13:48 -0500] "GET /BLA/resoluciones/AUTOS%202011/1278.pdf HTTP/1.1" 200 129940
157.55.39.104 - - [09/Dec/2014:06:13:53 -0500] "GET /BLA/resoluciones/RESOLUCIONES%202011/1820.pdf HTTP/1.1" 200 518620
157.55.39.104 - - [09/Dec/2014:06:13:53 -0500] "GET /bla/resoluciones/resoluciones%202010/0025.pdf HTTP/1.1" 200 410648
157.55.39.104 - - [09/Dec/2014:06:13:54 -0500] "GET /BLA/resoluciones/index.php?dir=AUTOS%202009/&sort=date&order=desc HTTP/1.1" 200 393164
157.55.39.191 - - [09/Dec/2014:06:13:58 -0500] "GET /BLA/resoluciones/AUTOS%202009/0896.pdf HTTP/1.1" 200 124033
