157.55.39.104 - - [09/Dec/2014:00:20:53 -0500] "GET /BLA/resoluciones/RESOLUCIONES%202008/1056.pdf HTTP/1.1" 200 54463
157.55.39.104 - - [09/Dec/2014:00:20:54 -0500] "GET /bla/resoluciones/resoluciones%202009/0941.pdf HTTP/1.1" 200 485488
157.55.39.104 - - [09/Dec/2014:00:20:54 -0500] "GET /BLA/resoluciones/RESOLUCIONES%202011/2906.pdf HTTP/1.1" 200 518964
157.55.39.104 - - [09/Dec/2014:00:20:54 -0500] "GET /BLA/resoluciones/RESOLUCIONES%202008/1984.pdf HTTP/1.1" 200 295744
66.249.75.51 - - [09/Dec/2014:00:21:04 -0500] "GET /BLA/resoluciones/RESOLUCIONES%202009/8745.pdf HTTP/1.1" 200 525490
157.55.39.13 - - [09/Dec/2014:00:21:09 -0500] "GET /BLA/resoluciones/RESOLUCIONES%202011/1544.pdf HTTP/1.1" 200 77089
157.55.39.13 - - [09/Dec/2014:00:21:09 -0500] "GET /bla/resoluciones/resoluciones%202010/6875.pdf HTTP/1.1" 200 372142
157.55.39.16 - - [09/Dec/2014:00:21:23 -0500] "GET /BLA/resoluciones/RESOLUCIONES%202011/1095.pdf HTTP/1.1" 200 246697
216.145.50.40 - - [09/Dec/2014:00:21:23 -0500] "GET / HTTP/1.0" 302 -
181.50.106.237 - - [09/Dec/2014:00:21:24 -0500] "POST /forms/lservlet;jsessionid=ac16012b30d588e296d1e19345ff90d69511497237e6.e3iSbxaKaheRe34Sa3yKbhiTahb0n6jAmljGr5XDqQLvpAe HTTP/1.1" 200 2
157.55.39.103 - - [09/Dec/2014:00:21:39 -0500] "GET /BLA/resoluciones/RESOLUCIONES%202009/5799.pdf HTTP/1.1" 200 1054391
157.55.39.103 - - [09/Dec/2014:00:21:40 -0500] "GET /BLA/resoluciones/RESOLUCIONES%202009/0278.pdf HTTP/1.1" 200 26598
157.55.39.104 - - [09/Dec/2014:00:21:40 -0500] "GET /BLA/resoluciones/RESOLUCIONES%202011/4507.pdf HTTP/1.1" 200 568880
157.55.39.104 - - [09/Dec/2014:00:21:41 -0500] "GET /BLA/resoluciones/AUTOS%202011/6178.pdf HTTP/1.1" 200 1002588
157.55.39.15 - - [09/Dec/2014:00:21:55 -0500] "GET /bla/resoluciones/resoluciones%202009/2063.pdf HTTP/1.1" 200 1010299
157.55.39.13 - - [09/Dec/2014:00:22:00 -0500] "GET /BLA/resoluciones/Resoluciones%202011/0296.pdf HTTP/1.1" 200 550790
157.55.39.13 - - [09/Dec/2014:00:22:00 -0500] "GET /bla/resoluciones/resoluciones%202009/8942.pdf HTTP/1.1" 200 279365
157.55.39.13 - - [09/Dec/2014:00:22:02 -0500] "GET /bla/resoluciones/resoluciones%202009/0312.pdf HTTP/1.1" 200 231534
157.55.39.103 - - [09/Dec/2014:00:22:24 -0500] "GET /BLA/resoluciones/AUTOS%202009/0566.pdf HTTP/1.1" 200 127426
157.55.39.103 - - [09/Dec/2014:00:22:24 -0500] "GET /bla/resoluciones/resoluciones%202009/8349.pdf HTTP/1.1" 200 485612
157.55.39.103 - - [09/Dec/2014:00:22:25 -0500] "GET /bla/resoluciones/resoluciones%202010/1154.pdf HTTP/1.1" 200 105526
157.55.39.103 - - [09/Dec/2014:00:22:25 -0500] "GET /BLA/resoluciones/RESOLUCIONES%202011/2035.pdf HTTP/1.1" 200 522699
157.55.39.103 - - [09/Dec/2014:00:22:26 -0500] "GET /BLA/resoluciones/RESOLUCIONES%202009/2090.pdf HTTP/1.1" 200 442626
186.83.17.115 - - [09/Dec/2014:00:22:32 -0500] "GET /BLA/boletinlegal/js/jquery.js HTTP/1.1" 200 57254
186.83.17.115 - - [09/Dec/2014:00:22:32 -0500] "GET /BLA/boletinlegal/js/jquery.scrollShow.js HTTP/1.1" 200 4586
186.83.17.115 - - [09/Dec/2014:00:22:32 -0500] "GET /BLA/boletinlegal/js/jquery.scrollTo-min.js HTTP/1.1" 200 1150
157.55.39.15 - - [09/Dec/2014:00:22:38 -0500] "GET /BLA/resoluciones/Resoluciones%202011/0224.pdf HTTP/1.1" 200 74553
66.249.75.51 - - [09/Dec/2014:00:22:44 -0500] "GET /BLA/resoluciones/RESOLUCIONES%202011/4697.pdf HTTP/1.1" 200 410719
157.55.39.104 - - [09/Dec/2014:00:22:52 -0500] "GET /BLA/resoluciones/RESOLUCIONES%202009/4125.pdf HTTP/1.1" 200 780547
74.86.158.107 - - [09/Dec/2014:00:22:53 -0500] "HEAD / HTTP/1.1" 302 -
157.55.39.15 - - [09/Dec/2014:00:22:55 -0500] "GET /bla/resoluciones/resoluciones%202010/6585.pdf HTTP/1.1" 200 1033516
201.184.10.55 - - [09/Dec/2014:00:22:57 -0500] "GET /BLA/resoluciones/RESOLUCIONES%202007/RES%202007%202801%20AL%202900/RESOLUCION%202873%20DE%202007.pdf HTTP/1.1" 200 351498
201.184.10.55 - - [09/Dec/2014:00:22:58 -0500] "GET /BLA/resoluciones/RESOLUCIONES%202007/RES%202007%202801%20AL%202900/RESOLUCION%202873%20DE%202007.pdf HTTP/1.1" 206 32768
201.184.10.55 - - [09/Dec/2014:00:22:58 -0500] "GET /BLA/resoluciones/RESOLUCIONES%202007/RES%202007%202801%20AL%202900/RESOLUCION%202873%20DE%202007.pdf HTTP/1.1" 206 318730
201.184.10.55 - - [09/Dec/2014:00:23:00 -0500] "GET /favicon.ico HTTP/1.1" 200 7782
188.165.15.10 - - [09/Dec/2014:00:23:00 -0500] "GET /BLA/resoluciones/RESOLUCIONES%202003/RES%202003%201901-1950/00001924.tif HTTP/1.1" 200 74180
157.55.39.13 - - [09/Dec/2014:00:23:12 -0500] "GET /BLA/resoluciones/RESOLUCIONES%202012/0892.pdf HTTP/1.1" 200 534904
157.55.39.13 - - [09/Dec/2014:00:23:23 -0500] "GET /bla/resoluciones/resoluciones%202010/2318.pdf HTTP/1.1" 200 412919
181.50.106.237 - - [09/Dec/2014:00:23:24 -0500] "POST /forms/lservlet;jsessionid=ac16012b30d588e296d1e19345ff90d69511497237e6.e3iSbxaKaheRe34Sa3yKbhiTahb0n6jAmljGr5XDqQLvpAe HTTP/1.1" 200 2
157.55.39.103 - - [09/Dec/2014:00:23:27 -0500] "GET /BLA/resoluciones/RESOLUCIONES%202009/1346.pdf HTTP/1.1" 200 520564
181.137.63.189 - - [09/Dec/2014:00:23:37 -0500] "GET /BLA/resoluciones/AUTOS%202013/1290.pdf HTTP/1.1" 200 1753339
181.137.63.189 - - [09/Dec/2014:00:23:38 -0500] "GET /BLA/resoluciones/AUTOS%202013/1290.pdf HTTP/1.1" 206 32768
181.137.63.189 - - [09/Dec/2014:00:23:39 -0500] "GET /BLA/resoluciones/AUTOS%202013/1290.pdf HTTP/1.1" 206 1720571
157.55.39.15 - - [09/Dec/2014:00:23:39 -0500] "GET /BLA/resoluciones/RESOLUCIONES%202012/0406.pdf HTTP/1.1" 200 275306
157.55.39.15 - - [09/Dec/2014:00:23:39 -0500] "GET /BLA/resoluciones/RESOLUCIONES%202011/2106.pdf HTTP/1.1" 200 511421
157.55.39.15 - - [09/Dec/2014:00:23:40 -0500] "GET /bla/resoluciones/RESOLUCIONES%202011/3579.pdf HTTP/1.1" 200 549106
181.137.63.189 - - [09/Dec/2014:00:23:43 -0500] "GET /favicon.ico HTTP/1.1" 200 7782
157.55.39.12 - - [09/Dec/2014:00:23:43 -0500] "GET /bla/resoluciones/resoluciones%202010/0663.pdf HTTP/1.1" 200 368976
186.154.84.82 - - [09/Dec/2014:00:23:51 -0500] "GET /forest/session.jsp?a=0.12142362771555781 HTTP/1.1" 200 4
186.154.84.82 - - [09/Dec/2014:00:23:52 -0500] "GET /forest/skins/gdocs-jar/css/tree.css HTTP/1.1" 304 -
186.154.84.82 - - [09/Dec/2014:00:23:53 -0500] "GET /forest/skins/gdocs-jar/css/autocomplete.css HTTP/1.1" 304 -
186.154.84.82 - - [09/Dec/2014:00:23:53 -0500] "GET /forest/skins/gdocs-jar/img/cancel.gif HTTP/1.1" 304 -
186.154.84.82 - - [09/Dec/2014:00:23:53 -0500] "GET /forest/skins/gdocs-jar/js/xml_utilities.js?version=1411.041919 HTTP/1.1" 304 -
157.55.39.13 - - [09/Dec/2014:00:23:53 -0500] "GET /bla/resoluciones/resoluciones%202010/6550.pdf HTTP/1.1" 200 241460
186.154.84.82 - - [09/Dec/2014:00:23:52 -0500] "GET /forest/index2.jsp?_a=0.6508020551409572 HTTP/1.1" 200 251252
188.165.15.44 - - [09/Dec/2014:00:23:55 -0500] "GET /BLA/resoluciones/RESOLUCIONES%202002/RES%202002%20301-350/00000344.tif HTTP/1.1" 200 110978
186.154.84.82 - - [09/Dec/2014:00:23:57 -0500] "GET /forest/session.jsp?a=0.23546708561480045 HTTP/1.1" 200 4
66.249.75.83 - - [09/Dec/2014:00:23:58 -0500] "GET /BLA/resoluciones/AUTOS%202006/AUTOS%202006%201101-1200/00001200.tif HTTP/1.1" 200 50944
157.55.39.15 - - [09/Dec/2014:00:24:07 -0500] "GET /bla/resoluciones/RESOLUCIONES%202011/1132.pdf HTTP/1.1" 200 260966
157.55.39.104 - - [09/Dec/2014:00:24:12 -0500] "GET /BLA/resoluciones/RESOLUCIONES%202012/0609.pdf HTTP/1.1" 200 340495
157.55.39.104 - - [09/Dec/2014:00:24:14 -0500] "GET /BLA/resoluciones/RESOLUCIONES%202009/1303.pdf HTTP/1.1" 200 510786
157.55.39.103 - - [09/Dec/2014:00:24:14 -0500] "GET /bla/resoluciones/resoluciones%202010/5787.pdf HTTP/1.1" 200 218493
66.249.75.67 - - [09/Dec/2014:00:24:24 -0500] "GET /BLA/resoluciones/RESOLUCIONES%202008/4397.pdf HTTP/1.1" 200 466439
186.154.164.193 - - [09/Dec/2014:00:24:27 -0500] "GET /BLA/boletinlegal/js/jquery.js HTTP/1.1" 200 57254
186.154.164.193 - - [09/Dec/2014:00:24:27 -0500] "GET /BLA/boletinlegal/js/jquery.scrollTo-min.js HTTP/1.1" 200 1150
186.154.164.193 - - [09/Dec/2014:00:24:27 -0500] "GET /BLA/boletinlegal/js/jquery.scrollShow.js HTTP/1.1" 200 4586
157.55.39.12 - - [09/Dec/2014:00:24:33 -0500] "GET /BLA/resoluciones/RESOLUCIONES%202010/0548.pdf HTTP/1.1" 200 526925
157.55.39.13 - - [09/Dec/2014:00:24:53 -0500] "GET /BLA/resoluciones/AUTOS%202012/2332.pdf HTTP/1.1" 200 1024377
157.55.39.15 - - [09/Dec/2014:00:24:58 -0500] "GET /BLA/resoluciones/AUTOS%202010/4420.pdf HTTP/1.1" 200 140545
157.55.39.15 - - [09/Dec/2014:00:24:59 -0500] "GET /bla/resoluciones/RESOLUCIONES%202011/2581.pdf HTTP/1.1" 200 503874
157.55.39.13 - - [09/Dec/2014:00:25:04 -0500] "GET /BLA/resoluciones/RESOLUCIONES%202009/1451.pdf HTTP/1.1" 200 499989
181.132.101.223 - - [09/Dec/2014:00:25:13 -0500] "GET /BLA/boletinlegal/js/jquery.js HTTP/1.1" 200 57254
181.132.101.223 - - [09/Dec/2014:00:25:13 -0500] "GET /BLA/boletinlegal/js/jquery.scrollTo-min.js HTTP/1.1" 200 1150
181.132.101.223 - - [09/Dec/2014:00:25:13 -0500] "GET /BLA/boletinlegal/js/jquery.scrollShow.js HTTP/1.1" 200 4586
157.55.39.103 - - [09/Dec/2014:00:25:19 -0500] "GET /BLA/resoluciones/Resoluciones%202011/1048.pdf HTTP/1.1" 200 290961
157.55.39.103 - - [09/Dec/2014:00:25:20 -0500] "GET /bla/resoluciones/resoluciones%202010/0071.pdf HTTP/1.1" 200 502063
157.55.39.103 - - [09/Dec/2014:00:25:20 -0500] "GET /BLA/resoluciones/Resoluciones%202011/0450.pdf HTTP/1.1" 200 67071
157.55.39.103 - - [09/Dec/2014:00:25:22 -0500] "GET /BLA/resoluciones/Resoluciones%202011/3381.pdf HTTP/1.1" 200 726951
157.55.39.103 - - [09/Dec/2014:00:25:22 -0500] "GET /BLA/resoluciones/RESOLUCIONES%202009/8510.pdf HTTP/1.1" 200 624324
181.50.106.237 - - [09/Dec/2014:00:25:24 -0500] "POST /forms/lservlet;jsessionid=ac16012b30d588e296d1e19345ff90d69511497237e6.e3iSbxaKaheRe34Sa3yKbhiTahb0n6jAmljGr5XDqQLvpAe HTTP/1.1" 200 2
157.55.39.12 - - [09/Dec/2014:00:25:34 -0500] "GET /bla/resoluciones/resoluciones%202010/0361.pdf HTTP/1.1" 200 427201
157.55.39.12 - - [09/Dec/2014:00:25:35 -0500] "GET /BLA/resoluciones/RESOLUCIONES%202010/2121.pdf HTTP/1.1" 200 513053
157.55.39.12 - - [09/Dec/2014:00:25:45 -0500] "GET /BLA/resoluciones/AUTOS%202012/2026.pdf HTTP/1.1" 200 1994477
157.55.39.13 - - [09/Dec/2014:00:26:02 -0500] "GET /BLA/resoluciones/RESOLUCIONES%202012/0970.pdf HTTP/1.1" 200 445767
181.61.12.128 - - [09/Dec/2014:00:26:09 -0500] "GET /BLA/boletinlegal/js/jquery.js HTTP/1.1" 200 57254
181.61.12.128 - - [09/Dec/2014:00:26:09 -0500] "GET /BLA/boletinlegal/js/jquery.scrollTo-min.js HTTP/1.1" 200 1150
181.61.12.128 - - [09/Dec/2014:00:26:09 -0500] "GET /BLA/boletinlegal/js/jquery.scrollShow.js HTTP/1.1" 200 4586
100.43.85.25 - - [09/Dec/2014:00:26:18 -0500] "GET /videos/23demayo/?C=D;O=D HTTP/1.1" 200 5974
157.55.39.13 - - [09/Dec/2014:00:26:19 -0500] "GET /bla/resoluciones/RESOLUCIONES%202011/3045.pdf HTTP/1.1" 200 663674
157.55.39.13 - - [09/Dec/2014:00:26:20 -0500] "GET /BLA/resoluciones/RESOLUCIONES%202009/1816.pdf HTTP/1.1" 200 363787
157.55.39.13 - - [09/Dec/2014:00:26:21 -0500] "GET /BLA/resoluciones/AUTOS%202011/5110.pdf HTTP/1.1" 200 185847
157.55.39.16 - - [09/Dec/2014:00:26:24 -0500] "GET /bla/resoluciones/resoluciones%202009/8862.pdf HTTP/1.1" 200 365101
157.55.39.16 - - [09/Dec/2014:00:26:25 -0500] "GET /BLA/resoluciones/RESOLUCIONES%202011/4659.pdf HTTP/1.1" 200 462217
157.55.39.16 - - [09/Dec/2014:00:26:25 -0500] "GET /BLA/resoluciones/AUTOS%202009/0906.pdf HTTP/1.1" 200 122810
157.55.39.13 - - [09/Dec/2014:00:26:51 -0500] "GET /bla/resoluciones/RESOLUCIONES%202011/0066.pdf HTTP/1.1" 200 374253
157.55.39.104 - - [09/Dec/2014:00:26:57 -0500] "GET /BLA/resoluciones/RESOLUCIONES%202010/2662.pdf HTTP/1.1" 200 338942
157.55.39.104 - - [09/Dec/2014:00:26:58 -0500] "GET /BLA/resoluciones/RESOLUCIONES%202012/0334.pdf HTTP/1.1" 200 360967
157.55.39.104 - - [09/Dec/2014:00:26:58 -0500] "GET /BLA/resoluciones/RESOLUCIONES%202012/1875.pdf HTTP/1.1" 200 450868
157.55.39.104 - - [09/Dec/2014:00:26:59 -0500] "GET /BLA/resoluciones/AUTOS%202009/1393.pdf HTTP/1.1" 200 116024
181.50.90.144 - - [09/Dec/2014:00:27:08 -0500] "GET /BLA/boletinlegal/js/jquery.scrollTo-min.js HTTP/1.1" 200 1150
181.50.90.144 - - [09/Dec/2014:00:27:08 -0500] "GET /BLA/boletinlegal/js/jquery.js HTTP/1.1" 200 57254
181.50.90.144 - - [09/Dec/2014:00:27:08 -0500] "GET /BLA/boletinlegal/js/jquery.scrollShow.js HTTP/1.1" 200 4586
157.55.39.16 - - [09/Dec/2014:00:27:15 -0500] "GET /bla/resoluciones/resoluciones%202009/9412.pdf HTTP/1.1" 200 447436
157.55.39.16 - - [09/Dec/2014:00:27:16 -0500] "GET /BLA/resoluciones/AUTOS%202009/1832.pdf HTTP/1.1" 200 104390
157.55.39.16 - - [09/Dec/2014:00:27:16 -0500] "GET /BLA/resoluciones/RESOLUCIONES%202012/1139.pdf HTTP/1.1" 200 995910
188.165.15.36 - - [09/Dec/2014:00:27:23 -0500] "GET /BLA/resoluciones/RESOLUCIONES%202004/RES%202004%201851-1900/00001876.tif HTTP/1.1" 200 162938
181.50.106.237 - - [09/Dec/2014:00:27:24 -0500] "POST /forms/lservlet;jsessionid=ac16012b30d588e296d1e19345ff90d69511497237e6.e3iSbxaKaheRe34Sa3yKbhiTahb0n6jAmljGr5XDqQLvpAe HTTP/1.1" 200 2
66.249.75.67 - - [09/Dec/2014:00:27:44 -0500] "GET /BLA/resoluciones/RESOLUCIONES%202007/RES%202007%202701%20AL%202800/RESOLUCION%202746%20DE%202007.pdf HTTP/1.1" 200 436279
157.55.39.12 - - [09/Dec/2014:00:27:50 -0500] "GET /bla/resoluciones/resoluciones%202010/2305.pdf HTTP/1.1" 200 529271
74.86.158.107 - - [09/Dec/2014:00:27:53 -0500] "HEAD / HTTP/1.1" 302 -
157.55.39.15 - - [09/Dec/2014:00:27:54 -0500] "GET /BLA/resoluciones/Resoluciones%202011/0429.pdf HTTP/1.1" 200 66579
157.55.39.15 - - [09/Dec/2014:00:27:56 -0500] "GET /bla/resoluciones/resoluciones%202010/1249.pdf HTTP/1.1" 200 105300
157.55.39.15 - - [09/Dec/2014:00:27:56 -0500] "GET /BLA/resoluciones/RESOLUCIONES%202012/0981.pdf HTTP/1.1" 200 213028
157.55.39.15 - - [09/Dec/2014:00:27:56 -0500] "GET /BLA/resoluciones/RESOLUCIONES%202009/7086.pdf HTTP/1.1" 200 949552
186.145.169.83 - - [09/Dec/2014:00:28:02 -0500] "GET /BLA/boletinlegal/js/jquery.js HTTP/1.1" 200 57254
186.145.169.83 - - [09/Dec/2014:00:28:02 -0500] "GET /BLA/boletinlegal/js/jquery.scrollShow.js HTTP/1.1" 200 4586
186.145.169.83 - - [09/Dec/2014:00:28:02 -0500] "GET /BLA/boletinlegal/js/jquery.scrollTo-min.js HTTP/1.1" 200 1150
157.55.39.104 - - [09/Dec/2014:00:28:09 -0500] "GET /BLA/boletinlegal/jurisprudencia.php HTTP/1.1" 200 10741
157.55.39.104 - - [09/Dec/2014:00:28:11 -0500] "GET /BLA/resoluciones/RESOLUCIONES%202009/2207.pdf HTTP/1.1" 200 612993
157.55.39.104 - - [09/Dec/2014:00:28:12 -0500] "GET /BLA/resoluciones/RESOLUCIONES%202010/0518.pdf HTTP/1.1" 200 687426
157.55.39.104 - - [09/Dec/2014:00:28:13 -0500] "GET /BLA/resoluciones/RESOLUCIONES%202009/3833.pdf HTTP/1.1" 200 802932
157.55.39.104 - - [09/Dec/2014:00:28:13 -0500] "GET /bla/resoluciones/resoluciones%202009/0414.pdf HTTP/1.1" 200 213065
157.55.39.16 - - [09/Dec/2014:00:28:18 -0500] "GET /BLA/resoluciones/RESOLUCIONES%202011/3712.pdf HTTP/1.1" 200 933245
157.55.39.16 - - [09/Dec/2014:00:28:20 -0500] "GET /bla/resoluciones/resoluciones%202009/9074.pdf HTTP/1.1" 200 510649
157.55.39.12 - - [09/Dec/2014:00:28:33 -0500] "GET /bla/resoluciones/resoluciones%202010/6091.pdf HTTP/1.1" 200 250780
157.55.39.15 - - [09/Dec/2014:00:28:56 -0500] "GET /BLA/resoluciones/RESOLUCIONES%202009/4583.pdf HTTP/1.1" 200 642899
186.154.84.82 - - [09/Dec/2014:00:28:58 -0500] "GET /forest/session.jsp?a=0.7380924597382545 HTTP/1.1" 200 4
157.55.39.13 - - [09/Dec/2014:00:29:01 -0500] "GET /bla/resoluciones/resoluciones%202009/2262.pdf HTTP/1.1" 200 479963
157.55.39.16 - - [09/Dec/2014:00:29:17 -0500] "-" 408 -
181.50.106.237 - - [09/Dec/2014:00:29:24 -0500] "POST /forms/lservlet;jsessionid=ac16012b30d588e296d1e19345ff90d69511497237e6.e3iSbxaKaheRe34Sa3yKbhiTahb0n6jAmljGr5XDqQLvpAe HTTP/1.1" 200 2
66.249.75.83 - - [09/Dec/2014:00:29:24 -0500] "GET /BLA/resoluciones/RESOLUCIONES%202007/RES%202007%202901%20AL%203000/RESOLUCION%203000%20DE%202007.pdf HTTP/1.1" 304 -
157.55.39.16 - - [09/Dec/2014:00:29:30 -0500] "GET /BLA/resoluciones/AUTOS%202010/3902.pdf HTTP/1.1" 200 147460
123.125.71.105 - - [09/Dec/2014:00:29:33 -0500] "GET /BLA/resoluciones/dlf/pdf.gif HTTP/1.1" 200 272
201.185.204.14 - - [09/Dec/2014:00:29:34 -0500] "GET /BLA/boletinlegal/js/jquery.js HTTP/1.1" 200 57254
201.185.204.14 - - [09/Dec/2014:00:29:34 -0500] "GET /BLA/boletinlegal/js/jquery.scrollTo-min.js HTTP/1.1" 200 1150
201.185.204.14 - - [09/Dec/2014:00:29:34 -0500] "GET /BLA/boletinlegal/js/jquery.scrollShow.js HTTP/1.1" 200 4586
157.55.39.12 - - [09/Dec/2014:00:29:34 -0500] "GET /BLA/resoluciones/AUTOS%202010/1121.pdf HTTP/1.1" 200 184039
157.55.39.12 - - [09/Dec/2014:00:29:35 -0500] "GET /bla/resoluciones/resoluciones%202009/4809.pdf HTTP/1.1" 200 308071
157.55.39.12 - - [09/Dec/2014:00:29:35 -0500] "GET /BLA/resoluciones/RESOLUCIONES%202011/1839.pdf HTTP/1.1" 200 516276
157.55.39.12 - - [09/Dec/2014:00:29:36 -0500] "GET /BLA/resoluciones/Resoluciones%202011/1262.pdf HTTP/1.1" 200 364026
188.165.15.44 - - [09/Dec/2014:00:29:52 -0500] "GET /BLA/resoluciones/RESOLUCIONES%202005/RES%202005%202351-2400/00002388.tif HTTP/1.1" 200 200688
190.27.41.181 - - [09/Dec/2014:00:29:55 -0500] "GET /isolucionsda/Session.asp HTTP/1.1" 200 146
157.55.39.15 - - [09/Dec/2014:00:29:56 -0500] "GET /BLA/resoluciones/RESOLUCIONES%202009/1824.pdf HTTP/1.1" 200 512366
157.55.39.104 - - [09/Dec/2014:00:30:02 -0500] "GET /bla/resoluciones/resoluciones%202010/7448.pdf HTTP/1.1" 200 569807
157.55.39.104 - - [09/Dec/2014:00:30:02 -0500] "GET /BLA/resoluciones/RESOLUCIONES%202009/0263.pdf HTTP/1.1" 200 174212
157.55.39.104 - - [09/Dec/2014:00:30:03 -0500] "GET /BLA/resoluciones/RESOLUCIONES%202010/1339.pdf HTTP/1.1" 200 392428
157.55.39.104 - - [09/Dec/2014:00:30:04 -0500] "GET /BLA/resoluciones/AUTOS%202010/5535.pdf HTTP/1.1" 200 1006218
157.55.39.104 - - [09/Dec/2014:00:30:05 -0500] "GET /bla/resoluciones/resoluciones%202010/1268.pdf HTTP/1.1" 200 125340
157.55.39.13 - - [09/Dec/2014:00:30:05 -0500] "GET /bla/resoluciones/resoluciones%202009/1446.pdf HTTP/1.1" 200 373659
157.55.39.13 - - [09/Dec/2014:00:30:20 -0500] "GET /BLA/resoluciones/RESOLUCIONES%202009/7137.pdf HTTP/1.1" 200 861663
157.55.39.103 - - [09/Dec/2014:00:30:37 -0500] "GET /BLA/resoluciones/RESOLUCIONES%202010/1075.pdf HTTP/1.1" 200 106544
157.55.39.103 - - [09/Dec/2014:00:30:37 -0500] "GET /BLA/resoluciones/RESOLUCIONES%202010/0509.pdf HTTP/1.1" 200 146082
157.55.39.103 - - [09/Dec/2014:00:30:38 -0500] "GET /bla/resoluciones/resoluciones%202009/1198.pdf HTTP/1.1" 200 402964
157.55.39.12 - - [09/Dec/2014:00:30:40 -0500] "GET /BLA/resoluciones/RESOLUCIONES%202011/1094.pdf HTTP/1.1" 200 449904
157.55.39.12 - - [09/Dec/2014:00:30:41 -0500] "GET /bla/resoluciones/RESOLUCIONES%202011/2646.pdf HTTP/1.1" 200 415043
157.55.39.12 - - [09/Dec/2014:00:30:46 -0500] "GET /bla/resoluciones/resoluciones%202009/7470.pdf HTTP/1.1" 200 771392
157.55.39.15 - - [09/Dec/2014:00:30:51 -0500] "GET /bla/resoluciones/resoluciones%202010/2150.pdf HTTP/1.1" 200 514781
157.55.39.15 - - [09/Dec/2014:00:30:52 -0500] "GET /bla/resoluciones/resoluciones%202009/8228.pdf HTTP/1.1" 200 461943
157.55.39.15 - - [09/Dec/2014:00:30:52 -0500] "GET /bla/resoluciones/resoluciones%202009/9263.pdf HTTP/1.1" 200 531052
66.249.75.67 - - [09/Dec/2014:00:31:04 -0500] "GET /BLA/resoluciones/RESOLUCIONES%202011/5660.pdf HTTP/1.1" 304 -
157.55.39.13 - - [09/Dec/2014:00:31:05 -0500] "GET /BLA/resoluciones/RESOLUCIONES%202008/1879.pdf HTTP/1.1" 200 210685
187.207.225.38 - - [09/Dec/2014:00:31:07 -0500] "GET /BLA/boletinlegal/js/jquery.js HTTP/1.1" 200 57254
187.207.225.38 - - [09/Dec/2014:00:31:07 -0500] "GET /BLA/boletinlegal/js/jquery.scrollTo-min.js HTTP/1.1" 200 1150
187.207.225.38 - - [09/Dec/2014:00:31:07 -0500] "GET /BLA/boletinlegal/js/jquery.scrollShow.js HTTP/1.1" 200 4586
157.55.39.13 - - [09/Dec/2014:00:31:12 -0500] "GET /bla/resoluciones/resoluciones%202010/0577.pdf HTTP/1.1" 200 91143
157.55.39.16 - - [09/Dec/2014:00:31:18 -0500] "GET /bla/resoluciones/RESOLUCIONES%202011/1511.pdf HTTP/1.1" 200 70205
157.55.39.13 - - [09/Dec/2014:00:31:22 -0500] "GET /bla/resoluciones/resoluciones%202010/5546.pdf HTTP/1.1" 200 340663
157.55.39.13 - - [09/Dec/2014:00:31:23 -0500] "GET /bla/resoluciones/resoluciones%202010/0191.pdf HTTP/1.1" 200 541600
181.50.106.237 - - [09/Dec/2014:00:31:24 -0500] "POST /forms/lservlet;jsessionid=ac16012b30d588e296d1e19345ff90d69511497237e6.e3iSbxaKaheRe34Sa3yKbhiTahb0n6jAmljGr5XDqQLvpAe HTTP/1.1" 200 2
157.55.39.103 - - [09/Dec/2014:00:31:27 -0500] "GET /BLA/resoluciones/RESOLUCIONES%202010/1128.pdf HTTP/1.1" 200 113906
188.165.15.10 - - [09/Dec/2014:00:31:27 -0500] "GET /BLA/resoluciones/RESOLUCIONES%202003/RES%202003%20351-400/373.tif HTTP/1.1" 200 171032
157.55.39.103 - - [09/Dec/2014:00:31:27 -0500] "GET /bla/resoluciones/resoluciones%202009/8221.pdf HTTP/1.1" 200 590483
157.55.39.103 - - [09/Dec/2014:00:31:28 -0500] "GET /bla/resoluciones/resoluciones%202010/6332.pdf HTTP/1.1" 200 442801
157.55.39.12 - - [09/Dec/2014:00:31:33 -0500] "GET /BLA/resoluciones/AUTOS%202009/2890.pdf HTTP/1.1" 200 81071
157.55.39.12 - - [09/Dec/2014:00:31:34 -0500] "GET /bla/resoluciones/resoluciones%202009/8589.pdf HTTP/1.1" 200 441145
157.55.39.12 - - [09/Dec/2014:00:31:51 -0500] "GET /BLA/resoluciones/RESOLUCIONES%202012/0970.pdf HTTP/1.1" 200 445767
157.55.39.13 - - [09/Dec/2014:00:32:02 -0500] "GET /BLA/resoluciones/RESOLUCIONES%202011/0156.pdf HTTP/1.1" 200 233747
66.249.75.83 - - [09/Dec/2014:00:32:40 -0500] "GET /BLA/resoluciones/RESOLUCIONES%202004/RES%202004%201251-1300/00001292.tif HTTP/1.1" 200 85440
157.55.39.12 - - [09/Dec/2014:00:32:42 -0500] "GET /bla/resoluciones/resoluciones%202010/7700.pdf HTTP/1.1" 200 365036
157.55.39.12 - - [09/Dec/2014:00:32:42 -0500] "GET /BLA/resoluciones/RESOLUCIONES%202010/2200.pdf HTTP/1.1" 200 502156
157.55.39.104 - - [09/Dec/2014:00:32:43 -0500] "GET /BLA/resoluciones/AUTOS%202009/1422.pdf HTTP/1.1" 200 100447
66.249.75.83 - - [09/Dec/2014:00:32:44 -0500] "GET /BLA/resoluciones/RESOLUCIONES%202008/0008.pdf HTTP/1.1" 200 280715
157.55.39.15 - - [09/Dec/2014:00:32:46 -0500] "GET /bla/resoluciones/resoluciones%202010/5784.pdf HTTP/1.1" 200 108393
74.86.158.107 - - [09/Dec/2014:00:32:53 -0500] "HEAD / HTTP/1.1" 302 -
157.55.39.13 - - [09/Dec/2014:00:33:03 -0500] "GET /BLA/resoluciones/AUTOS%202011/5116.pdf HTTP/1.1" 200 632475
157.55.39.13 - - [09/Dec/2014:00:33:04 -0500] "GET /BLA/resoluciones/AUTOS%202010/6564.pdf HTTP/1.1" 200 148869
157.55.39.15 - - [09/Dec/2014:00:33:08 -0500] "GET /BLA/resoluciones/AUTOS%202009/1412.pdf HTTP/1.1" 200 194506
181.136.104.185 - - [09/Dec/2014:00:33:24 -0500] "GET /BLA/boletinlegal/js/jquery.js HTTP/1.1" 200 57254
181.136.104.185 - - [09/Dec/2014:00:33:24 -0500] "GET /BLA/boletinlegal/js/jquery.scrollShow.js HTTP/1.1" 200 4586
181.50.106.237 - - [09/Dec/2014:00:33:24 -0500] "POST /forms/lservlet;jsessionid=ac16012b30d588e296d1e19345ff90d69511497237e6.e3iSbxaKaheRe34Sa3yKbhiTahb0n6jAmljGr5XDqQLvpAe HTTP/1.1" 200 2
157.55.39.13 - - [09/Dec/2014:00:33:27 -0500] "GET /BLA/resoluciones/RESOLUCIONES%202011/1279.pdf HTTP/1.1" 200 461696
157.55.39.13 - - [09/Dec/2014:00:33:27 -0500] "GET /bla/resoluciones/resoluciones%202009/8895.pdf HTTP/1.1" 200 374839
181.136.104.185 - - [09/Dec/2014:00:33:28 -0500] "GET /BLA/boletinlegal/js/jquery.scrollTo-min.js HTTP/1.1" 200 1150
157.55.39.14 - - [09/Dec/2014:00:33:29 -0500] "GET /bla/resoluciones/resoluciones%202010/6889.pdf HTTP/1.1" 200 345258
157.55.39.15 - - [09/Dec/2014:00:33:33 -0500] "GET /BLA/resoluciones/AUTOS%202010/5411.pdf HTTP/1.1" 200 1081691
157.55.39.15 - - [09/Dec/2014:00:33:34 -0500] "GET /bla/resoluciones/resoluciones%202009/2430.pdf HTTP/1.1" 200 396608
157.55.39.104 - - [09/Dec/2014:00:33:54 -0500] "GET /bla/resoluciones/resoluciones%202009/8529.pdf HTTP/1.1" 200 523224
157.55.39.15 - - [09/Dec/2014:00:34:07 -0500] "GET /bla/resoluciones/resoluciones%202009/7873.pdf HTTP/1.1" 200 564553
157.55.39.15 - - [09/Dec/2014:00:34:08 -0500] "GET /BLA/resoluciones/RESOLUCIONES%202009/0137.pdf HTTP/1.1" 200 560755
157.55.39.15 - - [09/Dec/2014:00:34:08 -0500] "GET /BLA/resoluciones/AUTOS%202011/3118.pdf HTTP/1.1" 200 283745
157.55.39.16 - - [09/Dec/2014:00:34:09 -0500] "GET /BLA/resoluciones/RESOLUCIONES%202009/1880.pdf HTTP/1.1" 200 356546
66.249.75.51 - - [09/Dec/2014:00:34:24 -0500] "GET /BLA/resoluciones/AUTOS%202008/0022.pdf HTTP/1.1" 200 101447
157.55.39.18 - - [09/Dec/2014:00:34:28 -0500] "GET /bla/resoluciones/resoluciones%202010/1210.pdf HTTP/1.1" 200 97865
157.55.39.18 - - [09/Dec/2014:00:34:28 -0500] "GET /BLA/resoluciones/RESOLUCIONES%202008/1455.pdf HTTP/1.1" 200 305849
157.55.39.18 - - [09/Dec/2014:00:34:30 -0500] "GET /bla/resoluciones/resoluciones%202009/7104.pdf HTTP/1.1" 200 241373
180.76.6.43 - - [09/Dec/2014:00:34:41 -0500] "GET /BLA/resoluciones/RESOLUCIONES%202010/0143.pdf HTTP/1.1" 200 114662
157.55.39.15 - - [09/Dec/2014:00:34:45 -0500] "GET /BLA/resoluciones/AUTOS%202012/1554.pdf HTTP/1.1" 200 2044394
157.55.39.104 - - [09/Dec/2014:00:34:50 -0500] "GET /bla/resoluciones/resoluciones%202010/0712.pdf HTTP/1.1" 200 103376
157.55.39.104 - - [09/Dec/2014:00:34:50 -0500] "GET /BLA/resoluciones/RESOLUCIONES%202009/0483.pdf HTTP/1.1" 200 206475
157.55.39.104 - - [09/Dec/2014:00:34:51 -0500] "GET /bla/resoluciones/resoluciones%202009/4978.pdf HTTP/1.1" 200 345352
157.55.39.13 - - [09/Dec/2014:00:35:09 -0500] "GET /bla/resoluciones/resoluciones%202009/8081.pdf HTTP/1.1" 200 435714
157.55.39.16 - - [09/Dec/2014:00:35:13 -0500] "GET /BLA/resoluciones/RESOLUCIONES%202009/7136.pdf HTTP/1.1" 200 632304
73.37.47.48 - - [09/Dec/2014:00:35:19 -0500] "-" 408 -
157.55.39.16 - - [09/Dec/2014:00:35:27 -0500] "GET /BLA/resoluciones/AUTOS%202012/1215.pdf HTTP/1.1" 200 183853
181.50.106.237 - - [09/Dec/2014:00:35:27 -0500] "POST /forms/lservlet;jsessionid=ac16012b30d588e296d1e19345ff90d69511497237e6.e3iSbxaKaheRe34Sa3yKbhiTahb0n6jAmljGr5XDqQLvpAe HTTP/1.1" 200 2
157.55.39.12 - - [09/Dec/2014:00:35:37 -0500] "GET /bla/resoluciones/RESOLUCIONES%202011/1571.pdf HTTP/1.1" 200 72471
157.55.39.104 - - [09/Dec/2014:00:35:47 -0500] "GET /BLA/resoluciones/RESOLUCIONES%202009/9813.pdf HTTP/1.1" 200 604788
73.37.47.48 - - [09/Dec/2014:00:35:49 -0500] "-" 408 -
157.55.39.13 - - [09/Dec/2014:00:35:54 -0500] "GET /BLA/resoluciones/Resoluciones%202011/2561.pdf HTTP/1.1" 200 388466
157.55.39.13 - - [09/Dec/2014:00:35:55 -0500] "GET /bla/resoluciones/RESOLUCIONES%202011/0865.pdf HTTP/1.1" 200 249087
157.55.39.15 - - [09/Dec/2014:00:36:01 -0500] "GET /BLA/resoluciones/RESOLUCIONES%202008/0529.pdf HTTP/1.1" 200 178480
66.249.75.83 - - [09/Dec/2014:00:36:04 -0500] "GET /portel_dama/libreria/pdf/pdf_entrenubes/a3.pdf HTTP/1.1" 404 1018
188.127.113.79 - - [09/Dec/2014:00:36:08 -0500] "POST /xmlrpc.php HTTP/1.1" 404 1018
181.136.79.167 - - [09/Dec/2014:00:36:25 -0500] "GET /BLA/boletinlegal/js/jquery.js HTTP/1.1" 200 57254
181.136.79.167 - - [09/Dec/2014:00:36:25 -0500] "GET /BLA/boletinlegal/js/jquery.scrollTo-min.js HTTP/1.1" 200 1150
181.136.79.167 - - [09/Dec/2014:00:36:25 -0500] "GET /BLA/boletinlegal/js/jquery.scrollShow.js HTTP/1.1" 200 4586
157.55.39.12 - - [09/Dec/2014:00:36:43 -0500] "GET /BLA/resoluciones/Resoluciones%202011/2739.pdf HTTP/1.1" 200 640686
157.55.39.12 - - [09/Dec/2014:00:36:44 -0500] "GET /BLA/resoluciones/AUTOS%202009/2293.pdf HTTP/1.1" 200 298516
157.55.39.12 - - [09/Dec/2014:00:36:44 -0500] "GET /bla/resoluciones/resoluciones%202009/9474.pdf HTTP/1.1" 200 354194
157.55.39.15 - - [09/Dec/2014:00:37:03 -0500] "GET /BLA/resoluciones/RESOLUCIONES%202008/0100.pdf HTTP/1.1" 200 64680
157.55.39.15 - - [09/Dec/2014:00:37:04 -0500] "GET /bla/resoluciones/resoluciones%202009/0773.pdf HTTP/1.1" 200 484011
157.55.39.15 - - [09/Dec/2014:00:37:04 -0500] "GET /bla/resoluciones/resoluciones%202010/7413.pdf HTTP/1.1" 200 124652
73.37.47.48 - - [09/Dec/2014:00:37:15 -0500] "-" 408 -
157.55.39.13 - - [09/Dec/2014:00:37:24 -0500] "GET /BLA/resoluciones/RESOLUCIONES%202012/1316.pdf HTTP/1.1" 200 325393
157.55.39.13 - - [09/Dec/2014:00:37:25 -0500] "GET /bla/resoluciones/RESOLUCIONES%202011/2414.pdf HTTP/1.1" 200 506325
181.50.106.237 - - [09/Dec/2014:00:37:27 -0500] "POST /forms/lservlet;jsessionid=ac16012b30d588e296d1e19345ff90d69511497237e6.e3iSbxaKaheRe34Sa3yKbhiTahb0n6jAmljGr5XDqQLvpAe HTTP/1.1" 200 2
157.55.39.103 - - [09/Dec/2014:00:37:32 -0500] "GET /BLA/resoluciones/RESOLUCIONES%202009/4685.pdf HTTP/1.1" 200 707740
157.55.39.103 - - [09/Dec/2014:00:37:32 -0500] "GET /BLA/resoluciones/RESOLUCIONES%202009/0761.pdf HTTP/1.1" 200 346872
157.55.39.103 - - [09/Dec/2014:00:37:33 -0500] "GET /BLA/resoluciones/RESOLUCIONES%202010/2204.pdf HTTP/1.1" 200 544502
157.55.39.103 - - [09/Dec/2014:00:37:33 -0500] "GET /bla/resoluciones/resoluciones%202010/6664.pdf HTTP/1.1" 200 249006
157.55.39.103 - - [09/Dec/2014:00:37:34 -0500] "GET /bla/resoluciones/resoluciones%202010/6609.pdf HTTP/1.1" 200 294811
157.55.39.15 - - [09/Dec/2014:00:37:48 -0500] "GET /bla/resoluciones/RESOLUCIONES%202011/3606.pdf HTTP/1.1" 200 493508
157.55.39.15 - - [09/Dec/2014:00:37:48 -0500] "GET /bla/resoluciones/resoluciones%202009/4032.pdf HTTP/1.1" 200 247953
74.86.158.107 - - [09/Dec/2014:00:37:53 -0500] "HEAD / HTTP/1.1" 302 -
157.55.39.13 - - [09/Dec/2014:00:38:05 -0500] "GET /bla/resoluciones/resoluciones%202009/7960.pdf HTTP/1.1" 200 97815
157.55.39.13 - - [09/Dec/2014:00:38:25 -0500] "GET /bla/resoluciones/resoluciones%202010/6453.pdf HTTP/1.1" 200 287478
157.55.39.13 - - [09/Dec/2014:00:38:26 -0500] "GET /BLA/resoluciones/RESOLUCIONES%202010/1916.pdf HTTP/1.1" 200 599784
157.55.39.13 - - [09/Dec/2014:00:38:26 -0500] "GET /bla/resoluciones/resoluciones%202009/0379.pdf HTTP/1.1" 200 236107
157.55.39.16 - - [09/Dec/2014:00:38:29 -0500] "GET /BLA/resoluciones/RESOLUCIONES%202008/2011.pdf HTTP/1.1" 200 111980
157.55.39.16 - - [09/Dec/2014:00:38:30 -0500] "GET /BLA/resoluciones/RESOLUCIONES%202009/5663.pdf HTTP/1.1" 200 675895
157.55.39.104 - - [09/Dec/2014:00:38:41 -0500] "GET /bla/resoluciones/resoluciones%202010/0053.pdf HTTP/1.1" 200 500269
157.55.39.104 - - [09/Dec/2014:00:38:42 -0500] "GET /bla/resoluciones/resoluciones%202010/2072.pdf HTTP/1.1" 200 196369
157.55.39.15 - - [09/Dec/2014:00:38:53 -0500] "GET /BLA/resoluciones/RESOLUCIONES%202010/0181.pdf HTTP/1.1" 200 533072
157.55.39.15 - - [09/Dec/2014:00:38:53 -0500] "GET /BLA/resoluciones/RESOLUCIONES%202010/1875.pdf HTTP/1.1" 200 449387
157.55.39.13 - - [09/Dec/2014:00:39:05 -0500] "GET /bla/resoluciones/resoluciones%202010/1686.pdf HTTP/1.1" 200 295415
157.55.39.16 - - [09/Dec/2014:00:39:13 -0500] "GET /BLA/resoluciones/RESOLUCIONES%202009/2031.pdf HTTP/1.1" 200 311177
157.55.39.16 - - [09/Dec/2014:00:39:13 -0500] "GET /bla/resoluciones/RESOLUCIONES%202011/1896.pdf HTTP/1.1" 200 522812
157.55.39.13 - - [09/Dec/2014:00:39:17 -0500] "GET /BLA/resoluciones/RESOLUCIONES%202011/1333.pdf HTTP/1.1" 200 66903
157.55.39.13 - - [09/Dec/2014:00:39:18 -0500] "GET /BLA/resoluciones/RESOLUCIONES%202009/4726.pdf HTTP/1.1" 200 1093759
157.55.39.13 - - [09/Dec/2014:00:39:19 -0500] "GET /BLA/resoluciones/AUTOS%202012/1197.pdf HTTP/1.1" 200 184435
181.50.106.237 - - [09/Dec/2014:00:39:28 -0500] "POST /forms/lservlet;jsessionid=ac16012b30d588e296d1e19345ff90d69511497237e6.e3iSbxaKaheRe34Sa3yKbhiTahb0n6jAmljGr5XDqQLvpAe HTTP/1.1" 200 2
157.55.39.103 - - [09/Dec/2014:00:39:34 -0500] "GET /bla/resoluciones/resoluciones%202010/7569.pdf HTTP/1.1" 200 72917
157.55.39.103 - - [09/Dec/2014:00:39:34 -0500] "GET /BLA/resoluciones/AUTOS%202012/0930.pdf HTTP/1.1" 200 171835
157.55.39.103 - - [09/Dec/2014:00:39:35 -0500] "GET /bla/resoluciones/resoluciones%202009/0609.pdf HTTP/1.1" 200 300246
157.55.39.103 - - [09/Dec/2014:00:39:36 -0500] "GET /BLA/resoluciones/RESOLUCIONES%202009/0978.pdf HTTP/1.1" 200 333623
157.55.39.103 - - [09/Dec/2014:00:39:36 -0500] "GET /BLA/resoluciones/AUTOS%202010/1902.pdf HTTP/1.1" 200 144429
157.55.39.12 - - [09/Dec/2014:00:39:42 -0500] "GET /BLA/resoluciones/Resoluciones%202011/2694.pdf HTTP/1.1" 200 771320
157.55.39.12 - - [09/Dec/2014:00:39:43 -0500] "GET /bla/resoluciones/resoluciones%202009/0851.pdf HTTP/1.1" 200 369966
190.156.140.139 - - [09/Dec/2014:00:39:44 -0500] "GET /galeria/carrusel/Carrusel/jquery.thumbnailScroller.css HTTP/1.1" 200 2066
190.156.140.139 - - [09/Dec/2014:00:39:44 -0500] "GET /BLA/boletinlegal/js/jquery.js HTTP/1.1" 200 57254
190.156.140.139 - - [09/Dec/2014:00:39:44 -0500] "GET /BLA/boletinlegal/js/jquery.scrollTo-min.js HTTP/1.1" 200 1150
190.156.140.139 - - [09/Dec/2014:00:39:44 -0500] "GET /BLA/boletinlegal/js/jquery.scrollShow.js HTTP/1.1" 200 4586
190.156.140.139 - - [09/Dec/2014:00:39:44 -0500] "GET /galeria/carrusel/Carrusel/jquery-ui-1.8.13.custom.min.js HTTP/1.1" 200 10800
190.156.140.139 - - [09/Dec/2014:00:39:44 -0500] "GET /galeria/carrusel/Carrusel/jquery.thumbnailScroller.js HTTP/1.1" 200 8157
190.156.140.139 - - [09/Dec/2014:00:39:45 -0500] "GET /galeria/nivo-slider/demo/demo.html HTTP/1.1" 200 3572
190.156.140.139 - - [09/Dec/2014:00:39:46 -0500] "GET /galeria/nivo-slider/themes/default/default.css HTTP/1.1" 200 1569
190.156.140.139 - - [09/Dec/2014:00:39:46 -0500] "GET /galeria/nivo-slider/themes/pascal/pascal.css HTTP/1.1" 200 2258
190.156.140.139 - - [09/Dec/2014:00:39:46 -0500] "GET /galeria/nivo-slider/nivo-slider.css HTTP/1.1" 200 1507
190.156.140.139 - - [09/Dec/2014:00:39:46 -0500] "GET /galeria/nivo-slider/themes/orman/orman.css HTTP/1.1" 200 2152
190.156.140.139 - - [09/Dec/2014:00:39:46 -0500] "GET /galeria/nivo-slider/demo/style.css HTTP/1.1" 200 2222
190.156.140.139 - - [09/Dec/2014:00:39:46 -0500] "GET /galeria/nivo-slider/demo/images/banner-musgo.jpg HTTP/1.1" 200 49513
190.156.140.139 - - [09/Dec/2014:00:39:46 -0500] "GET /galeria/nivo-slider/jquery.nivo.slider.pack.js HTTP/1.1" 200 11561
190.156.140.139 - - [09/Dec/2014:00:39:46 -0500] "GET /galeria/nivo-slider/demo/scripts/jquery-1.7.1.min.js HTTP/1.1" 200 93868
190.156.140.139 - - [09/Dec/2014:00:39:46 -0500] "GET /galeria/nivo-slider/demo/images/RdaNegociosFiltros.jpg HTTP/1.1" 200 77155
190.156.140.139 - - [09/Dec/2014:00:39:46 -0500] "GET /galeria/nivo-slider/demo/images/Jornada-adopcion.jpg HTTP/1.1" 200 79705
190.156.140.139 - - [09/Dec/2014:00:39:46 -0500] "GET /galeria/nivo-slider/demo/images/BogotaSostenible.jpg HTTP/1.1" 200 206863
190.156.140.139 - - [09/Dec/2014:00:39:46 -0500] "GET /galeria/nivo-slider/demo/images/4Simple_Slider.png HTTP/1.1" 200 11722
190.156.140.139 - - [09/Dec/2014:00:39:46 -0500] "GET /galeria/nivo-slider/themes/default/loading.gif HTTP/1.1" 200 1737
190.156.140.139 - - [09/Dec/2014:00:39:46 -0500] "GET /galeria/nivo-slider/demo/images/Banner-GAE3.jpg HTTP/1.1" 200 146354
190.156.140.139 - - [09/Dec/2014:00:39:47 -0500] "GET /galeria/nivo-slider/demo/images/Banner-comparendo.jpg HTTP/1.1" 200 388762
190.156.140.139 - - [09/Dec/2014:00:39:47 -0500] "GET /galeria/nivo-slider/demo/images/Biotaxis-Man.jpg HTTP/1.1" 200 99362
190.156.140.139 - - [09/Dec/2014:00:39:48 -0500] "GET /galeria/nivo-slider/demo/images/porloshumedales.jpg HTTP/1.1" 200 351238
190.156.140.139 - - [09/Dec/2014:00:39:48 -0500] "GET /galeria/nivo-slider/demo/images/Tingua-azul.jpg HTTP/1.1" 200 307638
190.156.140.139 - - [09/Dec/2014:00:39:48 -0500] "GET /galeria/nivo-slider/demo/images/Banner-Caracol-Africano.jpg HTTP/1.1" 200 331986
190.156.140.139 - - [09/Dec/2014:00:39:48 -0500] "GET /galeria/nivo-slider/demo/images/9Signos.jpg HTTP/1.1" 200 93040
157.55.39.15 - - [09/Dec/2014:00:40:04 -0500] "GET /bla/resoluciones/RESOLUCIONES%202011/2912.pdf HTTP/1.1" 200 524918
180.76.6.55 - - [09/Dec/2014:00:40:14 -0500] "GET /BLA/boletinlegal/Directivas/2011/Directiva%20No.%208%20del%2020%20de%20Septiembre%20de%202011.pdf HTTP/1.1" 200 727150
157.55.39.16 - - [09/Dec/2014:00:40:26 -0500] "GET /bla/resoluciones/resoluciones%202010/2156.pdf HTTP/1.1" 200 485267
157.55.39.18 - - [09/Dec/2014:00:40:30 -0500] "GET /BLA/resoluciones/RESOLUCIONES%202011/0934.pdf HTTP/1.1" 200 71843
157.55.39.104 - - [09/Dec/2014:00:40:39 -0500] "GET /bla/resoluciones/resoluciones%202009/4692.pdf HTTP/1.1" 200 117264
157.55.39.104 - - [09/Dec/2014:00:40:40 -0500] "GET /bla/resoluciones/RESOLUCIONES%202011/1583.pdf HTTP/1.1" 200 69847
157.55.39.104 - - [09/Dec/2014:00:40:40 -0500] "GET /BLA/resoluciones/AUTOS%202011/0138.pdf HTTP/1.1" 200 267419
157.55.39.104 - - [09/Dec/2014:00:40:41 -0500] "GET /BLA/resoluciones/AUTOS%202012/1813.pdf HTTP/1.1" 200 367619
180.76.6.142 - - [09/Dec/2014:00:40:53 -0500] "GET /BLA/resoluciones/RESOLUCIONES%202010/2859.pdf HTTP/1.1" 200 371486
157.55.39.103 - - [09/Dec/2014:00:41:16 -0500] "GET /BLA/resoluciones/RESOLUCIONES%202008/2135.pdf HTTP/1.1" 200 213057
157.55.39.103 - - [09/Dec/2014:00:41:16 -0500] "GET /BLA/resoluciones/RESOLUCIONES%202008/0162.pdf HTTP/1.1" 200 294153
157.55.39.103 - - [09/Dec/2014:00:41:23 -0500] "GET /bla/resoluciones/resoluciones%202010/5236.pdf HTTP/1.1" 200 777769
157.55.39.103 - - [09/Dec/2014:00:41:24 -0500] "GET /BLA/resoluciones/AUTOS%202009/0111.pdf HTTP/1.1" 200 72816
157.55.39.18 - - [09/Dec/2014:00:41:25 -0500] "GET /BLA/resoluciones/RESOLUCIONES%202011/4141.pdf HTTP/1.1" 200 84043
157.55.39.18 - - [09/Dec/2014:00:41:25 -0500] "GET /BLA/resoluciones/RESOLUCIONES%202009/2143.pdf HTTP/1.1" 200 477471
157.55.39.18 - - [09/Dec/2014:00:41:26 -0500] "GET /bla/resoluciones/resoluciones%202010/2252.pdf HTTP/1.1" 200 511525
157.55.39.18 - - [09/Dec/2014:00:41:26 -0500] "GET /BLA/resoluciones/AUTOS%202011/2145.pdf HTTP/1.1" 200 157294
157.55.39.103 - - [09/Dec/2014:00:41:26 -0500] "GET /BLA/resoluciones/RESOLUCIONES%202008/1355.pdf HTTP/1.1" 200 1076489
181.50.106.237 - - [09/Dec/2014:00:41:28 -0500] "POST /forms/lservlet;jsessionid=ac16012b30d588e296d1e19345ff90d69511497237e6.e3iSbxaKaheRe34Sa3yKbhiTahb0n6jAmljGr5XDqQLvpAe HTTP/1.1" 200 2
157.55.39.16 - - [09/Dec/2014:00:41:29 -0500] "GET /BLA/resoluciones/RESOLUCIONES%202012/0388.pdf HTTP/1.1" 200 321623
157.55.39.16 - - [09/Dec/2014:00:41:30 -0500] "GET /BLA/resoluciones/AUTOS%202009/0513.pdf HTTP/1.1" 200 384899
157.55.39.12 - - [09/Dec/2014:00:41:46 -0500] "GET /BLA/resoluciones/Resoluciones%202011/0564.pdf HTTP/1.1" 200 342209
157.55.39.15 - - [09/Dec/2014:00:41:55 -0500] "GET /BLA/resoluciones/RESOLUCIONES%202010/5898.pdf HTTP/1.1" 200 74585
157.55.39.13 - - [09/Dec/2014:00:42:06 -0500] "GET /BLA/resoluciones/RESOLUCIONES%202010/1104.pdf HTTP/1.1" 200 101886
157.55.39.13 - - [09/Dec/2014:00:42:07 -0500] "GET /bla/resoluciones/resoluciones%202010/6629.pdf HTTP/1.1" 200 499244
157.55.39.13 - - [09/Dec/2014:00:42:08 -0500] "GET /bla/resoluciones/resoluciones%202010/0298.pdf HTTP/1.1" 200 425929
157.55.39.16 - - [09/Dec/2014:00:42:12 -0500] "GET /bla/resoluciones/resoluciones%202010/2174.pdf HTTP/1.1" 200 490467
157.55.39.16 - - [09/Dec/2014:00:42:14 -0500] "GET /BLA/resoluciones/AUTOS%202010/2520.pdf HTTP/1.1" 200 151997
157.55.39.16 - - [09/Dec/2014:00:42:24 -0500] "GET /bla/resoluciones/resoluciones%202010/7674.pdf HTTP/1.1" 200 384523
157.55.39.18 - - [09/Dec/2014:00:42:29 -0500] "GET /bla/resoluciones/resoluciones%202010/0343.pdf HTTP/1.1" 200 1167341
157.55.39.13 - - [09/Dec/2014:00:42:51 -0500] "GET /BLA/resoluciones/AUTOS%202011/1015.pdf HTTP/1.1" 200 123771
74.86.158.107 - - [09/Dec/2014:00:42:53 -0500] "HEAD / HTTP/1.1" 302 -
157.55.39.13 - - [09/Dec/2014:00:42:53 -0500] "GET /BLA/resoluciones/AUTOS%202009/3270.pdf HTTP/1.1" 200 117490
157.55.39.104 - - [09/Dec/2014:00:42:55 -0500] "GET /BLA/resoluciones/RESOLUCIONES%202011/2830.pdf HTTP/1.1" 200 768066
186.145.112.131 - - [09/Dec/2014:00:42:55 -0500] "GET /BLA/boletinlegal/js/jquery.js HTTP/1.1" 200 57254
157.55.39.104 - - [09/Dec/2014:00:42:56 -0500] "GET /BLA/resoluciones/RESOLUCIONES%202011/1326.pdf HTTP/1.1" 200 65479
186.145.112.131 - - [09/Dec/2014:00:42:56 -0500] "GET /BLA/boletinlegal/js/jquery.scrollShow.js HTTP/1.1" 200 4586
186.145.112.131 - - [09/Dec/2014:00:42:56 -0500] "GET /BLA/boletinlegal/js/jquery.scrollTo-min.js HTTP/1.1" 200 1150
157.55.39.104 - - [09/Dec/2014:00:42:56 -0500] "GET /BLA/resoluciones/RESOLUCIONES%202008/1711.pdf HTTP/1.1" 200 246045
157.55.39.104 - - [09/Dec/2014:00:42:58 -0500] "GET /BLA/resoluciones/AUTOS%202011/3257.pdf HTTP/1.1" 200 298823
157.55.39.104 - - [09/Dec/2014:00:42:58 -0500] "GET /BLA/resoluciones/Resoluciones%202011/0447.pdf HTTP/1.1" 200 73661
157.55.39.15 - - [09/Dec/2014:00:43:03 -0500] "GET /BLA/resoluciones/RESOLUCIONES%202012/1845.pdf HTTP/1.1" 200 541196
157.55.39.15 - - [09/Dec/2014:00:43:04 -0500] "GET /BLA/resoluciones/RESOLUCIONES%202009/0090.pdf HTTP/1.1" 200 188593
157.55.39.13 - - [09/Dec/2014:00:43:07 -0500] "GET /BLA/resoluciones/RESOLUCIONES%202008/2077.pdf HTTP/1.1" 200 212751
181.50.106.237 - - [09/Dec/2014:00:43:28 -0500] "POST /forms/lservlet;jsessionid=ac16012b30d588e296d1e19345ff90d69511497237e6.e3iSbxaKaheRe34Sa3yKbhiTahb0n6jAmljGr5XDqQLvpAe HTTP/1.1" 200 2
157.55.39.18 - - [09/Dec/2014:00:43:28 -0500] "GET /BLA/resoluciones/RESOLUCIONES%202011/0872.pdf HTTP/1.1" 200 256913
157.55.39.104 - - [09/Dec/2014:00:43:39 -0500] "GET /bla/resoluciones/RESOLUCIONES%202011/1804.pdf HTTP/1.1" 200 515606
157.55.39.104 - - [09/Dec/2014:00:43:40 -0500] "GET /BLA/resoluciones/RESOLUCIONES%202009/1702.pdf HTTP/1.1" 200 634881
157.55.39.104 - - [09/Dec/2014:00:43:41 -0500] "GET /bla/resoluciones/resoluciones%202009/8983.pdf HTTP/1.1" 200 85003
157.55.39.104 - - [09/Dec/2014:00:43:41 -0500] "GET /BLA/resoluciones/RESOLUCIONES%202010/1370.pdf HTTP/1.1" 200 363006
157.55.39.15 - - [09/Dec/2014:00:43:55 -0500] "GET /BLA/resoluciones/RESOLUCIONES%202010/1039.pdf HTTP/1.1" 200 111200
157.55.39.15 - - [09/Dec/2014:00:43:57 -0500] "GET /BLA/resoluciones/AUTOS%202012/2975.pdf HTTP/1.1" 200 2442824
157.55.39.15 - - [09/Dec/2014:00:43:57 -0500] "GET /BLA/resoluciones/Resoluciones%202011/1371.pdf HTTP/1.1" 200 519061
157.55.39.13 - - [09/Dec/2014:00:44:19 -0500] "GET /BLA/resoluciones/RESOLUCIONES%202011/0290.pdf HTTP/1.1" 200 801672
157.55.39.13 - - [09/Dec/2014:00:44:19 -0500] "GET /BLA/resoluciones/Resoluciones%202011/0878.pdf HTTP/1.1" 200 282079
157.55.39.13 - - [09/Dec/2014:00:44:20 -0500] "GET /BLA/resoluciones/AUTOS%202009/2396.pdf HTTP/1.1" 200 101148
157.55.39.13 - - [09/Dec/2014:00:44:20 -0500] "GET /BLA/resoluciones/RESOLUCIONES%202008/1708.pdf HTTP/1.1" 200 241205
157.55.39.16 - - [09/Dec/2014:00:44:28 -0500] "GET /BLA/resoluciones/RESOLUCIONES%202009/2462.pdf HTTP/1.1" 200 279234
157.55.39.16 - - [09/Dec/2014:00:44:29 -0500] "GET /BLA/resoluciones/AUTOS%202011/4120.pdf HTTP/1.1" 200 371290
157.55.39.104 - - [09/Dec/2014:00:44:49 -0500] "GET /BLA/resoluciones/RESOLUCIONES%202008/1780.pdf HTTP/1.1" 200 256435
157.55.39.104 - - [09/Dec/2014:00:44:50 -0500] "GET /bla/resoluciones/RESOLUCIONES%202011/1060.pdf HTTP/1.1" 200 367728
157.55.39.104 - - [09/Dec/2014:00:44:50 -0500] "GET /bla/resoluciones/resoluciones%202010/7146.pdf HTTP/1.1" 200 349970
157.55.39.104 - - [09/Dec/2014:00:44:51 -0500] "GET /bla/resoluciones/RESOLUCIONES%202011/1730.pdf HTTP/1.1" 200 784416
157.55.39.104 - - [09/Dec/2014:00:44:53 -0500] "GET /BLA/resoluciones/RESOLUCIONES%202009/2384.pdf HTTP/1.1" 200 353720
157.55.39.13 - - [09/Dec/2014:00:44:54 -0500] "GET /bla/resoluciones/resoluciones%202009/4702.pdf HTTP/1.1" 200 291347
157.55.39.15 - - [09/Dec/2014:00:44:59 -0500] "GET /BLA/resoluciones/AUTOS%202012/0784.pdf HTTP/1.1" 200 212692
157.55.39.13 - - [09/Dec/2014:00:45:14 -0500] "GET /BLA/resoluciones/RESOLUCIONES%202011/1426.pdf HTTP/1.1" 200 977342
181.50.106.237 - - [09/Dec/2014:00:45:28 -0500] "POST /forms/lservlet;jsessionid=ac16012b30d588e296d1e19345ff90d69511497237e6.e3iSbxaKaheRe34Sa3yKbhiTahb0n6jAmljGr5XDqQLvpAe HTTP/1.1" 200 2
157.55.39.12 - - [09/Dec/2014:00:45:45 -0500] "GET /BLA/resoluciones/RESOLUCIONES%202009/0812.pdf HTTP/1.1" 200 68213
157.55.39.12 - - [09/Dec/2014:00:45:46 -0500] "-" 408 -
157.55.39.15 - - [09/Dec/2014:00:45:56 -0500] "GET /bla/resoluciones/resoluciones%202009/3189.pdf HTTP/1.1" 200 319328
157.55.39.15 - - [09/Dec/2014:00:45:58 -0500] "GET /BLA/resoluciones/Resoluciones%202011/3141.pdf HTTP/1.1" 200 358773
157.55.39.15 - - [09/Dec/2014:00:45:58 -0500] "GET /BLA/resoluciones/Resoluciones%202011/2203.pdf HTTP/1.1" 200 511015
157.55.39.15 - - [09/Dec/2014:00:45:59 -0500] "GET /bla/resoluciones/resoluciones%202009/3687.pdf HTTP/1.1" 200 146588
157.55.39.104 - - [09/Dec/2014:00:46:08 -0500] "GET /BLA/resoluciones/RESOLUCIONES%202010/0633.pdf HTTP/1.1" 200 512976
157.55.39.104 - - [09/Dec/2014:00:46:08 -0500] "GET /bla/resoluciones/RESOLUCIONES%202011/3586.pdf HTTP/1.1" 200 638372
157.55.39.104 - - [09/Dec/2014:00:46:09 -0500] "GET /bla/resoluciones/resoluciones%202010/5268.pdf HTTP/1.1" 200 385750
157.55.39.192 - - [09/Dec/2014:00:46:10 -0500] "GET /BLA/resoluciones/AUTOS%202011/3735.pdf HTTP/1.1" 200 319683
157.55.39.192 - - [09/Dec/2014:00:46:11 -0500] "GET /bla/resoluciones/resoluciones%202009/9434.pdf HTTP/1.1" 200 480744
157.55.39.192 - - [09/Dec/2014:00:46:11 -0500] "GET /bla/resoluciones/resoluciones%202009/2444.pdf HTTP/1.1" 200 509579
157.55.39.192 - - [09/Dec/2014:00:46:12 -0500] "GET /BLA/resoluciones/RESOLUCIONES%202010/0070.pdf HTTP/1.1" 200 497565
157.55.39.103 - - [09/Dec/2014:00:46:37 -0500] "GET /BLA/resoluciones/AUTOS%202011/0896.pdf HTTP/1.1" 200 94559
157.55.39.103 - - [09/Dec/2014:00:46:38 -0500] "GET /bla/resoluciones/resoluciones%202010/7321.pdf HTTP/1.1" 200 350003
157.55.39.103 - - [09/Dec/2014:00:46:38 -0500] "GET /BLA/resoluciones/RESOLUCIONES%202011/1802.pdf HTTP/1.1" 200 516782
157.55.39.103 - - [09/Dec/2014:00:46:38 -0500] "GET /BLA/resoluciones/RESOLUCIONES%202008/1511.pdf HTTP/1.1" 200 401534
157.55.39.104 - - [09/Dec/2014:00:46:39 -0500] "GET /BLA/resoluciones/RESOLUCIONES%202010/1590.pdf HTTP/1.1" 200 376756
157.55.39.15 - - [09/Dec/2014:00:46:39 -0500] "GET /BLA/resoluciones/RESOLUCIONES%202010/2384.pdf HTTP/1.1" 200 780714
157.55.39.15 - - [09/Dec/2014:00:46:40 -0500] "GET /BLA/resoluciones/RESOLUCIONES%202011/3320.pdf HTTP/1.1" 200 790108
157.55.39.12 - - [09/Dec/2014:00:46:47 -0500] "GET /bla/resoluciones/resoluciones%202010/0279.pdf HTTP/1.1" 200 112640
157.55.39.12 - - [09/Dec/2014:00:46:48 -0500] "GET /bla/resoluciones/resoluciones%202009/6003.pdf HTTP/1.1" 200 119806
157.55.39.13 - - [09/Dec/2014:00:46:57 -0500] "GET /BLA/resoluciones/RESOLUCIONES%202011/1695.pdf HTTP/1.1" 200 67879
157.55.39.13 - - [09/Dec/2014:00:46:58 -0500] "GET /BLA/resoluciones/RESOLUCIONES%202012/1904.pdf HTTP/1.1" 200 371885
189.130.3.186 - - [09/Dec/2014:00:47:10 -0500] "GET /BLA/boletinlegal/js/jquery.js HTTP/1.1" 200 57254
189.130.3.186 - - [09/Dec/2014:00:47:10 -0500] "GET /BLA/boletinlegal/js/jquery.scrollTo-min.js HTTP/1.1" 200 1150
189.130.3.186 - - [09/Dec/2014:00:47:10 -0500] "GET /BLA/boletinlegal/js/jquery.scrollShow.js HTTP/1.1" 200 4586
157.55.39.103 - - [09/Dec/2014:00:47:18 -0500] "GET /bla/resoluciones/resoluciones%202010/0635.pdf HTTP/1.1" 200 533013
157.55.39.103 - - [09/Dec/2014:00:47:18 -0500] "GET /BLA/resoluciones/RESOLUCIONES%202011/2140.pdf HTTP/1.1" 200 510113
157.55.39.103 - - [09/Dec/2014:00:47:19 -0500] "GET /bla/resoluciones/resoluciones%202010/0874.pdf HTTP/1.1" 200 113216
157.55.39.16 - - [09/Dec/2014:00:47:22 -0500] "GET /bla/resoluciones/resoluciones%202010/0528.pdf HTTP/1.1" 200 376130
157.55.39.16 - - [09/Dec/2014:00:47:22 -0500] "GET /BLA/resoluciones/RESOLUCIONES%202009/1946.pdf HTTP/1.1" 200 639924
190.27.36.175 - - [09/Dec/2014:00:47:26 -0500] "GET /BLA/boletinlegal/js/jquery.js HTTP/1.1" 200 57254
190.27.36.175 - - [09/Dec/2014:00:47:26 -0500] "GET /BLA/boletinlegal/js/jquery.scrollTo-min.js HTTP/1.1" 200 1150
190.27.36.175 - - [09/Dec/2014:00:47:26 -0500] "GET /BLA/boletinlegal/js/jquery.scrollShow.js HTTP/1.1" 200 4586
181.50.106.237 - - [09/Dec/2014:00:47:28 -0500] "POST /forms/lservlet;jsessionid=ac16012b30d588e296d1e19345ff90d69511497237e6.e3iSbxaKaheRe34Sa3yKbhiTahb0n6jAmljGr5XDqQLvpAe HTTP/1.1" 200 2
157.55.39.103 - - [09/Dec/2014:00:47:28 -0500] "GET /bla/resoluciones/resoluciones%202010/1450.pdf HTTP/1.1" 200 555590
189.130.3.186 - - [09/Dec/2014:00:47:27 -0500] "GET /videos/CRRFFS.mp4 HTTP/1.1" 200 286784363
157.55.39.104 - - [09/Dec/2014:00:47:42 -0500] "GET /BLA/resoluciones/RESOLUCIONES%202010/2050.pdf HTTP/1.1" 200 195597
157.55.39.104 - - [09/Dec/2014:00:47:43 -0500] "GET /BLA/resoluciones/RESOLUCIONES%202009/3262.pdf HTTP/1.1" 200 710358
157.55.39.104 - - [09/Dec/2014:00:47:44 -0500] "GET /bla/resoluciones/resoluciones%202009/1280.pdf HTTP/1.1" 200 501475
157.55.39.104 - - [09/Dec/2014:00:47:44 -0500] "GET /BLA/resoluciones/RESOLUCIONES%202010/1391.pdf HTTP/1.1" 200 381448
157.55.39.104 - - [09/Dec/2014:00:47:45 -0500] "GET /BLA/resoluciones/Resoluciones%202011/0787.pdf HTTP/1.1" 200 66597
157.55.39.12 - - [09/Dec/2014:00:47:47 -0500] "GET /BLA/resoluciones/RESOLUCIONES%202008/1423.pdf HTTP/1.1" 200 71648
157.55.39.12 - - [09/Dec/2014:00:47:48 -0500] "GET /BLA/resoluciones/RESOLUCIONES%202011/2288.pdf HTTP/1.1" 200 383922
157.55.39.12 - - [09/Dec/2014:00:47:48 -0500] "GET /BLA/resoluciones/RESOLUCIONES%202009/2068.pdf HTTP/1.1" 200 452817
74.86.158.107 - - [09/Dec/2014:00:47:53 -0500] "HEAD / HTTP/1.1" 302 -
157.55.39.104 - - [09/Dec/2014:00:48:49 -0500] "GET /bla/resoluciones/resoluciones%202010/7385.pdf HTTP/1.1" 200 156805
157.55.39.104 - - [09/Dec/2014:00:48:50 -0500] "GET /BLA/resoluciones/AUTOS%202011/0101.pdf HTTP/1.1" 200 138635
157.55.39.104 - - [09/Dec/2014:00:48:51 -0500] "GET /bla/resoluciones/resoluciones%202009/0440.pdf HTTP/1.1" 200 230263
157.55.39.15 - - [09/Dec/2014:00:48:54 -0500] "GET /BLA/resoluciones/AUTOS%202009/3530.pdf HTTP/1.1" 200 209279
157.55.39.15 - - [09/Dec/2014:00:48:55 -0500] "GET /BLA/resoluciones/Resoluciones%202011/0375.pdf HTTP/1.1" 200 69247
157.55.39.15 - - [09/Dec/2014:00:48:55 -0500] "GET /BLA/resoluciones/AUTOS%202009/3141.pdf HTTP/1.1" 200 134205
157.55.39.15 - - [09/Dec/2014:00:48:56 -0500] "GET /bla/resoluciones/resoluciones%202010/5715.pdf HTTP/1.1" 200 163687
157.55.39.13 - - [09/Dec/2014:00:48:59 -0500] "GET /BLA/resoluciones/AUTOS%202011/6262.pdf HTTP/1.1" 200 1396868
157.55.39.16 - - [09/Dec/2014:00:49:08 -0500] "GET /bla/resoluciones/resoluciones%202009/8024.pdf HTTP/1.1" 200 517158
