181.50.106.237 - - [09/Dec/2014:01:43:34 -0500] "POST /forms/lservlet;jsessionid=ac16012b30d588e296d1e19345ff90d69511497237e6.e3iSbxaKaheRe34Sa3yKbhiTahb0n6jAmljGr5XDqQLvpAe HTTP/1.1" 200 99
157.55.39.15 - - [09/Dec/2014:01:43:42 -0500] "GET /BLA/resoluciones/RESOLUCIONES%202009/0428.pdf HTTP/1.1" 200 249120
157.55.39.15 - - [09/Dec/2014:01:43:42 -0500] "GET /bla/resoluciones/resoluciones%202009/1559.pdf HTTP/1.1" 200 412132
181.50.106.237 - - [09/Dec/2014:01:43:45 -0500] "POST /forms/lservlet;jsessionid=ac16012b30d588e296d1e19345ff90d69511497237e6.e3iSbxaKaheRe34Sa3yKbhiTahb0n6jAmljGr5XDqQLvpAe HTTP/1.1" 200 2
180.76.6.65 - - [09/Dec/2014:01:44:01 -0500] "GET /Autoliquidacion/index.php?dir=TR%C1MITES%20ACEITES-RESIDUOS-ESTACIONES/REGISTRO%20COMO%20ACOPIADOR%20PRIMARIO/&sort=name&order=desc HTTP/1.1" 200 3287
157.55.39.103 - - [09/Dec/2014:01:44:16 -0500] "GET /bla/resoluciones/resoluciones%202010/2390.pdf HTTP/1.1" 200 489337
157.55.39.13 - - [09/Dec/2014:01:44:24 -0500] "GET /bla/resoluciones/RESOLUCIONES%202011/2668.pdf HTTP/1.1" 200 780562
66.249.75.83 - - [09/Dec/2014:01:44:30 -0500] "GET /BLA/resoluciones/AUTOS%202008/2693.pdf HTTP/1.1" 200 117281
157.55.39.16 - - [09/Dec/2014:01:44:31 -0500] "GET /BLA/resoluciones/AUTOS%202009/3540.pdf HTTP/1.1" 200 216717
157.55.39.16 - - [09/Dec/2014:01:44:31 -0500] "GET /BLA/resoluciones/RESOLUCIONES%202011/3718.pdf HTTP/1.1" 200 556541
157.55.39.15 - - [09/Dec/2014:01:44:47 -0500] "GET /BLA/resoluciones/AUTOS%202012/2180.pdf HTTP/1.1" 200 2025682
157.55.39.12 - - [09/Dec/2014:01:44:52 -0500] "GET /BLA/resoluciones/AUTOS%202011/1301.pdf HTTP/1.1" 200 162239
157.55.39.104 - - [09/Dec/2014:01:44:55 -0500] "-" 408 -
27.153.136.74 - - [09/Dec/2014:01:45:10 -0500] "GET /BLA/resoluciones/AUTOS%202012/1491.pdf HTTP/1.1" 200 477113
188.165.15.55 - - [09/Dec/2014:01:45:14 -0500] "GET /BLA/resoluciones/RESOLUCIONES%202003/RES%202003%201551-1601/20031600.tif HTTP/1.1" 200 160384
157.55.39.103 - - [09/Dec/2014:01:45:16 -0500] "GET /BLA/resoluciones/RESOLUCIONES%202008/1522.pdf HTTP/1.1" 200 324675
202.46.62.23 - - [09/Dec/2014:01:45:30 -0500] "GET / HTTP/1.1" 302 -
157.55.39.12 - - [09/Dec/2014:01:45:35 -0500] "GET /bla/resoluciones/RESOLUCIONES%202011/2177.pdf HTTP/1.1" 200 489565
181.50.106.237 - - [09/Dec/2014:01:45:48 -0500] "POST /forms/lservlet;jsessionid=ac16012b30d588e296d1e19345ff90d69511497237e6.e3iSbxaKaheRe34Sa3yKbhiTahb0n6jAmljGr5XDqQLvpAe HTTP/1.1" 200 2
119.63.193.131 - - [09/Dec/2014:01:45:54 -0500] "GET / HTTP/1.1" 302 -
157.55.39.13 - - [09/Dec/2014:01:45:54 -0500] "GET /bla/resoluciones/RESOLUCIONES%202011/0326.pdf HTTP/1.1" 200 69937
157.55.39.13 - - [09/Dec/2014:01:46:03 -0500] "GET /BLA/resoluciones/RESOLUCIONES%202010/0581.pdf HTTP/1.1" 200 101224
157.55.39.104 - - [09/Dec/2014:01:46:08 -0500] "GET /bla/resoluciones/resoluciones%202010/2196.pdf HTTP/1.1" 200 514479
66.249.75.67 - - [09/Dec/2014:01:46:10 -0500] "GET /BLA/resoluciones/RESOLUCIONES%202013/0553.pdf HTTP/1.1" 404 1018
157.55.39.104 - - [09/Dec/2014:01:46:10 -0500] "GET /BLA/resoluciones/RESOLUCIONES%202009/2053.pdf HTTP/1.1" 200 606953
202.46.58.38 - - [09/Dec/2014:01:46:32 -0500] "GET /BLA/resoluciones/AUTOS%202011/2510.pdf HTTP/1.1" 200 240439
157.55.39.15 - - [09/Dec/2014:01:46:32 -0500] "GET /BLA/resoluciones/RESOLUCIONES%202008/2224.pdf HTTP/1.1" 200 477035
157.55.39.12 - - [09/Dec/2014:01:46:37 -0500] "GET /BLA/resoluciones/AUTOS%202009/0319.pdf HTTP/1.1" 200 101387
157.55.39.12 - - [09/Dec/2014:01:46:38 -0500] "GET /bla/resoluciones/resoluciones%202010/0523.pdf HTTP/1.1" 200 264751
157.55.39.104 - - [09/Dec/2014:01:46:45 -0500] "GET /BLA/resoluciones/RESOLUCIONES%202008/1371.pdf HTTP/1.1" 200 1098870
157.55.39.104 - - [09/Dec/2014:01:46:48 -0500] "GET /BLA/resoluciones/AUTOS%202009/2006.pdf HTTP/1.1" 200 99695
157.55.39.104 - - [09/Dec/2014:01:46:48 -0500] "GET /BLA/resoluciones/RESOLUCIONES%202010/2074.pdf HTTP/1.1" 200 205713
66.249.75.51 - - [09/Dec/2014:01:47:10 -0500] "GET /BLA/resoluciones/Autos%202008/3092.pdf HTTP/1.1" 200 56285
157.55.39.13 - - [09/Dec/2014:01:47:12 -0500] "GET /BLA/resoluciones/RESOLUCIONES%202009/3281.pdf HTTP/1.1" 200 721984
157.55.39.16 - - [09/Dec/2014:01:47:16 -0500] "GET /bla/resoluciones/resoluciones%202010/7716.pdf HTTP/1.1" 200 523958
157.55.39.16 - - [09/Dec/2014:01:47:16 -0500] "GET /BLA/resoluciones/RESOLUCIONES%202011/0922.pdf HTTP/1.1" 200 71611
157.55.39.16 - - [09/Dec/2014:01:47:17 -0500] "GET /bla/resoluciones/resoluciones%202009/2074.pdf HTTP/1.1" 200 444472
157.55.39.103 - - [09/Dec/2014:01:47:25 -0500] "GET /BLA/resoluciones/Resoluciones%202011/1884.pdf HTTP/1.1" 200 513594
157.55.39.12 - - [09/Dec/2014:01:47:38 -0500] "GET /BLA/resoluciones/AUTOS%202012/2524.pdf HTTP/1.1" 200 2221561
157.55.39.12 - - [09/Dec/2014:01:47:49 -0500] "GET /BLA/resoluciones/RESOLUCIONES%202008/0561.pdf HTTP/1.1" 200 113684
66.249.75.51 - - [09/Dec/2014:01:47:50 -0500] "GET /BLA/resoluciones/RESOLUCIONES%202010/6962.pdf HTTP/1.1" 304 -
181.50.106.237 - - [09/Dec/2014:01:47:51 -0500] "POST /forms/lservlet;jsessionid=ac16012b30d588e296d1e19345ff90d69511497237e6.e3iSbxaKaheRe34Sa3yKbhiTahb0n6jAmljGr5XDqQLvpAe HTTP/1.1" 200 2
74.86.158.107 - - [09/Dec/2014:01:47:53 -0500] "HEAD / HTTP/1.1" 302 -
157.55.39.15 - - [09/Dec/2014:01:47:57 -0500] "GET /BLA/resoluciones/AUTOS%202012/2170.pdf HTTP/1.1" 200 2516294
157.55.39.15 - - [09/Dec/2014:01:47:58 -0500] "GET /BLA/resoluciones/RESOLUCIONES%202010/2337.pdf HTTP/1.1" 200 540815
207.46.13.21 - - [09/Dec/2014:01:48:02 -0500] "GET /dama/libreria/php/frame_detalle.php?h_id=699 HTTP/1.1" 404 1015
157.55.39.104 - - [09/Dec/2014:01:48:07 -0500] "GET /BLA/resoluciones/RESOLUCIONES%202008/1816.pdf HTTP/1.1" 200 256093
157.55.39.104 - - [09/Dec/2014:01:48:07 -0500] "GET /BLA/resoluciones/AUTOS%202009/1406.pdf HTTP/1.1" 200 188164
157.55.39.15 - - [09/Dec/2014:01:48:08 -0500] "GET /bla/resoluciones/resoluciones%202010/7343.pdf HTTP/1.1" 200 346331
180.76.5.145 - - [09/Dec/2014:01:48:25 -0500] "GET /BLA/resoluciones/RESOLUCIONES%202010/0391.pdf HTTP/1.1" 200 119342
157.55.39.15 - - [09/Dec/2014:01:48:34 -0500] "GET /BLA/resoluciones/RESOLUCIONES%202011/3259.pdf HTTP/1.1" 200 134838
157.55.39.12 - - [09/Dec/2014:01:48:43 -0500] "GET /BLA/resoluciones/AUTOS%202010/0797.pdf HTTP/1.1" 200 183869
157.55.39.12 - - [09/Dec/2014:01:48:44 -0500] "GET /bla/resoluciones/resoluciones%202010/1768.pdf HTTP/1.1" 200 712348
157.55.39.15 - - [09/Dec/2014:01:48:53 -0500] "GET /bla/resoluciones/resoluciones%202010/1444.pdf HTTP/1.1" 200 616708
157.55.39.15 - - [09/Dec/2014:01:48:53 -0500] "GET /BLA/resoluciones/AUTOS%202011/1544.pdf HTTP/1.1" 200 154349
157.55.39.104 - - [09/Dec/2014:01:49:01 -0500] "GET /BLA/resoluciones/RESOLUCIONES%202009/7079.pdf HTTP/1.1" 200 1094689
157.55.39.104 - - [09/Dec/2014:01:49:01 -0500] "GET /BLA/resoluciones/AUTOS%202011/5267.pdf HTTP/1.1" 200 192425
157.55.39.104 - - [09/Dec/2014:01:49:03 -0500] "GET /bla/resoluciones/resoluciones%202009/2137.pdf HTTP/1.1" 200 476767
157.55.39.13 - - [09/Dec/2014:01:49:06 -0500] "GET /BLA/resoluciones/RESOLUCIONES%202010/1337.pdf HTTP/1.1" 200 429365
157.55.39.13 - - [09/Dec/2014:01:49:06 -0500] "GET /BLA/resoluciones/AUTOS%202009/3303.pdf HTTP/1.1" 200 207536
157.55.39.62 - - [09/Dec/2014:01:49:17 -0500] "GET / HTTP/1.1" 302 -
157.55.39.103 - - [09/Dec/2014:01:49:18 -0500] "-" 408 -
157.55.39.14 - - [09/Dec/2014:01:49:25 -0500] "GET /BLA/resoluciones/RESOLUCIONES%202009/1877.pdf HTTP/1.1" 200 346796
66.249.75.51 - - [09/Dec/2014:01:49:30 -0500] "GET /BLA/resoluciones/RESOLUCIONES%202008/4206.pdf HTTP/1.1" 200 633231
157.55.39.12 - - [09/Dec/2014:01:49:35 -0500] "GET /BLA/resoluciones/AUTOS%202009/3261.pdf HTTP/1.1" 200 221938
157.55.39.15 - - [09/Dec/2014:01:49:49 -0500] "GET /BLA/resoluciones/AUTOS%202009/0455.pdf HTTP/1.1" 200 138172
181.50.106.237 - - [09/Dec/2014:01:49:51 -0500] "POST /forms/lservlet;jsessionid=ac16012b30d588e296d1e19345ff90d69511497237e6.e3iSbxaKaheRe34Sa3yKbhiTahb0n6jAmljGr5XDqQLvpAe HTTP/1.1" 200 2
66.249.75.67 - - [09/Dec/2014:01:50:05 -0500] "GET /BLA/resoluciones/AUTOS%202007/0691.pdf HTTP/1.1" 200 105105
157.55.39.104 - - [09/Dec/2014:01:50:09 -0500] "GET /bla/resoluciones/resoluciones%202009/0160.pdf HTTP/1.1" 200 312294
157.55.39.104 - - [09/Dec/2014:01:50:10 -0500] "GET /BLA/resoluciones/AUTOS%202009/1785.pdf HTTP/1.1" 200 98337
157.55.39.104 - - [09/Dec/2014:01:50:10 -0500] "GET /bla/resoluciones/RESOLUCIONES%202011/1901.pdf HTTP/1.1" 200 516370
157.55.39.104 - - [09/Dec/2014:01:50:11 -0500] "GET /BLA/resoluciones/RESOLUCIONES%202009/0974.pdf HTTP/1.1" 200 273583
66.249.75.51 - - [09/Dec/2014:01:50:21 -0500] "GET /BLA/resoluciones/RESOLUCIONES%202012/1230.pdf HTTP/1.1" 200 533724
66.249.75.51 - - [09/Dec/2014:01:50:22 -0500] "GET /BLA/resoluciones/RESOLUCIONES%202002/RES%202002%20501-550/00000544.tif HTTP/1.1" 200 41890
157.55.39.12 - - [09/Dec/2014:01:50:34 -0500] "GET /BLA/resoluciones/Resoluciones%202011/1294.pdf HTTP/1.1" 200 257752
180.76.5.197 - - [09/Dec/2014:01:50:45 -0500] "GET /BLA/resoluciones/RESOLUCIONES%202010/2467.pdf HTTP/1.1" 200 493825
157.55.39.15 - - [09/Dec/2014:01:50:53 -0500] "GET /BLA/resoluciones/AUTOS%202010/0532.pdf HTTP/1.1" 200 186583
157.55.39.13 - - [09/Dec/2014:01:50:57 -0500] "GET /BLA/resoluciones/RESOLUCIONES%202010/2599.pdf HTTP/1.1" 200 197015
186.82.89.77 - - [09/Dec/2014:01:51:05 -0500] "GET /BLA/boletinlegal/js/jquery.scrollShow.js HTTP/1.1" 200 4586
186.82.89.77 - - [09/Dec/2014:01:51:05 -0500] "GET /BLA/boletinlegal/js/jquery.js HTTP/1.1" 200 57254
186.82.89.77 - - [09/Dec/2014:01:51:05 -0500] "GET /BLA/boletinlegal/js/jquery.scrollTo-min.js HTTP/1.1" 200 1150
66.249.75.83 - - [09/Dec/2014:01:51:10 -0500] "GET /BLA/resoluciones/RESOLUCIONES%202009/3079.pdf HTTP/1.1" 200 513727
157.55.39.13 - - [09/Dec/2014:01:51:14 -0500] "GET /bla/resoluciones/resoluciones%202009/8540.pdf HTTP/1.1" 200 425826
157.55.39.13 - - [09/Dec/2014:01:51:16 -0500] "GET /BLA/resoluciones/RESOLUCIONES%202009/1591.pdf HTTP/1.1" 200 669717
157.55.39.103 - - [09/Dec/2014:01:51:36 -0500] "GET /BLA/resoluciones/RESOLUCIONES%202008/1037.pdf HTTP/1.1" 200 349544
157.55.39.104 - - [09/Dec/2014:01:51:38 -0500] "GET /BLA/resoluciones/RESOLUCIONES%202011/1347.pdf HTTP/1.1" 200 69723
157.55.39.104 - - [09/Dec/2014:01:51:38 -0500] "GET /BLA/resoluciones/RESOLUCIONES%202009/9001.pdf HTTP/1.1" 200 728472
66.249.75.51 - - [09/Dec/2014:01:51:41 -0500] "GET /BLA/resoluciones/Autos%202008/2447.pdf HTTP/1.1" 200 80602
181.50.106.237 - - [09/Dec/2014:01:51:54 -0500] "POST /forms/lservlet;jsessionid=ac16012b30d588e296d1e19345ff90d69511497237e6.e3iSbxaKaheRe34Sa3yKbhiTahb0n6jAmljGr5XDqQLvpAe HTTP/1.1" 200 2
157.55.39.13 - - [09/Dec/2014:01:51:55 -0500] "GET /BLA/resoluciones/AUTOS%202010/0871.pdf HTTP/1.1" 200 252295
157.55.39.13 - - [09/Dec/2014:01:52:20 -0500] "GET /bla/resoluciones/resoluciones%202009/1069.pdf HTTP/1.1" 200 203423
157.55.39.13 - - [09/Dec/2014:01:52:21 -0500] "GET /BLA/resoluciones/RESOLUCIONES%202009/1342.pdf HTTP/1.1" 200 394611
157.55.39.13 - - [09/Dec/2014:01:52:21 -0500] "GET /bla/resoluciones/resoluciones%202010/1232.pdf HTTP/1.1" 200 136620
157.55.39.13 - - [09/Dec/2014:01:52:22 -0500] "GET /bla/resoluciones/resoluciones%202010/6103.pdf HTTP/1.1" 200 650172
188.165.15.55 - - [09/Dec/2014:01:52:37 -0500] "GET /BLA/resoluciones/RESOLUCIONES%202005/RES%202005%201401-1450/00001411.tif HTTP/1.1" 200 38252
157.55.39.15 - - [09/Dec/2014:01:52:38 -0500] "GET /BLA/resoluciones/AUTOS%202010/5643.pdf HTTP/1.1" 200 746887
66.249.75.51 - - [09/Dec/2014:01:52:50 -0500] "GET /BLA/resoluciones/RESOLUCIONES%202009/5202.pdf HTTP/1.1" 304 -
157.55.39.104 - - [09/Dec/2014:01:52:57 -0500] "GET /BLA/resoluciones/AUTOS%202009/2033.pdf HTTP/1.1" 200 99561
157.55.39.104 - - [09/Dec/2014:01:52:58 -0500] "GET /BLA/resoluciones/RESOLUCIONES%202011/3689.pdf HTTP/1.1" 200 721884
157.55.39.13 - - [09/Dec/2014:01:53:01 -0500] "GET /bla/resoluciones/resoluciones%202009/4351.pdf HTTP/1.1" 200 344528
157.55.39.15 - - [09/Dec/2014:01:53:09 -0500] "GET /bla/resoluciones/resoluciones%202009/6871.pdf HTTP/1.1" 200 278045
181.50.106.237 - - [09/Dec/2014:01:53:16 -0500] "POST /forms/lservlet;jsessionid=ac16012b30d588e296d1e19345ff90d69511497237e6.e3iSbxaKaheRe34Sa3yKbhiTahb0n6jAmljGr5XDqQLvpAe HTTP/1.1" 200 66
181.50.106.237 - - [09/Dec/2014:01:53:17 -0500] "POST /forms/lservlet;jsessionid=ac16012b30d588e296d1e19345ff90d69511497237e6.e3iSbxaKaheRe34Sa3yKbhiTahb0n6jAmljGr5XDqQLvpAe HTTP/1.1" 200 2
181.50.106.237 - - [09/Dec/2014:01:53:17 -0500] "POST /forms/lservlet;jsessionid=ac16012b30d588e296d1e19345ff90d69511497237e6.e3iSbxaKaheRe34Sa3yKbhiTahb0n6jAmljGr5XDqQLvpAe HTTP/1.1" 200 2293
181.50.106.237 - - [09/Dec/2014:01:53:17 -0500] "GET /imagenes/Srch_frw.gif HTTP/1.1" 200 925
181.50.106.237 - - [09/Dec/2014:01:53:17 -0500] "POST /forms/lservlet;jsessionid=ac16012b30d588e296d1e19345ff90d69511497237e6.e3iSbxaKaheRe34Sa3yKbhiTahb0n6jAmljGr5XDqQLvpAe HTTP/1.1" 200 10
181.50.106.237 - - [09/Dec/2014:01:53:19 -0500] "POST /forms/lservlet;jsessionid=ac16012b30d588e296d1e19345ff90d69511497237e6.e3iSbxaKaheRe34Sa3yKbhiTahb0n6jAmljGr5XDqQLvpAe HTTP/1.1" 200 24
181.50.106.237 - - [09/Dec/2014:01:53:20 -0500] "POST /forms/lservlet;jsessionid=ac16012b30d588e296d1e19345ff90d69511497237e6.e3iSbxaKaheRe34Sa3yKbhiTahb0n6jAmljGr5XDqQLvpAe HTTP/1.1" 200 4058
181.50.106.237 - - [09/Dec/2014:01:53:21 -0500] "POST /forms/lservlet;jsessionid=ac16012b30d588e296d1e19345ff90d69511497237e6.e3iSbxaKaheRe34Sa3yKbhiTahb0n6jAmljGr5XDqQLvpAe HTTP/1.1" 200 2
157.55.39.16 - - [09/Dec/2014:01:53:29 -0500] "GET /BLA/resoluciones/RESOLUCIONES%202012/0714.pdf HTTP/1.1" 200 283300
157.55.39.12 - - [09/Dec/2014:01:53:35 -0500] "GET /bla/resoluciones/resoluciones%202010/6466.pdf HTTP/1.1" 200 284889
157.55.39.12 - - [09/Dec/2014:01:53:36 -0500] "GET /BLA/resoluciones/AUTOS%202011/?C=M;O=A HTTP/1.1" 200 593318
157.55.39.12 - - [09/Dec/2014:01:53:40 -0500] "GET /BLA/resoluciones/RESOLUCIONES%202010/1216.pdf HTTP/1.1" 200 151556
157.55.39.15 - - [09/Dec/2014:01:53:49 -0500] "GET /BLA/resoluciones/RESOLUCIONES%202009/2008.pdf HTTP/1.1" 200 715792
181.50.106.237 - - [09/Dec/2014:01:53:57 -0500] "POST /forms/lservlet;jsessionid=ac16012b30d588e296d1e19345ff90d69511497237e6.e3iSbxaKaheRe34Sa3yKbhiTahb0n6jAmljGr5XDqQLvpAe HTTP/1.1" 200 2
157.55.39.104 - - [09/Dec/2014:01:54:05 -0500] "GET /BLA/resoluciones/RESOLUCIONES%202008/0140.pdf HTTP/1.1" 200 343184
157.55.39.104 - - [09/Dec/2014:01:54:06 -0500] "GET /BLA/resoluciones/RESOLUCIONES%202010/0071.pdf HTTP/1.1" 200 502063
157.55.39.104 - - [09/Dec/2014:01:54:06 -0500] "GET /bla/resoluciones/resoluciones%202010/2353.pdf HTTP/1.1" 200 451238
157.55.39.104 - - [09/Dec/2014:01:54:07 -0500] "GET /BLA/resoluciones/AUTOS%202010/5421.pdf HTTP/1.1" 200 207972
181.50.106.237 - - [09/Dec/2014:01:54:15 -0500] "POST /forms/lservlet;jsessionid=ac16012b30d588e296d1e19345ff90d69511497237e6.e3iSbxaKaheRe34Sa3yKbhiTahb0n6jAmljGr5XDqQLvpAe HTTP/1.1" 200 154
157.55.39.103 - - [09/Dec/2014:01:54:21 -0500] "GET /BLA/resoluciones/RESOLUCIONES%202008/1082.pdf HTTP/1.1" 200 294478
66.249.75.51 - - [09/Dec/2014:01:54:30 -0500] "GET /BLA/resoluciones/RESOLUCIONES%202013/0195.pdf HTTP/1.1" 200 4332674
66.249.75.51 - - [09/Dec/2014:01:54:35 -0500] "GET /resoluciones/RESOLUCIONES%202009/0582.pdf HTTP/1.1" 404 1018
181.50.106.237 - - [09/Dec/2014:01:54:36 -0500] "POST /forms/lservlet;jsessionid=ac16012b30d588e296d1e19345ff90d69511497237e6.e3iSbxaKaheRe34Sa3yKbhiTahb0n6jAmljGr5XDqQLvpAe HTTP/1.1" 200 73
188.165.15.10 - - [09/Dec/2014:01:55:03 -0500] "GET /BLA/resoluciones/RESOLUCIONES%202004/RES%202004%20201-250/00000244.tif HTTP/1.1" 200 194860
157.55.39.15 - - [09/Dec/2014:01:55:10 -0500] "GET /BLA/resoluciones/RESOLUCIONES%202008/1585.pdf HTTP/1.1" 200 323735
157.55.39.103 - - [09/Dec/2014:01:55:20 -0500] "GET /BLA/resoluciones/AUTOS%202011/2503.pdf HTTP/1.1" 200 106580
157.55.39.103 - - [09/Dec/2014:01:55:20 -0500] "GET /bla/resoluciones/resoluciones%202010/7805.pdf HTTP/1.1" 200 570722
157.55.39.103 - - [09/Dec/2014:01:55:21 -0500] "GET /BLA/resoluciones/RESOLUCIONES%202011/0927.pdf HTTP/1.1" 200 70155
157.55.39.16 - - [09/Dec/2014:01:55:24 -0500] "GET /bla/resoluciones/resoluciones%202010/1772.pdf HTTP/1.1" 200 552838
157.55.39.16 - - [09/Dec/2014:01:55:24 -0500] "GET /bla/resoluciones/resoluciones%202009/6479.pdf HTTP/1.1" 200 98431
157.55.39.16 - - [09/Dec/2014:01:55:25 -0500] "GET /BLA/resoluciones/AUTOS%202011/2256.pdf HTTP/1.1" 200 143143
157.55.39.16 - - [09/Dec/2014:01:55:25 -0500] "GET /BLA/resoluciones/RESOLUCIONES%202009/1604.pdf HTTP/1.1" 200 603288
157.55.39.13 - - [09/Dec/2014:01:55:29 -0500] "GET /BLA/resoluciones/RESOLUCIONES%202008/2304.pdf HTTP/1.1" 200 357234
157.55.39.13 - - [09/Dec/2014:01:55:29 -0500] "GET /BLA/resoluciones/RESOLUCIONES%202011/1212.pdf HTTP/1.1" 200 355391
181.50.106.237 - - [09/Dec/2014:01:55:34 -0500] "POST /forms/lservlet;jsessionid=ac16012b30d588e296d1e19345ff90d69511497237e6.e3iSbxaKaheRe34Sa3yKbhiTahb0n6jAmljGr5XDqQLvpAe HTTP/1.1" 200 2
181.50.106.237 - - [09/Dec/2014:01:55:34 -0500] "POST /forms/lservlet;jsessionid=ac16012b30d588e296d1e19345ff90d69511497237e6.e3iSbxaKaheRe34Sa3yKbhiTahb0n6jAmljGr5XDqQLvpAe HTTP/1.1" 200 2283
181.50.106.237 - - [09/Dec/2014:01:55:34 -0500] "GET /imagenes/Srch_frw.gif HTTP/1.1" 200 925
181.50.106.237 - - [09/Dec/2014:01:55:34 -0500] "POST /forms/lservlet;jsessionid=ac16012b30d588e296d1e19345ff90d69511497237e6.e3iSbxaKaheRe34Sa3yKbhiTahb0n6jAmljGr5XDqQLvpAe HTTP/1.1" 200 10
157.55.39.15 - - [09/Dec/2014:01:55:41 -0500] "GET /BLA/resoluciones/RESOLUCIONES%202008/2261.pdf HTTP/1.1" 200 199877
180.76.6.17 - - [09/Dec/2014:01:55:42 -0500] "GET /manual_funciones_Listado/2.2.4.%20Subdirecci%C3%B3n%20del%20Recurso%20H%C3%ADdrico%20y%20del%20Suelo/Auxiliar%20Administrativo%20407-27.pdf HTTP/1.1" 404 1018
180.76.6.159 - - [09/Dec/2014:01:55:42 -0500] "GET /manual_funciones_Listado/2.2.4.%20Subdirecci%C3%B3n%20del%20Recurso%20H%C3%ADdrico%20y%20del%20Suelo/Auxiliar%20Administrativo%20407-27.pdf HTTP/1.1" 404 1018
181.50.106.237 - - [09/Dec/2014:01:55:47 -0500] "POST /forms/lservlet;jsessionid=ac16012b30d588e296d1e19345ff90d69511497237e6.e3iSbxaKaheRe34Sa3yKbhiTahb0n6jAmljGr5XDqQLvpAe HTTP/1.1" 200 24
181.50.106.237 - - [09/Dec/2014:01:55:47 -0500] "POST /forms/lservlet;jsessionid=ac16012b30d588e296d1e19345ff90d69511497237e6.e3iSbxaKaheRe34Sa3yKbhiTahb0n6jAmljGr5XDqQLvpAe HTTP/1.1" 200 3760
181.50.106.237 - - [09/Dec/2014:01:55:48 -0500] "POST /forms/lservlet;jsessionid=ac16012b30d588e296d1e19345ff90d69511497237e6.e3iSbxaKaheRe34Sa3yKbhiTahb0n6jAmljGr5XDqQLvpAe HTTP/1.1" 200 2
157.55.39.15 - - [09/Dec/2014:01:55:53 -0500] "GET /BLA/resoluciones/RESOLUCIONES%202011/3113.pdf HTTP/1.1" 200 894938
157.55.39.15 - - [09/Dec/2014:01:55:54 -0500] "GET /BLA/resoluciones/RESOLUCIONES%202008/0345.pdf HTTP/1.1" 200 14568
181.50.106.237 - - [09/Dec/2014:01:55:57 -0500] "POST /forms/lservlet;jsessionid=ac16012b30d588e296d1e19345ff90d69511497237e6.e3iSbxaKaheRe34Sa3yKbhiTahb0n6jAmljGr5XDqQLvpAe HTTP/1.1" 200 2
157.55.39.15 - - [09/Dec/2014:01:56:02 -0500] "GET /bla/resoluciones/resoluciones%202010/5799.pdf HTTP/1.1" 200 44710
181.50.106.237 - - [09/Dec/2014:01:56:02 -0500] "POST /forms/lservlet;jsessionid=ac16012b30d588e296d1e19345ff90d69511497237e6.e3iSbxaKaheRe34Sa3yKbhiTahb0n6jAmljGr5XDqQLvpAe HTTP/1.1" 200 80
157.55.39.15 - - [09/Dec/2014:01:56:03 -0500] "GET /BLA/resoluciones/Resoluciones%202011/0303.pdf HTTP/1.1" 200 70023
157.55.39.15 - - [09/Dec/2014:01:56:04 -0500] "GET /bla/resoluciones/resoluciones%202010/1466.pdf HTTP/1.1" 200 431787
157.55.39.13 - - [09/Dec/2014:01:56:06 -0500] "GET /bla/resoluciones/resoluciones%202009/8454.pdf HTTP/1.1" 200 134266
66.249.75.67 - - [09/Dec/2014:01:56:10 -0500] "GET /BLA/resoluciones/AUTOS%202008/1512.pdf HTTP/1.1" 304 -
201.184.128.119 - - [09/Dec/2014:01:56:18 -0500] "GET /BLA/boletinlegal/js/jquery.js HTTP/1.1" 200 57254
201.184.128.119 - - [09/Dec/2014:01:56:18 -0500] "GET /BLA/boletinlegal/js/jquery.scrollShow.js HTTP/1.1" 200 4586
201.184.128.119 - - [09/Dec/2014:01:56:18 -0500] "GET /BLA/boletinlegal/js/jquery.scrollTo-min.js HTTP/1.1" 200 1150
157.55.39.103 - - [09/Dec/2014:01:56:23 -0500] "GET /BLA/resoluciones/RESOLUCIONES%202010/2988.pdf HTTP/1.1" 200 1129161
157.55.39.103 - - [09/Dec/2014:01:56:23 -0500] "GET /bla/resoluciones/resoluciones%202010/6047.pdf HTTP/1.1" 200 213407
157.55.39.12 - - [09/Dec/2014:01:56:31 -0500] "GET /BLA/resoluciones/Resoluciones%202011/1647.pdf HTTP/1.1" 200 42316
157.55.39.15 - - [09/Dec/2014:01:56:36 -0500] "GET /BLA/resoluciones/RESOLUCIONES%202009/7708.pdf HTTP/1.1" 200 638386
157.55.39.15 - - [09/Dec/2014:01:56:37 -0500] "GET /bla/resoluciones/RESOLUCIONES%202011/0407.pdf HTTP/1.1" 200 73095
157.55.39.15 - - [09/Dec/2014:01:56:37 -0500] "GET /bla/resoluciones/resoluciones%202009/0727.pdf HTTP/1.1" 200 188738
181.50.106.237 - - [09/Dec/2014:01:56:42 -0500] "POST /forms/lservlet;jsessionid=ac16012b30d588e296d1e19345ff90d69511497237e6.e3iSbxaKaheRe34Sa3yKbhiTahb0n6jAmljGr5XDqQLvpAe HTTP/1.1" 200 73
157.55.39.13 - - [09/Dec/2014:01:57:06 -0500] "GET /BLA/resoluciones/AUTOS%202011/3727.pdf HTTP/1.1" 200 221703
157.55.39.13 - - [09/Dec/2014:01:57:06 -0500] "GET /BLA/resoluciones/RESOLUCIONES%202009/0638.pdf HTTP/1.1" 200 72659
157.55.39.104 - - [09/Dec/2014:01:57:10 -0500] "GET /bla/resoluciones/resoluciones%202010/7750.pdf HTTP/1.1" 200 228179
188.165.15.44 - - [09/Dec/2014:01:57:27 -0500] "GET /BLA/resoluciones/RESOLUCIONES%202005/RES%202005%20501-550/00000528.tif HTTP/1.1" 200 142416
157.55.39.15 - - [09/Dec/2014:01:57:42 -0500] "GET /BLA/resoluciones/Resoluciones%202011/3411.pdf HTTP/1.1" 200 597072
157.55.39.15 - - [09/Dec/2014:01:57:43 -0500] "GET /BLA/resoluciones/AUTOS%202009/2014.pdf HTTP/1.1" 200 100937
157.55.39.12 - - [09/Dec/2014:01:57:48 -0500] "GET /bla/resoluciones/resoluciones%202009/9391.pdf HTTP/1.1" 200 251633
157.55.39.12 - - [09/Dec/2014:01:57:48 -0500] "GET /bla/resoluciones/RESOLUCIONES%202011/0038.pdf HTTP/1.1" 200 596024
66.249.75.83 - - [09/Dec/2014:01:57:50 -0500] "GET /BLA/resoluciones/RESOLUCIONES%202007/RES%202007%203001%20AL%203100/RESOLUCION%203099%20DE%202007.pdf HTTP/1.1" 200 336670
66.249.75.67 - - [09/Dec/2014:01:57:52 -0500] "GET /BLA/resoluciones/Autos%202008/1280.pdf HTTP/1.1" 200 154469
181.50.106.237 - - [09/Dec/2014:01:57:57 -0500] "POST /forms/lservlet;jsessionid=ac16012b30d588e296d1e19345ff90d69511497237e6.e3iSbxaKaheRe34Sa3yKbhiTahb0n6jAmljGr5XDqQLvpAe HTTP/1.1" 200 2
157.55.39.104 - - [09/Dec/2014:01:58:01 -0500] "GET /BLA/resoluciones/RESOLUCIONES%202007/RES%202007%203401%20AL%203500/RESOLUCION%203415%20%20DE%202007.pdf HTTP/1.1" 200 984525
157.55.39.104 - - [09/Dec/2014:01:58:02 -0500] "GET /BLA/resoluciones/RESOLUCIONES%202010/1870.pdf HTTP/1.1" 200 352465
157.55.39.104 - - [09/Dec/2014:01:58:02 -0500] "GET /BLA/resoluciones/AUTOS%202009/2254.pdf HTTP/1.1" 200 121667
157.55.39.15 - - [09/Dec/2014:01:58:05 -0500] "GET /BLA/resoluciones/RESOLUCIONES%202011/3055.pdf HTTP/1.1" 200 216749
157.55.39.13 - - [09/Dec/2014:01:58:10 -0500] "GET /bla/resoluciones/resoluciones%202009/3730.pdf HTTP/1.1" 200 346646
157.55.39.13 - - [09/Dec/2014:01:58:11 -0500] "GET /bla/resoluciones/resoluciones%202009/9014.pdf HTTP/1.1" 200 587163
157.55.39.13 - - [09/Dec/2014:01:58:11 -0500] "GET /BLA/resoluciones/RESOLUCIONES%202009/7188.pdf HTTP/1.1" 200 1004851
157.55.39.13 - - [09/Dec/2014:01:58:12 -0500] "GET /BLA/resoluciones/AUTOS%202012/1766.pdf HTTP/1.1" 200 288605
157.55.39.103 - - [09/Dec/2014:01:58:38 -0500] "GET /BLA/resoluciones/RESOLUCIONES%202011/0075.pdf HTTP/1.1" 200 349144
157.55.39.104 - - [09/Dec/2014:01:58:38 -0500] "GET /bla/resoluciones/RESOLUCIONES%202011/2061.pdf HTTP/1.1" 200 500572
157.55.39.104 - - [09/Dec/2014:01:58:39 -0500] "GET /bla/resoluciones/resoluciones%202009/9393.pdf HTTP/1.1" 200 579257
157.55.39.104 - - [09/Dec/2014:01:58:39 -0500] "GET /bla/resoluciones/resoluciones%202009/0950.pdf HTTP/1.1" 200 653344
157.55.39.104 - - [09/Dec/2014:01:58:40 -0500] "GET /bla/resoluciones/resoluciones%202010/6866.pdf HTTP/1.1" 200 185445
157.55.39.12 - - [09/Dec/2014:01:58:42 -0500] "GET /bla/resoluciones/resoluciones%202010/0695.pdf HTTP/1.1" 200 103588
157.55.39.15 - - [09/Dec/2014:01:58:54 -0500] "GET /BLA/resoluciones/RESOLUCIONES%202011/0444.pdf HTTP/1.1" 200 84201
157.55.39.15 - - [09/Dec/2014:01:58:54 -0500] "GET /BLA/resoluciones/RESOLUCIONES%202011/3773.pdf HTTP/1.1" 200 495430
66.249.75.83 - - [09/Dec/2014:01:59:07 -0500] "GET /resoluciones/RESOLUCIONES%202009/0466.pdf HTTP/1.1" 404 1018
188.165.15.55 - - [09/Dec/2014:01:59:08 -0500] "GET /BLA/resoluciones/RESOLUCIONES%202004/RES%202004%201401-1450/00001404.tif HTTP/1.1" 200 273478
157.55.39.15 - - [09/Dec/2014:01:59:09 -0500] "GET /bla/resoluciones/resoluciones%202009/1729.pdf HTTP/1.1" 200 600347
157.55.39.15 - - [09/Dec/2014:01:59:09 -0500] "GET /BLA/resoluciones/RESOLUCIONES%202008/1156.pdf HTTP/1.1" 200 231908
157.55.39.103 - - [09/Dec/2014:01:59:24 -0500] "GET /bla/resoluciones/resoluciones%202010/2099.pdf HTTP/1.1" 200 576857
157.55.39.103 - - [09/Dec/2014:01:59:25 -0500] "GET /BLA/resoluciones/AUTOS%202010/1396.pdf HTTP/1.1" 200 241057
157.55.39.103 - - [09/Dec/2014:01:59:25 -0500] "GET /BLA/resoluciones/AUTOS%202009/1331.pdf HTTP/1.1" 200 75899
157.55.39.103 - - [09/Dec/2014:01:59:26 -0500] "GET /bla/resoluciones/RESOLUCIONES%202011/1223.pdf HTTP/1.1" 200 511147
66.249.75.51 - - [09/Dec/2014:01:59:30 -0500] "GET /BLA/resoluciones/RESOLUCIONES%202007/RES%202007%203201%20AL%203300/RESOLUCION%203228%20DE%202007.pdf HTTP/1.1" 200 853973
157.55.39.13 - - [09/Dec/2014:01:59:54 -0500] "GET /bla/resoluciones/resoluciones%202010/0046.pdf HTTP/1.1" 200 495325
181.50.106.237 - - [09/Dec/2014:01:59:57 -0500] "POST /forms/lservlet;jsessionid=ac16012b30d588e296d1e19345ff90d69511497237e6.e3iSbxaKaheRe34Sa3yKbhiTahb0n6jAmljGr5XDqQLvpAe HTTP/1.1" 200 2
157.55.39.15 - - [09/Dec/2014:02:00:08 -0500] "GET /BLA/resoluciones/AUTOS%202011/4147.pdf HTTP/1.1" 200 230507
181.50.106.237 - - [09/Dec/2014:02:00:09 -0500] "POST /forms/lservlet;jsessionid=ac16012b30d588e296d1e19345ff90d69511497237e6.e3iSbxaKaheRe34Sa3yKbhiTahb0n6jAmljGr5XDqQLvpAe HTTP/1.1" 200 10
181.50.106.237 - - [09/Dec/2014:02:00:10 -0500] "POST /forms/lservlet;jsessionid=ac16012b30d588e296d1e19345ff90d69511497237e6.e3iSbxaKaheRe34Sa3yKbhiTahb0n6jAmljGr5XDqQLvpAe HTTP/1.1" 200 75
181.50.106.237 - - [09/Dec/2014:02:00:10 -0500] "POST /forms/lservlet;jsessionid=ac16012b30d588e296d1e19345ff90d69511497237e6.e3iSbxaKaheRe34Sa3yKbhiTahb0n6jAmljGr5XDqQLvpAe HTTP/1.1" 200 2
181.50.106.237 - - [09/Dec/2014:02:00:11 -0500] "POST /forms/lservlet;jsessionid=ac16012b30d588e296d1e19345ff90d69511497237e6.e3iSbxaKaheRe34Sa3yKbhiTahb0n6jAmljGr5XDqQLvpAe HTTP/1.1" 200 349
181.50.106.237 - - [09/Dec/2014:02:00:11 -0500] "POST /forms/lservlet;jsessionid=ac16012b30d588e296d1e19345ff90d69511497237e6.e3iSbxaKaheRe34Sa3yKbhiTahb0n6jAmljGr5XDqQLvpAe HTTP/1.1" 200 2
157.55.39.103 - - [09/Dec/2014:02:00:26 -0500] "GET /bla/resoluciones/resoluciones%202010/1009.pdf HTTP/1.1" 200 118619
157.55.39.103 - - [09/Dec/2014:02:00:27 -0500] "GET /BLA/resoluciones/AUTOS%202009/2157.pdf HTTP/1.1" 200 87380
157.55.39.103 - - [09/Dec/2014:02:00:28 -0500] "GET /BLA/resoluciones/RESOLUCIONES%202010/2673.pdf HTTP/1.1" 200 377400
157.55.39.103 - - [09/Dec/2014:02:00:28 -0500] "GET /bla/resoluciones/resoluciones%202009/0008.pdf HTTP/1.1" 200 234627
157.55.39.103 - - [09/Dec/2014:02:00:28 -0500] "GET /BLA/resoluciones/RESOLUCIONES%202010/0564.pdf HTTP/1.1" 200 95771
157.55.39.18 - - [09/Dec/2014:02:00:30 -0500] "GET /BLA/resoluciones/RESOLUCIONES%202011/2915.pdf HTTP/1.1" 200 518562
157.55.39.12 - - [09/Dec/2014:02:00:31 -0500] "GET /bla/resoluciones/resoluciones%202009/3762.pdf HTTP/1.1" 200 94315
157.55.39.104 - - [09/Dec/2014:02:01:10 -0500] "GET /BLA/resoluciones/RESOLUCIONES%202009/0549.pdf HTTP/1.1" 200 582268
66.249.75.67 - - [09/Dec/2014:02:01:10 -0500] "GET /BLA/resoluciones/RESOLUCIONES%202009/9811.pdf HTTP/1.1" 304 -
157.55.39.104 - - [09/Dec/2014:02:01:11 -0500] "GET /BLA/resoluciones/AUTOS%202010/4569.pdf HTTP/1.1" 200 132355
180.76.6.155 - - [09/Dec/2014:02:01:14 -0500] "GET /StormSDA/storm_silv/ HTTP/1.1" 200 5788
157.55.39.13 - - [09/Dec/2014:02:01:14 -0500] "GET /BLA/resoluciones/RESOLUCIONES%202009/1605.pdf HTTP/1.1" 200 695018
157.55.39.13 - - [09/Dec/2014:02:01:15 -0500] "GET /BLA/resoluciones/RESOLUCIONES%202009/6317.pdf HTTP/1.1" 200 619313
157.55.39.18 - - [09/Dec/2014:02:01:31 -0500] "GET /BLA/resoluciones/RESOLUCIONES%202010/2033.pdf HTTP/1.1" 200 677574
157.55.39.12 - - [09/Dec/2014:02:01:31 -0500] "GET /BLA/resoluciones/AUTOS%202011/3792.pdf HTTP/1.1" 200 286921
157.55.39.12 - - [09/Dec/2014:02:01:49 -0500] "GET /bla/resoluciones/resoluciones%202009/7654.pdf HTTP/1.1" 200 528965
157.55.39.12 - - [09/Dec/2014:02:01:50 -0500] "GET /bla/resoluciones/resoluciones%202009/8697.pdf HTTP/1.1" 200 105097
157.55.39.12 - - [09/Dec/2014:02:01:51 -0500] "GET /BLA/resoluciones/Resoluciones%202011/1811.pdf HTTP/1.1" 200 515612
157.55.39.15 - - [09/Dec/2014:02:01:53 -0500] "GET /bla/resoluciones/RESOLUCIONES%202011/2419.pdf HTTP/1.1" 200 470231
157.55.39.15 - - [09/Dec/2014:02:01:54 -0500] "GET /BLA/resoluciones/RESOLUCIONES%202009/0071.pdf HTTP/1.1" 200 603413
157.55.39.15 - - [09/Dec/2014:02:01:55 -0500] "GET /BLA/resoluciones/RESOLUCIONES%202009/6969.pdf HTTP/1.1" 200 741070
181.50.106.237 - - [09/Dec/2014:02:01:57 -0500] "POST /forms/lservlet;jsessionid=ac16012b30d588e296d1e19345ff90d69511497237e6.e3iSbxaKaheRe34Sa3yKbhiTahb0n6jAmljGr5XDqQLvpAe HTTP/1.1" 200 2
157.55.39.104 - - [09/Dec/2014:02:01:58 -0500] "GET /bla/resoluciones/resoluciones%202010/0172.pdf HTTP/1.1" 200 446764
157.55.39.104 - - [09/Dec/2014:02:01:58 -0500] "GET /bla/resoluciones/resoluciones%202009/8122.pdf HTTP/1.1" 200 556176
157.55.39.13 - - [09/Dec/2014:02:02:09 -0500] "GET /bla/resoluciones/resoluciones%202009/6927.pdf HTTP/1.1" 200 37100
157.55.39.16 - - [09/Dec/2014:02:02:16 -0500] "GET /bla/resoluciones/resoluciones%202009/0032.pdf HTTP/1.1" 200 501057
157.55.39.16 - - [09/Dec/2014:02:02:17 -0500] "GET /BLA/resoluciones/RESOLUCIONES%202008/1326.pdf HTTP/1.1" 200 558511
157.55.39.16 - - [09/Dec/2014:02:02:17 -0500] "GET /BLA/resoluciones/RESOLUCIONES%202011/1440.pdf HTTP/1.1" 200 79129
157.55.39.13 - - [09/Dec/2014:02:02:17 -0500] "-" 408 -
157.55.39.16 - - [09/Dec/2014:02:02:17 -0500] "GET /BLA/resoluciones/RESOLUCIONES%202009/4081.pdf HTTP/1.1" 200 608555
157.55.39.13 - - [09/Dec/2014:02:02:20 -0500] "GET /bla/resoluciones/resoluciones%202010/7838.pdf HTTP/1.1" 200 451394
157.55.39.16 - - [09/Dec/2014:02:02:26 -0500] "GET /BLA/resoluciones/AUTOS%202009/1662.pdf HTTP/1.1" 200 112407
98.211.202.153 - - [09/Dec/2014:02:02:32 -0500] "GET /BLA/boletinlegal/js/jquery.js HTTP/1.1" 200 57254
98.211.202.153 - - [09/Dec/2014:02:02:32 -0500] "GET /BLA/boletinlegal/js/jquery.scrollShow.js HTTP/1.1" 200 4586
98.211.202.153 - - [09/Dec/2014:02:02:32 -0500] "GET /BLA/boletinlegal/js/jquery.scrollTo-min.js HTTP/1.1" 200 1150
66.249.75.51 - - [09/Dec/2014:02:02:50 -0500] "GET /BLA/resoluciones/RESOLUCIONES%202007/RES%202007%202401%20AL%202500/RESOLUCION%202401%20DE%202007.pdf HTTP/1.1" 304 -
157.55.39.13 - - [09/Dec/2014:02:02:54 -0500] "GET /BLA/resoluciones/RESOLUCIONES%202008/0041.pdf HTTP/1.1" 200 342651
157.55.39.13 - - [09/Dec/2014:02:02:54 -0500] "GET /BLA/resoluciones/Resoluciones%202011/3076.pdf HTTP/1.1" 200 362873
157.55.39.13 - - [09/Dec/2014:02:02:54 -0500] "GET /bla/resoluciones/resoluciones%202009/2085.pdf HTTP/1.1" 200 701600
190.84.61.75 - - [09/Dec/2014:02:03:02 -0500] "GET /BLA/boletinlegal/js/jquery.js HTTP/1.1" 200 57254
190.84.61.75 - - [09/Dec/2014:02:03:02 -0500] "GET /BLA/boletinlegal/js/jquery.scrollTo-min.js HTTP/1.1" 200 1150
190.84.61.75 - - [09/Dec/2014:02:03:02 -0500] "GET /BLA/boletinlegal/js/jquery.scrollShow.js HTTP/1.1" 200 4586
66.249.75.67 - - [09/Dec/2014:02:03:06 -0500] "GET /BLA/resoluciones/Autos%202008/0865.pdf HTTP/1.1" 200 264877
66.249.75.83 - - [09/Dec/2014:02:03:19 -0500] "GET /BLA/resoluciones/AUTOS%202010/0082.pdf HTTP/1.1" 200 263907
157.55.39.16 - - [09/Dec/2014:02:03:19 -0500] "GET /BLA/resoluciones/RESOLUCIONES%202008/0021.pdf HTTP/1.1" 200 26669
157.55.39.13 - - [09/Dec/2014:02:03:23 -0500] "GET /bla/resoluciones/RESOLUCIONES%202011/0491.pdf HTTP/1.1" 200 71009
100.43.85.25 - - [09/Dec/2014:02:03:28 -0500] "GET /galeria/mapa/?C=D;O=A HTTP/1.1" 200 5106
157.55.39.103 - - [09/Dec/2014:02:03:28 -0500] "GET /bla/resoluciones/RESOLUCIONES%202011/2997.pdf HTTP/1.1" 200 749332
157.55.39.103 - - [09/Dec/2014:02:03:29 -0500] "GET /bla/resoluciones/RESOLUCIONES%202011/1388.pdf HTTP/1.1" 200 76685
157.55.39.103 - - [09/Dec/2014:02:03:31 -0500] "GET /bla/resoluciones/resoluciones%202009/1398.pdf HTTP/1.1" 200 329265
157.55.39.103 - - [09/Dec/2014:02:03:31 -0500] "GET /bla/resoluciones/resoluciones%202010/0966.pdf HTTP/1.1" 200 433979
157.55.39.15 - - [09/Dec/2014:02:03:36 -0500] "GET /BLA/resoluciones/AUTOS%202011/0266.pdf HTTP/1.1" 200 157363
157.55.39.12 - - [09/Dec/2014:02:03:42 -0500] "GET /BLA/resoluciones/AUTOS%202009/2890.pdf HTTP/1.1" 200 81071
157.55.39.15 - - [09/Dec/2014:02:03:50 -0500] "GET /BLA/resoluciones/AUTOS%202011/5075.pdf HTTP/1.1" 200 554362
181.50.106.237 - - [09/Dec/2014:02:03:57 -0500] "POST /forms/lservlet;jsessionid=ac16012b30d588e296d1e19345ff90d69511497237e6.e3iSbxaKaheRe34Sa3yKbhiTahb0n6jAmljGr5XDqQLvpAe HTTP/1.1" 200 2
157.55.39.13 - - [09/Dec/2014:02:04:03 -0500] "GET /BLA/resoluciones/Resoluciones%202011/0165.pdf HTTP/1.1" 200 323387
157.55.39.13 - - [09/Dec/2014:02:04:03 -0500] "GET /bla/resoluciones/RESOLUCIONES%202011/2468.pdf HTTP/1.1" 200 866394
157.55.39.13 - - [09/Dec/2014:02:04:04 -0500] "GET /BLA/resoluciones/RESOLUCIONES%202010/2862.pdf HTTP/1.1" 200 423601
157.55.39.13 - - [09/Dec/2014:02:04:13 -0500] "GET /BLA/resoluciones/RESOLUCIONES%202010/2127.pdf HTTP/1.1" 200 339994
66.249.75.51 - - [09/Dec/2014:02:04:23 -0500] "GET /BLA/resoluciones/RESOLUCIONES%202002/RES%202002%201501-1550/20021542.tif HTTP/1.1" 200 33886
180.76.5.177 - - [09/Dec/2014:02:04:27 -0500] "GET /portalsiaccapacitaciones/0038.%20Presentaci%C3%B3n%20Construcci%C3%B3n%20Sostenible.pdf HTTP/1.1" 404 1018
180.76.5.152 - - [09/Dec/2014:02:04:27 -0500] "GET /portalsiaccapacitaciones/0038.%20Presentaci%C3%B3n%20Construcci%C3%B3n%20Sostenible.pdf HTTP/1.1" 404 1018
66.249.75.51 - - [09/Dec/2014:02:04:30 -0500] "GET /BLA/resoluciones/RESOLUCIONES%202009/3905.pdf HTTP/1.1" 200 468885
66.249.75.83 - - [09/Dec/2014:02:04:36 -0500] "GET /BLA/resoluciones/AUTOS%202011/1800.pdf HTTP/1.1" 200 142577
157.55.39.15 - - [09/Dec/2014:02:04:42 -0500] "GET /bla/resoluciones/resoluciones%202009/2004.pdf HTTP/1.1" 200 616607
157.55.39.15 - - [09/Dec/2014:02:04:42 -0500] "GET /BLA/resoluciones/RESOLUCIONES%202009/6908.pdf HTTP/1.1" 200 1346020
207.46.13.21 - - [09/Dec/2014:02:04:46 -0500] "GET /robots.txt HTTP/1.1" 404 1015
157.55.39.12 - - [09/Dec/2014:02:04:46 -0500] "GET /bla/resoluciones/resoluciones%202009/0394.pdf HTTP/1.1" 200 250548
157.55.39.104 - - [09/Dec/2014:02:05:01 -0500] "GET /BLA/resoluciones/AUTOS%202011/2137.pdf HTTP/1.1" 200 120772
157.55.39.104 - - [09/Dec/2014:02:05:01 -0500] "GET /BLA/resoluciones/RESOLUCIONES%202008/1072.pdf HTTP/1.1" 200 218684
157.55.39.104 - - [09/Dec/2014:02:05:03 -0500] "GET /BLA/resoluciones/index.php?dir=RESOLUCIONES+2004%2FRES+2004+1601-1650%2F HTTP/1.1" 200 12359
157.55.39.104 - - [09/Dec/2014:02:05:03 -0500] "GET /BLA/resoluciones/RESOLUCIONES%202008/1724.pdf HTTP/1.1" 200 30826
157.55.39.15 - - [09/Dec/2014:02:05:06 -0500] "GET /bla/resoluciones/RESOLUCIONES%202011/1965.pdf HTTP/1.1" 200 501457
201.245.192.253 - - [09/Dec/2014:02:05:15 -0500] "GET /BLA/resoluciones/ HTTP/1.1" 200 6952
157.55.39.16 - - [09/Dec/2014:02:05:21 -0500] "GET /bla/resoluciones/resoluciones%202009/6475.pdf HTTP/1.1" 200 103624
157.55.39.16 - - [09/Dec/2014:02:05:22 -0500] "GET /bla/resoluciones/resoluciones%202009/2072.pdf HTTP/1.1" 200 550139
157.55.39.16 - - [09/Dec/2014:02:05:24 -0500] "GET /BLA/resoluciones/RESOLUCIONES%202010/2551.pdf HTTP/1.1" 200 585972
157.55.39.103 - - [09/Dec/2014:02:05:25 -0500] "GET /bla/resoluciones/RESOLUCIONES%202011/3069.pdf HTTP/1.1" 200 553510
157.55.39.103 - - [09/Dec/2014:02:05:27 -0500] "GET /BLA/resoluciones/RESOLUCIONES%202011/3627.pdf HTTP/1.1" 200 398620
157.55.39.18 - - [09/Dec/2014:02:05:30 -0500] "GET /BLA/resoluciones/RESOLUCIONES%202011/1824.pdf HTTP/1.1" 200 501736
201.245.192.253 - - [09/Dec/2014:02:05:32 -0500] "GET /BLA/resoluciones/index.php?dir=RESOLUCIONES+2010%2F HTTP/1.1" 200 1284744
157.55.39.12 - - [09/Dec/2014:02:05:39 -0500] "GET /bla/resoluciones/resoluciones%202009/9688.pdf HTTP/1.1" 200 306266
157.55.39.15 - - [09/Dec/2014:02:05:45 -0500] "GET /bla/resoluciones/resoluciones%202009/9539.pdf HTTP/1.1" 200 521739
201.245.192.253 - - [09/Dec/2014:02:05:53 -0500] "GET /BLA/resoluciones/RESOLUCIONES%202010/3916.pdf HTTP/1.1" 200 1112926
181.50.106.237 - - [09/Dec/2014:02:06:01 -0500] "POST /forms/lservlet;jsessionid=ac16012b30d588e296d1e19345ff90d69511497237e6.e3iSbxaKaheRe34Sa3yKbhiTahb0n6jAmljGr5XDqQLvpAe HTTP/1.1" 200 2
66.249.75.83 - - [09/Dec/2014:02:06:03 -0500] "GET /BLA/resoluciones/Autos%202008/2695.pdf HTTP/1.1" 200 112668
157.55.39.15 - - [09/Dec/2014:02:06:05 -0500] "-" 408 -
66.249.75.67 - - [09/Dec/2014:02:06:10 -0500] "GET /autoliquidacion/Grupo%20Forestal%20-%20Industria%20de%20la%20Madera/APLICATIVO%20COSTO%20REGISTRO%20DE%20LIBRO%20DE%20OPERACIONES%20FLORA%202014%20DEF.xls HTTP/1.1" 304 -
157.55.39.16 - - [09/Dec/2014:02:06:16 -0500] "GET /bla/resoluciones/RESOLUCIONES%202011/3393.pdf HTTP/1.1" 200 626248
157.55.39.103 - - [09/Dec/2014:02:06:22 -0500] "GET /bla/resoluciones/RESOLUCIONES%202011/1667.pdf HTTP/1.1" 200 74737
157.55.39.103 - - [09/Dec/2014:02:06:22 -0500] "GET /BLA/resoluciones/AUTOS%202009/2900.pdf HTTP/1.1" 200 108734
157.55.39.103 - - [09/Dec/2014:02:06:23 -0500] "GET /BLA/resoluciones/RESOLUCIONES%202011/3299.pdf HTTP/1.1" 200 228671
157.55.39.12 - - [09/Dec/2014:02:06:38 -0500] "GET /BLA/resoluciones/RESOLUCIONES%202011/3788.pdf HTTP/1.1" 200 706116
157.55.39.15 - - [09/Dec/2014:02:06:51 -0500] "GET /bla/resoluciones/resoluciones%202009/0564.pdf HTTP/1.1" 200 298307
157.55.39.13 - - [09/Dec/2014:02:06:56 -0500] "GET /BLA/resoluciones/AUTOS%202012/0071.pdf HTTP/1.1" 200 163513
188.165.15.235 - - [09/Dec/2014:02:07:12 -0500] "GET /BLA/resoluciones/RESOLUCIONES%202005/RES%202005%201751-1800/00001765.tif HTTP/1.1" 200 169148
157.55.39.16 - - [09/Dec/2014:02:07:16 -0500] "GET /BLA/resoluciones/Resoluciones%202011/2057.pdf HTTP/1.1" 200 1011120
157.55.39.103 - - [09/Dec/2014:02:07:20 -0500] "GET /bla/resoluciones/resoluciones%202010/1669.pdf HTTP/1.1" 200 343220
157.55.39.103 - - [09/Dec/2014:02:07:22 -0500] "GET /bla/resoluciones/RESOLUCIONES%202011/0849.pdf HTTP/1.1" 200 292483
157.55.39.103 - - [09/Dec/2014:02:07:22 -0500] "GET /BLA/resoluciones/RESOLUCIONES%202007/RES%202007%203401%20AL%203500/RESOLUCION%203479%20DE%202007.pdf HTTP/1.1" 200 528519
157.55.39.103 - - [09/Dec/2014:02:07:23 -0500] "GET /BLA/resoluciones/AUTOS%202011/5109.pdf HTTP/1.1" 200 159734
157.55.39.103 - - [09/Dec/2014:02:07:23 -0500] "GET /bla/resoluciones/resoluciones%202010/7394.pdf HTTP/1.1" 200 932879
157.55.39.12 - - [09/Dec/2014:02:07:32 -0500] "GET /BLA/resoluciones/AUTOS%202011/0318.pdf HTTP/1.1" 200 163694
157.55.39.15 - - [09/Dec/2014:02:07:37 -0500] "GET /BLA/resoluciones/RESOLUCIONES%202010/2119.pdf HTTP/1.1" 200 398754
181.50.106.237 - - [09/Dec/2014:02:07:46 -0500] "POST /forms/lservlet;jsessionid=ac16012b30d588e296d1e19345ff90d69511497237e6.e3iSbxaKaheRe34Sa3yKbhiTahb0n6jAmljGr5XDqQLvpAe HTTP/1.1" 200 1990
181.50.106.237 - - [09/Dec/2014:02:07:47 -0500] "POST /forms/lservlet;jsessionid=ac16012b30d588e296d1e19345ff90d69511497237e6.e3iSbxaKaheRe34Sa3yKbhiTahb0n6jAmljGr5XDqQLvpAe HTTP/1.1" 200 78
181.50.106.237 - - [09/Dec/2014:02:07:48 -0500] "POST /forms/lservlet;jsessionid=ac16012b30d588e296d1e19345ff90d69511497237e6.e3iSbxaKaheRe34Sa3yKbhiTahb0n6jAmljGr5XDqQLvpAe HTTP/1.1" 200 86
66.249.75.51 - - [09/Dec/2014:02:07:50 -0500] "GET /BLA/resoluciones/RESOLUCIONES%202009/7430.pdf HTTP/1.1" 200 500467
181.50.106.237 - - [09/Dec/2014:02:07:49 -0500] "POST /forms/lservlet;jsessionid=ac16012b30d588e296d1e19345ff90d69511497237e6.e3iSbxaKaheRe34Sa3yKbhiTahb0n6jAmljGr5XDqQLvpAe HTTP/1.1" 200 -
157.55.39.104 - - [09/Dec/2014:02:07:50 -0500] "GET /BLA/resoluciones/RESOLUCIONES%202011/1585.pdf HTTP/1.1" 200 69211
207.46.13.21 - - [09/Dec/2014:02:08:05 -0500] "GET /pga/ane5.doc HTTP/1.1" 404 1015
190.24.187.56 - - [09/Dec/2014:02:08:08 -0500] "GET /BLA/boletinlegal/js/jquery.scrollTo-min.js HTTP/1.1" 200 1150
190.24.187.56 - - [09/Dec/2014:02:08:09 -0500] "GET /BLA/boletinlegal/js/jquery.scrollShow.js HTTP/1.1" 200 4586
190.24.187.56 - - [09/Dec/2014:02:08:09 -0500] "GET /BLA/boletinlegal/js/jquery.js HTTP/1.1" 200 57254
157.55.39.15 - - [09/Dec/2014:02:08:49 -0500] "GET /bla/resoluciones/RESOLUCIONES%202011/3038.pdf HTTP/1.1" 200 698044
66.249.75.67 - - [09/Dec/2014:02:08:50 -0500] "GET /BLA/resoluciones/RESOLUCIONES%202007/RES%202007%20701%20AL%20800/RESOLUCION%200789%20DE%202007.pdf HTTP/1.1" 200 259959
157.55.39.104 - - [09/Dec/2014:02:08:59 -0500] "GET /bla/resoluciones/resoluciones%202009/1629.pdf HTTP/1.1" 200 459094
157.55.39.15 - - [09/Dec/2014:02:09:05 -0500] "GET /BLA/resoluciones/RESOLUCIONES%202010/0002.pdf HTTP/1.1" 200 98273
66.249.75.67 - - [09/Dec/2014:02:09:30 -0500] "GET /BLA/resoluciones/AUTOS%202011/3187.pdf HTTP/1.1" 200 211178
157.55.39.15 - - [09/Dec/2014:02:09:39 -0500] "GET /BLA/resoluciones/AUTOS%202011/3198.pdf HTTP/1.1" 200 315359
157.55.39.104 - - [09/Dec/2014:02:09:43 -0500] "GET /bla/resoluciones/resoluciones%202010/1699.pdf HTTP/1.1" 200 307584
157.55.39.104 - - [09/Dec/2014:02:09:44 -0500] "GET /bla/resoluciones/RESOLUCIONES%202011/1308.pdf HTTP/1.1" 200 71993
157.55.39.104 - - [09/Dec/2014:02:09:44 -0500] "GET /BLA/resoluciones/AUTOS%202009/2803.pdf HTTP/1.1" 200 103262
157.55.39.104 - - [09/Dec/2014:02:09:45 -0500] "GET /bla/resoluciones/RESOLUCIONES%202011/2793.pdf HTTP/1.1" 200 403003
188.165.15.187 - - [09/Dec/2014:02:09:55 -0500] "GET /BLA/resoluciones/RESOLUCIONES%202003/RES%202003%20701-750/706.tif HTTP/1.1" 200 153732
157.55.39.13 - - [09/Dec/2014:02:10:06 -0500] "GET /BLA/resoluciones/Resoluciones%202011/1817.pdf HTTP/1.1" 200 520598
180.76.5.171 - - [09/Dec/2014:02:10:14 -0500] "GET /BLA/resoluciones/index.php?dir=RESOLUCIONES%202007/RES%202007%203201%20AL%203300/&sort=name&order=asc HTTP/1.1" 200 27112
157.55.39.103 - - [09/Dec/2014:02:10:27 -0500] "GET /BLA/resoluciones/Resoluciones%202011/0523.pdf HTTP/1.1" 200 311090
157.55.39.103 - - [09/Dec/2014:02:10:28 -0500] "GET /bla/resoluciones/resoluciones%202009/1490.pdf HTTP/1.1" 200 426822
157.55.39.103 - - [09/Dec/2014:02:10:28 -0500] "GET /BLA/resoluciones/RESOLUCIONES%202008/2333.pdf HTTP/1.1" 200 35344
157.55.39.103 - - [09/Dec/2014:02:10:29 -0500] "GET /bla/resoluciones/resoluciones%202010/2082.pdf HTTP/1.1" 200 113970
188.165.15.235 - - [09/Dec/2014:02:10:37 -0500] "GET /BLA/resoluciones/AUTOS%202006/AUTOS%202006%201401%20-%201500/00001429.tif HTTP/1.1" 200 57398
157.55.39.12 - - [09/Dec/2014:02:10:43 -0500] "GET /BLA/resoluciones/RESOLUCIONES%202011/0119.pdf HTTP/1.1" 200 309936
157.55.39.12 - - [09/Dec/2014:02:10:43 -0500] "GET /BLA/resoluciones/AUTOS%202011/4515.pdf HTTP/1.1" 200 240071
157.55.39.12 - - [09/Dec/2014:02:10:44 -0500] "GET /bla/resoluciones/resoluciones%202010/1509.pdf HTTP/1.1" 200 255147
157.55.39.12 - - [09/Dec/2014:02:10:45 -0500] "GET /BLA/resoluciones/RESOLUCIONES%202009/1767.pdf HTTP/1.1" 200 369871
66.249.75.83 - - [09/Dec/2014:02:11:10 -0500] "GET /BLA/resoluciones/RESOLUCIONES%202009/6487.pdf HTTP/1.1" 304 -
157.55.39.103 - - [09/Dec/2014:02:11:30 -0500] "GET /BLA/resoluciones/AUTOS%202012/1649.pdf HTTP/1.1" 200 208261
157.55.39.103 - - [09/Dec/2014:02:11:31 -0500] "GET /BLA/resoluciones/RESOLUCIONES%202009/1772.pdf HTTP/1.1" 200 331282
157.55.39.16 - - [09/Dec/2014:02:11:31 -0500] "GET /BLA/resoluciones/AUTOS%202012/1627.pdf HTTP/1.1" 200 390130
74.86.158.107 - - [09/Dec/2014:02:11:44 -0500] "HEAD / HTTP/1.1" 302 -
157.55.39.15 - - [09/Dec/2014:02:11:56 -0500] "GET /BLA/resoluciones/Resoluciones%202011/3038.pdf HTTP/1.1" 200 698044
157.55.39.15 - - [09/Dec/2014:02:11:57 -0500] "GET /bla/resoluciones/resoluciones%202010/1086.pdf HTTP/1.1" 200 103786
157.55.39.13 - - [09/Dec/2014:02:12:06 -0500] "GET /BLA/resoluciones/RESOLUCIONES%202010/2286.pdf HTTP/1.1" 200 583920
157.55.39.13 - - [09/Dec/2014:02:12:06 -0500] "GET /BLA/resoluciones/AUTOS%202009/1695.pdf HTTP/1.1" 200 123718
157.55.39.16 - - [09/Dec/2014:02:12:15 -0500] "GET /bla/resoluciones/resoluciones%202010/6406.pdf HTTP/1.1" 200 520931
157.55.39.16 - - [09/Dec/2014:02:12:15 -0500] "GET /BLA/resoluciones/RESOLUCIONES%202011/0660.pdf HTTP/1.1" 200 399716
157.55.39.103 - - [09/Dec/2014:02:12:19 -0500] "GET /bla/resoluciones/resoluciones%202009/5991.pdf HTTP/1.1" 200 214457
157.55.39.103 - - [09/Dec/2014:02:12:20 -0500] "GET /BLA/resoluciones/AUTOS%202011/2141.pdf HTTP/1.1" 200 232333
157.55.39.103 - - [09/Dec/2014:02:12:20 -0500] "GET /BLA/resoluciones/RESOLUCIONES%202008/0291.pdf HTTP/1.1" 200 29646
157.55.39.13 - - [09/Dec/2014:02:12:27 -0500] "GET /bla/resoluciones/RESOLUCIONES%202011/1133.pdf HTTP/1.1" 200 457436
157.55.39.18 - - [09/Dec/2014:02:12:28 -0500] "GET /BLA/resoluciones/RESOLUCIONES%202010/0484.pdf HTTP/1.1" 200 104688
157.55.39.15 - - [09/Dec/2014:02:12:43 -0500] "GET /BLA/resoluciones/AUTOS%202011/4137.pdf HTTP/1.1" 200 228647
157.55.39.104 - - [09/Dec/2014:02:12:48 -0500] "GET /bla/resoluciones/resoluciones%202009/0226.pdf HTTP/1.1" 200 288385
66.249.75.67 - - [09/Dec/2014:02:12:50 -0500] "GET /BLA/resoluciones/RESOLUCIONES%202011/5762.pdf HTTP/1.1" 304 -
157.55.39.12 - - [09/Dec/2014:02:12:53 -0500] "GET /BLA/resoluciones/AUTOS%202011/4632.pdf HTTP/1.1" 200 254855
157.55.39.13 - - [09/Dec/2014:02:12:54 -0500] "GET /BLA/resoluciones/AUTOS%202012/1665.pdf HTTP/1.1" 200 486893
189.172.118.1 - - [09/Dec/2014:02:13:03 -0500] "GET /BLA/boletinlegal/js/jquery.js HTTP/1.1" 200 57254
189.172.118.1 - - [09/Dec/2014:02:13:03 -0500] "GET /BLA/boletinlegal/js/jquery.scrollTo-min.js HTTP/1.1" 200 1150
189.172.118.1 - - [09/Dec/2014:02:13:03 -0500] "GET /BLA/boletinlegal/js/jquery.scrollShow.js HTTP/1.1" 200 4586
157.55.39.13 - - [09/Dec/2014:02:13:05 -0500] "GET /bla/resoluciones/resoluciones%202009/0407.pdf HTTP/1.1" 200 248082
157.55.39.15 - - [09/Dec/2014:02:13:10 -0500] "GET /BLA/resoluciones/RESOLUCIONES%202011/0164.pdf HTTP/1.1" 200 252772
157.55.39.15 - - [09/Dec/2014:02:13:10 -0500] "GET /BLA/resoluciones/RESOLUCIONES%202009/1742.pdf HTTP/1.1" 200 399386
157.55.39.16 - - [09/Dec/2014:02:13:15 -0500] "-" 408 -
157.55.39.103 - - [09/Dec/2014:02:13:20 -0500] "GET /bla/resoluciones/resoluciones%202009/8998.pdf HTTP/1.1" 200 367350
157.55.39.103 - - [09/Dec/2014:02:13:21 -0500] "GET /BLA/resoluciones/RESOLUCIONES%202011/0343.pdf HTTP/1.1" 200 1495589
157.55.39.16 - - [09/Dec/2014:02:13:24 -0500] "GET /bla/resoluciones/resoluciones%202010/0159.pdf HTTP/1.1" 200 376243
157.55.39.15 - - [09/Dec/2014:02:13:33 -0500] "GET /BLA/resoluciones/RESOLUCIONES%202010/1049.pdf HTTP/1.1" 200 121800
157.55.39.15 - - [09/Dec/2014:02:13:58 -0500] "GET /BLA/resoluciones/Resoluciones%202011/1739.pdf HTTP/1.1" 200 517504
157.55.39.13 - - [09/Dec/2014:02:14:03 -0500] "GET /bla/resoluciones/resoluciones%202009/8066.pdf HTTP/1.1" 200 76325
157.55.39.13 - - [09/Dec/2014:02:14:04 -0500] "GET /BLA/resoluciones/RESOLUCIONES%202011/1251.pdf HTTP/1.1" 200 531854
157.55.39.103 - - [09/Dec/2014:02:14:20 -0500] "GET /BLA/resoluciones/RESOLUCIONES%202008/1166.pdf HTTP/1.1" 200 210314
157.55.39.103 - - [09/Dec/2014:02:14:23 -0500] "GET /BLA/resoluciones/RESOLUCIONES%202011/1071.pdf HTTP/1.1" 200 387488
157.55.39.16 - - [09/Dec/2014:02:14:23 -0500] "GET /BLA/resoluciones/Resoluciones%202011/0885.pdf HTTP/1.1" 200 65057
66.249.75.51 - - [09/Dec/2014:02:14:30 -0500] "GET /BLA/resoluciones/RESOLUCIONES%202012/1535.pdf HTTP/1.1" 200 3899437
157.55.39.15 - - [09/Dec/2014:02:14:34 -0500] "GET /BLA/resoluciones/RESOLUCIONES%202008/0672.pdf HTTP/1.1" 200 58070
157.55.39.13 - - [09/Dec/2014:02:14:58 -0500] "GET /BLA/resoluciones/AUTOS%202009/0234.pdf HTTP/1.1" 200 124616
76.173.88.159 - - [09/Dec/2014:02:14:59 -0500] "POST /xmlrpc.php HTTP/1.1" 404 1018
157.55.39.15 - - [09/Dec/2014:02:15:03 -0500] "GET /BLA/resoluciones/AUTOS%202009/0373.pdf HTTP/1.1" 200 161300
157.55.39.103 - - [09/Dec/2014:02:15:15 -0500] "GET /BLA/resoluciones/RESOLUCIONES%202010/0290.pdf HTTP/1.1" 200 531363
157.55.39.103 - - [09/Dec/2014:02:15:15 -0500] "GET /BLA/resoluciones/RESOLUCIONES%202011/4835.pdf HTTP/1.1" 200 604900
157.55.39.103 - - [09/Dec/2014:02:15:16 -0500] "GET /BLA/resoluciones/AUTOS%202010/6936.pdf HTTP/1.1" 200 170565
157.55.39.103 - - [09/Dec/2014:02:15:18 -0500] "GET /BLA/resoluciones/RESOLUCIONES%202009/5793.pdf HTTP/1.1" 200 1062593
157.55.39.13 - - [09/Dec/2014:02:15:26 -0500] "GET /BLA/resoluciones/RESOLUCIONES%202011/0562.pdf HTTP/1.1" 200 356431
157.55.39.18 - - [09/Dec/2014:02:15:30 -0500] "GET /BLA/resoluciones/AUTOS%202011/5524.pdf HTTP/1.1" 200 223703
157.55.39.15 - - [09/Dec/2014:02:15:35 -0500] "GET /BLA/resoluciones/Resoluciones%202011/0520.pdf HTTP/1.1" 200 339724
181.204.214.31 - - [09/Dec/2014:02:15:40 -0500] "GET /BLA/boletinlegal/js/jquery.scrollTo-min.js HTTP/1.1" 200 1150
181.204.214.31 - - [09/Dec/2014:02:15:40 -0500] "GET /BLA/boletinlegal/js/jquery.scrollShow.js HTTP/1.1" 200 4586
181.204.214.31 - - [09/Dec/2014:02:15:40 -0500] "GET /BLA/boletinlegal/js/jquery.js HTTP/1.1" 200 57254
180.76.6.58 - - [09/Dec/2014:02:15:57 -0500] "GET /BLA/resoluciones/RESOLUCIONES%202010/1316.pdf HTTP/1.1" 200 99605
157.55.39.104 - - [09/Dec/2014:02:15:58 -0500] "GET /bla/resoluciones/resoluciones%202009/2081.pdf HTTP/1.1" 200 561575
