157.55.39.191 - - [09/Dec/2014:06:13:59 -0500] "GET /BLA/resoluciones/RESOLUCIONES%202010/2089.pdf HTTP/1.1" 200 198337
157.55.39.191 - - [09/Dec/2014:06:13:59 -0500] "GET /BLA/resoluciones/RESOLUCIONES%202009/5147.pdf HTTP/1.1" 200 634008
157.55.39.191 - - [09/Dec/2014:06:14:00 -0500] "GET /BLA/resoluciones/RESOLUCIONES%202010/0642.pdf HTTP/1.1" 200 503106
157.55.39.13 - - [09/Dec/2014:06:14:03 -0500] "GET /bla/resoluciones/RESOLUCIONES%202011/0032.pdf HTTP/1.1" 200 318401
157.55.39.191 - - [09/Dec/2014:06:14:08 -0500] "GET /BLA/resoluciones/RESOLUCIONES%202009/3004.pdf HTTP/1.1" 200 604662
157.55.39.16 - - [09/Dec/2014:06:14:21 -0500] "GET /bla/resoluciones/resoluciones%202010/5233.pdf HTTP/1.1" 200 778171
157.55.39.16 - - [09/Dec/2014:06:14:21 -0500] "GET /BLA/resoluciones/RESOLUCIONES%202009/0645.pdf HTTP/1.1" 200 297172
157.55.39.16 - - [09/Dec/2014:06:14:22 -0500] "GET /bla/resoluciones/resoluciones%202009/8708.pdf HTTP/1.1" 200 516286
207.46.13.38 - - [09/Dec/2014:06:14:25 -0500] "GET /bla/resoluciones/resoluciones%202010/0616.pdf HTTP/1.1" 200 492394
157.55.39.13 - - [09/Dec/2014:06:14:30 -0500] "GET /BLA/resoluciones/RESOLUCIONES%202008/0414.pdf HTTP/1.1" 200 282070
157.55.39.13 - - [09/Dec/2014:06:14:31 -0500] "GET /BLA/resoluciones/AUTOS%202011/3730.pdf HTTP/1.1" 200 217263
157.55.39.12 - - [09/Dec/2014:06:14:32 -0500] "GET /BLA/resoluciones/AUTOS%202011/2404.pdf HTTP/1.1" 200 163725
157.55.39.191 - - [09/Dec/2014:06:14:35 -0500] "GET /bla/resoluciones/resoluciones%202009/2401.pdf HTTP/1.1" 200 411569
157.55.39.191 - - [09/Dec/2014:06:14:35 -0500] "GET /bla/resoluciones/resoluciones%202010/1904.pdf HTTP/1.1" 200 602692
157.55.39.103 - - [09/Dec/2014:06:14:40 -0500] "GET /BLA/resoluciones/Resoluciones%202011/1670.pdf HTTP/1.1" 200 80349
157.55.39.15 - - [09/Dec/2014:06:14:45 -0500] "GET /BLA/resoluciones/AUTOS%202010/0608.pdf HTTP/1.1" 200 157522
207.46.13.38 - - [09/Dec/2014:06:14:50 -0500] "GET /BLA/resoluciones/AUTOS%202009/1541.pdf HTTP/1.1" 200 111000
74.86.158.107 - - [09/Dec/2014:06:15:03 -0500] "HEAD / HTTP/1.1" 302 -
188.165.15.10 - - [09/Dec/2014:06:15:05 -0500] "GET /BLA/resoluciones/RESOLUCIONES%202005/RES%202005%202851-2900/00002879.tif HTTP/1.1" 200 122404
207.46.13.38 - - [09/Dec/2014:06:15:18 -0500] "GET /BLA/resoluciones/AUTOS%202009/2925.pdf HTTP/1.1" 200 170599
181.54.57.138 - - [09/Dec/2014:06:15:29 -0500] "POST /forms/lservlet;jsessionid=ac16012b30d536ee128ca8d54f93b81fb84804e7a8a2.e3iSbxaKaheRe34Sa3yKbhiTahb0n6jAmljGr5XDqQLvpAe HTTP/1.1" 200 2
157.55.39.191 - - [09/Dec/2014:06:15:34 -0500] "GET /bla/resoluciones/resoluciones%202010/5724.pdf HTTP/1.1" 200 200117
207.46.13.38 - - [09/Dec/2014:06:15:38 -0500] "GET /bla/resoluciones/resoluciones%202009/8919.pdf HTTP/1.1" 200 347835
207.46.13.38 - - [09/Dec/2014:06:15:39 -0500] "GET /BLA/resoluciones/AUTOS%202009/2034.pdf HTTP/1.1" 200 100279
186.154.85.200 - - [09/Dec/2014:06:15:43 -0500] "POST /forms/lservlet;jsessionid=ac16012b30d5dc42fff3b67e4e98b103908af20e5c2a.e3iSbxaKaheRe34Sa3yKbhiTahb0n6jAmljGr5XDqQLvpAe HTTP/1.1" 200 2
157.55.39.15 - - [09/Dec/2014:06:15:43 -0500] "GET /BLA/resoluciones/Resoluciones%202011/2275.pdf HTTP/1.1" 200 504834
157.55.39.104 - - [09/Dec/2014:06:15:48 -0500] "GET /BLA/resoluciones/RESOLUCIONES%202009/4196.pdf HTTP/1.1" 200 1166267
157.55.39.104 - - [09/Dec/2014:06:15:50 -0500] "GET /BLA/resoluciones/AUTOS%202009/1562.pdf HTTP/1.1" 200 122570
207.46.13.38 - - [09/Dec/2014:06:15:53 -0500] "GET /BLA/resoluciones/RESOLUCIONES%202011/4612.pdf HTTP/1.1" 200 595894
207.46.13.38 - - [09/Dec/2014:06:15:54 -0500] "GET /BLA/resoluciones/AUTOS%202009/3264.pdf HTTP/1.1" 200 102903
188.165.15.132 - - [09/Dec/2014:06:15:55 -0500] "GET /BLA/resoluciones/index.php?dir=RESOLUCIONES%202004/RES%202004%20351-400/&sort=name&order=desc HTTP/1.1" 200 12049
180.76.5.67 - - [09/Dec/2014:06:15:57 -0500] "GET /BLA/resoluciones/RESOLUCIONES%202010/0342.pdf HTTP/1.1" 200 1030451
157.55.39.15 - - [09/Dec/2014:06:15:58 -0500] "GET /BLA/resoluciones/RESOLUCIONES%202011/1338.pdf HTTP/1.1" 200 66111
157.55.39.191 - - [09/Dec/2014:06:16:04 -0500] "GET /BLA/resoluciones/RESOLUCIONES%202011/3324.pdf HTTP/1.1" 200 818308
157.55.39.13 - - [09/Dec/2014:06:16:08 -0500] "GET /BLA/resoluciones/AUTOS%202012/2215.pdf HTTP/1.1" 200 364693
157.55.39.103 - - [09/Dec/2014:06:16:16 -0500] "GET /bla/resoluciones/RESOLUCIONES%202011/0781.pdf HTTP/1.1" 200 789070
157.55.39.103 - - [09/Dec/2014:06:16:16 -0500] "GET /BLA/resoluciones/AUTOS%202009/0734.pdf HTTP/1.1" 200 458522
207.46.13.38 - - [09/Dec/2014:06:16:19 -0500] "GET /BLA/resoluciones/RESOLUCIONES%202011/4612.pdf HTTP/1.1" 200 595894
157.55.39.103 - - [09/Dec/2014:06:16:36 -0500] "GET /BLA/resoluciones/RESOLUCIONES%202011/3284.pdf HTTP/1.1" 200 404114
157.55.39.15 - - [09/Dec/2014:06:16:42 -0500] "GET /BLA/resoluciones/AUTOS%202011/3028.pdf HTTP/1.1" 200 160600
157.55.39.15 - - [09/Dec/2014:06:16:43 -0500] "GET /bla/resoluciones/RESOLUCIONES%202011/0671.pdf HTTP/1.1" 200 68301
157.55.39.15 - - [09/Dec/2014:06:16:44 -0500] "GET /BLA/resoluciones/AUTOS%202011/5122.pdf HTTP/1.1" 200 215039
157.55.39.15 - - [09/Dec/2014:06:16:45 -0500] "GET /BLA/resoluciones/RESOLUCIONES%202008/1712.pdf HTTP/1.1" 200 254269
157.55.39.12 - - [09/Dec/2014:06:16:46 -0500] "GET /BLA/resoluciones/Resoluciones%202011/2848.pdf HTTP/1.1" 200 510386
207.46.13.38 - - [09/Dec/2014:06:16:52 -0500] "GET /BLA/resoluciones/AUTOS%202010/4461.pdf HTTP/1.1" 200 342493
157.55.39.191 - - [09/Dec/2014:06:16:57 -0500] "GET /BLA/resoluciones/RESOLUCIONES%202009/0209.pdf HTTP/1.1" 200 250891
207.46.13.38 - - [09/Dec/2014:06:17:02 -0500] "GET /bla/resoluciones/resoluciones%202009/3724.pdf HTTP/1.1" 200 116536
157.55.39.13 - - [09/Dec/2014:06:17:06 -0500] "GET /BLA/resoluciones/RESOLUCIONES%202011/1128.pdf HTTP/1.1" 200 291524
157.55.39.15 - - [09/Dec/2014:06:17:11 -0500] "GET /BLA/resoluciones/AUTOS%202012/0438.pdf HTTP/1.1" 200 157208
157.55.39.15 - - [09/Dec/2014:06:17:12 -0500] "GET /BLA/resoluciones/Resoluciones%202011/0708.pdf HTTP/1.1" 200 75303
157.55.39.13 - - [09/Dec/2014:06:17:16 -0500] "GET /BLA/resoluciones/Resoluciones%202011/1596.pdf HTTP/1.1" 200 83923
157.55.39.16 - - [09/Dec/2014:06:17:22 -0500] "GET /BLA/resoluciones/RESOLUCIONES%202011/0708.pdf HTTP/1.1" 200 75303
157.55.39.103 - - [09/Dec/2014:06:17:27 -0500] "GET /BLA/resoluciones/RESOLUCIONES%202011/2080.pdf HTTP/1.1" 200 513256
157.55.39.103 - - [09/Dec/2014:06:17:28 -0500] "GET /BLA/resoluciones/RESOLUCIONES%202008/0875.pdf HTTP/1.1" 200 476058
157.55.39.103 - - [09/Dec/2014:06:17:28 -0500] "GET /BLA/resoluciones/AUTOS%202011/3790.pdf HTTP/1.1" 200 338300
157.55.39.103 - - [09/Dec/2014:06:17:28 -0500] "GET /BLA/resoluciones/RESOLUCIONES%202011/1313.pdf HTTP/1.1" 200 62763
181.54.57.138 - - [09/Dec/2014:06:17:29 -0500] "POST /forms/lservlet;jsessionid=ac16012b30d536ee128ca8d54f93b81fb84804e7a8a2.e3iSbxaKaheRe34Sa3yKbhiTahb0n6jAmljGr5XDqQLvpAe HTTP/1.1" 200 2
207.46.13.38 - - [09/Dec/2014:06:17:39 -0500] "GET /bla/resoluciones/resoluciones%202009/7752.pdf HTTP/1.1" 200 355270
186.154.85.200 - - [09/Dec/2014:06:17:43 -0500] "POST /forms/lservlet;jsessionid=ac16012b30d5dc42fff3b67e4e98b103908af20e5c2a.e3iSbxaKaheRe34Sa3yKbhiTahb0n6jAmljGr5XDqQLvpAe HTTP/1.1" 200 2
157.55.39.12 - - [09/Dec/2014:06:17:49 -0500] "GET /BLA/resoluciones/AUTOS%202012/2226.pdf HTTP/1.1" 200 1663489
157.55.39.104 - - [09/Dec/2014:06:17:53 -0500] "GET /bla/resoluciones/resoluciones%202010/1787.pdf HTTP/1.1" 200 562238
157.55.39.104 - - [09/Dec/2014:06:17:54 -0500] "GET /bla/resoluciones/resoluciones%202009/2281.pdf HTTP/1.1" 200 436517
157.55.39.104 - - [09/Dec/2014:06:18:01 -0500] "GET /BLA/resoluciones/AUTOS%202012/0674.pdf HTTP/1.1" 200 317299
157.55.39.15 - - [09/Dec/2014:06:18:06 -0500] "GET /BLA/resoluciones/RESOLUCIONES%202009/3183.pdf HTTP/1.1" 200 778242
157.55.39.15 - - [09/Dec/2014:06:18:06 -0500] "GET /bla/resoluciones/RESOLUCIONES%202011/3120.pdf HTTP/1.1" 200 683382
157.55.39.15 - - [09/Dec/2014:06:18:07 -0500] "GET /bla/resoluciones/resoluciones%202009/0422.pdf HTTP/1.1" 200 248822
157.55.39.13 - - [09/Dec/2014:06:18:10 -0500] "GET /BLA/resoluciones/AUTOS%202011/1683.pdf HTTP/1.1" 200 158051
157.55.39.13 - - [09/Dec/2014:06:18:19 -0500] "GET /BLA/resoluciones/RESOLUCIONES%202009/0945.pdf HTTP/1.1" 200 432018
157.55.39.16 - - [09/Dec/2014:06:18:25 -0500] "GET /BLA/resoluciones/AUTOS%202010/1497.pdf HTTP/1.1" 200 1478500
157.55.39.103 - - [09/Dec/2014:06:18:32 -0500] "GET /bla/resoluciones/resoluciones%202009/8273.pdf HTTP/1.1" 200 372168
157.55.39.103 - - [09/Dec/2014:06:18:32 -0500] "GET /bla/resoluciones/resoluciones%202009/7867.pdf HTTP/1.1" 200 415436
157.55.39.12 - - [09/Dec/2014:06:18:35 -0500] "GET /BLA/resoluciones/AUTOS%202010/3781.pdf HTTP/1.1" 200 256309
207.46.13.38 - - [09/Dec/2014:06:18:41 -0500] "GET /BLA/resoluciones/RESOLUCIONES%202008/1149.pdf HTTP/1.1" 200 237850
157.55.39.104 - - [09/Dec/2014:06:18:45 -0500] "GET /BLA/resoluciones/RESOLUCIONES%202010/0966.pdf HTTP/1.1" 200 433979
157.55.39.12 - - [09/Dec/2014:06:18:54 -0500] "GET /bla/resoluciones/resoluciones%202010/7698.pdf HTTP/1.1" 200 239091
157.55.39.12 - - [09/Dec/2014:06:18:54 -0500] "GET /bla/resoluciones/resoluciones%202009/9251.pdf HTTP/1.1" 200 122168
207.46.13.38 - - [09/Dec/2014:06:18:58 -0500] "GET /BLA/resoluciones/RESOLUCIONES%202011/0679.pdf HTTP/1.1" 200 67857
207.46.13.38 - - [09/Dec/2014:06:18:59 -0500] "GET /BLA/resoluciones/AUTOS%202012/1778.pdf HTTP/1.1" 200 424096
157.55.39.104 - - [09/Dec/2014:06:19:03 -0500] "GET /BLA/resoluciones/RESOLUCIONES%202009/6831.pdf HTTP/1.1" 200 617315
157.55.39.104 - - [09/Dec/2014:06:19:04 -0500] "GET /bla/resoluciones/resoluciones%202009/0816.pdf HTTP/1.1" 200 62897
157.55.39.103 - - [09/Dec/2014:06:19:24 -0500] "GET /bla/resoluciones/resoluciones%202010/1861.pdf HTTP/1.1" 200 418615
207.46.13.38 - - [09/Dec/2014:06:19:28 -0500] "GET /BLA/resoluciones/RESOLUCIONES%202008/0530.pdf HTTP/1.1" 200 331053
181.54.57.138 - - [09/Dec/2014:06:19:29 -0500] "POST /forms/lservlet;jsessionid=ac16012b30d536ee128ca8d54f93b81fb84804e7a8a2.e3iSbxaKaheRe34Sa3yKbhiTahb0n6jAmljGr5XDqQLvpAe HTTP/1.1" 200 2
157.55.39.15 - - [09/Dec/2014:06:19:33 -0500] "GET /bla/resoluciones/resoluciones%202009/1075.pdf HTTP/1.1" 200 53088
157.55.39.15 - - [09/Dec/2014:06:19:34 -0500] "GET /bla/resoluciones/resoluciones%202010/0269.pdf HTTP/1.1" 200 111022
157.55.39.15 - - [09/Dec/2014:06:19:42 -0500] "GET /BLA/resoluciones/RESOLUCIONES%202008/0419.pdf HTTP/1.1" 200 312847
157.55.39.15 - - [09/Dec/2014:06:19:42 -0500] "GET /BLA/resoluciones/RESOLUCIONES%202008/0985.pdf HTTP/1.1" 200 269684
186.154.85.200 - - [09/Dec/2014:06:19:43 -0500] "POST /forms/lservlet;jsessionid=ac16012b30d5dc42fff3b67e4e98b103908af20e5c2a.e3iSbxaKaheRe34Sa3yKbhiTahb0n6jAmljGr5XDqQLvpAe HTTP/1.1" 200 2
181.135.89.189 - - [09/Dec/2014:06:19:52 -0500] "GET /BLA/boletinlegal/js/jquery.scrollShow.js HTTP/1.1" 200 4586
181.135.89.189 - - [09/Dec/2014:06:19:52 -0500] "GET /BLA/boletinlegal/js/jquery.scrollTo-min.js HTTP/1.1" 200 1150
181.135.89.189 - - [09/Dec/2014:06:19:52 -0500] "GET /BLA/boletinlegal/js/jquery.js HTTP/1.1" 200 57254
181.135.89.189 - - [09/Dec/2014:06:19:52 -0500] "GET /galeria/carrusel/Carrusel/jquery-ui-1.8.13.custom.min.js HTTP/1.1" 200 10800
181.135.89.189 - - [09/Dec/2014:06:19:52 -0500] "GET /galeria/carrusel/Carrusel/jquery.thumbnailScroller.css HTTP/1.1" 200 2066
181.135.89.189 - - [09/Dec/2014:06:19:52 -0500] "GET /galeria/carrusel/Carrusel/jquery.thumbnailScroller.js HTTP/1.1" 200 8157
157.55.39.104 - - [09/Dec/2014:06:19:54 -0500] "GET /BLA/resoluciones/RESOLUCIONES%202008/0394.pdf HTTP/1.1" 200 265292
181.135.89.189 - - [09/Dec/2014:06:19:56 -0500] "GET /galeria/nivo-slider/demo/demo.html HTTP/1.1" 200 3572
181.135.89.189 - - [09/Dec/2014:06:19:57 -0500] "GET /galeria/nivo-slider/themes/default/default.css HTTP/1.1" 200 1569
181.135.89.189 - - [09/Dec/2014:06:19:57 -0500] "GET /galeria/nivo-slider/nivo-slider.css HTTP/1.1" 200 1507
181.135.89.189 - - [09/Dec/2014:06:19:57 -0500] "GET /galeria/nivo-slider/demo/style.css HTTP/1.1" 200 2222
181.135.89.189 - - [09/Dec/2014:06:19:57 -0500] "GET /galeria/nivo-slider/themes/pascal/pascal.css HTTP/1.1" 200 2258
181.135.89.189 - - [09/Dec/2014:06:19:57 -0500] "GET /galeria/nivo-slider/themes/orman/orman.css HTTP/1.1" 200 2152
181.135.89.189 - - [09/Dec/2014:06:19:57 -0500] "GET /galeria/nivo-slider/demo/images/banner-musgo.jpg HTTP/1.1" 200 49513
181.135.89.189 - - [09/Dec/2014:06:19:58 -0500] "GET /galeria/nivo-slider/demo/images/4Simple_Slider.png HTTP/1.1" 200 11722
181.135.89.189 - - [09/Dec/2014:06:19:58 -0500] "GET /galeria/nivo-slider/demo/images/RdaNegociosFiltros.jpg HTTP/1.1" 200 77155
181.135.89.189 - - [09/Dec/2014:06:19:58 -0500] "GET /galeria/nivo-slider/demo/images/Jornada-adopcion.jpg HTTP/1.1" 200 79705
181.135.89.189 - - [09/Dec/2014:06:19:58 -0500] "GET /galeria/nivo-slider/demo/images/BogotaSostenible.jpg HTTP/1.1" 200 206863
181.135.89.189 - - [09/Dec/2014:06:19:58 -0500] "GET /galeria/nivo-slider/demo/images/Banner-comparendo.jpg HTTP/1.1" 200 388762
181.135.89.189 - - [09/Dec/2014:06:19:58 -0500] "GET /galeria/nivo-slider/demo/images/Banner-GAE3.jpg HTTP/1.1" 200 146354
181.135.89.189 - - [09/Dec/2014:06:19:58 -0500] "GET /galeria/nivo-slider/demo/images/Biotaxis-Man.jpg HTTP/1.1" 200 99362
181.135.89.189 - - [09/Dec/2014:06:19:58 -0500] "GET /galeria/nivo-slider/demo/images/Tingua-azul.jpg HTTP/1.1" 200 307638
181.135.89.189 - - [09/Dec/2014:06:19:58 -0500] "GET /galeria/nivo-slider/demo/images/banner-caballos.png HTTP/1.1" 200 389106
207.46.13.38 - - [09/Dec/2014:06:20:00 -0500] "GET /BLA/resoluciones/AUTOS%202010/0617.pdf HTTP/1.1" 200 161246
207.46.13.38 - - [09/Dec/2014:06:20:01 -0500] "GET /BLA/resoluciones/RESOLUCIONES%202011/0074.pdf HTTP/1.1" 200 334827
181.135.89.189 - - [09/Dec/2014:06:20:02 -0500] "GET /galeria/nivo-slider/themes/default/loading.gif HTTP/1.1" 200 1737
181.135.89.189 - - [09/Dec/2014:06:20:02 -0500] "GET /galeria/nivo-slider/demo/images/Banner-Caracol-Africano.jpg HTTP/1.1" 200 331986
74.86.158.107 - - [09/Dec/2014:06:20:03 -0500] "HEAD / HTTP/1.1" 302 -
181.135.89.189 - - [09/Dec/2014:06:19:58 -0500] "GET /galeria/nivo-slider/demo/images/bannerEcolecta3.jpg HTTP/1.1" 200 280034
157.55.39.104 - - [09/Dec/2014:06:20:05 -0500] "GET /bla/resoluciones/resoluciones%202010/1328.pdf HTTP/1.1" 200 96707
181.135.89.189 - - [09/Dec/2014:06:20:06 -0500] "GET /galeria/nivo-slider/demo/scripts/jquery-1.7.1.min.js HTTP/1.1" 200 93868
181.135.89.189 - - [09/Dec/2014:06:20:06 -0500] "GET /galeria/nivo-slider/jquery.nivo.slider.pack.js HTTP/1.1" 200 11561
181.135.89.189 - - [09/Dec/2014:06:19:58 -0500] "GET /galeria/nivo-slider/demo/images/Hacienda_Molinos.jpg HTTP/1.1" 200 319171
181.135.89.189 - - [09/Dec/2014:06:20:06 -0500] "GET /galeria/nivo-slider/demo/images/banner-redes.jpg HTTP/1.1" 200 62209
157.55.39.104 - - [09/Dec/2014:06:20:13 -0500] "GET /bla/resoluciones/resoluciones%202010/6219.pdf HTTP/1.1" 200 605857
207.46.13.38 - - [09/Dec/2014:06:20:17 -0500] "GET /BLA/resoluciones/AUTOS%202009/1327.pdf HTTP/1.1" 200 60703
207.46.13.38 - - [09/Dec/2014:06:20:18 -0500] "GET /BLA/resoluciones/RESOLUCIONES%202008/0594.pdf HTTP/1.1" 200 302851
66.249.69.79 - - [09/Dec/2014:06:20:21 -0500] "GET /BLA/ HTTP/1.1" 200 538
157.55.39.16 - - [09/Dec/2014:06:20:22 -0500] "GET /BLA/resoluciones/RESOLUCIONES%202009/2129.pdf HTTP/1.1" 200 540910
207.46.13.38 - - [09/Dec/2014:06:20:31 -0500] "GET /BLA/resoluciones/RESOLUCIONES%202012/0753.pdf HTTP/1.1" 200 628277
207.46.13.38 - - [09/Dec/2014:06:20:36 -0500] "GET /BLA/resoluciones/RESOLUCIONES%202010/2604.pdf HTTP/1.1" 200 274678
157.55.39.15 - - [09/Dec/2014:06:20:51 -0500] "GET /BLA/resoluciones/RESOLUCIONES%202008/2206.pdf HTTP/1.1" 200 377488
157.55.39.15 - - [09/Dec/2014:06:20:52 -0500] "GET /BLA/resoluciones/RESOLUCIONES%202010/1830.pdf HTTP/1.1" 200 497793
157.55.39.13 - - [09/Dec/2014:06:20:59 -0500] "GET /bla/resoluciones/resoluciones%202009/1558.pdf HTTP/1.1" 200 543381
157.55.39.15 - - [09/Dec/2014:06:21:03 -0500] "GET /BLA/resoluciones/AUTOS%202010/4560.pdf HTTP/1.1" 200 92743
181.54.57.138 - - [09/Dec/2014:06:21:29 -0500] "POST /forms/lservlet;jsessionid=ac16012b30d536ee128ca8d54f93b81fb84804e7a8a2.e3iSbxaKaheRe34Sa3yKbhiTahb0n6jAmljGr5XDqQLvpAe HTTP/1.1" 200 2
207.46.13.38 - - [09/Dec/2014:06:21:30 -0500] "GET /BLA/resoluciones/RESOLUCIONES%202008/0066.pdf HTTP/1.1" 200 1147196
180.76.5.177 - - [09/Dec/2014:06:21:33 -0500] "GET /videos/60Segundos_9.flv HTTP/1.1" 200 8459628
186.154.85.200 - - [09/Dec/2014:06:21:43 -0500] "POST /forms/lservlet;jsessionid=ac16012b30d5dc42fff3b67e4e98b103908af20e5c2a.e3iSbxaKaheRe34Sa3yKbhiTahb0n6jAmljGr5XDqQLvpAe HTTP/1.1" 200 2
207.46.13.38 - - [09/Dec/2014:06:21:46 -0500] "GET /BLA/resoluciones/RESOLUCIONES%202010/1142.pdf HTTP/1.1" 200 106040
180.76.5.19 - - [09/Dec/2014:06:21:54 -0500] "GET /BLA/resoluciones/RESOLUCIONES%202009/2174.pdf HTTP/1.1" 200 646617
180.76.5.152 - - [09/Dec/2014:06:21:54 -0500] "GET /BLA/resoluciones/RESOLUCIONES%202009/2174.pdf HTTP/1.1" 200 646617
157.55.39.12 - - [09/Dec/2014:06:21:54 -0500] "GET /bla/resoluciones/resoluciones%202009/3225.pdf HTTP/1.1" 200 209313
207.46.13.38 - - [09/Dec/2014:06:22:02 -0500] "GET /bla/resoluciones/resoluciones%202009/6954.pdf HTTP/1.1" 200 120410
207.46.13.38 - - [09/Dec/2014:06:22:02 -0500] "GET /bla/resoluciones/resoluciones%202009/0979.pdf HTTP/1.1" 200 303805
157.55.39.13 - - [09/Dec/2014:06:22:06 -0500] "GET /bla/resoluciones/resoluciones%202010/7673.pdf HTTP/1.1" 200 391646
157.55.39.13 - - [09/Dec/2014:06:22:08 -0500] "GET /bla/resoluciones/resoluciones%202009/5807.pdf HTTP/1.1" 200 102284
157.55.39.104 - - [09/Dec/2014:06:22:11 -0500] "GET /BLA/resoluciones/RESOLUCIONES%202010/2724.pdf HTTP/1.1" 200 626044
157.55.39.104 - - [09/Dec/2014:06:22:11 -0500] "GET /BLA/resoluciones/AUTOS%202010/2516.pdf HTTP/1.1" 200 139434
157.55.39.104 - - [09/Dec/2014:06:22:12 -0500] "GET /bla/resoluciones/resoluciones%202010/2004.pdf HTTP/1.1" 200 333032
157.55.39.16 - - [09/Dec/2014:06:22:16 -0500] "GET /BLA/resoluciones/AUTOS%202012/0487.pdf HTTP/1.1" 200 329199
180.76.6.36 - - [09/Dec/2014:06:22:16 -0500] "GET /BLA/resoluciones/RESOLUCIONES%202007/RES%202007%203601%20AL%203700/RESOLUCION%203613%20DE%202007.pdf HTTP/1.1" 200 401493
157.55.39.16 - - [09/Dec/2014:06:22:16 -0500] "GET /bla/resoluciones/resoluciones%202009/5257.pdf HTTP/1.1" 200 327204
157.55.39.13 - - [09/Dec/2014:06:22:30 -0500] "GET /bla/resoluciones/RESOLUCIONES%202011/3582.pdf HTTP/1.1" 200 545040
157.55.39.191 - - [09/Dec/2014:06:22:35 -0500] "GET /bla/resoluciones/resoluciones%202010/6488.pdf HTTP/1.1" 200 317204
207.46.13.38 - - [09/Dec/2014:06:22:39 -0500] "GET /BLA/resoluciones/AUTOS%202011/1564.pdf HTTP/1.1" 200 137441
186.81.157.186 - - [09/Dec/2014:06:22:42 -0500] "GET /Report2/login.do HTTP/1.1" 200 4338
180.76.5.24 - - [09/Dec/2014:06:22:43 -0500] "GET /BLA/resoluciones/RESOLUCIONES%202010/7803.pdf HTTP/1.1" 200 405264
186.81.157.186 - - [09/Dec/2014:06:22:43 -0500] "POST /Report2/login.do;jsessionid=7F6E87B29A826F028521FC62389A8D21 HTTP/1.1" 200 4298
157.55.39.191 - - [09/Dec/2014:06:22:45 -0500] "GET /BLA/resoluciones/AUTOS%202012/2955.pdf HTTP/1.1" 200 261666
186.81.157.186 - - [09/Dec/2014:06:22:45 -0500] "POST /Report2/login.do HTTP/1.1" 200 4298
186.81.157.186 - - [09/Dec/2014:06:22:46 -0500] "POST /Report2/login.do HTTP/1.1" 200 4298
157.55.39.15 - - [09/Dec/2014:06:22:56 -0500] "GET /BLA/resoluciones/Resoluciones%202011/1580.pdf HTTP/1.1" 200 61755
157.55.39.15 - - [09/Dec/2014:06:23:05 -0500] "GET /BLA/resoluciones/RESOLUCIONES%202011/2051.pdf HTTP/1.1" 200 520364
157.55.39.15 - - [09/Dec/2014:06:23:06 -0500] "GET /bla/resoluciones/resoluciones%202010/1671.pdf HTTP/1.1" 200 105182
157.55.39.15 - - [09/Dec/2014:06:23:06 -0500] "GET /BLA/resoluciones/RESOLUCIONES%202010/0082.pdf HTTP/1.1" 200 533913
207.46.13.38 - - [09/Dec/2014:06:23:09 -0500] "GET /bla/resoluciones/resoluciones%202010/7847.pdf HTTP/1.1" 200 37569
157.55.39.191 - - [09/Dec/2014:06:23:25 -0500] "GET /BLA/resoluciones/Resoluciones%202011/1814.pdf HTTP/1.1" 200 517290
157.55.39.191 - - [09/Dec/2014:06:23:25 -0500] "GET /BLA/resoluciones/AUTOS%202009/0334.pdf HTTP/1.1" 200 353016
157.55.39.191 - - [09/Dec/2014:06:23:26 -0500] "GET /BLA/resoluciones/AUTOS%202009/1719.pdf HTTP/1.1" 200 124208
157.55.39.191 - - [09/Dec/2014:06:23:27 -0500] "GET /BLA/resoluciones/AUTOS%202010/4624.pdf HTTP/1.1" 200 365852
157.55.39.191 - - [09/Dec/2014:06:23:27 -0500] "GET /bla/resoluciones/resoluciones%202010/1494.pdf HTTP/1.1" 200 515013
181.54.57.138 - - [09/Dec/2014:06:23:29 -0500] "POST /forms/lservlet;jsessionid=ac16012b30d536ee128ca8d54f93b81fb84804e7a8a2.e3iSbxaKaheRe34Sa3yKbhiTahb0n6jAmljGr5XDqQLvpAe HTTP/1.1" 200 2
157.55.39.12 - - [09/Dec/2014:06:23:32 -0500] "GET /BLA/resoluciones/AUTOS%202009/3394.pdf HTTP/1.1" 200 98445
190.252.41.107 - - [09/Dec/2014:06:23:34 -0500] "GET /BLA/resoluciones/RESOLUCIONES%202007/RES%202007%202601%20AL%202700/RESOLUCION%202646%20DE%202007.pdf HTTP/1.1" 200 373873
180.76.6.44 - - [09/Dec/2014:06:23:34 -0500] "GET /silvicultura/12.pdf HTTP/1.1" 404 1018
180.76.5.155 - - [09/Dec/2014:06:23:34 -0500] "GET /silvicultura/12.pdf HTTP/1.1" 404 1018
181.241.78.202 - - [09/Dec/2014:06:23:36 -0500] "GET /galeria/carrusel/Carrusel/jquery.thumbnailScroller.css HTTP/1.1" 304 -
181.241.78.202 - - [09/Dec/2014:06:23:37 -0500] "GET /galeria/carrusel/Carrusel/jquery-ui-1.8.13.custom.min.js HTTP/1.1" 304 -
157.55.39.191 - - [09/Dec/2014:06:23:37 -0500] "GET /BLA/resoluciones/RESOLUCIONES%202011/0810.pdf HTTP/1.1" 200 400113
181.241.78.202 - - [09/Dec/2014:06:23:38 -0500] "GET /galeria/carrusel/Carrusel/jquery.thumbnailScroller.js HTTP/1.1" 304 -
157.55.39.191 - - [09/Dec/2014:06:23:38 -0500] "GET /bla/resoluciones/resoluciones%202010/0976.pdf HTTP/1.1" 200 100828
181.241.78.202 - - [09/Dec/2014:06:23:41 -0500] "GET /galeria/nivo-slider/demo/demo.html HTTP/1.1" 200 3572
207.46.13.38 - - [09/Dec/2014:06:23:43 -0500] "GET /bla/resoluciones/resoluciones%202010/2122.pdf HTTP/1.1" 200 303995
186.154.85.200 - - [09/Dec/2014:06:23:43 -0500] "POST /forms/lservlet;jsessionid=ac16012b30d5dc42fff3b67e4e98b103908af20e5c2a.e3iSbxaKaheRe34Sa3yKbhiTahb0n6jAmljGr5XDqQLvpAe HTTP/1.1" 200 2
157.55.39.104 - - [09/Dec/2014:06:23:47 -0500] "GET /BLA/resoluciones/AUTOS%202012/1884.pdf HTTP/1.1" 200 1039040
188.165.15.231 - - [09/Dec/2014:06:23:52 -0500] "GET /BLA/resoluciones/RESOLUCIONES%202005/RES%202005%202501-2550/00002522.tif HTTP/1.1" 200 130594
157.55.39.191 - - [09/Dec/2014:06:23:53 -0500] "GET /BLA/resoluciones/RESOLUCIONES%202010/2203.pdf HTTP/1.1" 200 526247
157.55.39.191 - - [09/Dec/2014:06:23:53 -0500] "GET /robots.txt HTTP/1.1" 404 1018
207.46.13.38 - - [09/Dec/2014:06:23:57 -0500] "GET /BLA/resoluciones/RESOLUCIONES%202008/2088.pdf HTTP/1.1" 200 47970
181.241.78.202 - - [09/Dec/2014:06:23:57 -0500] "GET /galeria/nivo-slider/demo/images/Jornada-adopcion.jpg HTTP/1.1" 200 79705
181.241.78.202 - - [09/Dec/2014:06:23:57 -0500] "GET /galeria/nivo-slider/demo/images/banner-musgo.jpg HTTP/1.1" 200 49513
181.241.78.202 - - [09/Dec/2014:06:23:58 -0500] "GET /galeria/nivo-slider/demo/images/BogotaSostenible.jpg HTTP/1.1" 200 206863
181.241.78.202 - - [09/Dec/2014:06:23:58 -0500] "GET /galeria/nivo-slider/demo/images/Banner-comparendo.jpg HTTP/1.1" 200 388762
181.241.78.202 - - [09/Dec/2014:06:23:59 -0500] "GET /galeria/nivo-slider/themes/default/default.css HTTP/1.1" 304 -
181.241.78.202 - - [09/Dec/2014:06:23:59 -0500] "GET /galeria/nivo-slider/demo/images/porloshumedales.jpg HTTP/1.1" 200 351238
181.241.78.202 - - [09/Dec/2014:06:24:00 -0500] "GET /galeria/nivo-slider/demo/images/RdaNegociosFiltros.jpg HTTP/1.1" 200 77155
181.241.78.202 - - [09/Dec/2014:06:24:00 -0500] "GET /galeria/nivo-slider/demo/images/Banner-Caracol-Africano.jpg HTTP/1.1" 200 331986
181.241.78.202 - - [09/Dec/2014:06:24:01 -0500] "GET /galeria/nivo-slider/demo/images/banner-redes.jpg HTTP/1.1" 200 62209
181.241.78.202 - - [09/Dec/2014:06:24:01 -0500] "GET /galeria/nivo-slider/demo/images/Banner-GAE3.jpg HTTP/1.1" 200 146354
157.55.39.13 - - [09/Dec/2014:06:24:02 -0500] "GET /bla/resoluciones/resoluciones%202009/1387.pdf HTTP/1.1" 200 1644927
157.55.39.15 - - [09/Dec/2014:06:24:07 -0500] "GET /bla/resoluciones/RESOLUCIONES%202011/1247.pdf HTTP/1.1" 200 421017
157.55.39.15 - - [09/Dec/2014:06:24:07 -0500] "GET /BLA/resoluciones/AUTOS%202009/1722.pdf HTTP/1.1" 200 124265
181.241.78.202 - - [09/Dec/2014:06:24:08 -0500] "GET /galeria/nivo-slider/demo/images/Tingua-azul.jpg HTTP/1.1" 200 307638
157.55.39.104 - - [09/Dec/2014:06:24:13 -0500] "GET /BLA/resoluciones/RESOLUCIONES%202009/1812.pdf HTTP/1.1" 200 417005
181.241.78.202 - - [09/Dec/2014:06:24:19 -0500] "GET /galeria/nivo-slider/demo/images/Biotaxis-Man.jpg HTTP/1.1" 200 99362
157.55.39.192 - - [09/Dec/2014:06:24:22 -0500] "GET /BLA/resoluciones/AUTOS%202010/1279.pdf HTTP/1.1" 200 464777
157.55.39.192 - - [09/Dec/2014:06:24:23 -0500] "GET /BLA/resoluciones/AUTOS%202011/3791.pdf HTTP/1.1" 200 316391
181.241.78.202 - - [09/Dec/2014:06:24:28 -0500] "GET /galeria/nivo-slider/demo/images/4Simple_Slider.png HTTP/1.1" 200 11722
157.55.39.12 - - [09/Dec/2014:06:24:36 -0500] "GET /bla/resoluciones/resoluciones%202009/2380.pdf HTTP/1.1" 200 390851
207.46.13.38 - - [09/Dec/2014:06:24:48 -0500] "GET /BLA/resoluciones/RESOLUCIONES%202011/3333.pdf HTTP/1.1" 200 750476
157.55.39.15 - - [09/Dec/2014:06:24:52 -0500] "GET /BLA/resoluciones/RESOLUCIONES%202012/1587.pdf HTTP/1.1" 200 3493026
157.55.39.104 - - [09/Dec/2014:06:24:57 -0500] "GET /BLA/resoluciones/RESOLUCIONES%202011/2243.pdf HTTP/1.1" 200 772252
157.55.39.15 - - [09/Dec/2014:06:25:02 -0500] "GET /BLA/resoluciones/AUTOS%202009/3193.pdf HTTP/1.1" 200 145611
74.86.158.107 - - [09/Dec/2014:06:25:03 -0500] "HEAD / HTTP/1.1" 302 -
157.55.39.104 - - [09/Dec/2014:06:25:07 -0500] "GET /BLA/resoluciones/AUTOS%202012/1156.pdf HTTP/1.1" 200 170693
2.92.255.47 - - [09/Dec/2014:06:25:08 -0500] "GET /BLA/boletinlegal/js/jquery.js HTTP/1.1" 200 57254
2.92.255.47 - - [09/Dec/2014:06:25:08 -0500] "GET /BLA/boletinlegal/js/jquery.scrollShow.js HTTP/1.1" 200 4586
2.92.255.47 - - [09/Dec/2014:06:25:08 -0500] "GET /BLA/boletinlegal/js/jquery.scrollTo-min.js HTTP/1.1" 200 1150
66.249.75.83 - - [09/Dec/2014:06:25:11 -0500] "GET /BLA/resoluciones/RESOLUCIONES%202002/RES%202002%201501-1550/20021536.tif HTTP/1.1" 200 100406
157.55.39.191 - - [09/Dec/2014:06:25:12 -0500] "GET /BLA/resoluciones/RESOLUCIONES%202009/6805.pdf HTTP/1.1" 200 804499
157.55.39.191 - - [09/Dec/2014:06:25:12 -0500] "GET /BLA/resoluciones/AUTOS%202011/0322.pdf HTTP/1.1" 200 190132
207.46.13.38 - - [09/Dec/2014:06:25:17 -0500] "GET /BLA/resoluciones/Resoluciones%202011/1788.pdf HTTP/1.1" 200 81523
180.76.6.50 - - [09/Dec/2014:06:25:26 -0500] "GET /BLA/resoluciones/AUTOS%202009/3100.pdf HTTP/1.1" 200 146627
180.76.5.23 - - [09/Dec/2014:06:25:26 -0500] "GET /BLA/resoluciones/AUTOS%202009/3100.pdf HTTP/1.1" 200 146627
181.54.57.138 - - [09/Dec/2014:06:25:29 -0500] "POST /forms/lservlet;jsessionid=ac16012b30d536ee128ca8d54f93b81fb84804e7a8a2.e3iSbxaKaheRe34Sa3yKbhiTahb0n6jAmljGr5XDqQLvpAe HTTP/1.1" 200 2
157.55.39.12 - - [09/Dec/2014:06:25:32 -0500] "GET /bla/resoluciones/resoluciones%202010/6086.pdf HTTP/1.1" 200 1914783
157.55.39.12 - - [09/Dec/2014:06:25:34 -0500] "GET /BLA/resoluciones/AUTOS%202011/4769.pdf HTTP/1.1" 200 271441
186.154.85.200 - - [09/Dec/2014:06:25:43 -0500] "POST /forms/lservlet;jsessionid=ac16012b30d5dc42fff3b67e4e98b103908af20e5c2a.e3iSbxaKaheRe34Sa3yKbhiTahb0n6jAmljGr5XDqQLvpAe HTTP/1.1" 200 2
180.76.6.233 - - [09/Dec/2014:06:25:59 -0500] "GET /BLA/resoluciones/RESOLUCIONES%202010/1601.pdf HTTP/1.1" 200 1390644
180.76.6.17 - - [09/Dec/2014:06:25:59 -0500] "GET /BLA/resoluciones/RESOLUCIONES%202010/1601.pdf HTTP/1.1" 200 1390644
66.249.69.95 - - [09/Dec/2014:06:25:21 -0500] "GET /BLA/boletinlegal/index.php HTTP/1.1" 200 49381
66.249.75.67 - - [09/Dec/2014:06:26:01 -0500] "GET /BLA/resoluciones/AUTOS%202013/0041.pdf HTTP/1.1" 304 -
207.46.13.38 - - [09/Dec/2014:06:26:04 -0500] "GET /bla/resoluciones/resoluciones%202010/6345.pdf HTTP/1.1" 200 516841
157.55.39.191 - - [09/Dec/2014:06:26:11 -0500] "GET /bla/resoluciones/resoluciones%202010/0235.pdf HTTP/1.1" 200 646562
157.55.39.191 - - [09/Dec/2014:06:26:12 -0500] "GET /bla/resoluciones/resoluciones%202010/2083.pdf HTTP/1.1" 200 53100
66.249.75.67 - - [09/Dec/2014:06:26:17 -0500] "GET /BLA/resoluciones/AUTOS%202011/3603.pdf HTTP/1.1" 304 -
157.55.39.103 - - [09/Dec/2014:06:26:21 -0500] "GET /BLA/resoluciones/RESOLUCIONES%202011/0431.pdf HTTP/1.1" 200 69833
157.55.39.103 - - [09/Dec/2014:06:26:21 -0500] "GET /bla/resoluciones/resoluciones%202009/1625.pdf HTTP/1.1" 200 513979
157.55.39.16 - - [09/Dec/2014:06:26:25 -0500] "GET /BLA/resoluciones/RESOLUCIONES%202012/1590.pdf HTTP/1.1" 200 503671
157.55.39.13 - - [09/Dec/2014:06:26:30 -0500] "GET /BLA/resoluciones/RESOLUCIONES%202010/2772.pdf HTTP/1.1" 200 497109
157.55.39.13 - - [09/Dec/2014:06:26:30 -0500] "GET /BLA/resoluciones/AUTOS%202011/3773.pdf HTTP/1.1" 200 237299
157.55.39.12 - - [09/Dec/2014:06:26:31 -0500] "GET /BLA/resoluciones/RESOLUCIONES%202010/1315.pdf HTTP/1.1" 200 99513
157.55.39.12 - - [09/Dec/2014:06:26:32 -0500] "GET /BLA/resoluciones/RESOLUCIONES%202007/RES%202007%203401%20AL%203500/RESOLUCION%203401%20DE%202007.pdf HTTP/1.1" 200 569344
207.46.13.38 - - [09/Dec/2014:06:26:35 -0500] "GET /bla/resoluciones/resoluciones%202010/0812.pdf HTTP/1.1" 200 93665
157.55.39.191 - - [09/Dec/2014:06:26:40 -0500] "GET /bla/resoluciones/RESOLUCIONES%202011/1455.pdf HTTP/1.1" 200 523286
157.55.39.191 - - [09/Dec/2014:06:26:40 -0500] "GET /bla/resoluciones/resoluciones%202010/1586.pdf HTTP/1.1" 200 454991
157.55.39.191 - - [09/Dec/2014:06:26:41 -0500] "GET /bla/resoluciones/resoluciones%202009/2097.pdf HTTP/1.1" 200 336288
157.55.39.191 - - [09/Dec/2014:06:26:46 -0500] "GET /bla/resoluciones/resoluciones%202009/2504.pdf HTTP/1.1" 200 213089
157.55.39.15 - - [09/Dec/2014:06:26:51 -0500] "GET /BLA/resoluciones/AUTOS%202010/1365.pdf HTTP/1.1" 200 266013
157.55.39.191 - - [09/Dec/2014:06:27:01 -0500] "GET /BLA/resoluciones/Resoluciones%202011/0355.pdf HTTP/1.1" 200 76603
157.55.39.191 - - [09/Dec/2014:06:27:02 -0500] "GET /bla/resoluciones/resoluciones%202010/0039.pdf HTTP/1.1" 200 542192
157.55.39.191 - - [09/Dec/2014:06:27:02 -0500] "GET /BLA/resoluciones/RESOLUCIONES%202010/2294.pdf HTTP/1.1" 200 665532
157.55.39.104 - - [09/Dec/2014:06:27:06 -0500] "GET /bla/resoluciones/resoluciones%202010/1604.pdf HTTP/1.1" 200 925039
66.249.75.83 - - [09/Dec/2014:06:27:07 -0500] "GET /BLA/resoluciones/RESOLUCIONES%202011/3840.pdf HTTP/1.1" 304 -
180.76.6.132 - - [09/Dec/2014:06:27:10 -0500] "GET /BLA/resoluciones/RESOLUCIONES%202010/1217.pdf HTTP/1.1" 200 150668
157.55.39.192 - - [09/Dec/2014:06:27:13 -0500] "GET /bla/resoluciones/resoluciones%202009/8733.pdf HTTP/1.1" 200 557562
157.55.39.191 - - [09/Dec/2014:06:27:28 -0500] "GET /BLA/resoluciones/RESOLUCIONES%202010/2214.pdf HTTP/1.1" 200 510935
181.54.57.138 - - [09/Dec/2014:06:27:29 -0500] "POST /forms/lservlet;jsessionid=ac16012b30d536ee128ca8d54f93b81fb84804e7a8a2.e3iSbxaKaheRe34Sa3yKbhiTahb0n6jAmljGr5XDqQLvpAe HTTP/1.1" 200 2
157.55.39.15 - - [09/Dec/2014:06:27:32 -0500] "GET /BLA/resoluciones/RESOLUCIONES%202010/5803.pdf HTTP/1.1" 200 910343
157.55.39.191 - - [09/Dec/2014:06:27:37 -0500] "GET /bla/resoluciones/resoluciones%202009/6136.pdf HTTP/1.1" 200 341974
157.55.39.191 - - [09/Dec/2014:06:27:37 -0500] "GET /BLA/resoluciones/RESOLUCIONES%202008/0850.pdf HTTP/1.1" 200 363752
157.55.39.191 - - [09/Dec/2014:06:27:38 -0500] "GET /BLA/resoluciones/RESOLUCIONES%202009/0525.pdf HTTP/1.1" 200 521581
180.76.6.145 - - [09/Dec/2014:06:27:40 -0500] "GET /manual_funciones_Listado/2.1.2.%20Subdireccion%20de%20Proyectos%20y%20Cooperacion%20Internacional/Profesional%20Universitario%20219-05.pdf HTTP/1.1" 404 1018
180.76.6.142 - - [09/Dec/2014:06:27:40 -0500] "GET /manual_funciones_Listado/2.1.2.%20Subdireccion%20de%20Proyectos%20y%20Cooperacion%20Internacional/Profesional%20Universitario%20219-05.pdf HTTP/1.1" 404 1018
186.154.85.200 - - [09/Dec/2014:06:27:43 -0500] "POST /forms/lservlet;jsessionid=ac16012b30d5dc42fff3b67e4e98b103908af20e5c2a.e3iSbxaKaheRe34Sa3yKbhiTahb0n6jAmljGr5XDqQLvpAe HTTP/1.1" 200 2
207.46.13.38 - - [09/Dec/2014:06:27:50 -0500] "GET /bla/resoluciones/resoluciones%202010/1679.pdf HTTP/1.1" 200 284141
157.55.39.15 - - [09/Dec/2014:06:27:54 -0500] "GET /BLA/resoluciones/RESOLUCIONES%202009/1930.pdf HTTP/1.1" 200 567991
66.249.75.83 - - [09/Dec/2014:06:27:57 -0500] "GET /BLA/resoluciones/RESOLUCIONES%202010/1871.pdf HTTP/1.1" 304 -
157.55.39.13 - - [09/Dec/2014:06:27:59 -0500] "GET /BLA/resoluciones/RESOLUCIONES%202009/5134.pdf HTTP/1.1" 200 628102
157.55.39.13 - - [09/Dec/2014:06:28:00 -0500] "GET /BLA/resoluciones/RESOLUCIONES%202011/3687.pdf HTTP/1.1" 200 466118
157.55.39.13 - - [09/Dec/2014:06:28:00 -0500] "GET /BLA/resoluciones/RESOLUCIONES%202010/1445.pdf HTTP/1.1" 200 695021
157.55.39.15 - - [09/Dec/2014:06:28:06 -0500] "GET /bla/resoluciones/RESOLUCIONES%202011/3281.pdf HTTP/1.1" 200 401934
157.55.39.104 - - [09/Dec/2014:06:28:09 -0500] "GET /bla/resoluciones/RESOLUCIONES%202011/2704.pdf HTTP/1.1" 200 624890
157.55.39.104 - - [09/Dec/2014:06:28:11 -0500] "GET /BLA/resoluciones/Resoluciones%202011/0647.pdf HTTP/1.1" 200 342450
157.55.39.192 - - [09/Dec/2014:06:28:15 -0500] "GET /bla/resoluciones/resoluciones%202009/8780.pdf HTTP/1.1" 200 1289117
207.46.13.38 - - [09/Dec/2014:06:28:20 -0500] "GET /BLA/resoluciones/RESOLUCIONES%202012/1347.pdf HTTP/1.1" 200 1280470
157.55.39.16 - - [09/Dec/2014:06:28:21 -0500] "-" 408 -
157.55.39.16 - - [09/Dec/2014:06:28:25 -0500] "GET /BLA/resoluciones/Resoluciones%202011/2246.pdf HTTP/1.1" 200 764664
157.55.39.191 - - [09/Dec/2014:06:28:30 -0500] "GET /bla/resoluciones/resoluciones%202010/0481.pdf HTTP/1.1" 200 103908
157.55.39.191 - - [09/Dec/2014:06:28:30 -0500] "GET /bla/resoluciones/RESOLUCIONES%202011/0591.pdf HTTP/1.1" 200 267996
157.55.39.191 - - [09/Dec/2014:06:28:41 -0500] "GET /BLA/resoluciones/RESOLUCIONES%202010/1325.pdf HTTP/1.1" 200 52760
207.46.13.38 - - [09/Dec/2014:06:28:44 -0500] "GET /BLA/resoluciones/AUTOS%202009/2255.pdf HTTP/1.1" 200 121231
66.249.75.67 - - [09/Dec/2014:06:28:47 -0500] "GET /BLA/resoluciones/AUTOS%202008/0519.pdf HTTP/1.1" 304 -
207.46.13.38 - - [09/Dec/2014:06:28:53 -0500] "GET /BLA/resoluciones/Resoluciones%202011/0603.pdf HTTP/1.1" 200 72915
157.55.39.15 - - [09/Dec/2014:06:29:06 -0500] "GET /BLA/resoluciones/RESOLUCIONES%202009/7379.pdf HTTP/1.1" 200 957527
157.55.39.15 - - [09/Dec/2014:06:29:07 -0500] "GET /BLA/resoluciones/RESOLUCIONES%202011/0438.pdf HTTP/1.1" 200 68589
157.55.39.15 - - [09/Dec/2014:06:29:08 -0500] "GET /bla/resoluciones/resoluciones%202009/0505.pdf HTTP/1.1" 200 16413
188.165.15.132 - - [09/Dec/2014:06:29:10 -0500] "GET /BLA/resoluciones/index.php?dir=RESOLUCIONES%202005/RES%202005%202301-2350/&sort=date&order=asc HTTP/1.1" 200 12369
157.55.39.13 - - [09/Dec/2014:06:29:11 -0500] "GET /BLA/resoluciones/RESOLUCIONES%202011/1734.pdf HTTP/1.1" 200 556492
157.55.39.103 - - [09/Dec/2014:06:29:17 -0500] "GET /BLA/resoluciones/AUTOS%202011/1429.pdf HTTP/1.1" 200 152071
157.55.39.192 - - [09/Dec/2014:06:29:22 -0500] "GET /BLA/resoluciones/AUTOS%202012/0919.pdf HTTP/1.1" 200 172711
157.55.39.192 - - [09/Dec/2014:06:29:22 -0500] "GET /bla/resoluciones/resoluciones%202009/8689.pdf HTTP/1.1" 200 519266
181.54.57.138 - - [09/Dec/2014:06:29:29 -0500] "POST /forms/lservlet;jsessionid=ac16012b30d536ee128ca8d54f93b81fb84804e7a8a2.e3iSbxaKaheRe34Sa3yKbhiTahb0n6jAmljGr5XDqQLvpAe HTTP/1.1" 200 2
157.55.39.16 - - [09/Dec/2014:06:29:30 -0500] "GET /bla/resoluciones/resoluciones%202009/7741.pdf HTTP/1.1" 200 527628
207.46.13.38 - - [09/Dec/2014:06:29:34 -0500] "GET /bla/resoluciones/resoluciones%202009/4380.pdf HTTP/1.1" 200 262613
157.55.39.103 - - [09/Dec/2014:06:29:40 -0500] "GET /BLA/resoluciones/AUTOS%202010/5213.pdf HTTP/1.1" 200 156771
66.249.75.51 - - [09/Dec/2014:06:29:45 -0500] "GET /autoliquidacion/TR%C3%81MITES%20VERTIMIENTOS/PERMISOS%20DE%20VERTIMIENTOS/ANEXO%20%205.%20%20MATRIZ%20PAR%C3%81METRSO%20ACTIVDADES%20PRODUCTIVAS.xls HTTP/1.1" 304 -
157.55.39.15 - - [09/Dec/2014:06:29:46 -0500] "GET /BLA/resoluciones/RESOLUCIONES%202010/5892.pdf HTTP/1.1" 200 199486
157.55.39.104 - - [09/Dec/2014:06:29:51 -0500] "GET /BLA/resoluciones/RESOLUCIONES%202011/3405.pdf HTTP/1.1" 200 600892
157.55.39.104 - - [09/Dec/2014:06:29:51 -0500] "GET /BLA/resoluciones/RESOLUCIONES%202009/3559.pdf HTTP/1.1" 200 646137
181.60.187.103 - - [09/Dec/2014:06:29:59 -0500] "GET /BLA/boletinlegal/js/jquery.js HTTP/1.1" 200 57254
181.60.187.103 - - [09/Dec/2014:06:29:59 -0500] "GET /BLA/boletinlegal/js/jquery.scrollTo-min.js HTTP/1.1" 200 1150
181.60.187.103 - - [09/Dec/2014:06:29:59 -0500] "GET /BLA/boletinlegal/js/jquery.scrollShow.js HTTP/1.1" 200 4586
207.46.13.38 - - [09/Dec/2014:06:30:03 -0500] "GET /galeria/bibloteca/contentflow.js HTTP/1.1" 200 42804
74.86.158.107 - - [09/Dec/2014:06:30:03 -0500] "HEAD / HTTP/1.1" 302 -
157.55.39.13 - - [09/Dec/2014:06:30:07 -0500] "GET /BLA/resoluciones/AUTOS%202011/1754.pdf HTTP/1.1" 200 90520
157.55.39.15 - - [09/Dec/2014:06:30:12 -0500] "GET /BLA/resoluciones/RESOLUCIONES%202011/0157.pdf HTTP/1.1" 200 275643
157.55.39.103 - - [09/Dec/2014:06:30:18 -0500] "GET /BLA/resoluciones/RESOLUCIONES%202009/1114.pdf HTTP/1.1" 200 333436
157.55.39.13 - - [09/Dec/2014:06:30:22 -0500] "GET /BLA/resoluciones/RESOLUCIONES%202008/0475.pdf HTTP/1.1" 200 239437
157.55.39.12 - - [09/Dec/2014:06:30:39 -0500] "GET /BLA/resoluciones/RESOLUCIONES%202009/0157.pdf HTTP/1.1" 200 267397
157.55.39.12 - - [09/Dec/2014:06:30:40 -0500] "GET /BLA/resoluciones/Resoluciones%202011/0337.pdf HTTP/1.1" 200 70683
157.55.39.15 - - [09/Dec/2014:06:30:44 -0500] "GET /bla/resoluciones/resoluciones%202010/1416.pdf HTTP/1.1" 200 522919
157.55.39.15 - - [09/Dec/2014:06:30:45 -0500] "GET /bla/resoluciones/resoluciones%202009/8459.pdf HTTP/1.1" 200 47338
157.55.39.12 - - [09/Dec/2014:06:30:49 -0500] "GET /BLA/resoluciones/RESOLUCIONES%202010/0852.pdf HTTP/1.1" 200 122210
207.46.13.38 - - [09/Dec/2014:06:30:54 -0500] "GET /BLA/resoluciones/RESOLUCIONES%202011/2174.pdf HTTP/1.1" 200 498888
157.55.39.13 - - [09/Dec/2014:06:30:59 -0500] "GET /BLA/resoluciones/AUTOS%202011/3987.pdf HTTP/1.1" 200 134538
157.55.39.15 - - [09/Dec/2014:06:31:04 -0500] "GET /bla/resoluciones/RESOLUCIONES%202011/2333.pdf HTTP/1.1" 200 222055
180.76.6.48 - - [09/Dec/2014:06:31:07 -0500] "GET /BLA/resoluciones/RESOLUCIONES%202011/4787.pdf HTTP/1.1" 200 613360
180.76.5.190 - - [09/Dec/2014:06:31:07 -0500] "GET /BLA/resoluciones/RESOLUCIONES%202011/4787.pdf HTTP/1.1" 200 613360
207.46.13.38 - - [09/Dec/2014:06:31:09 -0500] "GET /BLA/resoluciones/AUTOS%202010/1079.pdf HTTP/1.1" 200 181809
157.55.39.15 - - [09/Dec/2014:06:31:14 -0500] "GET /BLA/resoluciones/AUTOS%202010/5585.pdf HTTP/1.1" 200 548936
180.76.5.147 - - [09/Dec/2014:06:31:18 -0500] "GET /manual_funciones_Listado/2.5.%20Direcci%C3%B3n%20de%20Gesti%C3%B3n%20Corporativa/Auxiliar%20Administrativo%20407-27%20(Archivo).pdf HTTP/1.1" 404 1018
180.76.6.225 - - [09/Dec/2014:06:31:18 -0500] "GET /manual_funciones_Listado/2.5.%20Direcci%C3%B3n%20de%20Gesti%C3%B3n%20Corporativa/Auxiliar%20Administrativo%20407-27%20(Archivo).pdf HTTP/1.1" 404 1018
157.55.39.13 - - [09/Dec/2014:06:31:19 -0500] "GET /bla/resoluciones/resoluciones%202009/7882.pdf HTTP/1.1" 200 438774
157.55.39.103 - - [09/Dec/2014:06:31:24 -0500] "GET /bla/resoluciones/resoluciones%202009/1933.pdf HTTP/1.1" 200 403322
157.55.39.103 - - [09/Dec/2014:06:31:26 -0500] "GET /BLA/resoluciones/Resoluciones%202011/0665.pdf HTTP/1.1" 200 70821
181.54.57.138 - - [09/Dec/2014:06:31:29 -0500] "POST /forms/lservlet;jsessionid=ac16012b30d536ee128ca8d54f93b81fb84804e7a8a2.e3iSbxaKaheRe34Sa3yKbhiTahb0n6jAmljGr5XDqQLvpAe HTTP/1.1" 200 2
207.46.13.38 - - [09/Dec/2014:06:31:30 -0500] "GET /bla/resoluciones/resoluciones%202010/0175.pdf HTTP/1.1" 200 722536
207.46.13.38 - - [09/Dec/2014:06:31:31 -0500] "GET /BLA/resoluciones/RESOLUCIONES%202008/1845.pdf HTTP/1.1" 200 293294
157.55.39.12 - - [09/Dec/2014:06:31:37 -0500] "GET /bla/resoluciones/resoluciones%202010/6879.pdf HTTP/1.1" 200 154519
207.46.13.38 - - [09/Dec/2014:06:31:45 -0500] "GET /BLA/resoluciones/RESOLUCIONES%202011/1309.pdf HTTP/1.1" 200 77177
201.245.192.253 - - [09/Dec/2014:06:31:48 -0500] "GET /isolucionsda/FrameSetGeneral.asp?Pagina1=FrameSetGeneral.asp& HTTP/1.1" 200 146
66.249.75.67 - - [09/Dec/2014:06:31:53 -0500] "GET /BLA/resoluciones/RESOLUCIONES%202010/6533.pdf HTTP/1.1" 200 83606
207.46.13.38 - - [09/Dec/2014:06:31:55 -0500] "GET /BLA/resoluciones/Resoluciones%202011/1846.pdf HTTP/1.1" 200 514006
201.245.192.253 - - [09/Dec/2014:06:31:55 -0500] "GET /isolucionsda/IdentificaUsuario.asp?Pagina1=FrameSetGeneral.asp& HTTP/1.1" 200 1250
181.54.57.138 - - [09/Dec/2014:06:31:57 -0500] "POST /forms/lservlet;jsessionid=ac16012b30d536ee128ca8d54f93b81fb84804e7a8a2.e3iSbxaKaheRe34Sa3yKbhiTahb0n6jAmljGr5XDqQLvpAe HTTP/1.1" 200 63
181.54.57.138 - - [09/Dec/2014:06:31:58 -0500] "POST /forms/lservlet;jsessionid=ac16012b30d536ee128ca8d54f93b81fb84804e7a8a2.e3iSbxaKaheRe34Sa3yKbhiTahb0n6jAmljGr5XDqQLvpAe HTTP/1.1" 200 2
181.54.57.138 - - [09/Dec/2014:06:31:58 -0500] "POST /forms/lservlet;jsessionid=ac16012b30d536ee128ca8d54f93b81fb84804e7a8a2.e3iSbxaKaheRe34Sa3yKbhiTahb0n6jAmljGr5XDqQLvpAe HTTP/1.1" 200 2356
181.54.57.138 - - [09/Dec/2014:06:31:58 -0500] "POST /forms/lservlet;jsessionid=ac16012b30d536ee128ca8d54f93b81fb84804e7a8a2.e3iSbxaKaheRe34Sa3yKbhiTahb0n6jAmljGr5XDqQLvpAe HTTP/1.1" 200 10
157.55.39.15 - - [09/Dec/2014:06:31:59 -0500] "GET /bla/resoluciones/RESOLUCIONES%202011/2998.pdf HTTP/1.1" 200 487903
181.54.57.138 - - [09/Dec/2014:06:32:02 -0500] "POST /forms/lservlet;jsessionid=ac16012b30d536ee128ca8d54f93b81fb84804e7a8a2.e3iSbxaKaheRe34Sa3yKbhiTahb0n6jAmljGr5XDqQLvpAe HTTP/1.1" 200 24
181.54.57.138 - - [09/Dec/2014:06:32:02 -0500] "POST /forms/lservlet;jsessionid=ac16012b30d536ee128ca8d54f93b81fb84804e7a8a2.e3iSbxaKaheRe34Sa3yKbhiTahb0n6jAmljGr5XDqQLvpAe HTTP/1.1" 200 3968
181.54.57.138 - - [09/Dec/2014:06:32:03 -0500] "POST /forms/lservlet;jsessionid=ac16012b30d536ee128ca8d54f93b81fb84804e7a8a2.e3iSbxaKaheRe34Sa3yKbhiTahb0n6jAmljGr5XDqQLvpAe HTTP/1.1" 200 2
157.55.39.13 - - [09/Dec/2014:06:32:04 -0500] "GET /BLA/resoluciones/RESOLUCIONES%202011/1273.pdf HTTP/1.1" 200 363899
157.55.39.13 - - [09/Dec/2014:06:32:05 -0500] "GET /BLA/resoluciones/AUTOS%202011/0146.pdf HTTP/1.1" 200 2920
201.245.192.253 - - [09/Dec/2014:06:32:08 -0500] "GET /BLA/boletinlegal/js/jquery.js HTTP/1.1" 304 -
201.245.192.253 - - [09/Dec/2014:06:32:08 -0500] "GET /BLA/boletinlegal/js/jquery.scrollTo-min.js HTTP/1.1" 304 -
201.245.192.253 - - [09/Dec/2014:06:32:08 -0500] "GET /BLA/boletinlegal/js/jquery.scrollShow.js HTTP/1.1" 304 -
201.245.192.253 - - [09/Dec/2014:06:32:08 -0500] "GET /galeria/nivo-slider/demo/demo.html HTTP/1.1" 304 -
201.245.192.253 - - [09/Dec/2014:06:32:08 -0500] "GET /galeria/nivo-slider/themes/orman/orman.css HTTP/1.1" 304 -
201.245.192.253 - - [09/Dec/2014:06:32:08 -0500] "GET /galeria/nivo-slider/demo/style.css HTTP/1.1" 304 -
201.245.192.253 - - [09/Dec/2014:06:32:08 -0500] "GET /galeria/nivo-slider/themes/default/default.css HTTP/1.1" 304 -
201.245.192.253 - - [09/Dec/2014:06:32:08 -0500] "GET /galeria/nivo-slider/themes/pascal/pascal.css HTTP/1.1" 304 -
201.245.192.253 - - [09/Dec/2014:06:32:08 -0500] "GET /galeria/nivo-slider/nivo-slider.css HTTP/1.1" 304 -
201.245.192.253 - - [09/Dec/2014:06:32:08 -0500] "GET /galeria/nivo-slider/demo/scripts/jquery-1.7.1.min.js HTTP/1.1" 304 -
201.245.192.253 - - [09/Dec/2014:06:32:08 -0500] "GET /galeria/nivo-slider/jquery.nivo.slider.pack.js HTTP/1.1" 304 -
201.245.192.253 - - [09/Dec/2014:06:32:08 -0500] "GET /galeria/nivo-slider/demo/images/banner-musgo.jpg HTTP/1.1" 304 -
201.245.192.253 - - [09/Dec/2014:06:32:08 -0500] "GET /galeria/nivo-slider/demo/images/RdaNegociosFiltros.jpg HTTP/1.1" 304 -
201.245.192.253 - - [09/Dec/2014:06:32:08 -0500] "GET /galeria/nivo-slider/demo/images/Jornada-adopcion.jpg HTTP/1.1" 304 -
201.245.192.253 - - [09/Dec/2014:06:32:08 -0500] "GET /galeria/nivo-slider/demo/images/BogotaSostenible.jpg HTTP/1.1" 304 -
201.245.192.253 - - [09/Dec/2014:06:32:08 -0500] "GET /galeria/nivo-slider/demo/images/Banner-GAE3.jpg HTTP/1.1" 304 -
201.245.192.253 - - [09/Dec/2014:06:32:08 -0500] "GET /galeria/nivo-slider/demo/images/Biotaxis-Man.jpg HTTP/1.1" 304 -
201.245.192.253 - - [09/Dec/2014:06:32:08 -0500] "GET /galeria/nivo-slider/demo/images/Banner-comparendo.jpg HTTP/1.1" 304 -
201.245.192.253 - - [09/Dec/2014:06:32:08 -0500] "GET /galeria/nivo-slider/themes/default/loading.gif HTTP/1.1" 304 -
201.245.192.253 - - [09/Dec/2014:06:32:08 -0500] "GET /galeria/nivo-slider/demo/images/4Simple_Slider.png HTTP/1.1" 304 -
201.245.192.253 - - [09/Dec/2014:06:32:08 -0500] "GET /galeria/nivo-slider/demo/images/porloshumedales.jpg HTTP/1.1" 304 -
201.245.192.253 - - [09/Dec/2014:06:32:08 -0500] "GET /galeria/nivo-slider/demo/images/Tingua-azul.jpg HTTP/1.1" 304 -
201.245.192.253 - - [09/Dec/2014:06:32:08 -0500] "GET /galeria/nivo-slider/demo/images/Banner-Caracol-Africano.jpg HTTP/1.1" 304 -
201.245.192.253 - - [09/Dec/2014:06:32:08 -0500] "GET /galeria/nivo-slider/demo/images/banner-redes.jpg HTTP/1.1" 304 -
201.245.192.253 - - [09/Dec/2014:06:32:08 -0500] "GET /galeria/nivo-slider/demo/images/9Signos.jpg HTTP/1.1" 304 -
201.245.192.253 - - [09/Dec/2014:06:32:08 -0500] "GET /galeria/nivo-slider/demo/images/banner-caballos.png HTTP/1.1" 304 -
201.245.192.253 - - [09/Dec/2014:06:32:09 -0500] "GET /galeria/nivo-slider/demo/images/Hacienda_Molinos.jpg HTTP/1.1" 304 -
201.245.192.253 - - [09/Dec/2014:06:32:09 -0500] "GET /galeria/nivo-slider/demo/images/bannerEcolecta3.jpg HTTP/1.1" 304 -
157.55.39.104 - - [09/Dec/2014:06:32:10 -0500] "GET /BLA/resoluciones/RESOLUCIONES%202008/2354.pdf HTTP/1.1" 200 344123
180.76.5.95 - - [09/Dec/2014:06:32:14 -0500] "GET /BLA/resoluciones/RESOLUCIONES%202010/0096.pdf HTTP/1.1" 200 506267
157.55.39.16 - - [09/Dec/2014:06:32:14 -0500] "GET /bla/resoluciones/resoluciones%202010/0700.pdf HTTP/1.1" 200 104370
190.71.165.14 - - [09/Dec/2014:06:32:32 -0500] "GET /BLA/boletinlegal/js/jquery.js HTTP/1.1" 200 57254
190.71.165.14 - - [09/Dec/2014:06:32:32 -0500] "GET /BLA/boletinlegal/js/jquery.scrollShow.js HTTP/1.1" 200 4586
190.71.165.14 - - [09/Dec/2014:06:32:32 -0500] "GET /BLA/boletinlegal/js/jquery.scrollTo-min.js HTTP/1.1" 200 1150
157.55.39.15 - - [09/Dec/2014:06:32:42 -0500] "GET /BLA/resoluciones/RESOLUCIONES%202008/2245.pdf HTTP/1.1" 200 197351
207.46.13.38 - - [09/Dec/2014:06:32:46 -0500] "GET /bla/resoluciones/resoluciones%202009/9644.pdf HTTP/1.1" 200 666256
207.46.13.38 - - [09/Dec/2014:06:32:48 -0500] "GET /BLA/resoluciones/RESOLUCIONES%202009/6224.pdf HTTP/1.1" 200 1134917
180.76.6.20 - - [09/Dec/2014:06:32:50 -0500] "GET /BLA/resoluciones/RESOLUCIONES%202007/RES%202007%201501%20AL%201600/RESOLUCION%201518%20DE%202007.pdf HTTP/1.1" 200 563955
180.76.6.47 - - [09/Dec/2014:06:32:50 -0500] "GET /BLA/resoluciones/RESOLUCIONES%202007/RES%202007%201501%20AL%201600/RESOLUCION%201518%20DE%202007.pdf HTTP/1.1" 200 563955
157.55.39.191 - - [09/Dec/2014:06:32:51 -0500] "GET /bla/resoluciones/resoluciones%202010/0805.pdf HTTP/1.1" 200 110310
157.55.39.13 - - [09/Dec/2014:06:32:56 -0500] "GET /bla/resoluciones/resoluciones%202010/6198.pdf HTTP/1.1" 200 665376
157.55.39.13 - - [09/Dec/2014:06:32:57 -0500] "GET /bla/resoluciones/RESOLUCIONES%202011/0467.pdf HTTP/1.1" 200 236622
66.249.75.83 - - [09/Dec/2014:06:33:02 -0500] "GET /BLA/resoluciones/AUTOS%202011/3778.pdf HTTP/1.1" 304 -
157.55.39.104 - - [09/Dec/2014:06:33:05 -0500] "GET /bla/resoluciones/RESOLUCIONES%202011/0450.pdf HTTP/1.1" 200 67071
157.55.39.104 - - [09/Dec/2014:06:33:05 -0500] "GET /BLA/resoluciones/RESOLUCIONES%202012/1453.pdf HTTP/1.1" 200 1047977
157.55.39.104 - - [09/Dec/2014:06:33:05 -0500] "GET /bla/resoluciones/resoluciones%202009/1836.pdf HTTP/1.1" 200 505189
157.55.39.104 - - [09/Dec/2014:06:33:06 -0500] "GET /BLA/resoluciones/AUTOS%202011/2783.pdf HTTP/1.1" 200 157413
157.55.39.104 - - [09/Dec/2014:06:33:10 -0500] "GET /BLA/resoluciones/AUTOS%202010/5462.pdf HTTP/1.1" 200 782401
157.55.39.104 - - [09/Dec/2014:06:33:11 -0500] "GET /bla/resoluciones/resoluciones%202009/8771.pdf HTTP/1.1" 200 1431087
157.55.39.191 - - [09/Dec/2014:06:33:11 -0500] "GET /bla/resoluciones/resoluciones%202010/1427.pdf HTTP/1.1" 200 658365
157.55.39.191 - - [09/Dec/2014:06:33:11 -0500] "GET /BLA/resoluciones/AUTOS%202012/1584.pdf HTTP/1.1" 200 2145898
157.55.39.191 - - [09/Dec/2014:06:33:12 -0500] "GET /BLA/resoluciones/RESOLUCIONES%202008/2160.pdf HTTP/1.1" 200 357703
207.46.13.38 - - [09/Dec/2014:06:33:16 -0500] "GET /BLA/resoluciones/RESOLUCIONES%202009/6769.pdf HTTP/1.1" 200 670606
207.46.13.38 - - [09/Dec/2014:06:33:16 -0500] "GET /BLA/resoluciones/RESOLUCIONES%202010/1614.pdf HTTP/1.1" 200 818308
207.46.13.38 - - [09/Dec/2014:06:33:18 -0500] "GET /bla/resoluciones/resoluciones%202009/8272.pdf HTTP/1.1" 200 655958
188.165.15.55 - - [09/Dec/2014:06:33:19 -0500] "GET /BLA/resoluciones/RESOLUCIONES%202006/RES%202006%202351-2400/00002362.tif HTTP/1.1" 200 36848
157.55.39.13 - - [09/Dec/2014:06:33:21 -0500] "GET /BLA/resoluciones/RESOLUCIONES%202009/6766.pdf HTTP/1.1" 200 679284
157.55.39.191 - - [09/Dec/2014:06:33:26 -0500] "GET /BLA/resoluciones/AUTOS%202009/1935.pdf HTTP/1.1" 200 181356
181.54.57.138 - - [09/Dec/2014:06:33:30 -0500] "POST /forms/lservlet;jsessionid=ac16012b30d536ee128ca8d54f93b81fb84804e7a8a2.e3iSbxaKaheRe34Sa3yKbhiTahb0n6jAmljGr5XDqQLvpAe HTTP/1.1" 200 2
207.46.13.38 - - [09/Dec/2014:06:33:31 -0500] "GET /BLA/resoluciones/AUTOS%202009/3275.pdf HTTP/1.1" 200 101185
