181.54.57.138 - - [09/Dec/2014:05:27:11 -0500] "POST /forms/lservlet;jsessionid=ac16012b30d536ee128ca8d54f93b81fb84804e7a8a2.e3iSbxaKaheRe34Sa3yKbhiTahb0n6jAmljGr5XDqQLvpAe HTTP/1.1" 200 192
181.54.57.138 - - [09/Dec/2014:05:27:12 -0500] "POST /forms/lservlet;jsessionid=ac16012b30d536ee128ca8d54f93b81fb84804e7a8a2.e3iSbxaKaheRe34Sa3yKbhiTahb0n6jAmljGr5XDqQLvpAe HTTP/1.1" 200 130
181.54.57.138 - - [09/Dec/2014:05:27:12 -0500] "POST /forms/lservlet;jsessionid=ac16012b30d536ee128ca8d54f93b81fb84804e7a8a2.e3iSbxaKaheRe34Sa3yKbhiTahb0n6jAmljGr5XDqQLvpAe HTTP/1.1" 200 7
181.54.57.138 - - [09/Dec/2014:05:27:16 -0500] "POST /forms/lservlet;jsessionid=ac16012b30d536ee128ca8d54f93b81fb84804e7a8a2.e3iSbxaKaheRe34Sa3yKbhiTahb0n6jAmljGr5XDqQLvpAe HTTP/1.1" 200 7
186.29.5.129 - - [09/Dec/2014:05:27:21 -0500] "POST /stormWeb/login.do HTTP/1.1" 200 12115
181.54.57.138 - - [09/Dec/2014:05:27:24 -0500] "POST /forms/lservlet;jsessionid=ac16012b30d536ee128ca8d54f93b81fb84804e7a8a2.e3iSbxaKaheRe34Sa3yKbhiTahb0n6jAmljGr5XDqQLvpAe HTTP/1.1" 200 191
181.54.57.138 - - [09/Dec/2014:05:27:24 -0500] "GET /imagenes/listval.gif HTTP/1.1" 200 905
181.54.57.138 - - [09/Dec/2014:05:27:24 -0500] "POST /forms/lservlet;jsessionid=ac16012b30d536ee128ca8d54f93b81fb84804e7a8a2.e3iSbxaKaheRe34Sa3yKbhiTahb0n6jAmljGr5XDqQLvpAe HTTP/1.1" 200 7
186.29.5.129 - - [09/Dec/2014:05:27:25 -0500] "POST /stormWeb/login.do HTTP/1.1" 200 12115
181.54.57.138 - - [09/Dec/2014:05:27:27 -0500] "POST /forms/lservlet;jsessionid=ac16012b30d536ee128ca8d54f93b81fb84804e7a8a2.e3iSbxaKaheRe34Sa3yKbhiTahb0n6jAmljGr5XDqQLvpAe HTTP/1.1" 200 99
181.54.57.138 - - [09/Dec/2014:05:27:27 -0500] "POST /forms/lservlet;jsessionid=ac16012b30d536ee128ca8d54f93b81fb84804e7a8a2.e3iSbxaKaheRe34Sa3yKbhiTahb0n6jAmljGr5XDqQLvpAe HTTP/1.1" 200 2
181.54.57.138 - - [09/Dec/2014:05:27:27 -0500] "POST /forms/lservlet;jsessionid=ac16012b30d536ee128ca8d54f93b81fb84804e7a8a2.e3iSbxaKaheRe34Sa3yKbhiTahb0n6jAmljGr5XDqQLvpAe HTTP/1.1" 200 2
181.54.57.138 - - [09/Dec/2014:05:27:28 -0500] "POST /forms/lservlet;jsessionid=ac16012b30d536ee128ca8d54f93b81fb84804e7a8a2.e3iSbxaKaheRe34Sa3yKbhiTahb0n6jAmljGr5XDqQLvpAe HTTP/1.1" 200 120
181.54.57.138 - - [09/Dec/2014:05:27:29 -0500] "POST /forms/lservlet;jsessionid=ac16012b30d536ee128ca8d54f93b81fb84804e7a8a2.e3iSbxaKaheRe34Sa3yKbhiTahb0n6jAmljGr5XDqQLvpAe HTTP/1.1" 200 7
181.54.57.138 - - [09/Dec/2014:05:27:30 -0500] "POST /forms/lservlet;jsessionid=ac16012b30d536ee128ca8d54f93b81fb84804e7a8a2.e3iSbxaKaheRe34Sa3yKbhiTahb0n6jAmljGr5XDqQLvpAe HTTP/1.1" 200 177
181.54.57.138 - - [09/Dec/2014:05:27:30 -0500] "GET /imagenes/listval.gif HTTP/1.1" 200 905
181.54.57.138 - - [09/Dec/2014:05:27:30 -0500] "POST /forms/lservlet;jsessionid=ac16012b30d536ee128ca8d54f93b81fb84804e7a8a2.e3iSbxaKaheRe34Sa3yKbhiTahb0n6jAmljGr5XDqQLvpAe HTTP/1.1" 200 11
157.55.39.103 - - [09/Dec/2014:05:27:30 -0500] "GET /bla/resoluciones/resoluciones%202010/6101.pdf HTTP/1.1" 200 661681
186.29.5.129 - - [09/Dec/2014:05:27:31 -0500] "POST /stormWeb/login.do HTTP/1.1" 200 12115
181.54.57.138 - - [09/Dec/2014:05:27:32 -0500] "POST /forms/lservlet;jsessionid=ac16012b30d536ee128ca8d54f93b81fb84804e7a8a2.e3iSbxaKaheRe34Sa3yKbhiTahb0n6jAmljGr5XDqQLvpAe HTTP/1.1" 200 7
186.29.5.129 - - [09/Dec/2014:05:27:36 -0500] "POST /stormWeb/login.do HTTP/1.1" 200 12119
66.249.75.67 - - [09/Dec/2014:05:27:37 -0500] "GET /BLA/resoluciones/RESOLUCIONES%202010/4229.pdf HTTP/1.1" 304 -
186.154.85.200 - - [09/Dec/2014:05:27:38 -0500] "POST /forms/lservlet;jsessionid=ac16012b30d5dc42fff3b67e4e98b103908af20e5c2a.e3iSbxaKaheRe34Sa3yKbhiTahb0n6jAmljGr5XDqQLvpAe HTTP/1.1" 200 2
123.125.71.108 - - [09/Dec/2014:05:27:40 -0500] "GET /BLA/resoluciones/RESOLUCIONES%25202010/4486.pdf HTTP/1.1" 404 1018
207.46.13.38 - - [09/Dec/2014:05:27:48 -0500] "GET /BLA/resoluciones/AUTOS%202011/3947.pdf HTTP/1.1" 200 230681
186.29.5.129 - - [09/Dec/2014:05:28:00 -0500] "POST /stormWeb/login.do HTTP/1.1" 200 12115
181.54.57.138 - - [09/Dec/2014:05:28:05 -0500] "POST /forms/lservlet;jsessionid=ac16012b30d536ee128ca8d54f93b81fb84804e7a8a2.e3iSbxaKaheRe34Sa3yKbhiTahb0n6jAmljGr5XDqQLvpAe HTTP/1.1" 200 163
186.29.5.129 - - [09/Dec/2014:05:28:08 -0500] "POST /stormWeb/login.do HTTP/1.1" 200 12115
186.154.85.200 - - [09/Dec/2014:05:28:08 -0500] "POST /forms/lservlet;jsessionid=ac16012b30d5dc42fff3b67e4e98b103908af20e5c2a.e3iSbxaKaheRe34Sa3yKbhiTahb0n6jAmljGr5XDqQLvpAe HTTP/1.1" 200 109
181.54.57.138 - - [09/Dec/2014:05:28:20 -0500] "POST /forms/lservlet;jsessionid=ac16012b30d536ee128ca8d54f93b81fb84804e7a8a2.e3iSbxaKaheRe34Sa3yKbhiTahb0n6jAmljGr5XDqQLvpAe HTTP/1.1" 200 91
181.54.57.138 - - [09/Dec/2014:05:28:20 -0500] "POST /forms/lservlet;jsessionid=ac16012b30d536ee128ca8d54f93b81fb84804e7a8a2.e3iSbxaKaheRe34Sa3yKbhiTahb0n6jAmljGr5XDqQLvpAe HTTP/1.1" 200 8
181.54.57.138 - - [09/Dec/2014:05:28:20 -0500] "POST /forms/lservlet;jsessionid=ac16012b30d536ee128ca8d54f93b81fb84804e7a8a2.e3iSbxaKaheRe34Sa3yKbhiTahb0n6jAmljGr5XDqQLvpAe HTTP/1.1" 200 2
66.249.75.51 - - [09/Dec/2014:05:28:21 -0500] "GET /BLA/resoluciones/RESOLUCIONES%202004/RES%202004%201801-1850/00001844.tif HTTP/1.1" 200 155208
157.55.39.13 - - [09/Dec/2014:05:28:24 -0500] "GET /BLA/resoluciones/AUTOS%202012/1647.pdf HTTP/1.1" 200 394658
66.249.75.67 - - [09/Dec/2014:05:28:27 -0500] "GET /BLA/resoluciones/RESOLUCIONES%202007/RES%202007%20501%20AL%20600/RESOLUCION%200559%20DE%202007.pdf HTTP/1.1" 200 1160006
191.102.120.29 - - [09/Dec/2014:05:28:29 -0500] "GET /BLA/boletinlegal/js/jquery.js HTTP/1.1" 200 57254
191.102.120.29 - - [09/Dec/2014:05:28:29 -0500] "GET /BLA/boletinlegal/js/jquery.scrollTo-min.js HTTP/1.1" 200 1150
191.102.120.29 - - [09/Dec/2014:05:28:29 -0500] "GET /BLA/boletinlegal/js/jquery.scrollShow.js HTTP/1.1" 200 4586
157.55.39.12 - - [09/Dec/2014:05:28:39 -0500] "GET /BLA/resoluciones/RESOLUCIONES%202009/1728.pdf HTTP/1.1" 200 721167
157.55.39.103 - - [09/Dec/2014:05:28:43 -0500] "GET /BLA/resoluciones/RESOLUCIONES%202010/2065.pdf HTTP/1.1" 200 195611
157.55.39.103 - - [09/Dec/2014:05:28:43 -0500] "GET /bla/resoluciones/resoluciones%202010/2138.pdf HTTP/1.1" 200 777054
157.55.39.103 - - [09/Dec/2014:05:28:43 -0500] "GET /bla/resoluciones/resoluciones%202010/0163.pdf HTTP/1.1" 200 371671
157.55.39.104 - - [09/Dec/2014:05:28:45 -0500] "GET /BLA/resoluciones/RESOLUCIONES%202009/0950.pdf HTTP/1.1" 200 653344
186.29.5.129 - - [09/Dec/2014:05:28:47 -0500] "POST /stormWeb/login.do HTTP/1.1" 200 12109
207.46.13.38 - - [09/Dec/2014:05:28:48 -0500] "GET /BLA/resoluciones/Resoluciones%202011/1407.pdf HTTP/1.1" 200 73857
186.29.5.129 - - [09/Dec/2014:05:28:52 -0500] "POST /stormWeb/login.do HTTP/1.1" 200 12115
157.55.39.12 - - [09/Dec/2014:05:28:54 -0500] "GET /bla/resoluciones/resoluciones%202010/0753.pdf HTTP/1.1" 200 379544
157.55.39.12 - - [09/Dec/2014:05:28:54 -0500] "GET /BLA/resoluciones/RESOLUCIONES%202008/0675.pdf HTTP/1.1" 200 58330
186.29.5.129 - - [09/Dec/2014:05:29:03 -0500] "POST /stormWeb/login.do HTTP/1.1" 200 12115
157.55.39.13 - - [09/Dec/2014:05:29:15 -0500] "GET /BLA/resoluciones/RESOLUCIONES%202008/1318.pdf HTTP/1.1" 200 617995
157.55.39.13 - - [09/Dec/2014:05:29:15 -0500] "GET /bla/resoluciones/RESOLUCIONES%202011/1352.pdf HTTP/1.1" 200 67407
186.29.5.129 - - [09/Dec/2014:05:29:17 -0500] "POST /stormWeb/login.do HTTP/1.1" 200 12109
207.46.13.38 - - [09/Dec/2014:05:29:19 -0500] "GET /BLA/resoluciones/RESOLUCIONES%202011/3787.pdf HTTP/1.1" 200 538737
186.29.5.129 - - [09/Dec/2014:05:29:21 -0500] "POST /stormWeb/login.do HTTP/1.1" 200 12109
207.46.13.38 - - [09/Dec/2014:05:29:24 -0500] "GET /bla/resoluciones/resoluciones%202009/9006.pdf HTTP/1.1" 200 298525
181.54.57.138 - - [09/Dec/2014:05:29:27 -0500] "POST /forms/lservlet;jsessionid=ac16012b30d536ee128ca8d54f93b81fb84804e7a8a2.e3iSbxaKaheRe34Sa3yKbhiTahb0n6jAmljGr5XDqQLvpAe HTTP/1.1" 200 2
66.249.75.83 - - [09/Dec/2014:05:29:33 -0500] "GET /BLA/resoluciones/RESOLUCIONES%202007/RES%202007%203001%20AL%203100/RESOLUCION%203002%20DE%202007.pdf HTTP/1.1" 304 -
186.154.85.200 - - [09/Dec/2014:05:29:38 -0500] "POST /forms/lservlet;jsessionid=ac16012b30d5dc42fff3b67e4e98b103908af20e5c2a.e3iSbxaKaheRe34Sa3yKbhiTahb0n6jAmljGr5XDqQLvpAe HTTP/1.1" 200 2
157.55.39.12 - - [09/Dec/2014:05:29:49 -0500] "GET /BLA/resoluciones/AUTOS%202012/0232.pdf HTTP/1.1" 200 491123
181.54.57.138 - - [09/Dec/2014:05:29:52 -0500] "POST /forms/lservlet;jsessionid=ac16012b30d536ee128ca8d54f93b81fb84804e7a8a2.e3iSbxaKaheRe34Sa3yKbhiTahb0n6jAmljGr5XDqQLvpAe HTTP/1.1" 200 143
180.76.6.55 - - [09/Dec/2014:05:29:54 -0500] "GET /BLA/resoluciones/AUTOS%202013/2508.pdf HTTP/1.1" 200 1256884
180.76.6.136 - - [09/Dec/2014:05:29:54 -0500] "GET /BLA/resoluciones/AUTOS%202013/2508.pdf HTTP/1.1" 200 1256884
180.76.6.64 - - [09/Dec/2014:05:29:59 -0500] "GET /BLA/resoluciones/RESOLUCIONES%202011/4242.pdf HTTP/1.1" 200 553171
157.55.39.104 - - [09/Dec/2014:05:30:00 -0500] "GET /robots.txt HTTP/1.1" 404 1018
180.76.6.141 - - [09/Dec/2014:05:30:02 -0500] "GET /BLA/resoluciones/RESOLUCIONES%202011/4242.pdf HTTP/1.1" 200 553171
74.86.158.107 - - [09/Dec/2014:05:30:03 -0500] "HEAD / HTTP/1.1" 302 -
180.76.6.132 - - [09/Dec/2014:05:30:08 -0500] "GET /BLA/resoluciones/AUTOS%202012/2917.pdf HTTP/1.1" 200 1786798
180.76.6.155 - - [09/Dec/2014:05:30:08 -0500] "GET /BLA/resoluciones/AUTOS%202012/2917.pdf HTTP/1.1" 200 1786798
157.55.39.13 - - [09/Dec/2014:05:30:09 -0500] "GET /BLA/resoluciones/RESOLUCIONES%202010/1768.pdf HTTP/1.1" 200 712348
157.55.39.13 - - [09/Dec/2014:05:30:09 -0500] "GET /BLA/resoluciones/RESOLUCIONES%202010/0951.pdf HTTP/1.1" 200 106158
190.25.232.143 - - [09/Dec/2014:05:30:09 -0500] "GET /galeria/nivo-slider/demo/images/mesTIC.jpg HTTP/1.1" 304 -
207.46.13.38 - - [09/Dec/2014:05:30:18 -0500] "GET /BLA/resoluciones/RESOLUCIONES%202009/2233.pdf HTTP/1.1" 200 659845
157.55.39.13 - - [09/Dec/2014:05:30:22 -0500] "GET /BLA/resoluciones/RESOLUCIONES%202011/1176.pdf HTTP/1.1" 200 648856
157.55.39.103 - - [09/Dec/2014:05:30:29 -0500] "GET /BLA/resoluciones/RESOLUCIONES%202009/9826.pdf HTTP/1.1" 200 1982638
157.55.39.103 - - [09/Dec/2014:05:30:30 -0500] "GET /BLA/resoluciones/AUTOS%202010/1084.pdf HTTP/1.1" 200 171035
157.55.39.103 - - [09/Dec/2014:05:30:31 -0500] "GET /BLA/resoluciones/AUTOS%202012/0343.pdf HTTP/1.1" 200 329341
181.54.57.138 - - [09/Dec/2014:05:30:31 -0500] "POST /forms/lservlet;jsessionid=ac16012b30d536ee128ca8d54f93b81fb84804e7a8a2.e3iSbxaKaheRe34Sa3yKbhiTahb0n6jAmljGr5XDqQLvpAe HTTP/1.1" 200 121
188.165.15.36 - - [09/Dec/2014:05:30:52 -0500] "GET /manual_funciones_Listado/index.php?dir=2.3.1.%20Subdirecci%C3%83%C2%83%C3%82%C2%83%C3%83%C2%82%C3%82%C2%B3n%20de%20Ecourbanismo%20y%20Gesti%C3%83%C2%83%C3%82%C2%83%C3%83%C2%82%C3%82%C2%B3n%20Ambiental%20Empresarial/&sort=name&order=asc HTTP/1.1" 404 1018
207.46.13.38 - - [09/Dec/2014:05:30:53 -0500] "GET /BLA/resoluciones/AUTOS%202010/3496.pdf HTTP/1.1" 200 180520
181.54.57.138 - - [09/Dec/2014:05:31:08 -0500] "POST /forms/lservlet;jsessionid=ac16012b30d536ee128ca8d54f93b81fb84804e7a8a2.e3iSbxaKaheRe34Sa3yKbhiTahb0n6jAmljGr5XDqQLvpAe HTTP/1.1" 200 142
66.249.75.51 - - [09/Dec/2014:05:31:13 -0500] "GET /BLA/resoluciones/RESOLUCIONES%202009/6530.pdf HTTP/1.1" 304 -
207.46.13.38 - - [09/Dec/2014:05:31:14 -0500] "GET /BLA/resoluciones/Resoluciones%202011/0019.pdf HTTP/1.1" 200 277930
181.54.57.138 - - [09/Dec/2014:05:31:28 -0500] "POST /forms/lservlet;jsessionid=ac16012b30d536ee128ca8d54f93b81fb84804e7a8a2.e3iSbxaKaheRe34Sa3yKbhiTahb0n6jAmljGr5XDqQLvpAe HTTP/1.1" 200 2
157.55.39.13 - - [09/Dec/2014:05:31:30 -0500] "GET /bla/resoluciones/resoluciones%202009/9615.pdf HTTP/1.1" 200 986622
157.55.39.103 - - [09/Dec/2014:05:31:34 -0500] "GET /bla/resoluciones/resoluciones%202010/6694.pdf HTTP/1.1" 200 2020734
157.55.39.103 - - [09/Dec/2014:05:31:35 -0500] "GET /BLA/resoluciones/RESOLUCIONES%202011/2531.pdf HTTP/1.1" 200 494806
186.154.85.200 - - [09/Dec/2014:05:31:38 -0500] "POST /forms/lservlet;jsessionid=ac16012b30d5dc42fff3b67e4e98b103908af20e5c2a.e3iSbxaKaheRe34Sa3yKbhiTahb0n6jAmljGr5XDqQLvpAe HTTP/1.1" 200 2
207.46.13.38 - - [09/Dec/2014:05:31:39 -0500] "GET /BLA/resoluciones/RESOLUCIONES%202008/0087.pdf HTTP/1.1" 200 285812
157.55.39.12 - - [09/Dec/2014:05:31:51 -0500] "GET /bla/resoluciones/RESOLUCIONES%202011/0225.pdf HTTP/1.1" 200 78805
207.46.13.38 - - [09/Dec/2014:05:31:55 -0500] "GET /BLA/resoluciones/AUTOS%202012/0522.pdf HTTP/1.1" 200 215104
188.165.15.191 - - [09/Dec/2014:05:32:27 -0500] "GET /BLA/resoluciones/RESOLUCIONES%202006/RES%202006%202051-2100/00002076.tif HTTP/1.1" 200 198072
157.55.39.12 - - [09/Dec/2014:05:32:41 -0500] "GET /BLA/resoluciones/Resoluciones%202011/0775.pdf HTTP/1.1" 200 197893
66.249.75.67 - - [09/Dec/2014:05:32:53 -0500] "GET /BLA/resoluciones/RESOLUCIONES%202007/RES%202007%201301%20AL%201400/RESOLUCION%201367%20DE%202007.pdf HTTP/1.1" 304 -
157.55.39.13 - - [09/Dec/2014:05:33:01 -0500] "GET /BLA/resoluciones/RESOLUCIONES%202010/2423.pdf HTTP/1.1" 200 488348
207.46.13.38 - - [09/Dec/2014:05:33:10 -0500] "GET /bla/resoluciones/resoluciones%202009/2233.pdf HTTP/1.1" 200 659845
207.46.13.38 - - [09/Dec/2014:05:33:13 -0500] "-" 408 -
157.55.39.13 - - [09/Dec/2014:05:33:14 -0500] "GET /BLA/resoluciones/AUTOS%202010/0614.pdf HTTP/1.1" 200 153962
180.76.5.19 - - [09/Dec/2014:05:33:16 -0500] "GET /BLA/resoluciones/AUTOS%202007/1022.pdf HTTP/1.1" 200 77837
180.76.5.81 - - [09/Dec/2014:05:33:16 -0500] "GET /BLA/resoluciones/AUTOS%202007/1022.pdf HTTP/1.1" 200 77837
157.55.39.103 - - [09/Dec/2014:05:33:20 -0500] "GET /bla/resoluciones/resoluciones%202010/2138.pdf HTTP/1.1" 200 777054
181.54.57.138 - - [09/Dec/2014:05:33:28 -0500] "POST /forms/lservlet;jsessionid=ac16012b30d536ee128ca8d54f93b81fb84804e7a8a2.e3iSbxaKaheRe34Sa3yKbhiTahb0n6jAmljGr5XDqQLvpAe HTTP/1.1" 200 2
207.46.13.38 - - [09/Dec/2014:05:33:30 -0500] "GET /BLA/resoluciones/RESOLUCIONES%202010/1651.pdf HTTP/1.1" 200 446888
94.189.221.235 - - [09/Dec/2014:05:33:30 -0500] "POST /xmlrpc.php HTTP/1.1" 404 1018
186.154.85.200 - - [09/Dec/2014:05:33:38 -0500] "POST /forms/lservlet;jsessionid=ac16012b30d5dc42fff3b67e4e98b103908af20e5c2a.e3iSbxaKaheRe34Sa3yKbhiTahb0n6jAmljGr5XDqQLvpAe HTTP/1.1" 200 2
100.43.85.25 - - [09/Dec/2014:05:33:44 -0500] "GET /robots.txt HTTP/1.1" 404 1015
157.55.39.12 - - [09/Dec/2014:05:33:45 -0500] "GET /BLA/resoluciones/AUTOS%202010/5127.pdf HTTP/1.1" 200 204736
100.43.85.25 - - [09/Dec/2014:05:33:46 -0500] "GET / HTTP/1.1" 302 -
100.43.85.25 - - [09/Dec/2014:05:33:46 -0500] "GET / HTTP/1.1" 302 -
157.55.39.12 - - [09/Dec/2014:05:33:47 -0500] "GET /BLA/resoluciones/AUTOS%202012/0315.pdf HTTP/1.1" 200 170425
207.46.13.38 - - [09/Dec/2014:05:33:49 -0500] "GET /BLA/resoluciones/RESOLUCIONES%202009/2033.pdf HTTP/1.1" 200 311829
157.55.39.104 - - [09/Dec/2014:05:33:54 -0500] "GET /bla/resoluciones/resoluciones%202010/2213.pdf HTTP/1.1" 200 527920
157.55.39.104 - - [09/Dec/2014:05:33:54 -0500] "GET /BLA/resoluciones/RESOLUCIONES%202010/2202.pdf HTTP/1.1" 200 510926
157.55.39.104 - - [09/Dec/2014:05:33:55 -0500] "GET /bla/resoluciones/resoluciones%202009/8678.pdf HTTP/1.1" 200 482017
157.55.39.103 - - [09/Dec/2014:05:34:17 -0500] "GET /BLA/resoluciones/RESOLUCIONES%202008/1597.pdf HTTP/1.1" 200 385293
157.55.39.12 - - [09/Dec/2014:05:34:31 -0500] "GET /BLA/resoluciones/AUTOS%202010/4371.pdf HTTP/1.1" 200 259599
66.249.75.83 - - [09/Dec/2014:05:34:33 -0500] "GET /BLA/resoluciones/AUTOS%202009/1290.pdf HTTP/1.1" 200 351418
207.46.13.38 - - [09/Dec/2014:05:34:35 -0500] "GET /BLA/resoluciones/RESOLUCIONES%202012/1077.pdf HTTP/1.1" 200 374709
157.55.39.103 - - [09/Dec/2014:05:34:40 -0500] "GET /BLA/resoluciones/AUTOS%202011/5632.pdf HTTP/1.1" 200 285738
157.55.39.104 - - [09/Dec/2014:05:34:42 -0500] "GET /bla/resoluciones/resoluciones%202010/1656.pdf HTTP/1.1" 200 434033
157.55.39.12 - - [09/Dec/2014:05:34:51 -0500] "GET /BLA/resoluciones/RESOLUCIONES%202009/6755.pdf HTTP/1.1" 200 754767
190.25.232.143 - - [09/Dec/2014:05:34:54 -0500] "GET /galeria/nivo-slider/demo/images/Biotaxis-Man.jpg HTTP/1.1" 304 -
157.55.39.104 - - [09/Dec/2014:05:35:00 -0500] "GET /bla/resoluciones/resoluciones%202009/9643.pdf HTTP/1.1" 200 482289
157.55.39.104 - - [09/Dec/2014:05:35:01 -0500] "GET /BLA/resoluciones/AUTOS%202009/1350.pdf HTTP/1.1" 200 84622
74.86.158.107 - - [09/Dec/2014:05:35:03 -0500] "HEAD / HTTP/1.1" 302 -
207.46.13.38 - - [09/Dec/2014:05:35:05 -0500] "GET /bla/resoluciones/RESOLUCIONES%202011/1017.pdf HTTP/1.1" 200 65233
27.0.27.46 - - [09/Dec/2014:05:35:08 -0500] "POST /xmlrpc.php HTTP/1.1" 404 1018
186.154.85.200 - - [09/Dec/2014:05:35:23 -0500] "POST /forms/lservlet;jsessionid=ac16012b30d5dc42fff3b67e4e98b103908af20e5c2a.e3iSbxaKaheRe34Sa3yKbhiTahb0n6jAmljGr5XDqQLvpAe HTTP/1.1" 200 2
186.154.85.200 - - [09/Dec/2014:05:35:23 -0500] "POST /forms/lservlet;jsessionid=ac16012b30d5dc42fff3b67e4e98b103908af20e5c2a.e3iSbxaKaheRe34Sa3yKbhiTahb0n6jAmljGr5XDqQLvpAe HTTP/1.1" 200 14
186.154.85.200 - - [09/Dec/2014:05:35:24 -0500] "POST /forms/lservlet;jsessionid=ac16012b30d5dc42fff3b67e4e98b103908af20e5c2a.e3iSbxaKaheRe34Sa3yKbhiTahb0n6jAmljGr5XDqQLvpAe HTTP/1.1" 200 14
157.55.39.13 - - [09/Dec/2014:05:35:26 -0500] "GET /BLA/resoluciones/Resoluciones%202011/0248.pdf HTTP/1.1" 200 69899
186.154.85.200 - - [09/Dec/2014:05:35:25 -0500] "POST /forms/lservlet;jsessionid=ac16012b30d5dc42fff3b67e4e98b103908af20e5c2a.e3iSbxaKaheRe34Sa3yKbhiTahb0n6jAmljGr5XDqQLvpAe HTTP/1.1" 200 14
186.154.85.200 - - [09/Dec/2014:05:35:27 -0500] "POST /forms/lservlet;jsessionid=ac16012b30d5dc42fff3b67e4e98b103908af20e5c2a.e3iSbxaKaheRe34Sa3yKbhiTahb0n6jAmljGr5XDqQLvpAe HTTP/1.1" 200 133
186.154.85.200 - - [09/Dec/2014:05:35:27 -0500] "POST /forms/lservlet;jsessionid=ac16012b30d5dc42fff3b67e4e98b103908af20e5c2a.e3iSbxaKaheRe34Sa3yKbhiTahb0n6jAmljGr5XDqQLvpAe HTTP/1.1" 200 11
181.54.57.138 - - [09/Dec/2014:05:35:28 -0500] "POST /forms/lservlet;jsessionid=ac16012b30d536ee128ca8d54f93b81fb84804e7a8a2.e3iSbxaKaheRe34Sa3yKbhiTahb0n6jAmljGr5XDqQLvpAe HTTP/1.1" 200 2
207.46.13.38 - - [09/Dec/2014:05:35:31 -0500] "GET /BLA/resoluciones/Resoluciones%202011/0107.pdf HTTP/1.1" 200 498850
180.76.5.25 - - [09/Dec/2014:05:35:31 -0500] "GET /BLA/resoluciones/RESOLUCIONES%202009/2644.pdf HTTP/1.1" 200 851056
180.76.6.53 - - [09/Dec/2014:05:35:31 -0500] "GET /BLA/resoluciones/RESOLUCIONES%202009/2644.pdf HTTP/1.1" 200 851056
186.154.85.200 - - [09/Dec/2014:05:35:41 -0500] "POST /forms/lservlet;jsessionid=ac16012b30d5dc42fff3b67e4e98b103908af20e5c2a.e3iSbxaKaheRe34Sa3yKbhiTahb0n6jAmljGr5XDqQLvpAe HTTP/1.1" 200 2
186.154.85.200 - - [09/Dec/2014:05:35:28 -0500] "GET /reports/rwservlet/getjobid336460?server=rep_srvapsda HTTP/1.1" 200 1158203
157.55.39.12 - - [09/Dec/2014:05:35:42 -0500] "GET /bla/resoluciones/resoluciones%202009/5190.pdf HTTP/1.1" 200 202883
157.55.39.104 - - [09/Dec/2014:05:35:53 -0500] "GET /BLA/resoluciones/RESOLUCIONES%202010/2323.pdf HTTP/1.1" 200 1502032
207.46.13.38 - - [09/Dec/2014:05:35:56 -0500] "GET /BLA/resoluciones/AUTOS%202009/2869.pdf HTTP/1.1" 200 97671
207.46.13.38 - - [09/Dec/2014:05:35:57 -0500] "GET /bla/resoluciones/resoluciones%202010/0357.pdf HTTP/1.1" 200 486045
157.55.39.13 - - [09/Dec/2014:05:36:05 -0500] "GET /BLA/resoluciones/RESOLUCIONES%202011/3049.pdf HTTP/1.1" 200 763146
157.55.39.13 - - [09/Dec/2014:05:36:06 -0500] "GET /BLA/resoluciones/RESOLUCIONES%202011/1495.pdf HTTP/1.1" 200 71215
66.249.69.211 - - [09/Dec/2014:05:36:13 -0500] "GET /robots.txt HTTP/1.1" 404 1015
66.249.69.195 - - [09/Dec/2014:05:36:13 -0500] "GET / HTTP/1.1" 302 -
157.55.39.13 - - [09/Dec/2014:05:36:23 -0500] "GET /bla/resoluciones/resoluciones%202010/0921.pdf HTTP/1.1" 200 101250
157.55.39.13 - - [09/Dec/2014:05:36:25 -0500] "GET /bla/resoluciones/resoluciones%202010/5899.pdf HTTP/1.1" 200 313906
207.46.13.38 - - [09/Dec/2014:05:36:41 -0500] "GET /BLA/resoluciones/AUTOS%202011/6173.pdf HTTP/1.1" 200 941435
207.46.13.38 - - [09/Dec/2014:05:36:46 -0500] "GET /BLA/resoluciones/RESOLUCIONES%202011/0717.pdf HTTP/1.1" 200 247184
180.76.5.151 - - [09/Dec/2014:05:36:57 -0500] "GET /Residuos/curtiembres/files/guia_curtiembres.pdf HTTP/1.1" 404 1019
180.76.5.188 - - [09/Dec/2014:05:36:57 -0500] "GET /Residuos/curtiembres/files/guia_curtiembres.pdf HTTP/1.1" 404 1019
207.46.13.38 - - [09/Dec/2014:05:37:10 -0500] "GET /BLA/resoluciones/RESOLUCIONES%202011/1033.pdf HTTP/1.1" 200 81181
157.55.39.13 - - [09/Dec/2014:05:37:14 -0500] "GET /BLA/resoluciones/RESOLUCIONES%202008/1033.pdf HTTP/1.1" 200 24222
157.55.39.13 - - [09/Dec/2014:05:37:15 -0500] "GET /BLA/resoluciones/RESOLUCIONES%202009/1099.pdf HTTP/1.1" 200 299025
157.55.39.13 - - [09/Dec/2014:05:37:16 -0500] "GET /bla/resoluciones/resoluciones%202009/0438.pdf HTTP/1.1" 200 186877
181.54.57.138 - - [09/Dec/2014:05:37:28 -0500] "POST /forms/lservlet;jsessionid=ac16012b30d536ee128ca8d54f93b81fb84804e7a8a2.e3iSbxaKaheRe34Sa3yKbhiTahb0n6jAmljGr5XDqQLvpAe HTTP/1.1" 200 2
157.55.39.103 - - [09/Dec/2014:05:37:36 -0500] "GET /BLA/resoluciones/AUTOS%202011/2406.pdf HTTP/1.1" 200 172943
186.154.85.200 - - [09/Dec/2014:05:37:41 -0500] "POST /forms/lservlet;jsessionid=ac16012b30d5dc42fff3b67e4e98b103908af20e5c2a.e3iSbxaKaheRe34Sa3yKbhiTahb0n6jAmljGr5XDqQLvpAe HTTP/1.1" 200 2
207.46.13.38 - - [09/Dec/2014:05:37:47 -0500] "GET /BLA/resoluciones/AUTOS%202011/3418.pdf HTTP/1.1" 200 238771
207.46.13.38 - - [09/Dec/2014:05:37:56 -0500] "GET /bla/resoluciones/resoluciones%202010/6983.pdf HTTP/1.1" 200 63971
188.165.15.36 - - [09/Dec/2014:05:37:59 -0500] "GET /BLA/resoluciones/RESOLUCIONES%202006/RES%202006%20251-300/00000286.tif HTTP/1.1" 200 35704
157.55.39.104 - - [09/Dec/2014:05:38:06 -0500] "GET /bla/resoluciones/RESOLUCIONES%202011/1210.pdf HTTP/1.1" 200 397818
207.46.13.38 - - [09/Dec/2014:05:38:11 -0500] "GET /bla/resoluciones/resoluciones%202009/1600.pdf HTTP/1.1" 200 600429
157.55.39.103 - - [09/Dec/2014:05:38:23 -0500] "GET /bla/resoluciones/resoluciones%202010/2301.pdf HTTP/1.1" 200 474789
192.109.145.42 - - [09/Dec/2014:05:38:26 -0500] "GET /galeria/nivo-slider/demo/demo.html HTTP/1.1" 304 -
207.46.13.38 - - [09/Dec/2014:05:38:31 -0500] "GET /BLA/resoluciones/AUTOS%202009/3161.pdf HTTP/1.1" 200 131632
157.55.39.12 - - [09/Dec/2014:05:38:35 -0500] "GET /BLA/resoluciones/AUTOS%202011/0024.pdf HTTP/1.1" 200 131453
157.55.39.12 - - [09/Dec/2014:05:38:36 -0500] "GET /BLA/resoluciones/AUTOS%202011/4648.pdf HTTP/1.1" 200 262769
157.55.39.12 - - [09/Dec/2014:05:38:36 -0500] "GET /BLA/resoluciones/AUTOS%202010/1481.pdf HTTP/1.1" 200 246353
180.76.6.152 - - [09/Dec/2014:05:38:56 -0500] "GET /BLA/resoluciones/RESOLUCIONES%202009/0955.pdf HTTP/1.1" 200 650294
180.76.6.154 - - [09/Dec/2014:05:38:57 -0500] "GET /BLA/resoluciones/RESOLUCIONES%202009/0955.pdf HTTP/1.1" 200 650294
157.55.39.13 - - [09/Dec/2014:05:38:57 -0500] "GET /bla/resoluciones/resoluciones%202010/1966.pdf HTTP/1.1" 200 487387
157.55.39.104 - - [09/Dec/2014:05:39:11 -0500] "GET /BLA/resoluciones/RESOLUCIONES%202010/1203.pdf HTTP/1.1" 200 124832
157.55.39.13 - - [09/Dec/2014:05:39:15 -0500] "GET /bla/resoluciones/resoluciones%202010/0083.pdf HTTP/1.1" 200 541409
207.46.13.38 - - [09/Dec/2014:05:39:20 -0500] "GET /BLA/resoluciones/RESOLUCIONES%202009/0328.pdf HTTP/1.1" 200 235790
207.46.13.38 - - [09/Dec/2014:05:39:27 -0500] "GET /bla/resoluciones/resoluciones%202009/3761.pdf HTTP/1.1" 200 52092
181.54.57.138 - - [09/Dec/2014:05:39:28 -0500] "POST /forms/lservlet;jsessionid=ac16012b30d536ee128ca8d54f93b81fb84804e7a8a2.e3iSbxaKaheRe34Sa3yKbhiTahb0n6jAmljGr5XDqQLvpAe HTTP/1.1" 200 2
157.55.39.12 - - [09/Dec/2014:05:39:31 -0500] "GET /bla/resoluciones/resoluciones%202009/0346.pdf HTTP/1.1" 200 204222
186.154.85.200 - - [09/Dec/2014:05:39:41 -0500] "POST /forms/lservlet;jsessionid=ac16012b30d5dc42fff3b67e4e98b103908af20e5c2a.e3iSbxaKaheRe34Sa3yKbhiTahb0n6jAmljGr5XDqQLvpAe HTTP/1.1" 200 2
188.165.15.132 - - [09/Dec/2014:05:39:42 -0500] "GET /BLA/resoluciones/RESOLUCIONES%202002/RES%202002%20351-400/00000393.tif HTTP/1.1" 200 62474
157.55.39.104 - - [09/Dec/2014:05:39:53 -0500] "GET /BLA/resoluciones/AUTOS%202010/1272.pdf HTTP/1.1" 200 397192
157.55.39.104 - - [09/Dec/2014:05:39:54 -0500] "GET /bla/resoluciones/RESOLUCIONES%202011/1259.pdf HTTP/1.1" 200 369848
157.55.39.13 - - [09/Dec/2014:05:39:57 -0500] "GET /BLA/resoluciones/RESOLUCIONES%202009/2158.pdf HTTP/1.1" 200 561571
157.55.39.13 - - [09/Dec/2014:05:39:58 -0500] "GET /BLA/resoluciones/RESOLUCIONES%202010/5819.pdf HTTP/1.1" 200 84398
157.55.39.13 - - [09/Dec/2014:05:39:59 -0500] "GET /BLA/resoluciones/RESOLUCIONES%202011/1397.pdf HTTP/1.1" 200 73541
207.46.13.38 - - [09/Dec/2014:05:40:03 -0500] "GET /BLA/resoluciones/AUTOS%202009/3328.pdf HTTP/1.1" 200 103992
74.86.158.107 - - [09/Dec/2014:05:40:03 -0500] "HEAD / HTTP/1.1" 302 -
207.46.13.38 - - [09/Dec/2014:05:40:04 -0500] "GET /BLA/resoluciones/AUTOS%202012/0457.pdf HTTP/1.1" 200 161732
207.46.13.38 - - [09/Dec/2014:05:40:07 -0500] "GET /bla/resoluciones/resoluciones%202010/0519.pdf HTTP/1.1" 200 640974
207.46.13.38 - - [09/Dec/2014:05:40:08 -0500] "GET /bla/resoluciones/resoluciones%202010/7645.pdf HTTP/1.1" 200 64053
157.55.39.13 - - [09/Dec/2014:05:40:13 -0500] "GET /bla/resoluciones/resoluciones%202010/0688.pdf HTTP/1.1" 200 103432
157.55.39.13 - - [09/Dec/2014:05:40:14 -0500] "GET /bla/resoluciones/resoluciones%202010/2222.pdf HTTP/1.1" 200 513104
157.55.39.103 - - [09/Dec/2014:05:40:18 -0500] "GET /bla/resoluciones/resoluciones%202009/8027.pdf HTTP/1.1" 200 547904
207.46.13.38 - - [09/Dec/2014:05:40:23 -0500] "GET /bla/resoluciones/RESOLUCIONES%202011/0533.pdf HTTP/1.1" 200 805060
66.249.75.83 - - [09/Dec/2014:05:40:45 -0500] "GET /BLA/resoluciones/RESOLUCIONES%202002/RES%202002%20501-550/00000508.tif HTTP/1.1" 200 82314
207.46.13.38 - - [09/Dec/2014:05:40:53 -0500] "GET /BLA/resoluciones/RESOLUCIONES%202010/0076.pdf HTTP/1.1" 200 526578
180.76.5.19 - - [09/Dec/2014:05:41:02 -0500] "GET /resoluciones/RESOLUCIONES%202008/0097.pdf HTTP/1.1" 404 1018
180.76.5.69 - - [09/Dec/2014:05:41:02 -0500] "GET /resoluciones/RESOLUCIONES%202008/0097.pdf HTTP/1.1" 404 1018
157.55.39.13 - - [09/Dec/2014:05:41:04 -0500] "GET /BLA/resoluciones/RESOLUCIONES%202008/1939.pdf HTTP/1.1" 200 209174
157.55.39.104 - - [09/Dec/2014:05:41:09 -0500] "GET /BLA/resoluciones/RESOLUCIONES%202009/0612.pdf HTTP/1.1" 200 299550
207.46.13.38 - - [09/Dec/2014:05:41:13 -0500] "GET /bla/resoluciones/resoluciones%202009/6917.pdf HTTP/1.1" 200 217225
157.55.39.13 - - [09/Dec/2014:05:41:19 -0500] "GET /BLA/resoluciones/RESOLUCIONES%202010/1174.pdf HTTP/1.1" 200 117742
180.76.5.177 - - [09/Dec/2014:05:41:23 -0500] "GET /BLA/resoluciones/RESOLUCIONES%202010/1983.pdf HTTP/1.1" 200 339832
181.54.57.138 - - [09/Dec/2014:05:41:28 -0500] "POST /forms/lservlet;jsessionid=ac16012b30d536ee128ca8d54f93b81fb84804e7a8a2.e3iSbxaKaheRe34Sa3yKbhiTahb0n6jAmljGr5XDqQLvpAe HTTP/1.1" 200 2
186.154.85.200 - - [09/Dec/2014:05:41:41 -0500] "POST /forms/lservlet;jsessionid=ac16012b30d5dc42fff3b67e4e98b103908af20e5c2a.e3iSbxaKaheRe34Sa3yKbhiTahb0n6jAmljGr5XDqQLvpAe HTTP/1.1" 200 2
157.55.39.12 - - [09/Dec/2014:05:41:48 -0500] "GET /bla/resoluciones/resoluciones%202009/9571.pdf HTTP/1.1" 200 382152
157.55.39.104 - - [09/Dec/2014:05:41:53 -0500] "GET /bla/resoluciones/resoluciones%202009/5809.pdf HTTP/1.1" 200 138230
157.55.39.104 - - [09/Dec/2014:05:42:42 -0500] "GET /BLA/resoluciones/RESOLUCIONES%202011/1319.pdf HTTP/1.1" 200 79189
157.55.39.104 - - [09/Dec/2014:05:42:44 -0500] "GET /BLA/resoluciones/RESOLUCIONES%202012/0728.pdf HTTP/1.1" 200 377931
207.46.13.38 - - [09/Dec/2014:05:42:49 -0500] "GET /bla/resoluciones/resoluciones%202009/1147.pdf HTTP/1.1" 200 427441
207.46.13.38 - - [09/Dec/2014:05:42:49 -0500] "GET /BLA/resoluciones/RESOLUCIONES%202009/1551.pdf HTTP/1.1" 200 761213
157.55.39.13 - - [09/Dec/2014:05:43:00 -0500] "GET /BLA/resoluciones/RESOLUCIONES%202009/0423.pdf HTTP/1.1" 200 197787
157.55.39.13 - - [09/Dec/2014:05:43:02 -0500] "-" 408 -
157.55.39.104 - - [09/Dec/2014:05:43:12 -0500] "GET /bla/resoluciones/resoluciones%202009/7279.pdf HTTP/1.1" 200 269611
207.46.13.38 - - [09/Dec/2014:05:43:19 -0500] "GET /bla/resoluciones/resoluciones%202010/5355.pdf HTTP/1.1" 200 448543
207.46.13.38 - - [09/Dec/2014:05:43:20 -0500] "GET /bla/resoluciones/resoluciones%202010/7768.pdf HTTP/1.1" 200 67527
181.54.57.138 - - [09/Dec/2014:05:43:28 -0500] "POST /forms/lservlet;jsessionid=ac16012b30d536ee128ca8d54f93b81fb84804e7a8a2.e3iSbxaKaheRe34Sa3yKbhiTahb0n6jAmljGr5XDqQLvpAe HTTP/1.1" 200 2
157.55.39.13 - - [09/Dec/2014:05:43:29 -0500] "GET /bla/resoluciones/resoluciones%202010/0124.pdf HTTP/1.1" 200 384864
157.55.39.18 - - [09/Dec/2014:05:43:30 -0500] "GET /bla/resoluciones/resoluciones%202009/7730.pdf HTTP/1.1" 200 560122
157.55.39.12 - - [09/Dec/2014:05:43:40 -0500] "GET /BLA/resoluciones/RESOLUCIONES%202010/3002.pdf HTTP/1.1" 200 1016785
157.55.39.12 - - [09/Dec/2014:05:43:40 -0500] "GET /bla/resoluciones/RESOLUCIONES%202011/2561.pdf HTTP/1.1" 200 388466
186.154.85.200 - - [09/Dec/2014:05:43:41 -0500] "POST /forms/lservlet;jsessionid=ac16012b30d5dc42fff3b67e4e98b103908af20e5c2a.e3iSbxaKaheRe34Sa3yKbhiTahb0n6jAmljGr5XDqQLvpAe HTTP/1.1" 200 2
157.55.39.104 - - [09/Dec/2014:05:43:44 -0500] "GET /BLA/resoluciones/RESOLUCIONES%202012/0722.pdf HTTP/1.1" 200 387735
157.55.39.104 - - [09/Dec/2014:05:43:45 -0500] "GET /BLA/resoluciones/RESOLUCIONES%202010/0762.pdf HTTP/1.1" 200 128940
202.46.63.121 - - [09/Dec/2014:05:43:45 -0500] "GET / HTTP/1.1" 302 -
157.55.39.104 - - [09/Dec/2014:05:43:45 -0500] "GET /bla/resoluciones/RESOLUCIONES%202011/0684.pdf HTTP/1.1" 200 72427
157.55.39.104 - - [09/Dec/2014:05:43:59 -0500] "GET /BLA/resoluciones/Resoluciones%202011/1266.pdf HTTP/1.1" 200 373868
157.55.39.104 - - [09/Dec/2014:05:44:02 -0500] "GET /BLA/resoluciones/AUTOS%202012/1042.pdf HTTP/1.1" 200 176217
157.55.39.13 - - [09/Dec/2014:05:44:03 -0500] "GET /bla/resoluciones/resoluciones%202009/9656.pdf HTTP/1.1" 200 536519
157.55.39.13 - - [09/Dec/2014:05:44:04 -0500] "GET /BLA/resoluciones/RESOLUCIONES%202010/2520.pdf HTTP/1.1" 200 406044
119.63.193.196 - - [09/Dec/2014:05:44:04 -0500] "GET / HTTP/1.1" 302 -
157.55.39.13 - - [09/Dec/2014:05:44:04 -0500] "GET /BLA/resoluciones/RESOLUCIONES%202010/1147.pdf HTTP/1.1" 200 111696
157.55.39.13 - - [09/Dec/2014:05:44:05 -0500] "GET /BLA/resoluciones/RESOLUCIONES%202012/1539.pdf HTTP/1.1" 200 320635
180.76.5.26 - - [09/Dec/2014:05:44:09 -0500] "GET /BLA/resoluciones/RESOLUCIONES%202012/0423.pdf HTTP/1.1" 200 303024
180.76.6.130 - - [09/Dec/2014:05:44:09 -0500] "GET /BLA/resoluciones/RESOLUCIONES%202012/0423.pdf HTTP/1.1" 200 303024
207.46.13.38 - - [09/Dec/2014:05:44:13 -0500] "GET /bla/resoluciones/resoluciones%202009/2438.pdf HTTP/1.1" 200 314311
180.76.6.159 - - [09/Dec/2014:05:44:14 -0500] "GET /BLA/resoluciones/AUTOS%202009/1818.pdf HTTP/1.1" 200 184896
180.76.6.157 - - [09/Dec/2014:05:44:14 -0500] "GET /BLA/resoluciones/AUTOS%202009/1818.pdf HTTP/1.1" 200 184896
157.55.39.13 - - [09/Dec/2014:05:44:17 -0500] "GET /bla/resoluciones/RESOLUCIONES%202011/1534.pdf HTTP/1.1" 200 65369
190.158.22.113 - - [09/Dec/2014:05:44:23 -0500] "GET /BLA/boletinlegal/js/jquery.scrollTo-min.js HTTP/1.1" 200 1150
190.158.22.113 - - [09/Dec/2014:05:44:23 -0500] "GET /BLA/boletinlegal/js/jquery.scrollShow.js HTTP/1.1" 200 4586
190.158.22.113 - - [09/Dec/2014:05:44:23 -0500] "GET /BLA/boletinlegal/js/jquery.js HTTP/1.1" 200 57254
190.158.22.113 - - [09/Dec/2014:05:44:23 -0500] "GET /galeria/carrusel/Carrusel/jquery.thumbnailScroller.css HTTP/1.1" 200 2066
190.158.22.113 - - [09/Dec/2014:05:44:23 -0500] "GET /galeria/carrusel/Carrusel/jquery-ui-1.8.13.custom.min.js HTTP/1.1" 200 10800
190.158.22.113 - - [09/Dec/2014:05:44:23 -0500] "GET /galeria/carrusel/Carrusel/jquery.thumbnailScroller.js HTTP/1.1" 200 8157
190.158.22.113 - - [09/Dec/2014:05:44:24 -0500] "GET /galeria/nivo-slider/demo/demo.html HTTP/1.1" 200 3572
190.158.22.113 - - [09/Dec/2014:05:44:24 -0500] "GET /galeria/nivo-slider/themes/default/default.css HTTP/1.1" 200 1569
190.158.22.113 - - [09/Dec/2014:05:44:24 -0500] "GET /galeria/nivo-slider/themes/pascal/pascal.css HTTP/1.1" 200 2258
190.158.22.113 - - [09/Dec/2014:05:44:24 -0500] "GET /galeria/nivo-slider/themes/orman/orman.css HTTP/1.1" 200 2152
190.158.22.113 - - [09/Dec/2014:05:44:24 -0500] "GET /galeria/nivo-slider/nivo-slider.css HTTP/1.1" 200 1507
190.158.22.113 - - [09/Dec/2014:05:44:24 -0500] "GET /galeria/nivo-slider/demo/images/banner-musgo.jpg HTTP/1.1" 200 49513
190.158.22.113 - - [09/Dec/2014:05:44:24 -0500] "GET /galeria/nivo-slider/demo/style.css HTTP/1.1" 200 2222
190.158.22.113 - - [09/Dec/2014:05:44:24 -0500] "GET /galeria/nivo-slider/demo/images/Jornada-adopcion.jpg HTTP/1.1" 200 79705
190.158.22.113 - - [09/Dec/2014:05:44:24 -0500] "GET /galeria/nivo-slider/demo/images/RdaNegociosFiltros.jpg HTTP/1.1" 200 77155
190.158.22.113 - - [09/Dec/2014:05:44:24 -0500] "GET /galeria/nivo-slider/demo/images/BogotaSostenible.jpg HTTP/1.1" 200 206863
190.158.22.113 - - [09/Dec/2014:05:44:24 -0500] "GET /galeria/nivo-slider/demo/images/Banner-GAE3.jpg HTTP/1.1" 200 146354
190.158.22.113 - - [09/Dec/2014:05:44:24 -0500] "GET /galeria/nivo-slider/demo/images/Banner-comparendo.jpg HTTP/1.1" 200 388762
190.158.22.113 - - [09/Dec/2014:05:44:24 -0500] "GET /galeria/nivo-slider/demo/images/Biotaxis-Man.jpg HTTP/1.1" 200 99362
190.158.22.113 - - [09/Dec/2014:05:44:25 -0500] "GET /galeria/nivo-slider/demo/images/porloshumedales.jpg HTTP/1.1" 200 351238
190.158.22.113 - - [09/Dec/2014:05:44:26 -0500] "GET /galeria/nivo-slider/demo/images/RdaNegociosFiltros.jpg HTTP/1.1" 206 1
190.158.22.113 - - [09/Dec/2014:05:44:26 -0500] "GET /galeria/nivo-slider/demo/scripts/jquery-1.7.1.min.js HTTP/1.1" 200 93868
190.158.22.113 - - [09/Dec/2014:05:44:26 -0500] "GET /galeria/nivo-slider/jquery.nivo.slider.pack.js HTTP/1.1" 200 11561
190.158.22.113 - - [09/Dec/2014:05:44:26 -0500] "GET /galeria/nivo-slider/demo/images/BogotaSostenible.jpg HTTP/1.1" 206 1
190.158.22.113 - - [09/Dec/2014:05:44:26 -0500] "GET /galeria/nivo-slider/demo/images/Jornada-adopcion.jpg HTTP/1.1" 206 1
190.158.22.113 - - [09/Dec/2014:05:44:26 -0500] "GET /galeria/nivo-slider/demo/images/Banner-GAE3.jpg HTTP/1.1" 206 1
190.158.22.113 - - [09/Dec/2014:05:44:26 -0500] "GET /galeria/nivo-slider/demo/images/RdaNegociosFiltros.jpg HTTP/1.1" 206 1509
190.158.22.113 - - [09/Dec/2014:05:44:26 -0500] "GET /galeria/nivo-slider/demo/images/BogotaSostenible.jpg HTTP/1.1" 206 176478
190.158.22.113 - - [09/Dec/2014:05:44:26 -0500] "GET /galeria/nivo-slider/demo/images/Jornada-adopcion.jpg HTTP/1.1" 206 1139
190.158.22.113 - - [09/Dec/2014:05:44:26 -0500] "GET /galeria/nivo-slider/demo/images/Banner-GAE3.jpg HTTP/1.1" 206 29828
190.158.22.113 - - [09/Dec/2014:05:44:26 -0500] "GET /galeria/nivo-slider/demo/images/Banner-comparendo.jpg HTTP/1.1" 206 1
190.158.22.113 - - [09/Dec/2014:05:44:26 -0500] "GET /galeria/nivo-slider/demo/images/porloshumedales.jpg HTTP/1.1" 206 1
190.158.22.113 - - [09/Dec/2014:05:44:26 -0500] "GET /galeria/nivo-slider/demo/images/Banner-comparendo.jpg HTTP/1.1" 206 232816
190.158.22.113 - - [09/Dec/2014:05:44:26 -0500] "GET /galeria/nivo-slider/demo/images/porloshumedales.jpg HTTP/1.1" 206 284516
190.158.22.113 - - [09/Dec/2014:05:44:26 -0500] "GET /galeria/nivo-slider/demo/images/Tingua-azul.jpg HTTP/1.1" 200 307638
190.158.22.113 - - [09/Dec/2014:05:44:26 -0500] "GET /galeria/nivo-slider/demo/images/Banner-Caracol-Africano.jpg HTTP/1.1" 200 331986
190.158.22.113 - - [09/Dec/2014:05:44:27 -0500] "GET /galeria/nivo-slider/demo/images/4Simple_Slider.png HTTP/1.1" 200 11722
190.158.22.113 - - [09/Dec/2014:05:44:27 -0500] "GET /galeria/nivo-slider/themes/default/loading.gif HTTP/1.1" 200 1737
190.158.22.113 - - [09/Dec/2014:05:44:27 -0500] "GET /galeria/nivo-slider/demo/images/banner-caballos.png HTTP/1.1" 200 389106
190.158.22.113 - - [09/Dec/2014:05:44:27 -0500] "GET /galeria/nivo-slider/demo/images/9Signos.jpg HTTP/1.1" 200 93040
190.158.22.113 - - [09/Dec/2014:05:44:27 -0500] "GET /galeria/nivo-slider/demo/images/banner-redes.jpg HTTP/1.1" 200 62209
190.158.22.113 - - [09/Dec/2014:05:44:27 -0500] "GET /galeria/nivo-slider/demo/images/Hacienda_Molinos.jpg HTTP/1.1" 200 319171
190.158.22.113 - - [09/Dec/2014:05:44:27 -0500] "GET /galeria/nivo-slider/demo/images/bannerEcolecta3.jpg HTTP/1.1" 200 280034
190.158.22.113 - - [09/Dec/2014:05:44:29 -0500] "GET /galeria/nivo-slider/themes/default/arrows.png HTTP/1.1" 200 824
190.158.22.113 - - [09/Dec/2014:05:44:29 -0500] "GET /galeria/nivo-slider/themes/default/bullets.png HTTP/1.1" 200 1281
190.158.22.113 - - [09/Dec/2014:05:44:29 -0500] "GET /videos/Spot_CambioClimatico.flv HTTP/1.1" 200 4371917
207.46.13.38 - - [09/Dec/2014:05:44:39 -0500] "GET /BLA/resoluciones/AUTOS%202009/0015.pdf HTTP/1.1" 200 124598
157.55.39.104 - - [09/Dec/2014:05:44:44 -0500] "GET /bla/resoluciones/resoluciones%202010/6155.pdf HTTP/1.1" 200 637287
186.86.19.19 - - [09/Dec/2014:05:44:55 -0500] "GET /BLA/boletinlegal/js/jquery.js HTTP/1.1" 200 57254
186.86.19.19 - - [09/Dec/2014:05:44:55 -0500] "GET /BLA/boletinlegal/js/jquery.scrollTo-min.js HTTP/1.1" 200 1150
186.86.19.19 - - [09/Dec/2014:05:44:55 -0500] "GET /BLA/boletinlegal/js/jquery.scrollShow.js HTTP/1.1" 200 4586
157.55.39.13 - - [09/Dec/2014:05:44:56 -0500] "GET /bla/resoluciones/resoluciones%202010/0852.pdf HTTP/1.1" 200 122210
74.86.158.107 - - [09/Dec/2014:05:45:03 -0500] "HEAD / HTTP/1.1" 302 -
157.55.39.103 - - [09/Dec/2014:05:45:14 -0500] "GET /BLA/resoluciones/AUTOS%202009/2935.pdf HTTP/1.1" 200 181654
188.165.15.235 - - [09/Dec/2014:05:45:24 -0500] "GET /BLA/resoluciones/RESOLUCIONES%202004/RES%202004%20151-200/00000189.tif HTTP/1.1" 200 258066
157.55.39.103 - - [09/Dec/2014:05:45:24 -0500] "GET /BLA/resoluciones/RESOLUCIONES%202011/4587.pdf HTTP/1.1" 200 712336
181.54.57.138 - - [09/Dec/2014:05:45:28 -0500] "POST /forms/lservlet;jsessionid=ac16012b30d536ee128ca8d54f93b81fb84804e7a8a2.e3iSbxaKaheRe34Sa3yKbhiTahb0n6jAmljGr5XDqQLvpAe HTTP/1.1" 200 2
157.55.39.103 - - [09/Dec/2014:05:45:34 -0500] "GET /bla/resoluciones/resoluciones%202010/1180.pdf HTTP/1.1" 200 106856
157.55.39.12 - - [09/Dec/2014:05:45:40 -0500] "GET /BLA/resoluciones/RESOLUCIONES%202010/1503.pdf HTTP/1.1" 200 443305
186.154.85.200 - - [09/Dec/2014:05:45:41 -0500] "POST /forms/lservlet;jsessionid=ac16012b30d5dc42fff3b67e4e98b103908af20e5c2a.e3iSbxaKaheRe34Sa3yKbhiTahb0n6jAmljGr5XDqQLvpAe HTTP/1.1" 200 2
207.46.13.38 - - [09/Dec/2014:05:45:45 -0500] "GET /BLA/resoluciones/RESOLUCIONES%202010/2787.pdf HTTP/1.1" 200 497645
157.55.39.12 - - [09/Dec/2014:05:45:51 -0500] "GET /bla/resoluciones/RESOLUCIONES%202011/0808.pdf HTTP/1.1" 200 429184
157.55.39.191 - - [09/Dec/2014:05:46:00 -0500] "GET /BLA/resoluciones/RESOLUCIONES%202009/6778.pdf HTTP/1.1" 200 768455
207.46.13.38 - - [09/Dec/2014:05:46:20 -0500] "GET /bla/resoluciones/resoluciones%202010/6867.pdf HTTP/1.1" 200 188970
207.46.13.38 - - [09/Dec/2014:05:46:21 -0500] "GET /BLA/resoluciones/AUTOS%202011/2312.pdf HTTP/1.1" 200 101922
157.55.39.191 - - [09/Dec/2014:05:46:25 -0500] "GET /BLA/resoluciones/RESOLUCIONES%202008/1128.pdf HTTP/1.1" 200 416152
181.54.57.138 - - [09/Dec/2014:05:46:29 -0500] "POST /forms/lservlet;jsessionid=ac16012b30d536ee128ca8d54f93b81fb84804e7a8a2.e3iSbxaKaheRe34Sa3yKbhiTahb0n6jAmljGr5XDqQLvpAe HTTP/1.1" 200 64
157.55.39.103 - - [09/Dec/2014:05:46:31 -0500] "GET /BLA/resoluciones/RESOLUCIONES%202008/1213.pdf HTTP/1.1" 200 134035
189.132.114.44 - - [09/Dec/2014:05:46:34 -0500] "GET /BLA/boletinlegal/js/jquery.js HTTP/1.1" 200 57254
189.132.114.44 - - [09/Dec/2014:05:46:34 -0500] "GET /BLA/boletinlegal/js/jquery.scrollTo-min.js HTTP/1.1" 200 1150
189.132.114.44 - - [09/Dec/2014:05:46:34 -0500] "GET /BLA/boletinlegal/js/jquery.scrollShow.js HTTP/1.1" 200 4586
207.46.13.38 - - [09/Dec/2014:05:46:35 -0500] "GET /bla/resoluciones/resoluciones%202010/0702.pdf HTTP/1.1" 200 103438
66.249.75.83 - - [09/Dec/2014:05:46:35 -0500] "GET /BLA/boletinlegal/js/jquery.js HTTP/1.1" 200 57254
181.54.57.138 - - [09/Dec/2014:05:46:36 -0500] "POST /forms/lservlet;jsessionid=ac16012b30d536ee128ca8d54f93b81fb84804e7a8a2.e3iSbxaKaheRe34Sa3yKbhiTahb0n6jAmljGr5XDqQLvpAe HTTP/1.1" 200 2
181.54.57.138 - - [09/Dec/2014:05:46:37 -0500] "POST /forms/lservlet;jsessionid=ac16012b30d536ee128ca8d54f93b81fb84804e7a8a2.e3iSbxaKaheRe34Sa3yKbhiTahb0n6jAmljGr5XDqQLvpAe HTTP/1.1" 200 2345
181.54.57.138 - - [09/Dec/2014:05:46:38 -0500] "POST /forms/lservlet;jsessionid=ac16012b30d536ee128ca8d54f93b81fb84804e7a8a2.e3iSbxaKaheRe34Sa3yKbhiTahb0n6jAmljGr5XDqQLvpAe HTTP/1.1" 200 10
157.55.39.12 - - [09/Dec/2014:05:46:39 -0500] "GET /BLA/resoluciones/RESOLUCIONES%202010/2642.pdf HTTP/1.1" 200 338530
157.55.39.104 - - [09/Dec/2014:05:46:45 -0500] "GET /BLA/resoluciones/RESOLUCIONES%202008/0864.pdf HTTP/1.1" 200 292281
157.55.39.104 - - [09/Dec/2014:05:46:46 -0500] "GET /BLA/resoluciones/RESOLUCIONES%202011/3031.pdf HTTP/1.1" 200 430827
186.154.85.200 - - [09/Dec/2014:05:46:48 -0500] "POST /forms/lservlet;jsessionid=ac16012b30d5dc42fff3b67e4e98b103908af20e5c2a.e3iSbxaKaheRe34Sa3yKbhiTahb0n6jAmljGr5XDqQLvpAe HTTP/1.1" 200 73
186.154.85.200 - - [09/Dec/2014:05:46:49 -0500] "POST /forms/lservlet;jsessionid=ac16012b30d5dc42fff3b67e4e98b103908af20e5c2a.e3iSbxaKaheRe34Sa3yKbhiTahb0n6jAmljGr5XDqQLvpAe HTTP/1.1" 200 2
186.154.85.200 - - [09/Dec/2014:05:46:49 -0500] "POST /forms/lservlet;jsessionid=ac16012b30d5dc42fff3b67e4e98b103908af20e5c2a.e3iSbxaKaheRe34Sa3yKbhiTahb0n6jAmljGr5XDqQLvpAe HTTP/1.1" 200 2517
186.154.85.200 - - [09/Dec/2014:05:46:49 -0500] "GET /imagenes/Srch_frw.gif HTTP/1.1" 200 925
186.154.85.200 - - [09/Dec/2014:05:46:49 -0500] "POST /forms/lservlet;jsessionid=ac16012b30d5dc42fff3b67e4e98b103908af20e5c2a.e3iSbxaKaheRe34Sa3yKbhiTahb0n6jAmljGr5XDqQLvpAe HTTP/1.1" 200 10
181.54.57.138 - - [09/Dec/2014:05:46:49 -0500] "POST /forms/lservlet;jsessionid=ac16012b30d536ee128ca8d54f93b81fb84804e7a8a2.e3iSbxaKaheRe34Sa3yKbhiTahb0n6jAmljGr5XDqQLvpAe HTTP/1.1" 200 24
181.54.57.138 - - [09/Dec/2014:05:46:50 -0500] "POST /forms/lservlet;jsessionid=ac16012b30d536ee128ca8d54f93b81fb84804e7a8a2.e3iSbxaKaheRe34Sa3yKbhiTahb0n6jAmljGr5XDqQLvpAe HTTP/1.1" 200 4164
181.54.57.138 - - [09/Dec/2014:05:46:52 -0500] "POST /forms/lservlet;jsessionid=ac16012b30d536ee128ca8d54f93b81fb84804e7a8a2.e3iSbxaKaheRe34Sa3yKbhiTahb0n6jAmljGr5XDqQLvpAe HTTP/1.1" 200 2
157.55.39.12 - - [09/Dec/2014:05:46:52 -0500] "GET /bla/resoluciones/resoluciones%202009/1002.pdf HTTP/1.1" 200 412717
186.154.85.200 - - [09/Dec/2014:05:46:53 -0500] "POST /forms/lservlet;jsessionid=ac16012b30d5dc42fff3b67e4e98b103908af20e5c2a.e3iSbxaKaheRe34Sa3yKbhiTahb0n6jAmljGr5XDqQLvpAe HTTP/1.1" 200 26
186.154.85.200 - - [09/Dec/2014:05:46:53 -0500] "POST /forms/lservlet;jsessionid=ac16012b30d5dc42fff3b67e4e98b103908af20e5c2a.e3iSbxaKaheRe34Sa3yKbhiTahb0n6jAmljGr5XDqQLvpAe HTTP/1.1" 200 4637
186.154.85.200 - - [09/Dec/2014:05:46:54 -0500] "POST /forms/lservlet;jsessionid=ac16012b30d5dc42fff3b67e4e98b103908af20e5c2a.e3iSbxaKaheRe34Sa3yKbhiTahb0n6jAmljGr5XDqQLvpAe HTTP/1.1" 200 2
190.25.232.143 - - [09/Dec/2014:05:46:55 -0500] "GET /galeria/nivo-slider/themes/orman/orman.css HTTP/1.1" 304 -
186.154.85.200 - - [09/Dec/2014:05:46:57 -0500] "POST /forms/lservlet;jsessionid=ac16012b30d5dc42fff3b67e4e98b103908af20e5c2a.e3iSbxaKaheRe34Sa3yKbhiTahb0n6jAmljGr5XDqQLvpAe HTTP/1.1" 200 71
207.46.13.38 - - [09/Dec/2014:05:47:00 -0500] "GET /BLA/resoluciones/AUTOS%202011/2314.pdf HTTP/1.1" 200 92205
157.55.39.13 - - [09/Dec/2014:05:47:10 -0500] "GET /BLA/resoluciones/RESOLUCIONES%202011/0884.pdf HTTP/1.1" 200 65167
157.55.39.103 - - [09/Dec/2014:05:47:15 -0500] "GET /BLA/resoluciones/Resoluciones%202011/0936.pdf HTTP/1.1" 200 65745
157.55.39.103 - - [09/Dec/2014:05:47:16 -0500] "GET /BLA/resoluciones/AUTOS%202009/2112.pdf HTTP/1.1" 200 102327
157.55.39.103 - - [09/Dec/2014:05:47:16 -0500] "GET /BLA/resoluciones/AUTOS%202009/0886.pdf HTTP/1.1" 200 115824
181.54.57.138 - - [09/Dec/2014:05:47:28 -0500] "POST /forms/lservlet;jsessionid=ac16012b30d536ee128ca8d54f93b81fb84804e7a8a2.e3iSbxaKaheRe34Sa3yKbhiTahb0n6jAmljGr5XDqQLvpAe HTTP/1.1" 200 2
207.46.13.38 - - [09/Dec/2014:05:47:36 -0500] "GET /bla/resoluciones/resoluciones%202009/2061.pdf HTTP/1.1" 200 750966
186.154.85.200 - - [09/Dec/2014:05:47:41 -0500] "POST /forms/lservlet;jsessionid=ac16012b30d5dc42fff3b67e4e98b103908af20e5c2a.e3iSbxaKaheRe34Sa3yKbhiTahb0n6jAmljGr5XDqQLvpAe HTTP/1.1" 200 2
157.55.39.104 - - [09/Dec/2014:05:47:44 -0500] "GET /bla/resoluciones/resoluciones%202009/5189.pdf HTTP/1.1" 200 202303
157.55.39.104 - - [09/Dec/2014:05:47:44 -0500] "GET /bla/resoluciones/resoluciones%202010/0304.pdf HTTP/1.1" 200 531991
207.46.13.38 - - [09/Dec/2014:05:47:48 -0500] "GET /BLA/resoluciones/RESOLUCIONES%202010/0519.pdf HTTP/1.1" 200 640974
207.46.13.38 - - [09/Dec/2014:05:47:49 -0500] "GET /BLA/resoluciones/RESOLUCIONES%202008/1968.pdf HTTP/1.1" 200 57321
157.55.39.104 - - [09/Dec/2014:05:47:58 -0500] "GET /bla/resoluciones/resoluciones%202010/5548.pdf HTTP/1.1" 200 341247
157.55.39.13 - - [09/Dec/2014:05:48:03 -0500] "GET /bla/resoluciones/RESOLUCIONES%202011/1158.pdf HTTP/1.1" 200 408088
207.46.13.38 - - [09/Dec/2014:05:48:21 -0500] "GET /bla/resoluciones/RESOLUCIONES%202011/2277.pdf HTTP/1.1" 200 491750
157.55.39.103 - - [09/Dec/2014:05:48:26 -0500] "GET /BLA/resoluciones/AUTOS%202011/4360.pdf HTTP/1.1" 200 162717
181.60.221.206 - - [09/Dec/2014:05:48:27 -0500] "GET /BLA/boletinlegal/js/jquery.scrollShow.js HTTP/1.1" 200 4586
181.60.221.206 - - [09/Dec/2014:05:48:27 -0500] "GET /BLA/boletinlegal/js/jquery.js HTTP/1.1" 200 57254
181.60.221.206 - - [09/Dec/2014:05:48:27 -0500] "GET /BLA/boletinlegal/js/jquery.scrollTo-min.js HTTP/1.1" 200 1150
157.55.39.104 - - [09/Dec/2014:05:48:40 -0500] "GET /BLA/resoluciones/RESOLUCIONES%202010/1983.pdf HTTP/1.1" 200 339832
207.46.13.38 - - [09/Dec/2014:05:48:52 -0500] "GET /bla/resoluciones/resoluciones%202009/2336.pdf HTTP/1.1" 200 766450
191.71.15.133 - - [09/Dec/2014:05:48:57 -0500] "GET /BLA/boletinlegal/js/jquery.scrollShow.js HTTP/1.1" 200 4586
191.71.15.133 - - [09/Dec/2014:05:48:57 -0500] "GET /BLA/boletinlegal/js/jquery.scrollTo-min.js HTTP/1.1" 200 1150
191.71.15.133 - - [09/Dec/2014:05:48:57 -0500] "GET /BLA/boletinlegal/js/jquery.js HTTP/1.1" 200 57254
181.54.57.138 - - [09/Dec/2014:05:48:59 -0500] "POST /forms/lservlet;jsessionid=ac16012b30d536ee128ca8d54f93b81fb84804e7a8a2.e3iSbxaKaheRe34Sa3yKbhiTahb0n6jAmljGr5XDqQLvpAe HTTP/1.1" 200 2
181.54.57.138 - - [09/Dec/2014:05:48:59 -0500] "POST /forms/lservlet;jsessionid=ac16012b30d536ee128ca8d54f93b81fb84804e7a8a2.e3iSbxaKaheRe34Sa3yKbhiTahb0n6jAmljGr5XDqQLvpAe HTTP/1.1" 200 2356
181.54.57.138 - - [09/Dec/2014:05:48:59 -0500] "POST /forms/lservlet;jsessionid=ac16012b30d536ee128ca8d54f93b81fb84804e7a8a2.e3iSbxaKaheRe34Sa3yKbhiTahb0n6jAmljGr5XDqQLvpAe HTTP/1.1" 200 10
181.54.57.138 - - [09/Dec/2014:05:49:05 -0500] "POST /forms/lservlet;jsessionid=ac16012b30d536ee128ca8d54f93b81fb84804e7a8a2.e3iSbxaKaheRe34Sa3yKbhiTahb0n6jAmljGr5XDqQLvpAe HTTP/1.1" 200 24
181.54.57.138 - - [09/Dec/2014:05:49:05 -0500] "POST /forms/lservlet;jsessionid=ac16012b30d536ee128ca8d54f93b81fb84804e7a8a2.e3iSbxaKaheRe34Sa3yKbhiTahb0n6jAmljGr5XDqQLvpAe HTTP/1.1" 200 4009
181.54.57.138 - - [09/Dec/2014:05:49:06 -0500] "POST /forms/lservlet;jsessionid=ac16012b30d536ee128ca8d54f93b81fb84804e7a8a2.e3iSbxaKaheRe34Sa3yKbhiTahb0n6jAmljGr5XDqQLvpAe HTTP/1.1" 200 2
181.54.57.138 - - [09/Dec/2014:05:49:06 -0500] "POST /forms/lservlet;jsessionid=ac16012b30d536ee128ca8d54f93b81fb84804e7a8a2.e3iSbxaKaheRe34Sa3yKbhiTahb0n6jAmljGr5XDqQLvpAe HTTP/1.1" 200 99
181.54.57.138 - - [09/Dec/2014:05:49:21 -0500] "POST /forms/lservlet;jsessionid=ac16012b30d536ee128ca8d54f93b81fb84804e7a8a2.e3iSbxaKaheRe34Sa3yKbhiTahb0n6jAmljGr5XDqQLvpAe HTTP/1.1" 200 2
181.54.57.138 - - [09/Dec/2014:05:49:21 -0500] "POST /forms/lservlet;jsessionid=ac16012b30d536ee128ca8d54f93b81fb84804e7a8a2.e3iSbxaKaheRe34Sa3yKbhiTahb0n6jAmljGr5XDqQLvpAe HTTP/1.1" 200 8
181.54.57.138 - - [09/Dec/2014:05:49:21 -0500] "POST /forms/lservlet;jsessionid=ac16012b30d536ee128ca8d54f93b81fb84804e7a8a2.e3iSbxaKaheRe34Sa3yKbhiTahb0n6jAmljGr5XDqQLvpAe HTTP/1.1" 200 2
181.54.57.138 - - [09/Dec/2014:05:49:21 -0500] "POST /forms/lservlet;jsessionid=ac16012b30d536ee128ca8d54f93b81fb84804e7a8a2.e3iSbxaKaheRe34Sa3yKbhiTahb0n6jAmljGr5XDqQLvpAe HTTP/1.1" 200 91
181.54.57.138 - - [09/Dec/2014:05:49:21 -0500] "POST /forms/lservlet;jsessionid=ac16012b30d536ee128ca8d54f93b81fb84804e7a8a2.e3iSbxaKaheRe34Sa3yKbhiTahb0n6jAmljGr5XDqQLvpAe HTTP/1.1" 200 8
181.54.57.138 - - [09/Dec/2014:05:49:21 -0500] "POST /forms/lservlet;jsessionid=ac16012b30d536ee128ca8d54f93b81fb84804e7a8a2.e3iSbxaKaheRe34Sa3yKbhiTahb0n6jAmljGr5XDqQLvpAe HTTP/1.1" 200 2
157.55.39.103 - - [09/Dec/2014:05:49:25 -0500] "GET /BLA/resoluciones/AUTOS%202012/0523.pdf HTTP/1.1" 200 457709
181.54.57.138 - - [09/Dec/2014:05:49:28 -0500] "POST /forms/lservlet;jsessionid=ac16012b30d536ee128ca8d54f93b81fb84804e7a8a2.e3iSbxaKaheRe34Sa3yKbhiTahb0n6jAmljGr5XDqQLvpAe HTTP/1.1" 200 2
181.54.57.138 - - [09/Dec/2014:05:49:31 -0500] "POST /forms/lservlet;jsessionid=ac16012b30d536ee128ca8d54f93b81fb84804e7a8a2.e3iSbxaKaheRe34Sa3yKbhiTahb0n6jAmljGr5XDqQLvpAe HTTP/1.1" 200 146
157.55.39.103 - - [09/Dec/2014:05:49:37 -0500] "GET /BLA/resoluciones/RESOLUCIONES%202011/1238.pdf HTTP/1.1" 200 475533
157.55.39.12 - - [09/Dec/2014:05:49:40 -0500] "GET /BLA/resoluciones/Resoluciones%202011/0768.pdf HTTP/1.1" 200 60847
186.154.85.200 - - [09/Dec/2014:05:49:42 -0500] "POST /forms/lservlet;jsessionid=ac16012b30d5dc42fff3b67e4e98b103908af20e5c2a.e3iSbxaKaheRe34Sa3yKbhiTahb0n6jAmljGr5XDqQLvpAe HTTP/1.1" 200 2
207.46.13.38 - - [09/Dec/2014:05:49:44 -0500] "GET /BLA/resoluciones/AUTOS%202009/1054.pdf HTTP/1.1" 200 173187
180.76.5.170 - - [09/Dec/2014:05:50:01 -0500] "GET /BLA/resoluciones/RESOLUCIONES%202010/2302.pdf HTTP/1.1" 200 489303
207.46.13.38 - - [09/Dec/2014:05:50:02 -0500] "GET /BLA/resoluciones/RESOLUCIONES%202008/1854.pdf HTTP/1.1" 200 120847
