201.245.192.253 - - [09/Dec/2014:08:37:43 -0500] "GET /forest/skins/gdocs-jar/img/eye.gif HTTP/1.1" 304 -
201.245.192.253 - - [09/Dec/2014:08:37:43 -0500] "GET /forest/skins/gdocs-jar/img/more_details.gif HTTP/1.1" 200 617
201.245.192.253 - - [09/Dec/2014:08:37:43 -0500] "GET /forest/css/escritorio.css HTTP/1.1" 304 -
201.245.192.253 - - [09/Dec/2014:08:37:43 -0500] "GET /forest/img/nav_last.gif HTTP/1.1" 304 -
201.245.192.253 - - [09/Dec/2014:08:37:43 -0500] "GET /forest/img/nav_next.gif HTTP/1.1" 304 -
201.245.192.253 - - [09/Dec/2014:08:37:45 -0500] "GET /forest/skins/gdocs-jar/popup/popup.jsp?width=900&height=600&title=Informaci%F3n%20de%20proceso&uri=/forest/system/process.jsp%3FnumPro%3D2960681&name=undefined&_a=0.9741380755360347&a=0.4469988950405421 HTTP/1.1" 200 1312
186.29.111.48 - - [09/Dec/2014:08:37:45 -0500] "POST /forms/lservlet;jsessionid=ac16012b30d57aaec73d04a84704a494f6f2c724de00.e3iSbxaKaheRe34Sa3yKbhiTahb0n6jAmljGr5XDqQLvpAe HTTP/1.1" 200 278
201.245.192.253 - - [09/Dec/2014:08:37:45 -0500] "GET /forest/system/process.jsp?numPro=2960681 HTTP/1.1" 200 139694
201.245.192.253 - - [09/Dec/2014:08:37:45 -0500] "GET /forest/css/dialog.css HTTP/1.1" 304 -
201.245.192.253 - - [09/Dec/2014:08:37:45 -0500] "GET /forest/1ibre/protoaculous.js HTTP/1.1" 304 -
201.245.192.253 - - [09/Dec/2014:08:37:45 -0500] "GET /forest/1ibre/1ibre.js HTTP/1.1" 304 -
201.245.192.253 - - [09/Dec/2014:08:37:45 -0500] "GET /forest/css/index.css HTTP/1.1" 304 -
201.245.192.253 - - [09/Dec/2014:08:37:45 -0500] "GET /forest/skins/gdocs-jar/img/activity2.gif HTTP/1.1" 304 -
201.245.192.253 - - [09/Dec/2014:08:37:45 -0500] "GET /forest/skins/gdocs-jar/img/itemlist.gif HTTP/1.1" 304 -
201.245.192.253 - - [09/Dec/2014:08:37:45 -0500] "GET /forest/skins/gdocs-jar/img/expandido.gif HTTP/1.1" 304 -
201.245.192.253 - - [09/Dec/2014:08:37:45 -0500] "GET /forest/skins/gdocs-jar/img/mueveactividad.gif HTTP/1.1" 304 -
201.245.192.253 - - [09/Dec/2014:08:37:45 -0500] "GET /forest/skins/gdocs-jar/img/clip.gif HTTP/1.1" 304 -
201.245.192.253 - - [09/Dec/2014:08:37:45 -0500] "GET /forest/skins/gdocs-jar/img/ok.gif HTTP/1.1" 304 -
201.245.192.253 - - [09/Dec/2014:08:37:45 -0500] "GET /forest/skins/gdocs-jar/img/icons/doc.gif HTTP/1.1" 304 -
201.245.192.253 - - [09/Dec/2014:08:37:45 -0500] "GET /forest/skins/gdocs-jar/img/icons/p7z.gif HTTP/1.1" 304 -
201.245.192.253 - - [09/Dec/2014:08:37:45 -0500] "GET /forest/skins/gdocs-jar/img/alert.gif HTTP/1.1" 304 -
186.29.111.48 - - [09/Dec/2014:08:37:46 -0500] "POST /forms/lservlet;jsessionid=ac16012b30d57aaec73d04a84704a494f6f2c724de00.e3iSbxaKaheRe34Sa3yKbhiTahb0n6jAmljGr5XDqQLvpAe HTTP/1.1" 200 11
157.55.39.12 - - [09/Dec/2014:08:37:46 -0500] "-" 408 -
186.29.111.48 - - [09/Dec/2014:08:37:47 -0500] "POST /forms/lservlet;jsessionid=ac16012b30d57aaec73d04a84704a494f6f2c724de00.e3iSbxaKaheRe34Sa3yKbhiTahb0n6jAmljGr5XDqQLvpAe HTTP/1.1" 200 144
186.29.111.48 - - [09/Dec/2014:08:37:49 -0500] "POST /forms/lservlet;jsessionid=ac16012b30d57aaec73d04a84704a494f6f2c724de00.e3iSbxaKaheRe34Sa3yKbhiTahb0n6jAmljGr5XDqQLvpAe HTTP/1.1" 200 2
186.29.111.48 - - [09/Dec/2014:08:37:49 -0500] "POST /forms/lservlet;jsessionid=ac16012b30d57aaec73d04a84704a494f6f2c724de00.e3iSbxaKaheRe34Sa3yKbhiTahb0n6jAmljGr5XDqQLvpAe HTTP/1.1" 200 2382
186.29.111.48 - - [09/Dec/2014:08:37:49 -0500] "GET /imagenes/Srch_frw.gif HTTP/1.1" 200 925
186.29.111.48 - - [09/Dec/2014:08:37:49 -0500] "POST /forms/lservlet;jsessionid=ac16012b30d57aaec73d04a84704a494f6f2c724de00.e3iSbxaKaheRe34Sa3yKbhiTahb0n6jAmljGr5XDqQLvpAe HTTP/1.1" 200 19
186.29.111.48 - - [09/Dec/2014:08:37:50 -0500] "POST /forms/lservlet;jsessionid=ac16012b30d57aaec73d04a84704a494f6f2c724de00.e3iSbxaKaheRe34Sa3yKbhiTahb0n6jAmljGr5XDqQLvpAe HTTP/1.1" 200 27
201.245.192.253 - - [09/Dec/2014:08:37:50 -0500] "GET /forest/documentos/1968610/2014EE198209.docx HTTP/1.1" 200 171007
186.29.111.48 - - [09/Dec/2014:08:37:51 -0500] "POST /forms/lservlet;jsessionid=ac16012b30d57aaec73d04a84704a494f6f2c724de00.e3iSbxaKaheRe34Sa3yKbhiTahb0n6jAmljGr5XDqQLvpAe HTTP/1.1" 200 21
186.29.111.48 - - [09/Dec/2014:08:37:51 -0500] "POST /forms/lservlet;jsessionid=ac16012b30d57aaec73d04a84704a494f6f2c724de00.e3iSbxaKaheRe34Sa3yKbhiTahb0n6jAmljGr5XDqQLvpAe HTTP/1.1" 200 14
201.245.192.253 - - [09/Dec/2014:08:37:52 -0500] "OPTIONS /forest/documentos/1968610/ HTTP/1.1" 200 -
201.245.192.253 - - [09/Dec/2014:08:37:52 -0500] "OPTIONS /forest/documentos/1968610/ HTTP/1.1" 200 -
201.245.192.253 - - [09/Dec/2014:08:37:53 -0500] "HEAD /forest/documentos/1968610/2014EE198209.docx HTTP/1.1" 200 -
186.29.111.48 - - [09/Dec/2014:08:37:53 -0500] "POST /forms/lservlet;jsessionid=ac16012b30d57aaec73d04a84704a494f6f2c724de00.e3iSbxaKaheRe34Sa3yKbhiTahb0n6jAmljGr5XDqQLvpAe HTTP/1.1" 200 3346
186.29.111.48 - - [09/Dec/2014:08:37:53 -0500] "POST /forms/lservlet;jsessionid=ac16012b30d57aaec73d04a84704a494f6f2c724de00.e3iSbxaKaheRe34Sa3yKbhiTahb0n6jAmljGr5XDqQLvpAe HTTP/1.1" 200 20
186.29.111.48 - - [09/Dec/2014:08:37:54 -0500] "POST /forms/lservlet;jsessionid=ac16012b30d57aaec73d04a84704a494f6f2c724de00.e3iSbxaKaheRe34Sa3yKbhiTahb0n6jAmljGr5XDqQLvpAe HTTP/1.1" 200 134
186.87.69.29 - - [09/Dec/2014:08:37:54 -0500] "GET /BLA/boletinlegal/js/jquery.scrollTo-min.js HTTP/1.1" 200 1150
186.87.69.29 - - [09/Dec/2014:08:37:54 -0500] "GET /BLA/boletinlegal/js/jquery.js HTTP/1.1" 200 57254
186.87.69.29 - - [09/Dec/2014:08:37:54 -0500] "GET /BLA/boletinlegal/js/jquery.scrollShow.js HTTP/1.1" 200 4586
186.87.69.29 - - [09/Dec/2014:08:37:56 -0500] "GET /galeria/carrusel/Carrusel/jquery.thumbnailScroller.css HTTP/1.1" 200 2066
186.29.111.48 - - [09/Dec/2014:08:37:59 -0500] "POST /forms/lservlet;jsessionid=ac16012b30d57aaec73d04a84704a494f6f2c724de00.e3iSbxaKaheRe34Sa3yKbhiTahb0n6jAmljGr5XDqQLvpAe HTTP/1.1" 200 72
186.29.111.48 - - [09/Dec/2014:08:38:00 -0500] "POST /forms/lservlet;jsessionid=ac16012b30d57aaec73d04a84704a494f6f2c724de00.e3iSbxaKaheRe34Sa3yKbhiTahb0n6jAmljGr5XDqQLvpAe HTTP/1.1" 200 2
186.29.111.48 - - [09/Dec/2014:08:38:00 -0500] "POST /forms/lservlet;jsessionid=ac16012b30d57aaec73d04a84704a494f6f2c724de00.e3iSbxaKaheRe34Sa3yKbhiTahb0n6jAmljGr5XDqQLvpAe HTTP/1.1" 200 2190
186.29.111.48 - - [09/Dec/2014:08:38:00 -0500] "POST /forms/lservlet;jsessionid=ac16012b30d57aaec73d04a84704a494f6f2c724de00.e3iSbxaKaheRe34Sa3yKbhiTahb0n6jAmljGr5XDqQLvpAe HTTP/1.1" 200 10
157.55.39.104 - - [09/Dec/2014:08:38:01 -0500] "GET /BLA/resoluciones/RESOLUCIONES%202009/0618.pdf HTTP/1.1" 200 288532
186.29.111.48 - - [09/Dec/2014:08:38:01 -0500] "POST /forms/lservlet;jsessionid=ac16012b30d57aaec73d04a84704a494f6f2c724de00.e3iSbxaKaheRe34Sa3yKbhiTahb0n6jAmljGr5XDqQLvpAe HTTP/1.1" 200 2
186.29.111.48 - - [09/Dec/2014:08:38:01 -0500] "POST /forms/lservlet;jsessionid=ac16012b30d57aaec73d04a84704a494f6f2c724de00.e3iSbxaKaheRe34Sa3yKbhiTahb0n6jAmljGr5XDqQLvpAe HTTP/1.1" 200 3022
186.29.111.48 - - [09/Dec/2014:08:38:02 -0500] "POST /forms/lservlet;jsessionid=ac16012b30d57aaec73d04a84704a494f6f2c724de00.e3iSbxaKaheRe34Sa3yKbhiTahb0n6jAmljGr5XDqQLvpAe HTTP/1.1" 200 2
66.249.75.67 - - [09/Dec/2014:08:38:02 -0500] "GET /BLA/resoluciones/AUTOS%202013/2332.pdf HTTP/1.1" 200 245911
188.165.15.10 - - [09/Dec/2014:08:38:03 -0500] "GET /BLA/resoluciones/RESOLUCIONES%202006/RES%202006%201051-1100/00001090.tif HTTP/1.1" 200 220598
201.245.192.253 - - [09/Dec/2014:08:38:03 -0500] "GET /forest/documentos/1968610/2014EE198209.docx HTTP/1.1" 200 171007
157.55.39.13 - - [09/Dec/2014:08:38:05 -0500] "GET /bla/resoluciones/resoluciones%202010/5996.pdf HTTP/1.1" 200 944913
201.245.192.253 - - [09/Dec/2014:08:38:08 -0500] "HEAD /forest/documentos/1968610/2014EE198209.docx HTTP/1.1" 200 -
157.55.39.13 - - [09/Dec/2014:08:38:15 -0500] "GET /BLA/resoluciones/RESOLUCIONES%202009/0049.pdf HTTP/1.1" 200 192322
190.10.2.78 - - [09/Dec/2014:08:38:16 -0500] "GET /BLA/boletinlegal/js/jquery.js HTTP/1.1" 200 57254
190.10.2.78 - - [09/Dec/2014:08:38:16 -0500] "GET /BLA/boletinlegal/js/jquery.scrollTo-min.js HTTP/1.1" 200 1150
190.10.2.78 - - [09/Dec/2014:08:38:16 -0500] "GET /BLA/boletinlegal/js/jquery.scrollShow.js HTTP/1.1" 200 4586
157.55.39.16 - - [09/Dec/2014:08:38:20 -0500] "GET /bla/resoluciones/RESOLUCIONES%202011/0677.pdf HTTP/1.1" 200 74219
157.55.39.16 - - [09/Dec/2014:08:38:20 -0500] "GET /BLA/resoluciones/RESOLUCIONES%202008/2330.pdf HTTP/1.1" 200 201799
157.55.39.16 - - [09/Dec/2014:08:38:21 -0500] "GET /BLA/resoluciones/RESOLUCIONES%202010/0142.pdf HTTP/1.1" 200 108804
180.76.6.56 - - [09/Dec/2014:08:38:22 -0500] "GET /BLA/resoluciones/RESOLUCIONES%202008/1139.pdf HTTP/1.1" 200 326669
186.87.69.29 - - [09/Dec/2014:08:38:23 -0500] "GET /galeria/carrusel/Carrusel/jquery-ui-1.8.13.custom.min.js HTTP/1.1" 200 10800
180.76.5.192 - - [09/Dec/2014:08:38:26 -0500] "GET /BLA/resoluciones/RESOLUCIONES%202008/1139.pdf HTTP/1.1" 200 326669
201.245.192.253 - - [09/Dec/2014:08:38:26 -0500] "GET /forest/skins/gdocs-jar/popup/popup.jsp?width=850&height=380&title=Informaci%F3n%20del%20radicado&uri=/forest/system/document.jsp%3FcodDoc%3D1968610&name=undefined&_a=0.2415980590582973&a=0.6496882566425973 HTTP/1.1" 200 1315
201.245.192.253 - - [09/Dec/2014:08:38:26 -0500] "GET /forest/system/document.jsp?codDoc=1968610 HTTP/1.1" 200 28185
157.55.39.16 - - [09/Dec/2014:08:38:28 -0500] "GET /BLA/resoluciones/AUTOS%202011/4319.pdf HTTP/1.1" 200 199409
157.55.39.13 - - [09/Dec/2014:08:38:29 -0500] "-" 408 -
186.87.69.29 - - [09/Dec/2014:08:38:30 -0500] "GET /galeria/carrusel/Carrusel/jquery.thumbnailScroller.js HTTP/1.1" 200 8157
207.46.13.38 - - [09/Dec/2014:08:38:31 -0500] "GET /BLA/resoluciones/RESOLUCIONES%202011/2044.pdf HTTP/1.1" 200 774484
190.85.94.190 - - [09/Dec/2014:08:38:32 -0500] "GET /BLA/boletinlegal/js/jquery.js HTTP/1.1" 200 57254
190.85.94.190 - - [09/Dec/2014:08:38:32 -0500] "GET /galeria/carrusel/Carrusel/jquery.thumbnailScroller.css HTTP/1.1" 200 2066
190.85.94.190 - - [09/Dec/2014:08:38:32 -0500] "GET /BLA/boletinlegal/js/jquery.scrollTo-min.js HTTP/1.1" 200 1150
190.85.94.190 - - [09/Dec/2014:08:38:32 -0500] "GET /galeria/carrusel/Carrusel/jquery-ui-1.8.13.custom.min.js HTTP/1.1" 200 10800
190.85.94.190 - - [09/Dec/2014:08:38:32 -0500] "GET /BLA/boletinlegal/js/jquery.scrollShow.js HTTP/1.1" 200 4586
190.85.94.190 - - [09/Dec/2014:08:38:32 -0500] "GET /galeria/carrusel/Carrusel/jquery.thumbnailScroller.js HTTP/1.1" 200 8157
190.85.94.190 - - [09/Dec/2014:08:38:34 -0500] "GET /galeria/nivo-slider/demo/demo.html HTTP/1.1" 200 3572
190.85.94.190 - - [09/Dec/2014:08:38:34 -0500] "GET /galeria/nivo-slider/themes/default/default.css HTTP/1.1" 200 1569
190.85.94.190 - - [09/Dec/2014:08:38:34 -0500] "GET /galeria/nivo-slider/themes/pascal/pascal.css HTTP/1.1" 200 2258
190.85.94.190 - - [09/Dec/2014:08:38:34 -0500] "GET /galeria/nivo-slider/nivo-slider.css HTTP/1.1" 200 1507
190.85.94.190 - - [09/Dec/2014:08:38:34 -0500] "GET /galeria/nivo-slider/themes/orman/orman.css HTTP/1.1" 200 2152
190.85.94.190 - - [09/Dec/2014:08:38:34 -0500] "GET /galeria/nivo-slider/demo/style.css HTTP/1.1" 200 2222
190.85.94.190 - - [09/Dec/2014:08:38:34 -0500] "GET /galeria/nivo-slider/demo/scripts/jquery-1.7.1.min.js HTTP/1.1" 200 93868
190.85.94.190 - - [09/Dec/2014:08:38:34 -0500] "GET /galeria/nivo-slider/jquery.nivo.slider.pack.js HTTP/1.1" 200 11561
180.76.5.28 - - [09/Dec/2014:08:38:34 -0500] "GET /BLA/boletinlegal/circulares/2012IE017270.pdf HTTP/1.1" 200 233051
186.29.111.48 - - [09/Dec/2014:08:38:35 -0500] "POST /forms/lservlet;jsessionid=ac16012b30d57aaec73d04a84704a494f6f2c724de00.e3iSbxaKaheRe34Sa3yKbhiTahb0n6jAmljGr5XDqQLvpAe HTTP/1.1" 200 2
190.85.94.190 - - [09/Dec/2014:08:38:35 -0500] "GET /galeria/nivo-slider/themes/default/loading.gif HTTP/1.1" 200 1737
186.29.111.48 - - [09/Dec/2014:08:38:35 -0500] "POST /forms/lservlet;jsessionid=ac16012b30d57aaec73d04a84704a494f6f2c724de00.e3iSbxaKaheRe34Sa3yKbhiTahb0n6jAmljGr5XDqQLvpAe HTTP/1.1" 200 2479
186.29.111.48 - - [09/Dec/2014:08:38:35 -0500] "GET /imagenes/Srch_frw.gif HTTP/1.1" 200 925
186.29.111.48 - - [09/Dec/2014:08:38:35 -0500] "POST /forms/lservlet;jsessionid=ac16012b30d57aaec73d04a84704a494f6f2c724de00.e3iSbxaKaheRe34Sa3yKbhiTahb0n6jAmljGr5XDqQLvpAe HTTP/1.1" 200 10
186.29.111.48 - - [09/Dec/2014:08:38:36 -0500] "POST /forms/lservlet;jsessionid=ac16012b30d57aaec73d04a84704a494f6f2c724de00.e3iSbxaKaheRe34Sa3yKbhiTahb0n6jAmljGr5XDqQLvpAe HTTP/1.1" 200 46
157.55.39.103 - - [09/Dec/2014:08:38:36 -0500] "GET /bla/resoluciones/resoluciones%202010/5581.pdf HTTP/1.1" 200 1600100
190.85.94.190 - - [09/Dec/2014:08:38:36 -0500] "GET /galeria/nivo-slider/demo/images/4Simple_Slider.png HTTP/1.1" 200 11722
190.85.94.190 - - [09/Dec/2014:08:38:36 -0500] "GET /galeria/nivo-slider/demo/images/banner-musgo.jpg HTTP/1.1" 200 49513
190.85.94.190 - - [09/Dec/2014:08:38:36 -0500] "GET /galeria/nivo-slider/demo/images/RdaNegociosFiltros.jpg HTTP/1.1" 200 77155
190.85.94.190 - - [09/Dec/2014:08:38:36 -0500] "GET /galeria/nivo-slider/demo/images/Jornada-adopcion.jpg HTTP/1.1" 200 79705
190.85.94.190 - - [09/Dec/2014:08:38:36 -0500] "GET /galeria/nivo-slider/demo/images/BogotaSostenible.jpg HTTP/1.1" 200 206863
190.85.94.190 - - [09/Dec/2014:08:38:37 -0500] "GET /galeria/nivo-slider/demo/images/Banner-GAE3.jpg HTTP/1.1" 200 146354
190.85.94.190 - - [09/Dec/2014:08:38:37 -0500] "GET /galeria/nivo-slider/demo/images/Banner-comparendo.jpg HTTP/1.1" 200 388762
190.85.94.190 - - [09/Dec/2014:08:38:37 -0500] "GET /galeria/nivo-slider/demo/images/Biotaxis-Man.jpg HTTP/1.1" 200 99362
190.85.94.190 - - [09/Dec/2014:08:38:37 -0500] "GET /galeria/nivo-slider/demo/images/Tingua-azul.jpg HTTP/1.1" 200 307638
190.85.94.190 - - [09/Dec/2014:08:38:37 -0500] "GET /galeria/nivo-slider/demo/images/porloshumedales.jpg HTTP/1.1" 200 351238
190.85.94.190 - - [09/Dec/2014:08:38:37 -0500] "GET /galeria/nivo-slider/demo/images/Banner-Caracol-Africano.jpg HTTP/1.1" 200 331986
190.85.94.190 - - [09/Dec/2014:08:38:37 -0500] "GET /galeria/nivo-slider/demo/images/banner-redes.jpg HTTP/1.1" 200 62209
180.76.5.188 - - [09/Dec/2014:08:38:38 -0500] "GET /BLA/boletinlegal/circulares/2012IE017270.pdf HTTP/1.1" 200 233051
190.85.94.190 - - [09/Dec/2014:08:38:38 -0500] "GET /galeria/nivo-slider/demo/images/9Signos.jpg HTTP/1.1" 200 93040
157.55.39.191 - - [09/Dec/2014:08:38:38 -0500] "GET /BLA/resoluciones/RESOLUCIONES%202009/2076.pdf HTTP/1.1" 200 514113
190.85.94.190 - - [09/Dec/2014:08:38:38 -0500] "GET /galeria/nivo-slider/demo/images/banner-caballos.png HTTP/1.1" 200 389106
190.85.94.190 - - [09/Dec/2014:08:38:38 -0500] "GET /galeria/nivo-slider/demo/images/Hacienda_Molinos.jpg HTTP/1.1" 200 319171
190.85.94.190 - - [09/Dec/2014:08:38:38 -0500] "GET /galeria/nivo-slider/demo/images/bannerEcolecta3.jpg HTTP/1.1" 200 280034
190.85.94.190 - - [09/Dec/2014:08:38:40 -0500] "GET /galeria/nivo-slider/themes/default/bullets.png HTTP/1.1" 200 1281
190.85.94.190 - - [09/Dec/2014:08:38:40 -0500] "GET /galeria/nivo-slider/themes/default/arrows.png HTTP/1.1" 200 824
188.165.15.44 - - [09/Dec/2014:08:38:40 -0500] "GET /BLA/resoluciones/RESOLUCIONES%202006/RES%202006%201801-1850/00001828.tif HTTP/1.1" 200 59810
186.29.111.48 - - [09/Dec/2014:08:38:41 -0500] "POST /forms/lservlet;jsessionid=ac16012b30d57aaec73d04a84704a494f6f2c724de00.e3iSbxaKaheRe34Sa3yKbhiTahb0n6jAmljGr5XDqQLvpAe HTTP/1.1" 200 40
190.85.94.190 - - [09/Dec/2014:08:38:41 -0500] "GET /videos/Spot_CambioClimatico.flv HTTP/1.1" 200 4371917
186.29.111.48 - - [09/Dec/2014:08:38:41 -0500] "POST /forms/lservlet;jsessionid=ac16012b30d57aaec73d04a84704a494f6f2c724de00.e3iSbxaKaheRe34Sa3yKbhiTahb0n6jAmljGr5XDqQLvpAe HTTP/1.1" 200 8
186.29.111.48 - - [09/Dec/2014:08:38:41 -0500] "POST /forms/lservlet;jsessionid=ac16012b30d57aaec73d04a84704a494f6f2c724de00.e3iSbxaKaheRe34Sa3yKbhiTahb0n6jAmljGr5XDqQLvpAe HTTP/1.1" 200 2
207.46.13.38 - - [09/Dec/2014:08:38:43 -0500] "GET /bla/resoluciones/resoluciones%202009/8823.pdf HTTP/1.1" 200 932715
207.46.13.38 - - [09/Dec/2014:08:38:43 -0500] "GET /BLA/resoluciones/AUTOS%202010/1367.pdf HTTP/1.1" 200 241279
207.46.13.38 - - [09/Dec/2014:08:38:44 -0500] "GET /BLA/resoluciones/RESOLUCIONES%202008/2418.pdf HTTP/1.1" 200 216721
186.29.111.48 - - [09/Dec/2014:08:38:46 -0500] "POST /forms/lservlet;jsessionid=ac16012b30d57aaec73d04a84704a494f6f2c724de00.e3iSbxaKaheRe34Sa3yKbhiTahb0n6jAmljGr5XDqQLvpAe HTTP/1.1" 200 24
190.68.113.156 - - [09/Dec/2014:08:38:47 -0500] "GET /BLA/boletinlegal/js/jquery.js HTTP/1.1" 200 57254
190.68.113.156 - - [09/Dec/2014:08:38:47 -0500] "GET /BLA/boletinlegal/js/jquery.scrollTo-min.js HTTP/1.1" 200 1150
190.68.113.156 - - [09/Dec/2014:08:38:47 -0500] "GET /BLA/boletinlegal/js/jquery.scrollShow.js HTTP/1.1" 200 4586
186.29.111.48 - - [09/Dec/2014:08:38:46 -0500] "POST /forms/lservlet;jsessionid=ac16012b30d57aaec73d04a84704a494f6f2c724de00.e3iSbxaKaheRe34Sa3yKbhiTahb0n6jAmljGr5XDqQLvpAe HTTP/1.1" 200 4210
186.29.111.48 - - [09/Dec/2014:08:38:47 -0500] "POST /forms/lservlet;jsessionid=ac16012b30d57aaec73d04a84704a494f6f2c724de00.e3iSbxaKaheRe34Sa3yKbhiTahb0n6jAmljGr5XDqQLvpAe HTTP/1.1" 200 20
157.55.39.191 - - [09/Dec/2014:08:38:48 -0500] "GET /BLA/resoluciones/Resoluciones%202011/0807.pdf HTTP/1.1" 200 802974
201.245.192.253 - - [09/Dec/2014:08:38:50 -0500] "GET /galeria/nivo-slider/demo/demo.html HTTP/1.1" 304 -
201.245.192.253 - - [09/Dec/2014:08:38:50 -0500] "GET /galeria/nivo-slider/demo/images/banner-musgo.jpg HTTP/1.1" 304 -
201.245.192.253 - - [09/Dec/2014:08:38:50 -0500] "GET /galeria/nivo-slider/demo/images/RdaNegociosFiltros.jpg HTTP/1.1" 304 -
201.245.192.253 - - [09/Dec/2014:08:38:50 -0500] "GET /galeria/nivo-slider/demo/images/Jornada-adopcion.jpg HTTP/1.1" 304 -
201.245.192.253 - - [09/Dec/2014:08:38:50 -0500] "GET /galeria/nivo-slider/demo/images/BogotaSostenible.jpg HTTP/1.1" 304 -
201.245.192.253 - - [09/Dec/2014:08:38:50 -0500] "GET /galeria/nivo-slider/demo/images/Banner-GAE3.jpg HTTP/1.1" 304 -
201.245.192.253 - - [09/Dec/2014:08:38:50 -0500] "GET /galeria/nivo-slider/demo/images/Biotaxis-Man.jpg HTTP/1.1" 304 -
201.245.192.253 - - [09/Dec/2014:08:38:50 -0500] "GET /galeria/nivo-slider/demo/images/porloshumedales.jpg HTTP/1.1" 304 -
201.245.192.253 - - [09/Dec/2014:08:38:50 -0500] "GET /galeria/nivo-slider/demo/images/9Signos.jpg HTTP/1.1" 304 -
201.245.192.253 - - [09/Dec/2014:08:38:50 -0500] "GET /galeria/nivo-slider/demo/images/Banner-comparendo.jpg HTTP/1.1" 304 -
186.29.111.48 - - [09/Dec/2014:08:38:52 -0500] "POST /forms/lservlet;jsessionid=ac16012b30d57aaec73d04a84704a494f6f2c724de00.e3iSbxaKaheRe34Sa3yKbhiTahb0n6jAmljGr5XDqQLvpAe HTTP/1.1" 200 2
190.60.119.10 - - [09/Dec/2014:08:38:52 -0500] "GET /galeria/nivo-slider/demo/demo.html HTTP/1.1" 200 3572
157.55.39.15 - - [09/Dec/2014:08:38:52 -0500] "GET /bla/resoluciones/RESOLUCIONES%202011/2854.pdf HTTP/1.1" 200 702468
190.60.119.10 - - [09/Dec/2014:08:38:52 -0500] "GET /galeria/nivo-slider/demo/images/banner-musgo.jpg HTTP/1.1" 200 49513
190.60.119.10 - - [09/Dec/2014:08:38:52 -0500] "GET /galeria/nivo-slider/demo/images/RdaNegociosFiltros.jpg HTTP/1.1" 200 77155
190.60.119.10 - - [09/Dec/2014:08:38:52 -0500] "GET /galeria/nivo-slider/themes/default/default.css HTTP/1.1" 304 -
190.60.119.10 - - [09/Dec/2014:08:38:52 -0500] "GET /galeria/nivo-slider/demo/images/Banner-GAE3.jpg HTTP/1.1" 200 146354
190.60.119.10 - - [09/Dec/2014:08:38:52 -0500] "GET /galeria/nivo-slider/demo/images/Jornada-adopcion.jpg HTTP/1.1" 200 79705
190.60.119.10 - - [09/Dec/2014:08:38:52 -0500] "GET /galeria/nivo-slider/demo/images/Banner-comparendo.jpg HTTP/1.1" 200 388762
190.60.119.10 - - [09/Dec/2014:08:38:52 -0500] "GET /galeria/nivo-slider/demo/images/BogotaSostenible.jpg HTTP/1.1" 200 206863
186.29.111.48 - - [09/Dec/2014:08:38:52 -0500] "POST /forms/lservlet;jsessionid=ac16012b30d57aaec73d04a84704a494f6f2c724de00.e3iSbxaKaheRe34Sa3yKbhiTahb0n6jAmljGr5XDqQLvpAe HTTP/1.1" 200 3202
186.29.111.48 - - [09/Dec/2014:08:38:53 -0500] "POST /forms/lservlet;jsessionid=ac16012b30d57aaec73d04a84704a494f6f2c724de00.e3iSbxaKaheRe34Sa3yKbhiTahb0n6jAmljGr5XDqQLvpAe HTTP/1.1" 200 2
190.60.119.10 - - [09/Dec/2014:08:38:53 -0500] "GET /galeria/nivo-slider/demo/images/Biotaxis-Man.jpg HTTP/1.1" 200 99362
190.60.119.10 - - [09/Dec/2014:08:38:54 -0500] "GET /galeria/nivo-slider/demo/images/porloshumedales.jpg HTTP/1.1" 200 351238
190.60.119.10 - - [09/Dec/2014:08:38:54 -0500] "GET /galeria/nivo-slider/demo/images/Tingua-azul.jpg HTTP/1.1" 200 307638
186.29.111.48 - - [09/Dec/2014:08:38:54 -0500] "POST /forms/lservlet;jsessionid=ac16012b30d57aaec73d04a84704a494f6f2c724de00.e3iSbxaKaheRe34Sa3yKbhiTahb0n6jAmljGr5XDqQLvpAe HTTP/1.1" 200 2
186.29.111.48 - - [09/Dec/2014:08:38:54 -0500] "POST /forms/lservlet;jsessionid=ac16012b30d57aaec73d04a84704a494f6f2c724de00.e3iSbxaKaheRe34Sa3yKbhiTahb0n6jAmljGr5XDqQLvpAe HTTP/1.1" 200 5307
186.29.111.48 - - [09/Dec/2014:08:38:55 -0500] "POST /forms/lservlet;jsessionid=ac16012b30d57aaec73d04a84704a494f6f2c724de00.e3iSbxaKaheRe34Sa3yKbhiTahb0n6jAmljGr5XDqQLvpAe HTTP/1.1" 200 2
190.60.119.10 - - [09/Dec/2014:08:38:55 -0500] "GET /galeria/nivo-slider/demo/images/Banner-Caracol-Africano.jpg HTTP/1.1" 200 331986
190.60.119.10 - - [09/Dec/2014:08:38:55 -0500] "GET /galeria/nivo-slider/demo/images/banner-redes.jpg HTTP/1.1" 200 62209
157.55.39.13 - - [09/Dec/2014:08:38:58 -0500] "GET /bla/resoluciones/RESOLUCIONES%202011/1608.pdf HTTP/1.1" 200 73595
190.60.119.10 - - [09/Dec/2014:08:38:58 -0500] "GET /videos/Spot_CambioClimatico.flv HTTP/1.1" 200 4371917
157.55.39.13 - - [09/Dec/2014:08:38:58 -0500] "GET /bla/resoluciones/resoluciones%202009/4357.pdf HTTP/1.1" 200 56548
186.29.111.48 - - [09/Dec/2014:08:38:59 -0500] "POST /forms/lservlet;jsessionid=ac16012b30d57aaec73d04a84704a494f6f2c724de00.e3iSbxaKaheRe34Sa3yKbhiTahb0n6jAmljGr5XDqQLvpAe HTTP/1.1" 200 2
186.29.111.48 - - [09/Dec/2014:08:38:59 -0500] "POST /forms/lservlet;jsessionid=ac16012b30d57aaec73d04a84704a494f6f2c724de00.e3iSbxaKaheRe34Sa3yKbhiTahb0n6jAmljGr5XDqQLvpAe HTTP/1.1" 200 3161
190.60.119.10 - - [09/Dec/2014:08:39:00 -0500] "GET /galeria/nivo-slider/demo/images/bannerEcolecta3.jpg HTTP/1.1" 200 280034
157.55.39.15 - - [09/Dec/2014:08:39:00 -0500] "-" 408 -
190.146.154.10 - - [09/Dec/2014:08:39:02 -0500] "GET /BLA/boletinlegal/js/jquery.js HTTP/1.1" 200 57254
190.146.154.10 - - [09/Dec/2014:08:39:02 -0500] "GET /galeria/carrusel/Carrusel/jquery.thumbnailScroller.css HTTP/1.1" 200 2066
190.146.154.10 - - [09/Dec/2014:08:39:02 -0500] "GET /galeria/carrusel/Carrusel/jquery-ui-1.8.13.custom.min.js HTTP/1.1" 200 10800
190.146.154.10 - - [09/Dec/2014:08:39:02 -0500] "GET /BLA/boletinlegal/js/jquery.scrollTo-min.js HTTP/1.1" 200 1150
190.146.154.10 - - [09/Dec/2014:08:39:02 -0500] "GET /BLA/boletinlegal/js/jquery.scrollShow.js HTTP/1.1" 200 4586
190.146.154.10 - - [09/Dec/2014:08:39:02 -0500] "GET /galeria/carrusel/Carrusel/jquery.thumbnailScroller.js HTTP/1.1" 200 8157
186.29.111.48 - - [09/Dec/2014:08:38:59 -0500] "POST /forms/lservlet;jsessionid=ac16012b30d57aaec73d04a84704a494f6f2c724de00.e3iSbxaKaheRe34Sa3yKbhiTahb0n6jAmljGr5XDqQLvpAe HTTP/1.1" 200 2
190.60.119.10 - - [09/Dec/2014:08:39:03 -0500] "GET /galeria/nivo-slider/demo/images/9Signos.jpg HTTP/1.1" 304 -
190.60.119.10 - - [09/Dec/2014:08:39:03 -0500] "GET /galeria/nivo-slider/demo/images/banner-caballos.png HTTP/1.1" 304 -
190.60.119.10 - - [09/Dec/2014:08:39:03 -0500] "GET /galeria/nivo-slider/demo/images/Hacienda_Molinos.jpg HTTP/1.1" 304 -
157.55.39.191 - - [09/Dec/2014:08:39:03 -0500] "GET /BLA/resoluciones/RESOLUCIONES%202010/2064.pdf HTTP/1.1" 200 164024
190.146.154.10 - - [09/Dec/2014:08:39:03 -0500] "GET /galeria/nivo-slider/demo/demo.html HTTP/1.1" 200 3572
186.29.111.48 - - [09/Dec/2014:08:39:03 -0500] "POST /forms/lservlet;jsessionid=ac16012b30d57aaec73d04a84704a494f6f2c724de00.e3iSbxaKaheRe34Sa3yKbhiTahb0n6jAmljGr5XDqQLvpAe HTTP/1.1" 200 2
190.146.154.10 - - [09/Dec/2014:08:39:03 -0500] "GET /galeria/nivo-slider/themes/default/default.css HTTP/1.1" 200 1569
190.146.154.10 - - [09/Dec/2014:08:39:04 -0500] "GET /galeria/nivo-slider/themes/pascal/pascal.css HTTP/1.1" 200 2258
190.146.154.10 - - [09/Dec/2014:08:39:04 -0500] "GET /galeria/nivo-slider/themes/orman/orman.css HTTP/1.1" 200 2152
190.146.154.10 - - [09/Dec/2014:08:39:04 -0500] "GET /galeria/nivo-slider/nivo-slider.css HTTP/1.1" 200 1507
190.146.154.10 - - [09/Dec/2014:08:39:04 -0500] "GET /galeria/nivo-slider/demo/style.css HTTP/1.1" 200 2222
190.146.154.10 - - [09/Dec/2014:08:39:04 -0500] "GET /galeria/nivo-slider/demo/scripts/jquery-1.7.1.min.js HTTP/1.1" 200 93868
190.146.154.10 - - [09/Dec/2014:08:39:04 -0500] "GET /galeria/nivo-slider/jquery.nivo.slider.pack.js HTTP/1.1" 200 11561
190.146.154.10 - - [09/Dec/2014:08:39:04 -0500] "GET /galeria/nivo-slider/demo/images/RdaNegociosFiltros.jpg HTTP/1.1" 200 77155
190.146.154.10 - - [09/Dec/2014:08:39:04 -0500] "GET /galeria/nivo-slider/demo/images/banner-musgo.jpg HTTP/1.1" 200 49513
190.146.154.10 - - [09/Dec/2014:08:39:04 -0500] "GET /galeria/nivo-slider/demo/images/BogotaSostenible.jpg HTTP/1.1" 200 206863
190.146.154.10 - - [09/Dec/2014:08:39:04 -0500] "GET /galeria/nivo-slider/demo/images/Jornada-adopcion.jpg HTTP/1.1" 200 79705
190.146.154.10 - - [09/Dec/2014:08:39:04 -0500] "GET /galeria/nivo-slider/demo/images/Banner-GAE3.jpg HTTP/1.1" 200 146354
190.146.154.10 - - [09/Dec/2014:08:39:04 -0500] "GET /galeria/nivo-slider/demo/images/Biotaxis-Man.jpg HTTP/1.1" 200 99362
186.29.111.48 - - [09/Dec/2014:08:39:04 -0500] "POST /forms/lservlet;jsessionid=ac16012b30d57aaec73d04a84704a494f6f2c724de00.e3iSbxaKaheRe34Sa3yKbhiTahb0n6jAmljGr5XDqQLvpAe HTTP/1.1" 200 5122
190.146.154.10 - - [09/Dec/2014:08:39:04 -0500] "GET /galeria/nivo-slider/demo/images/porloshumedales.jpg HTTP/1.1" 200 351238
190.146.154.10 - - [09/Dec/2014:08:39:04 -0500] "GET /galeria/nivo-slider/demo/images/Banner-comparendo.jpg HTTP/1.1" 200 388762
190.146.154.10 - - [09/Dec/2014:08:39:04 -0500] "GET /galeria/nivo-slider/demo/images/Tingua-azul.jpg HTTP/1.1" 200 307638
186.29.111.48 - - [09/Dec/2014:08:39:04 -0500] "POST /forms/lservlet;jsessionid=ac16012b30d57aaec73d04a84704a494f6f2c724de00.e3iSbxaKaheRe34Sa3yKbhiTahb0n6jAmljGr5XDqQLvpAe HTTP/1.1" 200 2
190.146.154.10 - - [09/Dec/2014:08:39:04 -0500] "GET /galeria/nivo-slider/demo/images/Banner-Caracol-Africano.jpg HTTP/1.1" 200 331986
190.146.154.10 - - [09/Dec/2014:08:39:05 -0500] "GET /galeria/nivo-slider/demo/images/banner-redes.jpg HTTP/1.1" 200 62209
190.146.154.10 - - [09/Dec/2014:08:39:05 -0500] "GET /galeria/nivo-slider/demo/images/9Signos.jpg HTTP/1.1" 200 93040
188.165.15.231 - - [09/Dec/2014:08:39:05 -0500] "GET /BLA/resoluciones/RESOLUCIONES%202004/RES%202004%201651-1700/00001653.tif HTTP/1.1" 200 173516
190.146.154.10 - - [09/Dec/2014:08:39:05 -0500] "GET /galeria/nivo-slider/demo/images/banner-caballos.png HTTP/1.1" 200 389106
190.144.144.229 - - [09/Dec/2014:08:39:05 -0500] "GET /BLA/boletinlegal/js/jquery.js HTTP/1.1" 200 57254
190.144.144.229 - - [09/Dec/2014:08:39:05 -0500] "GET /BLA/boletinlegal/js/jquery.scrollTo-min.js HTTP/1.1" 200 1150
190.144.144.229 - - [09/Dec/2014:08:39:05 -0500] "GET /BLA/boletinlegal/js/jquery.scrollShow.js HTTP/1.1" 200 4586
186.29.111.48 - - [09/Dec/2014:08:39:05 -0500] "POST /forms/lservlet;jsessionid=ac16012b30d57aaec73d04a84704a494f6f2c724de00.e3iSbxaKaheRe34Sa3yKbhiTahb0n6jAmljGr5XDqQLvpAe HTTP/1.1" 200 2
190.146.154.10 - - [09/Dec/2014:08:39:05 -0500] "GET /galeria/nivo-slider/demo/images/Hacienda_Molinos.jpg HTTP/1.1" 200 319171
190.146.154.10 - - [09/Dec/2014:08:39:05 -0500] "GET /galeria/nivo-slider/demo/images/bannerEcolecta3.jpg HTTP/1.1" 200 280034
190.146.154.10 - - [09/Dec/2014:08:39:06 -0500] "GET /galeria/nivo-slider/demo/images/4Simple_Slider.png HTTP/1.1" 200 11722
190.146.154.10 - - [09/Dec/2014:08:39:06 -0500] "GET /galeria/nivo-slider/themes/default/loading.gif HTTP/1.1" 200 1737
190.146.154.10 - - [09/Dec/2014:08:39:07 -0500] "GET /galeria/nivo-slider/themes/default/bullets.png HTTP/1.1" 200 1281
190.146.154.10 - - [09/Dec/2014:08:39:07 -0500] "GET /galeria/nivo-slider/themes/default/arrows.png HTTP/1.1" 200 824
157.55.39.15 - - [09/Dec/2014:08:39:08 -0500] "GET /bla/resoluciones/resoluciones%202010/0494.pdf HTTP/1.1" 200 119308
201.245.192.253 - - [09/Dec/2014:08:39:11 -0500] "GET /forest/buscar.do HTTP/1.1" 200 97346
186.29.111.48 - - [09/Dec/2014:08:39:12 -0500] "POST /forms/lservlet;jsessionid=ac16012b30d57aaec73d04a84704a494f6f2c724de00.e3iSbxaKaheRe34Sa3yKbhiTahb0n6jAmljGr5XDqQLvpAe HTTP/1.1" 200 2
207.46.13.38 - - [09/Dec/2014:08:39:13 -0500] "GET /BLA/resoluciones/AUTOS%202010/5227.pdf HTTP/1.1" 200 166153
186.29.111.48 - - [09/Dec/2014:08:39:12 -0500] "POST /forms/lservlet;jsessionid=ac16012b30d57aaec73d04a84704a494f6f2c724de00.e3iSbxaKaheRe34Sa3yKbhiTahb0n6jAmljGr5XDqQLvpAe HTTP/1.1" 200 78
207.46.13.38 - - [09/Dec/2014:08:39:13 -0500] "GET /BLA/resoluciones/RESOLUCIONES%202009/0962.pdf HTTP/1.1" 200 619471
186.29.111.48 - - [09/Dec/2014:08:39:13 -0500] "POST /forms/lservlet;jsessionid=ac16012b30d57aaec73d04a84704a494f6f2c724de00.e3iSbxaKaheRe34Sa3yKbhiTahb0n6jAmljGr5XDqQLvpAe HTTP/1.1" 200 2
201.245.192.253 - - [09/Dec/2014:08:39:14 -0500] "GET /galeria/nivo-slider/demo/demo.html HTTP/1.1" 304 -
201.245.192.253 - - [09/Dec/2014:08:39:14 -0500] "GET /galeria/nivo-slider/themes/default/default.css HTTP/1.1" 304 -
201.245.192.253 - - [09/Dec/2014:08:39:14 -0500] "GET /galeria/nivo-slider/demo/images/RdaNegociosFiltros.jpg HTTP/1.1" 304 -
201.245.192.253 - - [09/Dec/2014:08:39:14 -0500] "GET /galeria/nivo-slider/demo/images/Jornada-adopcion.jpg HTTP/1.1" 304 -
201.245.192.253 - - [09/Dec/2014:08:39:14 -0500] "GET /galeria/nivo-slider/demo/images/BogotaSostenible.jpg HTTP/1.1" 304 -
201.245.192.253 - - [09/Dec/2014:08:39:14 -0500] "GET /galeria/nivo-slider/demo/images/Banner-GAE3.jpg HTTP/1.1" 304 -
201.245.192.253 - - [09/Dec/2014:08:39:14 -0500] "GET /galeria/nivo-slider/demo/images/Banner-comparendo.jpg HTTP/1.1" 304 -
201.245.192.253 - - [09/Dec/2014:08:39:14 -0500] "GET /galeria/nivo-slider/demo/images/Biotaxis-Man.jpg HTTP/1.1" 304 -
201.245.192.253 - - [09/Dec/2014:08:39:14 -0500] "GET /galeria/nivo-slider/demo/images/banner-redes.jpg HTTP/1.1" 304 -
201.245.192.253 - - [09/Dec/2014:08:39:14 -0500] "GET /galeria/nivo-slider/demo/images/porloshumedales.jpg HTTP/1.1" 304 -
186.29.111.48 - - [09/Dec/2014:08:39:15 -0500] "POST /forms/lservlet;jsessionid=ac16012b30d57aaec73d04a84704a494f6f2c724de00.e3iSbxaKaheRe34Sa3yKbhiTahb0n6jAmljGr5XDqQLvpAe HTTP/1.1" 200 435
186.29.111.48 - - [09/Dec/2014:08:39:16 -0500] "POST /forms/lservlet;jsessionid=ac16012b30d57aaec73d04a84704a494f6f2c724de00.e3iSbxaKaheRe34Sa3yKbhiTahb0n6jAmljGr5XDqQLvpAe HTTP/1.1" 200 7
186.29.111.48 - - [09/Dec/2014:08:39:16 -0500] "POST /forms/lservlet;jsessionid=ac16012b30d57aaec73d04a84704a494f6f2c724de00.e3iSbxaKaheRe34Sa3yKbhiTahb0n6jAmljGr5XDqQLvpAe HTTP/1.1" 200 314
186.29.111.48 - - [09/Dec/2014:08:39:16 -0500] "POST /forms/lservlet;jsessionid=ac16012b30d57aaec73d04a84704a494f6f2c724de00.e3iSbxaKaheRe34Sa3yKbhiTahb0n6jAmljGr5XDqQLvpAe HTTP/1.1" 200 276
186.29.111.48 - - [09/Dec/2014:08:39:16 -0500] "POST /forms/lservlet;jsessionid=ac16012b30d57aaec73d04a84704a494f6f2c724de00.e3iSbxaKaheRe34Sa3yKbhiTahb0n6jAmljGr5XDqQLvpAe HTTP/1.1" 200 300
186.29.111.48 - - [09/Dec/2014:08:39:17 -0500] "POST /forms/lservlet;jsessionid=ac16012b30d57aaec73d04a84704a494f6f2c724de00.e3iSbxaKaheRe34Sa3yKbhiTahb0n6jAmljGr5XDqQLvpAe HTTP/1.1" 200 313
186.29.111.48 - - [09/Dec/2014:08:39:17 -0500] "POST /forms/lservlet;jsessionid=ac16012b30d57aaec73d04a84704a494f6f2c724de00.e3iSbxaKaheRe34Sa3yKbhiTahb0n6jAmljGr5XDqQLvpAe HTTP/1.1" 200 281
201.245.192.253 - - [09/Dec/2014:08:39:17 -0500] "GET /galeria/nivo-slider/demo/images/9Signos.jpg HTTP/1.1" 304 -
201.245.192.253 - - [09/Dec/2014:08:39:17 -0500] "GET /galeria/nivo-slider/demo/images/banner-caballos.png HTTP/1.1" 304 -
201.245.192.253 - - [09/Dec/2014:08:39:17 -0500] "GET /galeria/nivo-slider/demo/images/Tingua-azul.jpg HTTP/1.1" 304 -
201.245.192.253 - - [09/Dec/2014:08:39:17 -0500] "GET /galeria/nivo-slider/demo/images/Banner-Caracol-Africano.jpg HTTP/1.1" 304 -
201.245.192.253 - - [09/Dec/2014:08:39:17 -0500] "GET /galeria/nivo-slider/demo/images/Hacienda_Molinos.jpg HTTP/1.1" 304 -
186.29.111.48 - - [09/Dec/2014:08:39:17 -0500] "POST /forms/lservlet;jsessionid=ac16012b30d57aaec73d04a84704a494f6f2c724de00.e3iSbxaKaheRe34Sa3yKbhiTahb0n6jAmljGr5XDqQLvpAe HTTP/1.1" 200 333
201.245.192.253 - - [09/Dec/2014:08:39:17 -0500] "GET /galeria/nivo-slider/demo/images/bannerEcolecta3.jpg HTTP/1.1" 304 -
186.29.111.48 - - [09/Dec/2014:08:39:18 -0500] "POST /forms/lservlet;jsessionid=ac16012b30d57aaec73d04a84704a494f6f2c724de00.e3iSbxaKaheRe34Sa3yKbhiTahb0n6jAmljGr5XDqQLvpAe HTTP/1.1" 200 333
186.29.111.48 - - [09/Dec/2014:08:39:18 -0500] "POST /forms/lservlet;jsessionid=ac16012b30d57aaec73d04a84704a494f6f2c724de00.e3iSbxaKaheRe34Sa3yKbhiTahb0n6jAmljGr5XDqQLvpAe HTTP/1.1" 200 350
186.29.111.48 - - [09/Dec/2014:08:39:18 -0500] "POST /forms/lservlet;jsessionid=ac16012b30d57aaec73d04a84704a494f6f2c724de00.e3iSbxaKaheRe34Sa3yKbhiTahb0n6jAmljGr5XDqQLvpAe HTTP/1.1" 200 381
186.29.111.48 - - [09/Dec/2014:08:39:19 -0500] "POST /forms/lservlet;jsessionid=ac16012b30d57aaec73d04a84704a494f6f2c724de00.e3iSbxaKaheRe34Sa3yKbhiTahb0n6jAmljGr5XDqQLvpAe HTTP/1.1" 200 412
157.55.39.103 - - [09/Dec/2014:08:39:19 -0500] "GET /BLA/resoluciones/RESOLUCIONES%202011/1320.pdf HTTP/1.1" 200 74489
186.29.111.48 - - [09/Dec/2014:08:39:19 -0500] "POST /forms/lservlet;jsessionid=ac16012b30d57aaec73d04a84704a494f6f2c724de00.e3iSbxaKaheRe34Sa3yKbhiTahb0n6jAmljGr5XDqQLvpAe HTTP/1.1" 200 377
186.29.111.48 - - [09/Dec/2014:08:39:19 -0500] "POST /forms/lservlet;jsessionid=ac16012b30d57aaec73d04a84704a494f6f2c724de00.e3iSbxaKaheRe34Sa3yKbhiTahb0n6jAmljGr5XDqQLvpAe HTTP/1.1" 200 366
157.55.39.103 - - [09/Dec/2014:08:39:19 -0500] "GET /BLA/resoluciones/RESOLUCIONES%202008/2402.pdf HTTP/1.1" 200 197591
186.29.111.48 - - [09/Dec/2014:08:39:19 -0500] "POST /forms/lservlet;jsessionid=ac16012b30d57aaec73d04a84704a494f6f2c724de00.e3iSbxaKaheRe34Sa3yKbhiTahb0n6jAmljGr5XDqQLvpAe HTTP/1.1" 200 366
201.245.192.253 - - [09/Dec/2014:08:39:19 -0500] "POST /forest/buscar.do? HTTP/1.1" 200 7150
186.29.111.48 - - [09/Dec/2014:08:39:19 -0500] "POST /forms/lservlet;jsessionid=ac16012b30d57aaec73d04a84704a494f6f2c724de00.e3iSbxaKaheRe34Sa3yKbhiTahb0n6jAmljGr5XDqQLvpAe HTTP/1.1" 200 366
186.29.111.48 - - [09/Dec/2014:08:39:20 -0500] "POST /forms/lservlet;jsessionid=ac16012b30d57aaec73d04a84704a494f6f2c724de00.e3iSbxaKaheRe34Sa3yKbhiTahb0n6jAmljGr5XDqQLvpAe HTTP/1.1" 200 366
186.29.111.48 - - [09/Dec/2014:08:39:20 -0500] "POST /forms/lservlet;jsessionid=ac16012b30d57aaec73d04a84704a494f6f2c724de00.e3iSbxaKaheRe34Sa3yKbhiTahb0n6jAmljGr5XDqQLvpAe HTTP/1.1" 200 381
186.29.111.48 - - [09/Dec/2014:08:39:20 -0500] "POST /forms/lservlet;jsessionid=ac16012b30d57aaec73d04a84704a494f6f2c724de00.e3iSbxaKaheRe34Sa3yKbhiTahb0n6jAmljGr5XDqQLvpAe HTTP/1.1" 200 373
186.29.111.48 - - [09/Dec/2014:08:39:20 -0500] "POST /forms/lservlet;jsessionid=ac16012b30d57aaec73d04a84704a494f6f2c724de00.e3iSbxaKaheRe34Sa3yKbhiTahb0n6jAmljGr5XDqQLvpAe HTTP/1.1" 200 333
157.55.39.103 - - [09/Dec/2014:08:39:20 -0500] "GET /BLA/resoluciones/AUTOS%202011/3062.pdf HTTP/1.1" 200 144835
186.29.111.48 - - [09/Dec/2014:08:39:21 -0500] "POST /forms/lservlet;jsessionid=ac16012b30d57aaec73d04a84704a494f6f2c724de00.e3iSbxaKaheRe34Sa3yKbhiTahb0n6jAmljGr5XDqQLvpAe HTTP/1.1" 200 349
157.55.39.16 - - [09/Dec/2014:08:39:23 -0500] "GET /BLA/resoluciones/RESOLUCIONES%202011/1543.pdf HTTP/1.1" 200 71221
186.83.17.96 - - [09/Dec/2014:08:39:23 -0500] "GET /BLA/resoluciones/RESOLUCIONES%202011/2692.pdf HTTP/1.1" 200 757560
201.245.192.253 - - [09/Dec/2014:08:39:24 -0500] "GET /forest/img/download_large.gif HTTP/1.1" 304 -
157.55.39.16 - - [09/Dec/2014:08:39:24 -0500] "GET /bla/resoluciones/resoluciones%202009/1822.pdf HTTP/1.1" 200 517609
201.245.192.253 - - [09/Dec/2014:08:39:24 -0500] "GET /galeria/nivo-slider/demo/images/banner-musgo.jpg HTTP/1.1" 304 -
157.55.39.16 - - [09/Dec/2014:08:39:25 -0500] "GET /BLA/resoluciones/AUTOS%202012/1612.pdf HTTP/1.1" 200 420757
186.83.17.96 - - [09/Dec/2014:08:39:27 -0500] "GET /BLA/resoluciones/RESOLUCIONES%202011/2692.pdf HTTP/1.1" 200 757560
157.55.39.191 - - [09/Dec/2014:08:39:28 -0500] "GET /bla/resoluciones/RESOLUCIONES%202011/2016.pdf HTTP/1.1" 200 511297
186.29.111.48 - - [09/Dec/2014:08:39:28 -0500] "POST /forms/lservlet;jsessionid=ac16012b30d57aaec73d04a84704a494f6f2c724de00.e3iSbxaKaheRe34Sa3yKbhiTahb0n6jAmljGr5XDqQLvpAe HTTP/1.1" 200 296
201.245.192.253 - - [09/Dec/2014:08:39:28 -0500] "GET /forest/skins/gdocs-jar/popup/popup.jsp?width=900&height=600&title=Informaci%F3n%20de%20proceso&uri=/forest/system/process.jsp%3FnumPro%3D2955807&name=undefined&_a=0.17175633146635288&a=0.0713830052858534 HTTP/1.1" 200 1312
201.245.192.253 - - [09/Dec/2014:08:39:29 -0500] "GET /forest/system/process.jsp?numPro=2955807 HTTP/1.1" 200 128651
186.29.111.48 - - [09/Dec/2014:08:39:30 -0500] "POST /forms/lservlet;jsessionid=ac16012b30d57aaec73d04a84704a494f6f2c724de00.e3iSbxaKaheRe34Sa3yKbhiTahb0n6jAmljGr5XDqQLvpAe HTTP/1.1" 200 239
186.29.111.48 - - [09/Dec/2014:08:39:30 -0500] "POST /forms/lservlet;jsessionid=ac16012b30d57aaec73d04a84704a494f6f2c724de00.e3iSbxaKaheRe34Sa3yKbhiTahb0n6jAmljGr5XDqQLvpAe HTTP/1.1" 200 11
186.29.111.48 - - [09/Dec/2014:08:39:30 -0500] "POST /forms/lservlet;jsessionid=ac16012b30d57aaec73d04a84704a494f6f2c724de00.e3iSbxaKaheRe34Sa3yKbhiTahb0n6jAmljGr5XDqQLvpAe HTTP/1.1" 200 251
186.29.111.48 - - [09/Dec/2014:08:39:30 -0500] "POST /forms/lservlet;jsessionid=ac16012b30d57aaec73d04a84704a494f6f2c724de00.e3iSbxaKaheRe34Sa3yKbhiTahb0n6jAmljGr5XDqQLvpAe HTTP/1.1" 200 11
201.245.192.253 - - [09/Dec/2014:08:39:31 -0500] "GET /forest/documentos/1958985/2014ER188584.pdf HTTP/1.1" 200 141360
157.55.39.12 - - [09/Dec/2014:08:39:33 -0500] "-" 408 -
186.29.111.48 - - [09/Dec/2014:08:39:35 -0500] "POST /forms/lservlet;jsessionid=ac16012b30d57aaec73d04a84704a494f6f2c724de00.e3iSbxaKaheRe34Sa3yKbhiTahb0n6jAmljGr5XDqQLvpAe HTTP/1.1" 200 2
186.29.111.48 - - [09/Dec/2014:08:39:35 -0500] "POST /forms/lservlet;jsessionid=ac16012b30d57aaec73d04a84704a494f6f2c724de00.e3iSbxaKaheRe34Sa3yKbhiTahb0n6jAmljGr5XDqQLvpAe HTTP/1.1" 200 113
186.29.111.48 - - [09/Dec/2014:08:39:36 -0500] "POST /forms/lservlet;jsessionid=ac16012b30d57aaec73d04a84704a494f6f2c724de00.e3iSbxaKaheRe34Sa3yKbhiTahb0n6jAmljGr5XDqQLvpAe HTTP/1.1" 200 7
157.55.39.15 - - [09/Dec/2014:08:39:37 -0500] "-" 408 -
201.245.192.253 - - [09/Dec/2014:08:39:39 -0500] "GET /forest/documentos/1967204/2014EE196803.docx HTTP/1.1" 200 170261
186.29.111.48 - - [09/Dec/2014:08:39:36 -0500] "GET /reports/rwservlet/getjobid336478?server=rep_srvapsda HTTP/1.1" 200 68269
201.245.192.253 - - [09/Dec/2014:08:39:41 -0500] "OPTIONS /forest/documentos/1967204/ HTTP/1.1" 200 -
201.245.192.253 - - [09/Dec/2014:08:39:41 -0500] "OPTIONS /forest/documentos/1967204/ HTTP/1.1" 200 -
201.245.192.253 - - [09/Dec/2014:08:39:41 -0500] "HEAD /forest/documentos/1967204/2014EE196803.docx HTTP/1.1" 200 -
66.249.75.51 - - [09/Dec/2014:08:39:42 -0500] "GET /BLA/resoluciones/RESOLUCIONES%202014/1067.pdf HTTP/1.1" 304 -
201.245.192.253 - - [09/Dec/2014:08:39:43 -0500] "HEAD /forest/documentos/1967204/2014EE196803.docx HTTP/1.1" 200 -
186.29.111.48 - - [09/Dec/2014:08:39:44 -0500] "POST /forms/lservlet;jsessionid=ac16012b30d57aaec73d04a84704a494f6f2c724de00.e3iSbxaKaheRe34Sa3yKbhiTahb0n6jAmljGr5XDqQLvpAe HTTP/1.1" 200 255
186.29.111.48 - - [09/Dec/2014:08:39:44 -0500] "POST /forms/lservlet;jsessionid=ac16012b30d57aaec73d04a84704a494f6f2c724de00.e3iSbxaKaheRe34Sa3yKbhiTahb0n6jAmljGr5XDqQLvpAe HTTP/1.1" 200 11
186.29.111.48 - - [09/Dec/2014:08:39:44 -0500] "POST /forms/lservlet;jsessionid=ac16012b30d57aaec73d04a84704a494f6f2c724de00.e3iSbxaKaheRe34Sa3yKbhiTahb0n6jAmljGr5XDqQLvpAe HTTP/1.1" 200 231
186.29.111.48 - - [09/Dec/2014:08:39:45 -0500] "POST /forms/lservlet;jsessionid=ac16012b30d57aaec73d04a84704a494f6f2c724de00.e3iSbxaKaheRe34Sa3yKbhiTahb0n6jAmljGr5XDqQLvpAe HTTP/1.1" 200 11
186.29.111.48 - - [09/Dec/2014:08:39:45 -0500] "POST /forms/lservlet;jsessionid=ac16012b30d57aaec73d04a84704a494f6f2c724de00.e3iSbxaKaheRe34Sa3yKbhiTahb0n6jAmljGr5XDqQLvpAe HTTP/1.1" 200 365
186.29.111.48 - - [09/Dec/2014:08:39:45 -0500] "POST /forms/lservlet;jsessionid=ac16012b30d57aaec73d04a84704a494f6f2c724de00.e3iSbxaKaheRe34Sa3yKbhiTahb0n6jAmljGr5XDqQLvpAe HTTP/1.1" 200 321
186.29.111.48 - - [09/Dec/2014:08:39:45 -0500] "POST /forms/lservlet;jsessionid=ac16012b30d57aaec73d04a84704a494f6f2c724de00.e3iSbxaKaheRe34Sa3yKbhiTahb0n6jAmljGr5XDqQLvpAe HTTP/1.1" 200 355
186.29.111.48 - - [09/Dec/2014:08:39:46 -0500] "POST /forms/lservlet;jsessionid=ac16012b30d57aaec73d04a84704a494f6f2c724de00.e3iSbxaKaheRe34Sa3yKbhiTahb0n6jAmljGr5XDqQLvpAe HTTP/1.1" 200 312
186.29.111.48 - - [09/Dec/2014:08:39:46 -0500] "POST /forms/lservlet;jsessionid=ac16012b30d57aaec73d04a84704a494f6f2c724de00.e3iSbxaKaheRe34Sa3yKbhiTahb0n6jAmljGr5XDqQLvpAe HTTP/1.1" 200 348
186.29.111.48 - - [09/Dec/2014:08:39:46 -0500] "POST /forms/lservlet;jsessionid=ac16012b30d57aaec73d04a84704a494f6f2c724de00.e3iSbxaKaheRe34Sa3yKbhiTahb0n6jAmljGr5XDqQLvpAe HTTP/1.1" 200 356
186.29.111.48 - - [09/Dec/2014:08:39:49 -0500] "POST /forms/lservlet;jsessionid=ac16012b30d57aaec73d04a84704a494f6f2c724de00.e3iSbxaKaheRe34Sa3yKbhiTahb0n6jAmljGr5XDqQLvpAe HTTP/1.1" 200 165
186.29.111.48 - - [09/Dec/2014:08:39:50 -0500] "POST /forms/lservlet;jsessionid=ac16012b30d57aaec73d04a84704a494f6f2c724de00.e3iSbxaKaheRe34Sa3yKbhiTahb0n6jAmljGr5XDqQLvpAe HTTP/1.1" 200 2
186.29.111.48 - - [09/Dec/2014:08:39:50 -0500] "POST /forms/lservlet;jsessionid=ac16012b30d57aaec73d04a84704a494f6f2c724de00.e3iSbxaKaheRe34Sa3yKbhiTahb0n6jAmljGr5XDqQLvpAe HTTP/1.1" 200 4437
186.29.111.48 - - [09/Dec/2014:08:39:51 -0500] "POST /forms/lservlet;jsessionid=ac16012b30d57aaec73d04a84704a494f6f2c724de00.e3iSbxaKaheRe34Sa3yKbhiTahb0n6jAmljGr5XDqQLvpAe HTTP/1.1" 200 2
186.29.111.48 - - [09/Dec/2014:08:39:52 -0500] "POST /forms/lservlet;jsessionid=ac16012b30d57aaec73d04a84704a494f6f2c724de00.e3iSbxaKaheRe34Sa3yKbhiTahb0n6jAmljGr5XDqQLvpAe HTTP/1.1" 200 182
207.46.13.38 - - [09/Dec/2014:08:39:53 -0500] "GET /BLA/resoluciones/RESOLUCIONES%202009/7138.pdf HTTP/1.1" 200 1052417
186.29.111.48 - - [09/Dec/2014:08:39:55 -0500] "POST /forms/lservlet;jsessionid=ac16012b30d57aaec73d04a84704a494f6f2c724de00.e3iSbxaKaheRe34Sa3yKbhiTahb0n6jAmljGr5XDqQLvpAe HTTP/1.1" 200 465
186.29.111.48 - - [09/Dec/2014:08:39:55 -0500] "POST /forms/lservlet;jsessionid=ac16012b30d57aaec73d04a84704a494f6f2c724de00.e3iSbxaKaheRe34Sa3yKbhiTahb0n6jAmljGr5XDqQLvpAe HTTP/1.1" 200 7
186.29.111.48 - - [09/Dec/2014:08:39:56 -0500] "POST /forms/lservlet;jsessionid=ac16012b30d57aaec73d04a84704a494f6f2c724de00.e3iSbxaKaheRe34Sa3yKbhiTahb0n6jAmljGr5XDqQLvpAe HTTP/1.1" 200 366
186.29.111.48 - - [09/Dec/2014:08:39:56 -0500] "POST /forms/lservlet;jsessionid=ac16012b30d57aaec73d04a84704a494f6f2c724de00.e3iSbxaKaheRe34Sa3yKbhiTahb0n6jAmljGr5XDqQLvpAe HTTP/1.1" 200 357
201.245.192.253 - - [09/Dec/2014:08:40:01 -0500] "GET /galeria/nivo-slider/demo/demo.html HTTP/1.1" 304 -
201.245.192.253 - - [09/Dec/2014:08:40:01 -0500] "GET /galeria/nivo-slider/demo/images/banner-musgo.jpg HTTP/1.1" 304 -
201.245.192.253 - - [09/Dec/2014:08:40:01 -0500] "GET /galeria/nivo-slider/demo/images/RdaNegociosFiltros.jpg HTTP/1.1" 304 -
201.245.192.253 - - [09/Dec/2014:08:40:01 -0500] "GET /galeria/nivo-slider/demo/images/Jornada-adopcion.jpg HTTP/1.1" 304 -
201.245.192.253 - - [09/Dec/2014:08:40:01 -0500] "GET /galeria/nivo-slider/demo/images/BogotaSostenible.jpg HTTP/1.1" 304 -
201.245.192.253 - - [09/Dec/2014:08:40:01 -0500] "GET /galeria/nivo-slider/demo/images/Banner-comparendo.jpg HTTP/1.1" 304 -
201.245.192.253 - - [09/Dec/2014:08:40:01 -0500] "GET /galeria/nivo-slider/demo/images/Banner-GAE3.jpg HTTP/1.1" 304 -
201.245.192.253 - - [09/Dec/2014:08:40:01 -0500] "GET /galeria/nivo-slider/demo/images/Biotaxis-Man.jpg HTTP/1.1" 304 -
201.245.192.253 - - [09/Dec/2014:08:40:01 -0500] "GET /galeria/nivo-slider/demo/images/porloshumedales.jpg HTTP/1.1" 304 -
201.245.192.253 - - [09/Dec/2014:08:40:01 -0500] "GET /galeria/nivo-slider/demo/images/banner-redes.jpg HTTP/1.1" 304 -
201.245.192.253 - - [09/Dec/2014:08:40:01 -0500] "GET /galeria/nivo-slider/demo/images/banner-caballos.png HTTP/1.1" 304 -
201.245.192.253 - - [09/Dec/2014:08:40:01 -0500] "GET /galeria/nivo-slider/demo/images/Hacienda_Molinos.jpg HTTP/1.1" 304 -
186.29.111.48 - - [09/Dec/2014:08:40:02 -0500] "POST /forms/lservlet;jsessionid=ac16012b30d57aaec73d04a84704a494f6f2c724de00.e3iSbxaKaheRe34Sa3yKbhiTahb0n6jAmljGr5XDqQLvpAe HTTP/1.1" 200 185
200.116.54.248 - - [09/Dec/2014:08:40:02 -0500] "GET /BLA/boletinlegal/js/jquery.js HTTP/1.1" 200 57254
200.116.54.248 - - [09/Dec/2014:08:40:02 -0500] "GET /BLA/boletinlegal/js/jquery.scrollTo-min.js HTTP/1.1" 200 1150
200.116.54.248 - - [09/Dec/2014:08:40:02 -0500] "GET /BLA/boletinlegal/js/jquery.scrollShow.js HTTP/1.1" 200 4586
74.86.158.107 - - [09/Dec/2014:08:40:04 -0500] "HEAD / HTTP/1.1" 302 -
186.87.69.29 - - [09/Dec/2014:08:40:09 -0500] "GET /galeria/nivo-slider/demo/demo.html HTTP/1.1" 200 3572
186.29.111.48 - - [09/Dec/2014:08:40:10 -0500] "POST /forms/lservlet;jsessionid=ac16012b30d57aaec73d04a84704a494f6f2c724de00.e3iSbxaKaheRe34Sa3yKbhiTahb0n6jAmljGr5XDqQLvpAe HTTP/1.1" 200 118
186.29.111.48 - - [09/Dec/2014:08:40:12 -0500] "POST /forms/lservlet;jsessionid=ac16012b30d57aaec73d04a84704a494f6f2c724de00.e3iSbxaKaheRe34Sa3yKbhiTahb0n6jAmljGr5XDqQLvpAe HTTP/1.1" 200 2
186.29.111.48 - - [09/Dec/2014:08:40:12 -0500] "POST /forms/lservlet;jsessionid=ac16012b30d57aaec73d04a84704a494f6f2c724de00.e3iSbxaKaheRe34Sa3yKbhiTahb0n6jAmljGr5XDqQLvpAe HTTP/1.1" 200 2260
186.29.111.48 - - [09/Dec/2014:08:40:12 -0500] "POST /forms/lservlet;jsessionid=ac16012b30d57aaec73d04a84704a494f6f2c724de00.e3iSbxaKaheRe34Sa3yKbhiTahb0n6jAmljGr5XDqQLvpAe HTTP/1.1" 200 10
186.29.111.48 - - [09/Dec/2014:08:40:13 -0500] "POST /forms/lservlet;jsessionid=ac16012b30d57aaec73d04a84704a494f6f2c724de00.e3iSbxaKaheRe34Sa3yKbhiTahb0n6jAmljGr5XDqQLvpAe HTTP/1.1" 200 2
186.29.111.48 - - [09/Dec/2014:08:40:13 -0500] "POST /forms/lservlet;jsessionid=ac16012b30d57aaec73d04a84704a494f6f2c724de00.e3iSbxaKaheRe34Sa3yKbhiTahb0n6jAmljGr5XDqQLvpAe HTTP/1.1" 200 3531
186.29.111.48 - - [09/Dec/2014:08:40:13 -0500] "POST /forms/lservlet;jsessionid=ac16012b30d57aaec73d04a84704a494f6f2c724de00.e3iSbxaKaheRe34Sa3yKbhiTahb0n6jAmljGr5XDqQLvpAe HTTP/1.1" 200 2
157.55.39.103 - - [09/Dec/2014:08:40:16 -0500] "GET /bla/resoluciones/RESOLUCIONES%202011/3338.pdf HTTP/1.1" 200 753536
157.55.39.103 - - [09/Dec/2014:08:40:16 -0500] "GET /BLA/resoluciones/AUTOS%202009/0992.pdf HTTP/1.1" 200 109063
186.29.111.48 - - [09/Dec/2014:08:40:16 -0500] "POST /forms/lservlet;jsessionid=ac16012b30d57aaec73d04a84704a494f6f2c724de00.e3iSbxaKaheRe34Sa3yKbhiTahb0n6jAmljGr5XDqQLvpAe HTTP/1.1" 200 2
186.29.111.48 - - [09/Dec/2014:08:40:16 -0500] "POST /forms/lservlet;jsessionid=ac16012b30d57aaec73d04a84704a494f6f2c724de00.e3iSbxaKaheRe34Sa3yKbhiTahb0n6jAmljGr5XDqQLvpAe HTTP/1.1" 200 4274
186.29.111.48 - - [09/Dec/2014:08:40:17 -0500] "POST /forms/lservlet;jsessionid=ac16012b30d57aaec73d04a84704a494f6f2c724de00.e3iSbxaKaheRe34Sa3yKbhiTahb0n6jAmljGr5XDqQLvpAe HTTP/1.1" 200 2
186.29.111.48 - - [09/Dec/2014:08:40:17 -0500] "POST /forms/lservlet;jsessionid=ac16012b30d57aaec73d04a84704a494f6f2c724de00.e3iSbxaKaheRe34Sa3yKbhiTahb0n6jAmljGr5XDqQLvpAe HTTP/1.1" 200 2
186.29.111.48 - - [09/Dec/2014:08:40:17 -0500] "POST /forms/lservlet;jsessionid=ac16012b30d57aaec73d04a84704a494f6f2c724de00.e3iSbxaKaheRe34Sa3yKbhiTahb0n6jAmljGr5XDqQLvpAe HTTP/1.1" 200 3296
190.24.230.78 - - [09/Dec/2014:08:40:18 -0500] "GET /BLA/boletinlegal/js/jquery.scrollShow.js HTTP/1.1" 200 4586
190.24.230.78 - - [09/Dec/2014:08:40:18 -0500] "GET /BLA/boletinlegal/js/jquery.js HTTP/1.1" 200 57254
186.29.111.48 - - [09/Dec/2014:08:40:18 -0500] "POST /forms/lservlet;jsessionid=ac16012b30d57aaec73d04a84704a494f6f2c724de00.e3iSbxaKaheRe34Sa3yKbhiTahb0n6jAmljGr5XDqQLvpAe HTTP/1.1" 200 2
190.24.230.78 - - [09/Dec/2014:08:40:18 -0500] "GET /BLA/boletinlegal/js/jquery.scrollTo-min.js HTTP/1.1" 200 1150
186.29.111.48 - - [09/Dec/2014:08:40:19 -0500] "POST /forms/lservlet;jsessionid=ac16012b30d57aaec73d04a84704a494f6f2c724de00.e3iSbxaKaheRe34Sa3yKbhiTahb0n6jAmljGr5XDqQLvpAe HTTP/1.1" 200 2
186.29.111.48 - - [09/Dec/2014:08:40:19 -0500] "POST /forms/lservlet;jsessionid=ac16012b30d57aaec73d04a84704a494f6f2c724de00.e3iSbxaKaheRe34Sa3yKbhiTahb0n6jAmljGr5XDqQLvpAe HTTP/1.1" 200 4961
186.29.111.48 - - [09/Dec/2014:08:40:20 -0500] "POST /forms/lservlet;jsessionid=ac16012b30d57aaec73d04a84704a494f6f2c724de00.e3iSbxaKaheRe34Sa3yKbhiTahb0n6jAmljGr5XDqQLvpAe HTTP/1.1" 200 2
186.29.111.48 - - [09/Dec/2014:08:40:20 -0500] "POST /forms/lservlet;jsessionid=ac16012b30d57aaec73d04a84704a494f6f2c724de00.e3iSbxaKaheRe34Sa3yKbhiTahb0n6jAmljGr5XDqQLvpAe HTTP/1.1" 200 182
207.46.13.38 - - [09/Dec/2014:08:40:20 -0500] "GET /BLA/resoluciones/RESOLUCIONES%202011/4528.pdf HTTP/1.1" 200 588790
207.46.13.38 - - [09/Dec/2014:08:40:22 -0500] "GET /bla/resoluciones/resoluciones%202010/6811.pdf HTTP/1.1" 200 2461119
201.245.192.253 - - [09/Dec/2014:08:40:23 -0500] "GET /galeria/nivo-slider/demo/demo.html HTTP/1.1" 304 -
201.245.192.253 - - [09/Dec/2014:08:40:24 -0500] "GET /galeria/nivo-slider/themes/default/default.css HTTP/1.1" 304 -
201.245.192.253 - - [09/Dec/2014:08:40:24 -0500] "GET /galeria/nivo-slider/demo/images/banner-musgo.jpg HTTP/1.1" 304 -
201.245.192.253 - - [09/Dec/2014:08:40:24 -0500] "GET /galeria/nivo-slider/demo/images/RdaNegociosFiltros.jpg HTTP/1.1" 304 -
201.245.192.253 - - [09/Dec/2014:08:40:24 -0500] "GET /galeria/nivo-slider/demo/images/Jornada-adopcion.jpg HTTP/1.1" 304 -
201.245.192.253 - - [09/Dec/2014:08:40:24 -0500] "GET /galeria/nivo-slider/demo/images/BogotaSostenible.jpg HTTP/1.1" 304 -
