66.249.73.155 - - [13/Dec/2014:04:58:40 -0500] "GET /BLA/resoluciones/RESOLUCIONES%202002/RES%202002%201701-1750/ HTTP/1.1" 200 11615
66.249.73.155 - - [13/Dec/2014:04:58:49 -0500] "GET /BLA/resoluciones/RESOLUCIONES%202002/RES%202002%201551-1600/ HTTP/1.1" 200 11828
66.249.73.171 - - [13/Dec/2014:04:58:59 -0500] "GET /BLA/resoluciones/RESOLUCIONES%202002/RES%202002%201251-1301/ HTTP/1.1" 200 11615
66.249.73.171 - - [13/Dec/2014:04:59:10 -0500] "GET /BLA/resoluciones/RESOLUCIONES%202002/RES%202002%201301-1350/ HTTP/1.1" 200 11828
66.249.73.163 - - [13/Dec/2014:04:59:22 -0500] "GET /BLA/resoluciones/RESOLUCIONES%202002/RES%202002%201751-1800/ HTTP/1.1" 200 11615
66.249.73.155 - - [13/Dec/2014:04:59:41 -0500] "GET /BLA/resoluciones/RESOLUCIONES%202002/RES%202002%2001-50/Thumbs.db HTTP/1.1" 200 196608
66.249.73.171 - - [13/Dec/2014:04:59:42 -0500] "GET /BLA/resoluciones/RESOLUCIONES%202002/RES%202002%2051-100/Thumbs.db HTTP/1.1" 200 190464
66.249.73.163 - - [13/Dec/2014:04:59:42 -0500] "GET /BLA/resoluciones/RESOLUCIONES%202002/RES%202002%20301-350/Thumbs.db HTTP/1.1" 200 189952
66.249.73.163 - - [13/Dec/2014:04:59:43 -0500] "GET /BLA/resoluciones/RESOLUCIONES%202002/RES%202002%201551-1600/Thumbs.db HTTP/1.1" 200 71168
66.249.73.155 - - [13/Dec/2014:04:59:43 -0500] "GET /BLA/resoluciones/RESOLUCIONES%202002/RES%202002%20751-800/Thumbs.db HTTP/1.1" 200 176640
74.86.158.107 - - [13/Dec/2014:04:59:51 -0500] "HEAD / HTTP/1.1" 302 -
66.249.73.171 - - [13/Dec/2014:05:00:04 -0500] "GET /BLA/resoluciones/RESOLUCIONES%202002/RES%202002%20801-850/Thumbs.db HTTP/1.1" 200 179712
66.249.73.163 - - [13/Dec/2014:05:00:24 -0500] "GET /BLA/resoluciones/RESOLUCIONES%202002/RES%202002%20501-550/Thumbs.db HTTP/1.1" 200 195072
157.55.39.60 - - [13/Dec/2014:05:00:32 -0500] "GET /robots.txt HTTP/1.1" 404 1019
157.55.39.217 - - [13/Dec/2014:05:00:44 -0500] "GET /dama/libreria/php/imagenes/16.jpg HTTP/1.1" 404 1019
66.249.73.171 - - [13/Dec/2014:05:00:45 -0500] "GET /BLA/resoluciones/RESOLUCIONES%202002/RES%202002%20251-300/Thumbs.db HTTP/1.1" 200 188928
66.249.73.155 - - [13/Dec/2014:05:00:52 -0500] "GET /BLA/resoluciones/AUTOS%202011/4343.pdf HTTP/1.1" 200 243475
66.249.73.171 - - [13/Dec/2014:05:01:05 -0500] "GET /BLA/resoluciones/RESOLUCIONES%202002/RES%202002%20201-250/Thumbs.db HTTP/1.1" 200 185856
66.249.73.155 - - [13/Dec/2014:05:01:26 -0500] "GET /BLA/resoluciones/RESOLUCIONES%202002/RES%202002%20701-750/Thumbs.db HTTP/1.1" 200 193536
66.249.73.171 - - [13/Dec/2014:05:01:46 -0500] "GET /BLA/resoluciones/RESOLUCIONES%202002/RES%202002%20851-900/Thumbs.db HTTP/1.1" 200 185344
180.76.6.153 - - [13/Dec/2014:05:01:51 -0500] "GET /BLA/resoluciones/RESOLUCIONES%202010/1039.pdf HTTP/1.1" 200 111200
66.249.73.171 - - [13/Dec/2014:05:02:06 -0500] "GET /BLA/resoluciones/RESOLUCIONES%202002/RES%202002%20151-200/Thumbs.db HTTP/1.1" 200 136704
188.92.75.244 - - [13/Dec/2014:05:02:23 -0500] "GET /portalsiaccapacitaciones/Soportes%20Capacitaciones%20A%C3%B1o%202013/0030.%20Basura%20Cero%20-%20Decreto%20400%20-%201%20de%20Agosto.pdf HTTP/1.0" 200 4100595
66.249.73.171 - - [13/Dec/2014:05:02:27 -0500] "GET /BLA/resoluciones/RESOLUCIONES%202002/RES%202002%20551-600/INDEX.DAT HTTP/1.1" 200 4000
188.92.75.244 - - [13/Dec/2014:05:02:29 -0500] "GET / HTTP/1.0" 302 -
210.211.107.150 - - [13/Dec/2014:05:02:45 -0500] "GET /robots.txt HTTP/1.1" 404 1019
66.249.73.155 - - [13/Dec/2014:05:02:47 -0500] "GET /BLA/resoluciones/RESOLUCIONES%202002/RES%202002%201601-1650/Thumbs.db HTTP/1.1" 200 70656
157.55.39.217 - - [13/Dec/2014:05:03:02 -0500] "GET /bla/resoluciones/resoluciones%202010/7207.pdf HTTP/1.1" 200 998588
66.249.73.171 - - [13/Dec/2014:05:03:08 -0500] "GET /BLA/resoluciones/RESOLUCIONES%202002/RES%202002%201301-1350/Thumbs.db HTTP/1.1" 200 180224
66.249.73.155 - - [13/Dec/2014:05:03:09 -0500] "GET /Autoliquidacion/index.php?dir=Solicitudes%20relacionadas%20con%20calidad%20del%20aire%20auditiva%20y%20visual/&sort=name&order=desc HTTP/1.1" 200 5747
66.249.73.171 - - [13/Dec/2014:05:03:29 -0500] "GET /BLA/resoluciones/RESOLUCIONES%202002/RES%202002%201001-1050/Thumbs.db HTTP/1.1" 200 183808
66.249.73.171 - - [13/Dec/2014:05:03:42 -0500] "GET /BLA/resoluciones/AUTOS%202007/3315.pdf HTTP/1.1" 200 153191
66.249.73.171 - - [13/Dec/2014:05:03:44 -0500] "GET /BLA/resoluciones/RESOLUCIONES%202002/RES%202002%201851-1900/Thumbs.db HTTP/1.1" 200 178176
66.249.73.171 - - [13/Dec/2014:05:04:24 -0500] "GET /BLA/resoluciones/RESOLUCIONES%202002/RES%202002%201151-1200/Thumbs.db HTTP/1.1" 200 179712
157.55.39.217 - - [13/Dec/2014:05:04:30 -0500] "GET /bla/resoluciones/resoluciones%202009/7791.pdf HTTP/1.1" 200 497031
157.55.39.240 - - [13/Dec/2014:05:04:35 -0500] "GET /BLA/resoluciones/Resoluciones%202011/2051.pdf HTTP/1.1" 200 520364
74.86.158.107 - - [13/Dec/2014:05:04:51 -0500] "HEAD / HTTP/1.1" 302 -
157.55.39.217 - - [13/Dec/2014:05:04:56 -0500] "GET /BLA/resoluciones/RESOLUCIONES%202011/1513.pdf HTTP/1.1" 200 187012
186.113.10.143 - - [13/Dec/2014:05:05:24 -0500] "GET /galeria/nivo-slider/demo/images/Banner-Ecourbanismo.jpg HTTP/1.1" 304 -
157.55.39.113 - - [13/Dec/2014:05:05:47 -0500] "GET /bla/resoluciones/resoluciones%202010/7291.pdf HTTP/1.1" 200 482766
66.249.73.163 - - [13/Dec/2014:05:06:32 -0500] "GET /BLA/resoluciones/RESOLUCIONES%202013/1558.pdf HTTP/1.1" 304 -
66.249.73.171 - - [13/Dec/2014:05:06:51 -0500] "GET /BLA/resoluciones/RESOLUCIONES%202010/5711.pdf HTTP/1.1" 304 -
157.55.39.13 - - [13/Dec/2014:05:07:03 -0500] "GET /BLA/resoluciones/AUTOS%202009/0216.pdf HTTP/1.1" 200 100692
157.55.39.113 - - [13/Dec/2014:05:07:35 -0500] "GET /BLA/resoluciones/RESOLUCIONES%202010/0393.pdf HTTP/1.1" 200 93681
157.55.39.240 - - [13/Dec/2014:05:07:42 -0500] "GET /BLA/resoluciones/RESOLUCIONES%202009/7097.pdf HTTP/1.1" 200 622101
157.55.39.218 - - [13/Dec/2014:05:08:42 -0500] "GET /BLA/resoluciones/RESOLUCIONES%202011/2598.pdf HTTP/1.1" 200 704752
66.249.73.163 - - [13/Dec/2014:05:09:22 -0500] "GET /BLA/resoluciones/RESOLUCIONES%202009/6926.pdf HTTP/1.1" 200 110566
66.249.73.155 - - [13/Dec/2014:05:09:31 -0500] "GET /BLA/resoluciones/RESOLUCIONES%202002/RES%202002%2051-100/2002RES51.tif HTTP/1.1" 200 174162
74.86.158.107 - - [13/Dec/2014:05:09:51 -0500] "HEAD / HTTP/1.1" 302 -
157.55.39.217 - - [13/Dec/2014:05:09:54 -0500] "GET /bla/resoluciones/resoluciones%202010/6626.pdf HTTP/1.1" 200 262804
157.55.39.13 - - [13/Dec/2014:05:11:44 -0500] "GET /BLA/resoluciones/AUTOS%202010/0877.pdf HTTP/1.1" 200 176996
157.55.39.217 - - [13/Dec/2014:05:11:48 -0500] "GET /bla/resoluciones/resoluciones%202009/1721.pdf HTTP/1.1" 200 579009
157.55.39.240 - - [13/Dec/2014:05:12:11 -0500] "GET /BLA/resoluciones/RESOLUCIONES%202011/3428.pdf HTTP/1.1" 200 524030
66.249.73.155 - - [13/Dec/2014:05:12:13 -0500] "GET /BLA/resoluciones/AUTOS%202008/0142.pdf HTTP/1.1" 304 -
66.249.73.155 - - [13/Dec/2014:05:12:36 -0500] "GET /BLA/resoluciones/AUTOS%202009/1839.pdf HTTP/1.1" 200 102331
157.55.39.62 - - [13/Dec/2014:05:12:49 -0500] "GET /robots.txt HTTP/1.1" 404 1019
157.55.39.62 - - [13/Dec/2014:05:12:56 -0500] "GET /dama/libreria/php/frame_detalle.php?h_id=773 HTTP/1.1" 404 1019
186.180.19.219 - - [13/Dec/2014:05:13:55 -0500] "GET /BLA/boletinlegal/js/jquery.js HTTP/1.1" 200 57254
186.180.19.219 - - [13/Dec/2014:05:13:55 -0500] "GET /BLA/boletinlegal/js/jquery.scrollTo-min.js HTTP/1.1" 200 1150
186.180.19.219 - - [13/Dec/2014:05:13:55 -0500] "GET /BLA/boletinlegal/js/jquery.scrollShow.js HTTP/1.1" 200 4586
180.76.5.176 - - [13/Dec/2014:05:14:05 -0500] "GET /BLA/boletinlegal/Directivas/2011/Directiva%20No.%2011%20del%2027%20de%20Diciembre%20de%202011.pdf HTTP/1.1" 200 303527
157.55.39.13 - - [13/Dec/2014:05:14:10 -0500] "GET /bla/resoluciones/resoluciones%202009/1724.pdf HTTP/1.1" 200 699614
180.76.5.190 - - [13/Dec/2014:05:14:45 -0500] "GET /BLA/boletinlegal/Directivas/2011/Directiva%20No.%207%20del%2015%20de%20Septiembre%20de%202011.pdf HTTP/1.1" 200 268084
74.86.158.107 - - [13/Dec/2014:05:14:51 -0500] "HEAD / HTTP/1.1" 302 -
66.249.73.163 - - [13/Dec/2014:05:15:03 -0500] "GET /BLA/resoluciones/RESOLUCIONES%202009/6010.pdf HTTP/1.1" 200 404101
157.55.39.113 - - [13/Dec/2014:05:15:11 -0500] "GET /bla/resoluciones/RESOLUCIONES%202011/1639.pdf HTTP/1.1" 200 251182
123.125.71.39 - - [13/Dec/2014:05:15:13 -0500] "GET /BLA/resoluciones/RESOLUCIONES%202011/6523.pdf HTTP/1.1" 200 4659570
157.55.39.113 - - [13/Dec/2014:05:17:28 -0500] "GET /BLA/resoluciones/AUTOS%202011/6113.pdf HTTP/1.1" 200 188971
157.55.39.12 - - [13/Dec/2014:05:17:32 -0500] "GET /bla/resoluciones/resoluciones%202010/7609.pdf HTTP/1.1" 200 65925
157.55.39.113 - - [13/Dec/2014:05:17:49 -0500] "GET /BLA/resoluciones/AUTOS%202011/3710.pdf HTTP/1.1" 200 231044
66.249.73.163 - - [13/Dec/2014:05:17:53 -0500] "GET /BLA/resoluciones/RESOLUCIONES%202011/0867.pdf HTTP/1.1" 304 -
66.249.73.155 - - [13/Dec/2014:05:18:31 -0500] "GET /BLA/resoluciones/AUTOS%202009/2768.pdf HTTP/1.1" 304 -
157.55.39.113 - - [13/Dec/2014:05:18:48 -0500] "GET /BLA/resoluciones/AUTOS%202010/3454.pdf HTTP/1.1" 200 507330
157.55.39.113 - - [13/Dec/2014:05:19:27 -0500] "GET /BLA/resoluciones/RESOLUCIONES%202008/0515.pdf HTTP/1.1" 200 193452
157.55.39.12 - - [13/Dec/2014:05:19:41 -0500] "GET /BLA/resoluciones/RESOLUCIONES%202011/2274.pdf HTTP/1.1" 200 542530
74.86.158.107 - - [13/Dec/2014:05:19:51 -0500] "HEAD / HTTP/1.1" 302 -
157.55.39.13 - - [13/Dec/2014:05:20:11 -0500] "GET /BLA/resoluciones/AUTOS%202012/1343.pdf HTTP/1.1" 200 159104
157.55.39.240 - - [13/Dec/2014:05:20:15 -0500] "GET /BLA/resoluciones/AUTOS%202010/6105.pdf HTTP/1.1" 200 288511
157.55.39.217 - - [13/Dec/2014:05:20:20 -0500] "GET /bla/resoluciones/resoluciones%202010/6180.pdf HTTP/1.1" 200 639452
66.249.65.196 - - [13/Dec/2014:05:20:40 -0500] "GET /manual_funciones_Listado/1.%20Despacho/Secretario%20de%20Despacho%20020-09.pdf HTTP/1.1" 404 1019
66.249.73.155 - - [13/Dec/2014:05:20:43 -0500] "GET /BLA/resoluciones/RESOLUCIONES%202007/RES%202007%203701%20AL%203800/RESOLUCION%203752%20DE%202007.pdf HTTP/1.1" 304 -
157.55.39.241 - - [13/Dec/2014:05:21:03 -0500] "GET /BLA/resoluciones/RESOLUCIONES%202008/0637.pdf HTTP/1.1" 200 107529
157.55.39.217 - - [13/Dec/2014:05:21:08 -0500] "GET /bla/resoluciones/resoluciones%202010/7598.pdf HTTP/1.1" 200 66657
66.249.73.171 - - [13/Dec/2014:05:21:13 -0500] "GET /BLA/resoluciones/AUTOS%202007/1853.pdf HTTP/1.1" 200 88745
202.46.63.164 - - [13/Dec/2014:05:22:28 -0500] "GET /BLA/boletinlegal/Directivas/2011/Directiva%20No.%207%20del%2015%20de%20Septiembre%20de%202011.pdf HTTP/1.1" 200 268084
181.136.158.103 - - [13/Dec/2014:05:22:39 -0500] "GET /BLA/boletinlegal/js/jquery.js HTTP/1.1" 200 57254
181.136.158.103 - - [13/Dec/2014:05:22:39 -0500] "GET /BLA/boletinlegal/js/jquery.scrollShow.js HTTP/1.1" 200 4586
181.136.158.103 - - [13/Dec/2014:05:22:39 -0500] "GET /BLA/boletinlegal/js/jquery.scrollTo-min.js HTTP/1.1" 200 1150
66.249.73.171 - - [13/Dec/2014:05:23:33 -0500] "GET /BLA/resoluciones/RESOLUCIONES%202012/1857.pdf HTTP/1.1" 200 2816678
66.249.65.192 - - [13/Dec/2014:05:24:05 -0500] "GET /portalsiaccapacitaciones/Soportes%20Capacitaciones%20A%C3%B1o%202013/0011.%20Presentaci%C3%B3n%20Llantas-%20Asfalto%20Resoluci%C3%B3n%206981-11%2023-05-13.%20ppt.pdf HTTP/1.1" 200 317065
157.55.39.217 - - [13/Dec/2014:05:24:10 -0500] "GET /bla/resoluciones/resoluciones%202010/7341.pdf HTTP/1.1" 200 247470
157.55.39.217 - - [13/Dec/2014:05:24:11 -0500] "GET /bla/resoluciones/resoluciones%202009/1948.pdf HTTP/1.1" 200 587991
157.55.39.240 - - [13/Dec/2014:05:24:16 -0500] "GET /bla/resoluciones/resoluciones%202010/7590.pdf HTTP/1.1" 200 67189
74.86.158.107 - - [13/Dec/2014:05:24:51 -0500] "HEAD / HTTP/1.1" 302 -
66.249.73.171 - - [13/Dec/2014:05:25:12 -0500] "GET /BLA/resoluciones/RESOLUCIONES%202005/RES%202005%202451-2500/00002496.tif HTTP/1.1" 200 271616
180.76.5.59 - - [13/Dec/2014:05:26:08 -0500] "GET /BLA/resoluciones/RESOLUCIONES%202010/2765.pdf HTTP/1.1" 200 496363
66.249.73.155 - - [13/Dec/2014:05:26:23 -0500] "GET /BLA/resoluciones/AUTOS%202011/4227.pdf HTTP/1.1" 200 246527
66.249.73.155 - - [13/Dec/2014:05:27:32 -0500] "GET /BLA/resoluciones/Notificaciones/AUTOS%202013/3415.doc HTTP/1.1" 200 228352
157.55.39.217 - - [13/Dec/2014:05:28:13 -0500] "GET /BLA/resoluciones/RESOLUCIONES%202009/3511.pdf HTTP/1.1" 200 699318
157.55.39.13 - - [13/Dec/2014:05:28:17 -0500] "GET /BLA/resoluciones/Resoluciones%202011/2524.pdf HTTP/1.1" 200 744702
66.249.73.163 - - [13/Dec/2014:05:29:13 -0500] "GET /BLA/resoluciones/RESOLUCIONES%202010/4398.pdf HTTP/1.1" 200 936898
74.86.158.107 - - [13/Dec/2014:05:29:51 -0500] "HEAD / HTTP/1.1" 302 -
180.76.5.71 - - [13/Dec/2014:05:30:49 -0500] "GET /BLA/boletinlegal/Circulares/2011/Circular%20No.%205%20del%2012%20de%20Agosto%20de%202011.pdf HTTP/1.1" 200 431796
66.249.65.196 - - [13/Dec/2014:05:30:59 -0500] "GET /portalsiaccapacitaciones/Listas%20de%20Asistencia%202014/ HTTP/1.1" 200 5995
180.76.5.148 - - [13/Dec/2014:05:31:29 -0500] "GET /BLA/resoluciones/RESOLUCIONES%202010/0684.pdf HTTP/1.1" 200 255153
136.243.5.215 - - [13/Dec/2014:05:31:35 -0500] "GET /robots.txt HTTP/1.0" 404 1015
136.243.5.215 - - [13/Dec/2014:05:31:43 -0500] "GET /pai/pai.htm HTTP/1.0" 404 1015
157.55.39.241 - - [13/Dec/2014:05:31:56 -0500] "GET /BLA/resoluciones/RESOLUCIONES%202008/0560.pdf HTTP/1.1" 200 115555
66.249.73.171 - - [13/Dec/2014:05:32:03 -0500] "GET /POT-2013/memoria%20justificativa/ANEXOS_2,3,4.pdf HTTP/1.1" 200 617731
157.55.39.240 - - [13/Dec/2014:05:32:34 -0500] "GET /bla/resoluciones/resoluciones%202009/0234.pdf HTTP/1.1" 200 670601
157.55.39.241 - - [13/Dec/2014:05:33:05 -0500] "GET /BLA/resoluciones/Resoluciones%202011/0086.pdf HTTP/1.1" 200 312133
66.249.73.171 - - [13/Dec/2014:05:33:48 -0500] "GET /forest/ HTTP/1.1" 200 12510
157.55.39.113 - - [13/Dec/2014:05:33:54 -0500] "GET /BLA/resoluciones/RESOLUCIONES%202009/2281.pdf HTTP/1.1" 200 436517
157.55.39.12 - - [13/Dec/2014:05:34:24 -0500] "GET /bla/resoluciones/resoluciones%202010/1907.pdf HTTP/1.1" 200 589326
66.249.73.163 - - [13/Dec/2014:05:34:33 -0500] "GET /formas/as22.pdf HTTP/1.1" 404 1018
74.86.158.107 - - [13/Dec/2014:05:34:51 -0500] "HEAD / HTTP/1.1" 302 -
66.249.65.188 - - [13/Dec/2014:05:35:37 -0500] "GET /BLA/boletinlegal/Circulares/2014/Circular%20No.%201%20del%2008%20de%20Mayo%20de%202014.pdf HTTP/1.1" 404 1019
157.55.39.113 - - [13/Dec/2014:05:36:24 -0500] "GET /BLA/resoluciones/Resoluciones%202011/0839.pdf HTTP/1.1" 200 796846
190.66.119.23 - - [13/Dec/2014:05:37:21 -0500] "GET /BLA/resoluciones/RESOLUCIONES%202008/1001.pdf HTTP/1.1" 200 202570
190.66.119.23 - - [13/Dec/2014:05:37:21 -0500] "GET /BLA/resoluciones/RESOLUCIONES%202008/1001.pdf HTTP/1.1" 206 32768
190.66.119.23 - - [13/Dec/2014:05:37:22 -0500] "GET /BLA/resoluciones/RESOLUCIONES%202008/1001.pdf HTTP/1.1" 206 169802
190.66.119.23 - - [13/Dec/2014:05:37:23 -0500] "GET /favicon.ico HTTP/1.1" 200 7782
66.249.65.192 - - [13/Dec/2014:05:37:43 -0500] "GET /POT-2013/Cartografia/15_Sistema%20de%20Movilidad%20_Secciones%20Viales_Circuitos_movilida.pdf HTTP/1.1" 304 -
157.55.39.240 - - [13/Dec/2014:05:38:17 -0500] "GET /bla/resoluciones/resoluciones%202010/1648.pdf HTTP/1.1" 200 433775
180.76.5.61 - - [13/Dec/2014:05:38:22 -0500] "GET /BLA/resoluciones/RESOLUCIONES%202010/1134.pdf HTTP/1.1" 200 105580
66.249.65.196 - - [13/Dec/2014:05:38:43 -0500] "GET /portalsiaccapacitaciones/Listas%20de%20Asistencia%202013/Lista%20de%20Asistencia%20Capacitaci%C3%B3n%20Residuos%20Especiales,%20Org%C3%A1nicos%2006-06-2013.pdf HTTP/1.1" 200 2605236
190.25.232.143 - - [13/Dec/2014:05:38:56 -0500] "GET /galeria/nivo-slider/demo/images/Banner-GAE3.jpg HTTP/1.1" 304 -
66.249.73.171 - - [13/Dec/2014:05:39:01 -0500] "GET /BLA/resoluciones/RESOLUCIONES%202004/RES%202004%20251-300/00000297.tif HTTP/1.1" 200 89870
157.55.39.113 - - [13/Dec/2014:05:39:40 -0500] "GET /BLA/resoluciones/RESOLUCIONES%202011/2537.pdf HTTP/1.1" 200 750075
74.86.158.107 - - [13/Dec/2014:05:39:51 -0500] "HEAD / HTTP/1.1" 302 -
66.249.65.188 - - [13/Dec/2014:05:40:16 -0500] "GET /portalsiaccapacitaciones/Soportes%20Capacitaciones%20A%C3%B1o%202014/0115.%20Presentaci%C3%B3n%20Guia%20Techos%20Verdes%20y%20Jardines%20Verticales%2011-11-14.pdf HTTP/1.1" 200 19498800
157.55.39.240 - - [13/Dec/2014:05:40:33 -0500] "GET /BLA/resoluciones/AUTOS%202012/1698.pdf HTTP/1.1" 200 379541
66.249.65.188 - - [13/Dec/2014:05:40:37 -0500] "GET /BLA/ HTTP/1.1" 200 538
66.249.73.171 - - [13/Dec/2014:05:41:53 -0500] "GET /BLA/resoluciones/Notificaciones/AUTOS%202014/2133.doc HTTP/1.1" 200 229888
66.249.73.155 - - [13/Dec/2014:05:42:18 -0500] "GET /forest/img/spacer.gif HTTP/1.1" 200 43
66.249.73.155 - - [13/Dec/2014:05:42:21 -0500] "GET /forest/img/inicio/6.gif HTTP/1.1" 200 12239
66.249.73.163 - - [13/Dec/2014:05:42:23 -0500] "GET /forest/css/index.css HTTP/1.1" 200 1900
66.249.73.155 - - [13/Dec/2014:05:42:25 -0500] "GET /forest/img/inicio/2.gif HTTP/1.1" 200 42562
66.249.73.155 - - [13/Dec/2014:05:42:27 -0500] "GET /forest/img/base/bsc2_r1_c1.gif HTTP/1.1" 200 28640
66.249.73.155 - - [13/Dec/2014:05:42:29 -0500] "GET /forest/img/base/bsc2_r1_c3.gif HTTP/1.1" 200 3704
66.249.73.171 - - [13/Dec/2014:05:42:30 -0500] "GET /forest/img/loading.gif HTTP/1.1" 200 1197
66.249.73.171 - - [13/Dec/2014:05:42:31 -0500] "GET /forest/img/inicio/5.gif HTTP/1.1" 200 25611
66.249.73.171 - - [13/Dec/2014:05:42:32 -0500] "GET /forest/skins/gdocs-jar/img/okey.gif HTTP/1.1" 200 203
66.249.73.171 - - [13/Dec/2014:05:42:33 -0500] "GET /forest/img/panel/view_icon.gif HTTP/1.1" 200 681
66.249.73.155 - - [13/Dec/2014:05:42:34 -0500] "GET /forest/img/inicio/3.gif HTTP/1.1" 200 29737
66.249.73.163 - - [13/Dec/2014:05:42:35 -0500] "GET /forest/skins/gdocs-jar/css/autocomplete.css HTTP/1.1" 200 1620
66.249.73.155 - - [13/Dec/2014:05:42:36 -0500] "GET /forest/jsoptimized/gz/js/gdocsall-1212.110721.js HTTP/1.1" 404 185
66.249.73.163 - - [13/Dec/2014:05:42:36 -0500] "GET /forest/jsoptimized/gz/js/gdocsall-1212.110721.js HTTP/1.1" 404 185
66.249.73.171 - - [13/Dec/2014:05:42:36 -0500] "GET /forest/img/base/bsc2_r1_c2.gif HTTP/1.1" 200 269
66.249.73.155 - - [13/Dec/2014:05:42:37 -0500] "GET /forest/skins/gdocs-jar/css/menu.css HTTP/1.1" 200 4235
66.249.73.155 - - [13/Dec/2014:05:42:37 -0500] "GET /forest/skins/gdocs-jar/css/dialog.css HTTP/1.1" 200 1430
157.55.39.217 - - [13/Dec/2014:05:42:37 -0500] "GET /BLA/resoluciones/RESOLUCIONES%202009/0143.pdf HTTP/1.1" 200 177033
66.249.73.163 - - [13/Dec/2014:05:42:38 -0500] "GET /forest/css/escritorio.css HTTP/1.1" 200 15878
66.249.73.155 - - [13/Dec/2014:05:42:38 -0500] "GET /forest/img/close.gif HTTP/1.1" 200 571
66.249.73.155 - - [13/Dec/2014:05:42:39 -0500] "GET /forest/img/inicio/1.gif HTTP/1.1" 200 23925
66.249.73.163 - - [13/Dec/2014:05:42:44 -0500] "GET /forest/css/index.css?version=1411.041919 HTTP/1.1" 200 1900
66.249.73.163 - - [13/Dec/2014:05:42:45 -0500] "GET /forest/skins/gdocs-jar/css/forms.css?version=1411.041919 HTTP/1.1" 200 7180
66.249.73.171 - - [13/Dec/2014:05:42:45 -0500] "GET /forest/css/escritorio.css?version=1411.041919 HTTP/1.1" 200 15878
66.249.73.155 - - [13/Dec/2014:05:42:46 -0500] "GET /forest/skins/gdocs-jar/css/dialog.css?version=1411.041919 HTTP/1.1" 200 1430
66.249.73.163 - - [13/Dec/2014:05:42:46 -0500] "GET /forest/skins/gdocs-jar/css/menu.css?version=1411.041919 HTTP/1.1" 200 4235
66.249.73.155 - - [13/Dec/2014:05:42:47 -0500] "GET /forest/skins/gdocs-jar/css/autocomplete.css?version=1411.041919 HTTP/1.1" 200 1620
66.249.73.171 - - [13/Dec/2014:05:42:48 -0500] "GET /forest/skins/gdocs-jar/css/forest.css?version=1411.041919 HTTP/1.1" 200 51
66.249.73.163 - - [13/Dec/2014:05:42:48 -0500] "GET /forest/js/json3.js HTTP/1.1" 200 39592
66.249.73.155 - - [13/Dec/2014:05:42:49 -0500] "GET /forest/jsoptimized/gz/js/gdocsall-1411.041919.js HTTP/1.1" 200 96626
66.249.73.155 - - [13/Dec/2014:05:42:49 -0500] "GET /forest/1ibre/jscalendar/calendar-win2k-1.css?version=1411.041919 HTTP/1.1" 200 5986
66.249.73.155 - - [13/Dec/2014:05:42:53 -0500] "GET /forest/1ibre/1ibre.css HTTP/1.1" 200 614
157.55.39.13 - - [13/Dec/2014:05:43:01 -0500] "GET /BLA/resoluciones/RESOLUCIONES%202011/2698.pdf HTTP/1.1" 200 774378
66.249.65.188 - - [13/Dec/2014:05:43:21 -0500] "GET /portalsiaccapacitaciones/Soportes%20Capacitaciones%20A%C3%B1o%202013/0053.%20Presentaci%C3%B3n%20Contexto%20PYCS,%20CPS,%20Gu%C3%ADa%20MADS%2013-11-2013.pdf HTTP/1.1" 200 3890506
157.55.39.217 - - [13/Dec/2014:05:44:47 -0500] "GET /bla/resoluciones/resoluciones%202010/0644.pdf HTTP/1.1" 200 500709
74.86.158.107 - - [13/Dec/2014:05:44:51 -0500] "HEAD / HTTP/1.1" 302 -
66.249.65.188 - - [13/Dec/2014:05:44:54 -0500] "GET /portalsiaccapacitaciones/Soportes%20Capacitaciones%20A%C3%B1o%202014/0117.%20Presentaci%C3%B3n%20PUEAA%20EAB-ESP%2025-11-14.pdf HTTP/1.1" 200 1165597
180.76.5.94 - - [13/Dec/2014:05:44:56 -0500] "GET /BLA/resoluciones/RESOLUCIONES%202010/1222.pdf HTTP/1.1" 200 113372
157.55.39.13 - - [13/Dec/2014:05:45:01 -0500] "GET /BLA/resoluciones/AUTOS%202011/1908.pdf HTTP/1.1" 200 142778
157.55.39.240 - - [13/Dec/2014:05:45:15 -0500] "GET /BLA/resoluciones/RESOLUCIONES%202010/1340.pdf HTTP/1.1" 200 549364
66.249.65.188 - - [13/Dec/2014:05:45:33 -0500] "GET /BLA/boletinlegal/index.php HTTP/1.1" 200 49381
66.249.65.188 - - [13/Dec/2014:05:46:27 -0500] "GET /portalsiaccapacitaciones/Soportes%20Capacitaciones%20A%C3%B1o%202014/0111.%20Presentaci%C3%B3n%20Portafolio%20OPEL%2021-10-14.pdf HTTP/1.1" 200 5653965
157.55.39.13 - - [13/Dec/2014:05:47:04 -0500] "GET /bla/resoluciones/resoluciones%202009/0286.pdf HTTP/1.1" 200 1653569
157.55.39.13 - - [13/Dec/2014:05:47:45 -0500] "GET /BLA/resoluciones/RESOLUCIONES%202009/4569.pdf HTTP/1.1" 200 641463
66.249.65.196 - - [13/Dec/2014:05:48:00 -0500] "GET /portalsiaccapacitaciones/Listas%20de%20Asistencia%202014/Lista%20de%20Asistencia%20Sesi%C3%B3n%20Adicional.%20Movilidad%20Sostenible%20-%20Ecoconducci%C3%B3n%20Ma%C3%B1ana%2005-05-2014.pdf HTTP/1.1" 200 779095
123.125.71.105 - - [13/Dec/2014:05:48:33 -0500] "GET /BLA/resoluciones/RESOLUCIONES%202011/4552.pdf HTTP/1.1" 200 998624
202.46.58.30 - - [13/Dec/2014:05:48:36 -0500] "GET / HTTP/1.1" 302 -
157.55.39.218 - - [13/Dec/2014:05:48:47 -0500] "GET /videos/galeria-fotografica/js/jquery-flickr-gallery/jquery-flickr.css HTTP/1.1" 200 711
119.63.193.132 - - [13/Dec/2014:05:48:55 -0500] "GET / HTTP/1.1" 302 -
66.249.73.163 - - [13/Dec/2014:05:49:03 -0500] "GET /BLA/resoluciones/AUTOS%202012/0828.pdf HTTP/1.1" 304 -
66.249.65.196 - - [13/Dec/2014:05:49:33 -0500] "GET /portalsiaccapacitaciones/Soportes%20Capacitaciones%20A%C3%B1o%202014/0085.%20Presentaci%C3%B3%20Intrumentos%20Propuestos%20EcoConducci%C3%B3n%2006-10-14.pdf HTTP/1.1" 200 106757
74.86.158.107 - - [13/Dec/2014:05:49:51 -0500] "HEAD / HTTP/1.1" 302 -
190.127.233.100 - - [13/Dec/2014:05:50:21 -0500] "GET /BLA/boletinlegal/js/jquery.scrollShow.js HTTP/1.1" 200 4586
190.127.233.100 - - [13/Dec/2014:05:50:21 -0500] "GET /BLA/boletinlegal/js/jquery.js HTTP/1.1" 200 57254
190.127.233.100 - - [13/Dec/2014:05:50:21 -0500] "GET /BLA/boletinlegal/js/jquery.scrollTo-min.js HTTP/1.1" 200 1150
157.55.39.217 - - [13/Dec/2014:05:50:24 -0500] "GET /bla/resoluciones/resoluciones%202010/7509.pdf HTTP/1.1" 200 77405
157.55.39.113 - - [13/Dec/2014:05:50:29 -0500] "GET /BLA/resoluciones/RESOLUCIONES%202010/0882.pdf HTTP/1.1" 200 101994
66.249.73.163 - - [13/Dec/2014:05:51:00 -0500] "GET /BLA/resoluciones/RESOLUCIONES%202012/0530.pdf HTTP/1.1" 200 285365
66.249.65.188 - - [13/Dec/2014:05:51:06 -0500] "GET /portalsiaccapacitaciones/Soportes%20Capacitaciones%20A%C3%B1o%202014/0116.%20Presentaci%C3%B3n%20Manejo%20Silvicultural%2011-11-14.pdf HTTP/1.1" 200 1459973
157.55.39.113 - - [13/Dec/2014:05:51:49 -0500] "GET /bla/resoluciones/resoluciones%202010/0449.pdf HTTP/1.1" 200 112716
66.249.65.188 - - [13/Dec/2014:05:51:54 -0500] "GET /Anexos%20estudio%20Organizacional%20SDA/ANEXO%20No.%203-%20CONTRATACI%C3%93N%20%20OPS%C2%B4s%202008-2012/CONTRATOS%20SDA%202012%20POR%20DEPENDENCIA.xls HTTP/1.1" 304 -
66.249.65.196 - - [13/Dec/2014:05:52:39 -0500] "GET /portalsiaccapacitaciones/Soportes%20Capacitaciones%20A%C3%B1o%202014/0107.%20Presentaci%C3%B3n%20Fuentes%20M%C3%B3viles%2014-10-14.pdf HTTP/1.1" 200 1225240
157.55.39.241 - - [13/Dec/2014:05:52:51 -0500] "GET /bla/resoluciones/resoluciones%202010/7391.pdf HTTP/1.1" 200 503812
190.27.18.163 - - [13/Dec/2014:05:52:55 -0500] "GET /BLA/boletinlegal/js/jquery.js HTTP/1.1" 200 57254
190.27.18.163 - - [13/Dec/2014:05:52:55 -0500] "GET /BLA/boletinlegal/js/jquery.scrollTo-min.js HTTP/1.1" 200 1150
190.27.18.163 - - [13/Dec/2014:05:52:55 -0500] "GET /BLA/boletinlegal/js/jquery.scrollShow.js HTTP/1.1" 200 4586
186.19.118.163 - - [13/Dec/2014:05:53:45 -0500] "GET /BLA/resoluciones/AUTOS%202008/0692.pdf HTTP/1.1" 200 394393
157.55.39.218 - - [13/Dec/2014:05:53:45 -0500] "GET /BLA/resoluciones/RESOLUCIONES%202008/2464.pdf HTTP/1.1" 200 357013
66.249.73.171 - - [13/Dec/2014:05:54:00 -0500] "GET /BLA/resoluciones/RESOLUCIONES%202005/RES%202005%202851-2900/00002877.tif HTTP/1.1" 200 175776
66.249.65.188 - - [13/Dec/2014:05:54:12 -0500] "GET /portalsiaccapacitaciones/Soportes%20Capacitaciones%20A%C3%B1o%202014/0097.%20Presentaci%C3%B3n%20Manejo%20Aceite%20Usado%2010-09-14.pdf HTTP/1.1" 200 2501983
74.86.158.107 - - [13/Dec/2014:05:54:51 -0500] "HEAD / HTTP/1.1" 302 -
199.30.25.134 - - [13/Dec/2014:05:55:04 -0500] "GET /videos/galeria-cronicas/js/Jplayer.swf HTTP/1.1" 200 13674
157.55.39.240 - - [13/Dec/2014:05:55:27 -0500] "GET /BLA/resoluciones/RESOLUCIONES%202012/0874.pdf HTTP/1.1" 200 499305
157.55.39.13 - - [13/Dec/2014:05:56:05 -0500] "GET /BLA/resoluciones/AUTOS%202011/2693.pdf HTTP/1.1" 200 116500
66.249.73.163 - - [13/Dec/2014:05:55:34 -0500] "GET /BLA/boletinlegal/index.php HTTP/1.1" 200 49381
66.249.65.196 - - [13/Dec/2014:05:56:14 -0500] "GET /portalsiaccapacitaciones/Listas%20de%20Asistencia%202014/Lista%20de%20Asistencia%20Sesi%C3%B3n%2013.%20Cambio%20Clim%C3%A1tico%20y%20Manejo%20Silvicultural%2011-11-14.pdf HTTP/1.1" 200 1973598
66.249.65.192 - - [13/Dec/2014:05:57:18 -0500] "GET /videos/ambiente-ciudad/skin/pink.flag/ HTTP/1.1" 200 1744
157.55.39.13 - - [13/Dec/2014:05:57:57 -0500] "GET /BLA/resoluciones/RESOLUCIONES%202009/0379.pdf HTTP/1.1" 200 236107
157.55.39.217 - - [13/Dec/2014:05:58:26 -0500] "GET /bla/resoluciones/resoluciones%202010/7255.pdf HTTP/1.1" 200 78786
66.249.65.192 - - [13/Dec/2014:05:58:51 -0500] "GET /videos/ambiente-ciudad/ HTTP/1.1" 200 2475
157.55.39.217 - - [13/Dec/2014:05:59:25 -0500] "GET /BLA/resoluciones/AUTOS%202009/1864.pdf HTTP/1.1" 200 99366
74.86.158.107 - - [13/Dec/2014:05:59:51 -0500] "HEAD / HTTP/1.1" 302 -
66.249.73.163 - - [13/Dec/2014:05:59:56 -0500] "GET /StormSDA/stormWeb/img/logo.png HTTP/1.1" 304 -
66.249.65.192 - - [13/Dec/2014:06:00:24 -0500] "GET /portalsiaccapacitaciones/Listas%20de%20Asistencia%202014/Lista%20de%20Asistencia%20Sesi%C3%B3n%201.%20Gesti%C3%B3n%20Ambiental%2009-04-2014.pdf HTTP/1.1" 200 3041774
66.249.73.171 - - [13/Dec/2014:06:00:29 -0500] "GET /BLA/resoluciones/AUTOS%202008/3449.pdf HTTP/1.1" 200 124564
157.55.39.240 - - [13/Dec/2014:06:00:31 -0500] "GET /BLA/resoluciones/RESOLUCIONES%202010/2319.pdf HTTP/1.1" 200 414053
66.249.73.171 - - [13/Dec/2014:06:00:55 -0500] "GET /StormSDA/stormWeb/img/alerta.png HTTP/1.1" 304 -
92.244.153.230 - - [13/Dec/2014:06:01:28 -0500] "POST /xmlrpc.php HTTP/1.1" 404 1018
66.249.73.155 - - [13/Dec/2014:06:01:59 -0500] "GET /sia/ HTTP/1.1" 304 -
157.55.39.12 - - [13/Dec/2014:06:02:27 -0500] "GET /BLA/resoluciones/Resoluciones%202011/1012.pdf HTTP/1.1" 200 70787
157.55.39.113 - - [13/Dec/2014:06:02:32 -0500] "GET /BLA/resoluciones/AUTOS%202012/1551.pdf HTTP/1.1" 200 370001
157.55.39.113 - - [13/Dec/2014:06:02:32 -0500] "GET /BLA/resoluciones/RESOLUCIONES%202009/1883.pdf HTTP/1.1" 200 418895
157.55.39.217 - - [13/Dec/2014:06:02:59 -0500] "GET /BLA/resoluciones/Resoluciones%202011/0421.pdf HTTP/1.1" 200 71783
157.55.39.241 - - [13/Dec/2014:06:02:59 -0500] "GET /bla/resoluciones/resoluciones%202009/2475.pdf HTTP/1.1" 200 361812
157.55.39.13 - - [13/Dec/2014:06:03:11 -0500] "GET /BLA/resoluciones/RESOLUCIONES%202008/0797.pdf HTTP/1.1" 200 315818
66.249.73.171 - - [13/Dec/2014:06:03:14 -0500] "GET /BLA/resoluciones/RESOLUCIONES%202010/1332.pdf HTTP/1.1" 200 89319
66.249.65.192 - - [13/Dec/2014:06:03:29 -0500] "GET /videos/galeria-cronicas/ HTTP/1.1" 200 3335
157.55.39.113 - - [13/Dec/2014:06:04:06 -0500] "GET /bla/resoluciones/RESOLUCIONES%202011/0349.pdf HTTP/1.1" 200 66189
157.55.39.217 - - [13/Dec/2014:06:04:11 -0500] "GET /BLA/resoluciones/Resoluciones%202011/2304.pdf HTTP/1.1" 200 411500
157.55.39.113 - - [13/Dec/2014:06:04:16 -0500] "GET /BLA/resoluciones/RESOLUCIONES%202010/0350.pdf HTTP/1.1" 200 352326
74.86.158.107 - - [13/Dec/2014:06:04:51 -0500] "HEAD / HTTP/1.1" 302 -
66.249.65.188 - - [13/Dec/2014:06:05:02 -0500] "GET /portalsiaccapacitaciones/Soportes%20Capacitaciones%20A%C3%B1o%202013/0036.%20Herramienta%20STORM%2005-09-2013.pdf HTTP/1.1" 200 951564
180.76.5.21 - - [13/Dec/2014:06:05:06 -0500] "GET /BLA/resoluciones/RESOLUCIONES%202010/2756.pdf HTTP/1.1" 200 531815
157.55.39.113 - - [13/Dec/2014:06:05:27 -0500] "GET /BLA/resoluciones/RESOLUCIONES%202009/2400.pdf HTTP/1.1" 200 351819
66.249.73.155 - - [13/Dec/2014:06:06:04 -0500] "GET /forest/radicacion.do?codMod=11&_a=0.8709731642814603&group_system_actual=4 HTTP/1.1" 200 1345
66.249.65.192 - - [13/Dec/2014:06:06:35 -0500] "GET /portalsiaccapacitaciones/Listas%20de%20Asistencia%202014/Lista%20de%20Asistencia%20Sesi%C3%B3n%209.%20Residuos%20Especiales%2030-09-14.pdf HTTP/1.1" 200 1483316
66.249.73.155 - - [13/Dec/2014:06:07:07 -0500] "GET /BLA/resoluciones/RESOLUCIONES%202002/RES%202002%20251-300/00000263.tif HTTP/1.1" 200 40570
157.55.39.62 - - [13/Dec/2014:06:07:20 -0500] "GET /dama/libreria/pdf/pies_doc.pdf HTTP/1.1" 404 1019
66.249.65.192 - - [13/Dec/2014:06:08:08 -0500] "GET /videos/galeria-cronicas/skin/blue.monday/ HTTP/1.1" 200 1759
157.55.39.113 - - [13/Dec/2014:06:08:11 -0500] "GET /bla/resoluciones/resoluciones%202010/2485.pdf HTTP/1.1" 200 555681
66.249.73.163 - - [13/Dec/2014:06:08:54 -0500] "GET /BLA/resoluciones/RESOLUCIONES%202007/RES%202007%203501%20AL%203600/RESOLUCION%203523%20DE%202007.pdf HTTP/1.1" 200 170560
66.249.65.196 - - [13/Dec/2014:06:09:41 -0500] "GET /videos/23demayo/ HTTP/1.1" 200 5974
74.86.158.107 - - [13/Dec/2014:06:09:51 -0500] "HEAD / HTTP/1.1" 302 -
157.55.39.217 - - [13/Dec/2014:06:11:02 -0500] "GET /BLA/resoluciones/Resoluciones%202011/0838.pdf HTTP/1.1" 200 796544
66.249.65.192 - - [13/Dec/2014:06:11:14 -0500] "GET /portalsiaccapacitaciones/Listas%20de%20Asistencia%202013/Lista%20de%20Asistencia%20Capacitaci%C3%B3n%20Residuos%20Peligrosos%2023-05-2013.pdf HTTP/1.1" 200 1083743
157.55.39.113 - - [13/Dec/2014:06:11:28 -0500] "GET /bla/resoluciones/RESOLUCIONES%202011/2239.pdf HTTP/1.1" 200 760266
157.55.39.60 - - [13/Dec/2014:06:11:30 -0500] "GET /dama/libreria/pdf/pigas/PIGA%20servcivil/PIGA%20servicio%20civil.pdf HTTP/1.1" 404 1019
66.249.73.155 - - [13/Dec/2014:06:11:33 -0500] "GET /StormSDA/stormWeb/img/alerta.png HTTP/1.1" 304 -
66.249.73.171 - - [13/Dec/2014:06:11:44 -0500] "GET /BLA/resoluciones/AUTOS%202010/0079.pdf HTTP/1.1" 200 191155
116.251.197.202 - - [13/Dec/2014:06:11:45 -0500] "GET /webdav/x32.php HTTP/1.0" 404 1018
157.55.39.241 - - [13/Dec/2014:06:11:53 -0500] "GET /BLA/resoluciones/AUTOS%202011/5030.pdf HTTP/1.1" 200 241193
157.55.39.13 - - [13/Dec/2014:06:11:57 -0500] "GET /stormWeb/ HTTP/1.1" 200 12136
186.113.10.143 - - [13/Dec/2014:06:12:01 -0500] "GET /galeria/nivo-slider/demo/images/coplima.jpg HTTP/1.1" 304 -
181.50.166.74 - - [13/Dec/2014:06:12:40 -0500] "GET /BLA/boletinlegal/js/jquery.js HTTP/1.1" 200 57254
181.50.166.74 - - [13/Dec/2014:06:12:40 -0500] "GET /BLA/boletinlegal/js/jquery.scrollTo-min.js HTTP/1.1" 200 1150
181.50.166.74 - - [13/Dec/2014:06:12:40 -0500] "GET /BLA/boletinlegal/js/jquery.scrollShow.js HTTP/1.1" 200 4586
157.55.39.12 - - [13/Dec/2014:06:12:42 -0500] "GET /BLA/resoluciones/RESOLUCIONES%202008/1572.pdf HTTP/1.1" 200 237997
157.55.39.12 - - [13/Dec/2014:06:12:42 -0500] "GET /BLA/resoluciones/RESOLUCIONES%202011/2549.pdf HTTP/1.1" 200 762906
66.249.65.192 - - [13/Dec/2014:06:12:47 -0500] "GET /portalsiaccapacitaciones/Soportes%20Capacitaciones%20A%C3%B1o%202014/0100.%20Presentaci%C3%B3n%20Registros%20Acopiador%20Primario%20y%20Generador%20RESPEL%2016-09-14.pdf HTTP/1.1" 200 7095870
157.55.39.113 - - [13/Dec/2014:06:12:59 -0500] "GET /bla/resoluciones/resoluciones%202009/7581.pdf HTTP/1.1" 200 490681
157.55.39.113 - - [13/Dec/2014:06:13:00 -0500] "GET /BLA/resoluciones/AUTOS%202009/1658.pdf HTTP/1.1" 200 108986
157.55.39.241 - - [13/Dec/2014:06:13:07 -0500] "GET /BLA/resoluciones/RESOLUCIONES%202011/3667.pdf HTTP/1.1" 200 545342
180.76.5.62 - - [13/Dec/2014:06:13:52 -0500] "GET /BLA/boletinlegal/Circulares/2012/Circular%20No.%205%20del%2027%20de%20Abril%20de%202012.pdf HTTP/1.1" 200 216613
66.249.73.155 - - [13/Dec/2014:06:14:09 -0500] "GET /BLA/resoluciones/RESOLUCIONES%202005/RES%202005%202451-2500/00002468.tif HTTP/1.1" 200 265466
66.249.65.188 - - [13/Dec/2014:06:14:20 -0500] "GET /portalsiaccapacitaciones/Listas%20de%20Asistencia%202013/Lista%20de%20Asistencia%20Capacitaci%C3%B3on%20Uso%20eficiente%20del%20Agua%20y%20Manejo%20de%20Vertimientos%2018-07-2013.pdf HTTP/1.1" 200 1536504
66.249.73.155 - - [13/Dec/2014:06:14:27 -0500] "GET /BLA/resoluciones/RESOLUCIONES%202010/6305.pdf HTTP/1.1" 304 -
157.55.39.12 - - [13/Dec/2014:06:14:32 -0500] "GET /BLA/resoluciones/RESOLUCIONES%202011/1111.pdf HTTP/1.1" 200 351259
66.249.73.171 - - [13/Dec/2014:06:14:34 -0500] "GET /BLA/resoluciones/RESOLUCIONES%202009/2967.pdf HTTP/1.1" 304 -
157.55.39.13 - - [13/Dec/2014:06:14:48 -0500] "GET /BLA/resoluciones/RESOLUCIONES%202010/2526.pdf HTTP/1.1" 200 476401
74.86.158.107 - - [13/Dec/2014:06:14:51 -0500] "HEAD / HTTP/1.1" 302 -
190.127.233.36 - - [13/Dec/2014:06:15:12 -0500] "GET /huelladecarbono/index.html HTTP/1.1" 404 1316
66.249.65.196 - - [13/Dec/2014:06:15:53 -0500] "GET /portalsiaccapacitaciones/Listas%20de%20Asistencia%202014/Lista%20de%20Asistencia%20Sesi%C3%B3n%206.%20Indicadores%2010-08-14.pdf HTTP/1.1" 200 7507098
180.76.5.22 - - [13/Dec/2014:06:15:55 -0500] "GET /BLA/resoluciones/RESOLUCIONES%202010/0966.pdf HTTP/1.1" 200 433979
157.55.39.13 - - [13/Dec/2014:06:15:58 -0500] "GET /BLA/resoluciones/AUTOS%202011/4309.pdf HTTP/1.1" 200 250315
66.249.73.163 - - [13/Dec/2014:06:16:23 -0500] "GET /galeria/nivo-slider/demo/demo.html HTTP/1.1" 200 3252
157.55.39.240 - - [13/Dec/2014:06:17:16 -0500] "GET /bla/resoluciones/resoluciones%202010/6244.pdf HTTP/1.1" 200 84594
66.249.73.163 - - [13/Dec/2014:06:17:24 -0500] "GET /BLA/resoluciones/RESOLUCIONES%202009/5866.pdf HTTP/1.1" 200 909191
66.249.73.155 - - [13/Dec/2014:06:17:26 -0500] "GET /BLA/resoluciones/RESOLUCIONES%202010/1211.pdf HTTP/1.1" 200 107000
157.55.39.13 - - [13/Dec/2014:06:17:44 -0500] "GET /BLA/resoluciones/Resoluciones%202011/3373.pdf HTTP/1.1" 200 755896
157.55.39.13 - - [13/Dec/2014:06:17:50 -0500] "GET /bla/resoluciones/RESOLUCIONES%202011/0048.pdf HTTP/1.1" 200 280854
157.55.39.240 - - [13/Dec/2014:06:18:26 -0500] "GET /BLA/resoluciones/RESOLUCIONES%202009/0746.pdf HTTP/1.1" 200 445052
186.155.122.209 - - [13/Dec/2014:06:18:57 -0500] "GET /BLA/boletinlegal/js/jquery.js HTTP/1.1" 200 57254
186.155.122.209 - - [13/Dec/2014:06:18:57 -0500] "GET /BLA/boletinlegal/js/jquery.scrollTo-min.js HTTP/1.1" 200 1150
186.155.122.209 - - [13/Dec/2014:06:18:57 -0500] "GET /BLA/boletinlegal/js/jquery.scrollShow.js HTTP/1.1" 200 4586
157.55.39.13 - - [13/Dec/2014:06:18:58 -0500] "GET /BLA/resoluciones/AUTOS%202011/4659.pdf HTTP/1.1" 200 434829
66.249.65.188 - - [13/Dec/2014:06:18:59 -0500] "GET /videos/C40BannerNominacion.swf HTTP/1.1" 200 21698
66.249.65.192 - - [13/Dec/2014:06:19:01 -0500] "GET /PruebasSTORM/StormSDA_pruebas/userFiles/user_files/91/ HTTP/1.1" 200 1756
157.55.39.12 - - [13/Dec/2014:06:19:40 -0500] "GET /BLA/resoluciones/RESOLUCIONES%202010/2502.pdf HTTP/1.1" 200 672620
74.86.158.107 - - [13/Dec/2014:06:19:51 -0500] "HEAD / HTTP/1.1" 302 -
157.55.39.13 - - [13/Dec/2014:06:20:08 -0500] "GET /dama/libreria/php/frame_detalle.php?h_id=744 HTTP/1.1" 404 1015
157.55.39.240 - - [13/Dec/2014:06:20:11 -0500] "GET /bla/resoluciones/resoluciones%202010/0692.pdf HTTP/1.1" 200 104658
66.249.73.155 - - [13/Dec/2014:06:20:14 -0500] "GET /BLA/resoluciones/RESOLUCIONES%202009/5257.pdf HTTP/1.1" 200 327204
66.249.65.192 - - [13/Dec/2014:06:20:31 -0500] "GET /portalsiaccapacitaciones/Soportes%20Capacitaciones%20A%C3%B1o%202014/0090.%20Taller%20Indicadores%2010-07-14.xls HTTP/1.1" 200 514560
157.55.39.12 - - [13/Dec/2014:06:20:34 -0500] "GET /BLA/resoluciones/RESOLUCIONES%202011/0259.pdf HTTP/1.1" 200 205307
157.55.39.240 - - [13/Dec/2014:06:20:38 -0500] "GET /BLA/resoluciones/Resoluciones%202011/1988.pdf HTTP/1.1" 200 497751
157.55.39.13 - - [13/Dec/2014:06:21:08 -0500] "GET /bla/resoluciones/resoluciones%202010/5304.pdf HTTP/1.1" 200 749635
157.55.39.13 - - [13/Dec/2014:06:21:09 -0500] "GET /BLA/resoluciones/AUTOS%202011/4222.pdf HTTP/1.1" 200 268213
157.55.39.240 - - [13/Dec/2014:06:21:36 -0500] "GET /bla/resoluciones/resoluciones%202010/0554.pdf HTTP/1.1" 200 118949
66.249.65.188 - - [13/Dec/2014:06:22:07 -0500] "GET /videos/ambiente-ciudad/skin/circle.skin/ HTTP/1.1" 200 2122
157.55.39.113 - - [13/Dec/2014:06:22:54 -0500] "GET /robots.txt HTTP/1.1" 404 1018
66.249.73.171 - - [13/Dec/2014:06:23:04 -0500] "GET /BLA/resoluciones/RESOLUCIONES%202010/3713.pdf HTTP/1.1" 304 -
157.55.39.241 - - [13/Dec/2014:06:23:05 -0500] "GET /BLA/resoluciones/RESOLUCIONES%202009/1806.pdf HTTP/1.1" 200 511862
157.55.39.113 - - [13/Dec/2014:06:23:09 -0500] "GET /BLA/resoluciones/AUTOS%202012/1654.pdf HTTP/1.1" 200 1975751
157.55.39.217 - - [13/Dec/2014:06:23:14 -0500] "GET /BLA/resoluciones/RESOLUCIONES%202009/1598.pdf HTTP/1.1" 200 601817
190.84.181.66 - - [13/Dec/2014:06:23:30 -0500] "GET /BLA/boletinlegal/js/jquery.js HTTP/1.1" 200 57254
190.84.181.66 - - [13/Dec/2014:06:23:30 -0500] "GET /BLA/boletinlegal/js/jquery.scrollShow.js HTTP/1.1" 200 4586
190.84.181.66 - - [13/Dec/2014:06:23:30 -0500] "GET /BLA/boletinlegal/js/jquery.scrollTo-min.js HTTP/1.1" 200 1150
66.249.73.163 - - [13/Dec/2014:06:23:37 -0500] "GET /BLA/resoluciones/RESOLUCIONES%202007/RES%202007%203901%20AL%204000/RESOLUCION%203934%20DE%202007.pdf HTTP/1.1" 200 389787
157.55.39.217 - - [13/Dec/2014:06:24:29 -0500] "GET /bla/resoluciones/resoluciones%202010/6748.pdf HTTP/1.1" 200 260130
66.249.73.163 - - [13/Dec/2014:06:24:39 -0500] "GET /BLA/resoluciones/AUTOS%202011/1249.pdf HTTP/1.1" 200 329338
74.86.158.107 - - [13/Dec/2014:06:24:51 -0500] "HEAD / HTTP/1.1" 302 -
100.43.85.25 - - [13/Dec/2014:06:24:59 -0500] "GET /re1/Que%20es/Marco%20legal/?C=D;O=A HTTP/1.1" 404 1019
157.55.39.241 - - [13/Dec/2014:06:25:08 -0500] "GET /BLA/resoluciones/RESOLUCIONES%202009/1117.pdf HTTP/1.1" 200 303348
66.249.73.155 - - [13/Dec/2014:06:25:10 -0500] "GET /BLA/resoluciones/RESOLUCIONES%202013/1297.pdf HTTP/1.1" 304 -
180.76.5.166 - - [13/Dec/2014:06:25:11 -0500] "GET /BLA/boletinlegal/Circulares/2013/Circular%20No.%204%20del%2005%20de%20junio%20de%202013.pdf HTTP/1.1" 200 130461
157.55.39.113 - - [13/Dec/2014:06:25:12 -0500] "GET /BLA/resoluciones/RESOLUCIONES%202010/0850.pdf HTTP/1.1" 200 103296
157.55.39.12 - - [13/Dec/2014:06:25:25 -0500] "GET /BLA/resoluciones/RESOLUCIONES%202009/1332.pdf HTTP/1.1" 200 438571
157.55.39.113 - - [13/Dec/2014:06:25:40 -0500] "GET /BLA/resoluciones/RESOLUCIONES%202010/0113.pdf HTTP/1.1" 200 492542
66.249.65.192 - - [13/Dec/2014:06:26:43 -0500] "GET /Anexos%20estudio%20Organizacional%20SDA/ANEXO%20No.%201-%20NORMAS%20LEGALES%20DE%20ESTRUCTURA%20Y%20PLANTA/Norma_temas.jsp?i=4034 HTTP/1.1" 404 1019
157.55.39.241 - - [13/Dec/2014:06:27:02 -0500] "GET /bla/resoluciones/resoluciones%202009/1322.pdf HTTP/1.1" 200 482246
180.76.6.16 - - [13/Dec/2014:06:27:12 -0500] "GET /BLA/resoluciones/RESOLUCIONES%202010/0523.pdf HTTP/1.1" 200 264751
66.249.73.163 - - [13/Dec/2014:06:28:16 -0500] "GET /BLA/resoluciones/AUTOS%202008/2309.pdf HTTP/1.1" 200 178670
66.249.73.163 - - [13/Dec/2014:06:29:49 -0500] "GET /BLA/resoluciones/AUTOS%202011/4120.pdf HTTP/1.1" 200 371290
74.86.158.107 - - [13/Dec/2014:06:29:51 -0500] "HEAD / HTTP/1.1" 302 -
157.55.39.113 - - [13/Dec/2014:06:29:52 -0500] "GET /bla/resoluciones/RESOLUCIONES%202011/2588.pdf HTTP/1.1" 200 468402
100.43.85.25 - - [13/Dec/2014:06:30:12 -0500] "GET /robots.txt HTTP/1.1" 404 1015
100.43.85.25 - - [13/Dec/2014:06:30:14 -0500] "GET / HTTP/1.1" 302 -
100.43.85.25 - - [13/Dec/2014:06:30:14 -0500] "GET / HTTP/1.1" 302 -
157.55.39.113 - - [13/Dec/2014:06:30:59 -0500] "GET /bla/resoluciones/resoluciones%202010/1822.pdf HTTP/1.1" 200 345070
66.249.73.163 - - [13/Dec/2014:06:31:23 -0500] "GET /BLA/resoluciones/AUTOS%202014/0828.pdf HTTP/1.1" 304 -
157.55.39.113 - - [13/Dec/2014:06:31:33 -0500] "GET /BLA/resoluciones/RESOLUCIONES%202010/0271.pdf HTTP/1.1" 200 119194
157.55.39.240 - - [13/Dec/2014:06:31:38 -0500] "GET /BLA/resoluciones/AUTOS%202011/2735.pdf HTTP/1.1" 200 315005
157.55.39.218 - - [13/Dec/2014:06:31:43 -0500] "GET /BLA/resoluciones/AUTOS%202012/0969.pdf HTTP/1.1" 200 283721
157.55.39.113 - - [13/Dec/2014:06:32:14 -0500] "GET /bla/resoluciones/RESOLUCIONES%202011/1271.pdf HTTP/1.1" 200 447681
66.249.73.163 - - [13/Dec/2014:06:32:54 -0500] "GET /BLA/resoluciones/RESOLUCIONES%202010/7648.pdf HTTP/1.1" 304 -
157.55.39.113 - - [13/Dec/2014:06:33:24 -0500] "GET /bla/resoluciones/RESOLUCIONES%202011/0912.pdf HTTP/1.1" 200 74655
66.249.73.163 - - [13/Dec/2014:06:34:25 -0500] "GET /forest/misactividades.do?_a=0.006664363235778292&group_system_actual=3 HTTP/1.1" 200 1345
66.249.73.155 - - [13/Dec/2014:06:34:28 -0500] "GET /BLA/resoluciones/RESOLUCIONES%202011/5865.pdf HTTP/1.1" 200 655010
157.55.39.113 - - [13/Dec/2014:06:34:48 -0500] "GET /BLA/resoluciones/AUTOS%202012/1882.pdf HTTP/1.1" 200 515718
74.86.158.107 - - [13/Dec/2014:06:34:51 -0500] "HEAD / HTTP/1.1" 302 -
181.49.14.97 - - [13/Dec/2014:06:34:52 -0500] "GET /Residuos/cosmeticos/cosmeticos.html HTTP/1.1" 404 1300
181.49.14.97 - - [13/Dec/2014:06:34:52 -0500] "GET /favicon.ico HTTP/1.1" 200 7782
181.49.14.97 - - [13/Dec/2014:06:34:56 -0500] "GET /Residuos/farmaceutica/farmaceutica.html HTTP/1.1" 404 1300
181.49.14.97 - - [13/Dec/2014:06:35:09 -0500] "GET /Residuos/vehiculos/vehiculos.html HTTP/1.1" 404 1300
66.249.73.171 - - [13/Dec/2014:06:35:55 -0500] "GET /BLA/resoluciones/RESOLUCIONES%202002/RES%202002%20251-300/00000254.tif HTTP/1.1" 200 64378
186.28.167.4 - - [13/Dec/2014:06:35:59 -0500] "GET /BLA/boletinlegal/js/jquery.scrollTo-min.js HTTP/1.1" 200 1150
186.28.167.4 - - [13/Dec/2014:06:35:59 -0500] "GET /BLA/boletinlegal/js/jquery.js HTTP/1.1" 200 57254
186.28.167.4 - - [13/Dec/2014:06:35:59 -0500] "GET /BLA/boletinlegal/js/jquery.scrollShow.js HTTP/1.1" 200 4586
66.249.73.163 - - [13/Dec/2014:06:36:01 -0500] "GET /BLA/resoluciones/AUTOS%202011/4930.pdf HTTP/1.1" 200 202658
157.55.39.240 - - [13/Dec/2014:06:36:43 -0500] "GET /bla/resoluciones/resoluciones%202009/9226.pdf HTTP/1.1" 200 511870
66.249.73.155 - - [13/Dec/2014:06:37:12 -0500] "GET /BLA/resoluciones/RESOLUCIONES%202005/RES%202005%202851-2900/00002857.tif HTTP/1.1" 200 60662
66.249.73.163 - - [13/Dec/2014:06:37:15 -0500] "GET /BLA/resoluciones/RESOLUCIONES%202013/0041.pdf HTTP/1.1" 200 352322
66.249.73.155 - - [13/Dec/2014:06:37:33 -0500] "GET /BLA/resoluciones/RESOLUCIONES%202009/6931.pdf HTTP/1.1" 304 -
157.55.39.113 - - [13/Dec/2014:06:38:07 -0500] "GET /BLA/resoluciones/RESOLUCIONES%202009/0171.pdf HTTP/1.1" 200 58383
66.249.73.171 - - [13/Dec/2014:06:39:06 -0500] "GET /BLA/resoluciones/RESOLUCIONES%202007/RES%202007%204101%20AL%204200/RESOLUCION%204169%20DE%202007.pdf HTTP/1.1" 200 340560
181.132.209.119 - - [13/Dec/2014:06:39:10 -0500] "GET /POT-2013/Cartografia/28_USOS%20Y%20AREAS%20DE%20ACTIVIDAD.pdf HTTP/1.1" 200 3754922
74.86.158.107 - - [13/Dec/2014:06:39:51 -0500] "HEAD / HTTP/1.1" 302 -
66.249.65.192 - - [13/Dec/2014:06:40:05 -0500] "GET /PORTAL_SIAC/swf/Residuos/lavanderias/files/search/searchtext.xml HTTP/1.1" 304 -
157.55.39.13 - - [13/Dec/2014:06:40:07 -0500] "GET /BLA/resoluciones/RESOLUCIONES%202009/8564.pdf HTTP/1.1" 200 648939
157.55.39.217 - - [13/Dec/2014:06:40:11 -0500] "GET /BLA/resoluciones/AUTOS%202009/1997.pdf HTTP/1.1" 200 101423
66.249.73.155 - - [13/Dec/2014:06:40:39 -0500] "GET /BLA/resoluciones/RESOLUCIONES%202007/RES%202007%20101%20AL%20200/RESOLUCION%200183%20DE%202007.pdf HTTP/1.1" 200 136226
201.216.57.74 - - [13/Dec/2014:06:41:07 -0500] "GET /BLA/boletinlegal/js/jquery.js HTTP/1.1" 200 57254
201.216.57.74 - - [13/Dec/2014:06:41:08 -0500] "GET /BLA/boletinlegal/js/jquery.scrollTo-min.js HTTP/1.1" 200 1150
201.216.57.74 - - [13/Dec/2014:06:41:08 -0500] "GET /BLA/boletinlegal/js/jquery.scrollShow.js HTTP/1.1" 200 4586
201.216.57.74 - - [13/Dec/2014:06:41:08 -0500] "GET /galeria/carrusel/Carrusel/jquery.thumbnailScroller.css HTTP/1.1" 200 2066
201.216.57.74 - - [13/Dec/2014:06:41:08 -0500] "GET /galeria/carrusel/Carrusel/jquery-ui-1.8.13.custom.min.js HTTP/1.1" 200 10800
201.216.57.74 - - [13/Dec/2014:06:41:08 -0500] "GET /galeria/carrusel/Carrusel/jquery.thumbnailScroller.js HTTP/1.1" 200 8157
201.216.57.74 - - [13/Dec/2014:06:41:11 -0500] "GET /galeria/nivo-slider/demo/demo.html HTTP/1.1" 200 3252
201.216.57.74 - - [13/Dec/2014:06:41:12 -0500] "GET /galeria/nivo-slider/themes/default/default.css HTTP/1.1" 200 1569
201.216.57.74 - - [13/Dec/2014:06:41:12 -0500] "GET /galeria/nivo-slider/themes/pascal/pascal.css HTTP/1.1" 200 2258
201.216.57.74 - - [13/Dec/2014:06:41:12 -0500] "GET /galeria/nivo-slider/themes/orman/orman.css HTTP/1.1" 200 2152
201.216.57.74 - - [13/Dec/2014:06:41:12 -0500] "GET /galeria/nivo-slider/nivo-slider.css HTTP/1.1" 200 1507
201.216.57.74 - - [13/Dec/2014:06:41:12 -0500] "GET /galeria/nivo-slider/demo/style.css HTTP/1.1" 200 2222
201.216.57.74 - - [13/Dec/2014:06:41:12 -0500] "GET /galeria/nivo-slider/demo/images/ecolecta-Dic2014.png HTTP/1.1" 200 288593
201.216.57.74 - - [13/Dec/2014:06:41:12 -0500] "GET /galeria/nivo-slider/demo/images/banner-musgo.jpg HTTP/1.1" 200 49513
201.216.57.74 - - [13/Dec/2014:06:41:12 -0500] "GET /galeria/nivo-slider/demo/images/Jornada-adopcion.jpg HTTP/1.1" 200 79705
201.216.57.74 - - [13/Dec/2014:06:41:12 -0500] "GET /galeria/nivo-slider/demo/images/Banner-GAE3.jpg HTTP/1.1" 200 146354
201.216.57.74 - - [13/Dec/2014:06:41:12 -0500] "GET /galeria/nivo-slider/demo/images/Tingua-azul.jpg HTTP/1.1" 200 307638
201.216.57.74 - - [13/Dec/2014:06:41:12 -0500] "GET /galeria/nivo-slider/demo/images/porloshumedales.jpg HTTP/1.1" 200 351238
201.216.57.74 - - [13/Dec/2014:06:41:12 -0500] "GET /galeria/nivo-slider/demo/images/Banner-Caracol-Africano.jpg HTTP/1.1" 200 331986
201.216.57.74 - - [13/Dec/2014:06:41:13 -0500] "GET /galeria/nivo-slider/demo/images/banner-redes.jpg HTTP/1.1" 200 62209
201.216.57.74 - - [13/Dec/2014:06:41:13 -0500] "GET /galeria/nivo-slider/demo/images/9Signos.jpg HTTP/1.1" 200 93040
201.216.57.74 - - [13/Dec/2014:06:41:13 -0500] "GET /galeria/nivo-slider/demo/images/banner-llantas2.jpg HTTP/1.1" 200 73153
201.216.57.74 - - [13/Dec/2014:06:41:14 -0500] "GET /galeria/nivo-slider/demo/images/banner-caballos.png HTTP/1.1" 200 389106
201.216.57.74 - - [13/Dec/2014:06:41:14 -0500] "GET /galeria/nivo-slider/demo/images/Hacienda_Molinos.jpg HTTP/1.1" 200 319171
201.216.57.74 - - [13/Dec/2014:06:41:14 -0500] "GET /galeria/nivo-slider/demo/scripts/jquery-1.7.1.min.js HTTP/1.1" 200 93868
201.216.57.74 - - [13/Dec/2014:06:41:14 -0500] "GET /galeria/nivo-slider/jquery.nivo.slider.pack.js HTTP/1.1" 200 11561
201.216.57.74 - - [13/Dec/2014:06:41:15 -0500] "GET /galeria/nivo-slider/demo/images/4Simple_Slider.png HTTP/1.1" 200 11722
201.216.57.74 - - [13/Dec/2014:06:41:15 -0500] "GET /galeria/nivo-slider/themes/default/loading.gif HTTP/1.1" 200 1737
201.216.57.74 - - [13/Dec/2014:06:41:17 -0500] "GET /galeria/nivo-slider/themes/default/arrows.png HTTP/1.1" 200 824
201.216.57.74 - - [13/Dec/2014:06:41:18 -0500] "GET /galeria/nivo-slider/themes/default/bullets.png HTTP/1.1" 200 1281
66.249.73.155 - - [13/Dec/2014:06:42:15 -0500] "GET /BLA/resoluciones/RESOLUCIONES%202009/0082.pdf HTTP/1.1" 304 -
157.55.39.240 - - [13/Dec/2014:06:42:16 -0500] "GET /BLA/resoluciones/Resoluciones%202011/1002.pdf HTTP/1.1" 200 71799
180.76.5.67 - - [13/Dec/2014:06:42:25 -0500] "GET /BLA/resoluciones/RESOLUCIONES%202010/1464.pdf HTTP/1.1" 200 434481
66.249.73.163 - - [13/Dec/2014:06:42:55 -0500] "GET /BLA/resoluciones/RESOLUCIONES%202010/1614.pdf HTTP/1.1" 304 -
66.249.73.163 - - [13/Dec/2014:06:43:45 -0500] "GET /BLA/resoluciones/RESOLUCIONES%202009/9834.pdf HTTP/1.1" 304 -
181.132.209.119 - - [13/Dec/2014:06:44:11 -0500] "-" 408 -
74.86.158.107 - - [13/Dec/2014:06:44:51 -0500] "HEAD / HTTP/1.1" 302 -
66.249.73.163 - - [13/Dec/2014:06:45:18 -0500] "GET /BLA/resoluciones/RESOLUCIONES%202009/3913.pdf HTTP/1.1" 200 570166
157.55.39.240 - - [13/Dec/2014:06:45:36 -0500] "GET /bla/resoluciones/resoluciones%202010/2201.pdf HTTP/1.1" 200 504379
66.249.73.163 - - [13/Dec/2014:06:45:45 -0500] "GET /BLA/resoluciones/RESOLUCIONES%202007/RES%202007%20501%20AL%20600/RESOLUCION%200592%20DE%202007.pdf HTTP/1.1" 304 -
157.55.39.13 - - [13/Dec/2014:06:46:14 -0500] "GET /bla/resoluciones/resoluciones%202010/7743.pdf HTTP/1.1" 200 508106
66.249.73.171 - - [13/Dec/2014:06:46:51 -0500] "GET /BLA/resoluciones/RESOLUCIONES%202007/RES%202007%203001%20AL%203100/RESOLUCION%203039%20DE%202007.pdf HTTP/1.1" 200 607141
157.55.39.241 - - [13/Dec/2014:06:46:55 -0500] "GET /galeria/nivo-slider/demo/demo.html HTTP/1.1" 200 3252
181.61.134.75 - - [13/Dec/2014:06:48:01 -0500] "GET /BLA/boletinlegal/js/jquery.js HTTP/1.1" 200 57254
181.61.134.75 - - [13/Dec/2014:06:48:01 -0500] "GET /BLA/boletinlegal/js/jquery.scrollTo-min.js HTTP/1.1" 200 1150
