66.249.67.83 - - [13/Dec/2014:16:15:11 -0500] "GET /BLA/resoluciones/RESOLUCIONES%202010/4369.pdf HTTP/1.1" 200 555454
66.249.67.67 - - [13/Dec/2014:16:15:14 -0500] "GET /Autoliquidacion/index.php?dir=Solicitudes%20relacionadas%20con%20vertimientos/Tr%E1mites%20Manejo%20de%20Aceites%20Usados%20en%20el%20Distrito%20Capital/&sort=name&order=desc HTTP/1.1" 200 6867
66.249.67.67 - - [13/Dec/2014:16:15:15 -0500] "GET /Autoliquidacion/index.php?dir=Solicitudes%20relacionadas%20con%20vertimientos/Tr%E1mites%20Manejo%20de%20Aceites%20Usados%20en%20el%20Distrito%20Capital/&sort=size&order=desc HTTP/1.1" 200 6867
201.245.192.253 - - [13/Dec/2014:16:15:16 -0500] "GET /BLA/boletinlegal/consulta_actos.php?tipo=resoluciones&no=1234&usuario=&sector=&fecha=2011&resuelve= HTTP/1.1" 200 1038
201.245.192.253 - - [13/Dec/2014:16:15:18 -0500] "GET /BLA/resoluciones/RESOLUCIONES%202011/1234.pdf HTTP/1.1" 200 274383
66.249.67.83 - - [13/Dec/2014:16:15:29 -0500] "GET /BLA/resoluciones/RESOLUCIONES%202010/6361.pdf HTTP/1.1" 304 -
157.55.39.12 - - [13/Dec/2014:16:15:30 -0500] "GET /bla/resoluciones/resoluciones%202010/7580.pdf HTTP/1.1" 200 332061
66.249.67.119 - - [13/Dec/2014:16:15:32 -0500] "GET /portalsiaccapacitaciones/Listas%20de%20Asistencia%202014/Lista%20de%20Asistencia%20Sesi%C3%B3n%203.%20Sistemas%20de%20Gesti%C3%B3n%2013-05-2014.pdf HTTP/1.1" 200 3330263
186.84.18.172 - - [13/Dec/2014:16:15:41 -0500] "GET /BLA/resoluciones/AUTOS%202011/6251.pdf HTTP/1.1" 200 235415
181.54.57.138 - - [13/Dec/2014:16:15:41 -0500] "POST /forms/lservlet;jsessionid=ac16012b30d5b6e45f3242ea4ae4823ecfd278d76972.e3iSbxaKaheRe34Sa3yKbhiTahb0n6jAmljGr5XDqQLvpAe HTTP/1.1" 200 2
190.252.105.148 - - [13/Dec/2014:16:15:43 -0500] "GET /BLA/boletinlegal/js/jquery.js HTTP/1.1" 200 57254
190.252.105.148 - - [13/Dec/2014:16:15:43 -0500] "GET /BLA/boletinlegal/js/jquery.scrollTo-min.js HTTP/1.1" 200 1150
190.252.105.148 - - [13/Dec/2014:16:15:43 -0500] "GET /BLA/boletinlegal/js/jquery.scrollShow.js HTTP/1.1" 200 4586
190.252.105.148 - - [13/Dec/2014:16:15:43 -0500] "GET /galeria/carrusel/Carrusel/jquery.thumbnailScroller.css HTTP/1.1" 200 2066
186.84.18.172 - - [13/Dec/2014:16:15:43 -0500] "GET /BLA/resoluciones/AUTOS%202011/6251.pdf HTTP/1.1" 206 32768
190.252.105.148 - - [13/Dec/2014:16:15:43 -0500] "GET /galeria/carrusel/Carrusel/jquery-ui-1.8.13.custom.min.js HTTP/1.1" 200 10800
186.84.18.172 - - [13/Dec/2014:16:15:43 -0500] "GET /BLA/resoluciones/AUTOS%202011/6251.pdf HTTP/1.1" 206 202647
190.252.105.148 - - [13/Dec/2014:16:15:44 -0500] "GET /galeria/carrusel/Carrusel/jquery.thumbnailScroller.js HTTP/1.1" 200 8157
186.84.18.172 - - [13/Dec/2014:16:15:44 -0500] "GET /favicon.ico HTTP/1.1" 200 7782
190.252.105.148 - - [13/Dec/2014:16:15:55 -0500] "GET /galeria/nivo-slider/demo/demo.html HTTP/1.1" 200 3252
190.252.105.148 - - [13/Dec/2014:16:15:55 -0500] "GET /galeria/nivo-slider/themes/default/default.css HTTP/1.1" 200 1569
190.252.105.148 - - [13/Dec/2014:16:15:56 -0500] "GET /galeria/nivo-slider/themes/pascal/pascal.css HTTP/1.1" 200 2258
190.252.105.148 - - [13/Dec/2014:16:15:56 -0500] "GET /galeria/nivo-slider/themes/orman/orman.css HTTP/1.1" 200 2152
190.252.105.148 - - [13/Dec/2014:16:15:56 -0500] "GET /galeria/nivo-slider/nivo-slider.css HTTP/1.1" 200 1507
190.252.105.148 - - [13/Dec/2014:16:15:56 -0500] "GET /galeria/nivo-slider/demo/style.css HTTP/1.1" 200 2222
190.252.105.148 - - [13/Dec/2014:16:15:56 -0500] "GET /galeria/nivo-slider/demo/images/ecolecta-Dic2014.png HTTP/1.1" 200 288593
190.252.105.148 - - [13/Dec/2014:16:15:56 -0500] "GET /galeria/nivo-slider/demo/images/banner-musgo.jpg HTTP/1.1" 200 49513
190.252.105.148 - - [13/Dec/2014:16:15:56 -0500] "GET /galeria/nivo-slider/demo/images/Jornada-adopcion.jpg HTTP/1.1" 200 79705
190.252.105.148 - - [13/Dec/2014:16:15:57 -0500] "GET /galeria/nivo-slider/demo/images/Banner-GAE3.jpg HTTP/1.1" 200 146354
190.252.105.148 - - [13/Dec/2014:16:15:57 -0500] "GET /galeria/nivo-slider/demo/scripts/jquery-1.7.1.min.js HTTP/1.1" 200 93868
190.252.105.148 - - [13/Dec/2014:16:15:57 -0500] "GET /galeria/nivo-slider/jquery.nivo.slider.pack.js HTTP/1.1" 200 11561
190.252.105.148 - - [13/Dec/2014:16:15:58 -0500] "GET /galeria/nivo-slider/demo/images/4Simple_Slider.png HTTP/1.1" 200 11722
190.252.105.148 - - [13/Dec/2014:16:15:59 -0500] "GET /galeria/nivo-slider/themes/default/loading.gif HTTP/1.1" 200 1737
190.252.105.148 - - [13/Dec/2014:16:15:59 -0500] "GET /galeria/nivo-slider/demo/images/porloshumedales.jpg HTTP/1.1" 200 351238
190.252.105.148 - - [13/Dec/2014:16:15:59 -0500] "GET /galeria/nivo-slider/demo/images/Tingua-azul.jpg HTTP/1.1" 200 307638
66.249.67.75 - - [13/Dec/2014:16:15:56 -0500] "GET /BLA/resoluciones/index.php?dir=RESOLUCIONES+2010%2F HTTP/1.1" 200 1284744
190.252.105.148 - - [13/Dec/2014:16:16:01 -0500] "GET /galeria/nivo-slider/demo/images/Banner-Caracol-Africano.jpg HTTP/1.1" 200 331986
190.252.105.148 - - [13/Dec/2014:16:16:04 -0500] "GET /galeria/nivo-slider/demo/images/banner-redes.jpg HTTP/1.1" 200 62209
190.252.105.148 - - [13/Dec/2014:16:16:08 -0500] "GET /galeria/nivo-slider/demo/images/9Signos.jpg HTTP/1.1" 200 93040
190.252.105.148 - - [13/Dec/2014:16:16:10 -0500] "GET /galeria/nivo-slider/demo/images/banner-llantas2.jpg HTTP/1.1" 200 73153
191.98.63.220 - - [13/Dec/2014:16:16:11 -0500] "GET /BLA/boletinlegal/js/jquery.scrollTo-min.js HTTP/1.1" 200 1150
191.98.63.220 - - [13/Dec/2014:16:16:11 -0500] "GET /BLA/boletinlegal/js/jquery.scrollShow.js HTTP/1.1" 200 4586
191.98.63.220 - - [13/Dec/2014:16:16:11 -0500] "GET /BLA/boletinlegal/js/jquery.js HTTP/1.1" 200 57254
157.55.39.240 - - [13/Dec/2014:16:16:12 -0500] "GET /bla/resoluciones/resoluciones%202009/9101.pdf HTTP/1.1" 200 518703
190.252.105.148 - - [13/Dec/2014:16:16:14 -0500] "GET /galeria/nivo-slider/demo/images/banner-caballos.png HTTP/1.1" 200 389106
190.252.105.148 - - [13/Dec/2014:16:16:16 -0500] "GET /galeria/nivo-slider/demo/images/Hacienda_Molinos.jpg HTTP/1.1" 200 319171
190.252.105.148 - - [13/Dec/2014:16:16:20 -0500] "GET /videos/Spot_CambioClimatico.flv HTTP/1.1" 200 4371917
201.245.192.253 - - [13/Dec/2014:16:16:24 -0500] "GET /BLA/boletinlegal/consulta_actos.php?tipo=resoluciones&no=1235&usuario=&sector=&fecha=2011&resuelve= HTTP/1.1" 200 1027
201.245.192.253 - - [13/Dec/2014:16:16:26 -0500] "GET /BLA/resoluciones/RESOLUCIONES%202011/1235.pdf HTTP/1.1" 200 273353
190.252.105.148 - - [13/Dec/2014:16:16:29 -0500] "GET /galeria/nivo-slider/themes/default/bullets.png HTTP/1.1" 200 1281
190.252.105.148 - - [13/Dec/2014:16:16:29 -0500] "GET /galeria/nivo-slider/themes/default/arrows.png HTTP/1.1" 200 824
66.249.67.75 - - [13/Dec/2014:16:16:44 -0500] "GET /BLA/resoluciones/AUTOS%202011/2149.pdf HTTP/1.1" 200 274955
66.249.67.119 - - [13/Dec/2014:16:17:06 -0500] "GET /portalsiaccapacitaciones/Listas%20de%20Asistencia%202013/Lista%20de%20Asistencia%20Capacitaci%C3%B3n%20Residuos%20Especiales,%20Org%C3%A1nicos%2006-06-2013.pdf HTTP/1.1" 200 2605236
186.31.25.75 - - [13/Dec/2014:16:17:09 -0500] "GET /BLA/boletinlegal/js/jquery.js HTTP/1.1" 200 57254
186.31.25.75 - - [13/Dec/2014:16:17:09 -0500] "GET /BLA/boletinlegal/js/jquery.scrollTo-min.js HTTP/1.1" 200 1150
186.31.25.75 - - [13/Dec/2014:16:17:09 -0500] "GET /BLA/boletinlegal/js/jquery.scrollShow.js HTTP/1.1" 200 4586
201.245.192.253 - - [13/Dec/2014:16:17:22 -0500] "GET /BLA/boletinlegal/consulta_actos.php?tipo=autos&no=4579&usuario=&sector=&fecha=2014&resuelve= HTTP/1.1" 200 623
201.245.192.253 - - [13/Dec/2014:16:17:23 -0500] "GET /BLA/boletinlegal/consulta_actos.php?tipo=resoluciones&no=1236&usuario=&sector=&fecha=2011&resuelve= HTTP/1.1" 200 1047
201.245.192.253 - - [13/Dec/2014:16:17:24 -0500] "GET /BLA/resoluciones/RESOLUCIONES%202011/1236.pdf HTTP/1.1" 200 294763
181.54.57.138 - - [13/Dec/2014:16:17:41 -0500] "POST /forms/lservlet;jsessionid=ac16012b30d5b6e45f3242ea4ae4823ecfd278d76972.e3iSbxaKaheRe34Sa3yKbhiTahb0n6jAmljGr5XDqQLvpAe HTTP/1.1" 200 2
66.249.67.67 - - [13/Dec/2014:16:18:17 -0500] "GET /BLA/resoluciones/RESOLUCIONES%202013/0097.pdf HTTP/1.1" 200 936078
66.249.67.67 - - [13/Dec/2014:16:18:20 -0500] "GET /BLA/resoluciones/RESOLUCIONES%202010/4454.pdf HTTP/1.1" 304 -
201.245.192.253 - - [13/Dec/2014:16:18:28 -0500] "GET /galeria/nivo-slider/demo/demo.html HTTP/1.1" 304 -
201.245.192.253 - - [13/Dec/2014:16:18:28 -0500] "GET /galeria/nivo-slider/themes/default/default.css HTTP/1.1" 304 -
201.245.192.253 - - [13/Dec/2014:16:18:28 -0500] "GET /galeria/nivo-slider/demo/images/banner-musgo.jpg HTTP/1.1" 304 -
201.245.192.253 - - [13/Dec/2014:16:18:28 -0500] "GET /galeria/nivo-slider/demo/images/ecolecta-Dic2014.png HTTP/1.1" 304 -
201.245.192.253 - - [13/Dec/2014:16:18:28 -0500] "GET /galeria/nivo-slider/demo/images/Banner-GAE3.jpg HTTP/1.1" 304 -
201.245.192.253 - - [13/Dec/2014:16:18:28 -0500] "GET /galeria/nivo-slider/demo/images/9Signos.jpg HTTP/1.1" 304 -
201.245.192.253 - - [13/Dec/2014:16:18:28 -0500] "GET /galeria/nivo-slider/demo/images/porloshumedales.jpg HTTP/1.1" 304 -
201.245.192.253 - - [13/Dec/2014:16:18:28 -0500] "GET /galeria/nivo-slider/demo/images/Tingua-azul.jpg HTTP/1.1" 304 -
201.245.192.253 - - [13/Dec/2014:16:18:28 -0500] "GET /galeria/nivo-slider/demo/images/Banner-Caracol-Africano.jpg HTTP/1.1" 304 -
201.245.192.253 - - [13/Dec/2014:16:18:28 -0500] "GET /galeria/nivo-slider/demo/images/Jornada-adopcion.jpg HTTP/1.1" 304 -
201.245.192.253 - - [13/Dec/2014:16:18:28 -0500] "GET /galeria/nivo-slider/demo/images/banner-redes.jpg HTTP/1.1" 304 -
201.245.192.253 - - [13/Dec/2014:16:18:28 -0500] "GET /galeria/nivo-slider/demo/images/banner-caballos.png HTTP/1.1" 304 -
201.245.192.253 - - [13/Dec/2014:16:18:28 -0500] "GET /galeria/nivo-slider/demo/images/Hacienda_Molinos.jpg HTTP/1.1" 304 -
201.245.192.253 - - [13/Dec/2014:16:18:53 -0500] "GET /BLA/boletinlegal/consulta_actos.php?tipo=resoluciones&no=1237&usuario=&sector=&fecha=2011&resuelve= HTTP/1.1" 200 1052
201.245.192.253 - - [13/Dec/2014:16:18:54 -0500] "GET /BLA/resoluciones/RESOLUCIONES%202011/1237.pdf HTTP/1.1" 200 322785
201.245.192.253 - - [13/Dec/2014:16:19:12 -0500] "GET /galeria/nivo-slider/demo/demo.html HTTP/1.1" 304 -
201.245.192.253 - - [13/Dec/2014:16:19:12 -0500] "GET /galeria/nivo-slider/demo/images/ecolecta-Dic2014.png HTTP/1.1" 304 -
66.249.67.67 - - [13/Dec/2014:16:19:18 -0500] "GET /BLA/resoluciones/RESOLUCIONES%202007/RES%202007%20601%20AL%20700/RESOLUCION%200653%20DE%202007.pdf HTTP/1.1" 200 341749
192.168.171.17 - - [13/Dec/2014:16:19:42 -0500] "GET /BLA/boletinlegal/styles2.css HTTP/1.1" 304 -
181.54.57.138 - - [13/Dec/2014:16:19:42 -0500] "POST /forms/lservlet;jsessionid=ac16012b30d5b6e45f3242ea4ae4823ecfd278d76972.e3iSbxaKaheRe34Sa3yKbhiTahb0n6jAmljGr5XDqQLvpAe HTTP/1.1" 200 2
192.168.171.17 - - [13/Dec/2014:16:19:43 -0500] "GET /BLA/boletinlegal/actos.php HTTP/1.1" 200 7530
201.245.192.253 - - [13/Dec/2014:16:19:48 -0500] "GET /BLA/boletinlegal/consulta_actos.php?tipo=resoluciones&no=1238&usuario=&sector=&fecha=2011&resuelve= HTTP/1.1" 200 1039
74.86.158.107 - - [13/Dec/2014:16:19:50 -0500] "HEAD / HTTP/1.1" 302 -
66.249.67.75 - - [13/Dec/2014:16:19:50 -0500] "GET /BLA/resoluciones/RESOLUCIONES%202009/1006.pdf HTTP/1.1" 304 -
201.245.192.253 - - [13/Dec/2014:16:19:55 -0500] "GET /BLA/resoluciones/RESOLUCIONES%202011/1238.pdf HTTP/1.1" 200 475533
192.168.171.17 - - [13/Dec/2014:16:19:55 -0500] "GET /BLA/boletinlegal/consulta_actos.php?tipo=autos&no=5545&usuario=&sector=&fecha=2014&resuelve= HTTP/1.1" 200 992
192.168.171.17 - - [13/Dec/2014:16:19:42 -0500] "GET /BLA/boletinlegal/ HTTP/1.1" 200 28058
186.147.17.151 - - [13/Dec/2014:16:20:04 -0500] "GET /galeria/carrusel/Carrusel/jquery.thumbnailScroller.css HTTP/1.1" 200 2066
186.147.17.151 - - [13/Dec/2014:16:20:04 -0500] "GET /galeria/carrusel/Carrusel/jquery-ui-1.8.13.custom.min.js HTTP/1.1" 200 10800
186.147.17.151 - - [13/Dec/2014:16:20:04 -0500] "GET /galeria/carrusel/Carrusel/jquery.thumbnailScroller.js HTTP/1.1" 200 8157
192.168.171.170 - - [13/Dec/2014:16:20:05 -0500] "GET /BLA/boletinlegal/consulta_actos.php?tipo=autos&no=0224&usuario=&sector=&fecha=2013&resuelve= HTTP/1.1" 200 1076
186.147.17.151 - - [13/Dec/2014:16:20:08 -0500] "GET /galeria/nivo-slider/demo/demo.html HTTP/1.1" 200 3252
186.147.17.151 - - [13/Dec/2014:16:20:09 -0500] "GET /galeria/nivo-slider/themes/default/default.css HTTP/1.1" 200 1569
186.147.17.151 - - [13/Dec/2014:16:20:09 -0500] "GET /galeria/nivo-slider/themes/pascal/pascal.css HTTP/1.1" 200 2258
186.147.17.151 - - [13/Dec/2014:16:20:09 -0500] "GET /galeria/nivo-slider/themes/orman/orman.css HTTP/1.1" 200 2152
186.147.17.151 - - [13/Dec/2014:16:20:09 -0500] "GET /galeria/nivo-slider/demo/style.css HTTP/1.1" 200 2222
186.147.17.151 - - [13/Dec/2014:16:20:09 -0500] "GET /galeria/nivo-slider/nivo-slider.css HTTP/1.1" 200 1507
186.147.17.151 - - [13/Dec/2014:16:20:09 -0500] "GET /galeria/nivo-slider/demo/scripts/jquery-1.7.1.min.js HTTP/1.1" 200 93868
186.147.17.151 - - [13/Dec/2014:16:20:09 -0500] "GET /galeria/nivo-slider/jquery.nivo.slider.pack.js HTTP/1.1" 200 11561
186.147.17.151 - - [13/Dec/2014:16:20:09 -0500] "GET /galeria/nivo-slider/demo/images/ecolecta-Dic2014.png HTTP/1.1" 200 288593
186.147.17.151 - - [13/Dec/2014:16:20:10 -0500] "GET /galeria/nivo-slider/demo/images/banner-musgo.jpg HTTP/1.1" 200 49513
186.147.17.151 - - [13/Dec/2014:16:20:10 -0500] "GET /galeria/nivo-slider/demo/images/Jornada-adopcion.jpg HTTP/1.1" 200 79705
186.147.17.151 - - [13/Dec/2014:16:20:10 -0500] "GET /galeria/nivo-slider/demo/images/4Simple_Slider.png HTTP/1.1" 200 11722
186.147.17.151 - - [13/Dec/2014:16:20:12 -0500] "GET /galeria/nivo-slider/themes/default/loading.gif HTTP/1.1" 200 1737
186.147.17.151 - - [13/Dec/2014:16:20:12 -0500] "GET /galeria/nivo-slider/demo/images/Banner-GAE3.jpg HTTP/1.1" 200 146354
186.147.17.151 - - [13/Dec/2014:16:20:12 -0500] "GET /galeria/nivo-slider/demo/images/porloshumedales.jpg HTTP/1.1" 200 351238
186.147.17.151 - - [13/Dec/2014:16:20:14 -0500] "GET /galeria/nivo-slider/demo/images/Tingua-azul.jpg HTTP/1.1" 200 307638
201.245.192.253 - - [13/Dec/2014:16:20:17 -0500] "GET /BLA/resoluciones/AUTOS%202013/0224.pdf HTTP/1.1" 200 601660
186.147.17.151 - - [13/Dec/2014:16:20:20 -0500] "GET /galeria/nivo-slider/demo/images/Banner-Caracol-Africano.jpg HTTP/1.1" 200 331986
186.147.17.151 - - [13/Dec/2014:16:20:21 -0500] "GET /galeria/nivo-slider/demo/images/banner-redes.jpg HTTP/1.1" 200 62209
186.147.17.151 - - [13/Dec/2014:16:20:21 -0500] "GET /galeria/nivo-slider/demo/images/9Signos.jpg HTTP/1.1" 200 93040
186.147.17.151 - - [13/Dec/2014:16:20:24 -0500] "GET /videos/Spot_CambioClimatico.flv HTTP/1.1" 200 4371917
186.147.17.151 - - [13/Dec/2014:16:20:26 -0500] "GET /galeria/nivo-slider/demo/images/banner-llantas2.jpg HTTP/1.1" 200 73153
186.147.17.151 - - [13/Dec/2014:16:20:30 -0500] "GET /galeria/nivo-slider/demo/images/banner-caballos.png HTTP/1.1" 200 389106
186.147.17.151 - - [13/Dec/2014:16:20:36 -0500] "GET /galeria/nivo-slider/demo/images/Hacienda_Molinos.jpg HTTP/1.1" 200 319171
192.168.171.17 - - [13/Dec/2014:16:20:39 -0500] "GET /BLA/resoluciones/ HTTP/1.1" 200 6952
192.168.171.17 - - [13/Dec/2014:16:20:44 -0500] "GET /BLA/resoluciones/index.php?dir=AUTOS+2014%2F HTTP/1.1" 200 51597
66.249.67.83 - - [13/Dec/2014:16:20:49 -0500] "GET /BLA/resoluciones/Autos%202008/3036.pdf HTTP/1.1" 200 92863
186.147.17.151 - - [13/Dec/2014:16:20:55 -0500] "GET /galeria/nivo-slider/themes/default/arrows.png HTTP/1.1" 200 824
186.147.17.151 - - [13/Dec/2014:16:20:55 -0500] "GET /galeria/nivo-slider/themes/default/bullets.png HTTP/1.1" 200 1281
66.249.67.67 - - [13/Dec/2014:16:21:09 -0500] "GET /BLA/resoluciones/RESOLUCIONES%202011/5903.pdf HTTP/1.1" 200 488479
66.249.67.119 - - [13/Dec/2014:16:21:12 -0500] "GET /portalsiaccapacitaciones/Soportes%20Capacitaciones%20A%C3%B1o%202013/0043.%20Presentaci%C3%B3n%20Gestores%20Almacenamiento%20de%20Respel%20-%20PRECO%2003-10-2013.pdf HTTP/1.1" 200 2880162
157.55.39.217 - - [13/Dec/2014:16:21:13 -0500] "GET /BLA/resoluciones/RESOLUCIONES%202008/2293.pdf HTTP/1.1" 200 355119
201.245.192.253 - - [13/Dec/2014:16:21:16 -0500] "GET /BLA/boletinlegal/consulta_actos.php?tipo=resoluciones&no=1239&usuario=&sector=&fecha=2011&resuelve= HTTP/1.1" 200 1046
148.251.124.174 - - [13/Dec/2014:16:21:17 -0500] "GET /robots.txt HTTP/1.0" 404 1015
201.245.192.253 - - [13/Dec/2014:16:21:17 -0500] "GET /BLA/resoluciones/RESOLUCIONES%202011/1239.pdf HTTP/1.1" 200 147215
66.249.67.67 - - [13/Dec/2014:16:21:24 -0500] "GET /BLA/resoluciones/RESOLUCIONES%202009/8746.pdf HTTP/1.1" 200 503842
148.251.124.174 - - [13/Dec/2014:16:21:26 -0500] "GET /portalsiaccapacitaciones/Soportes%20Capacitaciones%20A%C3%B1o%202013/?C=D;O=A HTTP/1.0" 200 16997
81.226.42.16 - - [13/Dec/2014:16:14:16 -0500] "GET /videos/CRRFFS.mp4 HTTP/1.1" 200 286784363
181.54.57.138 - - [13/Dec/2014:16:21:42 -0500] "POST /forms/lservlet;jsessionid=ac16012b30d5b6e45f3242ea4ae4823ecfd278d76972.e3iSbxaKaheRe34Sa3yKbhiTahb0n6jAmljGr5XDqQLvpAe HTTP/1.1" 200 2
186.28.169.168 - - [13/Dec/2014:16:22:07 -0500] "GET /galeria/carrusel/Carrusel/jquery.thumbnailScroller.css HTTP/1.1" 200 2066
186.28.169.168 - - [13/Dec/2014:16:22:07 -0500] "GET /BLA/boletinlegal/js/jquery.js HTTP/1.1" 200 57254
186.28.169.168 - - [13/Dec/2014:16:22:07 -0500] "GET /BLA/boletinlegal/js/jquery.scrollTo-min.js HTTP/1.1" 200 1150
186.28.169.168 - - [13/Dec/2014:16:22:07 -0500] "GET /BLA/boletinlegal/js/jquery.scrollShow.js HTTP/1.1" 200 4586
186.28.169.168 - - [13/Dec/2014:16:22:07 -0500] "GET /galeria/carrusel/Carrusel/jquery-ui-1.8.13.custom.min.js HTTP/1.1" 200 10800
186.28.169.168 - - [13/Dec/2014:16:22:07 -0500] "GET /galeria/carrusel/Carrusel/jquery.thumbnailScroller.js HTTP/1.1" 200 8157
201.245.192.253 - - [13/Dec/2014:16:22:10 -0500] "GET /BLA/boletinlegal/consulta_actos.php?tipo=resoluciones&no=1240&usuario=&sector=&fecha=2011&resuelve= HTTP/1.1" 200 1039
201.245.192.253 - - [13/Dec/2014:16:22:11 -0500] "GET /galeria/nivo-slider/demo/demo.html HTTP/1.1" 304 -
201.245.192.253 - - [13/Dec/2014:16:22:11 -0500] "GET /galeria/nivo-slider/demo/images/ecolecta-Dic2014.png HTTP/1.1" 304 -
201.245.192.253 - - [13/Dec/2014:16:22:12 -0500] "GET /BLA/resoluciones/RESOLUCIONES%202011/1240.pdf HTTP/1.1" 200 276767
186.28.169.168 - - [13/Dec/2014:16:22:20 -0500] "GET /galeria/nivo-slider/demo/demo.html HTTP/1.1" 200 3252
186.28.169.168 - - [13/Dec/2014:16:22:20 -0500] "GET /galeria/nivo-slider/themes/default/default.css HTTP/1.1" 200 1569
186.28.169.168 - - [13/Dec/2014:16:22:20 -0500] "GET /galeria/nivo-slider/themes/pascal/pascal.css HTTP/1.1" 200 2258
186.28.169.168 - - [13/Dec/2014:16:22:20 -0500] "GET /galeria/nivo-slider/demo/scripts/jquery-1.7.1.min.js HTTP/1.1" 200 93868
186.28.169.168 - - [13/Dec/2014:16:22:20 -0500] "GET /galeria/nivo-slider/demo/style.css HTTP/1.1" 200 2222
186.28.169.168 - - [13/Dec/2014:16:22:20 -0500] "GET /galeria/nivo-slider/nivo-slider.css HTTP/1.1" 200 1507
186.28.169.168 - - [13/Dec/2014:16:22:20 -0500] "GET /galeria/nivo-slider/themes/orman/orman.css HTTP/1.1" 200 2152
186.28.169.168 - - [13/Dec/2014:16:22:20 -0500] "GET /galeria/nivo-slider/jquery.nivo.slider.pack.js HTTP/1.1" 200 11561
186.28.169.168 - - [13/Dec/2014:16:22:25 -0500] "GET /galeria/nivo-slider/themes/default/loading.gif HTTP/1.1" 200 1737
186.28.169.168 - - [13/Dec/2014:16:22:25 -0500] "GET /galeria/nivo-slider/demo/images/4Simple_Slider.png HTTP/1.1" 200 11722
186.28.169.168 - - [13/Dec/2014:16:22:26 -0500] "GET /galeria/nivo-slider/demo/images/ecolecta-Dic2014.png HTTP/1.1" 200 288593
186.28.169.168 - - [13/Dec/2014:16:22:26 -0500] "GET /galeria/nivo-slider/demo/images/banner-musgo.jpg HTTP/1.1" 200 49513
186.28.169.168 - - [13/Dec/2014:16:22:27 -0500] "GET /galeria/nivo-slider/demo/images/Jornada-adopcion.jpg HTTP/1.1" 200 79705
186.28.169.168 - - [13/Dec/2014:16:22:27 -0500] "GET /galeria/nivo-slider/demo/images/Banner-GAE3.jpg HTTP/1.1" 200 146354
186.28.169.168 - - [13/Dec/2014:16:22:27 -0500] "GET /galeria/nivo-slider/demo/images/porloshumedales.jpg HTTP/1.1" 200 351238
186.28.169.168 - - [13/Dec/2014:16:22:27 -0500] "GET /galeria/nivo-slider/demo/images/Banner-Caracol-Africano.jpg HTTP/1.1" 200 331986
186.28.169.168 - - [13/Dec/2014:16:22:27 -0500] "GET /galeria/nivo-slider/demo/images/Tingua-azul.jpg HTTP/1.1" 200 307638
186.28.169.168 - - [13/Dec/2014:16:22:30 -0500] "GET /videos/Spot_CambioClimatico.flv HTTP/1.1" 200 4371917
186.28.169.168 - - [13/Dec/2014:16:22:31 -0500] "GET /galeria/nivo-slider/demo/images/banner-redes.jpg HTTP/1.1" 200 62209
186.28.169.168 - - [13/Dec/2014:16:22:33 -0500] "GET /galeria/nivo-slider/demo/images/9Signos.jpg HTTP/1.1" 200 93040
186.28.169.168 - - [13/Dec/2014:16:22:34 -0500] "GET /galeria/nivo-slider/demo/images/banner-llantas2.jpg HTTP/1.1" 200 73153
186.28.169.168 - - [13/Dec/2014:16:22:35 -0500] "GET /galeria/nivo-slider/demo/images/banner-caballos.png HTTP/1.1" 200 389106
66.249.67.83 - - [13/Dec/2014:16:22:56 -0500] "GET /BLA/resoluciones/RESOLUCIONES%202009/1445.pdf HTTP/1.1" 200 376080
148.251.124.174 - - [13/Dec/2014:16:22:57 -0500] "GET /robots.txt HTTP/1.0" 404 1015
148.251.124.174 - - [13/Dec/2014:16:22:59 -0500] "GET /portalsiaccapacitaciones/Soportes%20Capacitaciones%20A%C3%B1o%202013/?C=M;O=A HTTP/1.0" 200 16997
186.28.169.168 - - [13/Dec/2014:16:23:00 -0500] "GET /galeria/nivo-slider/demo/images/Tingua-azul.jpg HTTP/1.1" 200 307638
186.28.169.168 - - [13/Dec/2014:16:23:00 -0500] "GET /galeria/nivo-slider/demo/images/Banner-Caracol-Africano.jpg HTTP/1.1" 200 331986
186.28.169.168 - - [13/Dec/2014:16:23:00 -0500] "GET /galeria/nivo-slider/demo/images/9Signos.jpg HTTP/1.1" 200 93040
186.28.169.168 - - [13/Dec/2014:16:23:00 -0500] "GET /galeria/nivo-slider/demo/images/banner-llantas2.jpg HTTP/1.1" 200 73153
186.28.169.168 - - [13/Dec/2014:16:23:00 -0500] "GET /galeria/nivo-slider/demo/images/banner-caballos.png HTTP/1.1" 200 389106
186.28.169.168 - - [13/Dec/2014:16:23:00 -0500] "GET /galeria/nivo-slider/demo/images/Hacienda_Molinos.jpg HTTP/1.1" 200 319171
148.251.124.174 - - [13/Dec/2014:16:23:02 -0500] "GET /portalsiaccapacitaciones/Soportes%20Capacitaciones%20A%C3%B1o%202013/?C=N;O=D HTTP/1.0" 200 16997
186.28.169.168 - - [13/Dec/2014:16:23:03 -0500] "GET /videos/Spot_CambioClimatico.flv HTTP/1.1" 206 1
186.28.169.168 - - [13/Dec/2014:16:23:04 -0500] "GET /videos/Spot_CambioClimatico.flv HTTP/1.1" 206 4069610
148.251.124.174 - - [13/Dec/2014:16:23:04 -0500] "GET /portalsiaccapacitaciones/Soportes%20Capacitaciones%20A%C3%B1o%202013/?C=S;O=A HTTP/1.0" 200 16997
186.28.169.168 - - [13/Dec/2014:16:23:07 -0500] "GET /galeria/nivo-slider/themes/default/arrows.png HTTP/1.1" 200 824
186.28.169.168 - - [13/Dec/2014:16:23:07 -0500] "GET /galeria/nivo-slider/themes/default/bullets.png HTTP/1.1" 200 1281
148.251.124.174 - - [13/Dec/2014:16:23:07 -0500] "GET /portalsiaccapacitaciones/Soportes%20Capacitaciones%20A%C3%B1o%202014/?C=S;O=A HTTP/1.0" 200 18973
186.28.37.2 - - [13/Dec/2014:16:23:09 -0500] "GET /BLA/boletinlegal/js/jquery.js HTTP/1.1" 200 57254
186.28.37.2 - - [13/Dec/2014:16:23:09 -0500] "GET /BLA/boletinlegal/js/jquery.scrollTo-min.js HTTP/1.1" 200 1150
186.28.37.2 - - [13/Dec/2014:16:23:09 -0500] "GET /BLA/boletinlegal/js/jquery.scrollShow.js HTTP/1.1" 200 4586
148.251.124.174 - - [13/Dec/2014:16:23:09 -0500] "GET /robots.txt HTTP/1.0" 404 1019
148.251.124.174 - - [13/Dec/2014:16:23:11 -0500] "GET /portalsiaccapacitaciones/Soportes%20Capacitaciones%20A%C3%B1o%202013/?C=D;O=A HTTP/1.0" 200 17001
148.251.124.174 - - [13/Dec/2014:16:23:13 -0500] "GET /portalsiaccapacitaciones/Soportes%20Capacitaciones%20A%C3%B1o%202013/?C=M;O=A HTTP/1.0" 200 17001
148.251.124.174 - - [13/Dec/2014:16:23:16 -0500] "GET /portalsiaccapacitaciones/Soportes%20Capacitaciones%20A%C3%B1o%202013/?C=N;O=D HTTP/1.0" 200 17001
148.251.124.174 - - [13/Dec/2014:16:23:18 -0500] "GET /portalsiaccapacitaciones/Soportes%20Capacitaciones%20A%C3%B1o%202013/?C=S;O=A HTTP/1.0" 200 17001
148.251.124.174 - - [13/Dec/2014:16:23:21 -0500] "GET /portalsiaccapacitaciones/Soportes%20Capacitaciones%20A%C3%B1o%202014/?C=D;O=A HTTP/1.0" 200 18977
148.251.124.174 - - [13/Dec/2014:16:23:23 -0500] "GET /portalsiaccapacitaciones/Soportes%20Capacitaciones%20A%C3%B1o%202014/?C=M;O=A HTTP/1.0" 200 18977
148.251.124.174 - - [13/Dec/2014:16:23:26 -0500] "GET /portalsiaccapacitaciones/Soportes%20Capacitaciones%20A%C3%B1o%202014/?C=N;O=D HTTP/1.0" 200 18977
148.251.124.174 - - [13/Dec/2014:16:23:28 -0500] "GET /portalsiaccapacitaciones/Soportes%20Capacitaciones%20A%C3%B1o%202014/?C=S;O=A HTTP/1.0" 200 18977
201.245.192.253 - - [13/Dec/2014:16:23:34 -0500] "GET /BLA/boletinlegal/consulta_actos.php?tipo=resoluciones&no=1241&usuario=&sector=&fecha=2011&resuelve= HTTP/1.1" 200 1032
201.245.192.253 - - [13/Dec/2014:16:23:35 -0500] "GET /BLA/resoluciones/RESOLUCIONES%202011/1241.pdf HTTP/1.1" 200 317102
157.55.39.217 - - [13/Dec/2014:16:23:35 -0500] "GET /BLA/resoluciones/Resoluciones%202011/2025.pdf HTTP/1.1" 200 205146
181.54.57.138 - - [13/Dec/2014:16:23:42 -0500] "POST /forms/lservlet;jsessionid=ac16012b30d5b6e45f3242ea4ae4823ecfd278d76972.e3iSbxaKaheRe34Sa3yKbhiTahb0n6jAmljGr5XDqQLvpAe HTTP/1.1" 200 2
66.249.67.67 - - [13/Dec/2014:16:23:47 -0500] "GET /BLA/resoluciones/RESOLUCIONES%202011/4308.pdf HTTP/1.1" 200 165747
66.249.67.67 - - [13/Dec/2014:16:24:00 -0500] "GET /BLA/resoluciones/AUTOS%202007/2926.pdf HTTP/1.1" 200 438311
66.249.67.75 - - [13/Dec/2014:16:24:29 -0500] "GET /BLA/resoluciones/RESOLUCIONES%202010/1558.pdf HTTP/1.1" 304 -
157.55.39.240 - - [13/Dec/2014:16:24:38 -0500] "GET /bla/resoluciones/resoluciones%202010/5809.pdf HTTP/1.1" 200 155231
201.245.192.253 - - [13/Dec/2014:16:24:40 -0500] "GET /BLA/boletinlegal/consulta_actos.php?tipo=resoluciones&no=1242&usuario=&sector=&fecha=2011&resuelve= HTTP/1.1" 200 1057
201.245.192.253 - - [13/Dec/2014:16:24:41 -0500] "GET /BLA/resoluciones/RESOLUCIONES%202011/1242.pdf HTTP/1.1" 200 175705
74.86.158.107 - - [13/Dec/2014:16:24:50 -0500] "HEAD / HTTP/1.1" 302 -
186.31.9.173 - - [13/Dec/2014:16:24:59 -0500] "GET /galeria/nivo-slider/demo/images/ecolecta-Dic2014.png HTTP/1.1" 206 48066
66.249.67.67 - - [13/Dec/2014:16:25:14 -0500] "GET /BLA/resoluciones/index.php?dir=RESOLUCIONES%202002/ANEXOS/&sort=date&order=asc HTTP/1.1" 200 2240
181.141.6.183 - - [13/Dec/2014:16:25:29 -0500] "GET /BLA/boletinlegal/js/jquery.js HTTP/1.1" 200 57254
181.141.6.183 - - [13/Dec/2014:16:25:29 -0500] "GET /BLA/boletinlegal/js/jquery.scrollTo-min.js HTTP/1.1" 200 1150
181.141.6.183 - - [13/Dec/2014:16:25:29 -0500] "GET /BLA/boletinlegal/js/jquery.scrollShow.js HTTP/1.1" 200 4586
190.25.232.143 - - [13/Dec/2014:16:25:39 -0500] "GET /galeria/nivo-slider/themes/orman/orman.css HTTP/1.1" 304 -
181.54.57.138 - - [13/Dec/2014:16:25:42 -0500] "POST /forms/lservlet;jsessionid=ac16012b30d5b6e45f3242ea4ae4823ecfd278d76972.e3iSbxaKaheRe34Sa3yKbhiTahb0n6jAmljGr5XDqQLvpAe HTTP/1.1" 200 2
186.85.57.91 - - [13/Dec/2014:16:25:43 -0500] "GET /galeria/nivo-slider/demo/demo.html HTTP/1.1" 304 -
186.85.57.91 - - [13/Dec/2014:16:25:44 -0500] "GET /galeria/nivo-slider/demo/images/ecolecta-Dic2014.png HTTP/1.1" 304 -
201.245.192.253 - - [13/Dec/2014:16:25:46 -0500] "GET /BLA/boletinlegal/consulta_actos.php?tipo=resoluciones&no=1243&usuario=&sector=&fecha=2011&resuelve= HTTP/1.1" 200 1057
201.245.192.253 - - [13/Dec/2014:16:25:47 -0500] "GET /BLA/resoluciones/RESOLUCIONES%202011/1243.pdf HTTP/1.1" 200 283145
152.200.15.147 - - [13/Dec/2014:16:26:00 -0500] "GET /BLA/boletinlegal/js/jquery.scrollShow.js HTTP/1.1" 200 4586
152.200.15.147 - - [13/Dec/2014:16:26:00 -0500] "GET /BLA/boletinlegal/js/jquery.scrollTo-min.js HTTP/1.1" 200 1150
152.200.15.147 - - [13/Dec/2014:16:26:00 -0500] "GET /BLA/boletinlegal/js/jquery.js HTTP/1.1" 200 57254
66.249.67.75 - - [13/Dec/2014:16:26:02 -0500] "GET /BLA/resoluciones/RESOLUCIONES%202011/0981.pdf HTTP/1.1" 200 437384
186.147.17.151 - - [13/Dec/2014:16:26:04 -0500] "GET /PruebasSTORM/StormSDA_pruebas/stormWeb/presentacion.html HTTP/1.1" 200 5109
186.147.17.151 - - [13/Dec/2014:16:26:05 -0500] "GET /PruebasSTORM/StormSDA_pruebas/stormWeb/img/alerta.png HTTP/1.1" 200 23856
186.147.17.151 - - [13/Dec/2014:16:26:05 -0500] "GET /PruebasSTORM/StormSDA_pruebas/stormWeb/img/descargar.png HTTP/1.1" 200 2450
186.147.17.151 - - [13/Dec/2014:16:26:05 -0500] "GET /PruebasSTORM/StormSDA_pruebas/stormWeb/img/version.gif HTTP/1.1" 200 29022
157.55.39.13 - - [13/Dec/2014:16:26:05 -0500] "GET /BLA/resoluciones/RESOLUCIONES%202010/0358.pdf HTTP/1.1" 200 509057
186.87.15.179 - - [13/Dec/2014:16:26:14 -0500] "GET /BLA/boletinlegal/js/jquery.scrollTo-min.js HTTP/1.1" 200 1150
186.87.15.179 - - [13/Dec/2014:16:26:14 -0500] "GET /BLA/boletinlegal/js/jquery.js HTTP/1.1" 200 57254
186.87.15.179 - - [13/Dec/2014:16:26:14 -0500] "GET /BLA/boletinlegal/js/jquery.scrollShow.js HTTP/1.1" 200 4586
186.87.15.179 - - [13/Dec/2014:16:26:14 -0500] "GET /galeria/carrusel/Carrusel/jquery.thumbnailScroller.css HTTP/1.1" 200 2066
186.87.15.179 - - [13/Dec/2014:16:26:14 -0500] "GET /galeria/carrusel/Carrusel/jquery-ui-1.8.13.custom.min.js HTTP/1.1" 200 10800
186.87.15.179 - - [13/Dec/2014:16:26:14 -0500] "GET /galeria/carrusel/Carrusel/jquery.thumbnailScroller.js HTTP/1.1" 200 8157
186.87.15.179 - - [13/Dec/2014:16:26:18 -0500] "GET /galeria/nivo-slider/demo/demo.html HTTP/1.1" 200 3252
186.87.15.179 - - [13/Dec/2014:16:26:20 -0500] "GET /galeria/nivo-slider/themes/default/default.css HTTP/1.1" 200 1569
186.87.15.179 - - [13/Dec/2014:16:26:31 -0500] "GET /galeria/nivo-slider/themes/pascal/pascal.css HTTP/1.1" 200 2258
186.87.15.179 - - [13/Dec/2014:16:26:31 -0500] "GET /galeria/nivo-slider/themes/orman/orman.css HTTP/1.1" 200 2152
186.87.15.179 - - [13/Dec/2014:16:26:31 -0500] "GET /galeria/nivo-slider/demo/scripts/jquery-1.7.1.min.js HTTP/1.1" 200 93868
186.87.15.179 - - [13/Dec/2014:16:26:31 -0500] "GET /galeria/nivo-slider/demo/style.css HTTP/1.1" 200 2222
186.87.15.179 - - [13/Dec/2014:16:26:31 -0500] "GET /galeria/nivo-slider/nivo-slider.css HTTP/1.1" 200 1507
186.87.15.179 - - [13/Dec/2014:16:26:31 -0500] "GET /galeria/nivo-slider/jquery.nivo.slider.pack.js HTTP/1.1" 200 11561
186.87.15.179 - - [13/Dec/2014:16:26:31 -0500] "GET /galeria/nivo-slider/demo/images/ecolecta-Dic2014.png HTTP/1.1" 200 288593
186.87.15.179 - - [13/Dec/2014:16:26:32 -0500] "GET /galeria/nivo-slider/demo/images/banner-musgo.jpg HTTP/1.1" 200 49513
186.87.15.179 - - [13/Dec/2014:16:26:32 -0500] "GET /galeria/nivo-slider/demo/images/Jornada-adopcion.jpg HTTP/1.1" 200 79705
186.87.15.179 - - [13/Dec/2014:16:26:32 -0500] "GET /galeria/nivo-slider/demo/images/porloshumedales.jpg HTTP/1.1" 200 351238
186.87.15.179 - - [13/Dec/2014:16:26:32 -0500] "GET /galeria/nivo-slider/demo/images/Banner-GAE3.jpg HTTP/1.1" 200 146354
186.87.15.179 - - [13/Dec/2014:16:26:32 -0500] "GET /galeria/nivo-slider/demo/images/Tingua-azul.jpg HTTP/1.1" 200 307638
186.87.15.179 - - [13/Dec/2014:16:26:34 -0500] "GET /galeria/nivo-slider/demo/images/Banner-Caracol-Africano.jpg HTTP/1.1" 200 331986
186.87.15.179 - - [13/Dec/2014:16:26:34 -0500] "GET /galeria/nivo-slider/demo/images/9Signos.jpg HTTP/1.1" 200 93040
186.87.15.179 - - [13/Dec/2014:16:26:34 -0500] "GET /galeria/nivo-slider/demo/images/banner-redes.jpg HTTP/1.1" 200 62209
186.87.15.179 - - [13/Dec/2014:16:26:34 -0500] "GET /galeria/nivo-slider/demo/images/banner-llantas2.jpg HTTP/1.1" 200 73153
186.87.15.179 - - [13/Dec/2014:16:26:34 -0500] "GET /galeria/nivo-slider/demo/images/banner-caballos.png HTTP/1.1" 200 389106
186.87.15.179 - - [13/Dec/2014:16:26:35 -0500] "GET /galeria/nivo-slider/demo/images/Hacienda_Molinos.jpg HTTP/1.1" 200 319171
186.87.15.179 - - [13/Dec/2014:16:26:36 -0500] "GET /galeria/nivo-slider/demo/images/4Simple_Slider.png HTTP/1.1" 200 11722
186.87.15.179 - - [13/Dec/2014:16:26:36 -0500] "GET /galeria/nivo-slider/themes/default/loading.gif HTTP/1.1" 200 1737
157.55.39.217 - - [13/Dec/2014:16:26:49 -0500] "GET /bla/resoluciones/resoluciones%202009/1467.pdf HTTP/1.1" 200 429624
66.249.67.67 - - [13/Dec/2014:16:26:50 -0500] "GET /BLA/resoluciones/RESOLUCIONES%202007/RES%202007%203801%20AL%203900/RESOLUCION%203842%20DE%202007.pdf HTTP/1.1" 200 699833
180.76.6.53 - - [13/Dec/2014:16:27:11 -0500] "GET /BLA/boletinlegal/Directivas/2014/Directiva%20No.%202%20del%205%20de%20Mayo%20de%202014.pdf HTTP/1.1" 200 591315
66.249.67.111 - - [13/Dec/2014:16:27:28 -0500] "GET /portalsiaccapacitaciones/Soportes%20Capacitaciones%20A%C3%B1o%202013/0018.%20Presentacion%20Instrumentos%20de%20Planeaci%C3%B3n%20Ambiental%20del%20D.C.%20%2020%20Junio%202013.pdf HTTP/1.1" 200 3081257
66.249.67.67 - - [13/Dec/2014:16:27:35 -0500] "GET /BLA/resoluciones/RESOLUCIONES%202010/7067.pdf HTTP/1.1" 200 63437
186.87.15.179 - - [13/Dec/2014:16:27:39 -0500] "GET /galeria/nivo-slider/themes/default/arrows.png HTTP/1.1" 200 824
186.87.15.179 - - [13/Dec/2014:16:27:40 -0500] "GET /galeria/nivo-slider/themes/default/bullets.png HTTP/1.1" 200 1281
181.54.57.138 - - [13/Dec/2014:16:27:42 -0500] "POST /forms/lservlet;jsessionid=ac16012b30d5b6e45f3242ea4ae4823ecfd278d76972.e3iSbxaKaheRe34Sa3yKbhiTahb0n6jAmljGr5XDqQLvpAe HTTP/1.1" 200 2
157.55.39.113 - - [13/Dec/2014:16:27:46 -0500] "GET /bla/resoluciones/resoluciones%202009/7566.pdf HTTP/1.1" 200 492453
201.245.192.253 - - [13/Dec/2014:16:28:07 -0500] "GET /BLA/boletinlegal/consulta_actos.php?tipo=resoluciones&no=1246&usuario=&sector=&fecha=2011&resuelve= HTTP/1.1" 200 1033
201.245.192.253 - - [13/Dec/2014:16:28:09 -0500] "GET /BLA/resoluciones/RESOLUCIONES%202011/1246.pdf HTTP/1.1" 200 277777
180.76.6.146 - - [13/Dec/2014:16:28:22 -0500] "GET /Autoliquidacion/Grupo%20Forestal%20-%20Silvicultura/Solicitud%20y%20lista%20de%20chequeo%20Evaluaci%F3n%20Silvicultural.xlsx HTTP/1.1" 403 1006
201.245.192.253 - - [13/Dec/2014:16:28:58 -0500] "GET /BLA/boletinlegal/consulta_actos.php?tipo=resoluciones&no=1247&usuario=&sector=&fecha=2011&resuelve= HTTP/1.1" 200 1035
201.245.192.253 - - [13/Dec/2014:16:29:00 -0500] "GET /BLA/resoluciones/RESOLUCIONES%202011/1247.pdf HTTP/1.1" 200 421017
157.55.39.13 - - [13/Dec/2014:16:29:05 -0500] "GET /BLA/resoluciones/AUTOS%202011/3458.pdf HTTP/1.1" 200 430103
157.55.39.13 - - [13/Dec/2014:16:29:05 -0500] "GET /BLA/resoluciones/RESOLUCIONES%202010/2547.pdf HTTP/1.1" 200 81901
66.249.67.75 - - [13/Dec/2014:16:29:08 -0500] "GET /BLA/resoluciones/Notificaciones/AUTOS%202014/2760.doc HTTP/1.1" 200 251904
66.249.67.75 - - [13/Dec/2014:16:29:13 -0500] "GET /BLA/resoluciones/Autos%202008/1869.pdf HTTP/1.1" 200 94771
66.249.67.67 - - [13/Dec/2014:16:29:25 -0500] "GET /BLA/resoluciones/RESOLUCIONES%202005/RES%202005%202851-2900/00002872.tif HTTP/1.1" 200 68900
157.55.39.113 - - [13/Dec/2014:16:29:30 -0500] "GET /BLA/resoluciones/Resoluciones%202011/1512.pdf HTTP/1.1" 200 77625
66.249.67.75 - - [13/Dec/2014:16:29:31 -0500] "GET /BLA/resoluciones/RESOLUCIONES%202011/3340.pdf HTTP/1.1" 200 613208
157.55.39.217 - - [13/Dec/2014:16:29:40 -0500] "GET /bla/resoluciones/resoluciones%202009/7436.pdf HTTP/1.1" 200 60160
66.249.67.83 - - [13/Dec/2014:16:29:40 -0500] "GET /BLA/resoluciones/RESOLUCIONES%202007/RES%202007%202801%20AL%202900/RESOLUCION%202891%20DE%202007.pdf HTTP/1.1" 200 45468
66.249.67.67 - - [13/Dec/2014:16:29:42 -0500] "GET /BLA/resoluciones/Autos%202008/1739.pdf HTTP/1.1" 200 205740
181.54.57.138 - - [13/Dec/2014:16:29:43 -0500] "POST /forms/lservlet;jsessionid=ac16012b30d5b6e45f3242ea4ae4823ecfd278d76972.e3iSbxaKaheRe34Sa3yKbhiTahb0n6jAmljGr5XDqQLvpAe HTTP/1.1" 200 2
157.55.39.217 - - [13/Dec/2014:16:29:50 -0500] "GET /BLA/resoluciones/AUTOS%202010/2919.pdf HTTP/1.1" 200 306833
74.86.158.107 - - [13/Dec/2014:16:29:50 -0500] "HEAD / HTTP/1.1" 302 -
201.245.192.253 - - [13/Dec/2014:16:29:51 -0500] "GET /BLA/boletinlegal/consulta_actos.php?tipo=resoluciones&no=1248&usuario=&sector=&fecha=2011&resuelve= HTTP/1.1" 200 1053
201.245.192.253 - - [13/Dec/2014:16:29:53 -0500] "GET /BLA/resoluciones/RESOLUCIONES%202011/1248.pdf HTTP/1.1" 200 237047
200.58.193.54 - - [13/Dec/2014:16:30:09 -0500] "GET /galeria/carrusel/Carrusel/jquery.thumbnailScroller.css HTTP/1.1" 200 2066
200.58.193.54 - - [13/Dec/2014:16:30:09 -0500] "GET /BLA/boletinlegal/js/jquery.js HTTP/1.1" 200 57254
200.58.193.54 - - [13/Dec/2014:16:30:09 -0500] "GET /BLA/boletinlegal/js/jquery.scrollTo-min.js HTTP/1.1" 200 1150
200.58.193.54 - - [13/Dec/2014:16:30:09 -0500] "GET /BLA/boletinlegal/js/jquery.scrollShow.js HTTP/1.1" 200 4586
200.58.193.54 - - [13/Dec/2014:16:30:09 -0500] "GET /galeria/carrusel/Carrusel/jquery-ui-1.8.13.custom.min.js HTTP/1.1" 200 10800
200.58.193.54 - - [13/Dec/2014:16:30:09 -0500] "GET /galeria/carrusel/Carrusel/jquery.thumbnailScroller.js HTTP/1.1" 200 8157
200.58.193.54 - - [13/Dec/2014:16:30:11 -0500] "GET /galeria/nivo-slider/demo/demo.html HTTP/1.1" 200 3252
200.58.193.54 - - [13/Dec/2014:16:30:11 -0500] "GET /galeria/nivo-slider/themes/default/default.css HTTP/1.1" 200 1569
200.58.193.54 - - [13/Dec/2014:16:30:11 -0500] "GET /galeria/nivo-slider/themes/pascal/pascal.css HTTP/1.1" 200 2258
200.58.193.54 - - [13/Dec/2014:16:30:11 -0500] "GET /galeria/nivo-slider/themes/orman/orman.css HTTP/1.1" 200 2152
200.58.193.54 - - [13/Dec/2014:16:30:11 -0500] "GET /galeria/nivo-slider/nivo-slider.css HTTP/1.1" 200 1507
200.58.193.54 - - [13/Dec/2014:16:30:11 -0500] "GET /galeria/nivo-slider/demo/style.css HTTP/1.1" 200 2222
200.58.193.54 - - [13/Dec/2014:16:30:11 -0500] "GET /galeria/nivo-slider/demo/scripts/jquery-1.7.1.min.js HTTP/1.1" 200 93868
200.58.193.54 - - [13/Dec/2014:16:30:11 -0500] "GET /galeria/nivo-slider/jquery.nivo.slider.pack.js HTTP/1.1" 200 11561
200.58.193.54 - - [13/Dec/2014:16:30:11 -0500] "GET /galeria/nivo-slider/demo/images/ecolecta-Dic2014.png HTTP/1.1" 200 288593
200.58.193.54 - - [13/Dec/2014:16:30:11 -0500] "GET /galeria/nivo-slider/demo/images/banner-musgo.jpg HTTP/1.1" 200 49513
200.58.193.54 - - [13/Dec/2014:16:30:11 -0500] "GET /galeria/nivo-slider/demo/images/4Simple_Slider.png HTTP/1.1" 200 11722
200.58.193.54 - - [13/Dec/2014:16:30:11 -0500] "GET /galeria/nivo-slider/themes/default/loading.gif HTTP/1.1" 200 1737
200.58.193.54 - - [13/Dec/2014:16:30:11 -0500] "GET /galeria/nivo-slider/demo/images/Jornada-adopcion.jpg HTTP/1.1" 200 79705
200.58.193.54 - - [13/Dec/2014:16:30:11 -0500] "GET /galeria/nivo-slider/demo/images/Banner-GAE3.jpg HTTP/1.1" 200 146354
200.58.193.54 - - [13/Dec/2014:16:30:11 -0500] "GET /galeria/nivo-slider/demo/images/porloshumedales.jpg HTTP/1.1" 200 351238
200.58.193.54 - - [13/Dec/2014:16:30:12 -0500] "GET /galeria/nivo-slider/demo/images/Tingua-azul.jpg HTTP/1.1" 200 307638
200.58.193.54 - - [13/Dec/2014:16:30:12 -0500] "GET /galeria/nivo-slider/demo/images/Banner-Caracol-Africano.jpg HTTP/1.1" 200 331986
200.58.193.54 - - [13/Dec/2014:16:30:12 -0500] "GET /galeria/nivo-slider/demo/images/banner-redes.jpg HTTP/1.1" 200 62209
200.58.193.54 - - [13/Dec/2014:16:30:12 -0500] "GET /galeria/nivo-slider/demo/images/9Signos.jpg HTTP/1.1" 200 93040
200.58.193.54 - - [13/Dec/2014:16:30:13 -0500] "GET /galeria/nivo-slider/demo/images/banner-llantas2.jpg HTTP/1.1" 200 73153
200.58.193.54 - - [13/Dec/2014:16:30:13 -0500] "GET /galeria/nivo-slider/demo/images/banner-caballos.png HTTP/1.1" 200 389106
200.58.193.54 - - [13/Dec/2014:16:30:14 -0500] "GET /galeria/nivo-slider/demo/images/Hacienda_Molinos.jpg HTTP/1.1" 200 319171
200.58.193.54 - - [13/Dec/2014:16:30:15 -0500] "GET /videos/Spot_CambioClimatico.flv HTTP/1.1" 200 4371917
200.58.193.54 - - [13/Dec/2014:16:30:15 -0500] "GET /galeria/nivo-slider/themes/default/arrows.png HTTP/1.1" 200 824
200.58.193.54 - - [13/Dec/2014:16:30:15 -0500] "GET /galeria/nivo-slider/themes/default/bullets.png HTTP/1.1" 200 1281
157.55.39.12 - - [13/Dec/2014:16:30:30 -0500] "GET /BLA/resoluciones/AUTOS%202012/0512.pdf HTTP/1.1" 200 276645
66.249.67.67 - - [13/Dec/2014:16:30:41 -0500] "GET /BLA/resoluciones/RESOLUCIONES%202013/0351.pdf HTTP/1.1" 200 2474161
201.245.192.253 - - [13/Dec/2014:16:30:45 -0500] "GET /BLA/boletinlegal/consulta_actos.php?tipo=resoluciones&no=1249&usuario=&sector=&fecha=2011&resuelve= HTTP/1.1" 200 1059
201.245.192.253 - - [13/Dec/2014:16:30:47 -0500] "GET /BLA/resoluciones/RESOLUCIONES%202011/1249.pdf HTTP/1.1" 200 219533
157.55.39.240 - - [13/Dec/2014:16:31:22 -0500] "GET /bla/resoluciones/resoluciones%202010/1900.pdf HTTP/1.1" 200 584024
181.54.57.138 - - [13/Dec/2014:16:31:43 -0500] "POST /forms/lservlet;jsessionid=ac16012b30d5b6e45f3242ea4ae4823ecfd278d76972.e3iSbxaKaheRe34Sa3yKbhiTahb0n6jAmljGr5XDqQLvpAe HTTP/1.1" 200 2
66.249.67.83 - - [13/Dec/2014:16:32:14 -0500] "GET /BLA/resoluciones/AUTOS%202012/1495.pdf HTTP/1.1" 200 412742
190.216.136.150 - - [13/Dec/2014:16:32:15 -0500] "GET /BLA/boletinlegal/js/jquery.js HTTP/1.1" 200 57254
190.13.109.249 - - [13/Dec/2014:16:32:15 -0500] "GET /BLA/boletinlegal/js/jquery.scrollShow.js HTTP/1.1" 200 4586
190.13.109.249 - - [13/Dec/2014:16:32:15 -0500] "GET /BLA/boletinlegal/js/jquery.scrollTo-min.js HTTP/1.1" 200 1150
157.55.39.240 - - [13/Dec/2014:16:32:23 -0500] "GET /BLA/resoluciones/AUTOS%202011/2366.pdf HTTP/1.1" 200 142621
66.249.67.67 - - [13/Dec/2014:16:32:30 -0500] "GET /BLA/resoluciones/RESOLUCIONES%202007/RES%202007%20501%20AL%20600/RESOLUCION%200564%20DE%202007.pdf HTTP/1.1" 200 669443
157.55.39.113 - - [13/Dec/2014:16:32:36 -0500] "GET /BLA/resoluciones/RESOLUCIONES%202011/1195.pdf HTTP/1.1" 200 511355
201.245.192.253 - - [13/Dec/2014:16:32:44 -0500] "GET /BLA/boletinlegal/consulta_actos.php?tipo=resoluciones&no=794&usuario=&sector=&fecha=2011&resuelve= HTTP/1.1" 200 623
201.245.192.253 - - [13/Dec/2014:16:32:51 -0500] "GET /BLA/boletinlegal/consulta_actos.php?tipo=resoluciones&no=1561&usuario=&sector=&fecha=2011&resuelve= HTTP/1.1" 200 1058
201.245.192.253 - - [13/Dec/2014:16:32:54 -0500] "GET /BLA/resoluciones/RESOLUCIONES%202011/1561.pdf HTTP/1.1" 200 197105
66.249.67.103 - - [13/Dec/2014:16:32:57 -0500] "GET /portalsiaccapacitaciones/Soportes%20Capacitaciones%20A%C3%B1o%202013/0054.%20Experiencia%20SDA%20Criterios%20Ambientales%20y%20Gesti%C3%B3n%20Contractual%2013-11-2013.pdf HTTP/1.1" 200 1339324
201.245.192.253 - - [13/Dec/2014:16:33:15 -0500] "GET /BLA/boletinlegal/consulta_actos.php?tipo=resoluciones&no=18&usuario=&sector=&fecha=2011&resuelve= HTTP/1.1" 200 623
201.245.192.253 - - [13/Dec/2014:16:33:19 -0500] "GET /BLA/boletinlegal/consulta_actos.php?tipo=resoluciones&no=16&usuario=&sector=&fecha=2011&resuelve= HTTP/1.1" 200 623
66.249.67.119 - - [13/Dec/2014:16:33:22 -0500] "GET /portalsiaccapacitaciones/Listas%20de%20Asistencia%202013/Lista%20de%20Asistencia%20Cierre%20Ciclo%20de%20Capacitaciones%2019-12-2013.pdf HTTP/1.1" 200 521410
186.28.82.113 - - [13/Dec/2014:16:33:28 -0500] "GET /BLA/boletinlegal/js/jquery.js HTTP/1.1" 200 57254
186.28.82.113 - - [13/Dec/2014:16:33:28 -0500] "GET /BLA/boletinlegal/js/jquery.scrollTo-min.js HTTP/1.1" 200 1150
186.28.82.113 - - [13/Dec/2014:16:33:28 -0500] "GET /BLA/boletinlegal/js/jquery.scrollShow.js HTTP/1.1" 200 4586
201.245.192.253 - - [13/Dec/2014:16:33:29 -0500] "GET /BLA/boletinlegal/consulta_actos.php?tipo=resoluciones&no=1660&usuario=&sector=&fecha=2011&resuelve= HTTP/1.1" 200 1077
157.55.39.12 - - [13/Dec/2014:16:33:30 -0500] "GET /BLA/resoluciones/AUTOS%202009/1861.pdf HTTP/1.1" 200 101532
201.245.192.253 - - [13/Dec/2014:16:33:31 -0500] "GET /BLA/resoluciones/RESOLUCIONES%202011/1660.pdf HTTP/1.1" 200 289947
181.54.57.138 - - [13/Dec/2014:16:33:43 -0500] "POST /forms/lservlet;jsessionid=ac16012b30d5b6e45f3242ea4ae4823ecfd278d76972.e3iSbxaKaheRe34Sa3yKbhiTahb0n6jAmljGr5XDqQLvpAe HTTP/1.1" 200 2
66.249.67.75 - - [13/Dec/2014:16:33:48 -0500] "GET /BLA/resoluciones/RESOLUCIONES%202009/8881.pdf HTTP/1.1" 200 446111
190.156.108.175 - - [13/Dec/2014:16:34:11 -0500] "GET /BLA/boletinlegal/js/jquery.js HTTP/1.1" 200 57254
190.156.108.175 - - [13/Dec/2014:16:34:11 -0500] "GET /BLA/boletinlegal/js/jquery.scrollTo-min.js HTTP/1.1" 200 1150
190.156.108.175 - - [13/Dec/2014:16:34:11 -0500] "GET /BLA/boletinlegal/js/jquery.scrollShow.js HTTP/1.1" 200 4586
190.249.69.15 - - [13/Dec/2014:16:34:12 -0500] "GET /BLA/boletinlegal/js/jquery.js HTTP/1.1" 200 57254
190.249.69.15 - - [13/Dec/2014:16:34:12 -0500] "GET /BLA/boletinlegal/js/jquery.scrollTo-min.js HTTP/1.1" 200 1150
190.249.69.15 - - [13/Dec/2014:16:34:12 -0500] "GET /BLA/boletinlegal/js/jquery.scrollShow.js HTTP/1.1" 200 4586
186.28.82.113 - - [13/Dec/2014:16:34:48 -0500] "GET /galeria/carrusel/Carrusel/jquery.thumbnailScroller.css HTTP/1.1" 200 2066
186.28.82.113 - - [13/Dec/2014:16:34:48 -0500] "GET /galeria/carrusel/Carrusel/jquery-ui-1.8.13.custom.min.js HTTP/1.1" 200 10800
186.28.82.113 - - [13/Dec/2014:16:34:48 -0500] "GET /galeria/carrusel/Carrusel/jquery.thumbnailScroller.js HTTP/1.1" 200 8157
74.86.158.107 - - [13/Dec/2014:16:34:50 -0500] "HEAD / HTTP/1.1" 302 -
186.28.82.113 - - [13/Dec/2014:16:34:58 -0500] "GET /galeria/nivo-slider/demo/demo.html HTTP/1.1" 200 3252
186.28.82.113 - - [13/Dec/2014:16:34:58 -0500] "GET /galeria/nivo-slider/themes/default/default.css HTTP/1.1" 200 1569
186.28.82.113 - - [13/Dec/2014:16:34:58 -0500] "GET /galeria/nivo-slider/themes/pascal/pascal.css HTTP/1.1" 200 2258
186.28.82.113 - - [13/Dec/2014:16:34:58 -0500] "GET /galeria/nivo-slider/themes/orman/orman.css HTTP/1.1" 200 2152
186.28.82.113 - - [13/Dec/2014:16:34:58 -0500] "GET /galeria/nivo-slider/nivo-slider.css HTTP/1.1" 200 1507
186.28.82.113 - - [13/Dec/2014:16:34:58 -0500] "GET /galeria/nivo-slider/demo/style.css HTTP/1.1" 200 2222
186.28.82.113 - - [13/Dec/2014:16:34:58 -0500] "GET /galeria/nivo-slider/demo/scripts/jquery-1.7.1.min.js HTTP/1.1" 200 93868
186.28.82.113 - - [13/Dec/2014:16:34:58 -0500] "GET /galeria/nivo-slider/demo/images/banner-musgo.jpg HTTP/1.1" 200 49513
186.28.82.113 - - [13/Dec/2014:16:34:58 -0500] "GET /galeria/nivo-slider/demo/images/ecolecta-Dic2014.png HTTP/1.1" 200 288593
186.28.82.113 - - [13/Dec/2014:16:34:59 -0500] "GET /galeria/nivo-slider/demo/images/Jornada-adopcion.jpg HTTP/1.1" 200 79705
201.245.192.253 - - [13/Dec/2014:16:34:59 -0500] "GET /BLA/boletinlegal/consulta_actos.php?tipo=resoluciones&no=2224&usuario=&sector=&fecha=2011&resuelve= HTTP/1.1" 200 623
186.28.82.113 - - [13/Dec/2014:16:34:59 -0500] "GET /galeria/nivo-slider/demo/images/porloshumedales.jpg HTTP/1.1" 200 351238
186.28.82.113 - - [13/Dec/2014:16:34:59 -0500] "GET /galeria/nivo-slider/demo/images/Tingua-azul.jpg HTTP/1.1" 200 307638
186.28.82.113 - - [13/Dec/2014:16:35:00 -0500] "GET /galeria/nivo-slider/demo/images/banner-redes.jpg HTTP/1.1" 200 62209
186.28.82.113 - - [13/Dec/2014:16:34:59 -0500] "GET /galeria/nivo-slider/demo/images/Banner-GAE3.jpg HTTP/1.1" 200 146354
186.28.82.113 - - [13/Dec/2014:16:35:00 -0500] "GET /galeria/nivo-slider/demo/images/9Signos.jpg HTTP/1.1" 200 93040
186.28.82.113 - - [13/Dec/2014:16:35:00 -0500] "GET /galeria/nivo-slider/demo/images/banner-caballos.png HTTP/1.1" 200 389106
186.28.82.113 - - [13/Dec/2014:16:35:00 -0500] "GET /galeria/nivo-slider/demo/images/Hacienda_Molinos.jpg HTTP/1.1" 200 319171
186.28.82.113 - - [13/Dec/2014:16:35:00 -0500] "GET /galeria/nivo-slider/demo/images/banner-llantas2.jpg HTTP/1.1" 200 73153
186.28.82.113 - - [13/Dec/2014:16:35:01 -0500] "GET /galeria/nivo-slider/demo/images/4Simple_Slider.png HTTP/1.1" 200 11722
186.28.82.113 - - [13/Dec/2014:16:35:01 -0500] "GET /galeria/nivo-slider/themes/default/loading.gif HTTP/1.1" 200 1737
186.28.82.113 - - [13/Dec/2014:16:34:59 -0500] "GET /galeria/nivo-slider/demo/images/Banner-Caracol-Africano.jpg HTTP/1.1" 200 331986
186.28.82.113 - - [13/Dec/2014:16:35:00 -0500] "GET /galeria/nivo-slider/jquery.nivo.slider.pack.js HTTP/1.1" 200 11561
66.249.67.75 - - [13/Dec/2014:16:35:20 -0500] "GET /BLA/resoluciones/AUTOS%202008/0316.pdf HTTP/1.1" 304 -
66.249.67.83 - - [13/Dec/2014:16:35:21 -0500] "GET /BLA/resoluciones/AUTOS%202010/4486.pdf HTTP/1.1" 200 181437
2.109.204.135 - - [13/Dec/2014:16:35:22 -0500] "PUT /webdav/100.php HTTP/1.1" 405 938
157.55.39.217 - - [13/Dec/2014:16:35:24 -0500] "GET /BLA/resoluciones/AUTOS%202010/5335.pdf HTTP/1.1" 200 1052547
201.245.192.253 - - [13/Dec/2014:16:35:28 -0500] "GET /BLA/boletinlegal/consulta_actos.php?tipo=resoluciones&no=24&usuario=&sector=&fecha=2011&resuelve= HTTP/1.1" 200 623
157.55.39.217 - - [13/Dec/2014:16:35:30 -0500] "GET /BLA/resoluciones/RESOLUCIONES%202011/1028.pdf HTTP/1.1" 200 68417
201.245.192.253 - - [13/Dec/2014:16:35:31 -0500] "GET /BLA/boletinlegal/consulta_actos.php?tipo=resoluciones&no=1576&usuario=&sector=&fecha=2011&resuelve= HTTP/1.1" 200 623
201.245.192.253 - - [13/Dec/2014:16:35:40 -0500] "GET /BLA/boletinlegal/consulta_actos.php?tipo=resoluciones&no=1575&usuario=&sector=&fecha=2011&resuelve= HTTP/1.1" 200 623
66.249.67.119 - - [13/Dec/2014:16:35:41 -0500] "GET /portalsiaccapacitaciones/Listas%20de%20Asistencia%202014/Lista%20de%20Asitencia%20Sesi%C3%B3n%205.%20Movilidad%20Urbana%20Sostenible%2010-06-14.pdf HTTP/1.1" 200 1540540
181.54.57.138 - - [13/Dec/2014:16:35:43 -0500] "POST /forms/lservlet;jsessionid=ac16012b30d5b6e45f3242ea4ae4823ecfd278d76972.e3iSbxaKaheRe34Sa3yKbhiTahb0n6jAmljGr5XDqQLvpAe HTTP/1.1" 200 2
66.249.67.83 - - [13/Dec/2014:16:36:24 -0500] "GET /BLA/resoluciones/AUTOS%202007/0686.pdf HTTP/1.1" 200 129144
157.55.39.240 - - [13/Dec/2014:16:37:14 -0500] "GET /bla/resoluciones/resoluciones%202009/9202.pdf HTTP/1.1" 200 550235
181.54.57.138 - - [13/Dec/2014:16:37:43 -0500] "POST /forms/lservlet;jsessionid=ac16012b30d5b6e45f3242ea4ae4823ecfd278d76972.e3iSbxaKaheRe34Sa3yKbhiTahb0n6jAmljGr5XDqQLvpAe HTTP/1.1" 200 2
66.249.67.67 - - [13/Dec/2014:16:37:45 -0500] "GET /BLA/resoluciones/RESOLUCIONES%202008/1740.pdf HTTP/1.1" 200 374771
66.249.67.67 - - [13/Dec/2014:16:38:01 -0500] "GET /BLA/resoluciones/Autos%202008/0798.pdf HTTP/1.1" 200 81801
66.249.67.75 - - [13/Dec/2014:16:38:10 -0500] "GET /BLA/resoluciones/RESOLUCIONES%202010/7428.pdf HTTP/1.1" 200 3146083
