181.155.44.7 - - [13/Dec/2014:13:03:20 -0500] "GET /BLA/boletinlegal/js/jquery.scrollShow.js HTTP/1.1" 200 4586
201.245.192.253 - - [13/Dec/2014:13:03:22 -0500] "GET /BLA/boletinlegal/consulta_actos.php?tipo=resoluciones&no=9746&usuario=&sector=&fecha=2009&resuelve= HTTP/1.1" 200 1044
201.245.192.253 - - [13/Dec/2014:13:03:23 -0500] "GET /BLA/resoluciones/RESOLUCIONES%202009/9746.pdf HTTP/1.1" 200 345884
201.245.192.253 - - [13/Dec/2014:13:03:32 -0500] "GET /BLA/resoluciones/ HTTP/1.1" 200 6952
201.245.192.253 - - [13/Dec/2014:13:03:37 -0500] "GET /BLA/resoluciones/index.php?dir=AUTOS+2011%2F HTTP/1.1" 200 514962
201.245.192.253 - - [13/Dec/2014:13:03:38 -0500] "GET /BLA/resoluciones/dlf/pdf.gif HTTP/1.1" 304 -
201.245.192.253 - - [13/Dec/2014:13:03:38 -0500] "GET /BLA/resoluciones/dlf/dirup.png HTTP/1.1" 304 -
201.245.192.253 - - [13/Dec/2014:13:03:46 -0500] "GET /BLA/boletinlegal/consulta_actos.php?tipo=resoluciones&no=6900&usuario=&sector=&fecha=2009&resuelve= HTTP/1.1" 200 1027
201.245.192.253 - - [13/Dec/2014:13:03:47 -0500] "GET /BLA/resoluciones/RESOLUCIONES%202009/6900.pdf HTTP/1.1" 200 341067
144.76.235.107 - - [13/Dec/2014:13:03:59 -0500] "GET /BLA/boletinlegal/js/jquery.js HTTP/1.1" 200 57254
144.76.235.107 - - [13/Dec/2014:13:03:59 -0500] "GET /BLA/boletinlegal/js/jquery.scrollTo-min.js HTTP/1.1" 200 1150
144.76.235.107 - - [13/Dec/2014:13:03:59 -0500] "GET /BLA/boletinlegal/js/jquery.scrollShow.js HTTP/1.1" 200 4586
181.155.44.7 - - [13/Dec/2014:13:04:06 -0500] "GET /galeria/nivo-slider/demo/demo.html HTTP/1.1" 200 3252
157.55.39.241 - - [13/Dec/2014:13:04:06 -0500] "GET /BLA/resoluciones/RESOLUCIONES%202010/2730.pdf HTTP/1.1" 200 375748
201.236.222.90 - - [13/Dec/2014:13:04:10 -0500] "GET /BLA/resoluciones/RESOLUCIONES%202014/0456.pdf HTTP/1.1" 200 1262609
157.55.39.113 - - [13/Dec/2014:13:04:16 -0500] "GET /BLA/resoluciones/RESOLUCIONES%202008/0911.pdf HTTP/1.1" 200 278448
157.55.39.12 - - [13/Dec/2014:13:04:20 -0500] "GET /BLA/resoluciones/RESOLUCIONES%202012/1451.pdf HTTP/1.1" 200 347529
190.66.126.187 - - [13/Dec/2014:13:04:22 -0500] "POST /forms/lservlet;jsessionid=ac16012b30d55717878fcf064a4bb2929fb151a8a783.e3iSbxaKaheRe34Sa3yKbhiTahb0n6jAmljGr5XDqQLvpAe HTTP/1.1" 200 2
181.54.57.138 - - [13/Dec/2014:13:04:23 -0500] "POST /forms/lservlet;jsessionid=ac16012b30d54a8e52fbeaed4d79a72fffdc3bd640df.e3iSbxaKaheRe34Sa3yKbhiTahb0n6jAmljGr5XDqQLvpAe HTTP/1.1" 200 2
201.245.192.253 - - [13/Dec/2014:13:04:30 -0500] "GET /BLA/boletinlegal/consulta_actos.php?tipo=resoluciones&no=4476&usuario=&sector=&fecha=2010&resuelve= HTTP/1.1" 200 1054
201.245.192.253 - - [13/Dec/2014:13:04:31 -0500] "GET /BLA/boletinlegal/consulta_actos.php?tipo=resoluciones&no=6901&usuario=&sector=&fecha=2009&resuelve= HTTP/1.1" 200 1032
201.245.192.253 - - [13/Dec/2014:13:04:32 -0500] "GET /BLA/resoluciones/RESOLUCIONES%202009/6901.pdf HTTP/1.1" 200 337181
66.249.67.131 - - [13/Dec/2014:13:04:37 -0500] "GET /BLA/resoluciones/Autos%202008/1198.pdf HTTP/1.1" 200 249805
66.249.67.123 - - [13/Dec/2014:13:04:42 -0500] "GET /BLA/resoluciones/AUTOS%202010/5465.pdf HTTP/1.1" 200 161599
74.86.158.107 - - [13/Dec/2014:13:04:50 -0500] "HEAD / HTTP/1.1" 302 -
201.245.192.253 - - [13/Dec/2014:13:04:50 -0500] "GET /BLA/boletinlegal/consulta_actos.php?tipo=resoluciones&no=6902&usuario=&sector=&fecha=2009&resuelve= HTTP/1.1" 200 1044
201.245.192.253 - - [13/Dec/2014:13:04:51 -0500] "GET /BLA/resoluciones/RESOLUCIONES%202009/6902.pdf HTTP/1.1" 200 353411
201.245.192.253 - - [13/Dec/2014:13:05:05 -0500] "GET /BLA/resoluciones/RESOLUCIONES%202010/4476.pdf HTTP/1.1" 200 409704
201.245.192.253 - - [13/Dec/2014:13:05:11 -0500] "GET /BLA/boletinlegal/consulta_actos.php?tipo=resoluciones&no=6903&usuario=&sector=&fecha=2009&resuelve= HTTP/1.1" 200 1033
201.245.192.253 - - [13/Dec/2014:13:05:12 -0500] "GET /BLA/resoluciones/RESOLUCIONES%202009/6903.pdf HTTP/1.1" 200 347991
201.245.192.253 - - [13/Dec/2014:13:05:14 -0500] "GET /BLA/boletinlegal/consulta_actos.php?tipo=resoluciones&no=4477&usuario=&sector=&fecha=2010&resuelve= HTTP/1.1" 200 1066
201.245.192.253 - - [13/Dec/2014:13:05:15 -0500] "GET /BLA/resoluciones/RESOLUCIONES%202010/4477.pdf HTTP/1.1" 200 397362
201.245.192.253 - - [13/Dec/2014:13:05:17 -0500] "GET /BLA/boletinlegal/js/jquery.js HTTP/1.1" 304 -
201.245.192.253 - - [13/Dec/2014:13:05:17 -0500] "GET /BLA/boletinlegal/js/jquery.scrollShow.js HTTP/1.1" 304 -
201.245.192.253 - - [13/Dec/2014:13:05:17 -0500] "GET /BLA/boletinlegal/js/jquery.scrollTo-min.js HTTP/1.1" 304 -
201.245.192.253 - - [13/Dec/2014:13:05:18 -0500] "GET /galeria/nivo-slider/demo/demo.html HTTP/1.1" 304 -
201.245.192.253 - - [13/Dec/2014:13:05:18 -0500] "GET /galeria/nivo-slider/themes/default/default.css HTTP/1.1" 304 -
201.245.192.253 - - [13/Dec/2014:13:05:18 -0500] "GET /galeria/nivo-slider/demo/images/banner-musgo.jpg HTTP/1.1" 304 -
201.245.192.253 - - [13/Dec/2014:13:05:18 -0500] "GET /galeria/nivo-slider/demo/images/ecolecta-Dic2014.png HTTP/1.1" 304 -
201.245.192.253 - - [13/Dec/2014:13:05:18 -0500] "GET /galeria/nivo-slider/demo/images/Jornada-adopcion.jpg HTTP/1.1" 304 -
201.245.192.253 - - [13/Dec/2014:13:05:18 -0500] "GET /galeria/nivo-slider/demo/images/Banner-GAE3.jpg HTTP/1.1" 304 -
201.245.192.253 - - [13/Dec/2014:13:05:18 -0500] "GET /galeria/nivo-slider/themes/pascal/pascal.css HTTP/1.1" 304 -
201.245.192.253 - - [13/Dec/2014:13:05:18 -0500] "GET /galeria/nivo-slider/demo/style.css HTTP/1.1" 304 -
201.245.192.253 - - [13/Dec/2014:13:05:18 -0500] "GET /galeria/nivo-slider/nivo-slider.css HTTP/1.1" 304 -
201.245.192.253 - - [13/Dec/2014:13:05:18 -0500] "GET /galeria/nivo-slider/themes/orman/orman.css HTTP/1.1" 304 -
201.245.192.253 - - [13/Dec/2014:13:05:18 -0500] "GET /galeria/nivo-slider/demo/images/Tingua-azul.jpg HTTP/1.1" 304 -
201.245.192.253 - - [13/Dec/2014:13:05:18 -0500] "GET /galeria/nivo-slider/demo/images/Banner-Caracol-Africano.jpg HTTP/1.1" 304 -
201.245.192.253 - - [13/Dec/2014:13:05:18 -0500] "GET /galeria/nivo-slider/demo/images/banner-redes.jpg HTTP/1.1" 304 -
201.245.192.253 - - [13/Dec/2014:13:05:18 -0500] "GET /galeria/nivo-slider/demo/images/Hacienda_Molinos.jpg HTTP/1.1" 304 -
201.245.192.253 - - [13/Dec/2014:13:05:18 -0500] "GET /galeria/nivo-slider/demo/images/banner-caballos.png HTTP/1.1" 304 -
201.245.192.253 - - [13/Dec/2014:13:05:18 -0500] "GET /galeria/nivo-slider/demo/scripts/jquery-1.7.1.min.js HTTP/1.1" 304 -
201.245.192.253 - - [13/Dec/2014:13:05:18 -0500] "GET /galeria/nivo-slider/demo/images/9Signos.jpg HTTP/1.1" 304 -
201.245.192.253 - - [13/Dec/2014:13:05:18 -0500] "GET /galeria/nivo-slider/jquery.nivo.slider.pack.js HTTP/1.1" 304 -
201.245.192.253 - - [13/Dec/2014:13:05:18 -0500] "GET /galeria/nivo-slider/demo/images/4Simple_Slider.png HTTP/1.1" 304 -
201.245.192.253 - - [13/Dec/2014:13:05:18 -0500] "GET /galeria/nivo-slider/themes/default/loading.gif HTTP/1.1" 304 -
201.245.192.253 - - [13/Dec/2014:13:05:18 -0500] "GET /galeria/nivo-slider/demo/images/porloshumedales.jpg HTTP/1.1" 304 -
201.245.192.253 - - [13/Dec/2014:13:05:19 -0500] "GET /galeria/nivo-slider/themes/default/arrows.png HTTP/1.1" 304 -
201.245.192.253 - - [13/Dec/2014:13:05:19 -0500] "GET /galeria/nivo-slider/themes/default/bullets.png HTTP/1.1" 304 -
66.249.67.143 - - [13/Dec/2014:13:05:34 -0500] "GET /PORTAL_SIAC/swf/Residuos/impresion/images/page2.swf HTTP/1.1" 200 31322
181.155.44.7 - - [13/Dec/2014:13:05:36 -0500] "GET /galeria/nivo-slider/themes/orman/orman.css HTTP/1.1" 200 2152
181.155.44.7 - - [13/Dec/2014:13:05:36 -0500] "GET /galeria/nivo-slider/demo/style.css HTTP/1.1" 200 2222
181.155.44.7 - - [13/Dec/2014:13:05:36 -0500] "GET /galeria/nivo-slider/themes/pascal/pascal.css HTTP/1.1" 200 2258
66.249.67.143 - - [13/Dec/2014:13:05:36 -0500] "GET /portalsiaccapacitaciones/Soportes%20Capacitaciones%20A%C3%B1o%202013/0031.%20Presentaci%C3%B3n%20residuos%20peligrosos%20-%20Bienes%20Inservibles%20-%201%20de%20Agosto.pdf HTTP/1.1" 200 2909201
201.245.192.253 - - [13/Dec/2014:13:05:37 -0500] "GET /BLA/boletinlegal/consulta_actos.php?tipo=resoluciones&no=7053&usuario=&sector=&fecha=2009&resuelve= HTTP/1.1" 200 1027
181.155.44.7 - - [13/Dec/2014:13:05:37 -0500] "GET /galeria/nivo-slider/themes/default/default.css HTTP/1.1" 200 1569
201.245.192.253 - - [13/Dec/2014:13:05:38 -0500] "GET /BLA/resoluciones/RESOLUCIONES%202009/7053.pdf HTTP/1.1" 200 369696
181.155.44.7 - - [13/Dec/2014:13:05:38 -0500] "GET /galeria/nivo-slider/nivo-slider.css HTTP/1.1" 200 1507
201.245.192.253 - - [13/Dec/2014:13:05:38 -0500] "GET /BLA/boletinlegal/consulta_actos.php?tipo=resoluciones&no=4478&usuario=&sector=&fecha=2010&resuelve= HTTP/1.1" 200 1060
201.245.192.253 - - [13/Dec/2014:13:05:40 -0500] "GET /BLA/resoluciones/RESOLUCIONES%202010/4478.pdf HTTP/1.1" 200 421151
66.249.67.123 - - [13/Dec/2014:13:06:15 -0500] "GET /BLA/resoluciones/RESOLUCIONES%202007/RES%202007%201401%20AL%201500/RESOLUCION%201489%20DE%202007.pdf HTTP/1.1" 200 357512
180.76.5.194 - - [13/Dec/2014:13:06:21 -0500] "GET /BLA/resoluciones/RESOLUCIONES%202010/0756.pdf HTTP/1.1" 200 101526
190.66.126.187 - - [13/Dec/2014:13:06:22 -0500] "POST /forms/lservlet;jsessionid=ac16012b30d55717878fcf064a4bb2929fb151a8a783.e3iSbxaKaheRe34Sa3yKbhiTahb0n6jAmljGr5XDqQLvpAe HTTP/1.1" 200 2
181.54.57.138 - - [13/Dec/2014:13:06:25 -0500] "POST /forms/lservlet;jsessionid=ac16012b30d54a8e52fbeaed4d79a72fffdc3bd640df.e3iSbxaKaheRe34Sa3yKbhiTahb0n6jAmljGr5XDqQLvpAe HTTP/1.1" 200 2
181.155.44.7 - - [13/Dec/2014:13:06:27 -0500] "GET /videos/Spot_CambioClimatico.flv HTTP/1.1" 200 4371917
181.155.44.7 - - [13/Dec/2014:13:06:28 -0500] "GET /galeria/nivo-slider/demo/images/Jornada-adopcion.jpg HTTP/1.1" 200 79705
181.155.44.7 - - [13/Dec/2014:13:06:28 -0500] "GET /galeria/nivo-slider/demo/scripts/jquery-1.7.1.min.js HTTP/1.1" 200 93868
181.155.44.7 - - [13/Dec/2014:13:06:28 -0500] "GET /galeria/nivo-slider/demo/images/Banner-GAE3.jpg HTTP/1.1" 200 146354
181.155.44.7 - - [13/Dec/2014:13:06:28 -0500] "GET /galeria/nivo-slider/demo/images/banner-musgo.jpg HTTP/1.1" 200 49513
181.155.44.7 - - [13/Dec/2014:13:06:30 -0500] "GET /galeria/nivo-slider/jquery.nivo.slider.pack.js HTTP/1.1" 200 11561
181.155.44.7 - - [13/Dec/2014:13:06:37 -0500] "GET /galeria/nivo-slider/demo/images/porloshumedales.jpg HTTP/1.1" 200 351238
181.155.44.7 - - [13/Dec/2014:13:06:37 -0500] "GET /galeria/nivo-slider/demo/images/Tingua-azul.jpg HTTP/1.1" 200 307638
181.155.44.7 - - [13/Dec/2014:13:06:42 -0500] "GET /galeria/nivo-slider/demo/images/Banner-Caracol-Africano.jpg HTTP/1.1" 200 331986
181.155.44.7 - - [13/Dec/2014:13:06:42 -0500] "GET /galeria/nivo-slider/demo/images/banner-redes.jpg HTTP/1.1" 200 62209
157.55.39.224 - - [13/Dec/2014:13:06:46 -0500] "GET /bla/resoluciones/resoluciones%202010/6946.pdf HTTP/1.1" 200 286451
157.55.39.113 - - [13/Dec/2014:13:06:50 -0500] "GET /bla/resoluciones/resoluciones%202010/1027.pdf HTTP/1.1" 200 118804
157.55.39.13 - - [13/Dec/2014:13:06:55 -0500] "GET /BLA/resoluciones/AUTOS%202011/1823.pdf HTTP/1.1" 200 208033
201.245.192.253 - - [13/Dec/2014:13:07:22 -0500] "GET /BLA/boletinlegal/consulta_actos.php?tipo=resoluciones&no=7054&usuario=&sector=&fecha=2009&resuelve= HTTP/1.1" 200 1027
201.245.192.253 - - [13/Dec/2014:13:07:23 -0500] "GET /BLA/resoluciones/RESOLUCIONES%202009/7054.pdf HTTP/1.1" 200 366620
157.55.39.240 - - [13/Dec/2014:13:07:35 -0500] "GET /bla/resoluciones/resoluciones%202010/5407.pdf HTTP/1.1" 200 87694
201.245.192.253 - - [13/Dec/2014:13:07:36 -0500] "GET /BLA/boletinlegal/consulta_actos.php?tipo=resoluciones&no=4479&usuario=&sector=&fecha=2010&resuelve= HTTP/1.1" 200 1066
201.245.192.253 - - [13/Dec/2014:13:07:38 -0500] "GET /BLA/resoluciones/RESOLUCIONES%202010/4479.pdf HTTP/1.1" 200 312271
152.61.128.66 - - [13/Dec/2014:13:07:45 -0500] "HEAD / HTTP/1.1" 302 -
152.61.128.66 - - [13/Dec/2014:13:07:45 -0500] "GET /arcgis/services/Calidad_del_Agua_WQI/MapServer/WMSServer?SERVICE=WMS&REQUEST=GetCapabilities HTTP/1.1" 200 32135
152.61.128.66 - - [13/Dec/2014:13:07:46 -0500] "GET /arcgis/services/Calidad_del_Agua_WQI/MapServer/WMSServer?SERVICE=WMS&REQUEST=GetCapabilities HTTP/1.0" 200 32135
152.61.128.66 - - [13/Dec/2014:13:07:47 -0500] "GET /arcgis/services/Calidad_del_Agua_WQI/MapServer/WMSServer?SERVICE=WMS&REQUEST=GetCapabilities HTTP/1.0" 200 32135
66.249.67.115 - - [13/Dec/2014:13:07:48 -0500] "GET /BLA/resoluciones/RESOLUCIONES%202013/1252.pdf HTTP/1.1" 200 1655139
152.61.128.66 - - [13/Dec/2014:13:07:48 -0500] "GET /arcgis/services/Calidad_del_Agua_WQI/MapServer/WMSServer?SERVICE=WMS&REQUEST=GetCapabilities HTTP/1.0" 200 32135
152.61.128.66 - - [13/Dec/2014:13:07:49 -0500] "GET /arcgis/services/Calidad_del_Agua_WQI/MapServer/WMSServer?VERSION=1.1.1&REQUEST=GetMap&LAYERS=0&SRS=EPSG:4326&BBOX=-74.473395,3.674381,-73.963300,4.920569&WIDTH=250&HEIGHT=250&FORMAT=image/bmp&STYLES=& HTTP/1.1" 200 188054
190.66.126.187 - - [13/Dec/2014:13:08:22 -0500] "POST /forms/lservlet;jsessionid=ac16012b30d55717878fcf064a4bb2929fb151a8a783.e3iSbxaKaheRe34Sa3yKbhiTahb0n6jAmljGr5XDqQLvpAe HTTP/1.1" 200 2
157.55.39.12 - - [13/Dec/2014:13:08:22 -0500] "GET /BLA/resoluciones/Resoluciones%202011/1891.pdf HTTP/1.1" 200 517812
66.249.67.131 - - [13/Dec/2014:13:08:25 -0500] "GET /BLA/resoluciones/RESOLUCIONES%202013/0550.pdf HTTP/1.1" 404 1018
201.245.192.253 - - [13/Dec/2014:13:08:24 -0500] "GET /BLA/resoluciones/index.php?dir=RESOLUCIONES+2010%2F HTTP/1.1" 200 1284744
201.245.192.253 - - [13/Dec/2014:13:08:26 -0500] "GET /BLA/boletinlegal/consulta_actos.php?tipo=resoluciones&no=7055&usuario=&sector=&fecha=2009&resuelve= HTTP/1.1" 200 1035
201.245.192.253 - - [13/Dec/2014:13:08:27 -0500] "GET /BLA/resoluciones/RESOLUCIONES%202009/7055.pdf HTTP/1.1" 200 372380
181.54.57.138 - - [13/Dec/2014:13:08:27 -0500] "POST /forms/lservlet;jsessionid=ac16012b30d54a8e52fbeaed4d79a72fffdc3bd640df.e3iSbxaKaheRe34Sa3yKbhiTahb0n6jAmljGr5XDqQLvpAe HTTP/1.1" 200 2
201.245.192.253 - - [13/Dec/2014:13:08:30 -0500] "GET /BLA/resoluciones/RESOLUCIONES%202010/6079.pdf HTTP/1.1" 200 346483
201.245.192.253 - - [13/Dec/2014:13:08:36 -0500] "GET /galeria/nivo-slider/demo/demo.html HTTP/1.1" 304 -
201.245.192.253 - - [13/Dec/2014:13:08:36 -0500] "GET /galeria/nivo-slider/demo/images/ecolecta-Dic2014.png HTTP/1.1" 304 -
201.245.192.253 - - [13/Dec/2014:13:08:46 -0500] "GET /isolucionsda/ HTTP/1.1" 200 739
201.245.192.253 - - [13/Dec/2014:13:08:46 -0500] "GET /isolucionsda/IdentificaUsuario.asp?Pagina1=FrameSetGeneral.asp& HTTP/1.1" 200 4997
201.245.192.253 - - [13/Dec/2014:13:08:53 -0500] "GET /isolucionsda/ HTTP/1.1" 200 739
201.245.192.253 - - [13/Dec/2014:13:08:53 -0500] "GET /isolucionsda/IdentificaUsuario.asp?Pagina1=FrameSetGeneral.asp& HTTP/1.1" 200 4997
201.245.192.253 - - [13/Dec/2014:13:09:04 -0500] "POST /isolucionsda/IdentificaUsuario.asp?Pagina1=FrameSetGeneral.asp& HTTP/1.1" 302 173
201.245.192.253 - - [13/Dec/2014:13:09:04 -0500] "GET /isolucionsda/FrameSetGeneral.asp?Pagina1=FrameSetGeneral.asp& HTTP/1.1" 200 6613
201.245.192.253 - - [13/Dec/2014:13:09:04 -0500] "GET /isolucionsda/BarraTitulos.asp?Pagina1=FrameSetGeneral.asp&&Pagina=MagazinHome.asp HTTP/1.1" 502 1358
201.245.192.253 - - [13/Dec/2014:13:09:04 -0500] "GET /isolucionsda/Encabezado.asp?Pagina1=FrameSetGeneral.asp&&Pagina=MagazinHome.asp HTTP/1.1" 200 15388
201.245.192.253 - - [13/Dec/2014:13:09:04 -0500] "GET /isolucionsda/BarraFavoritos.asp HTTP/1.1" 200 911
201.245.192.253 - - [13/Dec/2014:13:09:04 -0500] "GET /isolucionsda/MagazinHome.asp HTTP/1.1" 200 27531
201.245.192.253 - - [13/Dec/2014:13:09:04 -0500] "GET /isolucionsda/Session.asp?Continue=1 HTTP/1.1" 200 6324
201.245.192.253 - - [13/Dec/2014:13:09:04 -0500] "GET /isolucionsda/g/Bgr_Destacado3399CC.jpg HTTP/1.1" 404 5217
201.245.192.253 - - [13/Dec/2014:13:09:04 -0500] "GET /isolucionsda/TareasSFRedirect.asp HTTP/1.1" 302 195
201.245.192.253 - - [13/Dec/2014:13:09:04 -0500] "GET /isolucionsda/Login.aspx?TARGET=SFContainerFiltrado.aspx&number=50566866496765654557 HTTP/1.1" 302 886
201.245.192.253 - - [13/Dec/2014:13:09:06 -0500] "GET /isolucionsda/SFContainerFiltrado.aspx?Number=50566866496765654557 HTTP/1.1" 200 14356
201.245.192.253 - - [13/Dec/2014:13:09:06 -0500] "GET /isolucionsda/DetalleTareas.aspx?Number=50566866496765654557 HTTP/1.1" 200 5408
201.245.192.253 - - [13/Dec/2014:13:09:06 -0500] "GET /isolucionsda/auxlib.js HTTP/1.1" 404 5185
201.245.192.253 - - [13/Dec/2014:13:09:06 -0500] "GET /isolucionsda/infowndpublic.js HTTP/1.1" 404 5199
201.245.192.253 - - [13/Dec/2014:13:09:06 -0500] "GET /isolucionsda/infowndcore.js HTTP/1.1" 404 5195
201.245.192.253 - - [13/Dec/2014:13:09:07 -0500] "GET /isolucionsda/Magazin.asp?Sigla=FCD1 HTTP/1.1" 200 42907
201.245.192.253 - - [13/Dec/2014:13:09:10 -0500] "GET /isolucionsda/FramesetArticulo.asp?Pagina=bancoconocimiento%2FC%2FCDO%2DAutoarchivo%2FCDO%2DAutoarchivo%2Easp&IdArticulo=5903&Codigo=&Fecha=&Version=&Procedimiento=&cliente= HTTP/1.1" 200 7301
201.245.192.253 - - [13/Dec/2014:13:09:10 -0500] "GET /isolucionsda/Arriba.asp?Pagina=bancoconocimiento%2FC%2FCDO%2DAutoarchivo%2FCDO%2DAutoarchivo%2Easp&IdArticulo=5903&Codigo=&Fecha=&Version=&Procedimiento=&cliente= HTTP/1.1" 200 9901
201.245.192.253 - - [13/Dec/2014:13:09:10 -0500] "GET /isolucionsda/bancoconocimiento/C/CDO-Autoarchivo/CDO-Autoarchivo.asp?IdArticulo=5903 HTTP/1.1" 302 159
201.245.192.253 - - [13/Dec/2014:13:09:10 -0500] "GET /isolucionsda/bancoconocimiento/C/CDO-Autoarchivo/cdo-auto%20archivo%20nuevo%20logo0.doc HTTP/1.1" 200 89600
201.245.192.253 - - [13/Dec/2014:13:09:11 -0500] "OPTIONS /isolucionsda/bancoconocimiento/C/CDO-Autoarchivo/ HTTP/1.1" 200 -
66.249.67.131 - - [13/Dec/2014:13:09:20 -0500] "GET /BLA/resoluciones/AUTOS%202007/3312.pdf HTTP/1.1" 200 106928
201.245.192.253 - - [13/Dec/2014:13:09:27 -0500] "OPTIONS / HTTP/1.1" 302 -
201.245.192.253 - - [13/Dec/2014:13:09:33 -0500] "OPTIONS /isolucionsda/bancoconocimiento/C/CDO-Autoarchivo HTTP/1.1" 200 -
201.245.192.253 - - [13/Dec/2014:13:09:33 -0500] "PROPFIND /isolucionsda/bancoconocimiento/C/CDO-Autoarchivo HTTP/1.1" 405 5670
201.245.192.253 - - [13/Dec/2014:13:09:33 -0500] "PROPFIND /isolucionsda/bancoconocimiento/C HTTP/1.1" 405 5638
201.245.192.253 - - [13/Dec/2014:13:09:33 -0500] "PROPFIND /isolucionsda/bancoconocimiento/C HTTP/1.1" 405 5638
201.245.192.253 - - [13/Dec/2014:13:09:33 -0500] "PROPFIND /isolucionsda/bancoconocimiento HTTP/1.1" 405 5634
201.245.192.253 - - [13/Dec/2014:13:09:33 -0500] "PROPFIND /isolucionsda/bancoconocimiento/C/CDO-Autoarchivo HTTP/1.1" 405 5670
201.245.192.253 - - [13/Dec/2014:13:09:33 -0500] "PROPFIND /isolucionsda/bancoconocimiento/C HTTP/1.1" 405 5638
157.55.39.217 - - [13/Dec/2014:13:09:33 -0500] "GET /BLA/resoluciones/RESOLUCIONES%202011/0807.pdf HTTP/1.1" 200 802974
157.55.39.12 - - [13/Dec/2014:13:09:38 -0500] "GET /BLA/resoluciones/RESOLUCIONES%202011/0066.pdf HTTP/1.1" 200 374253
201.245.192.253 - - [13/Dec/2014:13:09:38 -0500] "HEAD /isolucionsda/bancoconocimiento/C/CDO-Autoarchivo/cdo-auto%20archivo%20nuevo%20logo0.doc HTTP/1.1" 200 -
201.245.192.253 - - [13/Dec/2014:13:09:50 -0500] "GET /BLA/boletinlegal/consulta_actos.php?tipo=resoluciones&no=7056&usuario=&sector=&fecha=2009&resuelve= HTTP/1.1" 200 1031
74.86.158.107 - - [13/Dec/2014:13:09:50 -0500] "HEAD / HTTP/1.1" 302 -
201.245.192.253 - - [13/Dec/2014:13:09:51 -0500] "GET /BLA/resoluciones/RESOLUCIONES%202009/7056.pdf HTTP/1.1" 200 335786
201.232.43.2 - - [13/Dec/2014:13:10:10 -0500] "GET /BLA/boletinlegal/js/jquery.js HTTP/1.1" 200 57254
201.232.43.2 - - [13/Dec/2014:13:10:10 -0500] "GET /BLA/boletinlegal/js/jquery.scrollTo-min.js HTTP/1.1" 200 1150
201.232.43.2 - - [13/Dec/2014:13:10:10 -0500] "GET /BLA/boletinlegal/js/jquery.scrollShow.js HTTP/1.1" 200 4586
157.55.39.240 - - [13/Dec/2014:13:10:10 -0500] "GET /BLA/resoluciones/Resoluciones%202011/3393.pdf HTTP/1.1" 200 626248
157.55.39.217 - - [13/Dec/2014:13:10:22 -0500] "GET /BLA/resoluciones/RESOLUCIONES%202011/0797.pdf HTTP/1.1" 200 306637
190.66.126.187 - - [13/Dec/2014:13:10:25 -0500] "POST /forms/lservlet;jsessionid=ac16012b30d55717878fcf064a4bb2929fb151a8a783.e3iSbxaKaheRe34Sa3yKbhiTahb0n6jAmljGr5XDqQLvpAe HTTP/1.1" 200 2
181.54.57.138 - - [13/Dec/2014:13:10:29 -0500] "POST /forms/lservlet;jsessionid=ac16012b30d54a8e52fbeaed4d79a72fffdc3bd640df.e3iSbxaKaheRe34Sa3yKbhiTahb0n6jAmljGr5XDqQLvpAe HTTP/1.1" 200 2
201.245.192.253 - - [13/Dec/2014:13:10:35 -0500] "GET /BLA/boletinlegal/consulta_actos.php?tipo=resoluciones&no=4480&usuario=&sector=&fecha=2010&resuelve= HTTP/1.1" 200 1066
201.245.192.253 - - [13/Dec/2014:13:10:38 -0500] "GET /BLA/resoluciones/RESOLUCIONES%202010/4480.pdf HTTP/1.1" 200 358693
201.245.192.253 - - [13/Dec/2014:13:10:38 -0500] "GET /BLA/boletinlegal/consulta_actos.php?tipo=resoluciones&no=7057&usuario=&sector=&fecha=2009&resuelve= HTTP/1.1" 200 1027
201.245.192.253 - - [13/Dec/2014:13:10:39 -0500] "GET /BLA/resoluciones/RESOLUCIONES%202009/7057.pdf HTTP/1.1" 200 367330
190.25.80.92 - - [13/Dec/2014:13:10:45 -0500] "GET /BLA/boletinlegal/js/jquery.js HTTP/1.1" 200 57254
190.25.80.92 - - [13/Dec/2014:13:10:45 -0500] "GET /BLA/boletinlegal/js/jquery.scrollTo-min.js HTTP/1.1" 200 1150
190.25.80.92 - - [13/Dec/2014:13:10:45 -0500] "GET /BLA/boletinlegal/js/jquery.scrollShow.js HTTP/1.1" 200 4586
66.249.67.131 - - [13/Dec/2014:13:10:53 -0500] "GET /BLA/resoluciones/RESOLUCIONES%202010/6038.pdf HTTP/1.1" 200 678757
201.245.192.253 - - [13/Dec/2014:13:10:57 -0500] "GET /BLA/boletinlegal/consulta_actos.php?tipo=resoluciones&no=4481&usuario=&sector=&fecha=2010&resuelve= HTTP/1.1" 200 1065
201.245.192.253 - - [13/Dec/2014:13:10:58 -0500] "GET /BLA/resoluciones/RESOLUCIONES%202010/4481.pdf HTTP/1.1" 200 163988
181.135.44.93 - - [13/Dec/2014:13:11:06 -0500] "GET /forest/skins/gdocs-jar/css/forest.css?version=1411.041919 HTTP/1.1" 200 51
181.135.44.93 - - [13/Dec/2014:13:11:06 -0500] "GET /forest/skins/gdocs-jar/css/menu.css?version=1411.041919 HTTP/1.1" 200 4235
181.135.44.93 - - [13/Dec/2014:13:11:06 -0500] "GET /forest/skins/gdocs-jar/css/autocomplete.css?version=1411.041919 HTTP/1.1" 200 1620
181.135.44.93 - - [13/Dec/2014:13:11:06 -0500] "GET /forest/css/index.css?version=1411.041919 HTTP/1.1" 200 1900
181.135.44.93 - - [13/Dec/2014:13:11:06 -0500] "GET /forest/css/escritorio.css?version=1411.041919 HTTP/1.1" 200 15878
181.135.44.93 - - [13/Dec/2014:13:11:06 -0500] "GET /forest/login.do HTTP/1.1" 200 12486
181.135.44.93 - - [13/Dec/2014:13:11:06 -0500] "GET /forest/1ibre/jscalendar/calendar-win2k-1.css?version=1411.041919 HTTP/1.1" 200 5986
181.135.44.93 - - [13/Dec/2014:13:11:06 -0500] "GET /forest/skins/gdocs-jar/css/dialog.css?version=1411.041919 HTTP/1.1" 200 1430
181.135.44.93 - - [13/Dec/2014:13:11:06 -0500] "GET /forest/skins/gdocs-jar/css/forms.css?version=1411.041919 HTTP/1.1" 200 7180
181.135.44.93 - - [13/Dec/2014:13:11:06 -0500] "GET /forest/img/loading.gif HTTP/1.1" 200 1197
181.135.44.93 - - [13/Dec/2014:13:11:06 -0500] "GET /forest/img/spacer.gif HTTP/1.1" 200 43
181.135.44.93 - - [13/Dec/2014:13:11:07 -0500] "GET /forest/img/panel/view_icon.gif HTTP/1.1" 200 681
181.135.44.93 - - [13/Dec/2014:13:11:06 -0500] "GET /forest/jsoptimized/gz/js/gdocsall-1411.041919.js HTTP/1.1" 200 96626
181.135.44.93 - - [13/Dec/2014:13:11:06 -0500] "GET /forest/js/json3.js HTTP/1.1" 200 39592
181.135.44.93 - - [13/Dec/2014:13:11:07 -0500] "GET /forest/img/inicio/1.gif HTTP/1.1" 200 23925
201.245.192.253 - - [13/Dec/2014:13:11:08 -0500] "GET /BLA/boletinlegal/consulta_actos.php?tipo=resoluciones&no=4482&usuario=&sector=&fecha=2010&resuelve= HTTP/1.1" 200 1066
181.135.44.93 - - [13/Dec/2014:13:11:07 -0500] "GET /forest/img/inicio/2.gif HTTP/1.1" 200 42562
181.135.44.93 - - [13/Dec/2014:13:11:09 -0500] "GET /forest/img/inicio/6.gif HTTP/1.1" 200 12239
181.135.44.93 - - [13/Dec/2014:13:11:10 -0500] "GET /forest/img/base/bsc2_r1_c2.gif HTTP/1.1" 200 269
201.245.192.253 - - [13/Dec/2014:13:11:10 -0500] "GET /BLA/resoluciones/RESOLUCIONES%202010/4482.pdf HTTP/1.1" 200 330571
181.135.44.93 - - [13/Dec/2014:13:11:10 -0500] "GET /forest/img/base/bsc2_r1_c3.gif HTTP/1.1" 200 3704
181.135.44.93 - - [13/Dec/2014:13:11:10 -0500] "GET /forest/img/mplogo.gif HTTP/1.1" 200 806
181.135.44.93 - - [13/Dec/2014:13:11:10 -0500] "GET /forest/img/close.gif HTTP/1.1" 200 571
181.135.44.93 - - [13/Dec/2014:13:11:10 -0500] "GET /forest/skins/gdocs-jar/img/okey.gif HTTP/1.1" 200 203
181.135.44.93 - - [13/Dec/2014:13:11:09 -0500] "GET /forest/img/inicio/7.gif HTTP/1.1" 200 18547
181.135.44.93 - - [13/Dec/2014:13:11:09 -0500] "GET /forest/img/inicio/5.gif HTTP/1.1" 200 25611
181.135.44.93 - - [13/Dec/2014:13:11:09 -0500] "GET /forest/img/inicio/3.gif HTTP/1.1" 200 29737
181.135.44.93 - - [13/Dec/2014:13:11:10 -0500] "GET /forest/img/base/bsc2_r1_c1.gif HTTP/1.1" 200 28640
181.135.44.93 - - [13/Dec/2014:13:11:09 -0500] "GET /forest/img/inicio/4.gif HTTP/1.1" 200 27784
181.135.44.93 - - [13/Dec/2014:13:11:12 -0500] "GET /forest/1ibre/1ibre.css HTTP/1.1" 200 614
181.135.44.93 - - [13/Dec/2014:13:11:12 -0500] "GET /forest/img/forestIcon.gif?version=1411.041919 HTTP/1.1" 200 573
180.76.6.139 - - [13/Dec/2014:13:11:15 -0500] "GET /BLA/resoluciones/RESOLUCIONES%202010/1029.pdf HTTP/1.1" 200 1279050
201.245.192.253 - - [13/Dec/2014:13:11:19 -0500] "GET /BLA/boletinlegal/consulta_actos.php?tipo=resoluciones&no=4483&usuario=&sector=&fecha=2010&resuelve= HTTP/1.1" 200 1066
201.245.192.253 - - [13/Dec/2014:13:11:30 -0500] "GET /BLA/boletinlegal/consulta_actos.php?tipo=resoluciones&no=4484&usuario=&sector=&fecha=2010&resuelve= HTTP/1.1" 200 1018
201.245.192.253 - - [13/Dec/2014:13:11:40 -0500] "GET /BLA/boletinlegal/consulta_actos.php?tipo=resoluciones&no=7058&usuario=&sector=&fecha=2009&resuelve= HTTP/1.1" 200 1027
201.245.192.253 - - [13/Dec/2014:13:11:41 -0500] "GET /BLA/resoluciones/RESOLUCIONES%202009/7058.pdf HTTP/1.1" 200 376472
66.249.67.123 - - [13/Dec/2014:13:11:44 -0500] "GET /Autoliquidacion/Grupo%20Forestal%20-%20Industria%20de%20la%20Madera/Instructivo%20para%20Diligenciamiento%20Formulario%20Relaci%C3%B3n%20de.pdf HTTP/1.1" 200 123170
201.245.192.253 - - [13/Dec/2014:13:11:56 -0500] "GET /BLA/resoluciones/AUTOS%202011/0967.pdf HTTP/1.1" 200 158983
66.249.67.143 - - [13/Dec/2014:13:12:12 -0500] "GET /portalsiaccapacitaciones/Soportes%20Capacitaciones%20A%C3%B1o%202013/0046.%20Presentaci%C3%B3n%20Campa%C3%B1a%20Recolecci%C3%B3n%20RESPEL%2003-10-2013.pdf HTTP/1.1" 200 2388769
181.135.44.93 - - [13/Dec/2014:13:12:14 -0500] "POST /forest/login.do HTTP/1.1" 200 12530
157.55.39.13 - - [13/Dec/2014:13:12:17 -0500] "GET /bla/resoluciones/resoluciones%202009/2051.pdf HTTP/1.1" 200 598437
181.135.44.93 - - [13/Dec/2014:13:12:22 -0500] "POST /forest/login.do HTTP/1.1" 200 12530
66.249.67.83 - - [13/Dec/2014:13:12:24 -0500] "GET /Autoliquidacion/Grupo%20Forestal%20-%20Industria%20de%20la%20Madera/Formulario%20para%20la%20Relaci%C3%B3n%20de%20Movimientos.pdf HTTP/1.1" 200 120823
190.66.126.187 - - [13/Dec/2014:13:12:25 -0500] "POST /forms/lservlet;jsessionid=ac16012b30d55717878fcf064a4bb2929fb151a8a783.e3iSbxaKaheRe34Sa3yKbhiTahb0n6jAmljGr5XDqQLvpAe HTTP/1.1" 200 2
66.249.67.75 - - [13/Dec/2014:13:12:26 -0500] "GET /BLA/resoluciones/AUTOS%202008/0335.pdf HTTP/1.1" 200 274379
181.54.57.138 - - [13/Dec/2014:13:12:30 -0500] "POST /forms/lservlet;jsessionid=ac16012b30d54a8e52fbeaed4d79a72fffdc3bd640df.e3iSbxaKaheRe34Sa3yKbhiTahb0n6jAmljGr5XDqQLvpAe HTTP/1.1" 200 2
181.135.44.93 - - [13/Dec/2014:13:12:35 -0500] "POST /forest/login.do HTTP/1.1" 200 14004
181.135.44.93 - - [13/Dec/2014:13:12:35 -0500] "GET /forest/css/jquery.realperson.css HTTP/1.1" 200 359
181.135.44.93 - - [13/Dec/2014:13:12:35 -0500] "GET /forest/img/refresh.gif HTTP/1.1" 200 642
181.135.44.93 - - [13/Dec/2014:13:12:35 -0500] "GET /forest/js/jquery.realperson.js HTTP/1.1" 200 8232
181.135.44.93 - - [13/Dec/2014:13:12:35 -0500] "GET /forest/js/jquery/jquery-1.5.2.min.js HTTP/1.1" 200 85940
157.55.39.113 - - [13/Dec/2014:13:12:43 -0500] "GET /BLA/resoluciones/RESOLUCIONES%202011/0311.pdf HTTP/1.1" 200 69989
186.83.205.101 - - [13/Dec/2014:13:12:52 -0500] "GET /BLA/resoluciones/RESOLUCIONES%202009/9624.pdf HTTP/1.1" 200 165959
181.135.44.93 - - [13/Dec/2014:13:12:57 -0500] "POST /forest/login.do HTTP/1.1" 200 14004
181.135.44.93 - - [13/Dec/2014:13:13:03 -0500] "GET /forest/login.do HTTP/1.1" 200 13960
157.55.39.217 - - [13/Dec/2014:13:13:04 -0500] "GET /BLA/resoluciones/RESOLUCIONES%202008/1186.pdf HTTP/1.1" 200 57318
66.249.67.135 - - [13/Dec/2014:13:13:25 -0500] "GET /portalsiaccapacitaciones/Soportes%20Capacitaciones%20A%C3%B1o%202013/0022.%20Presentacion%20Eficiencia%20energetica%20SDA%204%20de%20Julio.pdf HTTP/1.1" 200 2868947
66.249.67.123 - - [13/Dec/2014:13:13:40 -0500] "GET /BLA/resoluciones/RESOLUCIONES%202011/3325.pdf HTTP/1.1" 200 767058
66.249.67.131 - - [13/Dec/2014:13:13:59 -0500] "GET /BLA/resoluciones/RESOLUCIONES%202007/RES%202007%203301%20AL%203400/RESOLUCION%203325%20DE%202007.pdf HTTP/1.1" 200 1025635
181.135.44.93 - - [13/Dec/2014:13:14:03 -0500] "GET /forest/login.do HTTP/1.1" 200 13960
66.249.67.123 - - [13/Dec/2014:13:14:04 -0500] "GET /Autoliquidacion/index.php?dir=Grupo%20Forestal%20-%20Industria%20de%20la%20Madera/&sort=name&order=asc HTTP/1.1" 200 7195
157.55.39.217 - - [13/Dec/2014:13:14:24 -0500] "GET /bla/resoluciones/RESOLUCIONES%202011/1076.pdf HTTP/1.1" 200 384148
190.66.126.187 - - [13/Dec/2014:13:14:26 -0500] "POST /forms/lservlet;jsessionid=ac16012b30d55717878fcf064a4bb2929fb151a8a783.e3iSbxaKaheRe34Sa3yKbhiTahb0n6jAmljGr5XDqQLvpAe HTTP/1.1" 200 2
181.135.44.93 - - [13/Dec/2014:13:14:29 -0500] "POST /forest/login.do HTTP/1.1" 200 14004
181.54.57.138 - - [13/Dec/2014:13:14:30 -0500] "POST /forms/lservlet;jsessionid=ac16012b30d54a8e52fbeaed4d79a72fffdc3bd640df.e3iSbxaKaheRe34Sa3yKbhiTahb0n6jAmljGr5XDqQLvpAe HTTP/1.1" 200 2
186.83.205.101 - - [13/Dec/2014:13:14:34 -0500] "GET /BLA/resoluciones/RESOLUCIONES%202009/9624.pdf HTTP/1.1" 200 165959
181.135.44.93 - - [13/Dec/2014:13:14:42 -0500] "GET /BLA/boletinlegal/js/jquery.js HTTP/1.1" 200 57254
181.135.44.93 - - [13/Dec/2014:13:14:42 -0500] "GET /galeria/carrusel/Carrusel/jquery.thumbnailScroller.css HTTP/1.1" 200 2066
181.135.44.93 - - [13/Dec/2014:13:14:42 -0500] "GET /BLA/boletinlegal/js/jquery.scrollTo-min.js HTTP/1.1" 200 1150
181.135.44.93 - - [13/Dec/2014:13:14:42 -0500] "GET /BLA/boletinlegal/js/jquery.scrollShow.js HTTP/1.1" 200 4586
181.135.44.93 - - [13/Dec/2014:13:14:42 -0500] "GET /galeria/carrusel/Carrusel/jquery-ui-1.8.13.custom.min.js HTTP/1.1" 200 10800
181.135.44.93 - - [13/Dec/2014:13:14:42 -0500] "GET /galeria/carrusel/Carrusel/jquery.thumbnailScroller.js HTTP/1.1" 200 8157
181.135.44.93 - - [13/Dec/2014:13:14:44 -0500] "GET /galeria/nivo-slider/demo/demo.html HTTP/1.1" 200 3252
181.135.44.93 - - [13/Dec/2014:13:14:44 -0500] "GET /galeria/nivo-slider/themes/orman/orman.css HTTP/1.1" 200 2152
181.135.44.93 - - [13/Dec/2014:13:14:44 -0500] "GET /galeria/nivo-slider/demo/style.css HTTP/1.1" 200 2222
181.135.44.93 - - [13/Dec/2014:13:14:44 -0500] "GET /galeria/nivo-slider/themes/default/default.css HTTP/1.1" 200 1569
181.135.44.93 - - [13/Dec/2014:13:14:44 -0500] "GET /galeria/nivo-slider/nivo-slider.css HTTP/1.1" 200 1507
181.135.44.93 - - [13/Dec/2014:13:14:44 -0500] "GET /galeria/nivo-slider/themes/pascal/pascal.css HTTP/1.1" 200 2258
181.135.44.93 - - [13/Dec/2014:13:14:44 -0500] "GET /galeria/nivo-slider/jquery.nivo.slider.pack.js HTTP/1.1" 200 11561
181.135.44.93 - - [13/Dec/2014:13:14:44 -0500] "GET /galeria/nivo-slider/demo/scripts/jquery-1.7.1.min.js HTTP/1.1" 200 93868
181.135.44.93 - - [13/Dec/2014:13:14:46 -0500] "GET /galeria/nivo-slider/demo/images/4Simple_Slider.png HTTP/1.1" 200 11722
181.135.44.93 - - [13/Dec/2014:13:14:48 -0500] "GET /galeria/nivo-slider/themes/default/loading.gif HTTP/1.1" 200 1737
74.86.158.107 - - [13/Dec/2014:13:14:50 -0500] "HEAD / HTTP/1.1" 302 -
181.135.44.93 - - [13/Dec/2014:13:15:05 -0500] "GET /galeria/nivo-slider/demo/images/ecolecta-Dic2014.png HTTP/1.1" 200 288593
181.135.44.93 - - [13/Dec/2014:13:15:05 -0500] "GET /galeria/nivo-slider/demo/images/banner-musgo.jpg HTTP/1.1" 200 49513
181.135.44.93 - - [13/Dec/2014:13:15:06 -0500] "GET /galeria/nivo-slider/demo/images/Jornada-adopcion.jpg HTTP/1.1" 200 79705
181.135.44.93 - - [13/Dec/2014:13:15:07 -0500] "GET /galeria/nivo-slider/demo/images/Banner-GAE3.jpg HTTP/1.1" 200 146354
181.135.44.93 - - [13/Dec/2014:13:15:10 -0500] "GET /galeria/nivo-slider/demo/images/porloshumedales.jpg HTTP/1.1" 200 351238
181.135.44.93 - - [13/Dec/2014:13:15:11 -0500] "GET /galeria/nivo-slider/demo/images/Tingua-azul.jpg HTTP/1.1" 200 307638
181.135.44.93 - - [13/Dec/2014:13:15:14 -0500] "GET /galeria/nivo-slider/demo/images/Banner-Caracol-Africano.jpg HTTP/1.1" 200 331986
181.135.44.93 - - [13/Dec/2014:13:15:16 -0500] "GET /galeria/nivo-slider/demo/images/banner-redes.jpg HTTP/1.1" 200 62209
192.168.171.170 - - [13/Dec/2014:13:15:24 -0500] "GET /BLA/boletinlegal/consulta_actos.php?tipo=autos&no=6927&usuario=&sector=&fecha=2010&resuelve= HTTP/1.1" 200 623
157.55.39.217 - - [13/Dec/2014:13:15:28 -0500] "GET /bla/resoluciones/resoluciones%202009/9569.pdf HTTP/1.1" 200 332654
192.168.171.170 - - [13/Dec/2014:13:15:31 -0500] "GET /BLA/boletinlegal/consulta_actos.php?tipo=autos&no=6927&usuario=&sector=&fecha=2010&resuelve= HTTP/1.1" 200 623
66.249.67.115 - - [13/Dec/2014:13:15:32 -0500] "GET /BLA/resoluciones/AUTOS%202013/0650.pdf HTTP/1.1" 304 -
192.168.171.170 - - [13/Dec/2014:13:15:34 -0500] "GET /BLA/resoluciones/ HTTP/1.1" 200 6952
192.168.171.170 - - [13/Dec/2014:13:15:38 -0500] "GET /BLA/resoluciones/index.php?dir=AUTOS+2010%2F HTTP/1.1" 200 214887
157.55.39.240 - - [13/Dec/2014:13:15:45 -0500] "GET /BLA/resoluciones/RESOLUCIONES%202010/1373.pdf HTTP/1.1" 200 358608
186.28.104.229 - - [13/Dec/2014:13:15:53 -0500] "GET /BLA/resoluciones/RESOLUCIONES%202009/7185.pdf HTTP/1.1" 200 1035032
186.28.104.229 - - [13/Dec/2014:13:15:54 -0500] "GET /BLA/resoluciones/RESOLUCIONES%202009/7185.pdf HTTP/1.1" 206 32768
186.28.104.229 - - [13/Dec/2014:13:15:55 -0500] "GET /BLA/resoluciones/RESOLUCIONES%202009/7185.pdf HTTP/1.1" 206 1002264
180.76.6.130 - - [13/Dec/2014:13:16:09 -0500] "GET /BLA/boletinlegal/Circulares/2011/Circular%20No.%203%20del%2023%20de%20Junio%20de%202011.pdf HTTP/1.1" 200 1452758
186.115.28.248 - - [13/Dec/2014:13:16:22 -0500] "GET /galeria/nivo-slider/demo/demo.html HTTP/1.1" 200 3252
186.115.28.248 - - [13/Dec/2014:13:16:23 -0500] "GET /galeria/nivo-slider/themes/default/default.css HTTP/1.1" 200 1569
186.115.28.248 - - [13/Dec/2014:13:16:23 -0500] "GET /galeria/nivo-slider/themes/pascal/pascal.css HTTP/1.1" 200 2258
186.115.28.248 - - [13/Dec/2014:13:16:23 -0500] "GET /galeria/nivo-slider/themes/orman/orman.css HTTP/1.1" 200 2152
186.115.28.248 - - [13/Dec/2014:13:16:23 -0500] "GET /galeria/nivo-slider/nivo-slider.css HTTP/1.1" 200 1507
186.115.28.248 - - [13/Dec/2014:13:16:23 -0500] "GET /galeria/nivo-slider/demo/scripts/jquery-1.7.1.min.js HTTP/1.1" 200 93868
186.115.28.248 - - [13/Dec/2014:13:16:23 -0500] "GET /galeria/nivo-slider/jquery.nivo.slider.pack.js HTTP/1.1" 200 11561
186.115.28.248 - - [13/Dec/2014:13:16:23 -0500] "GET /galeria/nivo-slider/demo/images/ecolecta-Dic2014.png HTTP/1.1" 200 288593
186.115.28.248 - - [13/Dec/2014:13:16:23 -0500] "GET /galeria/nivo-slider/demo/style.css HTTP/1.1" 200 2222
186.115.28.248 - - [13/Dec/2014:13:16:23 -0500] "GET /galeria/nivo-slider/demo/images/banner-musgo.jpg HTTP/1.1" 200 49513
186.115.28.248 - - [13/Dec/2014:13:16:23 -0500] "GET /galeria/nivo-slider/demo/images/Jornada-adopcion.jpg HTTP/1.1" 200 79705
186.115.28.248 - - [13/Dec/2014:13:16:23 -0500] "GET /galeria/nivo-slider/demo/images/Banner-GAE3.jpg HTTP/1.1" 200 146354
186.115.28.248 - - [13/Dec/2014:13:16:23 -0500] "GET /galeria/nivo-slider/demo/images/porloshumedales.jpg HTTP/1.1" 200 351238
186.115.28.248 - - [13/Dec/2014:13:16:24 -0500] "GET /galeria/nivo-slider/demo/images/Tingua-azul.jpg HTTP/1.1" 200 307638
186.115.28.248 - - [13/Dec/2014:13:16:24 -0500] "GET /galeria/nivo-slider/demo/images/Banner-Caracol-Africano.jpg HTTP/1.1" 200 331986
186.115.28.248 - - [13/Dec/2014:13:16:25 -0500] "GET /galeria/nivo-slider/demo/images/4Simple_Slider.png HTTP/1.1" 200 11722
190.66.126.187 - - [13/Dec/2014:13:16:26 -0500] "POST /forms/lservlet;jsessionid=ac16012b30d55717878fcf064a4bb2929fb151a8a783.e3iSbxaKaheRe34Sa3yKbhiTahb0n6jAmljGr5XDqQLvpAe HTTP/1.1" 200 2
186.115.28.248 - - [13/Dec/2014:13:16:26 -0500] "GET /galeria/nivo-slider/themes/default/loading.gif HTTP/1.1" 200 1737
186.115.28.248 - - [13/Dec/2014:13:16:26 -0500] "GET /galeria/nivo-slider/demo/images/banner-redes.jpg HTTP/1.1" 200 62209
186.115.28.248 - - [13/Dec/2014:13:16:26 -0500] "GET /galeria/nivo-slider/demo/images/9Signos.jpg HTTP/1.1" 200 93040
186.115.28.248 - - [13/Dec/2014:13:16:26 -0500] "GET /galeria/nivo-slider/demo/images/banner-llantas2.jpg HTTP/1.1" 200 73153
186.115.28.248 - - [13/Dec/2014:13:16:28 -0500] "GET /galeria/nivo-slider/demo/images/banner-caballos.png HTTP/1.1" 200 389106
186.115.28.248 - - [13/Dec/2014:13:16:28 -0500] "GET /galeria/nivo-slider/demo/images/Hacienda_Molinos.jpg HTTP/1.1" 200 319171
181.54.57.138 - - [13/Dec/2014:13:16:30 -0500] "POST /forms/lservlet;jsessionid=ac16012b30d54a8e52fbeaed4d79a72fffdc3bd640df.e3iSbxaKaheRe34Sa3yKbhiTahb0n6jAmljGr5XDqQLvpAe HTTP/1.1" 200 2
186.115.28.248 - - [13/Dec/2014:13:16:33 -0500] "GET /galeria/nivo-slider/themes/default/arrows.png HTTP/1.1" 200 824
186.115.28.248 - - [13/Dec/2014:13:16:33 -0500] "GET /galeria/nivo-slider/themes/default/bullets.png HTTP/1.1" 200 1281
186.115.28.248 - - [13/Dec/2014:13:16:33 -0500] "GET /videos/Spot_CambioClimatico.flv HTTP/1.1" 200 4371917
157.55.39.240 - - [13/Dec/2014:13:16:37 -0500] "GET /BLA/resoluciones/RESOLUCIONES%202010/0576.pdf HTTP/1.1" 200 504617
66.249.67.115 - - [13/Dec/2014:13:16:55 -0500] "GET /BLA/resoluciones/RESOLUCIONES%202006/RES%202006%202701-2750/INDEX.DAT HTTP/1.1" 200 2000
66.249.67.115 - - [13/Dec/2014:13:17:05 -0500] "GET /BLA/resoluciones/RESOLUCIONES%202007/RES%202007%203601%20AL%203700/RESOLUCION%203622%20DE%202007.pdf HTTP/1.1" 200 769103
220.181.108.119 - - [13/Dec/2014:13:17:33 -0500] "GET / HTTP/1.1" 302 -
180.76.6.53 - - [13/Dec/2014:13:17:52 -0500] "GET /BLA/boletinlegal/Circulares/2010/Circular%2006%20de%208%20de%20septiembre%20de%202010.pdf HTTP/1.1" 200 4657752
123.125.71.51 - - [13/Dec/2014:13:18:05 -0500] "GET / HTTP/1.1" 302 -
157.55.39.13 - - [13/Dec/2014:13:18:05 -0500] "GET /BLA/resoluciones/AUTOS%202011/2968.pdf HTTP/1.1" 200 443357
190.66.126.187 - - [13/Dec/2014:13:18:26 -0500] "POST /forms/lservlet;jsessionid=ac16012b30d55717878fcf064a4bb2929fb151a8a783.e3iSbxaKaheRe34Sa3yKbhiTahb0n6jAmljGr5XDqQLvpAe HTTP/1.1" 200 2
181.54.57.138 - - [13/Dec/2014:13:18:30 -0500] "POST /forms/lservlet;jsessionid=ac16012b30d54a8e52fbeaed4d79a72fffdc3bd640df.e3iSbxaKaheRe34Sa3yKbhiTahb0n6jAmljGr5XDqQLvpAe HTTP/1.1" 200 2
157.55.39.113 - - [13/Dec/2014:13:18:31 -0500] "GET /bla/resoluciones/RESOLUCIONES%202011/1182.pdf HTTP/1.1" 200 682738
66.249.67.131 - - [13/Dec/2014:13:18:38 -0500] "GET /BLA/resoluciones/RESOLUCIONES%202010/5721.pdf HTTP/1.1" 200 122634
66.249.67.115 - - [13/Dec/2014:13:18:45 -0500] "GET /BLA/resoluciones/RESOLUCIONES%202011/3976.pdf HTTP/1.1" 200 792238
186.31.103.57 - - [13/Dec/2014:13:18:54 -0500] "GET /BLA/boletinlegal/js/jquery.js HTTP/1.1" 200 57254
186.31.103.57 - - [13/Dec/2014:13:18:54 -0500] "GET /BLA/boletinlegal/js/jquery.scrollTo-min.js HTTP/1.1" 200 1150
186.31.103.57 - - [13/Dec/2014:13:18:55 -0500] "GET /BLA/boletinlegal/js/jquery.scrollShow.js HTTP/1.1" 200 4586
157.55.39.113 - - [13/Dec/2014:13:18:56 -0500] "GET /BLA/resoluciones/Resoluciones%202011/1115.pdf HTTP/1.1" 200 269908
180.76.6.62 - - [13/Dec/2014:13:19:00 -0500] "GET /POT-2013/index.php?dir=&sort=date&order=asc HTTP/1.1" 200 2679
66.249.67.131 - - [13/Dec/2014:13:19:02 -0500] "GET /BLA/resoluciones/RESOLUCIONES%202010/4978.pdf HTTP/1.1" 200 746889
66.249.67.123 - - [13/Dec/2014:13:19:10 -0500] "GET /BLA/resoluciones/RESOLUCIONES%202002/RES%202002%20701-750/00000704.tif HTTP/1.1" 200 188862
66.249.67.143 - - [13/Dec/2014:13:19:20 -0500] "GET /portalsiaccapacitaciones/Soportes%20Capacitaciones%20A%C3%B1o%202013/0033.%20PRESENTACION%20ESTACIONES%20DE%20SERVICIO%20-%2015%20de%20Agosto.pdf HTTP/1.1" 200 1912908
66.249.67.143 - - [13/Dec/2014:13:19:34 -0500] "GET /portalsiaccapacitaciones/Listas%20de%20Asistencia%202013/Lista%20de%20Asitencia%20Capacitaci%C3%B3n%20Instrumentos%20de%20Planeaci%C3%B3n%20Ambiental%2020-06-2013.pdf HTTP/1.1" 200 3109665
66.249.67.131 - - [13/Dec/2014:13:19:45 -0500] "GET /BLA/resoluciones/AUTOS%202007/3013.pdf HTTP/1.1" 200 232614
74.86.158.107 - - [13/Dec/2014:13:19:50 -0500] "HEAD / HTTP/1.1" 302 -
201.245.192.253 - - [13/Dec/2014:13:20:08 -0500] "GET /BLA/resoluciones/ HTTP/1.1" 200 6952
123.125.71.107 - - [13/Dec/2014:13:20:09 -0500] "GET / HTTP/1.1" 302 -
201.245.192.253 - - [13/Dec/2014:13:20:10 -0500] "GET /BLA/resoluciones/index.php?dir=AUTOS+2011%2F HTTP/1.1" 200 514962
66.249.67.131 - - [13/Dec/2014:13:20:11 -0500] "GET /BLA/resoluciones/AUTOS%202013/2390.pdf HTTP/1.1" 304 -
190.66.126.187 - - [13/Dec/2014:13:20:27 -0500] "POST /forms/lservlet;jsessionid=ac16012b30d55717878fcf064a4bb2929fb151a8a783.e3iSbxaKaheRe34Sa3yKbhiTahb0n6jAmljGr5XDqQLvpAe HTTP/1.1" 200 2
181.54.57.138 - - [13/Dec/2014:13:20:30 -0500] "POST /forms/lservlet;jsessionid=ac16012b30d54a8e52fbeaed4d79a72fffdc3bd640df.e3iSbxaKaheRe34Sa3yKbhiTahb0n6jAmljGr5XDqQLvpAe HTTP/1.1" 200 2
157.55.39.113 - - [13/Dec/2014:13:20:51 -0500] "GET /BLA/resoluciones/RESOLUCIONES%202011/0402.pdf HTTP/1.1" 200 264164
157.55.39.113 - - [13/Dec/2014:13:20:52 -0500] "GET /BLA/resoluciones/Resoluciones%202011/0426.pdf HTTP/1.1" 200 553379
157.55.39.217 - - [13/Dec/2014:13:20:56 -0500] "GET /BLA/resoluciones/RESOLUCIONES%202009/0909.pdf HTTP/1.1" 200 261624
190.248.57.125 - - [13/Dec/2014:13:21:04 -0500] "GET /BLA/boletinlegal/js/jquery.js HTTP/1.1" 200 57254
190.248.57.125 - - [13/Dec/2014:13:21:04 -0500] "GET /BLA/boletinlegal/js/jquery.scrollShow.js HTTP/1.1" 200 4586
190.248.57.125 - - [13/Dec/2014:13:21:04 -0500] "GET /BLA/boletinlegal/js/jquery.scrollTo-min.js HTTP/1.1" 200 1150
66.249.67.135 - - [13/Dec/2014:13:21:40 -0500] "GET /portalsiaccapacitaciones/Soportes%20Capacitaciones%20A%C3%B1o%202013/0013.%20Presentaci%C3%B3n%20RESPEL%20(Clasificaci%C3%B3n,%20Cuantificaci%C3%B3n)%2023-05-13.pdf HTTP/1.1" 200 5851255
66.249.67.115 - - [13/Dec/2014:13:21:50 -0500] "GET /BLA/resoluciones/RESOLUCIONES%202009/7080.pdf HTTP/1.1" 200 910691
66.249.67.143 - - [13/Dec/2014:13:21:59 -0500] "GET /portalsiaccapacitaciones/Listas%20de%20Asistencia%202013/Lista%20de%20Asistencia%20Capacitaci%C3%B3n%20Residuos%20Peligrosos%2023-05-2013.pdf HTTP/1.1" 200 1083743
180.76.6.142 - - [13/Dec/2014:13:22:02 -0500] "GET /BLA/resoluciones/RESOLUCIONES%202010/2001.pdf HTTP/1.1" 200 473709
66.249.67.135 - - [13/Dec/2014:13:22:14 -0500] "GET /portalsiaccapacitaciones/Soportes%20Capacitaciones%20A%C3%B1o%202013/0052.%20Presentaci%C3%B3n%20Bienes%20Inservibles%2031-10-2013.pdf HTTP/1.1" 200 747599
66.249.67.115 - - [13/Dec/2014:13:22:28 -0500] "GET /robots.txt HTTP/1.1" 404 1015
66.249.67.115 - - [13/Dec/2014:13:22:28 -0500] "GET /dama/libreria/pdf/reportesredaire/anuales/2000.pdf HTTP/1.1" 404 1015
190.66.126.187 - - [13/Dec/2014:13:22:28 -0500] "POST /forms/lservlet;jsessionid=ac16012b30d55717878fcf064a4bb2929fb151a8a783.e3iSbxaKaheRe34Sa3yKbhiTahb0n6jAmljGr5XDqQLvpAe HTTP/1.1" 200 2
181.54.57.138 - - [13/Dec/2014:13:22:30 -0500] "POST /forms/lservlet;jsessionid=ac16012b30d54a8e52fbeaed4d79a72fffdc3bd640df.e3iSbxaKaheRe34Sa3yKbhiTahb0n6jAmljGr5XDqQLvpAe HTTP/1.1" 200 2
66.249.67.115 - - [13/Dec/2014:13:22:35 -0500] "GET /BLA/resoluciones/RESOLUCIONES%202009/0759.pdf HTTP/1.1" 200 696221
157.55.39.240 - - [13/Dec/2014:13:22:35 -0500] "GET /BLA/resoluciones/RESOLUCIONES%202009/6485.pdf HTTP/1.1" 200 1085602
157.55.39.218 - - [13/Dec/2014:13:22:45 -0500] "GET /bla/resoluciones/RESOLUCIONES%202011/0605.pdf HTTP/1.1" 200 71985
66.249.67.131 - - [13/Dec/2014:13:23:17 -0500] "GET /BLA/resoluciones/RESOLUCIONES%202009/2368.pdf HTTP/1.1" 200 423282
186.28.104.229 - - [13/Dec/2014:13:23:17 -0500] "GET /BLA/resoluciones/RESOLUCIONES%202009/8209.pdf HTTP/1.1" 200 1037430
186.28.104.229 - - [13/Dec/2014:13:23:17 -0500] "GET /BLA/resoluciones/RESOLUCIONES%202009/8209.pdf HTTP/1.1" 206 32768
186.28.104.229 - - [13/Dec/2014:13:23:18 -0500] "GET /BLA/resoluciones/RESOLUCIONES%202009/8209.pdf HTTP/1.1" 206 1004662
66.249.67.131 - - [13/Dec/2014:13:23:30 -0500] "GET /BLA/resoluciones/Autos%202008/2715.pdf HTTP/1.1" 200 100889
38.64.37.19 - - [13/Dec/2014:13:23:45 -0500] "GET /wp-admin/ HTTP/1.1" 404 1018
190.24.136.214 - - [13/Dec/2014:13:24:13 -0500] "GET /BLA/boletinlegal/js/jquery.scrollTo-min.js HTTP/1.1" 200 1150
190.24.136.214 - - [13/Dec/2014:13:24:13 -0500] "GET /BLA/boletinlegal/js/jquery.js HTTP/1.1" 200 57254
190.24.136.214 - - [13/Dec/2014:13:24:13 -0500] "GET /galeria/carrusel/Carrusel/jquery.thumbnailScroller.css HTTP/1.1" 200 2066
190.24.136.214 - - [13/Dec/2014:13:24:13 -0500] "GET /BLA/boletinlegal/js/jquery.scrollShow.js HTTP/1.1" 200 4586
190.24.136.214 - - [13/Dec/2014:13:24:13 -0500] "GET /galeria/carrusel/Carrusel/jquery-ui-1.8.13.custom.min.js HTTP/1.1" 200 10800
190.24.136.214 - - [13/Dec/2014:13:24:16 -0500] "GET /galeria/carrusel/Carrusel/jquery.thumbnailScroller.js HTTP/1.1" 200 8157
190.24.136.214 - - [13/Dec/2014:13:24:16 -0500] "GET /galeria/nivo-slider/demo/demo.html HTTP/1.1" 200 3252
190.24.136.214 - - [13/Dec/2014:13:24:16 -0500] "GET /galeria/nivo-slider/demo/images/ecolecta-Dic2014.png HTTP/1.1" 200 288593
190.24.136.214 - - [13/Dec/2014:13:24:16 -0500] "GET /galeria/nivo-slider/themes/pascal/pascal.css HTTP/1.1" 200 2258
190.24.136.214 - - [13/Dec/2014:13:24:16 -0500] "GET /galeria/nivo-slider/themes/default/default.css HTTP/1.1" 200 1569
190.24.136.214 - - [13/Dec/2014:13:24:16 -0500] "GET /galeria/nivo-slider/demo/style.css HTTP/1.1" 200 2222
190.24.136.214 - - [13/Dec/2014:13:24:16 -0500] "GET /galeria/nivo-slider/themes/orman/orman.css HTTP/1.1" 200 2152
190.24.136.214 - - [13/Dec/2014:13:24:16 -0500] "GET /galeria/nivo-slider/nivo-slider.css HTTP/1.1" 200 1507
190.24.136.214 - - [13/Dec/2014:13:24:16 -0500] "GET /galeria/nivo-slider/demo/images/banner-musgo.jpg HTTP/1.1" 200 49513
190.24.136.214 - - [13/Dec/2014:13:24:16 -0500] "GET /galeria/nivo-slider/demo/images/Jornada-adopcion.jpg HTTP/1.1" 200 79705
190.24.136.214 - - [13/Dec/2014:13:24:16 -0500] "GET /galeria/nivo-slider/demo/images/Banner-GAE3.jpg HTTP/1.1" 200 146354
190.24.136.214 - - [13/Dec/2014:13:24:17 -0500] "GET /galeria/nivo-slider/demo/images/porloshumedales.jpg HTTP/1.1" 200 351238
190.24.136.214 - - [13/Dec/2014:13:24:17 -0500] "GET /galeria/nivo-slider/demo/images/Tingua-azul.jpg HTTP/1.1" 200 307638
190.24.136.214 - - [13/Dec/2014:13:24:17 -0500] "GET /galeria/nivo-slider/demo/images/Banner-Caracol-Africano.jpg HTTP/1.1" 200 331986
190.24.136.214 - - [13/Dec/2014:13:24:18 -0500] "GET /galeria/nivo-slider/demo/images/banner-redes.jpg HTTP/1.1" 200 62209
190.24.136.214 - - [13/Dec/2014:13:24:19 -0500] "GET /galeria/nivo-slider/demo/images/9Signos.jpg HTTP/1.1" 200 93040
190.24.136.214 - - [13/Dec/2014:13:24:19 -0500] "GET /galeria/nivo-slider/demo/images/banner-llantas2.jpg HTTP/1.1" 200 73153
190.24.136.214 - - [13/Dec/2014:13:24:20 -0500] "GET /galeria/nivo-slider/demo/images/banner-caballos.png HTTP/1.1" 200 389106
190.24.136.214 - - [13/Dec/2014:13:24:20 -0500] "GET /galeria/nivo-slider/demo/images/Hacienda_Molinos.jpg HTTP/1.1" 200 319171
190.24.136.214 - - [13/Dec/2014:13:24:21 -0500] "GET /galeria/nivo-slider/demo/scripts/jquery-1.7.1.min.js HTTP/1.1" 200 93868
190.24.136.214 - - [13/Dec/2014:13:24:21 -0500] "GET /galeria/nivo-slider/jquery.nivo.slider.pack.js HTTP/1.1" 200 11561
190.24.136.214 - - [13/Dec/2014:13:24:21 -0500] "GET /galeria/nivo-slider/demo/images/4Simple_Slider.png HTTP/1.1" 200 11722
190.24.136.214 - - [13/Dec/2014:13:24:21 -0500] "GET /galeria/nivo-slider/themes/default/loading.gif HTTP/1.1" 200 1737
190.24.136.214 - - [13/Dec/2014:13:24:22 -0500] "GET /videos/Spot_CambioClimatico.flv HTTP/1.1" 200 4371917
189.163.144.4 - - [13/Dec/2014:13:24:28 -0500] "GET /BLA/boletinlegal/js/jquery.js HTTP/1.1" 200 57254
189.163.144.4 - - [13/Dec/2014:13:24:28 -0500] "GET /BLA/boletinlegal/js/jquery.scrollTo-min.js HTTP/1.1" 200 1150
190.24.136.214 - - [13/Dec/2014:13:24:29 -0500] "GET /galeria/nivo-slider/themes/default/bullets.png HTTP/1.1" 200 1281
189.163.144.4 - - [13/Dec/2014:13:24:29 -0500] "GET /BLA/boletinlegal/js/jquery.scrollShow.js HTTP/1.1" 200 4586
181.54.57.138 - - [13/Dec/2014:13:24:30 -0500] "POST /forms/lservlet;jsessionid=ac16012b30d54a8e52fbeaed4d79a72fffdc3bd640df.e3iSbxaKaheRe34Sa3yKbhiTahb0n6jAmljGr5XDqQLvpAe HTTP/1.1" 200 2
190.66.126.187 - - [13/Dec/2014:13:24:34 -0500] "POST /forms/lservlet;jsessionid=ac16012b30d55717878fcf064a4bb2929fb151a8a783.e3iSbxaKaheRe34Sa3yKbhiTahb0n6jAmljGr5XDqQLvpAe HTTP/1.1" 200 2
190.24.136.214 - - [13/Dec/2014:13:24:36 -0500] "GET /galeria/nivo-slider/themes/default/arrows.png HTTP/1.1" 200 824
66.249.67.131 - - [13/Dec/2014:13:24:50 -0500] "GET /BLA/resoluciones/AUTOS%202011/2146.pdf HTTP/1.1" 304 -
74.86.158.107 - - [13/Dec/2014:13:24:50 -0500] "HEAD / HTTP/1.1" 302 -
66.249.67.131 - - [13/Dec/2014:13:25:25 -0500] "GET /BLA/resoluciones/RESOLUCIONES%202009/7740.pdf HTTP/1.1" 200 556894
66.249.67.115 - - [13/Dec/2014:13:25:54 -0500] "GET /BLA/resoluciones/RESOLUCIONES%202005/RES%202005%202451-2500/00002485.tif HTTP/1.1" 200 171036
201.245.192.253 - - [13/Dec/2014:13:25:59 -0500] "GET /BLA/boletinlegal/consulta_actos.php?tipo=resoluciones&no=7059&usuario=&sector=&fecha=2009&resuelve= HTTP/1.1" 200 1026
201.245.192.253 - - [13/Dec/2014:13:26:01 -0500] "GET /BLA/resoluciones/RESOLUCIONES%202009/7059.pdf HTTP/1.1" 200 332030
