190.27.146.83 - - [13/Dec/2014:09:50:38 -0500] "GET /galeria/nivo-slider/themes/pascal/pascal.css HTTP/1.1" 200 2258
190.27.146.83 - - [13/Dec/2014:09:50:38 -0500] "GET /galeria/nivo-slider/themes/orman/orman.css HTTP/1.1" 200 2152
190.27.146.83 - - [13/Dec/2014:09:50:38 -0500] "GET /galeria/nivo-slider/nivo-slider.css HTTP/1.1" 200 1507
190.27.146.83 - - [13/Dec/2014:09:50:38 -0500] "GET /galeria/nivo-slider/demo/style.css HTTP/1.1" 200 2222
190.27.146.83 - - [13/Dec/2014:09:50:38 -0500] "GET /galeria/nivo-slider/demo/scripts/jquery-1.7.1.min.js HTTP/1.1" 200 93868
190.27.146.83 - - [13/Dec/2014:09:50:38 -0500] "GET /galeria/nivo-slider/jquery.nivo.slider.pack.js HTTP/1.1" 200 11561
190.27.146.83 - - [13/Dec/2014:09:50:38 -0500] "GET /galeria/nivo-slider/demo/images/4Simple_Slider.png HTTP/1.1" 200 11722
190.27.146.83 - - [13/Dec/2014:09:50:38 -0500] "GET /galeria/nivo-slider/themes/default/loading.gif HTTP/1.1" 200 1737
201.245.192.253 - - [13/Dec/2014:09:50:39 -0500] "GET /BLA/RESOLUCIONES/ HTTP/1.1" 200 6952
190.27.146.83 - - [13/Dec/2014:09:50:39 -0500] "GET /galeria/nivo-slider/demo/images/ecolecta-Dic2014.png HTTP/1.1" 200 288593
190.27.146.83 - - [13/Dec/2014:09:50:39 -0500] "GET /galeria/nivo-slider/demo/images/banner-musgo.jpg HTTP/1.1" 200 49513
190.27.146.83 - - [13/Dec/2014:09:50:40 -0500] "GET /galeria/nivo-slider/demo/images/Jornada-adopcion.jpg HTTP/1.1" 200 79705
190.27.146.83 - - [13/Dec/2014:09:50:40 -0500] "GET /galeria/nivo-slider/demo/images/Banner-GAE3.jpg HTTP/1.1" 200 146354
190.27.146.83 - - [13/Dec/2014:09:50:41 -0500] "GET /galeria/nivo-slider/demo/images/porloshumedales.jpg HTTP/1.1" 200 351238
190.27.146.83 - - [13/Dec/2014:09:50:41 -0500] "GET /galeria/nivo-slider/demo/images/Tingua-azul.jpg HTTP/1.1" 200 307638
190.27.146.83 - - [13/Dec/2014:09:50:41 -0500] "GET /galeria/nivo-slider/demo/images/Banner-Caracol-Africano.jpg HTTP/1.1" 200 331986
190.27.146.83 - - [13/Dec/2014:09:50:42 -0500] "GET /galeria/nivo-slider/demo/images/banner-redes.jpg HTTP/1.1" 200 62209
190.27.146.83 - - [13/Dec/2014:09:50:43 -0500] "GET /galeria/nivo-slider/demo/images/9Signos.jpg HTTP/1.1" 200 93040
190.27.146.83 - - [13/Dec/2014:09:50:43 -0500] "GET /galeria/nivo-slider/demo/images/banner-llantas2.jpg HTTP/1.1" 200 73153
190.27.146.83 - - [13/Dec/2014:09:50:44 -0500] "GET /galeria/nivo-slider/demo/images/banner-caballos.png HTTP/1.1" 200 389106
190.66.126.187 - - [13/Dec/2014:09:50:43 -0500] "POST /forms/lservlet;jsessionid=ac16012b30d54545927731e64938aa9ee644ecb8fec2.e3iSbxaKaheRe34Sa3yKbhiTahb0n6jAmljGr5XDqQLvpAe HTTP/1.1" 200 41612
190.24.137.66 - - [13/Dec/2014:09:50:44 -0500] "GET /galeria/bibloteca/contentflow.js HTTP/1.1" 200 42804
190.24.137.66 - - [13/Dec/2014:09:50:44 -0500] "GET /galeria/bibloteca/contentflow.css HTTP/1.1" 200 3201
190.24.137.66 - - [13/Dec/2014:09:50:44 -0500] "GET /galeria/bibloteca/mycontentflow.css HTTP/1.1" 200 3110
190.24.137.66 - - [13/Dec/2014:09:50:44 -0500] "GET /galeria/bibloteca/ContentFlowAddOn_white.js HTTP/1.1" 200 2497
190.24.137.66 - - [13/Dec/2014:09:50:44 -0500] "GET /galeria/bibloteca/ContentFlowAddOn_white.css HTTP/1.1" 200 3355
190.24.137.66 - - [13/Dec/2014:09:50:44 -0500] "GET /galeria/bibloteca/img/loader.gif HTTP/1.1" 200 8238
190.24.137.66 - - [13/Dec/2014:09:50:44 -0500] "GET /galeria/bibloteca/img/scrollbar_white.png HTTP/1.1" 200 82
190.24.137.66 - - [13/Dec/2014:09:50:44 -0500] "GET /galeria/bibloteca/img/slider_white.png HTTP/1.1" 200 178
190.27.146.83 - - [13/Dec/2014:09:50:44 -0500] "GET /galeria/nivo-slider/demo/images/Hacienda_Molinos.jpg HTTP/1.1" 200 319171
190.24.137.66 - - [13/Dec/2014:09:50:45 -0500] "GET /galeria/bibloteca/img/scrollbar_black.png HTTP/1.1" 200 82
190.24.137.66 - - [13/Dec/2014:09:50:45 -0500] "GET /galeria/bibloteca/img/slider_black.png HTTP/1.1" 200 175
190.24.137.66 - - [13/Dec/2014:09:50:45 -0500] "GET /galeria/bibloteca/img/1x1_0.5_white.png HTTP/1.1" 200 82
190.24.137.66 - - [13/Dec/2014:09:50:45 -0500] "GET /galeria/bibloteca/img/ajax-loader.gif HTTP/1.1" 200 9427
190.27.146.83 - - [13/Dec/2014:09:50:46 -0500] "GET /videos/Spot_CambioClimatico.flv HTTP/1.1" 200 4371917
201.245.192.253 - - [13/Dec/2014:09:50:50 -0500] "GET /BLA/boletinlegal/actos.php HTTP/1.1" 200 7534
190.27.146.83 - - [13/Dec/2014:09:50:50 -0500] "GET /galeria/nivo-slider/themes/default/bullets.png HTTP/1.1" 200 1281
190.27.146.83 - - [13/Dec/2014:09:50:50 -0500] "GET /galeria/nivo-slider/themes/default/arrows.png HTTP/1.1" 200 824
190.66.126.187 - - [13/Dec/2014:09:50:50 -0500] "POST /forms/lservlet;jsessionid=ac16012b30d54545927731e64938aa9ee644ecb8fec2.e3iSbxaKaheRe34Sa3yKbhiTahb0n6jAmljGr5XDqQLvpAe HTTP/1.1" 200 44587
66.249.67.115 - - [13/Dec/2014:09:50:53 -0500] "GET /galeria/nivo-slider/demo/demo.html HTTP/1.1" 200 3252
66.249.67.115 - - [13/Dec/2014:09:50:56 -0500] "GET /galeria/nivo-slider/themes/default/default.css HTTP/1.1" 200 1569
66.249.67.123 - - [13/Dec/2014:09:50:56 -0500] "GET /galeria/nivo-slider/nivo-slider.css HTTP/1.1" 200 1507
66.249.67.115 - - [13/Dec/2014:09:50:57 -0500] "GET /galeria/nivo-slider/themes/orman/orman.css HTTP/1.1" 200 2152
66.249.67.131 - - [13/Dec/2014:09:50:57 -0500] "GET /galeria/nivo-slider/demo/style.css HTTP/1.1" 200 2222
66.249.67.115 - - [13/Dec/2014:09:50:58 -0500] "GET /galeria/nivo-slider/themes/pascal/pascal.css HTTP/1.1" 200 2258
66.249.67.131 - - [13/Dec/2014:09:50:59 -0500] "GET /galeria/nivo-slider/demo/scripts/jquery-1.7.1.min.js HTTP/1.1" 200 93868
190.66.126.187 - - [13/Dec/2014:09:50:59 -0500] "POST /forms/lservlet;jsessionid=ac16012b30d54545927731e64938aa9ee644ecb8fec2.e3iSbxaKaheRe34Sa3yKbhiTahb0n6jAmljGr5XDqQLvpAe HTTP/1.1" 200 7816
190.66.126.187 - - [13/Dec/2014:09:50:59 -0500] "POST /forms/lservlet;jsessionid=ac16012b30d54545927731e64938aa9ee644ecb8fec2.e3iSbxaKaheRe34Sa3yKbhiTahb0n6jAmljGr5XDqQLvpAe HTTP/1.1" 200 2
66.249.67.131 - - [13/Dec/2014:09:50:59 -0500] "GET /galeria/nivo-slider/jquery.nivo.slider.pack.js HTTP/1.1" 200 11561
190.66.126.187 - - [13/Dec/2014:09:51:01 -0500] "POST /forms/lservlet;jsessionid=ac16012b30d54545927731e64938aa9ee644ecb8fec2.e3iSbxaKaheRe34Sa3yKbhiTahb0n6jAmljGr5XDqQLvpAe HTTP/1.1" 200 2
190.66.126.187 - - [13/Dec/2014:09:51:01 -0500] "POST /forms/lservlet;jsessionid=ac16012b30d54545927731e64938aa9ee644ecb8fec2.e3iSbxaKaheRe34Sa3yKbhiTahb0n6jAmljGr5XDqQLvpAe HTTP/1.1" 200 3806
190.66.126.187 - - [13/Dec/2014:09:51:02 -0500] "POST /forms/lservlet;jsessionid=ac16012b30d54545927731e64938aa9ee644ecb8fec2.e3iSbxaKaheRe34Sa3yKbhiTahb0n6jAmljGr5XDqQLvpAe HTTP/1.1" 200 10
157.55.39.113 - - [13/Dec/2014:09:51:03 -0500] "GET /BLA/resoluciones/AUTOS%202012/1454.pdf HTTP/1.1" 200 623274
190.66.126.187 - - [13/Dec/2014:09:51:05 -0500] "POST /forms/lservlet;jsessionid=ac16012b30d54545927731e64938aa9ee644ecb8fec2.e3iSbxaKaheRe34Sa3yKbhiTahb0n6jAmljGr5XDqQLvpAe HTTP/1.1" 200 7
190.66.126.187 - - [13/Dec/2014:09:51:05 -0500] "POST /forms/lservlet;jsessionid=ac16012b30d54545927731e64938aa9ee644ecb8fec2.e3iSbxaKaheRe34Sa3yKbhiTahb0n6jAmljGr5XDqQLvpAe HTTP/1.1" 200 14308
190.66.126.187 - - [13/Dec/2014:09:51:06 -0500] "POST /forms/lservlet;jsessionid=ac16012b30d54545927731e64938aa9ee644ecb8fec2.e3iSbxaKaheRe34Sa3yKbhiTahb0n6jAmljGr5XDqQLvpAe HTTP/1.1" 200 2
190.66.126.187 - - [13/Dec/2014:09:51:06 -0500] "POST /forms/lservlet;jsessionid=ac16012b30d54545927731e64938aa9ee644ecb8fec2.e3iSbxaKaheRe34Sa3yKbhiTahb0n6jAmljGr5XDqQLvpAe HTTP/1.1" 200 34
190.66.126.187 - - [13/Dec/2014:09:51:07 -0500] "POST /forms/lservlet;jsessionid=ac16012b30d54545927731e64938aa9ee644ecb8fec2.e3iSbxaKaheRe34Sa3yKbhiTahb0n6jAmljGr5XDqQLvpAe HTTP/1.1" 200 2
157.55.39.217 - - [13/Dec/2014:09:51:07 -0500] "GET /bla/resoluciones/resoluciones%202010/6695.pdf HTTP/1.1" 200 285983
190.66.126.187 - - [13/Dec/2014:09:51:08 -0500] "POST /forms/lservlet;jsessionid=ac16012b30d54545927731e64938aa9ee644ecb8fec2.e3iSbxaKaheRe34Sa3yKbhiTahb0n6jAmljGr5XDqQLvpAe HTTP/1.1" 200 168
66.249.67.123 - - [13/Dec/2014:09:51:08 -0500] "GET /BLA/resoluciones/AUTOS%202009/2572.pdf HTTP/1.1" 200 85774
201.245.192.253 - - [13/Dec/2014:09:51:08 -0500] "GET /BLA/boletinlegal/actos.php HTTP/1.1" 200 7534
190.66.126.187 - - [13/Dec/2014:09:51:11 -0500] "POST /forms/lservlet;jsessionid=ac16012b30d54545927731e64938aa9ee644ecb8fec2.e3iSbxaKaheRe34Sa3yKbhiTahb0n6jAmljGr5XDqQLvpAe HTTP/1.1" 200 327
190.66.126.187 - - [13/Dec/2014:09:51:12 -0500] "POST /forms/lservlet;jsessionid=ac16012b30d54545927731e64938aa9ee644ecb8fec2.e3iSbxaKaheRe34Sa3yKbhiTahb0n6jAmljGr5XDqQLvpAe HTTP/1.1" 200 2
190.66.126.187 - - [13/Dec/2014:09:51:13 -0500] "POST /forms/lservlet;jsessionid=ac16012b30d54545927731e64938aa9ee644ecb8fec2.e3iSbxaKaheRe34Sa3yKbhiTahb0n6jAmljGr5XDqQLvpAe HTTP/1.1" 200 100
190.66.126.187 - - [13/Dec/2014:09:51:16 -0500] "POST /forms/lservlet;jsessionid=ac16012b30d54545927731e64938aa9ee644ecb8fec2.e3iSbxaKaheRe34Sa3yKbhiTahb0n6jAmljGr5XDqQLvpAe HTTP/1.1" 200 342
186.84.131.57 - - [13/Dec/2014:09:51:17 -0500] "GET /BLA/boletinlegal/js/jquery.js HTTP/1.1" 200 57254
186.84.131.57 - - [13/Dec/2014:09:51:17 -0500] "GET /BLA/boletinlegal/js/jquery.scrollTo-min.js HTTP/1.1" 200 1150
186.84.131.57 - - [13/Dec/2014:09:51:17 -0500] "GET /BLA/boletinlegal/js/jquery.scrollShow.js HTTP/1.1" 200 4586
190.0.57.70 - - [13/Dec/2014:09:51:17 -0500] "GET /BLA/resoluciones/RESOLUCIONES%202007/RES%202007%202001%20AL%202100/RESOLUCION%202073%20DE%202007.pdf HTTP/1.1" 200 1120712
190.66.126.187 - - [13/Dec/2014:09:51:18 -0500] "POST /forms/lservlet;jsessionid=ac16012b30d54545927731e64938aa9ee644ecb8fec2.e3iSbxaKaheRe34Sa3yKbhiTahb0n6jAmljGr5XDqQLvpAe HTTP/1.1" 200 2
190.66.126.187 - - [13/Dec/2014:09:51:18 -0500] "POST /forms/lservlet;jsessionid=ac16012b30d54545927731e64938aa9ee644ecb8fec2.e3iSbxaKaheRe34Sa3yKbhiTahb0n6jAmljGr5XDqQLvpAe HTTP/1.1" 200 100
190.0.57.70 - - [13/Dec/2014:09:51:19 -0500] "GET /BLA/resoluciones/RESOLUCIONES%202007/RES%202007%202001%20AL%202100/RESOLUCION%202073%20DE%202007.pdf HTTP/1.1" 206 32768
190.0.57.70 - - [13/Dec/2014:09:51:19 -0500] "GET /BLA/resoluciones/RESOLUCIONES%202007/RES%202007%202001%20AL%202100/RESOLUCION%202073%20DE%202007.pdf HTTP/1.1" 206 1087944
190.66.126.187 - - [13/Dec/2014:09:51:20 -0500] "POST /forms/lservlet;jsessionid=ac16012b30d54545927731e64938aa9ee644ecb8fec2.e3iSbxaKaheRe34Sa3yKbhiTahb0n6jAmljGr5XDqQLvpAe HTTP/1.1" 200 7816
190.0.57.70 - - [13/Dec/2014:09:51:20 -0500] "GET /favicon.ico HTTP/1.1" 200 7782
190.66.126.187 - - [13/Dec/2014:09:51:20 -0500] "POST /forms/lservlet;jsessionid=ac16012b30d54545927731e64938aa9ee644ecb8fec2.e3iSbxaKaheRe34Sa3yKbhiTahb0n6jAmljGr5XDqQLvpAe HTTP/1.1" 200 2
201.245.192.253 - - [13/Dec/2014:09:51:21 -0500] "GET /BLA/boletinlegal/consulta_actos.php?tipo=resoluciones&no=0180&usuario=&sector=&fecha=2010&resuelve= HTTP/1.1" 200 623
190.66.126.187 - - [13/Dec/2014:09:51:23 -0500] "POST /forms/lservlet;jsessionid=ac16012b30d54545927731e64938aa9ee644ecb8fec2.e3iSbxaKaheRe34Sa3yKbhiTahb0n6jAmljGr5XDqQLvpAe HTTP/1.1" 200 2
190.66.126.187 - - [13/Dec/2014:09:51:23 -0500] "POST /forms/lservlet;jsessionid=ac16012b30d54545927731e64938aa9ee644ecb8fec2.e3iSbxaKaheRe34Sa3yKbhiTahb0n6jAmljGr5XDqQLvpAe HTTP/1.1" 200 4559
190.66.126.187 - - [13/Dec/2014:09:51:23 -0500] "POST /forms/lservlet;jsessionid=ac16012b30d54545927731e64938aa9ee644ecb8fec2.e3iSbxaKaheRe34Sa3yKbhiTahb0n6jAmljGr5XDqQLvpAe HTTP/1.1" 200 10
190.66.126.187 - - [13/Dec/2014:09:51:27 -0500] "POST /forms/lservlet;jsessionid=ac16012b30d54545927731e64938aa9ee644ecb8fec2.e3iSbxaKaheRe34Sa3yKbhiTahb0n6jAmljGr5XDqQLvpAe HTTP/1.1" 200 7
157.55.39.113 - - [13/Dec/2014:09:51:27 -0500] "GET /BLA/resoluciones/RESOLUCIONES%202008/2300.pdf HTTP/1.1" 200 358560
190.66.126.187 - - [13/Dec/2014:09:51:27 -0500] "POST /forms/lservlet;jsessionid=ac16012b30d54545927731e64938aa9ee644ecb8fec2.e3iSbxaKaheRe34Sa3yKbhiTahb0n6jAmljGr5XDqQLvpAe HTTP/1.1" 200 14254
190.66.126.187 - - [13/Dec/2014:09:51:28 -0500] "POST /forms/lservlet;jsessionid=ac16012b30d54545927731e64938aa9ee644ecb8fec2.e3iSbxaKaheRe34Sa3yKbhiTahb0n6jAmljGr5XDqQLvpAe HTTP/1.1" 200 2
190.66.126.187 - - [13/Dec/2014:09:51:28 -0500] "POST /forms/lservlet;jsessionid=ac16012b30d54545927731e64938aa9ee644ecb8fec2.e3iSbxaKaheRe34Sa3yKbhiTahb0n6jAmljGr5XDqQLvpAe HTTP/1.1" 200 34
190.66.126.187 - - [13/Dec/2014:09:51:28 -0500] "POST /forms/lservlet;jsessionid=ac16012b30d54545927731e64938aa9ee644ecb8fec2.e3iSbxaKaheRe34Sa3yKbhiTahb0n6jAmljGr5XDqQLvpAe HTTP/1.1" 200 2
190.66.126.187 - - [13/Dec/2014:09:51:29 -0500] "POST /forms/lservlet;jsessionid=ac16012b30d54545927731e64938aa9ee644ecb8fec2.e3iSbxaKaheRe34Sa3yKbhiTahb0n6jAmljGr5XDqQLvpAe HTTP/1.1" 200 168
190.27.146.83 - - [13/Dec/2014:09:51:29 -0500] "GET /hidrico/aguas%20subterraneas/ HTTP/1.1" 404 1296
190.66.126.187 - - [13/Dec/2014:09:51:32 -0500] "POST /forms/lservlet;jsessionid=ac16012b30d54545927731e64938aa9ee644ecb8fec2.e3iSbxaKaheRe34Sa3yKbhiTahb0n6jAmljGr5XDqQLvpAe HTTP/1.1" 200 327
190.66.126.187 - - [13/Dec/2014:09:51:33 -0500] "POST /forms/lservlet;jsessionid=ac16012b30d54545927731e64938aa9ee644ecb8fec2.e3iSbxaKaheRe34Sa3yKbhiTahb0n6jAmljGr5XDqQLvpAe HTTP/1.1" 200 2
190.66.126.187 - - [13/Dec/2014:09:51:34 -0500] "POST /forms/lservlet;jsessionid=ac16012b30d54545927731e64938aa9ee644ecb8fec2.e3iSbxaKaheRe34Sa3yKbhiTahb0n6jAmljGr5XDqQLvpAe HTTP/1.1" 200 100
190.66.126.187 - - [13/Dec/2014:09:51:35 -0500] "POST /forms/lservlet;jsessionid=ac16012b30d54545927731e64938aa9ee644ecb8fec2.e3iSbxaKaheRe34Sa3yKbhiTahb0n6jAmljGr5XDqQLvpAe HTTP/1.1" 200 342
190.66.126.187 - - [13/Dec/2014:09:51:36 -0500] "POST /forms/lservlet;jsessionid=ac16012b30d54545927731e64938aa9ee644ecb8fec2.e3iSbxaKaheRe34Sa3yKbhiTahb0n6jAmljGr5XDqQLvpAe HTTP/1.1" 200 2
190.66.126.187 - - [13/Dec/2014:09:51:37 -0500] "POST /forms/lservlet;jsessionid=ac16012b30d54545927731e64938aa9ee644ecb8fec2.e3iSbxaKaheRe34Sa3yKbhiTahb0n6jAmljGr5XDqQLvpAe HTTP/1.1" 200 100
190.66.126.187 - - [13/Dec/2014:09:51:38 -0500] "POST /forms/lservlet;jsessionid=ac16012b30d54545927731e64938aa9ee644ecb8fec2.e3iSbxaKaheRe34Sa3yKbhiTahb0n6jAmljGr5XDqQLvpAe HTTP/1.1" 200 7804
190.66.126.187 - - [13/Dec/2014:09:51:38 -0500] "POST /forms/lservlet;jsessionid=ac16012b30d54545927731e64938aa9ee644ecb8fec2.e3iSbxaKaheRe34Sa3yKbhiTahb0n6jAmljGr5XDqQLvpAe HTTP/1.1" 200 2
190.66.126.187 - - [13/Dec/2014:09:51:41 -0500] "POST /forms/lservlet;jsessionid=ac16012b30d54545927731e64938aa9ee644ecb8fec2.e3iSbxaKaheRe34Sa3yKbhiTahb0n6jAmljGr5XDqQLvpAe HTTP/1.1" 200 635
190.66.126.187 - - [13/Dec/2014:09:51:41 -0500] "POST /forms/lservlet;jsessionid=ac16012b30d54545927731e64938aa9ee644ecb8fec2.e3iSbxaKaheRe34Sa3yKbhiTahb0n6jAmljGr5XDqQLvpAe HTTP/1.1" 200 7
190.66.126.187 - - [13/Dec/2014:09:51:41 -0500] "POST /forms/lservlet;jsessionid=ac16012b30d54545927731e64938aa9ee644ecb8fec2.e3iSbxaKaheRe34Sa3yKbhiTahb0n6jAmljGr5XDqQLvpAe HTTP/1.1" 200 478
190.66.126.187 - - [13/Dec/2014:09:51:42 -0500] "POST /forms/lservlet;jsessionid=ac16012b30d54545927731e64938aa9ee644ecb8fec2.e3iSbxaKaheRe34Sa3yKbhiTahb0n6jAmljGr5XDqQLvpAe HTTP/1.1" 200 411
157.55.39.113 - - [13/Dec/2014:09:51:42 -0500] "GET /BLA/resoluciones/AUTOS%202009/1096.pdf HTTP/1.1" 200 87656
190.66.126.187 - - [13/Dec/2014:09:51:42 -0500] "POST /forms/lservlet;jsessionid=ac16012b30d54545927731e64938aa9ee644ecb8fec2.e3iSbxaKaheRe34Sa3yKbhiTahb0n6jAmljGr5XDqQLvpAe HTTP/1.1" 200 367
190.66.126.187 - - [13/Dec/2014:09:51:42 -0500] "POST /forms/lservlet;jsessionid=ac16012b30d54545927731e64938aa9ee644ecb8fec2.e3iSbxaKaheRe34Sa3yKbhiTahb0n6jAmljGr5XDqQLvpAe HTTP/1.1" 200 358
190.66.126.187 - - [13/Dec/2014:09:51:43 -0500] "POST /forms/lservlet;jsessionid=ac16012b30d54545927731e64938aa9ee644ecb8fec2.e3iSbxaKaheRe34Sa3yKbhiTahb0n6jAmljGr5XDqQLvpAe HTTP/1.1" 200 367
190.66.126.187 - - [13/Dec/2014:09:51:43 -0500] "POST /forms/lservlet;jsessionid=ac16012b30d54545927731e64938aa9ee644ecb8fec2.e3iSbxaKaheRe34Sa3yKbhiTahb0n6jAmljGr5XDqQLvpAe HTTP/1.1" 200 338
190.66.126.187 - - [13/Dec/2014:09:51:43 -0500] "POST /forms/lservlet;jsessionid=ac16012b30d54545927731e64938aa9ee644ecb8fec2.e3iSbxaKaheRe34Sa3yKbhiTahb0n6jAmljGr5XDqQLvpAe HTTP/1.1" 200 333
190.66.126.187 - - [13/Dec/2014:09:51:43 -0500] "POST /forms/lservlet;jsessionid=ac16012b30d54545927731e64938aa9ee644ecb8fec2.e3iSbxaKaheRe34Sa3yKbhiTahb0n6jAmljGr5XDqQLvpAe HTTP/1.1" 200 363
190.66.126.187 - - [13/Dec/2014:09:51:43 -0500] "POST /forms/lservlet;jsessionid=ac16012b30d54545927731e64938aa9ee644ecb8fec2.e3iSbxaKaheRe34Sa3yKbhiTahb0n6jAmljGr5XDqQLvpAe HTTP/1.1" 200 352
190.66.126.187 - - [13/Dec/2014:09:51:43 -0500] "POST /forms/lservlet;jsessionid=ac16012b30d54545927731e64938aa9ee644ecb8fec2.e3iSbxaKaheRe34Sa3yKbhiTahb0n6jAmljGr5XDqQLvpAe HTTP/1.1" 200 328
190.66.126.187 - - [13/Dec/2014:09:51:44 -0500] "POST /forms/lservlet;jsessionid=ac16012b30d54545927731e64938aa9ee644ecb8fec2.e3iSbxaKaheRe34Sa3yKbhiTahb0n6jAmljGr5XDqQLvpAe HTTP/1.1" 200 320
190.66.126.187 - - [13/Dec/2014:09:51:44 -0500] "POST /forms/lservlet;jsessionid=ac16012b30d54545927731e64938aa9ee644ecb8fec2.e3iSbxaKaheRe34Sa3yKbhiTahb0n6jAmljGr5XDqQLvpAe HTTP/1.1" 200 353
190.66.126.187 - - [13/Dec/2014:09:51:49 -0500] "POST /forms/lservlet;jsessionid=ac16012b30d54545927731e64938aa9ee644ecb8fec2.e3iSbxaKaheRe34Sa3yKbhiTahb0n6jAmljGr5XDqQLvpAe HTTP/1.1" 200 2
190.66.126.187 - - [13/Dec/2014:09:51:49 -0500] "POST /forms/lservlet;jsessionid=ac16012b30d54545927731e64938aa9ee644ecb8fec2.e3iSbxaKaheRe34Sa3yKbhiTahb0n6jAmljGr5XDqQLvpAe HTTP/1.1" 200 193
190.66.126.187 - - [13/Dec/2014:09:51:49 -0500] "POST /forms/lservlet;jsessionid=ac16012b30d54545927731e64938aa9ee644ecb8fec2.e3iSbxaKaheRe34Sa3yKbhiTahb0n6jAmljGr5XDqQLvpAe HTTP/1.1" 200 12
201.245.192.253 - - [13/Dec/2014:09:51:12 -0500] "GET /BLA/boletinlegal/ HTTP/1.1" 200 49381
201.245.192.253 - - [13/Dec/2014:09:51:51 -0500] "GET /BLA/boletinlegal/images/People.png HTTP/1.1" 304 -
201.245.192.253 - - [13/Dec/2014:09:51:51 -0500] "GET /BLA/boletinlegal/images/img_3.jpg HTTP/1.1" 304 -
201.245.192.253 - - [13/Dec/2014:09:51:51 -0500] "GET /BLA/boletinlegal/images/symbol5.gif HTTP/1.1" 304 -
201.245.192.253 - - [13/Dec/2014:09:51:51 -0500] "GET /BLA/boletinlegal/images/img_1.jpg HTTP/1.1" 304 -
201.245.192.253 - - [13/Dec/2014:09:51:51 -0500] "GET /BLA/boletinlegal/images/group.png HTTP/1.1" 304 -
190.66.126.187 - - [13/Dec/2014:09:51:51 -0500] "POST /forms/lservlet;jsessionid=ac16012b30d54545927731e64938aa9ee644ecb8fec2.e3iSbxaKaheRe34Sa3yKbhiTahb0n6jAmljGr5XDqQLvpAe HTTP/1.1" 200 7
190.66.126.187 - - [13/Dec/2014:09:51:51 -0500] "POST /forms/lservlet;jsessionid=ac16012b30d54545927731e64938aa9ee644ecb8fec2.e3iSbxaKaheRe34Sa3yKbhiTahb0n6jAmljGr5XDqQLvpAe HTTP/1.1" 200 14417
190.66.126.187 - - [13/Dec/2014:09:51:52 -0500] "POST /forms/lservlet;jsessionid=ac16012b30d54545927731e64938aa9ee644ecb8fec2.e3iSbxaKaheRe34Sa3yKbhiTahb0n6jAmljGr5XDqQLvpAe HTTP/1.1" 200 2
190.66.126.187 - - [13/Dec/2014:09:51:52 -0500] "POST /forms/lservlet;jsessionid=ac16012b30d54545927731e64938aa9ee644ecb8fec2.e3iSbxaKaheRe34Sa3yKbhiTahb0n6jAmljGr5XDqQLvpAe HTTP/1.1" 200 34
190.66.126.187 - - [13/Dec/2014:09:51:53 -0500] "POST /forms/lservlet;jsessionid=ac16012b30d54545927731e64938aa9ee644ecb8fec2.e3iSbxaKaheRe34Sa3yKbhiTahb0n6jAmljGr5XDqQLvpAe HTTP/1.1" 200 2
190.66.126.187 - - [13/Dec/2014:09:51:53 -0500] "POST /forms/lservlet;jsessionid=ac16012b30d54545927731e64938aa9ee644ecb8fec2.e3iSbxaKaheRe34Sa3yKbhiTahb0n6jAmljGr5XDqQLvpAe HTTP/1.1" 200 168
190.66.126.187 - - [13/Dec/2014:09:51:56 -0500] "POST /forms/lservlet;jsessionid=ac16012b30d54545927731e64938aa9ee644ecb8fec2.e3iSbxaKaheRe34Sa3yKbhiTahb0n6jAmljGr5XDqQLvpAe HTTP/1.1" 200 7797
180.76.5.190 - - [13/Dec/2014:09:51:56 -0500] "GET /BLA/resoluciones/RESOLUCIONES%202010/0391.pdf HTTP/1.1" 200 119342
190.66.126.187 - - [13/Dec/2014:09:51:56 -0500] "POST /forms/lservlet;jsessionid=ac16012b30d54545927731e64938aa9ee644ecb8fec2.e3iSbxaKaheRe34Sa3yKbhiTahb0n6jAmljGr5XDqQLvpAe HTTP/1.1" 200 2
190.66.126.187 - - [13/Dec/2014:09:51:58 -0500] "POST /forms/lservlet;jsessionid=ac16012b30d54545927731e64938aa9ee644ecb8fec2.e3iSbxaKaheRe34Sa3yKbhiTahb0n6jAmljGr5XDqQLvpAe HTTP/1.1" 200 2
190.66.126.187 - - [13/Dec/2014:09:51:58 -0500] "POST /forms/lservlet;jsessionid=ac16012b30d54545927731e64938aa9ee644ecb8fec2.e3iSbxaKaheRe34Sa3yKbhiTahb0n6jAmljGr5XDqQLvpAe HTTP/1.1" 200 3743
190.66.126.187 - - [13/Dec/2014:09:51:59 -0500] "POST /forms/lservlet;jsessionid=ac16012b30d54545927731e64938aa9ee644ecb8fec2.e3iSbxaKaheRe34Sa3yKbhiTahb0n6jAmljGr5XDqQLvpAe HTTP/1.1" 200 10
190.66.126.187 - - [13/Dec/2014:09:51:59 -0500] "POST /forms/lservlet;jsessionid=ac16012b30d54545927731e64938aa9ee644ecb8fec2.e3iSbxaKaheRe34Sa3yKbhiTahb0n6jAmljGr5XDqQLvpAe HTTP/1.1" 200 2
190.66.126.187 - - [13/Dec/2014:09:51:59 -0500] "POST /forms/lservlet;jsessionid=ac16012b30d54545927731e64938aa9ee644ecb8fec2.e3iSbxaKaheRe34Sa3yKbhiTahb0n6jAmljGr5XDqQLvpAe HTTP/1.1" 200 3455
190.66.126.187 - - [13/Dec/2014:09:52:00 -0500] "POST /forms/lservlet;jsessionid=ac16012b30d54545927731e64938aa9ee644ecb8fec2.e3iSbxaKaheRe34Sa3yKbhiTahb0n6jAmljGr5XDqQLvpAe HTTP/1.1" 200 2
190.66.126.187 - - [13/Dec/2014:09:52:03 -0500] "POST /forms/lservlet;jsessionid=ac16012b30d54545927731e64938aa9ee644ecb8fec2.e3iSbxaKaheRe34Sa3yKbhiTahb0n6jAmljGr5XDqQLvpAe HTTP/1.1" 200 2
190.66.126.187 - - [13/Dec/2014:09:52:03 -0500] "POST /forms/lservlet;jsessionid=ac16012b30d54545927731e64938aa9ee644ecb8fec2.e3iSbxaKaheRe34Sa3yKbhiTahb0n6jAmljGr5XDqQLvpAe HTTP/1.1" 200 3469
190.66.126.187 - - [13/Dec/2014:09:52:03 -0500] "POST /forms/lservlet;jsessionid=ac16012b30d54545927731e64938aa9ee644ecb8fec2.e3iSbxaKaheRe34Sa3yKbhiTahb0n6jAmljGr5XDqQLvpAe HTTP/1.1" 200 2
190.66.126.187 - - [13/Dec/2014:09:52:07 -0500] "POST /forms/lservlet;jsessionid=ac16012b30d54545927731e64938aa9ee644ecb8fec2.e3iSbxaKaheRe34Sa3yKbhiTahb0n6jAmljGr5XDqQLvpAe HTTP/1.1" 200 10
190.66.126.187 - - [13/Dec/2014:09:52:07 -0500] "POST /forms/lservlet;jsessionid=ac16012b30d54545927731e64938aa9ee644ecb8fec2.e3iSbxaKaheRe34Sa3yKbhiTahb0n6jAmljGr5XDqQLvpAe HTTP/1.1" 200 60552
190.66.126.187 - - [13/Dec/2014:09:52:09 -0500] "GET /imagenes/listval.gif HTTP/1.1" 200 905
190.66.126.187 - - [13/Dec/2014:09:52:09 -0500] "POST /forms/lservlet;jsessionid=ac16012b30d54545927731e64938aa9ee644ecb8fec2.e3iSbxaKaheRe34Sa3yKbhiTahb0n6jAmljGr5XDqQLvpAe HTTP/1.1" 200 11
190.66.126.187 - - [13/Dec/2014:09:52:09 -0500] "POST /forms/lservlet;jsessionid=ac16012b30d54545927731e64938aa9ee644ecb8fec2.e3iSbxaKaheRe34Sa3yKbhiTahb0n6jAmljGr5XDqQLvpAe HTTP/1.1" 200 34
201.245.192.253 - - [13/Dec/2014:09:52:11 -0500] "GET /BLA/boletinlegal/consulta_actos.php?tipo=resoluciones&no=0764&usuario=&sector=&fecha=2010&resuelve= HTTP/1.1" 200 623
190.66.126.187 - - [13/Dec/2014:09:52:15 -0500] "POST /forms/lservlet;jsessionid=ac16012b30d54545927731e64938aa9ee644ecb8fec2.e3iSbxaKaheRe34Sa3yKbhiTahb0n6jAmljGr5XDqQLvpAe HTTP/1.1" 200 2
190.66.126.187 - - [13/Dec/2014:09:52:15 -0500] "POST /forms/lservlet;jsessionid=ac16012b30d54545927731e64938aa9ee644ecb8fec2.e3iSbxaKaheRe34Sa3yKbhiTahb0n6jAmljGr5XDqQLvpAe HTTP/1.1" 200 48441
190.66.126.187 - - [13/Dec/2014:09:52:16 -0500] "POST /forms/lservlet;jsessionid=ac16012b30d54545927731e64938aa9ee644ecb8fec2.e3iSbxaKaheRe34Sa3yKbhiTahb0n6jAmljGr5XDqQLvpAe HTTP/1.1" 200 19
157.55.39.217 - - [13/Dec/2014:09:52:16 -0500] "GET /bla/resoluciones/resoluciones%202009/8511.pdf HTTP/1.1" 200 415546
190.66.126.187 - - [13/Dec/2014:09:52:16 -0500] "POST /forms/lservlet;jsessionid=ac16012b30d54545927731e64938aa9ee644ecb8fec2.e3iSbxaKaheRe34Sa3yKbhiTahb0n6jAmljGr5XDqQLvpAe HTTP/1.1" 200 2
190.66.126.187 - - [13/Dec/2014:09:52:17 -0500] "POST /forms/lservlet;jsessionid=ac16012b30d54545927731e64938aa9ee644ecb8fec2.e3iSbxaKaheRe34Sa3yKbhiTahb0n6jAmljGr5XDqQLvpAe HTTP/1.1" 200 45855
190.66.126.187 - - [13/Dec/2014:09:52:17 -0500] "POST /forms/lservlet;jsessionid=ac16012b30d54545927731e64938aa9ee644ecb8fec2.e3iSbxaKaheRe34Sa3yKbhiTahb0n6jAmljGr5XDqQLvpAe HTTP/1.1" 200 19
190.66.126.187 - - [13/Dec/2014:09:52:18 -0500] "POST /forms/lservlet;jsessionid=ac16012b30d54545927731e64938aa9ee644ecb8fec2.e3iSbxaKaheRe34Sa3yKbhiTahb0n6jAmljGr5XDqQLvpAe HTTP/1.1" 200 2
190.66.126.187 - - [13/Dec/2014:09:52:18 -0500] "POST /forms/lservlet;jsessionid=ac16012b30d54545927731e64938aa9ee644ecb8fec2.e3iSbxaKaheRe34Sa3yKbhiTahb0n6jAmljGr5XDqQLvpAe HTTP/1.1" 200 46128
190.66.126.187 - - [13/Dec/2014:09:52:19 -0500] "POST /forms/lservlet;jsessionid=ac16012b30d54545927731e64938aa9ee644ecb8fec2.e3iSbxaKaheRe34Sa3yKbhiTahb0n6jAmljGr5XDqQLvpAe HTTP/1.1" 200 19
190.66.126.187 - - [13/Dec/2014:09:52:20 -0500] "POST /forms/lservlet;jsessionid=ac16012b30d54545927731e64938aa9ee644ecb8fec2.e3iSbxaKaheRe34Sa3yKbhiTahb0n6jAmljGr5XDqQLvpAe HTTP/1.1" 200 7818
190.66.126.187 - - [13/Dec/2014:09:52:20 -0500] "POST /forms/lservlet;jsessionid=ac16012b30d54545927731e64938aa9ee644ecb8fec2.e3iSbxaKaheRe34Sa3yKbhiTahb0n6jAmljGr5XDqQLvpAe HTTP/1.1" 200 2
190.66.126.187 - - [13/Dec/2014:09:52:23 -0500] "POST /forms/lservlet;jsessionid=ac16012b30d54545927731e64938aa9ee644ecb8fec2.e3iSbxaKaheRe34Sa3yKbhiTahb0n6jAmljGr5XDqQLvpAe HTTP/1.1" 200 166
190.66.126.187 - - [13/Dec/2014:09:52:23 -0500] "POST /forms/lservlet;jsessionid=ac16012b30d54545927731e64938aa9ee644ecb8fec2.e3iSbxaKaheRe34Sa3yKbhiTahb0n6jAmljGr5XDqQLvpAe HTTP/1.1" 200 8
201.245.192.253 - - [13/Dec/2014:09:52:23 -0500] "GET /BLA/boletinlegal/consulta_actos.php?tipo=resoluciones&no=1480&usuario=&sector=&fecha=2010&resuelve= HTTP/1.1" 200 1066
190.66.126.187 - - [13/Dec/2014:09:52:23 -0500] "POST /forms/lservlet;jsessionid=ac16012b30d54545927731e64938aa9ee644ecb8fec2.e3iSbxaKaheRe34Sa3yKbhiTahb0n6jAmljGr5XDqQLvpAe HTTP/1.1" 200 2
190.66.126.187 - - [13/Dec/2014:09:52:24 -0500] "POST /forms/lservlet;jsessionid=ac16012b30d54545927731e64938aa9ee644ecb8fec2.e3iSbxaKaheRe34Sa3yKbhiTahb0n6jAmljGr5XDqQLvpAe HTTP/1.1" 200 7
190.66.126.187 - - [13/Dec/2014:09:52:24 -0500] "POST /forms/lservlet;jsessionid=ac16012b30d54545927731e64938aa9ee644ecb8fec2.e3iSbxaKaheRe34Sa3yKbhiTahb0n6jAmljGr5XDqQLvpAe HTTP/1.1" 200 60340
190.66.126.187 - - [13/Dec/2014:09:52:25 -0500] "GET /imagenes/listval.gif HTTP/1.1" 200 905
190.66.126.187 - - [13/Dec/2014:09:52:25 -0500] "POST /forms/lservlet;jsessionid=ac16012b30d54545927731e64938aa9ee644ecb8fec2.e3iSbxaKaheRe34Sa3yKbhiTahb0n6jAmljGr5XDqQLvpAe HTTP/1.1" 200 11
190.66.126.187 - - [13/Dec/2014:09:52:26 -0500] "POST /forms/lservlet;jsessionid=ac16012b30d54545927731e64938aa9ee644ecb8fec2.e3iSbxaKaheRe34Sa3yKbhiTahb0n6jAmljGr5XDqQLvpAe HTTP/1.1" 200 34
190.66.126.187 - - [13/Dec/2014:09:52:27 -0500] "POST /forms/lservlet;jsessionid=ac16012b30d54545927731e64938aa9ee644ecb8fec2.e3iSbxaKaheRe34Sa3yKbhiTahb0n6jAmljGr5XDqQLvpAe HTTP/1.1" 200 2
186.28.104.229 - - [13/Dec/2014:09:52:29 -0500] "GET /videos/Disciplinarios.flv HTTP/1.1" 200 3644983
190.66.126.187 - - [13/Dec/2014:09:52:29 -0500] "POST /forms/lservlet;jsessionid=ac16012b30d54545927731e64938aa9ee644ecb8fec2.e3iSbxaKaheRe34Sa3yKbhiTahb0n6jAmljGr5XDqQLvpAe HTTP/1.1" 200 2
190.66.126.187 - - [13/Dec/2014:09:52:29 -0500] "POST /forms/lservlet;jsessionid=ac16012b30d54545927731e64938aa9ee644ecb8fec2.e3iSbxaKaheRe34Sa3yKbhiTahb0n6jAmljGr5XDqQLvpAe HTTP/1.1" 200 48441
190.66.126.187 - - [13/Dec/2014:09:52:30 -0500] "POST /forms/lservlet;jsessionid=ac16012b30d54545927731e64938aa9ee644ecb8fec2.e3iSbxaKaheRe34Sa3yKbhiTahb0n6jAmljGr5XDqQLvpAe HTTP/1.1" 200 19
190.66.126.187 - - [13/Dec/2014:09:52:30 -0500] "POST /forms/lservlet;jsessionid=ac16012b30d54545927731e64938aa9ee644ecb8fec2.e3iSbxaKaheRe34Sa3yKbhiTahb0n6jAmljGr5XDqQLvpAe HTTP/1.1" 200 2
190.66.126.187 - - [13/Dec/2014:09:52:30 -0500] "POST /forms/lservlet;jsessionid=ac16012b30d54545927731e64938aa9ee644ecb8fec2.e3iSbxaKaheRe34Sa3yKbhiTahb0n6jAmljGr5XDqQLvpAe HTTP/1.1" 200 45855
190.66.126.187 - - [13/Dec/2014:09:52:31 -0500] "POST /forms/lservlet;jsessionid=ac16012b30d54545927731e64938aa9ee644ecb8fec2.e3iSbxaKaheRe34Sa3yKbhiTahb0n6jAmljGr5XDqQLvpAe HTTP/1.1" 200 19
190.66.126.187 - - [13/Dec/2014:09:52:32 -0500] "POST /forms/lservlet;jsessionid=ac16012b30d54545927731e64938aa9ee644ecb8fec2.e3iSbxaKaheRe34Sa3yKbhiTahb0n6jAmljGr5XDqQLvpAe HTTP/1.1" 200 2
190.66.126.187 - - [13/Dec/2014:09:52:32 -0500] "POST /forms/lservlet;jsessionid=ac16012b30d54545927731e64938aa9ee644ecb8fec2.e3iSbxaKaheRe34Sa3yKbhiTahb0n6jAmljGr5XDqQLvpAe HTTP/1.1" 200 46128
201.245.192.253 - - [13/Dec/2014:09:52:33 -0500] "GET /BLA/resoluciones/RESOLUCIONES%202010/1480.pdf HTTP/1.1" 200 321341
190.66.126.187 - - [13/Dec/2014:09:52:36 -0500] "POST /forms/lservlet;jsessionid=ac16012b30d54545927731e64938aa9ee644ecb8fec2.e3iSbxaKaheRe34Sa3yKbhiTahb0n6jAmljGr5XDqQLvpAe HTTP/1.1" 200 19
190.66.126.187 - - [13/Dec/2014:09:52:36 -0500] "POST /forms/lservlet;jsessionid=ac16012b30d54545927731e64938aa9ee644ecb8fec2.e3iSbxaKaheRe34Sa3yKbhiTahb0n6jAmljGr5XDqQLvpAe HTTP/1.1" 200 2
190.66.126.187 - - [13/Dec/2014:09:52:36 -0500] "POST /forms/lservlet;jsessionid=ac16012b30d54545927731e64938aa9ee644ecb8fec2.e3iSbxaKaheRe34Sa3yKbhiTahb0n6jAmljGr5XDqQLvpAe HTTP/1.1" 200 47276
190.66.126.187 - - [13/Dec/2014:09:52:37 -0500] "POST /forms/lservlet;jsessionid=ac16012b30d54545927731e64938aa9ee644ecb8fec2.e3iSbxaKaheRe34Sa3yKbhiTahb0n6jAmljGr5XDqQLvpAe HTTP/1.1" 200 19
190.66.126.187 - - [13/Dec/2014:09:52:37 -0500] "POST /forms/lservlet;jsessionid=ac16012b30d54545927731e64938aa9ee644ecb8fec2.e3iSbxaKaheRe34Sa3yKbhiTahb0n6jAmljGr5XDqQLvpAe HTTP/1.1" 200 2
186.28.104.229 - - [13/Dec/2014:09:52:38 -0500] "GET /BLA/resoluciones/ HTTP/1.1" 200 6952
190.66.126.187 - - [13/Dec/2014:09:52:38 -0500] "POST /forms/lservlet;jsessionid=ac16012b30d54545927731e64938aa9ee644ecb8fec2.e3iSbxaKaheRe34Sa3yKbhiTahb0n6jAmljGr5XDqQLvpAe HTTP/1.1" 200 47812
186.28.104.229 - - [13/Dec/2014:09:52:39 -0500] "GET /BLA/resoluciones/dlf/styles.css HTTP/1.1" 200 3049
186.28.104.229 - - [13/Dec/2014:09:52:39 -0500] "GET /BLA/resoluciones/dlf/folder.png HTTP/1.1" 200 410
190.66.126.187 - - [13/Dec/2014:09:52:39 -0500] "POST /forms/lservlet;jsessionid=ac16012b30d54545927731e64938aa9ee644ecb8fec2.e3iSbxaKaheRe34Sa3yKbhiTahb0n6jAmljGr5XDqQLvpAe HTTP/1.1" 200 19
190.66.126.187 - - [13/Dec/2014:09:52:39 -0500] "POST /forms/lservlet;jsessionid=ac16012b30d54545927731e64938aa9ee644ecb8fec2.e3iSbxaKaheRe34Sa3yKbhiTahb0n6jAmljGr5XDqQLvpAe HTTP/1.1" 200 2
190.66.126.187 - - [13/Dec/2014:09:52:39 -0500] "POST /forms/lservlet;jsessionid=ac16012b30d54545927731e64938aa9ee644ecb8fec2.e3iSbxaKaheRe34Sa3yKbhiTahb0n6jAmljGr5XDqQLvpAe HTTP/1.1" 200 350
190.66.126.187 - - [13/Dec/2014:09:52:39 -0500] "GET /imagenes/open.gif HTTP/1.1" 200 919
186.28.104.229 - - [13/Dec/2014:09:52:39 -0500] "GET /BLA/resoluciones/dlf/bg.gif HTTP/1.1" 200 54
190.66.126.187 - - [13/Dec/2014:09:52:39 -0500] "POST /forms/lservlet;jsessionid=ac16012b30d54545927731e64938aa9ee644ecb8fec2.e3iSbxaKaheRe34Sa3yKbhiTahb0n6jAmljGr5XDqQLvpAe HTTP/1.1" 200 15
66.249.67.123 - - [13/Dec/2014:09:52:41 -0500] "GET /BLA/resoluciones/RESOLUCIONES%202007/RES%202007%201801%20AL%201900/RESOLUCION%201817%20DE%202007.pdf HTTP/1.1" 200 433926
190.66.126.187 - - [13/Dec/2014:09:52:41 -0500] "POST /forms/lservlet;jsessionid=ac16012b30d54545927731e64938aa9ee644ecb8fec2.e3iSbxaKaheRe34Sa3yKbhiTahb0n6jAmljGr5XDqQLvpAe HTTP/1.1" 200 2
190.66.126.187 - - [13/Dec/2014:09:52:41 -0500] "POST /forms/lservlet;jsessionid=ac16012b30d54545927731e64938aa9ee644ecb8fec2.e3iSbxaKaheRe34Sa3yKbhiTahb0n6jAmljGr5XDqQLvpAe HTTP/1.1" 200 48079
190.66.126.187 - - [13/Dec/2014:09:52:42 -0500] "POST /forms/lservlet;jsessionid=ac16012b30d54545927731e64938aa9ee644ecb8fec2.e3iSbxaKaheRe34Sa3yKbhiTahb0n6jAmljGr5XDqQLvpAe HTTP/1.1" 200 11
190.66.126.187 - - [13/Dec/2014:09:52:44 -0500] "POST /forms/lservlet;jsessionid=ac16012b30d54545927731e64938aa9ee644ecb8fec2.e3iSbxaKaheRe34Sa3yKbhiTahb0n6jAmljGr5XDqQLvpAe HTTP/1.1" 200 2
190.66.126.187 - - [13/Dec/2014:09:52:44 -0500] "POST /forms/lservlet;jsessionid=ac16012b30d54545927731e64938aa9ee644ecb8fec2.e3iSbxaKaheRe34Sa3yKbhiTahb0n6jAmljGr5XDqQLvpAe HTTP/1.1" 200 47190
190.66.126.187 - - [13/Dec/2014:09:52:45 -0500] "POST /forms/lservlet;jsessionid=ac16012b30d54545927731e64938aa9ee644ecb8fec2.e3iSbxaKaheRe34Sa3yKbhiTahb0n6jAmljGr5XDqQLvpAe HTTP/1.1" 200 19
180.76.5.23 - - [13/Dec/2014:09:52:48 -0500] "GET /BLA/resoluciones/RESOLUCIONES%202010/2018.pdf HTTP/1.1" 200 337830
190.66.126.187 - - [13/Dec/2014:09:52:49 -0500] "POST /forms/lservlet;jsessionid=ac16012b30d54545927731e64938aa9ee644ecb8fec2.e3iSbxaKaheRe34Sa3yKbhiTahb0n6jAmljGr5XDqQLvpAe HTTP/1.1" 200 7798
190.66.126.187 - - [13/Dec/2014:09:52:50 -0500] "POST /forms/lservlet;jsessionid=ac16012b30d54545927731e64938aa9ee644ecb8fec2.e3iSbxaKaheRe34Sa3yKbhiTahb0n6jAmljGr5XDqQLvpAe HTTP/1.1" 200 2
66.249.67.115 - - [13/Dec/2014:09:52:50 -0500] "GET /BLA/resoluciones/RESOLUCIONES%202010/1814.pdf HTTP/1.1" 200 492311
186.145.197.21 - - [13/Dec/2014:09:52:53 -0500] "GET /BLA/boletinlegal/js/jquery.js HTTP/1.1" 200 57254
186.145.197.21 - - [13/Dec/2014:09:52:53 -0500] "GET /BLA/boletinlegal/js/jquery.scrollShow.js HTTP/1.1" 200 4586
186.145.197.21 - - [13/Dec/2014:09:52:53 -0500] "GET /BLA/boletinlegal/js/jquery.scrollTo-min.js HTTP/1.1" 200 1150
190.66.126.187 - - [13/Dec/2014:09:52:55 -0500] "POST /forms/lservlet;jsessionid=ac16012b30d54545927731e64938aa9ee644ecb8fec2.e3iSbxaKaheRe34Sa3yKbhiTahb0n6jAmljGr5XDqQLvpAe HTTP/1.1" 200 2
190.66.126.187 - - [13/Dec/2014:09:52:55 -0500] "POST /forms/lservlet;jsessionid=ac16012b30d54545927731e64938aa9ee644ecb8fec2.e3iSbxaKaheRe34Sa3yKbhiTahb0n6jAmljGr5XDqQLvpAe HTTP/1.1" 200 2293
190.66.126.187 - - [13/Dec/2014:09:52:55 -0500] "POST /forms/lservlet;jsessionid=ac16012b30d54545927731e64938aa9ee644ecb8fec2.e3iSbxaKaheRe34Sa3yKbhiTahb0n6jAmljGr5XDqQLvpAe HTTP/1.1" 200 10
190.66.126.187 - - [13/Dec/2014:09:52:56 -0500] "POST /forms/lservlet;jsessionid=ac16012b30d54545927731e64938aa9ee644ecb8fec2.e3iSbxaKaheRe34Sa3yKbhiTahb0n6jAmljGr5XDqQLvpAe HTTP/1.1" 200 2
190.66.126.187 - - [13/Dec/2014:09:52:56 -0500] "POST /forms/lservlet;jsessionid=ac16012b30d54545927731e64938aa9ee644ecb8fec2.e3iSbxaKaheRe34Sa3yKbhiTahb0n6jAmljGr5XDqQLvpAe HTTP/1.1" 200 80
190.66.126.187 - - [13/Dec/2014:09:52:56 -0500] "POST /forms/lservlet;jsessionid=ac16012b30d54545927731e64938aa9ee644ecb8fec2.e3iSbxaKaheRe34Sa3yKbhiTahb0n6jAmljGr5XDqQLvpAe HTTP/1.1" 200 7
190.66.126.187 - - [13/Dec/2014:09:52:57 -0500] "POST /forms/lservlet;jsessionid=ac16012b30d54545927731e64938aa9ee644ecb8fec2.e3iSbxaKaheRe34Sa3yKbhiTahb0n6jAmljGr5XDqQLvpAe HTTP/1.1" 200 2
190.66.126.187 - - [13/Dec/2014:09:52:57 -0500] "POST /forms/lservlet;jsessionid=ac16012b30d54545927731e64938aa9ee644ecb8fec2.e3iSbxaKaheRe34Sa3yKbhiTahb0n6jAmljGr5XDqQLvpAe HTTP/1.1" 200 36
190.66.126.187 - - [13/Dec/2014:09:52:57 -0500] "POST /forms/lservlet;jsessionid=ac16012b30d54545927731e64938aa9ee644ecb8fec2.e3iSbxaKaheRe34Sa3yKbhiTahb0n6jAmljGr5XDqQLvpAe HTTP/1.1" 200 7
190.66.126.187 - - [13/Dec/2014:09:52:58 -0500] "POST /forms/lservlet;jsessionid=ac16012b30d54545927731e64938aa9ee644ecb8fec2.e3iSbxaKaheRe34Sa3yKbhiTahb0n6jAmljGr5XDqQLvpAe HTTP/1.1" 200 1997
190.66.126.187 - - [13/Dec/2014:09:52:58 -0500] "POST /forms/lservlet;jsessionid=ac16012b30d54545927731e64938aa9ee644ecb8fec2.e3iSbxaKaheRe34Sa3yKbhiTahb0n6jAmljGr5XDqQLvpAe HTTP/1.1" 200 78
180.76.6.40 - - [13/Dec/2014:09:53:40 -0500] "GET /BLA/resoluciones/RESOLUCIONES%202010/0141.pdf HTTP/1.1" 200 117461
190.27.103.216 - - [13/Dec/2014:09:53:41 -0500] "GET /BLA/boletinlegal/consulta_conceptos.php?no=108&solicitante=&radicado_entrada=&fecha_concepto=2014&objeto= HTTP/1.1" 200 1003
190.27.103.216 - - [13/Dec/2014:09:53:49 -0500] "GET /BLA/boletinlegal/consulta_conceptos.php?no=109&solicitante=&radicado_entrada=&fecha_concepto=2014&objeto= HTTP/1.1" 200 1019
190.84.110.54 - - [13/Dec/2014:09:53:58 -0500] "GET /BLA/boletinlegal/js/jquery.scrollTo-min.js HTTP/1.1" 200 1150
190.84.110.54 - - [13/Dec/2014:09:53:58 -0500] "GET /BLA/boletinlegal/js/jquery.js HTTP/1.1" 200 57254
190.84.110.54 - - [13/Dec/2014:09:53:58 -0500] "GET /BLA/boletinlegal/js/jquery.scrollShow.js HTTP/1.1" 200 4586
190.27.103.216 - - [13/Dec/2014:09:53:59 -0500] "GET /BLA/boletinlegal/consulta_conceptos.php?no=110&solicitante=&radicado_entrada=&fecha_concepto=2014&objeto= HTTP/1.1" 200 919
190.27.103.216 - - [13/Dec/2014:09:54:08 -0500] "GET /BLA/boletinlegal/conceptos/2014/110.pdf HTTP/1.1" 200 386382
190.27.103.216 - - [13/Dec/2014:09:54:09 -0500] "GET /BLA/boletinlegal/conceptos/2014/110.pdf HTTP/1.1" 206 32768
190.27.103.216 - - [13/Dec/2014:09:54:09 -0500] "GET /BLA/boletinlegal/conceptos/2014/110.pdf HTTP/1.1" 206 353614
66.249.67.115 - - [13/Dec/2014:09:54:14 -0500] "GET /BLA/resoluciones/RESOLUCIONES%202008/4275.pdf HTTP/1.1" 200 330489
123.125.71.54 - - [13/Dec/2014:09:54:22 -0500] "GET / HTTP/1.1" 302 -
157.55.39.217 - - [13/Dec/2014:09:54:25 -0500] "GET /bla/resoluciones/resoluciones%202009/2846.pdf HTTP/1.1" 200 298847
190.66.126.187 - - [13/Dec/2014:09:54:27 -0500] "POST /forms/lservlet;jsessionid=ac16012b30d54545927731e64938aa9ee644ecb8fec2.e3iSbxaKaheRe34Sa3yKbhiTahb0n6jAmljGr5XDqQLvpAe HTTP/1.1" 200 2
74.86.158.107 - - [13/Dec/2014:09:54:50 -0500] "HEAD / HTTP/1.1" 302 -
190.27.103.216 - - [13/Dec/2014:09:54:51 -0500] "GET /BLA/boletinlegal/consulta_conceptos.php?no=111&solicitante=&radicado_entrada=&fecha_concepto=2014&objeto= HTTP/1.1" 200 925
190.27.103.216 - - [13/Dec/2014:09:54:56 -0500] "GET /BLA/boletinlegal/consulta_conceptos.php?no=112&solicitante=&radicado_entrada=&fecha_concepto=2014&objeto= HTTP/1.1" 200 1060
191.69.162.103 - - [13/Dec/2014:09:54:56 -0500] "GET /BLA/boletinlegal/js/jquery.js HTTP/1.1" 200 57254
191.69.162.103 - - [13/Dec/2014:09:54:56 -0500] "GET /BLA/boletinlegal/js/jquery.scrollTo-min.js HTTP/1.1" 200 1150
191.69.162.103 - - [13/Dec/2014:09:54:56 -0500] "GET /BLA/boletinlegal/js/jquery.scrollShow.js HTTP/1.1" 200 4586
191.69.162.103 - - [13/Dec/2014:09:54:56 -0500] "GET /galeria/carrusel/Carrusel/jquery.thumbnailScroller.css HTTP/1.1" 200 2066
191.69.162.103 - - [13/Dec/2014:09:54:57 -0500] "GET /galeria/carrusel/Carrusel/jquery-ui-1.8.13.custom.min.js HTTP/1.1" 200 10800
191.69.162.103 - - [13/Dec/2014:09:54:57 -0500] "GET /galeria/carrusel/Carrusel/jquery.thumbnailScroller.js HTTP/1.1" 200 8157
191.69.162.103 - - [13/Dec/2014:09:54:58 -0500] "GET /galeria/nivo-slider/demo/demo.html HTTP/1.1" 200 3252
191.69.162.103 - - [13/Dec/2014:09:54:58 -0500] "GET /galeria/nivo-slider/themes/default/default.css HTTP/1.1" 200 1569
191.69.162.103 - - [13/Dec/2014:09:54:58 -0500] "GET /galeria/nivo-slider/themes/pascal/pascal.css HTTP/1.1" 200 2258
191.69.162.103 - - [13/Dec/2014:09:54:58 -0500] "GET /galeria/nivo-slider/themes/orman/orman.css HTTP/1.1" 200 2152
191.69.162.103 - - [13/Dec/2014:09:54:58 -0500] "GET /galeria/nivo-slider/demo/style.css HTTP/1.1" 200 2222
191.69.162.103 - - [13/Dec/2014:09:54:59 -0500] "GET /galeria/nivo-slider/nivo-slider.css HTTP/1.1" 200 1507
191.69.162.103 - - [13/Dec/2014:09:54:59 -0500] "GET /galeria/nivo-slider/demo/scripts/jquery-1.7.1.min.js HTTP/1.1" 200 93868
191.69.162.103 - - [13/Dec/2014:09:54:59 -0500] "GET /galeria/nivo-slider/jquery.nivo.slider.pack.js HTTP/1.1" 200 11561
191.69.162.103 - - [13/Dec/2014:09:54:59 -0500] "GET /galeria/nivo-slider/demo/images/ecolecta-Dic2014.png HTTP/1.1" 200 288593
191.69.162.103 - - [13/Dec/2014:09:54:59 -0500] "GET /galeria/nivo-slider/demo/images/banner-musgo.jpg HTTP/1.1" 200 49513
191.69.162.103 - - [13/Dec/2014:09:54:59 -0500] "GET /galeria/nivo-slider/demo/images/Jornada-adopcion.jpg HTTP/1.1" 200 79705
191.69.162.103 - - [13/Dec/2014:09:54:59 -0500] "GET /galeria/nivo-slider/demo/images/Banner-GAE3.jpg HTTP/1.1" 200 146354
191.69.162.103 - - [13/Dec/2014:09:54:59 -0500] "GET /galeria/nivo-slider/demo/images/porloshumedales.jpg HTTP/1.1" 200 351238
191.69.162.103 - - [13/Dec/2014:09:54:59 -0500] "GET /galeria/nivo-slider/demo/images/Tingua-azul.jpg HTTP/1.1" 200 307638
191.69.162.103 - - [13/Dec/2014:09:54:59 -0500] "GET /galeria/nivo-slider/demo/images/banner-redes.jpg HTTP/1.1" 200 62209
191.69.162.103 - - [13/Dec/2014:09:54:59 -0500] "GET /galeria/nivo-slider/demo/images/9Signos.jpg HTTP/1.1" 200 93040
191.69.162.103 - - [13/Dec/2014:09:54:59 -0500] "GET /galeria/nivo-slider/demo/images/Banner-Caracol-Africano.jpg HTTP/1.1" 200 331986
191.69.162.103 - - [13/Dec/2014:09:54:59 -0500] "GET /galeria/nivo-slider/demo/images/banner-llantas2.jpg HTTP/1.1" 200 73153
190.27.103.216 - - [13/Dec/2014:09:55:01 -0500] "GET /BLA/boletinlegal/consulta_conceptos.php?no=113&solicitante=&radicado_entrada=&fecha_concepto=2014&objeto= HTTP/1.1" 200 1056
191.69.162.103 - - [13/Dec/2014:09:54:59 -0500] "GET /galeria/nivo-slider/demo/images/banner-caballos.png HTTP/1.1" 200 389106
191.69.162.103 - - [13/Dec/2014:09:55:02 -0500] "GET /galeria/nivo-slider/themes/default/loading.gif HTTP/1.1" 200 1737
191.69.162.103 - - [13/Dec/2014:09:54:59 -0500] "GET /galeria/nivo-slider/demo/images/Hacienda_Molinos.jpg HTTP/1.1" 200 319171
191.69.162.103 - - [13/Dec/2014:09:54:59 -0500] "GET /galeria/nivo-slider/demo/images/4Simple_Slider.png HTTP/1.1" 200 11722
191.69.162.103 - - [13/Dec/2014:09:55:05 -0500] "GET /galeria/nivo-slider/themes/default/arrows.png HTTP/1.1" 200 824
191.69.162.103 - - [13/Dec/2014:09:55:05 -0500] "GET /galeria/nivo-slider/themes/default/bullets.png HTTP/1.1" 200 1281
190.27.103.216 - - [13/Dec/2014:09:55:05 -0500] "GET /BLA/boletinlegal/consulta_conceptos.php?no=114&solicitante=&radicado_entrada=&fecha_concepto=2014&objeto= HTTP/1.1" 200 1087
190.27.103.216 - - [13/Dec/2014:09:55:14 -0500] "GET /BLA/boletinlegal/consulta_conceptos.php?no=115&solicitante=&radicado_entrada=&fecha_concepto=2014&objeto= HTTP/1.1" 200 1129
157.55.39.217 - - [13/Dec/2014:09:55:26 -0500] "GET /BLA/resoluciones/AUTOS%202011/1454.pdf HTTP/1.1" 200 205525
190.27.103.216 - - [13/Dec/2014:09:55:29 -0500] "GET /BLA/boletinlegal/conceptos/2014/115.pdf HTTP/1.1" 200 347519
190.27.103.216 - - [13/Dec/2014:09:55:29 -0500] "GET /BLA/boletinlegal/conceptos/2014/115.pdf HTTP/1.1" 206 32768
190.27.103.216 - - [13/Dec/2014:09:55:30 -0500] "GET /BLA/boletinlegal/conceptos/2014/115.pdf HTTP/1.1" 206 314751
66.249.67.115 - - [13/Dec/2014:09:55:40 -0500] "GET /BLA/resoluciones/RESOLUCIONES%202011/4367.pdf HTTP/1.1" 200 632548
157.55.39.218 - - [13/Dec/2014:09:55:42 -0500] "GET /bla/resoluciones/resoluciones%202010/1377.pdf HTTP/1.1" 200 342998
66.249.67.123 - - [13/Dec/2014:09:55:46 -0500] "GET /BLA/resoluciones/AUTOS%202012/1892.pdf HTTP/1.1" 304 -
190.66.126.187 - - [13/Dec/2014:09:56:27 -0500] "POST /forms/lservlet;jsessionid=ac16012b30d54545927731e64938aa9ee644ecb8fec2.e3iSbxaKaheRe34Sa3yKbhiTahb0n6jAmljGr5XDqQLvpAe HTTP/1.1" 200 2
202.46.50.12 - - [13/Dec/2014:09:56:35 -0500] "GET / HTTP/1.1" 302 -
190.27.103.216 - - [13/Dec/2014:09:56:40 -0500] "GET /BLA/boletinlegal/consulta_conceptos.php?no=116&solicitante=&radicado_entrada=&fecha_concepto=2014&objeto= HTTP/1.1" 200 567
190.27.103.216 - - [13/Dec/2014:09:56:45 -0500] "GET /BLA/boletinlegal/consulta_conceptos.php?no=115&solicitante=&radicado_entrada=&fecha_concepto=2014&objeto= HTTP/1.1" 200 1129
157.55.39.60 - - [13/Dec/2014:09:56:51 -0500] "GET /dama/libreria/php/download/4741empresarios.pdf HTTP/1.1" 404 1019
190.27.103.216 - - [13/Dec/2014:09:56:53 -0500] "GET /BLA/boletinlegal/consulta_conceptos.php?no=116&solicitante=&radicado_entrada=&fecha_concepto=2014&objeto= HTTP/1.1" 200 567
190.27.103.216 - - [13/Dec/2014:09:56:56 -0500] "GET /BLA/boletinlegal/consulta_conceptos.php?no=117&solicitante=&radicado_entrada=&fecha_concepto=2014&objeto= HTTP/1.1" 200 1009
190.27.103.216 - - [13/Dec/2014:09:57:03 -0500] "GET /BLA/boletinlegal/consulta_conceptos.php?no=118&solicitante=&radicado_entrada=&fecha_concepto=2014&objeto= HTTP/1.1" 200 1175
190.27.200.157 - - [13/Dec/2014:09:57:03 -0500] "GET /galeria/nivo-slider/demo/demo.html HTTP/1.1" 200 3252
190.27.200.157 - - [13/Dec/2014:09:57:04 -0500] "GET /galeria/nivo-slider/demo/images/ecolecta-Dic2014.png HTTP/1.1" 200 288593
190.27.200.157 - - [13/Dec/2014:09:57:04 -0500] "GET /galeria/nivo-slider/demo/images/banner-musgo.jpg HTTP/1.1" 304 -
190.27.200.157 - - [13/Dec/2014:09:57:04 -0500] "GET /galeria/nivo-slider/demo/images/Jornada-adopcion.jpg HTTP/1.1" 304 -
190.27.200.157 - - [13/Dec/2014:09:57:04 -0500] "GET /galeria/nivo-slider/demo/images/Banner-GAE3.jpg HTTP/1.1" 304 -
190.27.200.157 - - [13/Dec/2014:09:57:04 -0500] "GET /galeria/nivo-slider/demo/images/9Signos.jpg HTTP/1.1" 304 -
190.27.200.157 - - [13/Dec/2014:09:57:04 -0500] "GET /galeria/nivo-slider/demo/images/banner-llantas2.jpg HTTP/1.1" 200 73153
157.55.39.13 - - [13/Dec/2014:09:57:07 -0500] "GET /BLA/resoluciones/AUTOS%202011/4291.pdf HTTP/1.1" 200 260813
190.27.103.216 - - [13/Dec/2014:09:57:09 -0500] "GET /BLA/boletinlegal/consulta_conceptos.php?no=119&solicitante=&radicado_entrada=&fecha_concepto=2014&objeto= HTTP/1.1" 200 1118
190.131.198.84 - - [13/Dec/2014:09:57:14 -0500] "GET /BLA/boletinlegal/js/jquery.scrollTo-min.js HTTP/1.1" 200 1150
190.131.198.84 - - [13/Dec/2014:09:57:14 -0500] "GET /BLA/boletinlegal/js/jquery.scrollShow.js HTTP/1.1" 200 4586
190.131.198.84 - - [13/Dec/2014:09:57:14 -0500] "GET /BLA/boletinlegal/js/jquery.js HTTP/1.1" 200 57254
190.131.198.84 - - [13/Dec/2014:09:57:14 -0500] "GET /galeria/carrusel/Carrusel/jquery.thumbnailScroller.css HTTP/1.1" 200 2066
190.131.198.84 - - [13/Dec/2014:09:57:14 -0500] "GET /galeria/carrusel/Carrusel/jquery-ui-1.8.13.custom.min.js HTTP/1.1" 200 10800
190.131.198.84 - - [13/Dec/2014:09:57:14 -0500] "GET /galeria/carrusel/Carrusel/jquery.thumbnailScroller.js HTTP/1.1" 200 8157
190.131.198.84 - - [13/Dec/2014:09:57:15 -0500] "GET /galeria/nivo-slider/demo/demo.html HTTP/1.1" 200 3252
190.131.198.84 - - [13/Dec/2014:09:57:15 -0500] "GET /galeria/nivo-slider/themes/default/default.css HTTP/1.1" 200 1569
190.131.198.84 - - [13/Dec/2014:09:57:15 -0500] "GET /galeria/nivo-slider/themes/pascal/pascal.css HTTP/1.1" 200 2258
190.131.198.84 - - [13/Dec/2014:09:57:15 -0500] "GET /galeria/nivo-slider/nivo-slider.css HTTP/1.1" 200 1507
190.131.198.84 - - [13/Dec/2014:09:57:15 -0500] "GET /galeria/nivo-slider/themes/orman/orman.css HTTP/1.1" 200 2152
190.131.198.84 - - [13/Dec/2014:09:57:15 -0500] "GET /galeria/nivo-slider/demo/style.css HTTP/1.1" 200 2222
190.131.198.84 - - [13/Dec/2014:09:57:15 -0500] "GET /galeria/nivo-slider/demo/scripts/jquery-1.7.1.min.js HTTP/1.1" 200 93868
190.131.198.84 - - [13/Dec/2014:09:57:15 -0500] "GET /galeria/nivo-slider/jquery.nivo.slider.pack.js HTTP/1.1" 200 11561
190.131.198.84 - - [13/Dec/2014:09:57:15 -0500] "GET /galeria/nivo-slider/demo/images/ecolecta-Dic2014.png HTTP/1.1" 200 288593
190.131.198.84 - - [13/Dec/2014:09:57:15 -0500] "GET /galeria/nivo-slider/demo/images/banner-musgo.jpg HTTP/1.1" 200 49513
190.131.198.84 - - [13/Dec/2014:09:57:15 -0500] "GET /galeria/nivo-slider/themes/default/loading.gif HTTP/1.1" 200 1737
190.131.198.84 - - [13/Dec/2014:09:57:15 -0500] "GET /galeria/nivo-slider/demo/images/4Simple_Slider.png HTTP/1.1" 200 11722
190.131.198.84 - - [13/Dec/2014:09:57:15 -0500] "GET /galeria/nivo-slider/demo/images/Jornada-adopcion.jpg HTTP/1.1" 200 79705
190.131.198.84 - - [13/Dec/2014:09:57:15 -0500] "GET /galeria/nivo-slider/demo/images/Banner-GAE3.jpg HTTP/1.1" 200 146354
190.131.198.84 - - [13/Dec/2014:09:57:15 -0500] "GET /galeria/nivo-slider/demo/images/porloshumedales.jpg HTTP/1.1" 200 351238
190.131.198.84 - - [13/Dec/2014:09:57:15 -0500] "GET /galeria/nivo-slider/demo/images/Tingua-azul.jpg HTTP/1.1" 200 307638
190.131.198.84 - - [13/Dec/2014:09:57:15 -0500] "GET /galeria/nivo-slider/demo/images/Banner-Caracol-Africano.jpg HTTP/1.1" 200 331986
190.131.198.84 - - [13/Dec/2014:09:57:15 -0500] "GET /galeria/nivo-slider/demo/images/banner-redes.jpg HTTP/1.1" 200 62209
190.131.198.84 - - [13/Dec/2014:09:57:15 -0500] "GET /galeria/nivo-slider/demo/images/9Signos.jpg HTTP/1.1" 200 93040
190.131.198.84 - - [13/Dec/2014:09:57:15 -0500] "GET /galeria/nivo-slider/demo/images/banner-llantas2.jpg HTTP/1.1" 200 73153
190.131.198.84 - - [13/Dec/2014:09:57:16 -0500] "GET /videos/Spot_CambioClimatico.flv HTTP/1.1" 200 4371917
190.131.198.84 - - [13/Dec/2014:09:57:16 -0500] "GET /galeria/nivo-slider/demo/images/banner-caballos.png HTTP/1.1" 200 389106
190.131.198.84 - - [13/Dec/2014:09:57:17 -0500] "GET /galeria/nivo-slider/demo/images/Hacienda_Molinos.jpg HTTP/1.1" 200 319171
190.131.198.84 - - [13/Dec/2014:09:57:17 -0500] "GET /galeria/nivo-slider/themes/default/arrows.png HTTP/1.1" 200 824
190.131.198.84 - - [13/Dec/2014:09:57:17 -0500] "GET /galeria/nivo-slider/themes/default/bullets.png HTTP/1.1" 200 1281
190.27.103.216 - - [13/Dec/2014:09:57:19 -0500] "GET /BLA/boletinlegal/consulta_conceptos.php?no=120&solicitante=&radicado_entrada=&fecha_concepto=2014&objeto= HTTP/1.1" 200 999
66.249.67.131 - - [13/Dec/2014:09:57:19 -0500] "GET /BLA/resoluciones/RESOLUCIONES%202008/2813.pdf HTTP/1.1" 200 251371
119.63.193.196 - - [13/Dec/2014:09:57:20 -0500] "GET / HTTP/1.1" 302 -
190.27.103.216 - - [13/Dec/2014:09:57:23 -0500] "GET /BLA/boletinlegal/consulta_conceptos.php?no=121&solicitante=&radicado_entrada=&fecha_concepto=2014&objeto= HTTP/1.1" 200 1135
190.27.103.216 - - [13/Dec/2014:09:57:31 -0500] "GET /BLA/boletinlegal/consulta_conceptos.php?no=122&solicitante=&radicado_entrada=&fecha_concepto=2014&objeto= HTTP/1.1" 200 1077
201.245.192.253 - - [13/Dec/2014:09:57:36 -0500] "GET /galeria/nivo-slider/demo/demo.html HTTP/1.1" 304 -
201.245.192.253 - - [13/Dec/2014:09:57:36 -0500] "GET /galeria/nivo-slider/demo/images/banner-musgo.jpg HTTP/1.1" 304 -
201.245.192.253 - - [13/Dec/2014:09:57:36 -0500] "GET /galeria/nivo-slider/demo/images/ecolecta-Dic2014.png HTTP/1.1" 304 -
201.245.192.253 - - [13/Dec/2014:09:57:36 -0500] "GET /galeria/nivo-slider/demo/images/Jornada-adopcion.jpg HTTP/1.1" 304 -
201.245.192.253 - - [13/Dec/2014:09:57:36 -0500] "GET /galeria/nivo-slider/demo/images/Banner-GAE3.jpg HTTP/1.1" 304 -
