186.85.199.38 - - [13/Dec/2014:15:38:07 -0500] "GET /galeria/nivo-slider/demo/images/Hacienda_Molinos.jpg HTTP/1.1" 200 319171
181.61.77.168 - - [13/Dec/2014:15:38:08 -0500] "GET /galeria/nivo-slider/themes/default/default.css HTTP/1.1" 200 1569
181.61.77.168 - - [13/Dec/2014:15:38:08 -0500] "GET /galeria/nivo-slider/themes/orman/orman.css HTTP/1.1" 200 2152
181.61.77.168 - - [13/Dec/2014:15:38:08 -0500] "GET /galeria/nivo-slider/themes/pascal/pascal.css HTTP/1.1" 200 2258
181.61.77.168 - - [13/Dec/2014:15:38:08 -0500] "GET /galeria/nivo-slider/nivo-slider.css HTTP/1.1" 200 1507
181.61.77.168 - - [13/Dec/2014:15:38:08 -0500] "GET /galeria/nivo-slider/demo/style.css HTTP/1.1" 200 2222
66.249.67.83 - - [13/Dec/2014:15:38:08 -0500] "GET /BLA/resoluciones/Autos%202008/0717.pdf HTTP/1.1" 200 157218
181.61.77.168 - - [13/Dec/2014:15:38:08 -0500] "GET /galeria/nivo-slider/demo/images/ecolecta-Dic2014.png HTTP/1.1" 200 288593
186.85.199.38 - - [13/Dec/2014:15:38:09 -0500] "GET /galeria/nivo-slider/themes/default/arrows.png HTTP/1.1" 200 824
186.85.199.38 - - [13/Dec/2014:15:38:09 -0500] "GET /galeria/nivo-slider/themes/default/bullets.png HTTP/1.1" 200 1281
181.61.77.168 - - [13/Dec/2014:15:38:09 -0500] "GET /galeria/nivo-slider/demo/images/banner-musgo.jpg HTTP/1.1" 200 49513
181.61.77.168 - - [13/Dec/2014:15:38:09 -0500] "GET /galeria/nivo-slider/demo/images/Banner-GAE3.jpg HTTP/1.1" 200 146354
181.61.77.168 - - [13/Dec/2014:15:38:09 -0500] "GET /galeria/nivo-slider/demo/images/Jornada-adopcion.jpg HTTP/1.1" 200 79705
181.61.77.168 - - [13/Dec/2014:15:38:09 -0500] "GET /galeria/nivo-slider/demo/images/porloshumedales.jpg HTTP/1.1" 200 351238
181.61.77.168 - - [13/Dec/2014:15:38:09 -0500] "GET /galeria/nivo-slider/demo/images/Tingua-azul.jpg HTTP/1.1" 200 307638
181.61.77.168 - - [13/Dec/2014:15:38:13 -0500] "GET /galeria/nivo-slider/demo/images/Banner-Caracol-Africano.jpg HTTP/1.1" 200 331986
181.61.77.168 - - [13/Dec/2014:15:38:13 -0500] "GET /galeria/nivo-slider/demo/images/banner-redes.jpg HTTP/1.1" 200 62209
181.61.77.168 - - [13/Dec/2014:15:38:16 -0500] "GET /galeria/nivo-slider/demo/images/9Signos.jpg HTTP/1.1" 200 93040
181.61.77.168 - - [13/Dec/2014:15:38:16 -0500] "GET /galeria/nivo-slider/demo/images/banner-llantas2.jpg HTTP/1.1" 200 73153
181.61.77.168 - - [13/Dec/2014:15:38:16 -0500] "GET /galeria/nivo-slider/demo/images/banner-caballos.png HTTP/1.1" 200 389106
181.61.77.168 - - [13/Dec/2014:15:38:18 -0500] "GET /galeria/nivo-slider/demo/images/Hacienda_Molinos.jpg HTTP/1.1" 200 319171
181.61.77.168 - - [13/Dec/2014:15:38:20 -0500] "GET /galeria/nivo-slider/demo/scripts/jquery-1.7.1.min.js HTTP/1.1" 200 93868
181.61.77.168 - - [13/Dec/2014:15:38:20 -0500] "GET /galeria/nivo-slider/jquery.nivo.slider.pack.js HTTP/1.1" 200 11561
181.61.77.168 - - [13/Dec/2014:15:38:24 -0500] "GET /galeria/nivo-slider/demo/images/4Simple_Slider.png HTTP/1.1" 200 11722
181.61.77.168 - - [13/Dec/2014:15:38:25 -0500] "GET /galeria/nivo-slider/themes/default/loading.gif HTTP/1.1" 200 1737
181.61.77.168 - - [13/Dec/2014:15:38:30 -0500] "GET /galeria/nivo-slider/themes/default/arrows.png HTTP/1.1" 200 824
181.61.77.168 - - [13/Dec/2014:15:38:30 -0500] "GET /galeria/nivo-slider/themes/default/bullets.png HTTP/1.1" 200 1281
201.245.192.253 - - [13/Dec/2014:15:38:35 -0500] "GET /BLA/resoluciones/ HTTP/1.1" 200 6952
66.249.67.67 - - [13/Dec/2014:15:38:38 -0500] "GET /BLA/resoluciones/RESOLUCIONES%202009/6843.pdf HTTP/1.1" 200 364426
201.245.192.253 - - [13/Dec/2014:15:38:39 -0500] "GET /BLA/resoluciones/index.php?dir=RESOLUCIONES+2007%2F HTTP/1.1" 200 12504
66.249.67.75 - - [13/Dec/2014:15:38:40 -0500] "GET /BLA/resoluciones/RESOLUCIONES%202002/RES%202002%20151-200/2002RES199.tif HTTP/1.1" 200 73992
186.85.199.38 - - [13/Dec/2014:15:38:40 -0500] "GET /videos/Spot_CambioClimatico.flv HTTP/1.1" 200 4371917
201.245.192.253 - - [13/Dec/2014:15:38:48 -0500] "GET /BLA/resoluciones/index.php?dir=RESOLUCIONES+2005%2FRES+2005+3101-3150%2F HTTP/1.1" 200 12367
201.245.192.253 - - [13/Dec/2014:15:38:55 -0500] "GET /BLA/resoluciones/RESOLUCIONES%202005/RES%202005%203101-3150/00003103.tif HTTP/1.1" 200 153006
201.245.192.253 - - [13/Dec/2014:15:39:21 -0500] "GET /BLA/resoluciones/index.php?dir=RESOLUCIONES+2007%2FRES+2007+2101+AL+2200%2F HTTP/1.1" 200 26871
201.245.192.253 - - [13/Dec/2014:15:39:33 -0500] "GET /BLA/resoluciones/RESOLUCIONES%202007/RES%202007%202101%20AL%202200/RESOLUCION%202167%20DE%202007.pdf HTTP/1.1" 200 949559
66.249.67.67 - - [13/Dec/2014:15:39:33 -0500] "GET /BLA/resoluciones/RESOLUCIONES%202009/8910.pdf HTTP/1.1" 200 287265
157.55.39.240 - - [13/Dec/2014:15:39:33 -0500] "GET /BLA/resoluciones/AUTOS%202011/4826.pdf HTTP/1.1" 200 223239
181.136.148.59 - - [13/Dec/2014:15:39:36 -0500] "GET /BLA/boletinlegal/js/jquery.js HTTP/1.1" 200 57254
181.136.148.59 - - [13/Dec/2014:15:39:36 -0500] "GET /BLA/boletinlegal/js/jquery.scrollShow.js HTTP/1.1" 200 4586
181.136.148.59 - - [13/Dec/2014:15:39:36 -0500] "GET /BLA/boletinlegal/js/jquery.scrollTo-min.js HTTP/1.1" 200 1150
181.54.57.138 - - [13/Dec/2014:15:39:38 -0500] "POST /forms/lservlet;jsessionid=ac16012b30d5b6e45f3242ea4ae4823ecfd278d76972.e3iSbxaKaheRe34Sa3yKbhiTahb0n6jAmljGr5XDqQLvpAe HTTP/1.1" 200 2
74.86.158.107 - - [13/Dec/2014:15:39:50 -0500] "HEAD / HTTP/1.1" 302 -
66.249.67.67 - - [13/Dec/2014:15:40:02 -0500] "GET /BLA/resoluciones/RESOLUCIONES%202008/2121.pdf HTTP/1.1" 200 579017
66.249.67.83 - - [13/Dec/2014:15:40:15 -0500] "GET /BLA/resoluciones/Autos%202008/1717.pdf HTTP/1.1" 200 93283
66.249.67.75 - - [13/Dec/2014:15:40:57 -0500] "GET /hidrico/aguas%20subterraneas/Cartograf%C3%83%C2%ACa_Final_2013/Balance%20H%C3%83%C2%ADdrico/Recarga%20Potencial%20Promedio%20Anual.pdf HTTP/1.1" 404 1018
66.249.67.67 - - [13/Dec/2014:15:41:06 -0500] "GET /BLA/resoluciones/RESOLUCIONES%202011/0628.pdf HTTP/1.1" 200 333977
186.30.200.35 - - [13/Dec/2014:15:41:25 -0500] "GET /BLA/resoluciones/RESOLUCIONES%202009/3729.pdf HTTP/1.1" 200 518421
186.30.200.35 - - [13/Dec/2014:15:41:25 -0500] "GET /BLA/resoluciones/RESOLUCIONES%202009/3729.pdf HTTP/1.1" 206 32768
186.30.200.35 - - [13/Dec/2014:15:41:26 -0500] "GET /BLA/resoluciones/RESOLUCIONES%202009/3729.pdf HTTP/1.1" 206 485653
66.249.67.67 - - [13/Dec/2014:15:41:28 -0500] "GET /BLA/resoluciones/RESOLUCIONES%202007/RES%202007%202901%20AL%203000/RESOLUCION%202986%20DE%202007.pdf HTTP/1.1" 304 -
186.30.200.35 - - [13/Dec/2014:15:41:29 -0500] "GET /favicon.ico HTTP/1.1" 200 7782
157.55.39.217 - - [13/Dec/2014:15:41:36 -0500] "GET /BLA/resoluciones/Resoluciones%202011/1677.pdf HTTP/1.1" 200 74671
181.54.57.138 - - [13/Dec/2014:15:41:38 -0500] "POST /forms/lservlet;jsessionid=ac16012b30d5b6e45f3242ea4ae4823ecfd278d76972.e3iSbxaKaheRe34Sa3yKbhiTahb0n6jAmljGr5XDqQLvpAe HTTP/1.1" 200 2
201.245.192.253 - - [13/Dec/2014:15:42:00 -0500] "GET /BLA/boletinlegal/js/jquery.js HTTP/1.1" 304 -
201.245.192.253 - - [13/Dec/2014:15:42:00 -0500] "GET /BLA/boletinlegal/js/jquery.scrollTo-min.js HTTP/1.1" 304 -
201.245.192.253 - - [13/Dec/2014:15:42:00 -0500] "GET /BLA/boletinlegal/js/jquery.scrollShow.js HTTP/1.1" 304 -
201.245.192.253 - - [13/Dec/2014:15:42:00 -0500] "GET /galeria/nivo-slider/demo/demo.html HTTP/1.1" 304 -
201.245.192.253 - - [13/Dec/2014:15:42:00 -0500] "GET /galeria/nivo-slider/demo/images/banner-musgo.jpg HTTP/1.1" 304 -
201.245.192.253 - - [13/Dec/2014:15:42:00 -0500] "GET /galeria/nivo-slider/demo/images/ecolecta-Dic2014.png HTTP/1.1" 304 -
201.245.192.253 - - [13/Dec/2014:15:42:00 -0500] "GET /galeria/nivo-slider/themes/default/default.css HTTP/1.1" 304 -
201.245.192.253 - - [13/Dec/2014:15:42:00 -0500] "GET /galeria/nivo-slider/demo/images/Jornada-adopcion.jpg HTTP/1.1" 304 -
201.245.192.253 - - [13/Dec/2014:15:42:00 -0500] "GET /galeria/nivo-slider/demo/images/Banner-GAE3.jpg HTTP/1.1" 304 -
201.245.192.253 - - [13/Dec/2014:15:42:00 -0500] "GET /galeria/nivo-slider/themes/pascal/pascal.css HTTP/1.1" 304 -
201.245.192.253 - - [13/Dec/2014:15:42:00 -0500] "GET /galeria/nivo-slider/nivo-slider.css HTTP/1.1" 304 -
201.245.192.253 - - [13/Dec/2014:15:42:00 -0500] "GET /galeria/nivo-slider/themes/orman/orman.css HTTP/1.1" 304 -
201.245.192.253 - - [13/Dec/2014:15:42:00 -0500] "GET /galeria/nivo-slider/demo/style.css HTTP/1.1" 304 -
201.245.192.253 - - [13/Dec/2014:15:42:00 -0500] "GET /galeria/nivo-slider/demo/images/porloshumedales.jpg HTTP/1.1" 304 -
201.245.192.253 - - [13/Dec/2014:15:42:00 -0500] "GET /galeria/nivo-slider/demo/images/Tingua-azul.jpg HTTP/1.1" 304 -
201.245.192.253 - - [13/Dec/2014:15:42:00 -0500] "GET /galeria/nivo-slider/demo/images/Banner-Caracol-Africano.jpg HTTP/1.1" 304 -
201.245.192.253 - - [13/Dec/2014:15:42:00 -0500] "GET /galeria/nivo-slider/demo/images/banner-redes.jpg HTTP/1.1" 304 -
201.245.192.253 - - [13/Dec/2014:15:42:00 -0500] "GET /galeria/nivo-slider/demo/images/9Signos.jpg HTTP/1.1" 304 -
201.245.192.253 - - [13/Dec/2014:15:42:00 -0500] "GET /galeria/nivo-slider/demo/images/banner-caballos.png HTTP/1.1" 304 -
201.245.192.253 - - [13/Dec/2014:15:42:00 -0500] "GET /galeria/nivo-slider/demo/images/Hacienda_Molinos.jpg HTTP/1.1" 304 -
201.245.192.253 - - [13/Dec/2014:15:42:00 -0500] "GET /galeria/nivo-slider/demo/scripts/jquery-1.7.1.min.js HTTP/1.1" 304 -
201.245.192.253 - - [13/Dec/2014:15:42:00 -0500] "GET /galeria/nivo-slider/jquery.nivo.slider.pack.js HTTP/1.1" 304 -
201.245.192.253 - - [13/Dec/2014:15:42:00 -0500] "GET /galeria/nivo-slider/themes/default/loading.gif HTTP/1.1" 304 -
201.245.192.253 - - [13/Dec/2014:15:42:00 -0500] "GET /galeria/nivo-slider/demo/images/4Simple_Slider.png HTTP/1.1" 304 -
201.245.192.253 - - [13/Dec/2014:15:42:00 -0500] "GET /galeria/nivo-slider/themes/default/arrows.png HTTP/1.1" 304 -
201.245.192.253 - - [13/Dec/2014:15:42:00 -0500] "GET /galeria/nivo-slider/themes/default/bullets.png HTTP/1.1" 304 -
201.245.192.253 - - [13/Dec/2014:15:42:03 -0500] "GET /videos/Spot_CambioClimatico.flv HTTP/1.1" 304 -
157.55.39.113 - - [13/Dec/2014:15:42:31 -0500] "GET /BLA/resoluciones/RESOLUCIONES%202008/1679.pdf HTTP/1.1" 200 69481
66.249.67.67 - - [13/Dec/2014:15:42:39 -0500] "GET /BLA/resoluciones/AUTOS%202012/0663.pdf HTTP/1.1" 200 454018
72.26.183.5 - - [13/Dec/2014:15:43:00 -0500] "GET /webdav/x32.php?host=73.200.6.80&time=60&port=80 HTTP/1.1" 404 1018
157.55.39.13 - - [13/Dec/2014:15:43:04 -0500] "GET /BLA/images/screen_2.png HTTP/1.1" 404 1018
190.157.173.105 - - [13/Dec/2014:15:43:04 -0500] "GET /galeria/nivo-slider/demo/images/Tingua-azul.jpg HTTP/1.1" 200 307638
66.249.67.83 - - [13/Dec/2014:15:43:06 -0500] "GET /BLA/resoluciones/RESOLUCIONES%202002/RES%202002%2051-100/2002RES73.tif HTTP/1.1" 200 71052
157.55.39.113 - - [13/Dec/2014:15:43:11 -0500] "GET /BLA/resoluciones/RESOLUCIONES%202008/1679.pdf HTTP/1.1" 200 69481
157.55.39.240 - - [13/Dec/2014:15:43:38 -0500] "GET /bla/resoluciones/resoluciones%202010/5690.pdf HTTP/1.1" 200 69755
181.54.57.138 - - [13/Dec/2014:15:43:38 -0500] "POST /forms/lservlet;jsessionid=ac16012b30d5b6e45f3242ea4ae4823ecfd278d76972.e3iSbxaKaheRe34Sa3yKbhiTahb0n6jAmljGr5XDqQLvpAe HTTP/1.1" 200 2
66.249.67.119 - - [13/Dec/2014:15:44:12 -0500] "GET /portalsiaccapacitaciones/Listas%20de%20Asistencia%202013/Lista%20de%20Asistencia%20Capacitaci%C3%B3n%20Eficiencia%20En%C3%A9rgetica%2004-07-2013.pdf HTTP/1.1" 200 1559198
66.249.67.75 - - [13/Dec/2014:15:44:19 -0500] "GET /BLA/resoluciones/AUTOS%202011/0197.pdf HTTP/1.1" 304 -
157.55.39.240 - - [13/Dec/2014:15:44:25 -0500] "GET /bla/resoluciones/resoluciones%202009/9084.pdf HTTP/1.1" 200 238255
74.86.158.107 - - [13/Dec/2014:15:44:50 -0500] "HEAD / HTTP/1.1" 302 -
201.184.143.176 - - [13/Dec/2014:15:45:00 -0500] "GET /BLA/boletinlegal/js/jquery.js HTTP/1.1" 200 57254
201.184.143.176 - - [13/Dec/2014:15:45:00 -0500] "GET /BLA/boletinlegal/js/jquery.scrollTo-min.js HTTP/1.1" 200 1150
201.184.143.176 - - [13/Dec/2014:15:45:00 -0500] "GET /BLA/boletinlegal/js/jquery.scrollShow.js HTTP/1.1" 200 4586
201.184.143.176 - - [13/Dec/2014:15:45:00 -0500] "GET /galeria/carrusel/Carrusel/jquery.thumbnailScroller.css HTTP/1.1" 200 2066
201.184.143.176 - - [13/Dec/2014:15:45:00 -0500] "GET /galeria/carrusel/Carrusel/jquery-ui-1.8.13.custom.min.js HTTP/1.1" 200 10800
201.184.143.176 - - [13/Dec/2014:15:45:00 -0500] "GET /galeria/carrusel/Carrusel/jquery.thumbnailScroller.js HTTP/1.1" 200 8157
201.184.143.176 - - [13/Dec/2014:15:45:01 -0500] "GET /galeria/nivo-slider/demo/demo.html HTTP/1.1" 200 3252
201.184.143.176 - - [13/Dec/2014:15:45:01 -0500] "GET /galeria/nivo-slider/themes/default/default.css HTTP/1.1" 200 1569
201.184.143.176 - - [13/Dec/2014:15:45:01 -0500] "GET /galeria/nivo-slider/themes/pascal/pascal.css HTTP/1.1" 200 2258
201.184.143.176 - - [13/Dec/2014:15:45:01 -0500] "GET /galeria/nivo-slider/themes/orman/orman.css HTTP/1.1" 200 2152
201.184.143.176 - - [13/Dec/2014:15:45:01 -0500] "GET /galeria/nivo-slider/nivo-slider.css HTTP/1.1" 200 1507
201.184.143.176 - - [13/Dec/2014:15:45:01 -0500] "GET /galeria/nivo-slider/demo/style.css HTTP/1.1" 200 2222
201.184.143.176 - - [13/Dec/2014:15:45:01 -0500] "GET /galeria/nivo-slider/demo/images/4Simple_Slider.png HTTP/1.1" 200 11722
201.184.143.176 - - [13/Dec/2014:15:45:01 -0500] "GET /galeria/nivo-slider/themes/default/loading.gif HTTP/1.1" 200 1737
190.131.196.79 - - [13/Dec/2014:15:45:01 -0500] "GET /videos/Spot_CambioClimatico.flv HTTP/1.1" 200 4371917
201.184.143.176 - - [13/Dec/2014:15:45:02 -0500] "GET /galeria/nivo-slider/demo/scripts/jquery-1.7.1.min.js HTTP/1.1" 200 93868
201.184.143.176 - - [13/Dec/2014:15:45:02 -0500] "GET /galeria/nivo-slider/jquery.nivo.slider.pack.js HTTP/1.1" 200 11561
201.184.143.176 - - [13/Dec/2014:15:45:02 -0500] "GET /galeria/nivo-slider/demo/images/ecolecta-Dic2014.png HTTP/1.1" 200 288593
201.184.143.176 - - [13/Dec/2014:15:45:02 -0500] "GET /galeria/nivo-slider/demo/images/banner-musgo.jpg HTTP/1.1" 200 49513
201.184.143.176 - - [13/Dec/2014:15:45:02 -0500] "GET /galeria/nivo-slider/demo/images/Jornada-adopcion.jpg HTTP/1.1" 200 79705
201.184.143.176 - - [13/Dec/2014:15:45:03 -0500] "GET /galeria/nivo-slider/demo/images/Banner-GAE3.jpg HTTP/1.1" 200 146354
201.184.143.176 - - [13/Dec/2014:15:45:03 -0500] "GET /galeria/nivo-slider/demo/images/porloshumedales.jpg HTTP/1.1" 200 351238
201.184.143.176 - - [13/Dec/2014:15:45:03 -0500] "GET /galeria/nivo-slider/demo/images/Tingua-azul.jpg HTTP/1.1" 200 307638
201.184.143.176 - - [13/Dec/2014:15:45:04 -0500] "GET /galeria/nivo-slider/demo/images/Banner-Caracol-Africano.jpg HTTP/1.1" 200 331986
201.184.143.176 - - [13/Dec/2014:15:45:04 -0500] "GET /galeria/nivo-slider/demo/images/banner-redes.jpg HTTP/1.1" 200 62209
201.184.143.176 - - [13/Dec/2014:15:45:04 -0500] "GET /galeria/nivo-slider/demo/images/9Signos.jpg HTTP/1.1" 200 93040
201.184.143.176 - - [13/Dec/2014:15:45:05 -0500] "GET /galeria/nivo-slider/demo/images/banner-llantas2.jpg HTTP/1.1" 200 73153
201.184.143.176 - - [13/Dec/2014:15:45:05 -0500] "GET /galeria/nivo-slider/demo/images/banner-caballos.png HTTP/1.1" 200 389106
201.184.143.176 - - [13/Dec/2014:15:45:06 -0500] "GET /galeria/nivo-slider/demo/images/Hacienda_Molinos.jpg HTTP/1.1" 200 319171
201.184.143.176 - - [13/Dec/2014:15:45:07 -0500] "GET /videos/Spot_CambioClimatico.flv HTTP/1.1" 200 4371917
201.184.143.176 - - [13/Dec/2014:15:45:08 -0500] "GET /galeria/nivo-slider/themes/default/arrows.png HTTP/1.1" 200 824
201.184.143.176 - - [13/Dec/2014:15:45:08 -0500] "GET /galeria/nivo-slider/themes/default/bullets.png HTTP/1.1" 200 1281
66.249.67.83 - - [13/Dec/2014:15:45:18 -0500] "GET /BLA/resoluciones/Autos%202008/0912.pdf HTTP/1.1" 200 72373
181.54.57.138 - - [13/Dec/2014:15:45:38 -0500] "POST /forms/lservlet;jsessionid=ac16012b30d5b6e45f3242ea4ae4823ecfd278d76972.e3iSbxaKaheRe34Sa3yKbhiTahb0n6jAmljGr5XDqQLvpAe HTTP/1.1" 200 2
66.249.67.67 - - [13/Dec/2014:15:45:45 -0500] "GET /BLA/resoluciones/RESOLUCIONES%202009/8405.pdf HTTP/1.1" 200 410937
66.249.67.119 - - [13/Dec/2014:15:46:59 -0500] "GET /portalsiaccapacitaciones/Soportes%20Capacitaciones%20A%C3%B1o%202013/0015.%20Acuerdo%20%20403%20Apagon%20Ambiental%2020%20de%20Junio.pdf HTTP/1.1" 200 796749
66.249.67.75 - - [13/Dec/2014:15:47:09 -0500] "GET /BLA/resoluciones/Notificaciones/AUTOS%202014/02127.doc HTTP/1.1" 200 246784
66.249.67.75 - - [13/Dec/2014:15:47:18 -0500] "GET /BLA/resoluciones/AUTOS%202009/3571.pdf HTTP/1.1" 200 210030
181.54.57.138 - - [13/Dec/2014:15:47:38 -0500] "POST /forms/lservlet;jsessionid=ac16012b30d5b6e45f3242ea4ae4823ecfd278d76972.e3iSbxaKaheRe34Sa3yKbhiTahb0n6jAmljGr5XDqQLvpAe HTTP/1.1" 200 2
66.249.67.111 - - [13/Dec/2014:15:48:22 -0500] "GET /portalsiaccapacitaciones/Soportes%20Capacitaciones%20A%C3%B1o%202013/0023.%20PRESENTACI%C3%93N%20GESTORES%20AMBIENTALES%20SDA%204%20de%20Julio.pdf HTTP/1.1" 200 824824
66.249.67.67 - - [13/Dec/2014:15:48:51 -0500] "GET /BLA/resoluciones/RESOLUCIONES%202007/RES%202007%201%20AL%20100/RESOLUCION%200054%20DE%202007.pdf HTTP/1.1" 200 231622
190.157.173.105 - - [13/Dec/2014:15:49:20 -0500] "GET /galeria/carrusel/Carrusel/jquery.thumbnailScroller.css HTTP/1.1" 200 2066
190.157.173.105 - - [13/Dec/2014:15:49:20 -0500] "GET /galeria/carrusel/Carrusel/jquery-ui-1.8.13.custom.min.js HTTP/1.1" 200 10800
190.157.173.105 - - [13/Dec/2014:15:49:20 -0500] "GET /galeria/carrusel/Carrusel/jquery.thumbnailScroller.js HTTP/1.1" 200 8157
190.157.173.105 - - [13/Dec/2014:15:49:22 -0500] "GET /galeria/nivo-slider/demo/demo.html HTTP/1.1" 200 3252
190.157.173.105 - - [13/Dec/2014:15:49:23 -0500] "GET /galeria/nivo-slider/themes/default/default.css HTTP/1.1" 200 1569
190.157.173.105 - - [13/Dec/2014:15:49:23 -0500] "GET /galeria/nivo-slider/themes/pascal/pascal.css HTTP/1.1" 200 2258
190.157.173.105 - - [13/Dec/2014:15:49:23 -0500] "GET /galeria/nivo-slider/themes/orman/orman.css HTTP/1.1" 200 2152
190.157.173.105 - - [13/Dec/2014:15:49:23 -0500] "GET /galeria/nivo-slider/nivo-slider.css HTTP/1.1" 200 1507
190.157.173.105 - - [13/Dec/2014:15:49:23 -0500] "GET /galeria/nivo-slider/demo/scripts/jquery-1.7.1.min.js HTTP/1.1" 200 93868
190.157.173.105 - - [13/Dec/2014:15:49:23 -0500] "GET /galeria/nivo-slider/demo/style.css HTTP/1.1" 200 2222
190.157.173.105 - - [13/Dec/2014:15:49:23 -0500] "GET /galeria/nivo-slider/jquery.nivo.slider.pack.js HTTP/1.1" 200 11561
190.157.173.105 - - [13/Dec/2014:15:49:23 -0500] "GET /galeria/nivo-slider/demo/images/ecolecta-Dic2014.png HTTP/1.1" 200 288593
190.157.173.105 - - [13/Dec/2014:15:49:24 -0500] "GET /galeria/nivo-slider/demo/images/banner-musgo.jpg HTTP/1.1" 200 49513
190.157.173.105 - - [13/Dec/2014:15:49:24 -0500] "GET /galeria/nivo-slider/demo/images/Banner-GAE3.jpg HTTP/1.1" 200 146354
190.157.173.105 - - [13/Dec/2014:15:49:24 -0500] "GET /galeria/nivo-slider/demo/images/Jornada-adopcion.jpg HTTP/1.1" 200 79705
190.157.173.105 - - [13/Dec/2014:15:49:27 -0500] "GET /galeria/nivo-slider/demo/images/porloshumedales.jpg HTTP/1.1" 200 351238
190.157.173.105 - - [13/Dec/2014:15:49:27 -0500] "GET /galeria/nivo-slider/demo/images/Banner-Caracol-Africano.jpg HTTP/1.1" 200 331986
190.157.173.105 - - [13/Dec/2014:15:49:34 -0500] "GET /galeria/nivo-slider/demo/images/4Simple_Slider.png HTTP/1.1" 200 11722
190.157.173.105 - - [13/Dec/2014:15:49:35 -0500] "GET /galeria/nivo-slider/themes/default/loading.gif HTTP/1.1" 200 1737
190.157.173.105 - - [13/Dec/2014:15:49:36 -0500] "GET /galeria/nivo-slider/demo/images/banner-redes.jpg HTTP/1.1" 200 62209
190.157.173.105 - - [13/Dec/2014:15:49:38 -0500] "GET /galeria/nivo-slider/demo/images/9Signos.jpg HTTP/1.1" 200 93040
190.157.173.105 - - [13/Dec/2014:15:49:38 -0500] "GET /galeria/nivo-slider/demo/images/banner-llantas2.jpg HTTP/1.1" 200 73153
190.157.173.105 - - [13/Dec/2014:15:49:38 -0500] "GET /galeria/nivo-slider/demo/images/banner-caballos.png HTTP/1.1" 200 389106
157.55.39.218 - - [13/Dec/2014:15:49:38 -0500] "GET /bla/resoluciones/RESOLUCIONES%202011/1805.pdf HTTP/1.1" 200 514764
190.157.173.105 - - [13/Dec/2014:15:49:39 -0500] "GET /galeria/nivo-slider/demo/images/Hacienda_Molinos.jpg HTTP/1.1" 200 319171
181.54.57.138 - - [13/Dec/2014:15:49:39 -0500] "POST /forms/lservlet;jsessionid=ac16012b30d5b6e45f3242ea4ae4823ecfd278d76972.e3iSbxaKaheRe34Sa3yKbhiTahb0n6jAmljGr5XDqQLvpAe HTTP/1.1" 200 2
190.157.173.105 - - [13/Dec/2014:15:49:43 -0500] "GET /videos/Spot_CambioClimatico.flv HTTP/1.1" 200 4371917
74.86.158.107 - - [13/Dec/2014:15:49:50 -0500] "HEAD / HTTP/1.1" 302 -
190.157.173.105 - - [13/Dec/2014:15:49:52 -0500] "GET /galeria/nivo-slider/themes/default/arrows.png HTTP/1.1" 200 824
190.157.173.105 - - [13/Dec/2014:15:49:52 -0500] "GET /galeria/nivo-slider/themes/default/bullets.png HTTP/1.1" 200 1281
66.249.67.67 - - [13/Dec/2014:15:49:59 -0500] "GET /BLA/resoluciones/RESOLUCIONES%202009/1386.pdf HTTP/1.1" 200 1110587
66.249.67.83 - - [13/Dec/2014:15:50:24 -0500] "GET /BLA/resoluciones/AUTOS%202008/0551.pdf HTTP/1.1" 200 166650
157.55.39.13 - - [13/Dec/2014:15:50:46 -0500] "GET /bla/resoluciones/resoluciones%202010/0710.pdf HTTP/1.1" 200 103584
157.55.39.113 - - [13/Dec/2014:15:50:59 -0500] "GET /bla/resoluciones/resoluciones%202009/1432.pdf HTTP/1.1" 200 755003
157.55.39.113 - - [13/Dec/2014:15:50:59 -0500] "GET /bla/resoluciones/resoluciones%202009/0418.pdf HTTP/1.1" 200 232529
190.24.213.133 - - [13/Dec/2014:15:51:36 -0500] "GET /BLA/resoluciones/AUTOS%202012/1690.pdf HTTP/1.1" 200 414623
190.24.213.133 - - [13/Dec/2014:15:51:36 -0500] "GET /BLA/resoluciones/AUTOS%202012/1690.pdf HTTP/1.1" 206 32768
190.24.213.133 - - [13/Dec/2014:15:51:37 -0500] "GET /BLA/resoluciones/AUTOS%202012/1690.pdf HTTP/1.1" 206 381855
181.54.57.138 - - [13/Dec/2014:15:51:39 -0500] "POST /forms/lservlet;jsessionid=ac16012b30d5b6e45f3242ea4ae4823ecfd278d76972.e3iSbxaKaheRe34Sa3yKbhiTahb0n6jAmljGr5XDqQLvpAe HTTP/1.1" 200 2
66.249.67.83 - - [13/Dec/2014:15:51:57 -0500] "GET /BLA/resoluciones/RESOLUCIONES%202010/5270.pdf HTTP/1.1" 304 -
190.157.173.105 - - [13/Dec/2014:15:51:40 -0500] "GET /videos/CRRFFS.mp4 HTTP/1.1" 200 286784363
201.245.192.253 - - [13/Dec/2014:15:52:08 -0500] "GET /BLA/resoluciones/index.php?dir=RESOLUCIONES+2008%2F HTTP/1.1" 200 976102
190.157.173.105 - - [13/Dec/2014:15:52:12 -0500] "GET /videos/Spot_CambioClimatico.flv HTTP/1.1" 206 1
190.157.173.105 - - [13/Dec/2014:15:52:12 -0500] "GET /videos/Spot_CambioClimatico.flv HTTP/1.1" 206 2910735
201.245.192.253 - - [13/Dec/2014:15:52:17 -0500] "GET /BLA/resoluciones/RESOLUCIONES%202008/1578.pdf HTTP/1.1" 200 223525
157.55.39.12 - - [13/Dec/2014:15:52:26 -0500] "GET /bla/resoluciones/resoluciones%202010/2011.pdf HTTP/1.1" 200 339778
157.55.39.241 - - [13/Dec/2014:15:52:48 -0500] "GET /BLA/resoluciones/RESOLUCIONES%202010/0475.pdf HTTP/1.1" 200 106154
66.249.67.67 - - [13/Dec/2014:15:52:49 -0500] "GET /BLA/resoluciones/AUTOS%202008/0984.pdf HTTP/1.1" 304 -
180.76.6.64 - - [13/Dec/2014:15:53:16 -0500] "GET /BLA/resoluciones/RESOLUCIONES%202010/0257.pdf HTTP/1.1" 200 506975
66.249.67.83 - - [13/Dec/2014:15:53:30 -0500] "GET /BLA/resoluciones/AUTOS%202008/0650.pdf HTTP/1.1" 200 201992
181.54.57.138 - - [13/Dec/2014:15:53:39 -0500] "POST /forms/lservlet;jsessionid=ac16012b30d5b6e45f3242ea4ae4823ecfd278d76972.e3iSbxaKaheRe34Sa3yKbhiTahb0n6jAmljGr5XDqQLvpAe HTTP/1.1" 200 2
66.249.67.83 - - [13/Dec/2014:15:54:08 -0500] "GET /BLA/resoluciones/Autos%202008/0178.pdf HTTP/1.1" 200 98923
190.157.173.105 - - [13/Dec/2014:15:54:11 -0500] "GET /videos/Spot_CambioClimatico.flv HTTP/1.1" 206 1
190.157.173.105 - - [13/Dec/2014:15:54:11 -0500] "GET /videos/Spot_CambioClimatico.flv HTTP/1.1" 206 2645351
181.135.113.96 - - [13/Dec/2014:15:54:21 -0500] "GET /forest/index2.jsp?a=0.33752842408571715 HTTP/1.1" 200 12486
66.249.67.75 - - [13/Dec/2014:15:54:21 -0500] "GET /BLA/resoluciones/Autos%202008/3419.pdf HTTP/1.1" 200 69778
181.135.113.96 - - [13/Dec/2014:15:54:22 -0500] "GET /forest/skins/gdocs-jar/css/forest.css?version=1411.041919 HTTP/1.1" 304 -
181.135.113.96 - - [13/Dec/2014:15:54:22 -0500] "GET /forest/skins/gdocs-jar/css/menu.css?version=1411.041919 HTTP/1.1" 304 -
181.135.113.96 - - [13/Dec/2014:15:54:22 -0500] "GET /forest/skins/gdocs-jar/css/autocomplete.css?version=1411.041919 HTTP/1.1" 304 -
181.135.113.96 - - [13/Dec/2014:15:54:22 -0500] "GET /forest/css/escritorio.css?version=1411.041919 HTTP/1.1" 304 -
181.135.113.96 - - [13/Dec/2014:15:54:22 -0500] "GET /forest/1ibre/jscalendar/calendar-win2k-1.css?version=1411.041919 HTTP/1.1" 304 -
181.135.113.96 - - [13/Dec/2014:15:54:22 -0500] "GET /forest/css/index.css?version=1411.041919 HTTP/1.1" 304 -
181.135.113.96 - - [13/Dec/2014:15:54:22 -0500] "GET /forest/skins/gdocs-jar/css/forms.css?version=1411.041919 HTTP/1.1" 304 -
181.135.113.96 - - [13/Dec/2014:15:54:22 -0500] "GET /forest/skins/gdocs-jar/css/dialog.css?version=1411.041919 HTTP/1.1" 304 -
181.135.113.96 - - [13/Dec/2014:15:54:22 -0500] "GET /forest/jsoptimized/gz/js/gdocsall-1411.041919.js HTTP/1.1" 304 -
181.135.113.96 - - [13/Dec/2014:15:54:22 -0500] "GET /forest/js/json3.js HTTP/1.1" 304 -
181.135.113.96 - - [13/Dec/2014:15:54:23 -0500] "GET /forest/img/panel/view_icon.gif HTTP/1.1" 304 -
181.135.113.96 - - [13/Dec/2014:15:54:23 -0500] "GET /forest/img/loading.gif HTTP/1.1" 304 -
181.135.113.96 - - [13/Dec/2014:15:54:23 -0500] "GET /forest/img/spacer.gif HTTP/1.1" 304 -
181.135.113.96 - - [13/Dec/2014:15:54:23 -0500] "GET /forest/img/inicio/1.gif HTTP/1.1" 304 -
181.135.113.96 - - [13/Dec/2014:15:54:23 -0500] "GET /forest/img/inicio/2.gif HTTP/1.1" 304 -
181.135.113.96 - - [13/Dec/2014:15:54:23 -0500] "GET /forest/img/inicio/3.gif HTTP/1.1" 304 -
181.135.113.96 - - [13/Dec/2014:15:54:23 -0500] "GET /forest/img/inicio/4.gif HTTP/1.1" 304 -
181.135.113.96 - - [13/Dec/2014:15:54:23 -0500] "GET /forest/img/inicio/5.gif HTTP/1.1" 304 -
181.135.113.96 - - [13/Dec/2014:15:54:23 -0500] "GET /forest/img/inicio/6.gif HTTP/1.1" 304 -
181.135.113.96 - - [13/Dec/2014:15:54:24 -0500] "GET /forest/img/base/bsc2_r1_c3.gif HTTP/1.1" 304 -
181.135.113.96 - - [13/Dec/2014:15:54:24 -0500] "GET /forest/img/base/bsc2_r1_c1.gif HTTP/1.1" 304 -
181.135.113.96 - - [13/Dec/2014:15:54:24 -0500] "GET /forest/img/base/bsc2_r1_c2.gif HTTP/1.1" 304 -
181.135.113.96 - - [13/Dec/2014:15:54:24 -0500] "GET /forest/img/mplogo.gif HTTP/1.1" 304 -
181.135.113.96 - - [13/Dec/2014:15:54:24 -0500] "GET /forest/img/inicio/7.gif HTTP/1.1" 304 -
181.135.113.96 - - [13/Dec/2014:15:54:24 -0500] "GET /forest/img/close.gif HTTP/1.1" 304 -
181.135.113.96 - - [13/Dec/2014:15:54:24 -0500] "GET /forest/skins/gdocs-jar/img/okey.gif HTTP/1.1" 304 -
181.135.113.96 - - [13/Dec/2014:15:54:24 -0500] "GET /forest/1ibre/1ibre.css HTTP/1.1" 304 -
181.135.113.96 - - [13/Dec/2014:15:54:25 -0500] "GET /forest/img/forestIcon.gif?version=1411.041919 HTTP/1.1" 200 573
66.249.67.83 - - [13/Dec/2014:15:54:30 -0500] "GET /BLA/resoluciones/AUTOS%202007/0489.pdf HTTP/1.1" 200 96140
74.86.158.107 - - [13/Dec/2014:15:54:50 -0500] "HEAD / HTTP/1.1" 302 -
190.157.173.105 - - [13/Dec/2014:15:54:57 -0500] "GET /videos/Spot_CambioClimatico.flv HTTP/1.1" 206 1
190.157.173.105 - - [13/Dec/2014:15:54:57 -0500] "GET /videos/Spot_CambioClimatico.flv HTTP/1.1" 206 614827
66.249.67.83 - - [13/Dec/2014:15:55:03 -0500] "GET /BLA/resoluciones/RESOLUCIONES%202011/3400.pdf HTTP/1.1" 200 397190
66.249.67.103 - - [13/Dec/2014:15:55:14 -0500] "GET /portalsiaccapacitaciones/Soportes%20Capacitaciones%20A%C3%B1o%202013/0026.%20Uso%20eficiente%20%20y%20Calidad%20del%20Agua%20EAAB%20%2018%20de%20Julio.pdf HTTP/1.1" 200 7879524
66.249.67.75 - - [13/Dec/2014:15:55:39 -0500] "GET /BLA/resoluciones/RESOLUCIONES%202008/5532.pdf HTTP/1.1" 200 440088
181.54.57.138 - - [13/Dec/2014:15:55:40 -0500] "POST /forms/lservlet;jsessionid=ac16012b30d5b6e45f3242ea4ae4823ecfd278d76972.e3iSbxaKaheRe34Sa3yKbhiTahb0n6jAmljGr5XDqQLvpAe HTTP/1.1" 200 2
66.249.67.83 - - [13/Dec/2014:15:56:36 -0500] "GET /BLA/resoluciones/RESOLUCIONES%202008/3189.pdf HTTP/1.1" 200 273501
201.245.192.253 - - [13/Dec/2014:15:56:41 -0500] "GET /BLA/resoluciones/ HTTP/1.1" 200 6952
180.76.6.16 - - [13/Dec/2014:15:56:52 -0500] "GET /BLA/resoluciones/RESOLUCIONES%202010/0187.pdf HTTP/1.1" 200 536067
66.249.67.111 - - [13/Dec/2014:15:56:53 -0500] "GET /portalsiaccapacitaciones/Soportes%20Capacitaciones%20A%C3%B1o%202013/0017.%20Decreto%20243%20de%202009%20-%2020%20de%20Junio.pdf HTTP/1.1" 200 1784093
201.184.91.100 - - [13/Dec/2014:15:57:09 -0500] "GET /galeria/nivo-slider/demo/images/ecolecta-Dic2014.png HTTP/1.1" 206 1
201.184.91.100 - - [13/Dec/2014:15:57:10 -0500] "GET /galeria/nivo-slider/demo/images/ecolecta-Dic2014.png HTTP/1.1" 206 132050
201.184.91.100 - - [13/Dec/2014:15:57:14 -0500] "GET /videos/Spot_CambioClimatico.flv HTTP/1.1" 206 1
201.184.91.100 - - [13/Dec/2014:15:57:18 -0500] "GET /videos/Spot_CambioClimatico.flv HTTP/1.1" 206 4191029
201.245.192.253 - - [13/Dec/2014:15:57:27 -0500] "GET /BLA/resoluciones/index.php?dir=RESOLUCIONES+2009%2F HTTP/1.1" 200 1672912
181.54.57.138 - - [13/Dec/2014:15:57:40 -0500] "POST /forms/lservlet;jsessionid=ac16012b30d5b6e45f3242ea4ae4823ecfd278d76972.e3iSbxaKaheRe34Sa3yKbhiTahb0n6jAmljGr5XDqQLvpAe HTTP/1.1" 200 2
157.55.39.224 - - [13/Dec/2014:15:57:43 -0500] "GET /robots.txt HTTP/1.1" 404 1018
201.245.192.253 - - [13/Dec/2014:15:57:47 -0500] "GET /BLA/resoluciones/RESOLUCIONES%202009/0449.pdf HTTP/1.1" 200 956422
201.245.192.253 - - [13/Dec/2014:15:57:47 -0500] "GET /BLA/resoluciones/RESOLUCIONES%202009/0449.pdf HTTP/1.1" 200 956422
201.245.192.253 - - [13/Dec/2014:15:57:48 -0500] "GET /BLA/resoluciones/RESOLUCIONES%202009/0449.pdf HTTP/1.1" 200 956422
201.245.192.253 - - [13/Dec/2014:15:57:48 -0500] "GET /BLA/resoluciones/RESOLUCIONES%202009/0449.pdf HTTP/1.1" 206 923654
66.249.67.67 - - [13/Dec/2014:15:58:08 -0500] "GET /BLA/resoluciones/RESOLUCIONES%202012/1190.pdf HTTP/1.1" 200 979488
157.55.39.217 - - [13/Dec/2014:15:58:11 -0500] "GET /BLA/resoluciones/RESOLUCIONES%202009/1804.pdf HTTP/1.1" 200 918418
157.55.39.217 - - [13/Dec/2014:15:58:12 -0500] "GET /BLA/resoluciones/AUTOS%202011/0867.pdf HTTP/1.1" 200 152249
66.249.67.67 - - [13/Dec/2014:15:58:41 -0500] "GET /BLA/resoluciones/RESOLUCIONES%202009/3675.pdf HTTP/1.1" 200 1072185
66.249.67.119 - - [13/Dec/2014:15:58:54 -0500] "GET /portalsiaccapacitaciones/Soportes%20Capacitaciones%20A%C3%B1o%202013/0009.%20Presentaci%C3%B3n%20Hospitalarios%20(Clasificaci%C3%B3n,%20Cuantificaci%C3%B3n)%20-%20Lista%20de%20asistencia%2023-05-13.pdf HTTP/1.1" 200 3434302
202.46.54.39 - - [13/Dec/2014:15:59:15 -0500] "GET / HTTP/1.1" 302 -
180.76.5.177 - - [13/Dec/2014:15:59:16 -0500] "GET /BLA/resoluciones/index.php?dir=RESOLUCIONES%202007/RES%202007%202101%20AL%202200/&sort=date&order=desc HTTP/1.1" 200 26870
181.54.57.138 - - [13/Dec/2014:15:59:40 -0500] "POST /forms/lservlet;jsessionid=ac16012b30d5b6e45f3242ea4ae4823ecfd278d76972.e3iSbxaKaheRe34Sa3yKbhiTahb0n6jAmljGr5XDqQLvpAe HTTP/1.1" 200 2
74.86.158.107 - - [13/Dec/2014:15:59:50 -0500] "HEAD / HTTP/1.1" 302 -
119.63.193.132 - - [13/Dec/2014:16:00:08 -0500] "GET / HTTP/1.1" 302 -
180.76.6.135 - - [13/Dec/2014:16:00:27 -0500] "GET /BLA/resoluciones/RESOLUCIONES%202010/2636.pdf HTTP/1.1" 200 569002
66.249.67.67 - - [13/Dec/2014:16:01:14 -0500] "GET /BLA/resoluciones/RESOLUCIONES%202007/RES%202007%202301%20AL%202400/RESOLUCION%202364%20DE%202007.pdf HTTP/1.1" 200 86115
157.55.39.113 - - [13/Dec/2014:16:01:19 -0500] "GET /BLA/resoluciones/AUTOS%202009/1990.pdf HTTP/1.1" 200 230421
66.249.67.67 - - [13/Dec/2014:16:01:19 -0500] "GET /BLA/resoluciones/index.php?dir=RESOLUCIONES%202007/RES%202007%20201%20AL%20300/&sort=size&order=desc HTTP/1.1" 200 27109
157.55.39.240 - - [13/Dec/2014:16:01:27 -0500] "GET /bla/resoluciones/resoluciones%202010/0125.pdf HTTP/1.1" 200 385478
181.54.57.138 - - [13/Dec/2014:16:01:40 -0500] "POST /forms/lservlet;jsessionid=ac16012b30d5b6e45f3242ea4ae4823ecfd278d76972.e3iSbxaKaheRe34Sa3yKbhiTahb0n6jAmljGr5XDqQLvpAe HTTP/1.1" 200 2
190.249.69.15 - - [13/Dec/2014:16:02:10 -0500] "GET /BLA/resoluciones/RESOLUCIONES%202007/RES%202007%201401%20AL%201500/RESOLUCION%201402%20DE%202007.pdf HTTP/1.1" 200 224148
190.249.69.15 - - [13/Dec/2014:16:02:10 -0500] "GET /BLA/resoluciones/RESOLUCIONES%202007/RES%202007%201401%20AL%201500/RESOLUCION%201402%20DE%202007.pdf HTTP/1.1" 206 32768
190.249.69.15 - - [13/Dec/2014:16:02:10 -0500] "GET /BLA/resoluciones/RESOLUCIONES%202007/RES%202007%201401%20AL%201500/RESOLUCION%201402%20DE%202007.pdf HTTP/1.1" 206 191380
190.249.69.15 - - [13/Dec/2014:16:02:11 -0500] "GET /favicon.ico HTTP/1.1" 200 7782
201.230.36.97 - - [13/Dec/2014:16:02:19 -0500] "GET /BLA/boletinlegal/js/jquery.js HTTP/1.1" 200 57254
201.230.36.97 - - [13/Dec/2014:16:02:19 -0500] "GET /BLA/boletinlegal/js/jquery.scrollTo-min.js HTTP/1.1" 200 1150
201.230.36.97 - - [13/Dec/2014:16:02:19 -0500] "GET /BLA/boletinlegal/js/jquery.scrollShow.js HTTP/1.1" 200 4586
201.230.36.97 - - [13/Dec/2014:16:02:19 -0500] "GET /galeria/carrusel/Carrusel/jquery.thumbnailScroller.css HTTP/1.1" 200 2066
201.230.36.97 - - [13/Dec/2014:16:02:19 -0500] "GET /galeria/carrusel/Carrusel/jquery-ui-1.8.13.custom.min.js HTTP/1.1" 200 10800
201.230.36.97 - - [13/Dec/2014:16:02:19 -0500] "GET /galeria/carrusel/Carrusel/jquery.thumbnailScroller.js HTTP/1.1" 200 8157
201.230.36.97 - - [13/Dec/2014:16:02:26 -0500] "GET /galeria/nivo-slider/demo/demo.html HTTP/1.1" 200 3252
201.230.36.97 - - [13/Dec/2014:16:02:27 -0500] "GET /galeria/nivo-slider/themes/default/default.css HTTP/1.1" 200 1569
201.230.36.97 - - [13/Dec/2014:16:02:28 -0500] "GET /galeria/nivo-slider/themes/pascal/pascal.css HTTP/1.1" 200 2258
201.230.36.97 - - [13/Dec/2014:16:02:28 -0500] "GET /galeria/nivo-slider/themes/orman/orman.css HTTP/1.1" 200 2152
201.230.36.97 - - [13/Dec/2014:16:02:28 -0500] "GET /galeria/nivo-slider/nivo-slider.css HTTP/1.1" 200 1507
157.55.39.12 - - [13/Dec/2014:16:02:32 -0500] "GET /BLA/resoluciones/RESOLUCIONES%202009/4211.pdf HTTP/1.1" 200 1052701
66.249.67.67 - - [13/Dec/2014:16:02:35 -0500] "GET /BLA/resoluciones/RESOLUCIONES%202005/RES%202005%202451-2500/00002475.tif HTTP/1.1" 200 133278
157.55.39.218 - - [13/Dec/2014:16:02:42 -0500] "GET /BLA/resoluciones/RESOLUCIONES%202008/0399.pdf HTTP/1.1" 200 376011
66.249.67.67 - - [13/Dec/2014:16:02:47 -0500] "GET /BLA/resoluciones/AUTOS%202014/1878.pdf HTTP/1.1" 200 350736
186.31.9.173 - - [13/Dec/2014:16:02:56 -0500] "GET /webfile/skins/gdocs-jar/img/upload_file_icon.gif HTTP/1.1" 200 291
186.31.9.173 - - [13/Dec/2014:16:02:56 -0500] "GET /webfile/skins/gdocs-jar/img/icons/pdf.gif HTTP/1.1" 200 230
186.31.9.173 - - [13/Dec/2014:16:02:56 -0500] "GET /webfile/skins/gdocs-jar/img/error.gif HTTP/1.1" 200 822
186.31.9.173 - - [13/Dec/2014:16:02:56 -0500] "GET /webfile/skins/gdocs-jar/img/icons/doc.gif HTTP/1.1" 200 140
186.31.9.173 - - [13/Dec/2014:16:02:56 -0500] "GET /webfile/skins/gdocs-jar/img/alert.gif HTTP/1.1" 200 595
186.31.9.173 - - [13/Dec/2014:16:02:56 -0500] "GET /webfile/skins/gdocs-jar/img/disk.png HTTP/1.1" 200 22070
186.31.9.173 - - [13/Dec/2014:16:02:56 -0500] "GET /webfile/skins/gdocs-jar/img/control-double.png HTTP/1.1" 200 21754
190.90.81.24 - - [13/Dec/2014:16:02:58 -0500] "GET /BLA/boletinlegal/js/jquery.js HTTP/1.1" 200 57254
190.90.81.24 - - [13/Dec/2014:16:02:58 -0500] "GET /BLA/boletinlegal/js/jquery.scrollShow.js HTTP/1.1" 200 4586
190.90.81.24 - - [13/Dec/2014:16:02:58 -0500] "GET /BLA/boletinlegal/js/jquery.scrollTo-min.js HTTP/1.1" 200 1150
186.31.9.173 - - [13/Dec/2014:16:03:02 -0500] "GET /webfile/actions/forms.getFile?nameFile=F-OCK%20355.pdf&idField=form_doc38184 HTTP/1.1" 200 -
186.31.9.173 - - [13/Dec/2014:16:03:15 -0500] "GET /webfile/actions/forms.getFile?nameFile=F-OCK%20355.pdf&idField=form_doc38184 HTTP/1.1" 200 -
186.31.9.173 - - [13/Dec/2014:16:03:37 -0500] "GET /webfile/actions/forms.getFile?nameFile=F-OCK%20355.pdf&idField=form_doc38184 HTTP/1.1" 200 -
181.54.57.138 - - [13/Dec/2014:16:03:40 -0500] "POST /forms/lservlet;jsessionid=ac16012b30d5b6e45f3242ea4ae4823ecfd278d76972.e3iSbxaKaheRe34Sa3yKbhiTahb0n6jAmljGr5XDqQLvpAe HTTP/1.1" 200 2
180.76.5.166 - - [13/Dec/2014:16:03:46 -0500] "GET /BLA/resoluciones/RESOLUCIONES%202010/0181.pdf HTTP/1.1" 200 533072
66.249.67.67 - - [13/Dec/2014:16:04:07 -0500] "GET /BLA/resoluciones/RESOLUCIONES%202010/6501.pdf HTTP/1.1" 200 473157
190.60.117.18 - - [13/Dec/2014:16:04:19 -0500] "GET /galeria/carrusel/Carrusel/jquery-ui-1.8.13.custom.min.js HTTP/1.1" 200 10800
190.60.117.18 - - [13/Dec/2014:16:04:19 -0500] "GET /BLA/boletinlegal/js/jquery.scrollShow.js HTTP/1.1" 200 4586
190.60.117.18 - - [13/Dec/2014:16:04:19 -0500] "GET /BLA/boletinlegal/js/jquery.js HTTP/1.1" 200 57254
190.60.117.18 - - [13/Dec/2014:16:04:19 -0500] "GET /BLA/boletinlegal/js/jquery.scrollTo-min.js HTTP/1.1" 200 1150
190.60.117.18 - - [13/Dec/2014:16:04:19 -0500] "GET /galeria/carrusel/Carrusel/jquery.thumbnailScroller.css HTTP/1.1" 200 2066
190.60.117.18 - - [13/Dec/2014:16:04:19 -0500] "GET /galeria/carrusel/Carrusel/jquery.thumbnailScroller.js HTTP/1.1" 200 8157
190.60.117.18 - - [13/Dec/2014:16:04:20 -0500] "GET /galeria/nivo-slider/demo/demo.html HTTP/1.1" 200 3252
190.60.117.18 - - [13/Dec/2014:16:04:20 -0500] "GET /galeria/nivo-slider/themes/pascal/pascal.css HTTP/1.1" 200 2258
190.60.117.18 - - [13/Dec/2014:16:04:20 -0500] "GET /galeria/nivo-slider/demo/style.css HTTP/1.1" 200 2222
190.60.117.18 - - [13/Dec/2014:16:04:20 -0500] "GET /galeria/nivo-slider/nivo-slider.css HTTP/1.1" 200 1507
190.60.117.18 - - [13/Dec/2014:16:04:20 -0500] "GET /galeria/nivo-slider/themes/orman/orman.css HTTP/1.1" 200 2152
190.60.117.18 - - [13/Dec/2014:16:04:20 -0500] "GET /galeria/nivo-slider/themes/default/default.css HTTP/1.1" 200 1569
190.60.117.18 - - [13/Dec/2014:16:04:20 -0500] "GET /galeria/nivo-slider/demo/images/ecolecta-Dic2014.png HTTP/1.1" 200 288593
190.60.117.18 - - [13/Dec/2014:16:04:20 -0500] "GET /galeria/nivo-slider/demo/images/banner-musgo.jpg HTTP/1.1" 200 49513
190.60.117.18 - - [13/Dec/2014:16:04:20 -0500] "GET /galeria/nivo-slider/demo/images/Jornada-adopcion.jpg HTTP/1.1" 200 79705
190.60.117.18 - - [13/Dec/2014:16:04:20 -0500] "GET /galeria/nivo-slider/demo/images/Banner-GAE3.jpg HTTP/1.1" 200 146354
190.60.117.18 - - [13/Dec/2014:16:04:20 -0500] "GET /galeria/nivo-slider/demo/images/porloshumedales.jpg HTTP/1.1" 200 351238
190.60.117.18 - - [13/Dec/2014:16:04:20 -0500] "GET /galeria/nivo-slider/demo/images/Tingua-azul.jpg HTTP/1.1" 200 307638
190.60.117.18 - - [13/Dec/2014:16:04:20 -0500] "GET /galeria/nivo-slider/demo/images/Banner-Caracol-Africano.jpg HTTP/1.1" 200 331986
190.60.117.18 - - [13/Dec/2014:16:04:20 -0500] "GET /galeria/nivo-slider/demo/images/banner-redes.jpg HTTP/1.1" 200 62209
190.60.117.18 - - [13/Dec/2014:16:04:20 -0500] "GET /galeria/nivo-slider/demo/images/9Signos.jpg HTTP/1.1" 200 93040
66.249.67.67 - - [13/Dec/2014:16:04:20 -0500] "GET /BLA/circulares/3-2011.pdf HTTP/1.1" 200 1452758
190.60.117.18 - - [13/Dec/2014:16:04:20 -0500] "GET /videos/Spot_CambioClimatico.flv HTTP/1.1" 200 4371917
186.31.9.173 - - [13/Dec/2014:16:04:21 -0500] "GET /webfile/actions/forms.getFile?nameFile=F-OCK%20355.pdf&idField=form_doc38184 HTTP/1.1" 200 -
190.60.117.18 - - [13/Dec/2014:16:04:21 -0500] "GET /galeria/nivo-slider/demo/images/banner-llantas2.jpg HTTP/1.1" 200 73153
190.60.117.18 - - [13/Dec/2014:16:04:21 -0500] "GET /galeria/nivo-slider/demo/images/banner-caballos.png HTTP/1.1" 200 389106
190.60.117.18 - - [13/Dec/2014:16:04:22 -0500] "GET /galeria/nivo-slider/jquery.nivo.slider.pack.js HTTP/1.1" 200 11561
190.60.117.18 - - [13/Dec/2014:16:04:22 -0500] "GET /galeria/nivo-slider/demo/images/4Simple_Slider.png HTTP/1.1" 200 11722
190.60.117.18 - - [13/Dec/2014:16:04:22 -0500] "GET /galeria/nivo-slider/themes/default/loading.gif HTTP/1.1" 200 1737
190.60.117.18 - - [13/Dec/2014:16:04:25 -0500] "GET /galeria/nivo-slider/demo/scripts/jquery-1.7.1.min.js HTTP/1.1" 200 93868
190.60.117.18 - - [13/Dec/2014:16:04:25 -0500] "GET /galeria/nivo-slider/demo/images/Hacienda_Molinos.jpg HTTP/1.1" 200 319171
190.60.117.18 - - [13/Dec/2014:16:04:26 -0500] "GET /galeria/nivo-slider/themes/default/arrows.png HTTP/1.1" 200 824
190.60.117.18 - - [13/Dec/2014:16:04:26 -0500] "GET /galeria/nivo-slider/themes/default/bullets.png HTTP/1.1" 200 1281
66.249.67.111 - - [13/Dec/2014:16:04:41 -0500] "GET /portalsiaccapacitaciones/Soportes%20Capacitaciones%20A%C3%B1o%202013/0061.%20Presentaci%C3%B3n%20Implementaci%C3%B3n%20PIGA%2019-12-2013.pdf HTTP/1.1" 200 1464395
74.86.158.107 - - [13/Dec/2014:16:04:50 -0500] "HEAD / HTTP/1.1" 302 -
157.55.39.13 - - [13/Dec/2014:16:04:52 -0500] "GET /BLA/resoluciones/RESOLUCIONES%202010/0555.pdf HTTP/1.1" 200 97575
157.55.39.13 - - [13/Dec/2014:16:05:02 -0500] "GET /bla/resoluciones/resoluciones%202009/3686.pdf HTTP/1.1" 200 132268
157.55.39.217 - - [13/Dec/2014:16:05:18 -0500] "GET /bla/resoluciones/resoluciones%202010/0731.pdf HTTP/1.1" 200 106996
157.55.39.12 - - [13/Dec/2014:16:05:27 -0500] "GET /BLA/resoluciones/RESOLUCIONES%202011/3024.pdf HTTP/1.1" 200 409350
157.55.39.113 - - [13/Dec/2014:16:05:39 -0500] "GET /BLA/resoluciones/RESOLUCIONES%202010/0977.pdf HTTP/1.1" 200 121558
181.54.57.138 - - [13/Dec/2014:16:05:40 -0500] "POST /forms/lservlet;jsessionid=ac16012b30d5b6e45f3242ea4ae4823ecfd278d76972.e3iSbxaKaheRe34Sa3yKbhiTahb0n6jAmljGr5XDqQLvpAe HTTP/1.1" 200 2
66.249.67.83 - - [13/Dec/2014:16:05:53 -0500] "GET /BLA/resoluciones/RESOLUCIONES%202010/7408.pdf HTTP/1.1" 200 263888
190.60.117.18 - - [13/Dec/2014:16:05:55 -0500] "GET /huelladecarbono/index.html HTTP/1.1" 404 1316
180.76.5.73 - - [13/Dec/2014:16:06:09 -0500] "GET /BLA/resoluciones/RESOLUCIONES%202010/1722.pdf HTTP/1.1" 200 401106
186.97.37.127 - - [13/Dec/2014:16:06:54 -0500] "GET /BLA/boletinlegal/js/jquery.js HTTP/1.1" 200 57254
186.97.37.127 - - [13/Dec/2014:16:06:54 -0500] "GET /BLA/boletinlegal/js/jquery.scrollTo-min.js HTTP/1.1" 200 1150
186.97.37.127 - - [13/Dec/2014:16:06:54 -0500] "GET /BLA/boletinlegal/js/jquery.scrollShow.js HTTP/1.1" 200 4586
66.249.67.67 - - [13/Dec/2014:16:06:59 -0500] "GET /Autoliquidacion/index.php?dir=Solicitudes%20relacionadas%20con%20vertimientos/Tr%E1mites%20Manejo%20de%20Aceites%20Usados%20en%20el%20Distrito%20Capital/&sort=date&order=asc HTTP/1.1" 200 6868
66.249.67.67 - - [13/Dec/2014:16:07:26 -0500] "GET /BLA/resoluciones/RESOLUCIONES%202009/2063.pdf HTTP/1.1" 200 1010299
181.54.57.138 - - [13/Dec/2014:16:07:40 -0500] "POST /forms/lservlet;jsessionid=ac16012b30d5b6e45f3242ea4ae4823ecfd278d76972.e3iSbxaKaheRe34Sa3yKbhiTahb0n6jAmljGr5XDqQLvpAe HTTP/1.1" 200 2
66.249.67.75 - - [13/Dec/2014:16:07:52 -0500] "GET /BLA/resoluciones/AUTOS%202007/0093.pdf HTTP/1.1" 200 116054
66.249.67.83 - - [13/Dec/2014:16:08:55 -0500] "GET /BLA/resoluciones/Autos%202008/1179.pdf HTTP/1.1" 200 91953
66.249.67.83 - - [13/Dec/2014:16:08:59 -0500] "GET /BLA/resoluciones/RESOLUCIONES%202011/3836.pdf HTTP/1.1" 200 880518
66.249.67.111 - - [13/Dec/2014:16:09:01 -0500] "GET /portalsiaccapacitaciones/Soportes%20Capacitaciones%20A%C3%B1o%202013/0047.%20Presentaci%C3%B3n%20Campa%C3%B1a%20RAEE's%20y%20Seguimiento%20RCD%2017-10-2013.pdf HTTP/1.1" 200 1943836
157.55.39.13 - - [13/Dec/2014:16:09:02 -0500] "GET /BLA/resoluciones/RESOLUCIONES%202008/2115.pdf HTTP/1.1" 200 205130
157.55.39.240 - - [13/Dec/2014:16:09:11 -0500] "GET /BLA/resoluciones/AUTOS%202009/2062.pdf HTTP/1.1" 200 99391
186.28.139.236 - - [13/Dec/2014:16:09:13 -0500] "GET /BLA/boletinlegal/js/jquery.js HTTP/1.1" 200 57254
186.28.139.236 - - [13/Dec/2014:16:09:13 -0500] "GET /BLA/boletinlegal/js/jquery.scrollTo-min.js HTTP/1.1" 200 1150
186.28.139.236 - - [13/Dec/2014:16:09:13 -0500] "GET /BLA/boletinlegal/js/jquery.scrollShow.js HTTP/1.1" 200 4586
66.249.67.67 - - [13/Dec/2014:16:09:24 -0500] "GET /BLA/resoluciones/Autos%202008/0369.pdf HTTP/1.1" 200 284164
181.54.57.138 - - [13/Dec/2014:16:09:41 -0500] "POST /forms/lservlet;jsessionid=ac16012b30d5b6e45f3242ea4ae4823ecfd278d76972.e3iSbxaKaheRe34Sa3yKbhiTahb0n6jAmljGr5XDqQLvpAe HTTP/1.1" 200 2
66.249.67.67 - - [13/Dec/2014:16:09:42 -0500] "GET /Autoliquidacion/index.php?dir=Solicitudes%20relacionadas%20con%20vertimientos/Tr%E1mites%20Manejo%20de%20Aceites%20Usados%20en%20el%20Distrito%20Capital/&sort=size&order=asc HTTP/1.1" 200 6868
74.86.158.107 - - [13/Dec/2014:16:09:50 -0500] "HEAD / HTTP/1.1" 302 -
201.245.192.253 - - [13/Dec/2014:16:10:18 -0500] "GET /BLA/boletinlegal/consulta_actos.php?tipo=resoluciones&no=1250&usuario=&sector=&fecha=2011&resuelve= HTTP/1.1" 200 623
66.249.67.83 - - [13/Dec/2014:16:10:32 -0500] "GET /BLA/resoluciones/RESOLUCIONES%202010/6627.pdf HTTP/1.1" 200 1092530
66.249.67.75 - - [13/Dec/2014:16:10:40 -0500] "GET /BLA/resoluciones/RESOLUCIONES%202007/RES%202007%203501%20AL%203600/RESOLUCION%203578%20DE%202007.pdf HTTP/1.1" 200 28844
201.245.192.253 - - [13/Dec/2014:16:11:18 -0500] "GET /BLA/boletinlegal/consulta_actos.php?tipo=resoluciones&no=5099&usuario=&sector=&fecha=2011&resuelve= HTTP/1.1" 200 623
201.245.192.253 - - [13/Dec/2014:16:11:31 -0500] "GET /BLA/boletinlegal/consulta_actos.php?tipo=resoluciones&no=5102&usuario=&sector=&fecha=2011&resuelve= HTTP/1.1" 200 1027
201.245.192.253 - - [13/Dec/2014:16:11:32 -0500] "GET /BLA/boletinlegal/consulta_actos.php?tipo=resoluciones&no=0180&usuario=&sector=&fecha=2010&resuelve= HTTP/1.1" 200 623
201.245.192.253 - - [13/Dec/2014:16:11:33 -0500] "GET /BLA/resoluciones/RESOLUCIONES%202011/5102.pdf HTTP/1.1" 200 340439
66.249.67.75 - - [13/Dec/2014:16:11:35 -0500] "GET /Autoliquidacion/index.php?dir=Solicitudes%20relacionadas%20con%20vertimientos/Tr%E1mites%20Manejo%20de%20Aceites%20Usados%20en%20el%20Distrito%20Capital/&sort=name&order=asc HTTP/1.1" 200 6868
181.54.57.138 - - [13/Dec/2014:16:11:41 -0500] "POST /forms/lservlet;jsessionid=ac16012b30d5b6e45f3242ea4ae4823ecfd278d76972.e3iSbxaKaheRe34Sa3yKbhiTahb0n6jAmljGr5XDqQLvpAe HTTP/1.1" 200 2
66.249.67.67 - - [13/Dec/2014:16:11:54 -0500] "GET /BLA/resoluciones/RESOLUCIONES%202004/RES%202004%20251-300/00000274.tif HTTP/1.1" 200 180662
157.55.39.13 - - [13/Dec/2014:16:12:02 -0500] "GET /bla/resoluciones/resoluciones%202010/1147.pdf HTTP/1.1" 200 111696
188.165.15.193 - - [13/Dec/2014:16:12:03 -0500] "GET /dama.php HTTP/1.1" 404 1019
66.249.67.67 - - [13/Dec/2014:16:12:05 -0500] "GET /BLA/resoluciones/RESOLUCIONES%202007/RES%202007%203201%20AL%203300/RESOLUCION%203207%20DE%202007.pdf HTTP/1.1" 200 1082689
66.249.67.67 - - [13/Dec/2014:16:12:39 -0500] "GET /sig/CALIDAD/PLAN%20DE%20MEJORAMIENTO%20POR%20PROCESO/Gesti%C3%B2n%20recursos%20Financieros_126PA02/ HTTP/1.1" 404 1018
66.249.67.75 - - [13/Dec/2014:16:12:40 -0500] "GET /Autoliquidacion/index.php?dir=Solicitudes%20relacionadas%20con%20vertimientos/Tr%E1mites%20Manejo%20de%20Aceites%20Usados%20en%20el%20Distrito%20Capital/&sort=date&order=desc HTTP/1.1" 200 6867
66.249.88.213 - - [13/Dec/2014:16:12:44 -0500] "GET /BLA/boletinlegal/js/jquery.scrollShow.js HTTP/1.1" 200 4586
66.249.88.213 - - [13/Dec/2014:16:12:44 -0500] "GET /BLA/boletinlegal/js/jquery.scrollTo-min.js HTTP/1.1" 200 1150
66.249.88.213 - - [13/Dec/2014:16:12:44 -0500] "GET /BLA/boletinlegal/js/jquery.js HTTP/1.1" 200 57254
157.55.39.217 - - [13/Dec/2014:16:13:04 -0500] "GET /BLA/resoluciones/RESOLUCIONES%202010/2510.pdf HTTP/1.1" 200 276675
201.245.192.253 - - [13/Dec/2014:16:13:31 -0500] "GET /BLA/boletinlegal/consulta_actos.php?tipo=resoluciones&no=5103&usuario=&sector=&fecha=2011&resuelve= HTTP/1.1" 200 623
66.249.67.83 - - [13/Dec/2014:16:13:38 -0500] "GET /BLA/resoluciones/AUTOS%202010/6474.pdf HTTP/1.1" 304 -
201.245.192.253 - - [13/Dec/2014:16:13:41 -0500] "GET /BLA/boletinlegal/consulta_actos.php?tipo=resoluciones&no=5104&usuario=&sector=&fecha=2011&resuelve= HTTP/1.1" 200 1043
181.54.57.138 - - [13/Dec/2014:16:13:41 -0500] "POST /forms/lservlet;jsessionid=ac16012b30d5b6e45f3242ea4ae4823ecfd278d76972.e3iSbxaKaheRe34Sa3yKbhiTahb0n6jAmljGr5XDqQLvpAe HTTP/1.1" 200 2
201.245.192.253 - - [13/Dec/2014:16:13:42 -0500] "GET /BLA/resoluciones/RESOLUCIONES%202011/5104.pdf HTTP/1.1" 200 416439
66.249.67.111 - - [13/Dec/2014:16:13:58 -0500] "GET /portalsiaccapacitaciones/Listas%20de%20Asistencia%202013/Lista%20Asistencia%20Capacitacion%20Gesti%C3%B3n%20Integral%20de%20Riesgos%20Ambientales%2017-10-2013.pdf HTTP/1.1" 200 544461
202.46.60.204 - - [13/Dec/2014:16:14:01 -0500] "GET /BLA/resoluciones/RESOLUCIONES%202010/1793.pdf HTTP/1.1" 200 489559
81.226.42.16 - - [13/Dec/2014:16:14:12 -0500] "GET /BLA/boletinlegal/js/jquery.js HTTP/1.1" 200 57254
81.226.42.16 - - [13/Dec/2014:16:14:12 -0500] "GET /BLA/boletinlegal/js/jquery.scrollTo-min.js HTTP/1.1" 200 1150
81.226.42.16 - - [13/Dec/2014:16:14:12 -0500] "GET /BLA/boletinlegal/js/jquery.scrollShow.js HTTP/1.1" 200 4586
157.55.39.113 - - [13/Dec/2014:16:14:21 -0500] "GET /BLA/resoluciones/Resoluciones%202011/0940.pdf HTTP/1.1" 200 65773
157.55.39.217 - - [13/Dec/2014:16:14:26 -0500] "GET /BLA/resoluciones/RESOLUCIONES%202010/1517.pdf HTTP/1.1" 200 481843
201.245.192.253 - - [13/Dec/2014:16:14:32 -0500] "GET /galeria/nivo-slider/demo/demo.html HTTP/1.1" 304 -
201.245.192.253 - - [13/Dec/2014:16:14:34 -0500] "GET /galeria/nivo-slider/demo/images/Banner-GAE3.jpg HTTP/1.1" 304 -
201.245.192.253 - - [13/Dec/2014:16:14:34 -0500] "GET /galeria/nivo-slider/demo/images/Jornada-adopcion.jpg HTTP/1.1" 304 -
201.245.192.253 - - [13/Dec/2014:16:14:34 -0500] "GET /galeria/nivo-slider/demo/images/ecolecta-Dic2014.png HTTP/1.1" 304 -
201.245.192.253 - - [13/Dec/2014:16:14:34 -0500] "GET /galeria/nivo-slider/demo/images/banner-musgo.jpg HTTP/1.1" 304 -
74.86.158.107 - - [13/Dec/2014:16:14:50 -0500] "HEAD / HTTP/1.1" 302 -
201.245.192.253 - - [13/Dec/2014:16:15:00 -0500] "GET /BLA/boletinlegal/consulta_actos.php?tipo=resoluciones&no=5755&usuario=&sector=&fecha=2011&resuelve= HTTP/1.1" 200 623
157.55.39.113 - - [13/Dec/2014:16:15:01 -0500] "GET /BLA/resoluciones/AUTOS%202009/2385.pdf HTTP/1.1" 200 275961
157.55.39.217 - - [13/Dec/2014:16:15:06 -0500] "GET /BLA/boletinlegal/js/jquery.scrollTo-min.js HTTP/1.1" 200 1150
