201.245.192.253 - - [13/Dec/2014:12:20:18 -0500] "GET /BLA/boletinlegal/consulta_actos.php?tipo=resoluciones&no=1703&usuario=&sector=&fecha=2010&resuelve= HTTP/1.1" 200 1066
201.245.192.253 - - [13/Dec/2014:12:20:20 -0500] "GET /BLA/resoluciones/RESOLUCIONES%202010/1703.pdf HTTP/1.1" 200 314217
186.147.17.151 - - [13/Dec/2014:12:20:20 -0500] "GET /galeria/nivo-slider/demo/images/banner-caballos.png HTTP/1.1" 200 389106
186.147.17.151 - - [13/Dec/2014:12:20:21 -0500] "GET /galeria/nivo-slider/demo/images/Hacienda_Molinos.jpg HTTP/1.1" 200 319171
201.245.192.253 - - [13/Dec/2014:12:20:42 -0500] "GET /BLA/boletinlegal/consulta_actos.php?tipo=resoluciones&no=6880&usuario=&sector=&fecha=2009&resuelve= HTTP/1.1" 200 1038
201.245.192.253 - - [13/Dec/2014:12:20:43 -0500] "GET /BLA/resoluciones/RESOLUCIONES%202009/6880.pdf HTTP/1.1" 200 334108
181.50.150.15 - - [13/Dec/2014:12:20:48 -0500] "GET /hidrico/aguas%20subterraneas/ HTTP/1.1" 404 1296
186.147.17.151 - - [13/Dec/2014:12:20:49 -0500] "GET /galeria/nivo-slider/themes/default/arrows.png HTTP/1.1" 200 824
186.147.17.151 - - [13/Dec/2014:12:20:49 -0500] "GET /galeria/nivo-slider/themes/default/bullets.png HTTP/1.1" 200 1281
66.249.67.115 - - [13/Dec/2014:12:21:20 -0500] "GET /BLA/resoluciones/RESOLUCIONES%202010/4015.pdf HTTP/1.1" 200 896309
66.249.67.123 - - [13/Dec/2014:12:21:30 -0500] "GET /BLA/resoluciones/RESOLUCIONES%202002/RES%202002%20701-750/00000731.tif HTTP/1.1" 200 397336
201.245.192.253 - - [13/Dec/2014:12:21:52 -0500] "GET /BLA/boletinlegal/consulta_actos.php?tipo=resoluciones&no=1704&usuario=&sector=&fecha=2010&resuelve= HTTP/1.1" 200 1066
201.245.192.253 - - [13/Dec/2014:12:21:54 -0500] "GET /BLA/resoluciones/RESOLUCIONES%202010/1704.pdf HTTP/1.1" 200 311013
220.181.108.104 - - [13/Dec/2014:12:21:58 -0500] "GET / HTTP/1.1" 302 -
201.245.192.253 - - [13/Dec/2014:12:21:59 -0500] "GET /BLA/boletinlegal/consulta_actos.php?tipo=resoluciones&no=6881&usuario=&sector=&fecha=2009&resuelve= HTTP/1.1" 200 1056
201.245.192.253 - - [13/Dec/2014:12:22:01 -0500] "GET /BLA/resoluciones/RESOLUCIONES%202009/6881.pdf HTTP/1.1" 200 346172
157.55.39.217 - - [13/Dec/2014:12:22:09 -0500] "GET /BLA/resoluciones/RESOLUCIONES%202011/4717.pdf HTTP/1.1" 200 436569
190.66.126.187 - - [13/Dec/2014:12:22:11 -0500] "POST /forms/lservlet;jsessionid=ac16012b30d55717878fcf064a4bb2929fb151a8a783.e3iSbxaKaheRe34Sa3yKbhiTahb0n6jAmljGr5XDqQLvpAe HTTP/1.1" 200 2
157.55.39.12 - - [13/Dec/2014:12:22:20 -0500] "GET /bla/resoluciones/resoluciones%202009/4109.pdf HTTP/1.1" 200 326126
66.249.67.123 - - [13/Dec/2014:12:22:53 -0500] "GET /BLA/resoluciones/AUTOS%202011/4042.pdf HTTP/1.1" 200 215977
201.245.192.253 - - [13/Dec/2014:12:22:55 -0500] "GET /BLA/boletinlegal/consulta_actos.php?tipo=resoluciones&no=1705&usuario=&sector=&fecha=2010&resuelve= HTTP/1.1" 200 1066
66.249.67.123 - - [13/Dec/2014:12:23:03 -0500] "GET /BLA/resoluciones/RESOLUCIONES%202010/3113.pdf HTTP/1.1" 304 -
201.245.192.253 - - [13/Dec/2014:12:23:10 -0500] "GET /BLA/resoluciones/RESOLUCIONES%202010/1705.pdf HTTP/1.1" 200 309413
157.55.39.240 - - [13/Dec/2014:12:23:13 -0500] "GET /BLA/resoluciones/RESOLUCIONES%202011/0818.pdf HTTP/1.1" 200 643574
201.245.192.253 - - [13/Dec/2014:12:23:18 -0500] "GET /BLA/boletinlegal/consulta_actos.php?tipo=resoluciones&no=6882&usuario=&sector=&fecha=2009&resuelve= HTTP/1.1" 200 1021
201.245.192.253 - - [13/Dec/2014:12:23:19 -0500] "GET /BLA/resoluciones/RESOLUCIONES%202009/6882.pdf HTTP/1.1" 200 272545
109.186.46.66 - - [13/Dec/2014:12:23:31 -0500] "POST /xmlrpc.php HTTP/1.1" 404 1018
201.245.192.253 - - [13/Dec/2014:12:23:52 -0500] "GET /BLA/boletinlegal/consulta_actos.php?tipo=resoluciones&no=1706&usuario=&sector=&fecha=2010&resuelve= HTTP/1.1" 200 1042
201.245.192.253 - - [13/Dec/2014:12:23:53 -0500] "GET /BLA/resoluciones/RESOLUCIONES%202010/1706.pdf HTTP/1.1" 200 428788
190.66.126.187 - - [13/Dec/2014:12:24:12 -0500] "POST /forms/lservlet;jsessionid=ac16012b30d55717878fcf064a4bb2929fb151a8a783.e3iSbxaKaheRe34Sa3yKbhiTahb0n6jAmljGr5XDqQLvpAe HTTP/1.1" 200 2
157.55.39.240 - - [13/Dec/2014:12:24:16 -0500] "GET /bla/resoluciones/resoluciones%202009/9479.pdf HTTP/1.1" 200 501686
157.55.39.113 - - [13/Dec/2014:12:24:21 -0500] "GET /BLA/resoluciones/RESOLUCIONES%202011/0678.pdf HTTP/1.1" 200 68163
201.245.192.253 - - [13/Dec/2014:12:24:21 -0500] "GET /BLA/boletinlegal/consulta_actos.php?tipo=resoluciones&no=6883&usuario=&sector=&fecha=2009&resuelve= HTTP/1.1" 200 1021
201.245.192.253 - - [13/Dec/2014:12:24:23 -0500] "GET /BLA/boletinlegal/consulta_actos.php?tipo=resoluciones&no=1707&usuario=&sector=&fecha=2010&resuelve= HTTP/1.1" 200 1041
201.245.192.253 - - [13/Dec/2014:12:24:24 -0500] "GET /BLA/resoluciones/RESOLUCIONES%202009/6883.pdf HTTP/1.1" 200 333113
66.249.67.123 - - [13/Dec/2014:12:24:26 -0500] "GET /BLA/resoluciones/RESOLUCIONES%202007/RES%202007%203001%20AL%203100/RESOLUCION%203009%20DE%202007.pdf HTTP/1.1" 304 -
201.245.192.253 - - [13/Dec/2014:12:24:28 -0500] "GET /BLA/resoluciones/RESOLUCIONES%202010/1707.pdf HTTP/1.1" 200 414654
201.245.192.253 - - [13/Dec/2014:12:24:47 -0500] "GET /BLA/boletinlegal/consulta_actos.php?tipo=resoluciones&no=1708&usuario=&sector=&fecha=2010&resuelve= HTTP/1.1" 200 1040
201.245.192.253 - - [13/Dec/2014:12:24:49 -0500] "GET /BLA/resoluciones/RESOLUCIONES%202010/1708.pdf HTTP/1.1" 200 414620
74.86.158.107 - - [13/Dec/2014:12:24:50 -0500] "HEAD / HTTP/1.1" 302 -
157.55.39.113 - - [13/Dec/2014:12:25:02 -0500] "GET /bla/resoluciones/resoluciones%202009/9172.pdf HTTP/1.1" 200 435757
201.245.192.253 - - [13/Dec/2014:12:25:20 -0500] "GET /BLA/boletinlegal/consulta_actos.php?tipo=resoluciones&no=1709&usuario=&sector=&fecha=2010&resuelve= HTTP/1.1" 200 1042
201.245.192.253 - - [13/Dec/2014:12:25:21 -0500] "GET /BLA/resoluciones/RESOLUCIONES%202010/1709.pdf HTTP/1.1" 200 414550
201.245.192.253 - - [13/Dec/2014:12:25:32 -0500] "GET /BLA/boletinlegal/consulta_actos.php?tipo=resoluciones&no=6884&usuario=&sector=&fecha=2009&resuelve= HTTP/1.1" 200 1021
201.245.192.253 - - [13/Dec/2014:12:25:33 -0500] "GET /BLA/resoluciones/RESOLUCIONES%202009/6884.pdf HTTP/1.1" 200 349355
201.245.192.253 - - [13/Dec/2014:12:25:38 -0500] "GET /BLA/boletinlegal/consulta_actos.php?tipo=resoluciones&no=1710&usuario=&sector=&fecha=2010&resuelve= HTTP/1.1" 200 1042
201.245.192.253 - - [13/Dec/2014:12:25:42 -0500] "GET /BLA/boletinlegal/consulta_actos.php?tipo=resoluciones&no=1711&usuario=&sector=&fecha=2010&resuelve= HTTP/1.1" 200 1042
201.245.192.253 - - [13/Dec/2014:12:25:46 -0500] "GET /BLA/boletinlegal/consulta_actos.php?tipo=resoluciones&no=1712&usuario=&sector=&fecha=2010&resuelve= HTTP/1.1" 200 1035
201.245.192.253 - - [13/Dec/2014:12:25:49 -0500] "GET /BLA/boletinlegal/consulta_actos.php?tipo=resoluciones&no=1713&usuario=&sector=&fecha=2010&resuelve= HTTP/1.1" 200 1042
201.245.192.253 - - [13/Dec/2014:12:25:52 -0500] "GET /BLA/boletinlegal/consulta_actos.php?tipo=resoluciones&no=1714&usuario=&sector=&fecha=2010&resuelve= HTTP/1.1" 200 1042
66.249.67.123 - - [13/Dec/2014:12:25:53 -0500] "GET /BLA/resoluciones/RESOLUCIONES%202010/0965.pdf HTTP/1.1" 200 440395
201.245.192.253 - - [13/Dec/2014:12:25:54 -0500] "GET /BLA/boletinlegal/consulta_actos.php?tipo=resoluciones&no=1715&usuario=&sector=&fecha=2010&resuelve= HTTP/1.1" 200 1042
66.249.67.131 - - [13/Dec/2014:12:25:59 -0500] "GET /BLA/resoluciones/RESOLUCIONES%202009/9320.pdf HTTP/1.1" 200 1230781
201.245.192.253 - - [13/Dec/2014:12:26:03 -0500] "GET /BLA/boletinlegal/consulta_actos.php?tipo=resoluciones&no=1716&usuario=&sector=&fecha=2010&resuelve= HTTP/1.1" 200 1042
201.245.192.253 - - [13/Dec/2014:12:26:05 -0500] "GET /BLA/boletinlegal/consulta_actos.php?tipo=resoluciones&no=1717&usuario=&sector=&fecha=2010&resuelve= HTTP/1.1" 200 1042
201.245.192.253 - - [13/Dec/2014:12:26:09 -0500] "GET /BLA/boletinlegal/consulta_actos.php?tipo=resoluciones&no=1718&usuario=&sector=&fecha=2010&resuelve= HTTP/1.1" 200 1042
200.93.137.226 - - [13/Dec/2014:12:26:10 -0500] "GET /BLA/resoluciones/RESOLUCIONES%202007/RES%202007%202401%20AL%202500/RESOLUCION%202446%20%20DE%202007.pdf HTTP/1.1" 200 692368
200.93.137.226 - - [13/Dec/2014:12:26:10 -0500] "GET /BLA/resoluciones/RESOLUCIONES%202007/RES%202007%202401%20AL%202500/RESOLUCION%202446%20%20DE%202007.pdf HTTP/1.1" 206 32768
200.93.137.226 - - [13/Dec/2014:12:26:10 -0500] "GET /BLA/resoluciones/RESOLUCIONES%202007/RES%202007%202401%20AL%202500/RESOLUCION%202446%20%20DE%202007.pdf HTTP/1.1" 206 659600
200.93.137.226 - - [13/Dec/2014:12:26:11 -0500] "GET /favicon.ico HTTP/1.1" 200 7782
201.245.192.253 - - [13/Dec/2014:12:26:11 -0500] "GET /BLA/boletinlegal/consulta_actos.php?tipo=resoluciones&no=1719&usuario=&sector=&fecha=2010&resuelve= HTTP/1.1" 200 1042
190.66.126.187 - - [13/Dec/2014:12:26:12 -0500] "POST /forms/lservlet;jsessionid=ac16012b30d55717878fcf064a4bb2929fb151a8a783.e3iSbxaKaheRe34Sa3yKbhiTahb0n6jAmljGr5XDqQLvpAe HTTP/1.1" 200 2
157.55.39.113 - - [13/Dec/2014:12:26:13 -0500] "GET /BLA/resoluciones/AUTOS%202012/0474.pdf HTTP/1.1" 200 196025
201.245.192.253 - - [13/Dec/2014:12:26:14 -0500] "GET /BLA/boletinlegal/consulta_actos.php?tipo=resoluciones&no=1720&usuario=&sector=&fecha=2010&resuelve= HTTP/1.1" 200 1040
157.55.39.240 - - [13/Dec/2014:12:26:18 -0500] "GET /BLA/resoluciones/Resoluciones%202011/1618.pdf HTTP/1.1" 200 69955
181.50.150.15 - - [13/Dec/2014:12:26:27 -0500] "GET /galeria/carrusel/Carrusel/jquery.thumbnailScroller.js HTTP/1.1" 200 8157
181.50.150.15 - - [13/Dec/2014:12:26:27 -0500] "GET /galeria/carrusel/Carrusel/jquery-ui-1.8.13.custom.min.js HTTP/1.1" 200 10800
181.50.150.15 - - [13/Dec/2014:12:26:27 -0500] "GET /galeria/carrusel/Carrusel/jquery.thumbnailScroller.css HTTP/1.1" 200 2066
181.50.150.15 - - [13/Dec/2014:12:26:31 -0500] "GET /galeria/nivo-slider/demo/demo.html HTTP/1.1" 200 3252
181.50.150.15 - - [13/Dec/2014:12:26:31 -0500] "GET /galeria/nivo-slider/themes/default/default.css HTTP/1.1" 200 1569
181.50.150.15 - - [13/Dec/2014:12:26:31 -0500] "GET /galeria/nivo-slider/nivo-slider.css HTTP/1.1" 200 1507
181.50.150.15 - - [13/Dec/2014:12:26:31 -0500] "GET /galeria/nivo-slider/themes/pascal/pascal.css HTTP/1.1" 200 2258
181.50.150.15 - - [13/Dec/2014:12:26:31 -0500] "GET /galeria/nivo-slider/demo/style.css HTTP/1.1" 200 2222
181.50.150.15 - - [13/Dec/2014:12:26:31 -0500] "GET /galeria/nivo-slider/demo/images/banner-musgo.jpg HTTP/1.1" 200 49513
181.50.150.15 - - [13/Dec/2014:12:26:31 -0500] "GET /galeria/nivo-slider/demo/images/ecolecta-Dic2014.png HTTP/1.1" 200 288593
181.50.150.15 - - [13/Dec/2014:12:26:31 -0500] "GET /galeria/nivo-slider/demo/images/Jornada-adopcion.jpg HTTP/1.1" 200 79705
201.245.192.253 - - [13/Dec/2014:12:26:31 -0500] "GET /BLA/boletinlegal/consulta_actos.php?tipo=resoluciones&no=1721&usuario=&sector=&fecha=2010&resuelve= HTTP/1.1" 200 1042
181.50.150.15 - - [13/Dec/2014:12:26:31 -0500] "GET /galeria/nivo-slider/themes/orman/orman.css HTTP/1.1" 200 2152
181.50.150.15 - - [13/Dec/2014:12:26:31 -0500] "GET /galeria/nivo-slider/demo/images/Banner-GAE3.jpg HTTP/1.1" 200 146354
181.50.150.15 - - [13/Dec/2014:12:26:31 -0500] "GET /galeria/nivo-slider/demo/images/porloshumedales.jpg HTTP/1.1" 200 351238
181.50.150.15 - - [13/Dec/2014:12:26:31 -0500] "GET /galeria/nivo-slider/demo/images/Tingua-azul.jpg HTTP/1.1" 200 307638
181.50.150.15 - - [13/Dec/2014:12:26:31 -0500] "GET /galeria/nivo-slider/demo/images/Banner-Caracol-Africano.jpg HTTP/1.1" 200 331986
181.50.150.15 - - [13/Dec/2014:12:26:32 -0500] "GET /galeria/nivo-slider/demo/images/banner-redes.jpg HTTP/1.1" 200 62209
181.50.150.15 - - [13/Dec/2014:12:26:32 -0500] "GET /galeria/nivo-slider/demo/images/9Signos.jpg HTTP/1.1" 200 93040
181.50.150.15 - - [13/Dec/2014:12:26:32 -0500] "GET /galeria/nivo-slider/demo/images/banner-llantas2.jpg HTTP/1.1" 200 73153
181.50.150.15 - - [13/Dec/2014:12:26:32 -0500] "GET /galeria/nivo-slider/demo/images/banner-caballos.png HTTP/1.1" 200 389106
181.50.150.15 - - [13/Dec/2014:12:26:32 -0500] "GET /galeria/nivo-slider/demo/images/Hacienda_Molinos.jpg HTTP/1.1" 200 319171
181.50.150.15 - - [13/Dec/2014:12:26:34 -0500] "GET /galeria/nivo-slider/demo/scripts/jquery-1.7.1.min.js HTTP/1.1" 200 93868
181.50.150.15 - - [13/Dec/2014:12:26:34 -0500] "GET /galeria/nivo-slider/jquery.nivo.slider.pack.js HTTP/1.1" 200 11561
181.50.150.15 - - [13/Dec/2014:12:26:34 -0500] "GET /galeria/nivo-slider/demo/images/4Simple_Slider.png HTTP/1.1" 200 11722
181.50.150.15 - - [13/Dec/2014:12:26:34 -0500] "GET /galeria/nivo-slider/themes/default/loading.gif HTTP/1.1" 200 1737
201.245.192.253 - - [13/Dec/2014:12:26:35 -0500] "GET /BLA/boletinlegal/consulta_actos.php?tipo=resoluciones&no=1722&usuario=&sector=&fecha=2010&resuelve= HTTP/1.1" 200 1042
181.50.150.15 - - [13/Dec/2014:12:26:35 -0500] "GET /galeria/nivo-slider/themes/default/arrows.png HTTP/1.1" 200 824
181.50.150.15 - - [13/Dec/2014:12:26:35 -0500] "GET /galeria/nivo-slider/themes/default/bullets.png HTTP/1.1" 200 1281
201.245.192.253 - - [13/Dec/2014:12:26:38 -0500] "GET /BLA/boletinlegal/consulta_actos.php?tipo=resoluciones&no=1723&usuario=&sector=&fecha=2010&resuelve= HTTP/1.1" 200 1042
181.50.150.15 - - [13/Dec/2014:12:26:40 -0500] "GET /videos/Spot_CambioClimatico.flv HTTP/1.1" 200 4371917
201.245.192.253 - - [13/Dec/2014:12:26:40 -0500] "GET /BLA/boletinlegal/consulta_actos.php?tipo=resoluciones&no=1724&usuario=&sector=&fecha=2010&resuelve= HTTP/1.1" 200 1042
201.245.192.253 - - [13/Dec/2014:12:26:43 -0500] "GET /BLA/boletinlegal/consulta_actos.php?tipo=resoluciones&no=1725&usuario=&sector=&fecha=2010&resuelve= HTTP/1.1" 200 1040
201.245.192.253 - - [13/Dec/2014:12:26:45 -0500] "GET /BLA/boletinlegal/consulta_actos.php?tipo=resoluciones&no=1726&usuario=&sector=&fecha=2010&resuelve= HTTP/1.1" 200 1042
201.245.192.253 - - [13/Dec/2014:12:26:48 -0500] "GET /BLA/boletinlegal/consulta_actos.php?tipo=resoluciones&no=1727&usuario=&sector=&fecha=2010&resuelve= HTTP/1.1" 200 1034
201.245.192.253 - - [13/Dec/2014:12:26:50 -0500] "GET /BLA/boletinlegal/consulta_actos.php?tipo=resoluciones&no=1728&usuario=&sector=&fecha=2010&resuelve= HTTP/1.1" 200 1042
201.245.192.253 - - [13/Dec/2014:12:26:53 -0500] "GET /BLA/boletinlegal/consulta_actos.php?tipo=resoluciones&no=1729&usuario=&sector=&fecha=2010&resuelve= HTTP/1.1" 200 1042
201.245.192.253 - - [13/Dec/2014:12:26:55 -0500] "GET /BLA/boletinlegal/consulta_actos.php?tipo=resoluciones&no=1730&usuario=&sector=&fecha=2010&resuelve= HTTP/1.1" 200 987
201.245.192.253 - - [13/Dec/2014:12:26:59 -0500] "GET /BLA/boletinlegal/consulta_actos.php?tipo=resoluciones&no=1731&usuario=&sector=&fecha=2010&resuelve= HTTP/1.1" 200 1030
201.245.192.253 - - [13/Dec/2014:12:27:02 -0500] "GET /BLA/boletinlegal/consulta_actos.php?tipo=resoluciones&no=1732&usuario=&sector=&fecha=2010&resuelve= HTTP/1.1" 200 1035
201.245.192.253 - - [13/Dec/2014:12:27:04 -0500] "GET /BLA/boletinlegal/consulta_actos.php?tipo=resoluciones&no=1733&usuario=&sector=&fecha=2010&resuelve= HTTP/1.1" 200 1042
201.245.192.253 - - [13/Dec/2014:12:27:05 -0500] "GET /BLA/boletinlegal/consulta_actos.php?tipo=resoluciones&no=6885&usuario=&sector=&fecha=2009&resuelve= HTTP/1.1" 200 1021
201.245.192.253 - - [13/Dec/2014:12:27:06 -0500] "GET /BLA/resoluciones/RESOLUCIONES%202009/6885.pdf HTTP/1.1" 200 340341
201.245.192.253 - - [13/Dec/2014:12:27:07 -0500] "GET /BLA/boletinlegal/consulta_actos.php?tipo=resoluciones&no=1734&usuario=&sector=&fecha=2010&resuelve= HTTP/1.1" 200 1041
201.245.192.253 - - [13/Dec/2014:12:27:11 -0500] "GET /BLA/boletinlegal/consulta_actos.php?tipo=resoluciones&no=1735&usuario=&sector=&fecha=2010&resuelve= HTTP/1.1" 200 1042
201.245.192.253 - - [13/Dec/2014:12:27:14 -0500] "GET /BLA/boletinlegal/consulta_actos.php?tipo=resoluciones&no=1736&usuario=&sector=&fecha=2010&resuelve= HTTP/1.1" 200 1042
201.245.192.253 - - [13/Dec/2014:12:27:17 -0500] "GET /BLA/boletinlegal/consulta_actos.php?tipo=resoluciones&no=1737&usuario=&sector=&fecha=2010&resuelve= HTTP/1.1" 200 1042
201.245.192.253 - - [13/Dec/2014:12:27:19 -0500] "GET /BLA/boletinlegal/consulta_actos.php?tipo=resoluciones&no=1738&usuario=&sector=&fecha=2010&resuelve= HTTP/1.1" 200 1042
201.245.192.253 - - [13/Dec/2014:12:27:21 -0500] "GET /BLA/boletinlegal/consulta_actos.php?tipo=resoluciones&no=1739&usuario=&sector=&fecha=2010&resuelve= HTTP/1.1" 200 1041
157.55.39.113 - - [13/Dec/2014:12:27:22 -0500] "GET /BLA/resoluciones/AUTOS%202011/1305.pdf HTTP/1.1" 200 152177
201.245.192.253 - - [13/Dec/2014:12:27:24 -0500] "GET /BLA/resoluciones/RESOLUCIONES%202010/1739.pdf HTTP/1.1" 200 555029
66.249.67.115 - - [13/Dec/2014:12:27:32 -0500] "GET /BLA/resoluciones/RESOLUCIONES%202007/RES%202007%203501%20AL%203600/RESOLUCION%203506%20DE%202007.pdf HTTP/1.1" 200 257841
157.55.39.113 - - [13/Dec/2014:12:27:39 -0500] "GET /BLA/resoluciones/RESOLUCIONES%202008/0660.pdf HTTP/1.1" 200 250847
157.55.39.240 - - [13/Dec/2014:12:27:41 -0500] "GET /BLA/resoluciones/AUTOS%202009/1739.pdf HTTP/1.1" 200 99922
201.245.192.253 - - [13/Dec/2014:12:27:46 -0500] "GET /BLA/boletinlegal/consulta_actos.php?tipo=resoluciones&no=1740&usuario=&sector=&fecha=2010&resuelve= HTTP/1.1" 200 1042
157.55.39.113 - - [13/Dec/2014:12:27:49 -0500] "GET /BLA/resoluciones/RESOLUCIONES%202010/2829.pdf HTTP/1.1" 200 317000
201.245.192.253 - - [13/Dec/2014:12:27:50 -0500] "GET /BLA/boletinlegal/consulta_actos.php?tipo=resoluciones&no=1741&usuario=&sector=&fecha=2010&resuelve= HTTP/1.1" 200 1042
181.54.57.138 - - [13/Dec/2014:12:27:51 -0500] "GET /forms/frmservlet?config=sia HTTP/1.1" 200 4028
181.50.150.15 - - [13/Dec/2014:12:27:52 -0500] "GET /hidrico/aguas%20subterraneas/ HTTP/1.1" 404 1296
201.245.192.253 - - [13/Dec/2014:12:27:52 -0500] "GET /BLA/boletinlegal/consulta_actos.php?tipo=resoluciones&no=1742&usuario=&sector=&fecha=2010&resuelve= HTTP/1.1" 200 1042
181.54.57.138 - - [13/Dec/2014:12:27:54 -0500] "GET /forms/java/frmall_jinit.jar HTTP/1.1" 304 -
181.54.57.138 - - [13/Dec/2014:12:27:54 -0500] "GET /forms/java/icons.jar HTTP/1.1" 304 -
201.245.192.253 - - [13/Dec/2014:12:27:54 -0500] "GET /BLA/boletinlegal/consulta_actos.php?tipo=resoluciones&no=1743&usuario=&sector=&fecha=2010&resuelve= HTTP/1.1" 200 1039
181.54.57.138 - - [13/Dec/2014:12:27:54 -0500] "GET /forms/java/java/awt/KeyboardFocusManager.class HTTP/1.1" 404 352
181.54.57.138 - - [13/Dec/2014:12:27:55 -0500] "GET /forms/java/java/awt/KeyboardFocusManager.class HTTP/1.1" 404 352
157.55.39.217 - - [13/Dec/2014:12:27:55 -0500] "GET /bla/resoluciones/resoluciones%202010/1711.pdf HTTP/1.1" 200 388982
157.55.39.217 - - [13/Dec/2014:12:27:55 -0500] "GET /bla/resoluciones/resoluciones%202010/6544.pdf HTTP/1.1" 200 580665
181.54.57.138 - - [13/Dec/2014:12:27:56 -0500] "GET /forms/java/java/awt/event/MouseWheelListener.class HTTP/1.1" 404 356
201.245.192.253 - - [13/Dec/2014:12:27:56 -0500] "GET /BLA/boletinlegal/consulta_actos.php?tipo=resoluciones&no=1744&usuario=&sector=&fecha=2010&resuelve= HTTP/1.1" 200 1042
181.54.57.138 - - [13/Dec/2014:12:27:57 -0500] "GET /forms/java/java/awt/event/MouseWheelListener.class HTTP/1.1" 404 356
201.245.192.253 - - [13/Dec/2014:12:27:59 -0500] "GET /BLA/boletinlegal/consulta_actos.php?tipo=resoluciones&no=1745&usuario=&sector=&fecha=2010&resuelve= HTTP/1.1" 200 1042
181.54.57.138 - - [13/Dec/2014:12:27:59 -0500] "GET /forms/java/oracle/forms/registry/Registry.dat HTTP/1.1" 200 4213
201.245.192.253 - - [13/Dec/2014:12:28:02 -0500] "GET /BLA/boletinlegal/consulta_actos.php?tipo=resoluciones&no=1746&usuario=&sector=&fecha=2010&resuelve= HTTP/1.1" 200 983
181.54.57.138 - - [13/Dec/2014:12:28:02 -0500] "GET /forms/java/oracle/forms/registry/default.dat HTTP/1.1" 404 350
201.245.192.253 - - [13/Dec/2014:12:28:04 -0500] "GET /BLA/boletinlegal/consulta_actos.php?tipo=resoluciones&no=1747&usuario=&sector=&fecha=2010&resuelve= HTTP/1.1" 200 1011
181.54.57.138 - - [13/Dec/2014:12:28:05 -0500] "GET /forms/frmservlet?config=sia&acceptLanguage=es-CO&ifcmd=startsession HTTP/1.1" 200 119
181.54.57.138 - - [13/Dec/2014:12:28:06 -0500] "GET /forms/lservlet;jsessionid=ac16012b30d54a8e52fbeaed4d79a72fffdc3bd640df.e3iSbxaKaheRe34Sa3yKbhiTahb0n6jAmljGr5XDqQLvpAe?ifcmd=getinfo&ifhost=DanielRoa&ifip=192.168.0.10 HTTP/1.1" 200 8
181.54.57.138 - - [13/Dec/2014:12:28:07 -0500] "POST /forms/lservlet;jsessionid=ac16012b30d54a8e52fbeaed4d79a72fffdc3bd640df.e3iSbxaKaheRe34Sa3yKbhiTahb0n6jAmljGr5XDqQLvpAe HTTP/1.1" 200 8
181.54.57.138 - - [13/Dec/2014:12:28:07 -0500] "GET /forms/java/oracle/forms/engine/RunformBundle_es_CO.class HTTP/1.1" 404 362
181.54.57.138 - - [13/Dec/2014:12:28:07 -0500] "GET /forms/java/oracle/forms/engine/RunformBundle_es_CO.class HTTP/1.1" 404 362
181.54.57.138 - - [13/Dec/2014:12:28:08 -0500] "GET /forms/java/oracle/forms/engine/RunformBundle_es_CO.properties HTTP/1.1" 404 367
181.54.57.138 - - [13/Dec/2014:12:28:08 -0500] "POST /forms/lservlet;jsessionid=ac16012b30d54a8e52fbeaed4d79a72fffdc3bd640df.e3iSbxaKaheRe34Sa3yKbhiTahb0n6jAmljGr5XDqQLvpAe HTTP/1.1" 200 64000
181.54.57.138 - - [13/Dec/2014:12:28:08 -0500] "POST /forms/lservlet;jsessionid=ac16012b30d54a8e52fbeaed4d79a72fffdc3bd640df.e3iSbxaKaheRe34Sa3yKbhiTahb0n6jAmljGr5XDqQLvpAe HTTP/1.1" 200 64000
181.54.57.138 - - [13/Dec/2014:12:28:09 -0500] "POST /forms/lservlet;jsessionid=ac16012b30d54a8e52fbeaed4d79a72fffdc3bd640df.e3iSbxaKaheRe34Sa3yKbhiTahb0n6jAmljGr5XDqQLvpAe HTTP/1.1" 200 63623
181.54.57.138 - - [13/Dec/2014:12:28:10 -0500] "HEAD /imagenes/dama_logo.gif HTTP/1.1" 200 -
181.54.57.138 - - [13/Dec/2014:12:28:10 -0500] "GET /imagenes/dama_logo.gif HTTP/1.1" 200 21482
181.54.57.138 - - [13/Dec/2014:12:28:11 -0500] "POST /forms/lservlet;jsessionid=ac16012b30d54a8e52fbeaed4d79a72fffdc3bd640df.e3iSbxaKaheRe34Sa3yKbhiTahb0n6jAmljGr5XDqQLvpAe HTTP/1.1" 200 2
181.54.57.138 - - [13/Dec/2014:12:28:11 -0500] "POST /forms/lservlet;jsessionid=ac16012b30d54a8e52fbeaed4d79a72fffdc3bd640df.e3iSbxaKaheRe34Sa3yKbhiTahb0n6jAmljGr5XDqQLvpAe HTTP/1.1" 200 2
190.66.126.187 - - [13/Dec/2014:12:28:12 -0500] "POST /forms/lservlet;jsessionid=ac16012b30d55717878fcf064a4bb2929fb151a8a783.e3iSbxaKaheRe34Sa3yKbhiTahb0n6jAmljGr5XDqQLvpAe HTTP/1.1" 200 2
201.245.192.253 - - [13/Dec/2014:12:28:17 -0500] "GET /BLA/boletinlegal/consulta_actos.php?tipo=resoluciones&no=6886&usuario=&sector=&fecha=2009&resuelve= HTTP/1.1" 200 1021
66.249.67.123 - - [13/Dec/2014:12:28:18 -0500] "GET /BLA/resoluciones/RESOLUCIONES%202005/RES%202005%202451-2500/00002497.tif HTTP/1.1" 200 494840
201.245.192.253 - - [13/Dec/2014:12:28:19 -0500] "GET /BLA/resoluciones/RESOLUCIONES%202009/6886.pdf HTTP/1.1" 200 342353
201.245.192.253 - - [13/Dec/2014:12:28:25 -0500] "GET /BLA/resoluciones/RESOLUCIONES%202010/1747.pdf HTTP/1.1" 200 413514
157.55.39.113 - - [13/Dec/2014:12:28:30 -0500] "GET /BLA/resoluciones/Resoluciones%202011/2444.pdf HTTP/1.1" 200 744128
66.249.67.123 - - [13/Dec/2014:12:28:44 -0500] "GET /BLA/resoluciones/AUTOS%202009/2581.pdf HTTP/1.1" 200 90417
201.245.192.253 - - [13/Dec/2014:12:28:48 -0500] "GET /galeria/nivo-slider/demo/demo.html HTTP/1.1" 304 -
201.245.192.253 - - [13/Dec/2014:12:28:48 -0500] "GET /galeria/nivo-slider/demo/images/ecolecta-Dic2014.png HTTP/1.1" 304 -
201.245.192.253 - - [13/Dec/2014:12:28:48 -0500] "GET /galeria/nivo-slider/demo/images/banner-musgo.jpg HTTP/1.1" 304 -
201.245.192.253 - - [13/Dec/2014:12:28:48 -0500] "GET /galeria/nivo-slider/demo/images/Jornada-adopcion.jpg HTTP/1.1" 304 -
201.245.192.253 - - [13/Dec/2014:12:28:48 -0500] "GET /galeria/nivo-slider/demo/images/Banner-GAE3.jpg HTTP/1.1" 304 -
201.245.192.253 - - [13/Dec/2014:12:28:48 -0500] "GET /galeria/nivo-slider/demo/images/porloshumedales.jpg HTTP/1.1" 304 -
201.245.192.253 - - [13/Dec/2014:12:28:49 -0500] "GET /galeria/nivo-slider/demo/images/Tingua-azul.jpg HTTP/1.1" 304 -
201.245.192.253 - - [13/Dec/2014:12:28:49 -0500] "GET /galeria/nivo-slider/demo/images/Banner-Caracol-Africano.jpg HTTP/1.1" 304 -
201.245.192.253 - - [13/Dec/2014:12:28:49 -0500] "GET /galeria/nivo-slider/demo/images/banner-redes.jpg HTTP/1.1" 304 -
190.26.253.135 - - [13/Dec/2014:12:28:53 -0500] "GET /BLA/boletinlegal/js/jquery.js HTTP/1.1" 200 57254
190.26.253.135 - - [13/Dec/2014:12:28:53 -0500] "GET /BLA/boletinlegal/js/jquery.scrollTo-min.js HTTP/1.1" 200 1150
190.26.253.135 - - [13/Dec/2014:12:28:53 -0500] "GET /BLA/boletinlegal/js/jquery.scrollShow.js HTTP/1.1" 200 4586
190.26.253.135 - - [13/Dec/2014:12:28:53 -0500] "GET /galeria/carrusel/Carrusel/jquery.thumbnailScroller.css HTTP/1.1" 200 2066
190.26.253.135 - - [13/Dec/2014:12:28:53 -0500] "GET /galeria/carrusel/Carrusel/jquery-ui-1.8.13.custom.min.js HTTP/1.1" 200 10800
190.26.253.135 - - [13/Dec/2014:12:28:53 -0500] "GET /BLA/boletinlegal/js/jquery.js HTTP/1.1" 206 1
190.26.253.135 - - [13/Dec/2014:12:28:53 -0500] "GET /BLA/boletinlegal/js/jquery.js HTTP/1.1" 206 15539
66.249.67.123 - - [13/Dec/2014:12:29:05 -0500] "GET /BLA/circulares/5-2011-SDA.pdf HTTP/1.1" 200 1488992
201.245.192.253 - - [13/Dec/2014:12:29:07 -0500] "GET /BLA/boletinlegal/consulta_actos.php?tipo=resoluciones&no=6887&usuario=&sector=&fecha=2009&resuelve= HTTP/1.1" 200 1021
201.245.192.253 - - [13/Dec/2014:12:29:08 -0500] "GET /BLA/resoluciones/RESOLUCIONES%202009/6887.pdf HTTP/1.1" 200 341187
181.50.150.15 - - [13/Dec/2014:12:29:31 -0500] "GET /hidrico/aguas%20subterraneas/ HTTP/1.1" 404 1296
186.28.104.229 - - [13/Dec/2014:12:29:35 -0500] "GET /BLA/resoluciones/RESOLUCIONES%202009/7149.pdf HTTP/1.1" 200 140386
186.28.104.229 - - [13/Dec/2014:12:29:35 -0500] "GET /BLA/resoluciones/RESOLUCIONES%202009/7149.pdf HTTP/1.1" 206 32768
157.55.39.240 - - [13/Dec/2014:12:29:36 -0500] "GET /BLA/resoluciones/RESOLUCIONES%202010/1276.pdf HTTP/1.1" 200 98845
186.28.104.229 - - [13/Dec/2014:12:29:37 -0500] "GET /BLA/resoluciones/RESOLUCIONES%202009/7149.pdf HTTP/1.1" 206 107618
100.43.85.25 - - [13/Dec/2014:12:29:38 -0500] "GET /videos/?C=M;O=A HTTP/1.1" 200 47950
201.245.192.253 - - [13/Dec/2014:12:29:38 -0500] "GET /BLA/boletinlegal/consulta_actos.php?tipo=resoluciones&no=1748&usuario=&sector=&fecha=2010&resuelve= HTTP/1.1" 200 1012
201.245.192.253 - - [13/Dec/2014:12:29:43 -0500] "GET /BLA/boletinlegal/consulta_actos.php?tipo=resoluciones&no=1749&usuario=&sector=&fecha=2010&resuelve= HTTP/1.1" 200 1042
201.245.192.253 - - [13/Dec/2014:12:29:46 -0500] "GET /BLA/boletinlegal/consulta_actos.php?tipo=resoluciones&no=1750&usuario=&sector=&fecha=2010&resuelve= HTTP/1.1" 200 980
186.155.151.46 - - [13/Dec/2014:12:29:47 -0500] "GET /BLA/boletinlegal/js/jquery.js HTTP/1.1" 200 57254
186.155.151.46 - - [13/Dec/2014:12:29:47 -0500] "GET /BLA/boletinlegal/js/jquery.scrollTo-min.js HTTP/1.1" 200 1150
186.155.151.46 - - [13/Dec/2014:12:29:47 -0500] "GET /BLA/boletinlegal/js/jquery.scrollShow.js HTTP/1.1" 200 4586
186.155.151.46 - - [13/Dec/2014:12:29:47 -0500] "GET /galeria/carrusel/Carrusel/jquery.thumbnailScroller.css HTTP/1.1" 200 2066
186.155.151.46 - - [13/Dec/2014:12:29:47 -0500] "GET /galeria/carrusel/Carrusel/jquery-ui-1.8.13.custom.min.js HTTP/1.1" 200 10800
186.155.151.46 - - [13/Dec/2014:12:29:47 -0500] "GET /galeria/carrusel/Carrusel/jquery.thumbnailScroller.js HTTP/1.1" 200 8157
201.245.192.253 - - [13/Dec/2014:12:29:48 -0500] "GET /BLA/boletinlegal/consulta_actos.php?tipo=resoluciones&no=1751&usuario=&sector=&fecha=2010&resuelve= HTTP/1.1" 200 1023
186.155.151.46 - - [13/Dec/2014:12:29:50 -0500] "GET /galeria/nivo-slider/demo/demo.html HTTP/1.1" 200 3252
74.86.158.107 - - [13/Dec/2014:12:29:50 -0500] "HEAD / HTTP/1.1" 302 -
186.155.151.46 - - [13/Dec/2014:12:29:50 -0500] "GET /galeria/nivo-slider/themes/default/default.css HTTP/1.1" 200 1569
186.155.151.46 - - [13/Dec/2014:12:29:50 -0500] "GET /galeria/nivo-slider/themes/pascal/pascal.css HTTP/1.1" 200 2258
186.155.151.46 - - [13/Dec/2014:12:29:50 -0500] "GET /galeria/nivo-slider/themes/orman/orman.css HTTP/1.1" 200 2152
186.155.151.46 - - [13/Dec/2014:12:29:50 -0500] "GET /galeria/nivo-slider/nivo-slider.css HTTP/1.1" 200 1507
186.155.151.46 - - [13/Dec/2014:12:29:50 -0500] "GET /galeria/nivo-slider/demo/style.css HTTP/1.1" 200 2222
186.155.151.46 - - [13/Dec/2014:12:29:50 -0500] "GET /galeria/nivo-slider/demo/images/ecolecta-Dic2014.png HTTP/1.1" 200 288593
186.155.151.46 - - [13/Dec/2014:12:29:50 -0500] "GET /galeria/nivo-slider/demo/images/banner-musgo.jpg HTTP/1.1" 200 49513
186.155.151.46 - - [13/Dec/2014:12:29:50 -0500] "GET /galeria/nivo-slider/demo/images/Jornada-adopcion.jpg HTTP/1.1" 200 79705
186.155.151.46 - - [13/Dec/2014:12:29:50 -0500] "GET /galeria/nivo-slider/demo/images/Banner-GAE3.jpg HTTP/1.1" 200 146354
186.155.151.46 - - [13/Dec/2014:12:29:50 -0500] "GET /galeria/nivo-slider/demo/images/porloshumedales.jpg HTTP/1.1" 200 351238
186.155.151.46 - - [13/Dec/2014:12:29:50 -0500] "GET /galeria/nivo-slider/demo/images/Tingua-azul.jpg HTTP/1.1" 200 307638
186.155.151.46 - - [13/Dec/2014:12:29:51 -0500] "GET /galeria/nivo-slider/demo/images/Banner-Caracol-Africano.jpg HTTP/1.1" 200 331986
186.155.151.46 - - [13/Dec/2014:12:29:51 -0500] "GET /galeria/nivo-slider/demo/images/banner-redes.jpg HTTP/1.1" 200 62209
201.245.192.253 - - [13/Dec/2014:12:29:51 -0500] "GET /BLA/boletinlegal/consulta_actos.php?tipo=resoluciones&no=1752&usuario=&sector=&fecha=2010&resuelve= HTTP/1.1" 200 987
186.155.151.46 - - [13/Dec/2014:12:29:52 -0500] "GET /galeria/nivo-slider/demo/images/9Signos.jpg HTTP/1.1" 200 93040
186.155.151.46 - - [13/Dec/2014:12:29:52 -0500] "GET /galeria/nivo-slider/demo/images/banner-llantas2.jpg HTTP/1.1" 200 73153
186.155.151.46 - - [13/Dec/2014:12:29:52 -0500] "GET /galeria/nivo-slider/demo/images/banner-caballos.png HTTP/1.1" 200 389106
186.155.151.46 - - [13/Dec/2014:12:29:52 -0500] "GET /galeria/nivo-slider/demo/images/Hacienda_Molinos.jpg HTTP/1.1" 200 319171
186.155.151.46 - - [13/Dec/2014:12:29:52 -0500] "GET /galeria/nivo-slider/demo/scripts/jquery-1.7.1.min.js HTTP/1.1" 200 93868
186.155.151.46 - - [13/Dec/2014:12:29:53 -0500] "GET /galeria/nivo-slider/jquery.nivo.slider.pack.js HTTP/1.1" 200 11561
186.155.151.46 - - [13/Dec/2014:12:29:54 -0500] "GET /galeria/nivo-slider/demo/images/4Simple_Slider.png HTTP/1.1" 200 11722
186.155.151.46 - - [13/Dec/2014:12:29:54 -0500] "GET /galeria/nivo-slider/themes/default/loading.gif HTTP/1.1" 200 1737
201.245.192.253 - - [13/Dec/2014:12:29:54 -0500] "GET /BLA/boletinlegal/consulta_actos.php?tipo=resoluciones&no=1753&usuario=&sector=&fecha=2010&resuelve= HTTP/1.1" 200 1019
186.155.151.46 - - [13/Dec/2014:12:29:54 -0500] "GET /galeria/nivo-slider/themes/default/arrows.png HTTP/1.1" 200 824
186.155.151.46 - - [13/Dec/2014:12:29:54 -0500] "GET /galeria/nivo-slider/themes/default/bullets.png HTTP/1.1" 200 1281
201.245.192.253 - - [13/Dec/2014:12:29:57 -0500] "GET /BLA/boletinlegal/consulta_actos.php?tipo=resoluciones&no=1754&usuario=&sector=&fecha=2010&resuelve= HTTP/1.1" 200 1019
201.245.192.253 - - [13/Dec/2014:12:29:59 -0500] "GET /BLA/boletinlegal/consulta_actos.php?tipo=resoluciones&no=1755&usuario=&sector=&fecha=2010&resuelve= HTTP/1.1" 200 1016
201.245.192.253 - - [13/Dec/2014:12:30:01 -0500] "GET /BLA/boletinlegal/consulta_actos.php?tipo=resoluciones&no=6888&usuario=&sector=&fecha=2009&resuelve= HTTP/1.1" 200 1021
201.245.192.253 - - [13/Dec/2014:12:30:02 -0500] "GET /BLA/boletinlegal/consulta_actos.php?tipo=resoluciones&no=1756&usuario=&sector=&fecha=2010&resuelve= HTTP/1.1" 200 1048
201.245.192.253 - - [13/Dec/2014:12:30:03 -0500] "GET /BLA/resoluciones/RESOLUCIONES%202009/6888.pdf HTTP/1.1" 200 337813
201.245.192.253 - - [13/Dec/2014:12:30:04 -0500] "GET /BLA/boletinlegal/consulta_actos.php?tipo=resoluciones&no=1757&usuario=&sector=&fecha=2010&resuelve= HTTP/1.1" 200 1001
186.28.104.229 - - [13/Dec/2014:12:30:06 -0500] "GET /CertificadoAportes/ HTTP/1.1" 404 1232
201.245.192.253 - - [13/Dec/2014:12:30:07 -0500] "GET /BLA/boletinlegal/consulta_actos.php?tipo=resoluciones&no=1758&usuario=&sector=&fecha=2010&resuelve= HTTP/1.1" 200 1008
181.54.57.138 - - [13/Dec/2014:12:30:08 -0500] "POST /forms/lservlet;jsessionid=ac16012b30d54a8e52fbeaed4d79a72fffdc3bd640df.e3iSbxaKaheRe34Sa3yKbhiTahb0n6jAmljGr5XDqQLvpAe HTTP/1.1" 200 2
201.245.192.253 - - [13/Dec/2014:12:30:10 -0500] "GET /BLA/boletinlegal/consulta_actos.php?tipo=resoluciones&no=1759&usuario=&sector=&fecha=2010&resuelve= HTTP/1.1" 200 993
190.66.126.187 - - [13/Dec/2014:12:30:13 -0500] "POST /forms/lservlet;jsessionid=ac16012b30d55717878fcf064a4bb2929fb151a8a783.e3iSbxaKaheRe34Sa3yKbhiTahb0n6jAmljGr5XDqQLvpAe HTTP/1.1" 200 2
201.245.192.253 - - [13/Dec/2014:12:30:14 -0500] "GET /BLA/boletinlegal/consulta_actos.php?tipo=resoluciones&no=1760&usuario=&sector=&fecha=2010&resuelve= HTTP/1.1" 200 1004
201.245.192.253 - - [13/Dec/2014:12:30:17 -0500] "GET /BLA/boletinlegal/consulta_actos.php?tipo=resoluciones&no=1761&usuario=&sector=&fecha=2010&resuelve= HTTP/1.1" 200 1012
201.245.192.253 - - [13/Dec/2014:12:30:19 -0500] "GET /BLA/boletinlegal/consulta_actos.php?tipo=resoluciones&no=1762&usuario=&sector=&fecha=2010&resuelve= HTTP/1.1" 200 1019
201.245.192.253 - - [13/Dec/2014:12:30:23 -0500] "GET /BLA/boletinlegal/consulta_actos.php?tipo=resoluciones&no=1763&usuario=&sector=&fecha=2010&resuelve= HTTP/1.1" 200 1019
201.245.192.253 - - [13/Dec/2014:12:30:25 -0500] "GET /BLA/boletinlegal/consulta_actos.php?tipo=resoluciones&no=1764&usuario=&sector=&fecha=2010&resuelve= HTTP/1.1" 200 1034
201.245.192.253 - - [13/Dec/2014:12:30:33 -0500] "GET /BLA/resoluciones/RESOLUCIONES%202010/1764.pdf HTTP/1.1" 200 450831
66.249.67.123 - - [13/Dec/2014:12:30:38 -0500] "GET /BLA/resoluciones/RESOLUCIONES%202007/RES%202007%202001%20AL%202100/RESOLUCION%202075%20DE%202007.pdf HTTP/1.1" 200 947192
82.21.165.163 - - [13/Dec/2014:12:30:39 -0500] "GET /webdav/x32.php HTTP/1.1" 404 1018
186.155.151.46 - - [13/Dec/2014:12:30:53 -0500] "GET /videos/Spot_CambioClimatico.flv HTTP/1.1" 200 4371917
201.245.192.253 - - [13/Dec/2014:12:30:53 -0500] "GET /galeria/nivo-slider/demo/demo.html HTTP/1.1" 304 -
201.245.192.253 - - [13/Dec/2014:12:30:53 -0500] "GET /galeria/nivo-slider/themes/default/default.css HTTP/1.1" 304 -
201.245.192.253 - - [13/Dec/2014:12:30:53 -0500] "GET /galeria/nivo-slider/themes/pascal/pascal.css HTTP/1.1" 304 -
201.245.192.253 - - [13/Dec/2014:12:30:53 -0500] "GET /galeria/nivo-slider/themes/orman/orman.css HTTP/1.1" 304 -
201.245.192.253 - - [13/Dec/2014:12:30:53 -0500] "GET /galeria/nivo-slider/nivo-slider.css HTTP/1.1" 304 -
201.245.192.253 - - [13/Dec/2014:12:30:53 -0500] "GET /galeria/nivo-slider/demo/style.css HTTP/1.1" 304 -
201.245.192.253 - - [13/Dec/2014:12:30:53 -0500] "GET /galeria/nivo-slider/demo/images/ecolecta-Dic2014.png HTTP/1.1" 304 -
201.245.192.253 - - [13/Dec/2014:12:30:53 -0500] "GET /galeria/nivo-slider/demo/images/banner-musgo.jpg HTTP/1.1" 304 -
201.245.192.253 - - [13/Dec/2014:12:30:53 -0500] "GET /galeria/nivo-slider/demo/images/Jornada-adopcion.jpg HTTP/1.1" 304 -
201.245.192.253 - - [13/Dec/2014:12:30:53 -0500] "GET /galeria/nivo-slider/demo/images/porloshumedales.jpg HTTP/1.1" 304 -
201.245.192.253 - - [13/Dec/2014:12:30:53 -0500] "GET /galeria/nivo-slider/demo/images/Banner-GAE3.jpg HTTP/1.1" 304 -
201.245.192.253 - - [13/Dec/2014:12:30:53 -0500] "GET /galeria/nivo-slider/demo/images/Tingua-azul.jpg HTTP/1.1" 304 -
201.245.192.253 - - [13/Dec/2014:12:30:53 -0500] "GET /galeria/nivo-slider/demo/images/Banner-Caracol-Africano.jpg HTTP/1.1" 304 -
201.245.192.253 - - [13/Dec/2014:12:30:53 -0500] "GET /galeria/nivo-slider/demo/images/banner-redes.jpg HTTP/1.1" 304 -
201.245.192.253 - - [13/Dec/2014:12:30:54 -0500] "GET /galeria/nivo-slider/demo/images/9Signos.jpg HTTP/1.1" 304 -
201.245.192.253 - - [13/Dec/2014:12:30:54 -0500] "GET /galeria/nivo-slider/demo/images/banner-caballos.png HTTP/1.1" 304 -
201.245.192.253 - - [13/Dec/2014:12:30:54 -0500] "GET /galeria/nivo-slider/demo/images/Hacienda_Molinos.jpg HTTP/1.1" 304 -
201.245.192.253 - - [13/Dec/2014:12:30:54 -0500] "GET /galeria/nivo-slider/jquery.nivo.slider.pack.js HTTP/1.1" 304 -
201.245.192.253 - - [13/Dec/2014:12:30:54 -0500] "GET /galeria/nivo-slider/demo/scripts/jquery-1.7.1.min.js HTTP/1.1" 304 -
201.245.192.253 - - [13/Dec/2014:12:30:54 -0500] "GET /galeria/nivo-slider/demo/images/4Simple_Slider.png HTTP/1.1" 304 -
201.245.192.253 - - [13/Dec/2014:12:30:54 -0500] "GET /galeria/nivo-slider/themes/default/loading.gif HTTP/1.1" 304 -
201.245.192.253 - - [13/Dec/2014:12:30:54 -0500] "GET /galeria/nivo-slider/themes/default/arrows.png HTTP/1.1" 304 -
201.245.192.253 - - [13/Dec/2014:12:30:54 -0500] "GET /galeria/nivo-slider/themes/default/bullets.png HTTP/1.1" 304 -
201.245.192.253 - - [13/Dec/2014:12:31:00 -0500] "GET /BLA/boletinlegal/consulta_actos.php?tipo=resoluciones&no=6889&usuario=&sector=&fecha=2009&resuelve= HTTP/1.1" 200 1021
201.245.192.253 - - [13/Dec/2014:12:31:01 -0500] "GET /BLA/resoluciones/RESOLUCIONES%202009/6889.pdf HTTP/1.1" 200 337057
190.144.13.66 - - [13/Dec/2014:12:31:16 -0500] "GET /BLA/boletinlegal/js/jquery.scrollTo-min.js HTTP/1.1" 200 1150
190.144.13.66 - - [13/Dec/2014:12:31:16 -0500] "GET /BLA/boletinlegal/js/jquery.js HTTP/1.1" 200 57254
190.144.13.66 - - [13/Dec/2014:12:31:16 -0500] "GET /BLA/boletinlegal/js/jquery.scrollShow.js HTTP/1.1" 200 4586
66.249.67.131 - - [13/Dec/2014:12:31:34 -0500] "GET /BLA/resoluciones/AUTOS%202009/1049.pdf HTTP/1.1" 200 145034
201.245.192.253 - - [13/Dec/2014:12:31:38 -0500] "GET /galeria/nivo-slider/demo/images/porloshumedales.jpg HTTP/1.1" 304 -
201.245.192.253 - - [13/Dec/2014:12:32:08 -0500] "GET /BLA/boletinlegal/consulta_actos.php?tipo=resoluciones&no=6890&usuario=&sector=&fecha=2009&resuelve= HTTP/1.1" 200 1021
181.54.57.138 - - [13/Dec/2014:12:32:09 -0500] "POST /forms/lservlet;jsessionid=ac16012b30d54a8e52fbeaed4d79a72fffdc3bd640df.e3iSbxaKaheRe34Sa3yKbhiTahb0n6jAmljGr5XDqQLvpAe HTTP/1.1" 200 2
201.245.192.253 - - [13/Dec/2014:12:32:09 -0500] "GET /BLA/resoluciones/RESOLUCIONES%202009/6890.pdf HTTP/1.1" 200 340987
66.249.67.123 - - [13/Dec/2014:12:32:10 -0500] "GET /BLA/resoluciones/AUTOS%202008/0649.pdf HTTP/1.1" 200 342858
190.66.126.187 - - [13/Dec/2014:12:32:13 -0500] "POST /forms/lservlet;jsessionid=ac16012b30d55717878fcf064a4bb2929fb151a8a783.e3iSbxaKaheRe34Sa3yKbhiTahb0n6jAmljGr5XDqQLvpAe HTTP/1.1" 200 2
157.55.39.240 - - [13/Dec/2014:12:32:45 -0500] "GET /BLA/resoluciones/RESOLUCIONES%202009/1626.pdf HTTP/1.1" 200 508761
157.55.39.240 - - [13/Dec/2014:12:32:46 -0500] "GET /bla/resoluciones/resoluciones%202009/8980.pdf HTTP/1.1" 200 465839
181.136.98.45 - - [13/Dec/2014:12:32:56 -0500] "GET /BLA/boletinlegal/js/jquery.scrollTo-min.js HTTP/1.1" 200 1150
181.136.98.45 - - [13/Dec/2014:12:32:56 -0500] "GET /BLA/boletinlegal/js/jquery.scrollShow.js HTTP/1.1" 200 4586
181.136.98.45 - - [13/Dec/2014:12:32:56 -0500] "GET /BLA/boletinlegal/js/jquery.js HTTP/1.1" 200 57254
201.245.192.253 - - [13/Dec/2014:12:33:02 -0500] "GET /BLA/boletinlegal/consulta_actos.php?tipo=resoluciones&no=6891&usuario=&sector=&fecha=2009&resuelve= HTTP/1.1" 200 1021
201.245.192.253 - - [13/Dec/2014:12:33:03 -0500] "GET /BLA/resoluciones/RESOLUCIONES%202009/6891.pdf HTTP/1.1" 200 342061
66.249.67.143 - - [13/Dec/2014:12:33:18 -0500] "GET /portalsiaccapacitaciones/Soportes%20Capacitaciones%20A%C3%B1o%202013/0016.%20Acuerdo%20510%20Uso%20Racional%20Energia%20Navide%C3%B1a%2020%20de%20Junio.pdf HTTP/1.1" 200 1001977
66.249.67.151 - - [13/Dec/2014:12:33:26 -0500] "GET /portalsiaccapacitaciones/Listas%20de%20Asistencia%202013/Lista%20de%20Asistencia%20Cierre%20Ciclo%20de%20Capacitaciones%2019-12-2013.pdf HTTP/1.1" 200 521410
190.66.126.187 - - [13/Dec/2014:12:33:27 -0500] "POST /forms/lservlet;jsessionid=ac16012b30d55717878fcf064a4bb2929fb151a8a783.e3iSbxaKaheRe34Sa3yKbhiTahb0n6jAmljGr5XDqQLvpAe HTTP/1.1" 200 2053
190.66.126.187 - - [13/Dec/2014:12:33:28 -0500] "POST /forms/lservlet;jsessionid=ac16012b30d55717878fcf064a4bb2929fb151a8a783.e3iSbxaKaheRe34Sa3yKbhiTahb0n6jAmljGr5XDqQLvpAe HTTP/1.1" 200 45
190.66.126.187 - - [13/Dec/2014:12:33:31 -0500] "POST /forms/lservlet;jsessionid=ac16012b30d55717878fcf064a4bb2929fb151a8a783.e3iSbxaKaheRe34Sa3yKbhiTahb0n6jAmljGr5XDqQLvpAe HTTP/1.1" 200 34756
190.66.126.187 - - [13/Dec/2014:12:33:32 -0500] "GET /imagenes/listval.gif HTTP/1.1" 200 905
190.66.126.187 - - [13/Dec/2014:12:33:32 -0500] "POST /forms/lservlet;jsessionid=ac16012b30d55717878fcf064a4bb2929fb151a8a783.e3iSbxaKaheRe34Sa3yKbhiTahb0n6jAmljGr5XDqQLvpAe HTTP/1.1" 200 7
190.66.126.187 - - [13/Dec/2014:12:33:32 -0500] "POST /forms/lservlet;jsessionid=ac16012b30d55717878fcf064a4bb2929fb151a8a783.e3iSbxaKaheRe34Sa3yKbhiTahb0n6jAmljGr5XDqQLvpAe HTTP/1.1" 200 34
190.66.126.187 - - [13/Dec/2014:12:33:32 -0500] "POST /forms/lservlet;jsessionid=ac16012b30d55717878fcf064a4bb2929fb151a8a783.e3iSbxaKaheRe34Sa3yKbhiTahb0n6jAmljGr5XDqQLvpAe HTTP/1.1" 200 2
190.66.126.187 - - [13/Dec/2014:12:33:33 -0500] "POST /forms/lservlet;jsessionid=ac16012b30d55717878fcf064a4bb2929fb151a8a783.e3iSbxaKaheRe34Sa3yKbhiTahb0n6jAmljGr5XDqQLvpAe HTTP/1.1" 200 610
190.66.126.187 - - [13/Dec/2014:12:33:40 -0500] "POST /forms/lservlet;jsessionid=ac16012b30d55717878fcf064a4bb2929fb151a8a783.e3iSbxaKaheRe34Sa3yKbhiTahb0n6jAmljGr5XDqQLvpAe HTTP/1.1" 200 26
190.66.126.187 - - [13/Dec/2014:12:33:40 -0500] "POST /forms/lservlet;jsessionid=ac16012b30d55717878fcf064a4bb2929fb151a8a783.e3iSbxaKaheRe34Sa3yKbhiTahb0n6jAmljGr5XDqQLvpAe HTTP/1.1" 200 4025
190.66.126.187 - - [13/Dec/2014:12:33:41 -0500] "POST /forms/lservlet;jsessionid=ac16012b30d55717878fcf064a4bb2929fb151a8a783.e3iSbxaKaheRe34Sa3yKbhiTahb0n6jAmljGr5XDqQLvpAe HTTP/1.1" 200 2
190.66.126.187 - - [13/Dec/2014:12:33:43 -0500] "POST /forms/lservlet;jsessionid=ac16012b30d55717878fcf064a4bb2929fb151a8a783.e3iSbxaKaheRe34Sa3yKbhiTahb0n6jAmljGr5XDqQLvpAe HTTP/1.1" 200 2
190.66.126.187 - - [13/Dec/2014:12:33:43 -0500] "POST /forms/lservlet;jsessionid=ac16012b30d55717878fcf064a4bb2929fb151a8a783.e3iSbxaKaheRe34Sa3yKbhiTahb0n6jAmljGr5XDqQLvpAe HTTP/1.1" 200 2155
190.66.126.187 - - [13/Dec/2014:12:33:43 -0500] "POST /forms/lservlet;jsessionid=ac16012b30d55717878fcf064a4bb2929fb151a8a783.e3iSbxaKaheRe34Sa3yKbhiTahb0n6jAmljGr5XDqQLvpAe HTTP/1.1" 200 10
190.66.126.187 - - [13/Dec/2014:12:33:45 -0500] "POST /forms/lservlet;jsessionid=ac16012b30d55717878fcf064a4bb2929fb151a8a783.e3iSbxaKaheRe34Sa3yKbhiTahb0n6jAmljGr5XDqQLvpAe HTTP/1.1" 200 560
190.66.126.187 - - [13/Dec/2014:12:33:48 -0500] "POST /forms/lservlet;jsessionid=ac16012b30d55717878fcf064a4bb2929fb151a8a783.e3iSbxaKaheRe34Sa3yKbhiTahb0n6jAmljGr5XDqQLvpAe HTTP/1.1" 200 32
157.55.39.217 - - [13/Dec/2014:12:33:54 -0500] "GET /bla/resoluciones/resoluciones%202009/2235.pdf HTTP/1.1" 200 499639
190.66.126.187 - - [13/Dec/2014:12:34:00 -0500] "POST /forms/lservlet;jsessionid=ac16012b30d55717878fcf064a4bb2929fb151a8a783.e3iSbxaKaheRe34Sa3yKbhiTahb0n6jAmljGr5XDqQLvpAe HTTP/1.1" 200 26
190.66.126.187 - - [13/Dec/2014:12:34:00 -0500] "POST /forms/lservlet;jsessionid=ac16012b30d55717878fcf064a4bb2929fb151a8a783.e3iSbxaKaheRe34Sa3yKbhiTahb0n6jAmljGr5XDqQLvpAe HTTP/1.1" 200 3225
190.66.126.187 - - [13/Dec/2014:12:34:02 -0500] "POST /forms/lservlet;jsessionid=ac16012b30d55717878fcf064a4bb2929fb151a8a783.e3iSbxaKaheRe34Sa3yKbhiTahb0n6jAmljGr5XDqQLvpAe HTTP/1.1" 200 20
190.66.126.187 - - [13/Dec/2014:12:34:04 -0500] "POST /forms/lservlet;jsessionid=ac16012b30d55717878fcf064a4bb2929fb151a8a783.e3iSbxaKaheRe34Sa3yKbhiTahb0n6jAmljGr5XDqQLvpAe HTTP/1.1" 200 2
190.66.126.187 - - [13/Dec/2014:12:34:04 -0500] "POST /forms/lservlet;jsessionid=ac16012b30d55717878fcf064a4bb2929fb151a8a783.e3iSbxaKaheRe34Sa3yKbhiTahb0n6jAmljGr5XDqQLvpAe HTTP/1.1" 200 2142
190.66.126.187 - - [13/Dec/2014:12:34:04 -0500] "POST /forms/lservlet;jsessionid=ac16012b30d55717878fcf064a4bb2929fb151a8a783.e3iSbxaKaheRe34Sa3yKbhiTahb0n6jAmljGr5XDqQLvpAe HTTP/1.1" 200 10
201.245.192.253 - - [13/Dec/2014:12:34:05 -0500] "GET /BLA/boletinlegal/consulta_actos.php?tipo=resoluciones&no=6892&usuario=&sector=&fecha=2009&resuelve= HTTP/1.1" 200 1021
190.66.126.187 - - [13/Dec/2014:12:34:05 -0500] "POST /forms/lservlet;jsessionid=ac16012b30d55717878fcf064a4bb2929fb151a8a783.e3iSbxaKaheRe34Sa3yKbhiTahb0n6jAmljGr5XDqQLvpAe HTTP/1.1" 200 548
201.245.192.253 - - [13/Dec/2014:12:34:06 -0500] "GET /BLA/resoluciones/RESOLUCIONES%202009/6892.pdf HTTP/1.1" 200 337893
190.66.126.187 - - [13/Dec/2014:12:34:07 -0500] "POST /forms/lservlet;jsessionid=ac16012b30d55717878fcf064a4bb2929fb151a8a783.e3iSbxaKaheRe34Sa3yKbhiTahb0n6jAmljGr5XDqQLvpAe HTTP/1.1" 200 51
181.54.57.138 - - [13/Dec/2014:12:34:09 -0500] "POST /forms/lservlet;jsessionid=ac16012b30d54a8e52fbeaed4d79a72fffdc3bd640df.e3iSbxaKaheRe34Sa3yKbhiTahb0n6jAmljGr5XDqQLvpAe HTTP/1.1" 200 2
190.66.126.187 - - [13/Dec/2014:12:34:13 -0500] "POST /forms/lservlet;jsessionid=ac16012b30d55717878fcf064a4bb2929fb151a8a783.e3iSbxaKaheRe34Sa3yKbhiTahb0n6jAmljGr5XDqQLvpAe HTTP/1.1" 200 26
66.249.67.123 - - [13/Dec/2014:12:34:24 -0500] "GET /BLA/resoluciones/AUTOS%202011/6156.pdf HTTP/1.1" 200 211313
190.66.126.187 - - [13/Dec/2014:12:34:26 -0500] "POST /forms/lservlet;jsessionid=ac16012b30d55717878fcf064a4bb2929fb151a8a783.e3iSbxaKaheRe34Sa3yKbhiTahb0n6jAmljGr5XDqQLvpAe HTTP/1.1" 200 2
190.66.126.187 - - [13/Dec/2014:12:34:26 -0500] "POST /forms/lservlet;jsessionid=ac16012b30d55717878fcf064a4bb2929fb151a8a783.e3iSbxaKaheRe34Sa3yKbhiTahb0n6jAmljGr5XDqQLvpAe HTTP/1.1" 200 3227
190.66.126.187 - - [13/Dec/2014:12:34:28 -0500] "POST /forms/lservlet;jsessionid=ac16012b30d55717878fcf064a4bb2929fb151a8a783.e3iSbxaKaheRe34Sa3yKbhiTahb0n6jAmljGr5XDqQLvpAe HTTP/1.1" 200 20
190.66.126.187 - - [13/Dec/2014:12:34:35 -0500] "POST /forms/lservlet;jsessionid=ac16012b30d55717878fcf064a4bb2929fb151a8a783.e3iSbxaKaheRe34Sa3yKbhiTahb0n6jAmljGr5XDqQLvpAe HTTP/1.1" 200 2
190.66.126.187 - - [13/Dec/2014:12:34:35 -0500] "POST /forms/lservlet;jsessionid=ac16012b30d55717878fcf064a4bb2929fb151a8a783.e3iSbxaKaheRe34Sa3yKbhiTahb0n6jAmljGr5XDqQLvpAe HTTP/1.1" 200 2142
190.66.126.187 - - [13/Dec/2014:12:34:35 -0500] "POST /forms/lservlet;jsessionid=ac16012b30d55717878fcf064a4bb2929fb151a8a783.e3iSbxaKaheRe34Sa3yKbhiTahb0n6jAmljGr5XDqQLvpAe HTTP/1.1" 200 10
201.245.192.253 - - [13/Dec/2014:12:34:37 -0500] "GET /BLA/boletinlegal/consulta_actos.php?tipo=resoluciones&no=1765&usuario=&sector=&fecha=2010&resuelve= HTTP/1.1" 200 1019
190.66.126.187 - - [13/Dec/2014:12:34:37 -0500] "POST /forms/lservlet;jsessionid=ac16012b30d55717878fcf064a4bb2929fb151a8a783.e3iSbxaKaheRe34Sa3yKbhiTahb0n6jAmljGr5XDqQLvpAe HTTP/1.1" 200 2
190.66.126.187 - - [13/Dec/2014:12:34:37 -0500] "POST /forms/lservlet;jsessionid=ac16012b30d55717878fcf064a4bb2929fb151a8a783.e3iSbxaKaheRe34Sa3yKbhiTahb0n6jAmljGr5XDqQLvpAe HTTP/1.1" 200 2939
190.66.126.187 - - [13/Dec/2014:12:34:37 -0500] "POST /forms/lservlet;jsessionid=ac16012b30d55717878fcf064a4bb2929fb151a8a783.e3iSbxaKaheRe34Sa3yKbhiTahb0n6jAmljGr5XDqQLvpAe HTTP/1.1" 200 2
190.66.126.187 - - [13/Dec/2014:12:34:43 -0500] "POST /forms/lservlet;jsessionid=ac16012b30d55717878fcf064a4bb2929fb151a8a783.e3iSbxaKaheRe34Sa3yKbhiTahb0n6jAmljGr5XDqQLvpAe HTTP/1.1" 200 2362
190.66.126.187 - - [13/Dec/2014:12:34:45 -0500] "POST /forms/lservlet;jsessionid=ac16012b30d55717878fcf064a4bb2929fb151a8a783.e3iSbxaKaheRe34Sa3yKbhiTahb0n6jAmljGr5XDqQLvpAe HTTP/1.1" 200 51
157.55.39.240 - - [13/Dec/2014:12:34:46 -0500] "GET /BLA/resoluciones/RESOLUCIONES%202009/1992.pdf HTTP/1.1" 200 640746
74.86.158.107 - - [13/Dec/2014:12:34:50 -0500] "HEAD / HTTP/1.1" 302 -
190.66.126.187 - - [13/Dec/2014:12:34:58 -0500] "POST /forms/lservlet;jsessionid=ac16012b30d55717878fcf064a4bb2929fb151a8a783.e3iSbxaKaheRe34Sa3yKbhiTahb0n6jAmljGr5XDqQLvpAe HTTP/1.1" 200 26
190.66.126.187 - - [13/Dec/2014:12:34:58 -0500] "POST /forms/lservlet;jsessionid=ac16012b30d55717878fcf064a4bb2929fb151a8a783.e3iSbxaKaheRe34Sa3yKbhiTahb0n6jAmljGr5XDqQLvpAe HTTP/1.1" 200 3744
190.66.126.187 - - [13/Dec/2014:12:34:59 -0500] "POST /forms/lservlet;jsessionid=ac16012b30d55717878fcf064a4bb2929fb151a8a783.e3iSbxaKaheRe34Sa3yKbhiTahb0n6jAmljGr5XDqQLvpAe HTTP/1.1" 200 20
201.245.192.253 - - [13/Dec/2014:12:35:00 -0500] "GET /BLA/boletinlegal/consulta_actos.php?tipo=resoluciones&no=1766&usuario=&sector=&fecha=2010&resuelve= HTTP/1.1" 200 1047
190.66.126.187 - - [13/Dec/2014:12:35:02 -0500] "POST /forms/lservlet;jsessionid=ac16012b30d55717878fcf064a4bb2929fb151a8a783.e3iSbxaKaheRe34Sa3yKbhiTahb0n6jAmljGr5XDqQLvpAe HTTP/1.1" 200 2
190.66.126.187 - - [13/Dec/2014:12:35:02 -0500] "POST /forms/lservlet;jsessionid=ac16012b30d55717878fcf064a4bb2929fb151a8a783.e3iSbxaKaheRe34Sa3yKbhiTahb0n6jAmljGr5XDqQLvpAe HTTP/1.1" 200 3153
190.66.126.187 - - [13/Dec/2014:12:35:02 -0500] "POST /forms/lservlet;jsessionid=ac16012b30d55717878fcf064a4bb2929fb151a8a783.e3iSbxaKaheRe34Sa3yKbhiTahb0n6jAmljGr5XDqQLvpAe HTTP/1.1" 200 2
201.245.192.253 - - [13/Dec/2014:12:35:03 -0500] "GET /BLA/boletinlegal/consulta_actos.php?tipo=resoluciones&no=1767&usuario=&sector=&fecha=2010&resuelve= HTTP/1.1" 200 1047
201.245.192.253 - - [13/Dec/2014:12:35:03 -0500] "GET /BLA/boletinlegal/consulta_actos.php?tipo=resoluciones&no=6893&usuario=&sector=&fecha=2009&resuelve= HTTP/1.1" 200 1021
201.245.192.253 - - [13/Dec/2014:12:35:05 -0500] "GET /BLA/resoluciones/RESOLUCIONES%202009/6893.pdf HTTP/1.1" 200 334549
201.245.192.253 - - [13/Dec/2014:12:35:07 -0500] "GET /BLA/boletinlegal/consulta_actos.php?tipo=resoluciones&no=1768&usuario=&sector=&fecha=2010&resuelve= HTTP/1.1" 200 1042
201.245.192.253 - - [13/Dec/2014:12:35:09 -0500] "GET /BLA/boletinlegal/consulta_actos.php?tipo=resoluciones&no=1769&usuario=&sector=&fecha=2010&resuelve= HTTP/1.1" 200 1041
190.66.126.187 - - [13/Dec/2014:12:35:11 -0500] "POST /forms/lservlet;jsessionid=ac16012b30d55717878fcf064a4bb2929fb151a8a783.e3iSbxaKaheRe34Sa3yKbhiTahb0n6jAmljGr5XDqQLvpAe HTTP/1.1" 200 2
190.66.126.187 - - [13/Dec/2014:12:35:11 -0500] "POST /forms/lservlet;jsessionid=ac16012b30d55717878fcf064a4bb2929fb151a8a783.e3iSbxaKaheRe34Sa3yKbhiTahb0n6jAmljGr5XDqQLvpAe HTTP/1.1" 200 3013
