186.119.222.18 - - [20/Dec/2014:18:21:11 -0500] "GET /forest/skins/gdocs-jar/popup/popup.jsp?width=850&height=380&title=Informaci%F3n%20del%20radicado&uri=/forest/system/document.jsp%3FcodDoc%3D1621656&name=undefined&_a=0.5006863404079894&a=0.5015451521917802 HTTP/1.1" 200 1315
186.119.222.18 - - [20/Dec/2014:18:21:11 -0500] "GET /forest/system/document.jsp?codDoc=1621656 HTTP/1.1" 200 26319
186.119.222.18 - - [20/Dec/2014:18:21:13 -0500] "GET /forest/usudocumentos.do?p7z=1621656&a=0.3809121543778662&a=0.33242139824241046 HTTP/1.1" 200 2526
186.154.84.82 - - [20/Dec/2014:18:21:16 -0500] "POST /forest/login.do HTTP/1.1" 302 -
186.154.84.82 - - [20/Dec/2014:18:21:16 -0500] "GET /forest/index2.jsp?a=0.9963434905786055 HTTP/1.1" 200 328312
186.154.84.82 - - [20/Dec/2014:18:21:19 -0500] "GET /forest/session.jsp?a=0.9503962758462876 HTTP/1.1" 200 4
186.119.222.18 - - [20/Dec/2014:18:21:15 -0500] "GET /forest/documentos/1621656/2013IE032928.p7z:claro/Concepto%20Tecnico.doc HTTP/1.1" 200 570368
186.82.78.180 - - [20/Dec/2014:18:21:22 -0500] "POST /forms/lservlet;jsessionid=ac16012b30d5ed7364ad300b4c8c8824e6d313e863a7.e3iSbxaKaheRe34Sa3yKbhiTahb0n6jAmljGr5XDqQLvpAe HTTP/1.1" 200 2
186.154.84.82 - - [20/Dec/2014:18:21:23 -0500] "GET /forest/css/autocomplete.css HTTP/1.1" 304 -
186.154.84.82 - - [20/Dec/2014:18:21:23 -0500] "GET /forest/skins/gdocs-jar/js/pendientes.js?version=1412.191117 HTTP/1.1" 304 -
186.154.84.82 - - [20/Dec/2014:18:21:23 -0500] "GET /forest/img/asignarme.gif HTTP/1.1" 304 -
186.154.84.82 - - [20/Dec/2014:18:21:23 -0500] "GET /forest/skins/gdocs-jar/img/documents.gif HTTP/1.1" 304 -
186.154.84.82 - - [20/Dec/2014:18:21:23 -0500] "GET /forest/suactividades.do?group_system_actual=3&_a=0.22839534068759415 HTTP/1.1" 200 50264
186.154.84.82 - - [20/Dec/2014:18:21:24 -0500] "GET /forest/session.jsp?a=0.2583460642490536 HTTP/1.1" 200 4
186.154.84.82 - - [20/Dec/2014:18:21:24 -0500] "GET /forest/skins/gdocs-jar/img/users.gif HTTP/1.1" 304 -
186.154.84.82 - - [20/Dec/2014:18:21:24 -0500] "GET /forest/skins/gdocs-jar/img/process.gif HTTP/1.1" 304 -
186.154.84.82 - - [20/Dec/2014:18:21:24 -0500] "GET /forest/skins/gdocs-jar/img/priority.gif HTTP/1.1" 304 -
186.154.84.82 - - [20/Dec/2014:18:21:24 -0500] "GET /forest/skins/gdocs-jar/img/reject.gif HTTP/1.1" 304 -
186.154.84.82 - - [20/Dec/2014:18:21:24 -0500] "GET /forest/img/jquery/ui-bg_inset-hard_100_fcfdfd_1x100.png HTTP/1.1" 304 -
186.154.84.82 - - [20/Dec/2014:18:21:24 -0500] "GET /forest/img/jquery/ui-bg_flat_0_aaaaaa_40x100.png HTTP/1.1" 304 -
186.154.84.82 - - [20/Dec/2014:18:21:24 -0500] "GET /forest/img/jquery/ui-bg_inset-hard_100_f5f8f9_1x100.png HTTP/1.1" 304 -
186.154.84.82 - - [20/Dec/2014:18:21:24 -0500] "GET /forest/img/jquery/ui-icons_6da8d5_256x240.png HTTP/1.1" 304 -
186.154.84.82 - - [20/Dec/2014:18:21:25 -0500] "GET /forest/img/jquery/ui-icons_469bdd_256x240.png HTTP/1.1" 304 -
186.154.84.82 - - [20/Dec/2014:18:21:25 -0500] "GET /forest/img/jquery/ui-bg_gloss-wave_55_5c9ccc_500x100.png HTTP/1.1" 304 -
186.154.84.82 - - [20/Dec/2014:18:21:25 -0500] "GET /forest/img/jquery/ui-icons_d8e7f3_256x240.png HTTP/1.1" 304 -
186.154.84.82 - - [20/Dec/2014:18:21:25 -0500] "GET /forest/img/jquery/columnshide.gif HTTP/1.1" 304 -
186.154.84.82 - - [20/Dec/2014:18:21:25 -0500] "GET /forest/img/jquery/quitarfiltrar.gif HTTP/1.1" 304 -
186.154.84.82 - - [20/Dec/2014:18:21:25 -0500] "POST /forest/actions/workplace.getReparto?a=0.6148361582309008 HTTP/1.1" 200 12455
186.154.84.82 - - [20/Dec/2014:18:21:28 -0500] "GET /forest/skins/gdocs-jar/img/process-alert.gif HTTP/1.1" 304 -
186.154.84.82 - - [20/Dec/2014:18:21:28 -0500] "GET /forest/skins/gdocs-jar/img/user-alert.gif HTTP/1.1" 304 -
66.249.67.83 - - [20/Dec/2014:18:21:30 -0500] "GET /BLA/resoluciones/AUTOS%202011/0216.pdf HTTP/1.1" 304 -
186.154.84.82 - - [20/Dec/2014:18:21:44 -0500] "GET /forest/index2.jsp?_a=0.7215241205412894 HTTP/1.1" 200 328714
186.154.84.82 - - [20/Dec/2014:18:21:46 -0500] "GET /forest/session.jsp?a=0.5478095056023449 HTTP/1.1" 200 4
180.76.5.75 - - [20/Dec/2014:18:21:49 -0500] "GET /BLA/boletinlegal/Circulares/2011/Circular%20No.%205%20del%2012%20de%20Agosto%20de%202011.pdf HTTP/1.1" 200 431796
186.119.222.18 - - [20/Dec/2014:18:21:35 -0500] "POST /forest/buscar.do? HTTP/1.1" 200 15748
186.154.84.82 - - [20/Dec/2014:18:21:59 -0500] "GET /forest/misactividades.do?group_system_actual=3&codPro=226&_a=0.05181906992362062 HTTP/1.1" 200 38582
186.154.84.82 - - [20/Dec/2014:18:21:59 -0500] "GET /forest/session.jsp?a=0.7786111002787948 HTTP/1.1" 200 4
186.154.84.82 - - [20/Dec/2014:18:22:00 -0500] "GET /forest/img/jquery/save.gif HTTP/1.1" 304 -
186.154.84.82 - - [20/Dec/2014:18:22:00 -0500] "POST /forest/misactividades.do?ajax=true&a=0.6439764981623739 HTTP/1.1" 200 11740
74.86.158.107 - - [20/Dec/2014:18:22:04 -0500] "HEAD / HTTP/1.1" 302 -
186.154.84.82 - - [20/Dec/2014:18:22:09 -0500] "GET /forest/session.jsp?a=0.32747531961649656 HTTP/1.1" 200 4
186.154.84.82 - - [20/Dec/2014:18:22:11 -0500] "GET /forest/misactividades.do?group_system_actual=3&codPro=95&_a=0.10666127175939732 HTTP/1.1" 200 38532
186.154.84.82 - - [20/Dec/2014:18:22:12 -0500] "GET /forest/session.jsp?a=0.7930914335884154 HTTP/1.1" 200 4
186.154.84.82 - - [20/Dec/2014:18:22:12 -0500] "GET /forest/skins/gdocs-jar/jsp/cookie.jsp?name=grid_nompro&del HTTP/1.1" 200 -
186.154.84.82 - - [20/Dec/2014:18:22:12 -0500] "POST /forest/misactividades.do?ajax=true&a=0.6405967203900218 HTTP/1.1" 200 12192
186.154.84.82 - - [20/Dec/2014:18:22:19 -0500] "GET /forest/img/jquery/ui-icons_217bc0_256x240.png HTTP/1.1" 304 -
186.154.84.82 - - [20/Dec/2014:18:22:20 -0500] "POST /forest/misactividades.do?ajax=true&a=0.6533697929698974 HTTP/1.1" 200 6969
181.50.241.109 - - [20/Dec/2014:18:22:27 -0500] "POST /forms/lservlet;jsessionid=ac16012b30d537a174d1f82a44cb955cb6706de09f93.e3iSbxaKaheRe34Sa3yKbhiTahb0n6jAmljGr5XDqQLvpAe HTTP/1.1" 200 2
186.119.222.18 - - [20/Dec/2014:18:22:12 -0500] "POST /forest/buscar.do? HTTP/1.1" 200 16884
201.245.192.253 - - [20/Dec/2014:18:22:30 -0500] "GET /forest/session.jsp?a=0.11109218187630177 HTTP/1.1" 200 4
190.25.74.144 - - [20/Dec/2014:18:22:33 -0500] "GET /BLA/boletinlegal/js/jquery.js HTTP/1.1" 200 57254
190.25.74.144 - - [20/Dec/2014:18:22:33 -0500] "GET /BLA/boletinlegal/js/jquery.scrollTo-min.js HTTP/1.1" 200 1150
190.25.74.144 - - [20/Dec/2014:18:22:33 -0500] "GET /BLA/boletinlegal/js/jquery.scrollShow.js HTTP/1.1" 200 4586
186.154.84.82 - - [20/Dec/2014:18:22:40 -0500] "POST /forest/misactividades.do?ajax=true&a=0.13715185853652656 HTTP/1.1" 200 1129
180.76.5.73 - - [20/Dec/2014:18:22:43 -0500] "GET /BLA/boletinlegal/Circulares/2011/Circular%20No.%207%20del%2023%20de%20Diciembre%20de%202011.pdf HTTP/1.1" 200 1107785
186.154.84.82 - - [20/Dec/2014:18:23:00 -0500] "GET /forest/img/jquery/ui-bg_flat_55_fbec88_40x100.png HTTP/1.1" 304 -
186.154.84.82 - - [20/Dec/2014:18:23:02 -0500] "GET /forest/usutareas.do?_a=0.25097145908512175&group_system_actual=3 HTTP/1.1" 200 122410
66.249.67.67 - - [20/Dec/2014:18:23:03 -0500] "GET /autoliquidacion/Cobro%20Clasificacion%20Uso%20De%20Vivenda%20En%20Suelo%20Restringido/instructivo.doc HTTP/1.1" 304 -
186.154.84.82 - - [20/Dec/2014:18:18:42 -0500] "GET /ForestMSG_SDA/channelAsync/template_word_17145631?X-Atmosphere-tracking-id=395714e7-0c84-5fd8-3c55-89ee5600bc75&X-Atmosphere-Framework=1.0.5&X-Atmosphere-Transport=long-polling&tabid=0.8116928858216852&X-Cache-Date=0&Content-Type=application/xml&_=1419117709093 HTTP/1.1" 200 8193
186.154.84.82 - - [20/Dec/2014:18:23:04 -0500] "GET /forest/session.jsp?a=0.939639835851267 HTTP/1.1" 200 4
186.154.84.82 - - [20/Dec/2014:18:23:04 -0500] "GET /forest/skins/gdocs-jar/img/bgPanel.jpg HTTP/1.1" 304 -
186.154.84.82 - - [20/Dec/2014:18:23:04 -0500] "GET /forest/skins/gdocs-jar/img/green.gif HTTP/1.1" 304 -
66.249.67.67 - - [20/Dec/2014:18:23:08 -0500] "GET /BLA/resoluciones/RESOLUCIONES%202005/RES%202005%202401-2450/00002404.tif HTTP/1.1" 200 193512
186.154.84.82 - - [20/Dec/2014:18:23:08 -0500] "GET /forest/borrador/1572346/SALUD%20INTEGRAL%20MEB.docx HTTP/1.1" 200 99200
186.82.78.180 - - [20/Dec/2014:18:23:22 -0500] "POST /forms/lservlet;jsessionid=ac16012b30d5ed7364ad300b4c8c8824e6d313e863a7.e3iSbxaKaheRe34Sa3yKbhiTahb0n6jAmljGr5XDqQLvpAe HTTP/1.1" 200 2
201.245.192.253 - - [20/Dec/2014:18:17:29 -0500] "GET /ForestMSG_SDA/channelAsync/template_word_17145478?X-Atmosphere-tracking-id=63c2d8c6-28d6-0f87-5e8a-1c9ec43a77f4&X-Atmosphere-Framework=1.0.5&X-Atmosphere-Transport=long-polling&tabid=0.8723568064160645&X-Cache-Date=0&Content-Type=application/xml&_=1419117784824 HTTP/1.1" 200 8193
186.154.84.82 - - [20/Dec/2014:18:23:30 -0500] "GET /forest/actions/forms.getList?codForm=Correspondencia_Elaborar_Documento_Electronico&id=funcionariodestino&text=S HTTP/1.1" 200 1251
186.154.84.82 - - [20/Dec/2014:18:23:31 -0500] "GET /forest/actions/forms.getList?codForm=Correspondencia_Elaborar_Documento_Electronico&id=funcionariodestino&text=SA HTTP/1.1" 200 1244
186.154.84.82 - - [20/Dec/2014:18:23:31 -0500] "GET /forest/actions/forms.getList?codForm=Correspondencia_Elaborar_Documento_Electronico&id=funcionariodestino&text=SAN HTTP/1.1" 200 1240
186.154.84.82 - - [20/Dec/2014:18:23:31 -0500] "GET /forest/actions/forms.getList?codForm=Correspondencia_Elaborar_Documento_Electronico&id=funcionariodestino&text=SAND HTTP/1.1" 200 1317
186.154.84.82 - - [20/Dec/2014:18:23:32 -0500] "GET /forest/actions/forms.getList?codForm=Correspondencia_Elaborar_Documento_Electronico&id=funcionariodestino&text=SANDR HTTP/1.1" 200 1319
186.154.84.82 - - [20/Dec/2014:18:23:32 -0500] "GET /forest/actions/forms.getList?codForm=Correspondencia_Elaborar_Documento_Electronico&id=funcionariodestino&text=SANDRA HTTP/1.1" 200 1319
186.154.84.82 - - [20/Dec/2014:18:23:33 -0500] "GET /forest/actions/forms.getList?codForm=Correspondencia_Elaborar_Documento_Electronico&id=funcionariodestino&text=SANDRA. HTTP/1.1" 200 1327
186.154.84.82 - - [20/Dec/2014:18:23:33 -0500] "GET /forest/actions/forms.getList?codForm=Correspondencia_Elaborar_Documento_Electronico&id=funcionariodestino&text=SANDRA.M HTTP/1.1" 200 471
186.154.84.82 - - [20/Dec/2014:18:23:34 -0500] "GET /forest/actions/forms.getList?codForm=Correspondencia_Elaborar_Documento_Electronico&id=funcionariodestino&text=SANDRA.MO HTTP/1.1" 200 276
186.154.84.82 - - [20/Dec/2014:18:23:34 -0500] "GET /forest/actions/forms.getList?codForm=Correspondencia_Elaborar_Documento_Electronico&id=funcionariodestino&text=SANDRA.MON HTTP/1.1" 200 139
186.154.84.82 - - [20/Dec/2014:18:23:34 -0500] "GET /forest/actions/forms.getList?codForm=Correspondencia_Elaborar_Documento_Electronico&id=funcionariodestino&text=SANDRA.MONT HTTP/1.1" 200 72
186.154.84.82 - - [20/Dec/2014:18:23:34 -0500] "GET /forest/actions/forms.getList?codForm=Correspondencia_Elaborar_Documento_Electronico&id=funcionariodestino&text=SANDRA.MONTO HTTP/1.1" 200 72
180.76.5.175 - - [20/Dec/2014:18:23:37 -0500] "GET /BLA/resoluciones/RESOLUCIONES%202007/RES%202007%20201%20AL%20300/RESOLUCION%200245%20DE%202007.pdf HTTP/1.1" 200 300627
186.119.222.18 - - [20/Dec/2014:18:23:22 -0500] "POST /forest/buscar.do? HTTP/1.1" 200 16151
186.154.84.82 - - [20/Dec/2014:18:23:41 -0500] "POST /forest/usutareas.do? HTTP/1.1" 200 76
66.249.67.111 - - [20/Dec/2014:18:23:44 -0500] "GET /Anexos%20estudio%20Organizacional%20SDA/index.php?dir=ANEXO+No.+1-+NORMAS+LEGALES+DE+ESTRUCTURA+Y+PLANTA%2FDecreto+631+de+2007-+Modifica+planta+de+SDA.jsp_files%2F HTTP/1.1" 200 10093
186.154.84.82 - - [20/Dec/2014:18:23:44 -0500] "GET /forest/usutareas.do?group_system_actual=3&a=0.05299621820449829 HTTP/1.1" 200 19879
186.154.84.82 - - [20/Dec/2014:18:23:45 -0500] "GET /forest/session.jsp?a=0.57576316408813 HTTP/1.1" 200 4
186.154.84.82 - - [20/Dec/2014:18:23:57 -0500] "GET /forest/skins/gdocs-jar/popup/popup.jsp?width=1100&height=500&title=Buscar%20procesos&uri=/forest/buscar.do%3Ftype%3Dprocesos&name=undefined&_a=0.9247210840694606&a=0.4436446763575077 HTTP/1.1" 200 1296
186.154.84.82 - - [20/Dec/2014:18:23:57 -0500] "GET /forest/buscar.do?type=procesos HTTP/1.1" 200 14695
186.154.84.82 - - [20/Dec/2014:18:23:57 -0500] "GET /forest/buscar.do?type=procesos HTTP/1.1" 200 84792
186.154.84.82 - - [20/Dec/2014:18:23:58 -0500] "GET /forest/json.do?query=usersByDep&coddep=7019 HTTP/1.1" 200 1411
186.154.84.82 - - [20/Dec/2014:18:23:58 -0500] "GET /forest/json.do?query=versionListadas HTTP/1.1" 200 15
186.154.84.82 - - [20/Dec/2014:18:23:58 -0500] "GET /forest/json.do?query=usersByDep&coddep=7019 HTTP/1.1" 200 1411
186.154.84.82 - - [20/Dec/2014:18:23:58 -0500] "GET /forest/json.do?query=procesIniciales HTTP/1.1" 200 10001
200.118.180.51 - - [20/Dec/2014:18:24:01 -0500] "GET /BLA/boletinlegal/js/jquery.scrollShow.js HTTP/1.1" 200 4586
200.118.180.51 - - [20/Dec/2014:18:24:01 -0500] "GET /BLA/boletinlegal/js/jquery.scrollTo-min.js HTTP/1.1" 200 1150
200.118.180.51 - - [20/Dec/2014:18:24:01 -0500] "GET /BLA/boletinlegal/js/jquery.js HTTP/1.1" 200 57254
186.154.84.82 - - [20/Dec/2014:18:24:03 -0500] "POST /forest/buscar.do? HTTP/1.1" 200 5188
157.55.39.55 - - [20/Dec/2014:18:24:05 -0500] "GET /dama/libreria/php/frame_detalle.php?h_id=753 HTTP/1.1" 404 1019
186.154.84.82 - - [20/Dec/2014:18:24:08 -0500] "GET /forest/misactividades.do?_a=0.7825246031861752&group_system_actual=3 HTTP/1.1" 200 37897
186.154.84.82 - - [20/Dec/2014:18:24:09 -0500] "GET /forest/session.jsp?a=0.2545689889229834 HTTP/1.1" 200 4
186.154.84.82 - - [20/Dec/2014:18:24:09 -0500] "POST /forest/misactividades.do?ajax=true&a=0.3597132000140846 HTTP/1.1" 200 56
186.154.84.82 - - [20/Dec/2014:18:24:12 -0500] "POST /forest/misactividades.do?ajax=true&a=0.1860533815342933 HTTP/1.1" 200 12371
186.154.84.82 - - [20/Dec/2014:18:24:20 -0500] "POST /forest/misactividades.do?ajax=true&a=0.7995348884724081 HTTP/1.1" 200 2552
181.50.241.109 - - [20/Dec/2014:18:24:27 -0500] "POST /forms/lservlet;jsessionid=ac16012b30d537a174d1f82a44cb955cb6706de09f93.e3iSbxaKaheRe34Sa3yKbhiTahb0n6jAmljGr5XDqQLvpAe HTTP/1.1" 200 2
180.76.5.74 - - [20/Dec/2014:18:24:31 -0500] "GET /BLA/resoluciones/RESOLUCIONES%202009/2839.pdf HTTP/1.1" 200 186723
66.249.67.75 - - [20/Dec/2014:18:24:32 -0500] "GET /BLA/resoluciones/RESOLUCIONES%202014/3653.pdf HTTP/1.1" 304 -
66.249.67.67 - - [20/Dec/2014:18:24:36 -0500] "GET /BLA/resoluciones/RESOLUCIONES%202009/4480.pdf HTTP/1.1" 304 -
186.119.222.18 - - [20/Dec/2014:18:24:37 -0500] "GET /forest/session.jsp?a=0.31639207241988143 HTTP/1.1" 200 4
186.119.222.18 - - [20/Dec/2014:18:24:24 -0500] "POST /forest/buscar.do? HTTP/1.1" 200 17171
201.245.192.253 - - [20/Dec/2014:18:24:55 -0500] "GET /forest/skins/gdocs-jar/popup/escritorio/subirborrador.jsp?form=ElaborarDocumento&codTpl=&codBorr=512083&a=0.9577411548234522 HTTP/1.1" 200 23292
201.245.192.253 - - [20/Dec/2014:18:24:55 -0500] "GET /forest/json.do?query=borradoresByTpls&codInst=2990202&codTare=1464&firma=0&a=0.9142796674277633 HTTP/1.1" 200 188
201.245.192.253 - - [20/Dec/2014:18:24:55 -0500] "GET /forest/json.do?query=plantillasByTarea&codTare=1464&codInst=2990202&firma=0&a=0.8346347527112812 HTTP/1.1" 200 503
201.245.192.253 - - [20/Dec/2014:18:24:55 -0500] "GET /forest/json.do?query=terceroById&numTer=17137409&a=0.3620071359910071 HTTP/1.1" 200 647
201.245.192.253 - - [20/Dec/2014:18:24:55 -0500] "GET /forest/json.do?query=datosBorradorByCodTraBorr&codTraBorr=1560077&a=0.049796161940321326 HTTP/1.1" 200 180
201.245.192.253 - - [20/Dec/2014:18:24:55 -0500] "GET /forest/json.do?query=ultimoBorradorByTpl&codTpl=2309&codInst=2990202&a=0.5977052170783281 HTTP/1.1" 200 2
201.245.192.253 - - [20/Dec/2014:18:24:55 -0500] "GET /forest/json.do?query=adjuntosByBorrador&codTraBorr=1560077&a=0.9031761565711349 HTTP/1.1" 200 2
201.245.192.253 - - [20/Dec/2014:18:24:55 -0500] "GET /forest/json.do?query=ultimoBorradorByTpl&codTpl=781&codInst=2990202&a=0.06095532071776688 HTTP/1.1" 200 2
201.245.192.253 - - [20/Dec/2014:18:24:55 -0500] "GET /forest/json.do?query=ultimoBorradorByTpl&codTpl=1241&codInst=2990202&a=0.7891320770140737 HTTP/1.1" 200 20
201.245.192.253 - - [20/Dec/2014:18:24:55 -0500] "GET /forest/json.do?query=ultimoBorradorByTpl&codTpl=921&codInst=2990202&a=0.6713508542161435 HTTP/1.1" 200 2
201.245.192.253 - - [20/Dec/2014:18:24:55 -0500] "GET /forest/img/adduser.gif HTTP/1.1" 304 -
201.245.192.253 - - [20/Dec/2014:18:24:55 -0500] "GET /forest/img/historial.gif HTTP/1.1" 304 -
201.245.192.253 - - [20/Dec/2014:18:24:55 -0500] "GET /forest/skins/gdocs-jar/img/icons/docx.gif HTTP/1.1" 304 -
201.245.192.253 - - [20/Dec/2014:18:24:55 -0500] "GET /forest/img/lapiz.gif HTTP/1.1" 304 -
201.245.192.253 - - [20/Dec/2014:18:24:55 -0500] "GET /forest/skins/gdocs-jar/img/expandido.gif HTTP/1.1" 304 -
186.154.84.82 - - [20/Dec/2014:18:25:07 -0500] "GET /forest/usutareas.do?_a=0.8641040346119553&group_system_actual=3 HTTP/1.1" 200 118895
186.154.84.82 - - [20/Dec/2014:18:25:09 -0500] "GET /forest/session.jsp?a=0.2308443149086088 HTTP/1.1" 200 4
186.154.84.82 - - [20/Dec/2014:18:25:11 -0500] "GET /forest/borrador/1560853/Registro%20de%20vertimientos.docx HTTP/1.1" 200 99792
201.245.192.253 - - [20/Dec/2014:18:25:17 -0500] "POST /forest/usutareas.do?group_system_actual=3 HTTP/1.1" 200 204
201.245.192.253 - - [20/Dec/2014:18:25:19 -0500] "GET /BLA/boletinlegal/actos.php HTTP/1.1" 200 7534
201.245.192.253 - - [20/Dec/2014:18:25:18 -0500] "GET /forest/usutareas.do?group_system_actual=3&a=0.6330674649216235 HTTP/1.1" 200 112190
201.245.192.253 - - [20/Dec/2014:18:24:30 -0500] "GET /ForestMSG_SDA/channelAsync/template_word_17145478?X-Atmosphere-tracking-id=ebf1453e-b047-8f35-273b-62498799eb60&X-Atmosphere-Framework=1.0.5&X-Atmosphere-Transport=long-polling&tabid=0.8723568064160645&X-Cache-Date=0&Content-Type=application/xml&_=1419118205295 HTTP/1.1" 200 8193
201.245.192.253 - - [20/Dec/2014:18:25:19 -0500] "GET /forest/session.jsp?a=0.24379518907517195 HTTP/1.1" 200 4
201.245.192.253 - - [20/Dec/2014:18:25:19 -0500] "GET /forest/actions/forms.getMappedValues?id=id_Numeracion1&value=1415910060573&codForm=ElaborarDocumento&a=0.8688174716662616 HTTP/1.1" 200 110
186.119.222.18 - - [20/Dec/2014:18:25:01 -0500] "POST /forest/buscar.do? HTTP/1.1" 200 17263
201.245.192.253 - - [20/Dec/2014:18:25:22 -0500] "GET /forest/actions/forms.getList?codForm=ElaborarDocumento&id=Fun_Destino17&text=e HTTP/1.1" 200 1279
201.245.192.253 - - [20/Dec/2014:18:25:22 -0500] "GET /forest/actions/forms.getList?codForm=ElaborarDocumento&id=Fun_Destino17&text=ed HTTP/1.1" 200 1287
201.245.192.253 - - [20/Dec/2014:18:25:22 -0500] "GET /forest/actions/forms.getList?codForm=ElaborarDocumento&id=Fun_Destino17&text=edn HTTP/1.1" 200 185
201.245.192.253 - - [20/Dec/2014:18:25:22 -0500] "GET /forest/actions/forms.getList?codForm=ElaborarDocumento&id=Fun_Destino17&text=edna HTTP/1.1" 200 185
201.245.192.253 - - [20/Dec/2014:18:25:22 -0500] "GET /forest/actions/forms.getList?codForm=ElaborarDocumento&id=Fun_Destino17&text=edna%20 HTTP/1.1" 200 185
201.245.192.253 - - [20/Dec/2014:18:25:22 -0500] "GET /forest/actions/forms.getList?codForm=ElaborarDocumento&id=Fun_Destino17&text=edna%20r HTTP/1.1" 200 58
201.245.192.253 - - [20/Dec/2014:18:25:23 -0500] "GET /forest/actions/forms.getList?codForm=ElaborarDocumento&id=Fun_Destino17&text=edna%20ro HTTP/1.1" 200 58
186.82.78.180 - - [20/Dec/2014:18:25:22 -0500] "POST /forms/lservlet;jsessionid=ac16012b30d5ed7364ad300b4c8c8824e6d313e863a7.e3iSbxaKaheRe34Sa3yKbhiTahb0n6jAmljGr5XDqQLvpAe HTTP/1.1" 200 2
201.245.192.253 - - [20/Dec/2014:18:25:23 -0500] "GET /forest/actions/forms.getList?codForm=ElaborarDocumento&id=Fun_Destino17&text=edna%20roi HTTP/1.1" 200 2
201.245.192.253 - - [20/Dec/2014:18:25:24 -0500] "GET /forest/actions/forms.getList?codForm=ElaborarDocumento&id=Fun_Destino17&text=edna%20ro HTTP/1.1" 200 58
201.245.192.253 - - [20/Dec/2014:18:25:26 -0500] "POST /forest/usutareas.do? HTTP/1.1" 200 76
201.245.192.253 - - [20/Dec/2014:18:25:29 -0500] "GET /forest/usutareas.do?group_system_actual=3&a=0.7404813056346029 HTTP/1.1" 200 118760
201.245.192.253 - - [20/Dec/2014:18:25:29 -0500] "GET /forest/session.jsp?a=0.7332646013237536 HTTP/1.1" 200 4
201.245.192.253 - - [20/Dec/2014:18:25:29 -0500] "GET /forest/actions/forms.getMappedValues?id=id_Numeracion4&value=1415910060573&codForm=RevisarDocumento&a=0.0059679478872567415 HTTP/1.1" 200 124
201.245.192.253 - - [20/Dec/2014:18:24:55 -0500] "GET /BLA/boletinlegal/index.php? HTTP/1.1" 200 45835
186.154.84.82 - - [20/Dec/2014:18:25:46 -0500] "GET /forest/borrador/1560853/Registro%20de%20vertimientos.docx HTTP/1.1" 200 99792
186.119.222.18 - - [20/Dec/2014:18:25:34 -0500] "POST /forest/buscar.do? HTTP/1.1" 200 17194
201.245.192.253 - - [20/Dec/2014:18:25:54 -0500] "GET /forest/borrador/1572354/Borrador%20juridico%202014-11-13.docx HTTP/1.1" 200 60051
66.249.67.119 - - [20/Dec/2014:18:26:09 -0500] "GET /dama/libreria/php/frame HTTP/1.1" 404 1019
201.245.192.253 - - [20/Dec/2014:18:26:10 -0500] "GET /BLA/boletinlegal/consulta_actos.php?tipo=autos&no=0853&usuario=&sector=&fecha=2014&resuelve= HTTP/1.1" 200 1001
201.245.192.253 - - [20/Dec/2014:18:26:16 -0500] "GET /forest/actions/forms.getList?codForm=RevisarDocumento&id=Fun_firmar&text=j HTTP/1.1" 200 1296
201.245.192.253 - - [20/Dec/2014:18:26:16 -0500] "GET /forest/actions/forms.getList?codForm=RevisarDocumento&id=Fun_firmar&text=jo HTTP/1.1" 200 1234
201.245.192.253 - - [20/Dec/2014:18:26:16 -0500] "GET /forest/actions/forms.getList?codForm=RevisarDocumento&id=Fun_firmar&text=jos HTTP/1.1" 200 1199
201.245.192.253 - - [20/Dec/2014:18:26:17 -0500] "GET /forest/actions/forms.getList?codForm=RevisarDocumento&id=Fun_firmar&text=jose HTTP/1.1" 200 1199
201.245.192.253 - - [20/Dec/2014:18:26:17 -0500] "GET /forest/actions/forms.getList?codForm=RevisarDocumento&id=Fun_firmar&text=jose%20 HTTP/1.1" 200 1199
201.245.192.253 - - [20/Dec/2014:18:26:17 -0500] "GET /forest/actions/forms.getList?codForm=RevisarDocumento&id=Fun_firmar&text=jose%20f HTTP/1.1" 200 118
201.245.192.253 - - [20/Dec/2014:18:26:17 -0500] "GET /forest/actions/forms.getList?codForm=RevisarDocumento&id=Fun_firmar&text=jose%20fa HTTP/1.1" 200 57
201.245.192.253 - - [20/Dec/2014:18:26:17 -0500] "GET /forest/actions/forms.getList?codForm=RevisarDocumento&id=Fun_firmar&text=jose%20fab HTTP/1.1" 200 57
201.245.192.253 - - [20/Dec/2014:18:26:17 -0500] "GET /forest/actions/forms.getList?codForm=RevisarDocumento&id=Fun_firmar&text=jose%20fabi HTTP/1.1" 200 57
201.245.192.253 - - [20/Dec/2014:18:26:17 -0500] "GET /forest/actions/forms.getList?codForm=RevisarDocumento&id=Fun_firmar&text=jose%20fabia HTTP/1.1" 200 57
201.245.192.253 - - [20/Dec/2014:18:26:18 -0500] "GET /forest/actions/forms.getList?codForm=RevisarDocumento&id=Fun_firmar&text=jose%20fabian HTTP/1.1" 200 57
201.245.192.253 - - [20/Dec/2014:18:26:19 -0500] "POST /forest/usutareas.do? HTTP/1.1" 200 76
201.245.192.253 - - [20/Dec/2014:18:26:21 -0500] "GET /forest/usutareas.do?group_system_actual=3&a=0.22458743397146463 HTTP/1.1" 200 20940
201.245.192.253 - - [20/Dec/2014:18:26:21 -0500] "GET /forest/session.jsp?a=0.19882505130954087 HTTP/1.1" 200 4
201.245.192.253 - - [20/Dec/2014:18:26:22 -0500] "GET /forest/index2.jsp?_a=0.328106532106176 HTTP/1.1" 200 98543
201.245.192.253 - - [20/Dec/2014:18:26:23 -0500] "GET /forest/session.jsp?a=0.6619080766104162 HTTP/1.1" 200 4
201.245.192.253 - - [20/Dec/2014:18:26:24 -0500] "GET /BLA/resoluciones/AUTOS%202014/0853.pdf HTTP/1.1" 404 1298
201.245.192.253 - - [20/Dec/2014:18:26:25 -0500] "GET /forest/misactividades.do?group_system_actual=3&codPro=95&_a=0.8384914698971506 HTTP/1.1" 200 39593
201.245.192.253 - - [20/Dec/2014:18:26:25 -0500] "GET /forest/session.jsp?a=0.27213001786731184 HTTP/1.1" 200 4
201.245.192.253 - - [20/Dec/2014:18:26:25 -0500] "POST /forest/misactividades.do?ajax=true&a=0.477795367827639 HTTP/1.1" 200 6369
181.50.241.109 - - [20/Dec/2014:18:26:27 -0500] "POST /forms/lservlet;jsessionid=ac16012b30d537a174d1f82a44cb955cb6706de09f93.e3iSbxaKaheRe34Sa3yKbhiTahb0n6jAmljGr5XDqQLvpAe HTTP/1.1" 200 2
201.245.192.253 - - [20/Dec/2014:18:26:32 -0500] "GET /BLA/resoluciones/AUTOS%202014/0853.pdf HTTP/1.1" 404 1298
201.245.192.253 - - [20/Dec/2014:18:26:33 -0500] "GET /forest/index2.jsp?_a=0.7126021133735776 HTTP/1.1" 200 98564
201.245.192.253 - - [20/Dec/2014:18:26:33 -0500] "GET /forest/session.jsp?a=0.38005577283911407 HTTP/1.1" 200 4
201.245.192.253 - - [20/Dec/2014:18:26:36 -0500] "GET /forest/misactividades.do?group_system_actual=3&codPro=90&_a=0.7762081499324124 HTTP/1.1" 200 39595
201.245.192.253 - - [20/Dec/2014:18:26:36 -0500] "GET /forest/skins/gdocs-jar/jsp/cookie.jsp?name=grid_nompro&del HTTP/1.1" 200 -
201.245.192.253 - - [20/Dec/2014:18:26:36 -0500] "GET /forest/session.jsp?a=0.931080647977069 HTTP/1.1" 200 4
201.245.192.253 - - [20/Dec/2014:18:26:36 -0500] "POST /forest/misactividades.do?ajax=true&a=0.3444925819057971 HTTP/1.1" 200 10731
186.119.222.18 - - [20/Dec/2014:18:26:23 -0500] "POST /forest/buscar.do? HTTP/1.1" 200 17171
186.154.84.82 - - [20/Dec/2014:18:26:41 -0500] "GET /forest/documentos/1885299/2014ER114923.pdf HTTP/1.1" 200 343972
201.245.192.253 - - [20/Dec/2014:18:26:58 -0500] "GET /forest/index2.jsp?_a=0.900041191605851 HTTP/1.1" 200 98555
201.245.192.253 - - [20/Dec/2014:18:26:58 -0500] "GET /forest/session.jsp?a=0.6364950323477387 HTTP/1.1" 200 4
201.245.192.253 - - [20/Dec/2014:18:27:02 -0500] "GET /forest/suactividades.do?group_system_actual=3&_a=0.9691174976458378 HTTP/1.1" 200 50030
201.245.192.253 - - [20/Dec/2014:18:27:02 -0500] "GET /forest/css/autocomplete.css HTTP/1.1" 304 -
201.245.192.253 - - [20/Dec/2014:18:27:02 -0500] "GET /forest/img/asignarme.gif HTTP/1.1" 304 -
201.245.192.253 - - [20/Dec/2014:18:27:02 -0500] "GET /forest/skins/gdocs-jar/js/pendientes.js?version=1412.191117 HTTP/1.1" 304 -
201.245.192.253 - - [20/Dec/2014:18:27:02 -0500] "GET /forest/skins/gdocs-jar/js/popup.js?version=1412.191117 HTTP/1.1" 304 -
201.245.192.253 - - [20/Dec/2014:18:27:02 -0500] "GET /forest/skins/gdocs-jar/img/documents.gif HTTP/1.1" 304 -
201.245.192.253 - - [20/Dec/2014:18:27:02 -0500] "GET /forest/session.jsp?a=0.11883127549663186 HTTP/1.1" 200 4
201.245.192.253 - - [20/Dec/2014:18:27:02 -0500] "GET /forest/skins/gdocs-jar/img/process.gif HTTP/1.1" 304 -
201.245.192.253 - - [20/Dec/2014:18:27:02 -0500] "GET /forest/skins/gdocs-jar/img/priority.gif HTTP/1.1" 304 -
201.245.192.253 - - [20/Dec/2014:18:27:02 -0500] "GET /forest/skins/gdocs-jar/img/users.gif HTTP/1.1" 304 -
201.245.192.253 - - [20/Dec/2014:18:27:02 -0500] "GET /forest/skins/gdocs-jar/img/reject.gif HTTP/1.1" 304 -
74.86.158.107 - - [20/Dec/2014:18:27:05 -0500] "HEAD / HTTP/1.1" 302 -
100.43.85.25 - - [20/Dec/2014:18:27:07 -0500] "GET /videos/ambiente-ciudad/skin/circle.skin/?C=S;O=D HTTP/1.1" 200 2122
201.245.192.253 - - [20/Dec/2014:18:27:02 -0500] "POST /forest/actions/workplace.getReparto?a=0.474965778645128 HTTP/1.1" 200 12077
201.245.192.253 - - [20/Dec/2014:18:27:11 -0500] "GET /forest/skins/gdocs-jar/img/user-alert.gif HTTP/1.1" 200 625
201.245.192.253 - - [20/Dec/2014:18:27:11 -0500] "GET /forest/skins/gdocs-jar/img/process-alert.gif HTTP/1.1" 304 -
186.82.78.180 - - [20/Dec/2014:18:27:23 -0500] "POST /forms/lservlet;jsessionid=ac16012b30d5ed7364ad300b4c8c8824e6d313e863a7.e3iSbxaKaheRe34Sa3yKbhiTahb0n6jAmljGr5XDqQLvpAe HTTP/1.1" 200 2
186.119.222.18 - - [20/Dec/2014:18:27:08 -0500] "POST /forest/buscar.do? HTTP/1.1" 200 15815
208.80.65.190 - - [20/Dec/2014:18:27:27 -0500] "GET /BLA/boletinlegal/js/jquery.scrollTo-min.js HTTP/1.1" 200 1150
208.80.65.190 - - [20/Dec/2014:18:27:27 -0500] "GET /BLA/boletinlegal/js/jquery.js HTTP/1.1" 200 57254
208.80.65.190 - - [20/Dec/2014:18:27:27 -0500] "GET /BLA/boletinlegal/js/jquery.scrollShow.js HTTP/1.1" 200 4586
201.245.192.253 - - [20/Dec/2014:18:27:32 -0500] "GET /BLA/boletinlegal/style.css HTTP/1.1" 304 -
201.245.192.253 - - [20/Dec/2014:18:27:32 -0500] "GET /BLA/boletinlegal/styles2.css HTTP/1.1" 304 -
201.245.192.253 - - [20/Dec/2014:18:27:33 -0500] "GET /BLA/boletinlegal/images/historia.png HTTP/1.1" 304 -
201.245.192.253 - - [20/Dec/2014:18:27:33 -0500] "GET /BLA/boletinlegal/images/cabezote%20BLEGAL.jpg HTTP/1.1" 304 -
201.245.192.253 - - [20/Dec/2014:18:27:33 -0500] "GET /BLA/boletinlegal/images/screen_3.png HTTP/1.1" 304 -
201.245.192.253 - - [20/Dec/2014:18:27:33 -0500] "GET /BLA/boletinlegal/images/subscribe-icon-big.png HTTP/1.1" 304 -
201.245.192.253 - - [20/Dec/2014:18:27:33 -0500] "GET /BLA/boletinlegal/images/screen_2.png HTTP/1.1" 304 -
201.245.192.253 - - [20/Dec/2014:18:27:33 -0500] "GET /BLA/boletinlegal/images/pdf.gif HTTP/1.1" 304 -
201.245.192.253 - - [20/Dec/2014:18:27:33 -0500] "GET /BLA/boletinlegal/images/arr_r.jpg HTTP/1.1" 304 -
201.245.192.253 - - [20/Dec/2014:18:27:33 -0500] "GET /BLA/boletinlegal/images/body_bg.jpg HTTP/1.1" 304 -
201.245.192.253 - - [20/Dec/2014:18:27:33 -0500] "GET /BLA/boletinlegal/images/nuevo.gif HTTP/1.1" 304 -
201.245.192.253 - - [20/Dec/2014:18:27:33 -0500] "GET /BLA/boletinlegal/images/screen_5.png HTTP/1.1" 304 -
201.245.192.253 - - [20/Dec/2014:18:27:33 -0500] "GET /BLA/boletinlegal/images/arr_l.jpg HTTP/1.1" 304 -
201.245.192.253 - - [20/Dec/2014:18:27:33 -0500] "GET /BLA/boletinlegal/images/launch.jpg HTTP/1.1" 304 -
201.245.192.253 - - [20/Dec/2014:18:27:33 -0500] "GET /BLA/boletinlegal/images/screen_1.png HTTP/1.1" 304 -
201.245.192.253 - - [20/Dec/2014:18:27:33 -0500] "GET /BLA/boletinlegal/images/bg_top.jpg HTTP/1.1" 304 -
201.245.192.253 - - [20/Dec/2014:18:27:33 -0500] "GET /BLA/boletinlegal/images/menu_lft.gif HTTP/1.1" 304 -
201.245.192.253 - - [20/Dec/2014:18:27:33 -0500] "GET /BLA/boletinlegal/images/menu_bg.jpg HTTP/1.1" 304 -
201.245.192.253 - - [20/Dec/2014:18:27:33 -0500] "GET /BLA/boletinlegal/images/hover.jpg HTTP/1.1" 304 -
201.245.192.253 - - [20/Dec/2014:18:27:33 -0500] "GET /BLA/boletinlegal/images/text.jpg HTTP/1.1" 304 -
201.245.192.253 - - [20/Dec/2014:18:27:33 -0500] "GET /BLA/boletinlegal/images/footer_bg.jpg HTTP/1.1" 304 -
201.245.192.253 - - [20/Dec/2014:18:27:33 -0500] "GET /BLA/boletinlegal/images/menu_rght.gif HTTP/1.1" 304 -
186.85.44.252 - - [20/Dec/2014:18:27:40 -0500] "GET /BLA/boletinlegal/js/jquery.js HTTP/1.1" 200 57254
186.85.44.252 - - [20/Dec/2014:18:27:40 -0500] "GET /BLA/boletinlegal/js/jquery.scrollShow.js HTTP/1.1" 200 4586
186.85.44.252 - - [20/Dec/2014:18:27:40 -0500] "GET /BLA/boletinlegal/js/jquery.scrollTo-min.js HTTP/1.1" 200 1150
66.249.67.83 - - [20/Dec/2014:18:27:42 -0500] "GET /BLA/resoluciones/AUTOS%202012/0153.pdf HTTP/1.1" 304 -
201.245.192.253 - - [20/Dec/2014:18:27:22 -0500] "GET /BLA/boletinlegal/index.php? HTTP/1.1" 200 49381
201.245.192.253 - - [20/Dec/2014:18:28:02 -0500] "GET /BLA/boletinlegal/images/People.png HTTP/1.1" 304 -
201.245.192.253 - - [20/Dec/2014:18:28:02 -0500] "GET /BLA/boletinlegal/images/img_3.jpg HTTP/1.1" 304 -
201.245.192.253 - - [20/Dec/2014:18:28:02 -0500] "GET /BLA/boletinlegal/images/img_1.jpg HTTP/1.1" 304 -
201.245.192.253 - - [20/Dec/2014:18:28:02 -0500] "GET /BLA/boletinlegal/images/group.png HTTP/1.1" 304 -
201.245.192.253 - - [20/Dec/2014:18:28:02 -0500] "GET /BLA/boletinlegal/images/symbol5.gif HTTP/1.1" 304 -
201.245.192.253 - - [20/Dec/2014:18:28:02 -0500] "GET /BLA/boletinlegal/images/footer_bg_l.jpg HTTP/1.1" 304 -
201.245.192.253 - - [20/Dec/2014:18:28:22 -0500] "GET /BLA/boletinlegal/actos.php HTTP/1.1" 200 7534
201.245.192.253 - - [20/Dec/2014:18:28:22 -0500] "GET /BLA/boletinlegal/js/ajax_actos.js HTTP/1.1" 304 -
201.245.192.253 - - [20/Dec/2014:18:28:22 -0500] "GET /BLA/boletinlegal/niceforms.js HTTP/1.1" 304 -
201.245.192.253 - - [20/Dec/2014:18:28:22 -0500] "GET /BLA/boletinlegal/niceforms-default.css HTTP/1.1" 304 -
201.245.192.253 - - [20/Dec/2014:18:28:22 -0500] "GET /BLA/boletinlegal/js/popup.js HTTP/1.1" 304 -
201.245.192.253 - - [20/Dec/2014:18:28:22 -0500] "GET /BLA/boletinlegal/js/jquery1.js HTTP/1.1" 304 -
201.245.192.253 - - [20/Dec/2014:18:28:22 -0500] "GET /BLA/boletinlegal/js/lib.js HTTP/1.1" 304 -
201.245.192.253 - - [20/Dec/2014:18:28:22 -0500] "GET /BLA/boletinlegal/images/green-yellow-blue-pink-th.png HTTP/1.1" 304 -
201.245.192.253 - - [20/Dec/2014:18:28:22 -0500] "GET /BLA/boletinlegal/images/abajo.png HTTP/1.1" 304 -
201.245.192.253 - - [20/Dec/2014:18:28:22 -0500] "GET /BLA/boletinlegal/img/0.png HTTP/1.1" 304 -
201.245.192.253 - - [20/Dec/2014:18:28:22 -0500] "GET /BLA/boletinlegal/img/select-left.png HTTP/1.1" 304 -
201.245.192.253 - - [20/Dec/2014:18:28:22 -0500] "GET /BLA/boletinlegal/img/button-right.png HTTP/1.1" 304 -
201.245.192.253 - - [20/Dec/2014:18:28:22 -0500] "GET /BLA/boletinlegal/img/button.png HTTP/1.1" 304 -
181.50.241.109 - - [20/Dec/2014:18:28:27 -0500] "POST /forms/lservlet;jsessionid=ac16012b30d537a174d1f82a44cb955cb6706de09f93.e3iSbxaKaheRe34Sa3yKbhiTahb0n6jAmljGr5XDqQLvpAe HTTP/1.1" 200 2
201.245.192.253 - - [20/Dec/2014:18:28:33 -0500] "GET /BLA/boletinlegal/consulta_actos.php?tipo=autos&no=0853&usuario=&sector=&fecha=2014&resuelve= HTTP/1.1" 200 1001
201.245.192.253 - - [20/Dec/2014:18:28:37 -0500] "GET /BLA/resoluciones/AUTOS%202014/0853.pdf HTTP/1.1" 404 1298
202.46.49.180 - - [20/Dec/2014:18:28:43 -0500] "GET /BLA/resoluciones/RESOLUCIONES%202009/0255.pdf HTTP/1.1" 200 703581
190.216.115.194 - - [20/Dec/2014:18:28:52 -0500] "GET /BLA/boletinlegal/js/jquery.scrollTo-min.js HTTP/1.1" 200 1150
190.216.115.194 - - [20/Dec/2014:18:28:52 -0500] "GET /BLA/boletinlegal/js/jquery.js HTTP/1.1" 200 57254
190.216.115.194 - - [20/Dec/2014:18:28:52 -0500] "GET /BLA/boletinlegal/js/jquery.scrollShow.js HTTP/1.1" 200 4586
186.82.233.15 - - [20/Dec/2014:18:28:58 -0500] "GET /BLA/boletinlegal/js/jquery.scrollTo-min.js HTTP/1.1" 200 1150
186.82.233.15 - - [20/Dec/2014:18:28:58 -0500] "GET /BLA/boletinlegal/js/jquery.scrollShow.js HTTP/1.1" 200 4586
186.82.233.15 - - [20/Dec/2014:18:28:58 -0500] "GET /BLA/boletinlegal/js/jquery.js HTTP/1.1" 200 57254
186.154.84.82 - - [20/Dec/2014:18:23:03 -0500] "GET /ForestMSG_SDA/channelAsync/template_word_17145631?X-Atmosphere-tracking-id=106edf1c-5230-b265-b22f-be8c38ba499b&X-Atmosphere-Framework=1.0.5&X-Atmosphere-Transport=long-polling&tabid=0.4963575806468725&X-Cache-Date=0&Content-Type=application/xml&_=1419117970730 HTTP/1.1" 200 8193
186.154.84.82 - - [20/Dec/2014:18:29:06 -0500] "GET /forest/actions/forms.getList?codForm=revctvertimientos&id=finciodestino4&text=Tatiana%20Veloza%20Suarez HTTP/1.1" 200 59
186.154.84.82 - - [20/Dec/2014:18:29:07 -0500] "GET /forest/actions/forms.getList?codForm=revctvertimientos&id=finciodestino4&text=S HTTP/1.1" 200 1136
186.154.84.82 - - [20/Dec/2014:18:29:08 -0500] "GET /forest/actions/forms.getList?codForm=revctvertimientos&id=finciodestino4&text=SA HTTP/1.1" 200 1160
186.154.84.82 - - [20/Dec/2014:18:29:08 -0500] "GET /forest/actions/forms.getList?codForm=revctvertimientos&id=finciodestino4&text=SAN HTTP/1.1" 200 1150
186.154.84.82 - - [20/Dec/2014:18:29:08 -0500] "GET /forest/actions/forms.getList?codForm=revctvertimientos&id=finciodestino4&text=SAND HTTP/1.1" 200 1210
186.154.84.82 - - [20/Dec/2014:18:29:08 -0500] "GET /forest/actions/forms.getList?codForm=revctvertimientos&id=finciodestino4&text=SANDR HTTP/1.1" 200 869
186.154.84.82 - - [20/Dec/2014:18:29:08 -0500] "GET /forest/actions/forms.getList?codForm=revctvertimientos&id=finciodestino4&text=SANDRA HTTP/1.1" 200 869
186.154.84.82 - - [20/Dec/2014:18:29:09 -0500] "GET /forest/actions/forms.getList?codForm=revctvertimientos&id=finciodestino4&text=SANDRA. HTTP/1.1" 200 1337
186.82.78.180 - - [20/Dec/2014:18:29:09 -0500] "POST /forms/lservlet;jsessionid=ac16012b30d5ed7364ad300b4c8c8824e6d313e863a7.e3iSbxaKaheRe34Sa3yKbhiTahb0n6jAmljGr5XDqQLvpAe HTTP/1.1" 200 34756
186.154.84.82 - - [20/Dec/2014:18:29:09 -0500] "GET /forest/actions/forms.getList?codForm=revctvertimientos&id=finciodestino4&text=SANDRA.M HTTP/1.1" 200 618
186.154.84.82 - - [20/Dec/2014:18:29:10 -0500] "GET /forest/actions/forms.getList?codForm=revctvertimientos&id=finciodestino4&text=SANDRA.MO HTTP/1.1" 200 423
186.154.84.82 - - [20/Dec/2014:18:29:10 -0500] "GET /forest/actions/forms.getList?codForm=revctvertimientos&id=finciodestino4&text=SANDRA.MON HTTP/1.1" 200 286
186.154.84.82 - - [20/Dec/2014:18:29:10 -0500] "GET /forest/actions/forms.getList?codForm=revctvertimientos&id=finciodestino4&text=SANDRA.MONT HTTP/1.1" 200 219
186.154.84.82 - - [20/Dec/2014:18:29:10 -0500] "GET /forest/actions/forms.getList?codForm=revctvertimientos&id=finciodestino4&text=SANDRA.MONTO HTTP/1.1" 200 144
186.82.78.180 - - [20/Dec/2014:18:29:11 -0500] "POST /forms/lservlet;jsessionid=ac16012b30d5ed7364ad300b4c8c8824e6d313e863a7.e3iSbxaKaheRe34Sa3yKbhiTahb0n6jAmljGr5XDqQLvpAe HTTP/1.1" 200 7
186.154.84.82 - - [20/Dec/2014:18:29:11 -0500] "GET /forest/actions/forms.getList?codForm=revctvertimientos&id=finciodestino4&text=SANDRA.MONTOY HTTP/1.1" 200 144
186.82.78.180 - - [20/Dec/2014:18:29:11 -0500] "POST /forms/lservlet;jsessionid=ac16012b30d5ed7364ad300b4c8c8824e6d313e863a7.e3iSbxaKaheRe34Sa3yKbhiTahb0n6jAmljGr5XDqQLvpAe HTTP/1.1" 200 34
186.154.84.82 - - [20/Dec/2014:18:29:11 -0500] "GET /forest/actions/forms.getList?codForm=revctvertimientos&id=finciodestino4&text=SANDRA.MONTOYA HTTP/1.1" 200 144
186.82.78.180 - - [20/Dec/2014:18:29:11 -0500] "POST /forms/lservlet;jsessionid=ac16012b30d5ed7364ad300b4c8c8824e6d313e863a7.e3iSbxaKaheRe34Sa3yKbhiTahb0n6jAmljGr5XDqQLvpAe HTTP/1.1" 200 2
186.82.78.180 - - [20/Dec/2014:18:29:12 -0500] "POST /forms/lservlet;jsessionid=ac16012b30d5ed7364ad300b4c8c8824e6d313e863a7.e3iSbxaKaheRe34Sa3yKbhiTahb0n6jAmljGr5XDqQLvpAe HTTP/1.1" 200 2
186.82.78.180 - - [20/Dec/2014:18:29:12 -0500] "POST /forms/lservlet;jsessionid=ac16012b30d5ed7364ad300b4c8c8824e6d313e863a7.e3iSbxaKaheRe34Sa3yKbhiTahb0n6jAmljGr5XDqQLvpAe HTTP/1.1" 200 662
186.82.78.180 - - [20/Dec/2014:18:29:13 -0500] "POST /forms/lservlet;jsessionid=ac16012b30d5ed7364ad300b4c8c8824e6d313e863a7.e3iSbxaKaheRe34Sa3yKbhiTahb0n6jAmljGr5XDqQLvpAe HTTP/1.1" 200 10
66.249.67.83 - - [20/Dec/2014:18:29:14 -0500] "GET /BLA/resoluciones/RESOLUCIONES%202013/1320.pdf HTTP/1.1" 304 -
186.82.78.180 - - [20/Dec/2014:18:29:15 -0500] "POST /forms/lservlet;jsessionid=ac16012b30d5ed7364ad300b4c8c8824e6d313e863a7.e3iSbxaKaheRe34Sa3yKbhiTahb0n6jAmljGr5XDqQLvpAe HTTP/1.1" 200 2
186.82.78.180 - - [20/Dec/2014:18:29:15 -0500] "POST /forms/lservlet;jsessionid=ac16012b30d5ed7364ad300b4c8c8824e6d313e863a7.e3iSbxaKaheRe34Sa3yKbhiTahb0n6jAmljGr5XDqQLvpAe HTTP/1.1" 200 239
186.82.78.180 - - [20/Dec/2014:18:29:16 -0500] "POST /forms/lservlet;jsessionid=ac16012b30d5ed7364ad300b4c8c8824e6d313e863a7.e3iSbxaKaheRe34Sa3yKbhiTahb0n6jAmljGr5XDqQLvpAe HTTP/1.1" 200 46
186.82.78.180 - - [20/Dec/2014:18:29:16 -0500] "POST /forms/lservlet;jsessionid=ac16012b30d5ed7364ad300b4c8c8824e6d313e863a7.e3iSbxaKaheRe34Sa3yKbhiTahb0n6jAmljGr5XDqQLvpAe HTTP/1.1" 200 15
186.82.78.180 - - [20/Dec/2014:18:29:17 -0500] "POST /forms/lservlet;jsessionid=ac16012b30d5ed7364ad300b4c8c8824e6d313e863a7.e3iSbxaKaheRe34Sa3yKbhiTahb0n6jAmljGr5XDqQLvpAe HTTP/1.1" 200 2
186.154.84.82 - - [20/Dec/2014:18:29:16 -0500] "POST /forest/usutareas.do? HTTP/1.1" 200 76
186.82.78.180 - - [20/Dec/2014:18:29:20 -0500] "POST /forms/lservlet;jsessionid=ac16012b30d5ed7364ad300b4c8c8824e6d313e863a7.e3iSbxaKaheRe34Sa3yKbhiTahb0n6jAmljGr5XDqQLvpAe HTTP/1.1" 200 76
186.154.84.82 - - [20/Dec/2014:18:29:21 -0500] "GET /forest/usutareas.do?group_system_actual=3&a=0.13500987505540252 HTTP/1.1" 200 19879
186.82.78.180 - - [20/Dec/2014:18:29:21 -0500] "POST /forms/lservlet;jsessionid=ac16012b30d5ed7364ad300b4c8c8824e6d313e863a7.e3iSbxaKaheRe34Sa3yKbhiTahb0n6jAmljGr5XDqQLvpAe HTTP/1.1" 200 37
186.154.84.82 - - [20/Dec/2014:18:29:21 -0500] "GET /forest/session.jsp?a=0.8987461319193244 HTTP/1.1" 200 4
186.82.78.180 - - [20/Dec/2014:18:29:23 -0500] "POST /forms/lservlet;jsessionid=ac16012b30d5ed7364ad300b4c8c8824e6d313e863a7.e3iSbxaKaheRe34Sa3yKbhiTahb0n6jAmljGr5XDqQLvpAe HTTP/1.1" 200 2
186.154.84.82 - - [20/Dec/2014:18:29:24 -0500] "GET /forest/index2.jsp?_a=0.7836433427873999 HTTP/1.1" 200 327824
186.154.84.82 - - [20/Dec/2014:18:29:26 -0500] "GET /forest/session.jsp?a=0.36625532107427716 HTTP/1.1" 200 4
186.82.78.180 - - [20/Dec/2014:18:29:27 -0500] "POST /forms/lservlet;jsessionid=ac16012b30d5ed7364ad300b4c8c8824e6d313e863a7.e3iSbxaKaheRe34Sa3yKbhiTahb0n6jAmljGr5XDqQLvpAe HTTP/1.1" 200 73
186.82.78.180 - - [20/Dec/2014:18:29:29 -0500] "POST /forms/lservlet;jsessionid=ac16012b30d5ed7364ad300b4c8c8824e6d313e863a7.e3iSbxaKaheRe34Sa3yKbhiTahb0n6jAmljGr5XDqQLvpAe HTTP/1.1" 200 18
186.82.78.180 - - [20/Dec/2014:18:29:29 -0500] "POST /forms/lservlet;jsessionid=ac16012b30d5ed7364ad300b4c8c8824e6d313e863a7.e3iSbxaKaheRe34Sa3yKbhiTahb0n6jAmljGr5XDqQLvpAe HTTP/1.1" 200 8
186.82.78.180 - - [20/Dec/2014:18:29:29 -0500] "POST /forms/lservlet;jsessionid=ac16012b30d5ed7364ad300b4c8c8824e6d313e863a7.e3iSbxaKaheRe34Sa3yKbhiTahb0n6jAmljGr5XDqQLvpAe HTTP/1.1" 200 2
186.154.84.82 - - [20/Dec/2014:18:29:34 -0500] "GET /forest/suactividades.do?group_system_actual=3&_a=0.528947307320955 HTTP/1.1" 200 50280
186.82.78.180 - - [20/Dec/2014:18:29:34 -0500] "POST /forms/lservlet;jsessionid=ac16012b30d5ed7364ad300b4c8c8824e6d313e863a7.e3iSbxaKaheRe34Sa3yKbhiTahb0n6jAmljGr5XDqQLvpAe HTTP/1.1" 200 26
186.154.84.82 - - [20/Dec/2014:18:29:35 -0500] "GET /forest/session.jsp?a=0.8028807095251977 HTTP/1.1" 200 4
186.82.78.180 - - [20/Dec/2014:18:29:34 -0500] "POST /forms/lservlet;jsessionid=ac16012b30d5ed7364ad300b4c8c8824e6d313e863a7.e3iSbxaKaheRe34Sa3yKbhiTahb0n6jAmljGr5XDqQLvpAe HTTP/1.1" 200 5174
186.82.78.180 - - [20/Dec/2014:18:29:36 -0500] "POST /forms/lservlet;jsessionid=ac16012b30d5ed7364ad300b4c8c8824e6d313e863a7.e3iSbxaKaheRe34Sa3yKbhiTahb0n6jAmljGr5XDqQLvpAe HTTP/1.1" 200 20
186.154.84.82 - - [20/Dec/2014:18:29:35 -0500] "POST /forest/actions/workplace.getReparto?a=0.06403481704182923 HTTP/1.1" 200 12446
186.119.222.18 - - [20/Dec/2014:18:29:37 -0500] "GET /forest/session.jsp?a=0.9949054477403475 HTTP/1.1" 200 4
186.82.78.180 - - [20/Dec/2014:18:29:41 -0500] "POST /forms/lservlet;jsessionid=ac16012b30d5ed7364ad300b4c8c8824e6d313e863a7.e3iSbxaKaheRe34Sa3yKbhiTahb0n6jAmljGr5XDqQLvpAe HTTP/1.1" 200 2
186.82.78.180 - - [20/Dec/2014:18:29:41 -0500] "POST /forms/lservlet;jsessionid=ac16012b30d5ed7364ad300b4c8c8824e6d313e863a7.e3iSbxaKaheRe34Sa3yKbhiTahb0n6jAmljGr5XDqQLvpAe HTTP/1.1" 200 2153
186.82.78.180 - - [20/Dec/2014:18:29:41 -0500] "POST /forms/lservlet;jsessionid=ac16012b30d5ed7364ad300b4c8c8824e6d313e863a7.e3iSbxaKaheRe34Sa3yKbhiTahb0n6jAmljGr5XDqQLvpAe HTTP/1.1" 200 10
186.82.78.180 - - [20/Dec/2014:18:29:44 -0500] "POST /forms/lservlet;jsessionid=ac16012b30d5ed7364ad300b4c8c8824e6d313e863a7.e3iSbxaKaheRe34Sa3yKbhiTahb0n6jAmljGr5XDqQLvpAe HTTP/1.1" 200 2
186.82.78.180 - - [20/Dec/2014:18:29:44 -0500] "POST /forms/lservlet;jsessionid=ac16012b30d5ed7364ad300b4c8c8824e6d313e863a7.e3iSbxaKaheRe34Sa3yKbhiTahb0n6jAmljGr5XDqQLvpAe HTTP/1.1" 200 2973
186.82.78.180 - - [20/Dec/2014:18:29:45 -0500] "POST /forms/lservlet;jsessionid=ac16012b30d5ed7364ad300b4c8c8824e6d313e863a7.e3iSbxaKaheRe34Sa3yKbhiTahb0n6jAmljGr5XDqQLvpAe HTTP/1.1" 200 2
186.82.78.180 - - [20/Dec/2014:18:29:52 -0500] "POST /forms/lservlet;jsessionid=ac16012b30d5ed7364ad300b4c8c8824e6d313e863a7.e3iSbxaKaheRe34Sa3yKbhiTahb0n6jAmljGr5XDqQLvpAe HTTP/1.1" 200 2
186.82.78.180 - - [20/Dec/2014:18:29:53 -0500] "POST /forms/lservlet;jsessionid=ac16012b30d5ed7364ad300b4c8c8824e6d313e863a7.e3iSbxaKaheRe34Sa3yKbhiTahb0n6jAmljGr5XDqQLvpAe HTTP/1.1" 200 2425
186.82.78.180 - - [20/Dec/2014:18:29:53 -0500] "POST /forms/lservlet;jsessionid=ac16012b30d5ed7364ad300b4c8c8824e6d313e863a7.e3iSbxaKaheRe34Sa3yKbhiTahb0n6jAmljGr5XDqQLvpAe HTTP/1.1" 200 10
186.82.78.180 - - [20/Dec/2014:18:29:54 -0500] "POST /forms/lservlet;jsessionid=ac16012b30d5ed7364ad300b4c8c8824e6d313e863a7.e3iSbxaKaheRe34Sa3yKbhiTahb0n6jAmljGr5XDqQLvpAe HTTP/1.1" 200 2
186.82.78.180 - - [20/Dec/2014:18:29:55 -0500] "POST /forms/lservlet;jsessionid=ac16012b30d5ed7364ad300b4c8c8824e6d313e863a7.e3iSbxaKaheRe34Sa3yKbhiTahb0n6jAmljGr5XDqQLvpAe HTTP/1.1" 200 239
186.82.78.180 - - [20/Dec/2014:18:29:55 -0500] "POST /forms/lservlet;jsessionid=ac16012b30d5ed7364ad300b4c8c8824e6d313e863a7.e3iSbxaKaheRe34Sa3yKbhiTahb0n6jAmljGr5XDqQLvpAe HTTP/1.1" 200 46
186.82.78.180 - - [20/Dec/2014:18:29:55 -0500] "POST /forms/lservlet;jsessionid=ac16012b30d5ed7364ad300b4c8c8824e6d313e863a7.e3iSbxaKaheRe34Sa3yKbhiTahb0n6jAmljGr5XDqQLvpAe HTTP/1.1" 200 16
186.82.78.180 - - [20/Dec/2014:18:29:56 -0500] "POST /forms/lservlet;jsessionid=ac16012b30d5ed7364ad300b4c8c8824e6d313e863a7.e3iSbxaKaheRe34Sa3yKbhiTahb0n6jAmljGr5XDqQLvpAe HTTP/1.1" 200 2
88.176.13.105 - - [20/Dec/2014:18:29:58 -0500] "POST /xmlrpc.php HTTP/1.1" 404 1018
186.154.84.82 - - [20/Dec/2014:18:29:58 -0500] "GET /forest/skins/gdocs-jar/popup/popup.jsp?width=850&height=380&title=Informaci%F3n%20del%20radicado&uri=/forest/system/document.jsp%3FcodDoc%3D1938945&name=undefined&_a=0.168756885221228&a=0.5308478861115873 HTTP/1.1" 200 1315
186.154.84.82 - - [20/Dec/2014:18:29:58 -0500] "GET /forest/system/document.jsp?codDoc=1938945 HTTP/1.1" 200 12613
186.154.84.82 - - [20/Dec/2014:18:29:58 -0500] "GET /forest/system/document.jsp?codDoc=1938945 HTTP/1.1" 200 12613
186.82.78.180 - - [20/Dec/2014:18:30:00 -0500] "POST /forms/lservlet;jsessionid=ac16012b30d5ed7364ad300b4c8c8824e6d313e863a7.e3iSbxaKaheRe34Sa3yKbhiTahb0n6jAmljGr5XDqQLvpAe HTTP/1.1" 200 76
186.82.78.180 - - [20/Dec/2014:18:30:00 -0500] "POST /forms/lservlet;jsessionid=ac16012b30d5ed7364ad300b4c8c8824e6d313e863a7.e3iSbxaKaheRe34Sa3yKbhiTahb0n6jAmljGr5XDqQLvpAe HTTP/1.1" 200 37
186.119.222.18 - - [20/Dec/2014:18:29:43 -0500] "POST /forest/buscar.do? HTTP/1.1" 200 9585
186.82.78.180 - - [20/Dec/2014:18:30:01 -0500] "POST /forms/lservlet;jsessionid=ac16012b30d5ed7364ad300b4c8c8824e6d313e863a7.e3iSbxaKaheRe34Sa3yKbhiTahb0n6jAmljGr5XDqQLvpAe HTTP/1.1" 200 58
186.82.78.180 - - [20/Dec/2014:18:30:02 -0500] "POST /forms/lservlet;jsessionid=ac16012b30d5ed7364ad300b4c8c8824e6d313e863a7.e3iSbxaKaheRe34Sa3yKbhiTahb0n6jAmljGr5XDqQLvpAe HTTP/1.1" 200 18
186.82.78.180 - - [20/Dec/2014:18:30:03 -0500] "POST /forms/lservlet;jsessionid=ac16012b30d5ed7364ad300b4c8c8824e6d313e863a7.e3iSbxaKaheRe34Sa3yKbhiTahb0n6jAmljGr5XDqQLvpAe HTTP/1.1" 200 8
186.82.78.180 - - [20/Dec/2014:18:30:03 -0500] "POST /forms/lservlet;jsessionid=ac16012b30d5ed7364ad300b4c8c8824e6d313e863a7.e3iSbxaKaheRe34Sa3yKbhiTahb0n6jAmljGr5XDqQLvpAe HTTP/1.1" 200 2
186.82.78.180 - - [20/Dec/2014:18:30:07 -0500] "POST /forms/lservlet;jsessionid=ac16012b30d5ed7364ad300b4c8c8824e6d313e863a7.e3iSbxaKaheRe34Sa3yKbhiTahb0n6jAmljGr5XDqQLvpAe HTTP/1.1" 200 26
186.82.78.180 - - [20/Dec/2014:18:30:07 -0500] "POST /forms/lservlet;jsessionid=ac16012b30d5ed7364ad300b4c8c8824e6d313e863a7.e3iSbxaKaheRe34Sa3yKbhiTahb0n6jAmljGr5XDqQLvpAe HTTP/1.1" 200 4439
186.82.78.180 - - [20/Dec/2014:18:30:08 -0500] "POST /forms/lservlet;jsessionid=ac16012b30d5ed7364ad300b4c8c8824e6d313e863a7.e3iSbxaKaheRe34Sa3yKbhiTahb0n6jAmljGr5XDqQLvpAe HTTP/1.1" 200 20
186.82.78.180 - - [20/Dec/2014:18:30:12 -0500] "POST /forms/lservlet;jsessionid=ac16012b30d5ed7364ad300b4c8c8824e6d313e863a7.e3iSbxaKaheRe34Sa3yKbhiTahb0n6jAmljGr5XDqQLvpAe HTTP/1.1" 200 2
186.82.78.180 - - [20/Dec/2014:18:30:12 -0500] "POST /forms/lservlet;jsessionid=ac16012b30d5ed7364ad300b4c8c8824e6d313e863a7.e3iSbxaKaheRe34Sa3yKbhiTahb0n6jAmljGr5XDqQLvpAe HTTP/1.1" 200 3170
186.82.78.180 - - [20/Dec/2014:18:30:13 -0500] "POST /forms/lservlet;jsessionid=ac16012b30d5ed7364ad300b4c8c8824e6d313e863a7.e3iSbxaKaheRe34Sa3yKbhiTahb0n6jAmljGr5XDqQLvpAe HTTP/1.1" 200 2
191.103.141.248 - - [20/Dec/2014:18:30:19 -0500] "GET /BLA/boletinlegal/js/jquery.js HTTP/1.1" 200 57254
191.103.141.248 - - [20/Dec/2014:18:30:19 -0500] "GET /BLA/boletinlegal/js/jquery.scrollTo-min.js HTTP/1.1" 200 1150
191.103.141.248 - - [20/Dec/2014:18:30:19 -0500] "GET /BLA/boletinlegal/js/jquery.scrollShow.js HTTP/1.1" 200 4586
186.82.78.180 - - [20/Dec/2014:18:30:19 -0500] "POST /forms/lservlet;jsessionid=ac16012b30d5ed7364ad300b4c8c8824e6d313e863a7.e3iSbxaKaheRe34Sa3yKbhiTahb0n6jAmljGr5XDqQLvpAe HTTP/1.1" 200 2
186.82.78.180 - - [20/Dec/2014:18:30:19 -0500] "POST /forms/lservlet;jsessionid=ac16012b30d5ed7364ad300b4c8c8824e6d313e863a7.e3iSbxaKaheRe34Sa3yKbhiTahb0n6jAmljGr5XDqQLvpAe HTTP/1.1" 200 3361
186.82.78.180 - - [20/Dec/2014:18:30:20 -0500] "POST /forms/lservlet;jsessionid=ac16012b30d5ed7364ad300b4c8c8824e6d313e863a7.e3iSbxaKaheRe34Sa3yKbhiTahb0n6jAmljGr5XDqQLvpAe HTTP/1.1" 200 2
186.82.78.180 - - [20/Dec/2014:18:30:23 -0500] "POST /forms/lservlet;jsessionid=ac16012b30d5ed7364ad300b4c8c8824e6d313e863a7.e3iSbxaKaheRe34Sa3yKbhiTahb0n6jAmljGr5XDqQLvpAe HTTP/1.1" 200 2
186.82.78.180 - - [20/Dec/2014:18:30:24 -0500] "POST /forms/lservlet;jsessionid=ac16012b30d5ed7364ad300b4c8c8824e6d313e863a7.e3iSbxaKaheRe34Sa3yKbhiTahb0n6jAmljGr5XDqQLvpAe HTTP/1.1" 200 2458
186.82.78.180 - - [20/Dec/2014:18:30:25 -0500] "POST /forms/lservlet;jsessionid=ac16012b30d5ed7364ad300b4c8c8824e6d313e863a7.e3iSbxaKaheRe34Sa3yKbhiTahb0n6jAmljGr5XDqQLvpAe HTTP/1.1" 200 2
181.50.241.109 - - [20/Dec/2014:18:30:27 -0500] "POST /forms/lservlet;jsessionid=ac16012b30d537a174d1f82a44cb955cb6706de09f93.e3iSbxaKaheRe34Sa3yKbhiTahb0n6jAmljGr5XDqQLvpAe HTTP/1.1" 200 2
186.82.78.180 - - [20/Dec/2014:18:30:30 -0500] "POST /forms/lservlet;jsessionid=ac16012b30d5ed7364ad300b4c8c8824e6d313e863a7.e3iSbxaKaheRe34Sa3yKbhiTahb0n6jAmljGr5XDqQLvpAe HTTP/1.1" 200 2
186.29.202.49 - - [20/Dec/2014:18:30:33 -0500] "GET /galeria/carrusel/Carrusel/jquery-ui-1.8.13.custom.min.js HTTP/1.1" 200 10800
186.29.202.49 - - [20/Dec/2014:18:30:33 -0500] "GET /BLA/boletinlegal/js/jquery.scrollTo-min.js HTTP/1.1" 200 1150
186.29.202.49 - - [20/Dec/2014:18:30:33 -0500] "GET /BLA/boletinlegal/js/jquery.js HTTP/1.1" 200 57254
186.29.202.49 - - [20/Dec/2014:18:30:33 -0500] "GET /BLA/boletinlegal/js/jquery.scrollShow.js HTTP/1.1" 200 4586
