190.24.136.214 - - [20/Dec/2014:16:54:11 -0500] "GET /galeria/nivo-slider/demo/images/Banner-GAE3.jpg HTTP/1.1" 200 146354
190.24.136.214 - - [20/Dec/2014:16:54:12 -0500] "GET /galeria/nivo-slider/demo/images/Tingua-azul.jpg HTTP/1.1" 200 307638
190.24.136.214 - - [20/Dec/2014:16:54:12 -0500] "GET /galeria/nivo-slider/demo/images/Banner-Caracol-Africano.jpg HTTP/1.1" 200 331986
190.24.136.214 - - [20/Dec/2014:16:54:13 -0500] "GET /galeria/nivo-slider/demo/images/banner-redes.jpg HTTP/1.1" 200 62209
190.24.136.214 - - [20/Dec/2014:16:54:13 -0500] "GET /galeria/nivo-slider/demo/images/9Signos.jpg HTTP/1.1" 200 93040
190.24.136.214 - - [20/Dec/2014:16:54:13 -0500] "GET /galeria/nivo-slider/demo/images/banner-llantas2.jpg HTTP/1.1" 200 73153
190.24.136.214 - - [20/Dec/2014:16:54:13 -0500] "GET /galeria/nivo-slider/demo/images/4Simple_Slider.png HTTP/1.1" 200 11722
190.24.136.214 - - [20/Dec/2014:16:54:14 -0500] "GET /galeria/nivo-slider/themes/default/loading.gif HTTP/1.1" 200 1737
190.24.136.214 - - [20/Dec/2014:16:54:15 -0500] "GET /galeria/nivo-slider/themes/default/bullets.png HTTP/1.1" 200 1281
190.24.136.214 - - [20/Dec/2014:16:54:15 -0500] "GET /galeria/nivo-slider/themes/default/arrows.png HTTP/1.1" 200 824
186.119.222.18 - - [20/Dec/2014:16:54:22 -0500] "GET /forest/skins/gdocs-jar/popup/popup.jsp?width=850&height=380&title=Informaci%F3n%20del%20radicado&uri=/forest/system/document.jsp%3FcodDoc%3D1840908&name=undefined&_a=0.08365236131839782&a=0.20730777446381543 HTTP/1.1" 200 1315
186.119.222.18 - - [20/Dec/2014:16:54:23 -0500] "GET /forest/img/icons/pdf.gif HTTP/1.1" 200 230
186.119.222.18 - - [20/Dec/2014:16:54:23 -0500] "GET /forest/system/document.jsp?codDoc=1840908 HTTP/1.1" 200 16036
181.50.241.109 - - [20/Dec/2014:16:54:23 -0500] "POST /forms/lservlet;jsessionid=ac16012b30d537a174d1f82a44cb955cb6706de09f93.e3iSbxaKaheRe34Sa3yKbhiTahb0n6jAmljGr5XDqQLvpAe HTTP/1.1" 200 2
186.119.222.18 - - [20/Dec/2014:16:54:25 -0500] "GET /forest/usudocumentos.do?p7z=1840908&a=0.141680755734942&a=0.561894918854203 HTTP/1.1" 200 2522
186.119.222.18 - - [20/Dec/2014:16:54:27 -0500] "GET /forest/session.jsp?a=0.4172553242723457 HTTP/1.1" 200 4
180.76.5.74 - - [20/Dec/2014:16:54:33 -0500] "GET /BLA/resoluciones/RESOLUCIONES%202009/1309.pdf HTTP/1.1" 200 528455
186.119.222.18 - - [20/Dec/2014:16:54:27 -0500] "GET /forest/documentos/1840908/2014IE70536.p7z:claro/Conceptotec.docx HTTP/1.1" 200 702767
220.181.125.162 - - [20/Dec/2014:16:54:46 -0500] "GET /robots.txt HTTP/1.1" 404 1019
220.181.125.162 - - [20/Dec/2014:16:54:46 -0500] "GET / HTTP/1.1" 302 -
220.181.125.162 - - [20/Dec/2014:16:54:54 -0500] "GET /robots.txt HTTP/1.1" 404 1015
66.249.67.67 - - [20/Dec/2014:16:54:59 -0500] "GET /BLA/resoluciones/RESOLUCIONES%202010/4438.pdf HTTP/1.1" 200 529513
220.181.125.162 - - [20/Dec/2014:16:55:05 -0500] "GET / HTTP/1.1" 302 -
190.24.136.214 - - [20/Dec/2014:16:55:12 -0500] "GET /BLA/boletinlegal/js/jquery.js HTTP/1.1" 304 -
190.24.136.214 - - [20/Dec/2014:16:55:12 -0500] "GET /BLA/boletinlegal/js/jquery.scrollShow.js HTTP/1.1" 304 -
190.24.136.214 - - [20/Dec/2014:16:55:12 -0500] "GET /BLA/boletinlegal/js/jquery.scrollTo-min.js HTTP/1.1" 304 -
186.154.84.82 - - [20/Dec/2014:16:55:53 -0500] "GET /forest/misactividades.do?group_system_actual=3&codPro=204&_a=0.5331688938446713 HTTP/1.1" 200 38610
186.154.84.82 - - [20/Dec/2014:16:55:54 -0500] "GET /forest/session.jsp?a=0.07845827145501971 HTTP/1.1" 200 4
186.154.84.82 - - [20/Dec/2014:16:55:54 -0500] "POST /forest/misactividades.do?ajax=true&a=0.0523577113635838 HTTP/1.1" 200 3889
186.82.78.180 - - [20/Dec/2014:16:56:12 -0500] "POST /forms/lservlet;jsessionid=ac16012b30d5ed7364ad300b4c8c8824e6d313e863a7.e3iSbxaKaheRe34Sa3yKbhiTahb0n6jAmljGr5XDqQLvpAe HTTP/1.1" 200 2
181.50.241.109 - - [20/Dec/2014:16:56:24 -0500] "POST /forms/lservlet;jsessionid=ac16012b30d537a174d1f82a44cb955cb6706de09f93.e3iSbxaKaheRe34Sa3yKbhiTahb0n6jAmljGr5XDqQLvpAe HTTP/1.1" 200 2
68.188.168.127 - - [20/Dec/2014:16:56:25 -0500] "GET /webdav/x32.php?host=108.61.235.112&time=60&port=80 HTTP/1.1" 404 1018
66.249.67.75 - - [20/Dec/2014:16:56:32 -0500] "GET /BLA/resoluciones/RESOLUCIONES%202007/RES%202007%20201%20AL%20300/RESOLUCION%200252%20DE%202007.pdf HTTP/1.1" 304 -
74.86.158.107 - - [20/Dec/2014:16:57:05 -0500] "HEAD / HTTP/1.1" 302 -
200.234.196.173 - - [20/Dec/2014:16:57:05 -0500] "GET /test/wp-admin/ HTTP/1.1" 404 1018
66.249.67.83 - - [20/Dec/2014:16:58:05 -0500] "GET /BLA/resoluciones/RESOLUCIONES%202011/0863.pdf HTTP/1.1" 200 210321
181.132.46.172 - - [20/Dec/2014:16:58:12 -0500] "GET /BLA/boletinlegal/js/jquery.js HTTP/1.1" 200 57254
181.132.46.172 - - [20/Dec/2014:16:58:12 -0500] "GET /BLA/boletinlegal/js/jquery.scrollShow.js HTTP/1.1" 200 4586
181.132.46.172 - - [20/Dec/2014:16:58:12 -0500] "GET /BLA/boletinlegal/js/jquery.scrollTo-min.js HTTP/1.1" 200 1150
186.82.78.180 - - [20/Dec/2014:16:58:22 -0500] "POST /forms/lservlet;jsessionid=ac16012b30d5ed7364ad300b4c8c8824e6d313e863a7.e3iSbxaKaheRe34Sa3yKbhiTahb0n6jAmljGr5XDqQLvpAe HTTP/1.1" 200 2
181.50.241.109 - - [20/Dec/2014:16:58:24 -0500] "POST /forms/lservlet;jsessionid=ac16012b30d537a174d1f82a44cb955cb6706de09f93.e3iSbxaKaheRe34Sa3yKbhiTahb0n6jAmljGr5XDqQLvpAe HTTP/1.1" 200 2
186.119.222.18 - - [20/Dec/2014:16:58:34 -0500] "POST /forest/buscar.do? HTTP/1.1" 200 15748
66.249.67.67 - - [20/Dec/2014:16:59:05 -0500] "GET /hidrico/aguas%20subterraneas/Cartograf%C3%ACa_Final_2013/Isopiezas/Promedios%20Temporada%20Baja%20Precipitaci%C3%B3n.pdf HTTP/1.1" 404 1018
186.119.222.18 - - [20/Dec/2014:16:59:27 -0500] "GET /forest/session.jsp?a=0.3441801284622277 HTTP/1.1" 200 4
186.154.84.82 - - [20/Dec/2014:16:59:29 -0500] "GET /forest/session.jsp?a=0.15734922979027033 HTTP/1.1" 200 4
186.154.84.82 - - [20/Dec/2014:16:59:33 -0500] "GET /forest/misactividades.do?group_system_actual=3&codPro=204&_a=0.5331688938446713 HTTP/1.1" 200 38610
186.154.84.82 - - [20/Dec/2014:16:59:34 -0500] "GET /forest/session.jsp?a=0.3395787989720702 HTTP/1.1" 200 4
186.154.84.82 - - [20/Dec/2014:16:59:34 -0500] "GET /forest/skins/gdocs-jar/jsp/cookie.jsp?name=grid_nompro&del HTTP/1.1" 200 -
186.154.84.82 - - [20/Dec/2014:16:59:34 -0500] "POST /forest/misactividades.do?ajax=true&a=0.14244442945346236 HTTP/1.1" 200 11448
66.249.67.83 - - [20/Dec/2014:16:59:37 -0500] "GET /BLA/resoluciones/RESOLUCIONES%202012/1271.pdf HTTP/1.1" 200 28772356
186.154.84.82 - - [20/Dec/2014:16:59:38 -0500] "GET /forest/index2.jsp?_a=0.8299068924970925 HTTP/1.1" 200 345667
186.154.84.82 - - [20/Dec/2014:16:59:41 -0500] "GET /forest/session.jsp?a=0.39439713140018284 HTTP/1.1" 200 4
186.113.81.219 - - [20/Dec/2014:16:59:46 -0500] "GET /BLA/resoluciones/RESOLUCIONES%202007/RES%202007%203101%20AL%203200/RESOLUCION%203127%20DE%202007.pdf HTTP/1.1" 200 197555
186.113.81.219 - - [20/Dec/2014:16:59:49 -0500] "GET /favicon.ico HTTP/1.1" 200 7782
186.119.222.18 - - [20/Dec/2014:16:59:54 -0500] "GET /forest/skins/gdocs-jar/popup/popup.jsp?width=850&height=380&title=Informaci%F3n%20del%20radicado&uri=/forest/system/document.jsp%3FcodDoc%3D1621656&name=undefined&_a=0.44267705532625445&a=0.8385168891861078 HTTP/1.1" 200 1315
186.154.84.82 - - [20/Dec/2014:16:59:54 -0500] "GET /forest/misactividades.do?group_system_actual=3&codPro=204&_a=0.8303597704655522 HTTP/1.1" 200 38610
186.119.222.18 - - [20/Dec/2014:16:59:55 -0500] "GET /forest/system/document.jsp?codDoc=1621656 HTTP/1.1" 200 26319
186.154.84.82 - - [20/Dec/2014:16:59:55 -0500] "GET /forest/session.jsp?a=0.8855325947515666 HTTP/1.1" 200 4
186.154.84.82 - - [20/Dec/2014:16:59:55 -0500] "POST /forest/misactividades.do?ajax=true&a=0.9076130175963044 HTTP/1.1" 200 3889
186.119.222.18 - - [20/Dec/2014:17:00:04 -0500] "GET /forest/skins/gdocs-jar/popup/popup.jsp?width=850&height=380&title=Informaci%F3n%20del%20radicado&uri=/forest/system/document.jsp%3FcodDoc%3D1636289&name=undefined&_a=0.4691816298498994&a=0.8169835361153754 HTTP/1.1" 200 1315
186.119.222.18 - - [20/Dec/2014:17:00:04 -0500] "GET /forest/system/document.jsp?codDoc=1636289 HTTP/1.1" 200 17116
186.119.222.18 - - [20/Dec/2014:17:00:07 -0500] "GET /forest/usudocumentos.do?p7z=1636289&a=0.27937337022993436&a=0.25976919625921646 HTTP/1.1" 200 2526
186.154.84.82 - - [20/Dec/2014:17:00:05 -0500] "GET /forest/usutareas.do?_a=0.808312906185165&group_system_actual=3 HTTP/1.1" 200 108478
186.154.84.82 - - [20/Dec/2014:17:00:08 -0500] "GET /forest/session.jsp?a=0.09643128560855985 HTTP/1.1" 200 4
186.154.84.82 - - [20/Dec/2014:17:00:14 -0500] "GET /forest/skins/gdocs-jar/img/hojaruta.gif HTTP/1.1" 200 159
186.154.84.82 - - [20/Dec/2014:17:00:14 -0500] "GET /forest/skins/gdocs-jar/img/edit.gif HTTP/1.1" 200 1264
186.154.84.82 - - [20/Dec/2014:17:00:14 -0500] "GET /forest/skins/gdocs-jar/img/verComentario.gif HTTP/1.1" 200 689
186.154.84.82 - - [20/Dec/2014:17:00:14 -0500] "GET /forest/skins/gdocs-jar/img/editarComentario.gif HTTP/1.1" 200 1220
186.154.84.82 - - [20/Dec/2014:17:00:15 -0500] "GET /forest/skins/gdocs-jar/img/cut.gif HTTP/1.1" 200 1280
186.154.84.82 - - [20/Dec/2014:17:00:15 -0500] "GET /forest/skins/gdocs-jar/img/sendmail.gif HTTP/1.1" 200 1297
186.154.84.82 - - [20/Dec/2014:17:00:15 -0500] "GET /forest/skins/gdocs-jar/img/copy.gif HTTP/1.1" 200 185
186.154.84.82 - - [20/Dec/2014:17:00:15 -0500] "GET /forest/skins/gdocs-jar/img/icon_document_completed.gif HTTP/1.1" 200 1077
186.154.84.82 - - [20/Dec/2014:17:00:15 -0500] "GET /forest/skins/gdocs-jar/img/assign-document.gif HTTP/1.1" 200 936
186.154.84.82 - - [20/Dec/2014:17:00:15 -0500] "GET /forest/skins/gdocs-jar/img/veranexos.gif HTTP/1.1" 200 1130
186.154.84.82 - - [20/Dec/2014:17:00:15 -0500] "GET /forest/skins/gdocs-jar/img/asignar-user.gif HTTP/1.1" 200 1196
186.154.84.82 - - [20/Dec/2014:17:00:15 -0500] "GET /forest/skins/gdocs-jar/img/eliminar.gif HTTP/1.1" 200 354
186.154.84.82 - - [20/Dec/2014:17:00:15 -0500] "GET /forest/img/back.gif HTTP/1.1" 200 82
186.154.84.82 - - [20/Dec/2014:17:00:15 -0500] "GET /forest/skins/gdocs-jar/img/grid-first.gif HTTP/1.1" 200 371
186.154.84.82 - - [20/Dec/2014:17:00:15 -0500] "GET /forest/skins/gdocs-jar/img/grid-prev.gif HTTP/1.1" 200 325
186.154.84.82 - - [20/Dec/2014:17:00:15 -0500] "GET /forest/skins/gdocs-jar/img/grid-next.gif HTTP/1.1" 200 325
186.154.84.82 - - [20/Dec/2014:17:00:15 -0500] "GET /forest/skins/gdocs-jar/img/grid-last.gif HTTP/1.1" 200 371
186.154.84.82 - - [20/Dec/2014:17:00:15 -0500] "GET /forest/skins/gdocs-jar/img/eye.gif HTTP/1.1" 304 -
186.154.84.82 - - [20/Dec/2014:17:00:15 -0500] "GET /forest/skins/gdocs-jar/img/more_details.gif HTTP/1.1" 200 617
186.154.84.82 - - [20/Dec/2014:17:00:11 -0500] "GET /forest/usudocumentos.do?_a=0.1518254647962749&group_system_actual=3 HTTP/1.1" 200 103723
186.154.84.82 - - [20/Dec/2014:17:00:16 -0500] "GET /forest/session.jsp?a=0.02108052559196949 HTTP/1.1" 200 4
186.154.84.82 - - [20/Dec/2014:17:00:18 -0500] "GET /forest/img/jquery/ui-bg_glass_85_dfeffc_1x400.png HTTP/1.1" 304 -
186.154.84.82 - - [20/Dec/2014:17:00:18 -0500] "GET /forest/skins/gdocs-jar/img/filtrar.png HTTP/1.1" 200 243
186.154.84.82 - - [20/Dec/2014:17:00:18 -0500] "GET /forest/skins/gdocs-jar/img/splitter.gif HTTP/1.1" 200 830
181.50.241.109 - - [20/Dec/2014:17:00:24 -0500] "POST /forms/lservlet;jsessionid=ac16012b30d537a174d1f82a44cb955cb6706de09f93.e3iSbxaKaheRe34Sa3yKbhiTahb0n6jAmljGr5XDqQLvpAe HTTP/1.1" 200 2
186.82.78.180 - - [20/Dec/2014:17:00:27 -0500] "POST /forms/lservlet;jsessionid=ac16012b30d5ed7364ad300b4c8c8824e6d313e863a7.e3iSbxaKaheRe34Sa3yKbhiTahb0n6jAmljGr5XDqQLvpAe HTTP/1.1" 200 2
186.119.222.18 - - [20/Dec/2014:17:00:09 -0500] "GET /forest/documentos/1636289/2013IE047561.p7z:claro/Concepto%20Tecnico.doc HTTP/1.1" 200 1868288
186.154.84.82 - - [20/Dec/2014:17:00:40 -0500] "GET /forest/index2.jsp?_a=0.2640017175581306 HTTP/1.1" 200 345684
186.154.84.82 - - [20/Dec/2014:17:00:43 -0500] "GET /forest/session.jsp?a=0.3006800557486713 HTTP/1.1" 200 4
70.208.74.16 - - [20/Dec/2014:17:00:44 -0500] "GET /BLA/boletinlegal/js/jquery.js HTTP/1.1" 200 57254
70.208.74.16 - - [20/Dec/2014:17:00:45 -0500] "GET /BLA/boletinlegal/js/jquery.scrollShow.js HTTP/1.1" 200 4586
70.208.74.16 - - [20/Dec/2014:17:00:45 -0500] "GET /BLA/boletinlegal/js/jquery.scrollTo-min.js HTTP/1.1" 200 1150
70.188.161.38 - - [20/Dec/2014:17:00:49 -0500] "GET /webdav/x32.php?host=23.122.209.239&time=60&port=80 HTTP/1.1" 404 1018
186.154.84.82 - - [20/Dec/2014:17:00:54 -0500] "GET /forest/misactividades.do?group_system_actual=3&codPro=204&_a=0.4980968601479282 HTTP/1.1" 200 38610
186.154.84.82 - - [20/Dec/2014:17:00:55 -0500] "GET /forest/session.jsp?a=0.9158487254753709 HTTP/1.1" 200 4
186.154.84.82 - - [20/Dec/2014:17:00:55 -0500] "GET /forest/skins/gdocs-jar/jsp/cookie.jsp?name=grid_nompro&del HTTP/1.1" 200 -
186.154.84.82 - - [20/Dec/2014:17:00:55 -0500] "POST /forest/misactividades.do?ajax=true&a=0.7504563855472952 HTTP/1.1" 200 11468
186.154.84.82 - - [20/Dec/2014:17:00:58 -0500] "GET /forest/index2.jsp?_a=0.9725735452957451 HTTP/1.1" 200 345692
186.154.84.82 - - [20/Dec/2014:17:01:01 -0500] "GET /forest/session.jsp?a=0.4109731602948159 HTTP/1.1" 200 4
100.43.85.25 - - [20/Dec/2014:17:01:05 -0500] "GET /galeria/mapa/humedal.html HTTP/1.1" 200 10966
186.154.84.82 - - [20/Dec/2014:17:01:09 -0500] "GET /forest/misactividades.do?group_system_actual=3&codPro=204&_a=0.5467073455236443 HTTP/1.1" 200 38610
186.154.84.82 - - [20/Dec/2014:17:01:10 -0500] "GET /forest/session.jsp?a=0.9676791769452393 HTTP/1.1" 200 4
66.249.67.83 - - [20/Dec/2014:17:01:10 -0500] "GET /BLA/resoluciones/AUTOS%202007/3482.pdf HTTP/1.1" 200 87500
186.154.84.82 - - [20/Dec/2014:17:01:11 -0500] "POST /forest/misactividades.do?ajax=true&a=0.5969243701547384 HTTP/1.1" 200 3928
186.154.84.82 - - [20/Dec/2014:17:01:17 -0500] "GET /forest/usutareas.do?_a=0.7138157729059458&group_system_actual=3 HTTP/1.1" 200 108478
186.154.84.82 - - [20/Dec/2014:17:00:07 -0500] "GET /ForestMSG_SDA/channelAsync/template_word_17123653?X-Atmosphere-tracking-id=13181d09-84bc-7754-a7d6-135bc147f24c&X-Atmosphere-Framework=1.0.5&X-Atmosphere-Transport=long-polling&tabid=0.7977347888518125&X-Cache-Date=0&Content-Type=application/xml&_=1419112994272 HTTP/1.1" 200 8193
186.154.84.82 - - [20/Dec/2014:17:01:19 -0500] "GET /forest/session.jsp?a=0.42725782305933535 HTTP/1.1" 200 4
186.154.84.82 - - [20/Dec/2014:17:01:22 -0500] "GET /forest/borrador/1567245/COE%20Respueta%20de%20Inscripci%C3%B3n%20como%20Acopiador.docx HTTP/1.1" 200 549313
201.184.185.202 - - [20/Dec/2014:17:01:43 -0500] "GET /videos/Spot_CambioClimatico.flv HTTP/1.1" 304 -
74.86.158.107 - - [20/Dec/2014:17:02:05 -0500] "HEAD / HTTP/1.1" 302 -
186.114.49.243 - - [20/Dec/2014:17:02:07 -0500] "GET /BLA/boletinlegal/js/jquery.js HTTP/1.1" 200 57254
186.114.49.243 - - [20/Dec/2014:17:02:07 -0500] "GET /BLA/boletinlegal/js/jquery.scrollTo-min.js HTTP/1.1" 200 1150
186.114.49.243 - - [20/Dec/2014:17:02:07 -0500] "GET /BLA/boletinlegal/js/jquery.scrollShow.js HTTP/1.1" 200 4586
66.249.67.119 - - [20/Dec/2014:17:02:09 -0500] "GET /Anexos%20estudio%20Organizacional%20SDA/index.php?dir=ANEXO+No.+1-+NORMAS+LEGALES+DE+ESTRUCTURA+Y+PLANTA%2FLey+99+de+1993+-+Crea+MimAmbiente_files%2F HTTP/1.1" 200 9115
181.50.241.109 - - [20/Dec/2014:17:02:24 -0500] "POST /forms/lservlet;jsessionid=ac16012b30d537a174d1f82a44cb955cb6706de09f93.e3iSbxaKaheRe34Sa3yKbhiTahb0n6jAmljGr5XDqQLvpAe HTTP/1.1" 200 2
186.82.78.180 - - [20/Dec/2014:17:02:32 -0500] "POST /forms/lservlet;jsessionid=ac16012b30d5ed7364ad300b4c8c8824e6d313e863a7.e3iSbxaKaheRe34Sa3yKbhiTahb0n6jAmljGr5XDqQLvpAe HTTP/1.1" 200 2
201.245.192.253 - - [20/Dec/2014:17:02:34 -0500] "GET /BLA/boletinlegal/consulta_actos.php?tipo=autos&no=2422&usuario=&sector=VERTIMIENTOS&fecha=2013&resuelve= HTTP/1.1" 200 993
201.245.192.253 - - [20/Dec/2014:17:02:34 -0500] "GET /BLA/boletinlegal/images/pdf.gif HTTP/1.1" 304 -
201.245.192.253 - - [20/Dec/2014:17:02:37 -0500] "GET /BLA/resoluciones/ HTTP/1.1" 200 6952
201.245.192.253 - - [20/Dec/2014:17:02:39 -0500] "GET /BLA/resoluciones/index.php?dir=AUTOS+2013%2F HTTP/1.1" 200 161994
66.249.67.67 - - [20/Dec/2014:17:02:43 -0500] "GET /BLA/resoluciones/RESOLUCIONES%202012/1281.pdf HTTP/1.1" 304 -
123.125.71.77 - - [20/Dec/2014:17:02:51 -0500] "GET /videos/Spot_CambioClimatico.flv HTTP/1.1" 200 4371917
186.113.10.143 - - [20/Dec/2014:17:03:07 -0500] "GET /galeria/nivo-slider/demo/images/Banner-Ecourbanismo.jpg HTTP/1.1" 304 -
180.76.5.196 - - [20/Dec/2014:17:03:15 -0500] "GET /BLA/boletinlegal/Circulares/2013/Circular%20No.%208%20del%201%20de%20Noviembre%20de%202013.pdf HTTP/1.1" 200 385156
190.157.106.118 - - [20/Dec/2014:17:03:47 -0500] "GET /forms/frmservlet?config=sia HTTP/1.0" 200 4022
180.76.6.134 - - [20/Dec/2014:17:03:54 -0500] "GET /BLA/resoluciones/Autos%202008/1975.pdf HTTP/1.1" 200 96466
201.245.192.253 - - [20/Dec/2014:17:04:05 -0500] "GET /isolucionsda/ HTTP/1.1" 200 739
201.245.192.253 - - [20/Dec/2014:17:04:07 -0500] "GET /isolucionsda/IdentificaUsuario.asp?Pagina1=FrameSetGeneral.asp& HTTP/1.1" 200 4997
201.245.192.253 - - [20/Dec/2014:17:04:07 -0500] "GET /isolucionsda/StyleSheet/StyleSheet.css HTTP/1.1" 304 -
201.245.192.253 - - [20/Dec/2014:17:04:07 -0500] "GET /isolucionsda/g/Bgr_BarraSuperior.jpg HTTP/1.1" 304 -
186.154.84.82 - - [20/Dec/2014:17:04:10 -0500] "GET /forest/actions/forms.getList?codForm=rev_coe_acopiador&id=funcionario_232&text=Tatiana%20Veloza%20Suarez HTTP/1.1" 200 59
186.154.84.82 - - [20/Dec/2014:17:04:10 -0500] "GET /forest/actions/forms.getList?codForm=rev_coe_acopiador&id=funcionario_232&text=Tatiana%20Veloza%20Suare HTTP/1.1" 200 59
186.154.84.82 - - [20/Dec/2014:17:04:11 -0500] "GET /forest/actions/forms.getList?codForm=rev_coe_acopiador&id=funcionario_232&text=Tatiana%20Veloza%20Suar HTTP/1.1" 200 59
186.154.84.82 - - [20/Dec/2014:17:04:11 -0500] "GET /forest/actions/forms.getList?codForm=rev_coe_acopiador&id=funcionario_232&text=Tatiana%20Veloza%20Sua HTTP/1.1" 200 59
186.154.84.82 - - [20/Dec/2014:17:04:11 -0500] "GET /forest/actions/forms.getList?codForm=rev_coe_acopiador&id=funcionario_232&text=Tatiana%20Veloza%20Su HTTP/1.1" 200 59
186.154.84.82 - - [20/Dec/2014:17:04:11 -0500] "GET /forest/actions/forms.getList?codForm=rev_coe_acopiador&id=funcionario_232&text=Tatiana%20Veloza%20S HTTP/1.1" 200 59
186.154.84.82 - - [20/Dec/2014:17:04:11 -0500] "GET /forest/actions/forms.getList?codForm=rev_coe_acopiador&id=funcionario_232&text=Tatiana%20Veloza%20 HTTP/1.1" 200 59
186.154.84.82 - - [20/Dec/2014:17:04:11 -0500] "GET /forest/actions/forms.getList?codForm=rev_coe_acopiador&id=funcionario_232&text=Tatiana%20Veloza HTTP/1.1" 200 59
186.154.84.82 - - [20/Dec/2014:17:04:11 -0500] "GET /forest/actions/forms.getList?codForm=rev_coe_acopiador&id=funcionario_232&text=Tatiana%20Veloz HTTP/1.1" 200 59
186.154.84.82 - - [20/Dec/2014:17:04:11 -0500] "GET /forest/actions/forms.getList?codForm=rev_coe_acopiador&id=funcionario_232&text=Tatiana%20Velo HTTP/1.1" 200 59
186.154.84.82 - - [20/Dec/2014:17:04:11 -0500] "GET /forest/actions/forms.getList?codForm=rev_coe_acopiador&id=funcionario_232&text=Tatiana%20Vel HTTP/1.1" 200 59
186.154.84.82 - - [20/Dec/2014:17:04:11 -0500] "GET /forest/actions/forms.getList?codForm=rev_coe_acopiador&id=funcionario_232&text=Tatiana%20Ve HTTP/1.1" 200 104
186.154.84.82 - - [20/Dec/2014:17:04:11 -0500] "GET /forest/actions/forms.getList?codForm=rev_coe_acopiador&id=funcionario_232&text=Tatiana%20V HTTP/1.1" 200 104
190.157.106.118 - - [20/Dec/2014:17:04:11 -0500] "GET /forms/java/frmall_jinit.jar HTTP/1.1" 304 -
186.154.84.82 - - [20/Dec/2014:17:04:11 -0500] "GET /forest/actions/forms.getList?codForm=rev_coe_acopiador&id=funcionario_232&text=Tatiana%20 HTTP/1.1" 200 1102
186.154.84.82 - - [20/Dec/2014:17:04:11 -0500] "GET /forest/actions/forms.getList?codForm=rev_coe_acopiador&id=funcionario_232&text=Tatiana HTTP/1.1" 200 1084
186.154.84.82 - - [20/Dec/2014:17:04:11 -0500] "GET /forest/actions/forms.getList?codForm=rev_coe_acopiador&id=funcionario_232&text=Tatian HTTP/1.1" 200 1084
186.154.84.82 - - [20/Dec/2014:17:04:11 -0500] "GET /forest/actions/forms.getList?codForm=rev_coe_acopiador&id=funcionario_232&text=Tatia HTTP/1.1" 200 1084
186.154.84.82 - - [20/Dec/2014:17:04:11 -0500] "GET /forest/actions/forms.getList?codForm=rev_coe_acopiador&id=funcionario_232&text=Tati HTTP/1.1" 200 1084
186.154.84.82 - - [20/Dec/2014:17:04:12 -0500] "GET /forest/actions/forms.getList?codForm=rev_coe_acopiador&id=funcionario_232&text=Tat HTTP/1.1" 200 1075
186.154.84.82 - - [20/Dec/2014:17:04:12 -0500] "GET /forest/actions/forms.getList?codForm=rev_coe_acopiador&id=funcionario_232&text=Ta HTTP/1.1" 200 1227
186.154.84.82 - - [20/Dec/2014:17:04:12 -0500] "GET /forest/actions/forms.getList?codForm=rev_coe_acopiador&id=funcionario_232&text=T HTTP/1.1" 200 1223
186.154.84.82 - - [20/Dec/2014:17:04:12 -0500] "GET /forest/actions/forms.getList?codForm=rev_coe_acopiador&id=funcionario_232&text= HTTP/1.1" 200 1138
186.154.84.82 - - [20/Dec/2014:17:04:12 -0500] "GET /forest/actions/forms.getList?codForm=rev_coe_acopiador&id=funcionario_232&text=S HTTP/1.1" 200 1164
186.154.84.82 - - [20/Dec/2014:17:04:12 -0500] "GET /forest/actions/forms.getList?codForm=rev_coe_acopiador&id=funcionario_232&text=SA HTTP/1.1" 200 1151
186.154.84.82 - - [20/Dec/2014:17:04:12 -0500] "GET /forest/actions/forms.getList?codForm=rev_coe_acopiador&id=funcionario_232&text=SAN HTTP/1.1" 200 1111
186.154.84.82 - - [20/Dec/2014:17:04:12 -0500] "GET /forest/actions/forms.getList?codForm=rev_coe_acopiador&id=funcionario_232&text=SAND HTTP/1.1" 200 1118
186.154.84.82 - - [20/Dec/2014:17:04:13 -0500] "GET /forest/actions/forms.getList?codForm=rev_coe_acopiador&id=funcionario_232&text=SANDR HTTP/1.1" 200 808
186.154.84.82 - - [20/Dec/2014:17:04:13 -0500] "GET /forest/actions/forms.getList?codForm=rev_coe_acopiador&id=funcionario_232&text=SANDRA HTTP/1.1" 200 808
186.154.84.82 - - [20/Dec/2014:17:04:13 -0500] "GET /forest/actions/forms.getList?codForm=rev_coe_acopiador&id=funcionario_232&text=SANDRA. HTTP/1.1" 200 1326
186.154.84.82 - - [20/Dec/2014:17:04:14 -0500] "GET /forest/actions/forms.getList?codForm=rev_coe_acopiador&id=funcionario_232&text=SANDRA.M HTTP/1.1" 200 409
201.245.192.253 - - [20/Dec/2014:17:04:14 -0500] "POST /isolucionsda/IdentificaUsuario.asp?Pagina1=FrameSetGeneral.asp& HTTP/1.1" 302 173
186.154.84.82 - - [20/Dec/2014:17:04:14 -0500] "GET /forest/actions/forms.getList?codForm=rev_coe_acopiador&id=funcionario_232&text=SANDRA.MO HTTP/1.1" 200 276
201.245.192.253 - - [20/Dec/2014:17:04:14 -0500] "GET /isolucionsda/FrameSetGeneral.asp?Pagina1=FrameSetGeneral.asp& HTTP/1.1" 200 6613
201.245.192.253 - - [20/Dec/2014:17:04:14 -0500] "GET /isolucionsda/BarraTitulos.asp?Pagina1=FrameSetGeneral.asp&&Pagina=MagazinHome.asp HTTP/1.1" 200 6972
201.245.192.253 - - [20/Dec/2014:17:04:14 -0500] "GET /isolucionsda/MagazinHome.asp HTTP/1.1" 502 1356
201.245.192.253 - - [20/Dec/2014:17:04:14 -0500] "GET /isolucionsda/Encabezado.asp?Pagina1=FrameSetGeneral.asp&&Pagina=MagazinHome.asp HTTP/1.1" 502 1354
201.245.192.253 - - [20/Dec/2014:17:04:14 -0500] "GET /isolucionsda/BarraFavoritos.asp HTTP/1.1" 502 1362
186.154.84.82 - - [20/Dec/2014:17:04:14 -0500] "GET /forest/actions/forms.getList?codForm=rev_coe_acopiador&id=funcionario_232&text=SANDRA.MON HTTP/1.1" 200 139
190.157.106.118 - - [20/Dec/2014:17:04:14 -0500] "GET /forms/java/icons.jar HTTP/1.1" 304 -
201.245.192.253 - - [20/Dec/2014:17:04:14 -0500] "GET /isolucionsda/g/Bgr_BarraCurva2.jpg HTTP/1.1" 200 409
201.245.192.253 - - [20/Dec/2014:17:04:14 -0500] "GET /isolucionsda/g/Img_BarraCurva.jpg HTTP/1.1" 304 -
186.154.84.82 - - [20/Dec/2014:17:04:14 -0500] "GET /forest/actions/forms.getList?codForm=rev_coe_acopiador&id=funcionario_232&text=SANDRA.MONT HTTP/1.1" 200 72
201.245.192.253 - - [20/Dec/2014:17:04:14 -0500] "GET /isolucionsda/g/Bgr_BarraCurva.jpg HTTP/1.1" 304 -
186.154.84.82 - - [20/Dec/2014:17:04:15 -0500] "GET /forest/actions/forms.getList?codForm=rev_coe_acopiador&id=funcionario_232&text=SANDRA.MONTO HTTP/1.1" 200 72
190.157.106.118 - - [20/Dec/2014:17:04:15 -0500] "GET /forms/java/java/awt/KeyboardFocusManager.class HTTP/1.0" 404 352
186.154.84.82 - - [20/Dec/2014:17:04:15 -0500] "GET /forest/actions/forms.getList?codForm=rev_coe_acopiador&id=funcionario_232&text=SANDRA.MONTOY HTTP/1.1" 200 72
186.154.84.82 - - [20/Dec/2014:17:04:15 -0500] "GET /forest/actions/forms.getList?codForm=rev_coe_acopiador&id=funcionario_232&text=SANDRA.MONTOYA HTTP/1.1" 200 72
66.249.67.83 - - [20/Dec/2014:17:04:15 -0500] "GET /BLA/resoluciones/RESOLUCIONES%202009/6792.pdf HTTP/1.1" 200 695544
190.157.106.118 - - [20/Dec/2014:17:04:16 -0500] "GET /forms/java/java/awt/KeyboardFocusManager.class HTTP/1.1" 404 352
190.157.106.118 - - [20/Dec/2014:17:04:17 -0500] "GET /forms/java/java/awt/event/MouseWheelListener.class HTTP/1.0" 404 356
190.157.106.118 - - [20/Dec/2014:17:04:17 -0500] "GET /forms/java/java/awt/event/MouseWheelListener.class HTTP/1.1" 404 356
190.157.106.118 - - [20/Dec/2014:17:04:18 -0500] "GET /forms/java/oracle/forms/registry/Registry.dat HTTP/1.1" 200 4213
190.157.106.118 - - [20/Dec/2014:17:04:18 -0500] "GET /forms/java/oracle/forms/registry/default.dat HTTP/1.1" 404 350
190.157.106.118 - - [20/Dec/2014:17:04:19 -0500] "GET /forms/frmservlet?config=sia&acceptLanguage=en&ifcmd=startsession HTTP/1.1" 200 119
190.157.106.118 - - [20/Dec/2014:17:04:19 -0500] "GET /forms/lservlet;jsessionid=ac16012b30d5b14269a3574644008d4e81b53ea78f23.e3iSbxaKaheRe34Sa3yKbhiTahb0n6jAmljGr5XDqQLvpAe?ifcmd=getinfo&ifhost=Daniel-HP&ifip=192.168.0.10 HTTP/1.1" 200 8
190.157.106.118 - - [20/Dec/2014:17:04:19 -0500] "POST /forms/lservlet;jsessionid=ac16012b30d5b14269a3574644008d4e81b53ea78f23.e3iSbxaKaheRe34Sa3yKbhiTahb0n6jAmljGr5XDqQLvpAe HTTP/1.1" 200 8
190.157.106.118 - - [20/Dec/2014:17:04:20 -0500] "POST /forms/lservlet;jsessionid=ac16012b30d5b14269a3574644008d4e81b53ea78f23.e3iSbxaKaheRe34Sa3yKbhiTahb0n6jAmljGr5XDqQLvpAe HTTP/1.1" 200 64000
186.154.84.82 - - [20/Dec/2014:17:04:20 -0500] "POST /forest/usutareas.do? HTTP/1.1" 200 76
190.157.106.118 - - [20/Dec/2014:17:04:21 -0500] "POST /forms/lservlet;jsessionid=ac16012b30d5b14269a3574644008d4e81b53ea78f23.e3iSbxaKaheRe34Sa3yKbhiTahb0n6jAmljGr5XDqQLvpAe HTTP/1.1" 200 64000
190.157.106.118 - - [20/Dec/2014:17:04:22 -0500] "POST /forms/lservlet;jsessionid=ac16012b30d5b14269a3574644008d4e81b53ea78f23.e3iSbxaKaheRe34Sa3yKbhiTahb0n6jAmljGr5XDqQLvpAe HTTP/1.1" 200 63623
186.154.84.82 - - [20/Dec/2014:17:04:23 -0500] "GET /forest/usutareas.do?group_system_actual=3&a=0.32467392669059336 HTTP/1.1" 200 19879
181.50.241.109 - - [20/Dec/2014:17:04:24 -0500] "POST /forms/lservlet;jsessionid=ac16012b30d537a174d1f82a44cb955cb6706de09f93.e3iSbxaKaheRe34Sa3yKbhiTahb0n6jAmljGr5XDqQLvpAe HTTP/1.1" 200 2
186.154.84.82 - - [20/Dec/2014:17:04:24 -0500] "GET /forest/session.jsp?a=0.20003978512249887 HTTP/1.1" 200 4
190.157.106.118 - - [20/Dec/2014:17:04:25 -0500] "HEAD /imagenes/dama_logo.gif HTTP/1.1" 200 -
190.157.106.118 - - [20/Dec/2014:17:04:25 -0500] "GET /imagenes/dama_logo.gif HTTP/1.1" 200 21482
190.157.106.118 - - [20/Dec/2014:17:04:26 -0500] "POST /forms/lservlet;jsessionid=ac16012b30d5b14269a3574644008d4e81b53ea78f23.e3iSbxaKaheRe34Sa3yKbhiTahb0n6jAmljGr5XDqQLvpAe HTTP/1.1" 200 2
190.157.106.118 - - [20/Dec/2014:17:04:26 -0500] "POST /forms/lservlet;jsessionid=ac16012b30d5b14269a3574644008d4e81b53ea78f23.e3iSbxaKaheRe34Sa3yKbhiTahb0n6jAmljGr5XDqQLvpAe HTTP/1.1" 200 2
186.119.222.18 - - [20/Dec/2014:17:04:27 -0500] "GET /forest/session.jsp?a=0.3337170875072851 HTTP/1.1" 200 4
186.154.84.82 - - [20/Dec/2014:17:04:32 -0500] "GET /forest/misactividades.do?_a=0.35961145744659007&group_system_actual=3 HTTP/1.1" 200 37897
186.154.84.82 - - [20/Dec/2014:17:04:33 -0500] "GET /forest/session.jsp?a=0.21312495530582964 HTTP/1.1" 200 4
186.154.84.82 - - [20/Dec/2014:17:04:33 -0500] "POST /forest/misactividades.do?ajax=true&a=0.04234734317287803 HTTP/1.1" 200 3399
180.76.5.18 - - [20/Dec/2014:17:04:35 -0500] "GET /BLA/resoluciones/RESOLUCIONES%202007/RES%202007%203601%20AL%203700/RESOLUCION%203613%20DE%202007.pdf HTTP/1.1" 200 401493
186.82.78.180 - - [20/Dec/2014:17:04:41 -0500] "POST /forms/lservlet;jsessionid=ac16012b30d5ed7364ad300b4c8c8824e6d313e863a7.e3iSbxaKaheRe34Sa3yKbhiTahb0n6jAmljGr5XDqQLvpAe HTTP/1.1" 200 2
190.157.106.118 - - [20/Dec/2014:17:04:43 -0500] "POST /forms/lservlet;jsessionid=ac16012b30d5b14269a3574644008d4e81b53ea78f23.e3iSbxaKaheRe34Sa3yKbhiTahb0n6jAmljGr5XDqQLvpAe HTTP/1.1" 200 8003
190.157.106.118 - - [20/Dec/2014:17:04:45 -0500] "POST /forms/lservlet;jsessionid=ac16012b30d5b14269a3574644008d4e81b53ea78f23.e3iSbxaKaheRe34Sa3yKbhiTahb0n6jAmljGr5XDqQLvpAe HTTP/1.1" 200 64
190.157.106.118 - - [20/Dec/2014:17:04:45 -0500] "POST /forms/lservlet;jsessionid=ac16012b30d5b14269a3574644008d4e81b53ea78f23.e3iSbxaKaheRe34Sa3yKbhiTahb0n6jAmljGr5XDqQLvpAe HTTP/1.1" 200 2
190.157.106.118 - - [20/Dec/2014:17:04:45 -0500] "POST /forms/lservlet;jsessionid=ac16012b30d5b14269a3574644008d4e81b53ea78f23.e3iSbxaKaheRe34Sa3yKbhiTahb0n6jAmljGr5XDqQLvpAe HTTP/1.1" 200 2
190.157.106.118 - - [20/Dec/2014:17:04:45 -0500] "POST /forms/lservlet;jsessionid=ac16012b30d5b14269a3574644008d4e81b53ea78f23.e3iSbxaKaheRe34Sa3yKbhiTahb0n6jAmljGr5XDqQLvpAe HTTP/1.1" 200 2
201.245.192.253 - - [20/Dec/2014:17:04:48 -0500] "GET /isolucionsda/ HTTP/1.1" 200 739
201.245.192.253 - - [20/Dec/2014:17:04:48 -0500] "GET /isolucionsda/IdentificaUsuario.asp?Pagina1=FrameSetGeneral.asp& HTTP/1.1" 302 173
201.245.192.253 - - [20/Dec/2014:17:04:48 -0500] "GET /isolucionsda/FrameSetGeneral.asp?Pagina1=FrameSetGeneral.asp& HTTP/1.1" 200 6613
201.245.192.253 - - [20/Dec/2014:17:04:48 -0500] "GET /isolucionsda/Encabezado.asp?Pagina1=FrameSetGeneral.asp&&Pagina=MagazinHome.asp HTTP/1.1" 200 15388
201.245.192.253 - - [20/Dec/2014:17:04:48 -0500] "GET /isolucionsda/g/Bot_Anterior.jpg HTTP/1.1" 200 1797
201.245.192.253 - - [20/Dec/2014:17:04:48 -0500] "GET /isolucionsda/g/Bgr_BarraBotPrins.jpg HTTP/1.1" 200 944
201.245.192.253 - - [20/Dec/2014:17:04:48 -0500] "GET /isolucionsda/g/Bot_ClientesOff_ESP.jpg HTTP/1.1" 304 -
201.245.192.253 - - [20/Dec/2014:17:04:49 -0500] "GET /isolucionsda/g/Bot_Cerrar.jpg HTTP/1.1" 304 -
201.245.192.253 - - [20/Dec/2014:17:04:49 -0500] "GET /isolucionsda/g/Bot_Mejoramiento_ESP.jpg HTTP/1.1" 304 -
201.245.192.253 - - [20/Dec/2014:17:04:49 -0500] "GET /isolucionsda/g/Bot_CalibracionOff_ESP.jpg HTTP/1.1" 304 -
201.245.192.253 - - [20/Dec/2014:17:04:48 -0500] "GET /isolucionsda/BarraTitulos.asp?Pagina1=FrameSetGeneral.asp&&Pagina=MagazinHome.asp HTTP/1.1" 200 6972
201.245.192.253 - - [20/Dec/2014:17:04:48 -0500] "GET /isolucionsda/BarraFavoritos.asp HTTP/1.1" 200 911
201.245.192.253 - - [20/Dec/2014:17:04:48 -0500] "GET /isolucionsda/Session.asp?Continue=1 HTTP/1.1" 200 6324
201.245.192.253 - - [20/Dec/2014:17:04:49 -0500] "GET /isolucionsda/g/Img_DivVertBarraSup.jpg HTTP/1.1" 304 -
201.245.192.253 - - [20/Dec/2014:17:04:48 -0500] "GET /isolucionsda/MagazinHome.asp HTTP/1.1" 200 27531
201.245.192.253 - - [20/Dec/2014:17:04:49 -0500] "GET /isolucionsda/g/Bot_TareasOff_ESP.jpg HTTP/1.1" 304 -
201.245.192.253 - - [20/Dec/2014:17:04:49 -0500] "GET /isolucionsda/g/Bot_TalentoOff_ESP.jpg HTTP/1.1" 304 -
201.245.192.253 - - [20/Dec/2014:17:04:49 -0500] "GET /isolucionsda/g/GifTransparente.gif HTTP/1.1" 304 -
201.245.192.253 - - [20/Dec/2014:17:04:49 -0500] "GET /isolucionsda/g/Bullet_PuntoAzul.gif HTTP/1.1" 304 -
201.245.192.253 - - [20/Dec/2014:17:04:49 -0500] "GET /isolucionsda/g/Img_LineaPunteada.gif HTTP/1.1" 304 -
201.245.192.253 - - [20/Dec/2014:17:04:49 -0500] "GET /isolucionsda/g/Bullet_FlechaAzul.gif HTTP/1.1" 304 -
201.245.192.253 - - [20/Dec/2014:17:04:49 -0500] "GET /isolucionsda/g/Bgr_Destacado3399CC.jpg HTTP/1.1" 404 5217
201.245.192.253 - - [20/Dec/2014:17:04:49 -0500] "GET /isolucionsda/g/Bot_Riesgos_ESP.jpg HTTP/1.1" 304 -
201.245.192.253 - - [20/Dec/2014:17:04:49 -0500] "GET /isolucionsda/g/Bot_Ambiental_ESP.jpg HTTP/1.1" 304 -
201.245.192.253 - - [20/Dec/2014:17:04:49 -0500] "GET /isolucionsda/g/Bot_SySOOff_ESP.jpg HTTP/1.1" 304 -
201.245.192.253 - - [20/Dec/2014:17:04:49 -0500] "GET /isolucionsda/g/Img_LogoIcono.jpg HTTP/1.1" 304 -
201.245.192.253 - - [20/Dec/2014:17:04:49 -0500] "GET /isolucionsda/TareasSFRedirect.asp HTTP/1.1" 302 195
190.157.106.118 - - [20/Dec/2014:17:04:50 -0500] "POST /forms/lservlet;jsessionid=ac16012b30d5b14269a3574644008d4e81b53ea78f23.e3iSbxaKaheRe34Sa3yKbhiTahb0n6jAmljGr5XDqQLvpAe HTTP/1.1" 200 34711
201.245.192.253 - - [20/Dec/2014:17:04:49 -0500] "GET /isolucionsda/Login.aspx?TARGET=SFContainerFiltrado.aspx&number=52557049556969654570 HTTP/1.1" 302 886
201.245.192.253 - - [20/Dec/2014:17:04:51 -0500] "GET /isolucionsda/SFContainerFiltrado.aspx?Number=52557049556969654570 HTTP/1.1" 200 14314
201.245.192.253 - - [20/Dec/2014:17:04:51 -0500] "GET /isolucionsda/DetalleTareas.aspx?Number=52557049556969654570 HTTP/1.1" 200 5355
201.245.192.253 - - [20/Dec/2014:17:04:51 -0500] "GET /isolucionsda/auxlib.js HTTP/1.1" 404 5185
201.245.192.253 - - [20/Dec/2014:17:04:51 -0500] "GET /isolucionsda/infowndcore.js HTTP/1.1" 404 5195
201.245.192.253 - - [20/Dec/2014:17:04:51 -0500] "GET /isolucionsda/StyleSheet/StyleSheetSF.css HTTP/1.1" 304 -
201.245.192.253 - - [20/Dec/2014:17:04:51 -0500] "GET /isolucionsda/infowndpublic.js HTTP/1.1" 404 5199
201.245.192.253 - - [20/Dec/2014:17:04:51 -0500] "GET /isolucionsda/infowndcore.js HTTP/1.1" 404 5195
201.245.192.253 - - [20/Dec/2014:17:04:52 -0500] "GET /isolucionsda/FrameSetGeneral.asp?Pagina=Menu.asp&IdModulo=4 HTTP/1.1" 200 6583
201.245.192.253 - - [20/Dec/2014:17:04:52 -0500] "GET /isolucionsda/BarraTitulos.asp?Pagina=Menu.asp&IdModulo=4 HTTP/1.1" 200 6985
201.245.192.253 - - [20/Dec/2014:17:04:52 -0500] "GET /isolucionsda/Encabezado.asp?Pagina=Menu.asp&IdModulo=4 HTTP/1.1" 200 15389
201.245.192.253 - - [20/Dec/2014:17:04:52 -0500] "GET /isolucionsda/BarraFavoritos.asp HTTP/1.1" 200 911
201.245.192.253 - - [20/Dec/2014:17:04:52 -0500] "GET /isolucionsda/Menu.asp?Pagina=Menu.asp&IdModulo=4 HTTP/1.1" 200 9682
201.245.192.253 - - [20/Dec/2014:17:04:52 -0500] "GET /isolucionsda/Session.asp?Continue=1 HTTP/1.1" 200 6324
201.245.192.253 - - [20/Dec/2014:17:04:52 -0500] "GET /isolucionsda/g/MenuIcono/ico_doc.jpg HTTP/1.1" 304 -
201.245.192.253 - - [20/Dec/2014:17:04:52 -0500] "GET /isolucionsda/g/Img_BordeTitulo01.jpg HTTP/1.1" 304 -
201.245.192.253 - - [20/Dec/2014:17:04:52 -0500] "GET /isolucionsda/g/Img_BordeTitulo02.jpg HTTP/1.1" 304 -
190.157.106.118 - - [20/Dec/2014:17:04:53 -0500] "GET /imagenes/listval.gif HTTP/1.1" 200 905
201.245.192.253 - - [20/Dec/2014:17:04:53 -0500] "GET /isolucionsda/FrameSetGeneral.asp?Pagina=ListadoMaestroDocumentos3.asp HTTP/1.1" 200 6634
201.245.192.253 - - [20/Dec/2014:17:04:53 -0500] "GET /isolucionsda/Encabezado.asp?Pagina=ListadoMaestroDocumentos3.asp HTTP/1.1" 200 15364
201.245.192.253 - - [20/Dec/2014:17:04:53 -0500] "GET /isolucionsda/BarraTitulos.asp?Pagina=ListadoMaestroDocumentos3.asp HTTP/1.1" 200 6985
201.245.192.253 - - [20/Dec/2014:17:04:53 -0500] "GET /isolucionsda/BarraFavoritos.asp HTTP/1.1" 200 911
190.157.106.118 - - [20/Dec/2014:17:04:53 -0500] "GET /imagenes/tree1.gif HTTP/1.1" 200 1161
190.157.106.118 - - [20/Dec/2014:17:04:53 -0500] "GET /imagenes/listval.gif HTTP/1.1" 200 905
190.157.106.118 - - [20/Dec/2014:17:04:53 -0500] "GET /imagenes/CAMERA3.gif HTTP/1.1" 200 4150
201.245.192.253 - - [20/Dec/2014:17:04:53 -0500] "GET /isolucionsda/ListadoMaestroDocumentos3.asp?Pagina=ListadoMaestroDocumentos3.asp HTTP/1.1" 200 11467
201.245.192.253 - - [20/Dec/2014:17:04:53 -0500] "GET /isolucionsda/Session.asp?Continue=1 HTTP/1.1" 200 6324
190.157.106.118 - - [20/Dec/2014:17:04:53 -0500] "GET /imagenes/SLIDE1.gif HTTP/1.1" 200 1111
190.157.106.118 - - [20/Dec/2014:17:04:53 -0500] "GET /imagenes/flexcomb.gif HTTP/1.1" 200 1169
190.157.106.118 - - [20/Dec/2014:17:04:53 -0500] "GET /imagenes/GO.gif HTTP/1.1" 200 904
190.157.106.118 - - [20/Dec/2014:17:04:53 -0500] "GET /imagenes/HRTOOLS.gif HTTP/1.1" 200 2238
190.157.106.118 - - [20/Dec/2014:17:04:53 -0500] "GET /imagenes/rt_rec1.gif HTTP/1.1" 200 867
190.157.106.118 - - [20/Dec/2014:17:04:53 -0500] "GET /imagenes/apply.gif HTTP/1.1" 200 903
190.157.106.118 - - [20/Dec/2014:17:04:53 -0500] "GET /imagenes/exit.gif HTTP/1.1" 200 916
190.157.106.118 - - [20/Dec/2014:17:04:53 -0500] "GET /imagenes/LISTVAL.gif HTTP/1.1" 200 905
190.157.106.118 - - [20/Dec/2014:17:04:53 -0500] "GET /imagenes/edit.gif HTTP/1.1" 200 919
190.157.106.118 - - [20/Dec/2014:17:04:53 -0500] "GET /imagenes/rt_rec4.gif HTTP/1.1" 200 865
190.157.106.118 - - [20/Dec/2014:17:04:53 -0500] "GET /imagenes/rt_rec3.gif HTTP/1.1" 200 844
190.157.106.118 - - [20/Dec/2014:17:04:53 -0500] "GET /imagenes/rt_rec2.gif HTTP/1.1" 200 847
190.157.106.118 - - [20/Dec/2014:17:04:53 -0500] "GET /imagenes/rt_rdel.gif HTTP/1.1" 200 899
190.157.106.118 - - [20/Dec/2014:17:04:53 -0500] "GET /imagenes/rt_radd.gif HTTP/1.1" 200 907
190.157.106.118 - - [20/Dec/2014:17:04:53 -0500] "GET /imagenes/rt_quer3.gif HTTP/1.1" 200 939
190.157.106.118 - - [20/Dec/2014:17:04:53 -0500] "GET /imagenes/rt_quer2.gif HTTP/1.1" 200 936
190.157.106.118 - - [20/Dec/2014:17:04:53 -0500] "GET /imagenes/rt_quer1.gif HTTP/1.1" 200 930
190.157.106.118 - - [20/Dec/2014:17:04:53 -0500] "GET /imagenes/rt_save.gif HTTP/1.1" 200 903
190.157.106.118 - - [20/Dec/2014:17:04:53 -0500] "GET /imagenes/rt_pset.gif HTTP/1.1" 200 914
190.157.106.118 - - [20/Dec/2014:17:04:53 -0500] "GET /imagenes/QUEJA.gif HTTP/1.1" 200 1091
190.157.106.118 - - [20/Dec/2014:17:04:53 -0500] "GET /imagenes/ARBOL.gif HTTP/1.1" 200 1026
190.157.106.118 - - [20/Dec/2014:17:04:53 -0500] "GET /imagenes/Clipboard.gif HTTP/1.1" 200 1466
190.157.106.118 - - [20/Dec/2014:17:04:53 -0500] "GET /imagenes/DINERO.gif HTTP/1.1" 200 1766
190.157.106.118 - - [20/Dec/2014:17:04:54 -0500] "GET /imagenes/URGENTE.gif HTTP/1.1" 200 964
190.157.106.118 - - [20/Dec/2014:17:04:54 -0500] "GET /imagenes/TREE4.gif HTTP/1.1" 200 4150
190.157.106.118 - - [20/Dec/2014:17:04:54 -0500] "POST /forms/lservlet;jsessionid=ac16012b30d5b14269a3574644008d4e81b53ea78f23.e3iSbxaKaheRe34Sa3yKbhiTahb0n6jAmljGr5XDqQLvpAe HTTP/1.1" 200 7
190.157.106.118 - - [20/Dec/2014:17:04:54 -0500] "POST /forms/lservlet;jsessionid=ac16012b30d5b14269a3574644008d4e81b53ea78f23.e3iSbxaKaheRe34Sa3yKbhiTahb0n6jAmljGr5XDqQLvpAe HTTP/1.1" 200 34
190.157.106.118 - - [20/Dec/2014:17:04:54 -0500] "POST /forms/lservlet;jsessionid=ac16012b30d5b14269a3574644008d4e81b53ea78f23.e3iSbxaKaheRe34Sa3yKbhiTahb0n6jAmljGr5XDqQLvpAe HTTP/1.1" 200 2
190.157.106.118 - - [20/Dec/2014:17:04:55 -0500] "POST /forms/lservlet;jsessionid=ac16012b30d5b14269a3574644008d4e81b53ea78f23.e3iSbxaKaheRe34Sa3yKbhiTahb0n6jAmljGr5XDqQLvpAe HTTP/1.1" 200 2
190.157.106.118 - - [20/Dec/2014:17:04:55 -0500] "POST /forms/lservlet;jsessionid=ac16012b30d5b14269a3574644008d4e81b53ea78f23.e3iSbxaKaheRe34Sa3yKbhiTahb0n6jAmljGr5XDqQLvpAe HTTP/1.1" 200 699
190.157.106.118 - - [20/Dec/2014:17:04:55 -0500] "GET /imagenes/Srch_frw.gif HTTP/1.1" 200 925
190.157.106.118 - - [20/Dec/2014:17:04:55 -0500] "POST /forms/lservlet;jsessionid=ac16012b30d5b14269a3574644008d4e81b53ea78f23.e3iSbxaKaheRe34Sa3yKbhiTahb0n6jAmljGr5XDqQLvpAe HTTP/1.1" 200 10
201.245.192.253 - - [20/Dec/2014:17:05:01 -0500] "POST /isolucionsda/ListadoMaestroDocumentos3.asp HTTP/1.1" 200 13861
190.157.106.118 - - [20/Dec/2014:17:05:02 -0500] "POST /forms/lservlet;jsessionid=ac16012b30d5b14269a3574644008d4e81b53ea78f23.e3iSbxaKaheRe34Sa3yKbhiTahb0n6jAmljGr5XDqQLvpAe HTTP/1.1" 200 24
190.157.106.118 - - [20/Dec/2014:17:05:02 -0500] "POST /forms/lservlet;jsessionid=ac16012b30d5b14269a3574644008d4e81b53ea78f23.e3iSbxaKaheRe34Sa3yKbhiTahb0n6jAmljGr5XDqQLvpAe HTTP/1.1" 200 4221
190.157.106.118 - - [20/Dec/2014:17:05:03 -0500] "POST /forms/lservlet;jsessionid=ac16012b30d5b14269a3574644008d4e81b53ea78f23.e3iSbxaKaheRe34Sa3yKbhiTahb0n6jAmljGr5XDqQLvpAe HTTP/1.1" 200 2
201.245.192.253 - - [20/Dec/2014:17:05:03 -0500] "GET /isolucionsda/FramesetArticulo.asp?Pagina=BancoConocimiento%2FD%2FDevoluciondeexpedientes%5Fv6%2FDevoluciondeexpedientes%5Fv6%2Easp&IdArticulo=5567 HTTP/1.1" 200 7293
201.245.192.253 - - [20/Dec/2014:17:05:04 -0500] "GET /isolucionsda/Arriba.asp?Pagina=BancoConocimiento%2FD%2FDevoluciondeexpedientes%5Fv6%2FDevoluciondeexpedientes%5Fv6%2Easp&IdArticulo=5567 HTTP/1.1" 200 10550
201.245.192.253 - - [20/Dec/2014:17:05:04 -0500] "GET /isolucionsda/BancoConocimiento/D/Devoluciondeexpedientes_v6/Devoluciondeexpedientes_v6.asp?IdArticulo=5567 HTTP/1.1" 302 143
190.157.106.118 - - [20/Dec/2014:17:05:07 -0500] "POST /forms/lservlet;jsessionid=ac16012b30d5b14269a3574644008d4e81b53ea78f23.e3iSbxaKaheRe34Sa3yKbhiTahb0n6jAmljGr5XDqQLvpAe HTTP/1.1" 200 136
190.157.106.118 - - [20/Dec/2014:17:05:07 -0500] "POST /forms/lservlet;jsessionid=ac16012b30d5b14269a3574644008d4e81b53ea78f23.e3iSbxaKaheRe34Sa3yKbhiTahb0n6jAmljGr5XDqQLvpAe HTTP/1.1" 200 7
180.76.5.155 - - [20/Dec/2014:17:05:17 -0500] "GET /BLA/resoluciones/AUTOS%202007/1583.pdf HTTP/1.1" 200 31113
201.245.192.253 - - [20/Dec/2014:17:05:33 -0500] "GET /isolucionsda/ListadoMaestroDocumentos3.asp?Pagina=ListadoMaestroDocumentos3.asp HTTP/1.1" 200 11467
201.245.192.253 - - [20/Dec/2014:17:05:37 -0500] "POST /isolucionsda/ListadoMaestroDocumentos3.asp HTTP/1.1" 200 13861
201.245.192.253 - - [20/Dec/2014:17:05:40 -0500] "GET /isolucionsda/FramesetArticulo.asp?Pagina=BancoConocimiento%2FD%2FDevoluciondeexpedientes%5Fv6%2FDevoluciondeexpedientes%5Fv6%2Easp&IdArticulo=5567 HTTP/1.1" 200 7293
201.245.192.253 - - [20/Dec/2014:17:05:40 -0500] "GET /isolucionsda/Arriba.asp?Pagina=BancoConocimiento%2FD%2FDevoluciondeexpedientes%5Fv6%2FDevoluciondeexpedientes%5Fv6%2Easp&IdArticulo=5567 HTTP/1.1" 200 10550
201.245.192.253 - - [20/Dec/2014:17:05:40 -0500] "GET /isolucionsda/BancoConocimiento/D/Devoluciondeexpedientes_v6/Devoluciondeexpedientes_v6.asp?IdArticulo=5567 HTTP/1.1" 302 143
66.249.67.67 - - [20/Dec/2014:17:05:48 -0500] "GET /BLA/resoluciones/RESOLUCIONES%202007/RES%202007%204001%20AL%204100/RESOLUCION%204036%20DE%202007.pdf HTTP/1.1" 200 789251
190.157.106.118 - - [20/Dec/2014:17:05:57 -0500] "POST /forms/lservlet;jsessionid=ac16012b30d5b14269a3574644008d4e81b53ea78f23.e3iSbxaKaheRe34Sa3yKbhiTahb0n6jAmljGr5XDqQLvpAe HTTP/1.1" 200 193
180.76.6.233 - - [20/Dec/2014:17:05:58 -0500] "GET /BLA/resoluciones/Autos%202008/1248.pdf HTTP/1.1" 200 160859
186.147.153.33 - - [20/Dec/2014:17:06:04 -0500] "GET /galeria/nivo-slider/demo/demo.html HTTP/1.1" 200 3349
186.147.153.33 - - [20/Dec/2014:17:06:06 -0500] "GET /galeria/nivo-slider/demo/images/banner-calidad-aire.jpg HTTP/1.1" 200 88616
186.147.153.33 - - [20/Dec/2014:17:06:06 -0500] "GET /galeria/nivo-slider/demo/images/ecolecta-Dic2014.png HTTP/1.1" 304 -
186.147.153.33 - - [20/Dec/2014:17:06:06 -0500] "GET /galeria/nivo-slider/demo/images/banner-musgo.jpg HTTP/1.1" 304 -
186.147.153.33 - - [20/Dec/2014:17:06:06 -0500] "GET /galeria/nivo-slider/demo/images/Jornada-adopcion.jpg HTTP/1.1" 304 -
186.147.153.33 - - [20/Dec/2014:17:06:06 -0500] "GET /galeria/nivo-slider/demo/images/Banner-GAE3.jpg HTTP/1.1" 304 -
186.147.153.33 - - [20/Dec/2014:17:06:07 -0500] "GET /videos/Spot_CambioClimatico.flv HTTP/1.1" 206 1
186.147.153.33 - - [20/Dec/2014:17:06:07 -0500] "GET /galeria/nivo-slider/demo/images/porloshumedales.jpg HTTP/1.1" 304 -
186.147.153.33 - - [20/Dec/2014:17:06:07 -0500] "GET /galeria/nivo-slider/demo/images/banner-redes.jpg HTTP/1.1" 304 -
186.147.153.33 - - [20/Dec/2014:17:06:08 -0500] "GET /videos/Spot_CambioClimatico.flv HTTP/1.1" 206 742634
190.157.106.118 - - [20/Dec/2014:17:06:20 -0500] "POST /forms/lservlet;jsessionid=ac16012b30d5b14269a3574644008d4e81b53ea78f23.e3iSbxaKaheRe34Sa3yKbhiTahb0n6jAmljGr5XDqQLvpAe HTTP/1.1" 200 2
181.50.241.109 - - [20/Dec/2014:17:06:24 -0500] "POST /forms/lservlet;jsessionid=ac16012b30d537a174d1f82a44cb955cb6706de09f93.e3iSbxaKaheRe34Sa3yKbhiTahb0n6jAmljGr5XDqQLvpAe HTTP/1.1" 200 2
186.154.84.82 - - [20/Dec/2014:17:06:29 -0500] "GET /forest/usutareas.do?_a=0.8366754732560366&group_system_actual=3 HTTP/1.1" 200 111488
186.154.84.82 - - [20/Dec/2014:17:06:31 -0500] "GET /forest/session.jsp?a=0.28063397319056094 HTTP/1.1" 200 4
200.234.196.173 - - [20/Dec/2014:17:06:36 -0500] "GET /wordpress/wp-admin/ HTTP/1.1" 404 1018
186.154.84.82 - - [20/Dec/2014:17:06:34 -0500] "GET /forest/borrador/1564690/COE%20Respueta%20de%20Inscripci%C3%B3n%20como%20Acopiador.docx HTTP/1.1" 200 545573
186.82.78.180 - - [20/Dec/2014:17:06:56 -0500] "POST /forms/lservlet;jsessionid=ac16012b30d5ed7364ad300b4c8c8824e6d313e863a7.e3iSbxaKaheRe34Sa3yKbhiTahb0n6jAmljGr5XDqQLvpAe HTTP/1.1" 200 2
66.249.67.67 - - [20/Dec/2014:17:07:01 -0500] "GET /BLA/resoluciones/RESOLUCIONES%202006/RES%202006%20%202951-3000/00002971.tif HTTP/1.1" 200 111606
74.86.158.107 - - [20/Dec/2014:17:07:05 -0500] "HEAD / HTTP/1.1" 302 -
186.154.84.82 - - [20/Dec/2014:17:01:19 -0500] "GET /ForestMSG_SDA/channelAsync/template_word_17123653?X-Atmosphere-tracking-id=6f64f5dc-4b6a-3db7-385e-7ed3a2aaebc6&X-Atmosphere-Framework=1.0.5&X-Atmosphere-Transport=long-polling&tabid=0.06963224965147674&X-Cache-Date=0&Content-Type=application/xml&_=1419113065765 HTTP/1.1" 200 8193
66.249.67.75 - - [20/Dec/2014:17:07:21 -0500] "GET /BLA/resoluciones/AUTOS%202011/3045.pdf HTTP/1.1" 304 -
186.154.84.82 - - [20/Dec/2014:17:07:32 -0500] "POST /forest/usutareas.do? HTTP/1.1" 200 76
186.154.84.82 - - [20/Dec/2014:17:07:36 -0500] "GET /forest/usutareas.do?group_system_actual=3&a=0.8788840773049742 HTTP/1.1" 200 19879
186.154.84.82 - - [20/Dec/2014:17:07:36 -0500] "GET /forest/session.jsp?a=0.6406607569660991 HTTP/1.1" 200 4
186.154.84.82 - - [20/Dec/2014:17:07:43 -0500] "GET /forest/misactividades.do?_a=0.7285079911816865&group_system_actual=3 HTTP/1.1" 200 37897
186.154.84.82 - - [20/Dec/2014:17:07:43 -0500] "GET /forest/session.jsp?a=0.1080492737237364 HTTP/1.1" 200 4
186.154.84.82 - - [20/Dec/2014:17:07:44 -0500] "POST /forest/misactividades.do?ajax=true&a=0.915512751089409 HTTP/1.1" 200 2739
186.154.84.82 - - [20/Dec/2014:17:07:48 -0500] "GET /forest/usutareas.do?_a=0.3007566852029413&group_system_actual=3 HTTP/1.1" 200 109024
186.154.84.82 - - [20/Dec/2014:17:07:50 -0500] "GET /forest/session.jsp?a=0.7023421416524798 HTTP/1.1" 200 4
186.154.84.82 - - [20/Dec/2014:17:07:55 -0500] "GET /forest/borrador/1564698/COE%20Respueta%20de%20Inscripci%C3%B3n%20como%20Acopiador.docx HTTP/1.1" 200 549332
190.157.106.118 - - [20/Dec/2014:17:08:20 -0500] "POST /forms/lservlet;jsessionid=ac16012b30d5b14269a3574644008d4e81b53ea78f23.e3iSbxaKaheRe34Sa3yKbhiTahb0n6jAmljGr5XDqQLvpAe HTTP/1.1" 200 2
181.50.241.109 - - [20/Dec/2014:17:08:24 -0500] "POST /forms/lservlet;jsessionid=ac16012b30d537a174d1f82a44cb955cb6706de09f93.e3iSbxaKaheRe34Sa3yKbhiTahb0n6jAmljGr5XDqQLvpAe HTTP/1.1" 200 2
66.249.67.75 - - [20/Dec/2014:17:08:54 -0500] "GET /BLA/resoluciones/RESOLUCIONES%202009/4284.pdf HTTP/1.1" 200 536307
186.82.78.180 - - [20/Dec/2014:17:09:01 -0500] "POST /forms/lservlet;jsessionid=ac16012b30d5ed7364ad300b4c8c8824e6d313e863a7.e3iSbxaKaheRe34Sa3yKbhiTahb0n6jAmljGr5XDqQLvpAe HTTP/1.1" 200 2
186.30.195.206 - - [20/Dec/2014:17:09:25 -0500] "GET /BLA/boletinlegal/js/jquery.js HTTP/1.1" 200 57254
186.30.195.206 - - [20/Dec/2014:17:09:25 -0500] "GET /BLA/boletinlegal/js/jquery.scrollTo-min.js HTTP/1.1" 200 1150
186.30.195.206 - - [20/Dec/2014:17:09:25 -0500] "GET /BLA/boletinlegal/js/jquery.scrollShow.js HTTP/1.1" 200 4586
186.119.222.18 - - [20/Dec/2014:17:09:27 -0500] "GET /forest/session.jsp?a=0.18372488541417398 HTTP/1.1" 200 4
186.119.222.18 - - [20/Dec/2014:17:10:13 -0500] "GET /forest/skins/gdocs-jar/popup/popup.jsp?width=850&height=380&title=Informaci%F3n%20del%20radicado&uri=/forest/system/document.jsp%3FcodDoc%3D1643756&name=undefined&_a=0.7718839534624029&a=0.0005818968541253522 HTTP/1.1" 200 1315
186.119.222.18 - - [20/Dec/2014:17:10:14 -0500] "GET /forest/system/document.jsp?codDoc=1643756 HTTP/1.1" 200 26643
186.119.222.18 - - [20/Dec/2014:17:10:16 -0500] "GET /forest/usudocumentos.do?p7z=1643756&a=0.07017724907320044&a=0.17186211422088848 HTTP/1.1" 200 2526
190.157.106.118 - - [20/Dec/2014:17:10:20 -0500] "POST /forms/lservlet;jsessionid=ac16012b30d5b14269a3574644008d4e81b53ea78f23.e3iSbxaKaheRe34Sa3yKbhiTahb0n6jAmljGr5XDqQLvpAe HTTP/1.1" 200 2
181.50.241.109 - - [20/Dec/2014:17:10:24 -0500] "POST /forms/lservlet;jsessionid=ac16012b30d537a174d1f82a44cb955cb6706de09f93.e3iSbxaKaheRe34Sa3yKbhiTahb0n6jAmljGr5XDqQLvpAe HTTP/1.1" 200 2
66.249.67.75 - - [20/Dec/2014:17:10:26 -0500] "GET /BLA/resoluciones/RESOLUCIONES%202009/7126.pdf HTTP/1.1" 200 491821
181.143.226.84 - - [20/Dec/2014:17:10:38 -0500] "GET /BLA/boletinlegal/js/jquery.js HTTP/1.1" 200 57254
181.143.226.84 - - [20/Dec/2014:17:10:38 -0500] "GET /BLA/boletinlegal/js/jquery.scrollShow.js HTTP/1.1" 200 4586
181.143.226.84 - - [20/Dec/2014:17:10:38 -0500] "GET /BLA/boletinlegal/js/jquery.scrollTo-min.js HTTP/1.1" 200 1150
186.154.84.82 - - [20/Dec/2014:17:10:38 -0500] "POST /forest/usutareas.do? HTTP/1.1" 200 76
186.154.84.82 - - [20/Dec/2014:17:10:41 -0500] "GET /forest/usutareas.do?group_system_actual=3&a=0.7368737000506371 HTTP/1.1" 200 19879
186.154.84.82 - - [20/Dec/2014:17:10:41 -0500] "GET /forest/session.jsp?a=0.2010263258125633 HTTP/1.1" 200 4
186.154.84.82 - - [20/Dec/2014:17:10:44 -0500] "GET /forest/index2.jsp?_a=0.29368220223113894 HTTP/1.1" 200 339805
186.154.84.82 - - [20/Dec/2014:17:10:47 -0500] "GET /forest/session.jsp?a=0.04266896960325539 HTTP/1.1" 200 4
181.143.226.84 - - [20/Dec/2014:17:10:48 -0500] "GET /videos/Comadreja.flv HTTP/1.1" 200 1953549
186.154.84.82 - - [20/Dec/2014:17:10:49 -0500] "GET /forest/misactividades.do?group_system_actual=3&codPro=93&_a=0.36164905740154774 HTTP/1.1" 200 38544
186.154.84.82 - - [20/Dec/2014:17:10:50 -0500] "GET /forest/skins/gdocs-jar/jsp/cookie.jsp?name=grid_nompro&del HTTP/1.1" 200 -
