190.158.209.92 - - [20/Dec/2014:17:18:30 -0500] "GET /galeria/nivo-slider/demo/images/banner-caballos.png HTTP/1.1" 200 389106
181.54.57.138 - - [20/Dec/2014:17:19:15 -0500] "POST /forms/lservlet;jsessionid=ac16012b30d51c895021bbb04130b8858e471252ad2d.e3iSbxaKaheRe34Sa3yKbhiTahb0n6jAmljGr5XDqQLvpAe HTTP/1.1" 200 165
181.54.57.138 - - [20/Dec/2014:17:19:15 -0500] "POST /forms/lservlet;jsessionid=ac16012b30d51c895021bbb04130b8858e471252ad2d.e3iSbxaKaheRe34Sa3yKbhiTahb0n6jAmljGr5XDqQLvpAe HTTP/1.1" 200 7
181.54.57.138 - - [20/Dec/2014:17:19:16 -0500] "POST /forms/lservlet;jsessionid=ac16012b30d51c895021bbb04130b8858e471252ad2d.e3iSbxaKaheRe34Sa3yKbhiTahb0n6jAmljGr5XDqQLvpAe HTTP/1.1" 200 152
181.54.57.138 - - [20/Dec/2014:17:19:17 -0500] "POST /forms/lservlet;jsessionid=ac16012b30d51c895021bbb04130b8858e471252ad2d.e3iSbxaKaheRe34Sa3yKbhiTahb0n6jAmljGr5XDqQLvpAe HTTP/1.1" 200 8
181.54.57.138 - - [20/Dec/2014:17:19:17 -0500] "POST /forms/lservlet;jsessionid=ac16012b30d51c895021bbb04130b8858e471252ad2d.e3iSbxaKaheRe34Sa3yKbhiTahb0n6jAmljGr5XDqQLvpAe HTTP/1.1" 200 2
181.54.57.138 - - [20/Dec/2014:17:19:24 -0500] "POST /forms/lservlet;jsessionid=ac16012b30d51c895021bbb04130b8858e471252ad2d.e3iSbxaKaheRe34Sa3yKbhiTahb0n6jAmljGr5XDqQLvpAe HTTP/1.1" 200 2
181.54.57.138 - - [20/Dec/2014:17:19:24 -0500] "POST /forms/lservlet;jsessionid=ac16012b30d51c895021bbb04130b8858e471252ad2d.e3iSbxaKaheRe34Sa3yKbhiTahb0n6jAmljGr5XDqQLvpAe HTTP/1.1" 200 43
181.54.57.138 - - [20/Dec/2014:17:19:24 -0500] "POST /forms/lservlet;jsessionid=ac16012b30d51c895021bbb04130b8858e471252ad2d.e3iSbxaKaheRe34Sa3yKbhiTahb0n6jAmljGr5XDqQLvpAe HTTP/1.1" 200 8
181.54.57.138 - - [20/Dec/2014:17:19:24 -0500] "POST /forms/lservlet;jsessionid=ac16012b30d51c895021bbb04130b8858e471252ad2d.e3iSbxaKaheRe34Sa3yKbhiTahb0n6jAmljGr5XDqQLvpAe HTTP/1.1" 200 2
186.154.84.82 - - [20/Dec/2014:17:19:25 -0500] "POST /forest/usutareas.do? HTTP/1.1" 200 76
186.119.222.18 - - [20/Dec/2014:17:19:08 -0500] "POST /forest/buscar.do? HTTP/1.1" 200 17171
180.76.5.69 - - [20/Dec/2014:17:19:27 -0500] "GET /BLA/boletinlegal/Circulares/2012/Circular%20No.%208%20del%2021%20de%20Agosto%20de%202012.pdf HTTP/1.1" 200 963197
186.154.84.82 - - [20/Dec/2014:17:19:28 -0500] "GET /forest/usutareas.do?group_system_actual=3&a=0.8870684856083244 HTTP/1.1" 200 19879
186.154.84.82 - - [20/Dec/2014:17:19:29 -0500] "GET /forest/session.jsp?a=0.473599344259128 HTTP/1.1" 200 4
181.54.57.138 - - [20/Dec/2014:17:19:30 -0500] "POST /forms/lservlet;jsessionid=ac16012b30d51c895021bbb04130b8858e471252ad2d.e3iSbxaKaheRe34Sa3yKbhiTahb0n6jAmljGr5XDqQLvpAe HTTP/1.1" 200 8
186.119.222.18 - - [20/Dec/2014:17:19:31 -0500] "GET /forest/session.jsp?a=0.8381611840890775 HTTP/1.1" 200 4
181.54.57.138 - - [20/Dec/2014:17:19:31 -0500] "POST /forms/lservlet;jsessionid=ac16012b30d51c895021bbb04130b8858e471252ad2d.e3iSbxaKaheRe34Sa3yKbhiTahb0n6jAmljGr5XDqQLvpAe HTTP/1.1" 200 37
181.54.57.138 - - [20/Dec/2014:17:19:31 -0500] "POST /forms/lservlet;jsessionid=ac16012b30d51c895021bbb04130b8858e471252ad2d.e3iSbxaKaheRe34Sa3yKbhiTahb0n6jAmljGr5XDqQLvpAe HTTP/1.1" 200 12
181.54.57.138 - - [20/Dec/2014:17:19:33 -0500] "POST /forms/lservlet;jsessionid=ac16012b30d51c895021bbb04130b8858e471252ad2d.e3iSbxaKaheRe34Sa3yKbhiTahb0n6jAmljGr5XDqQLvpAe HTTP/1.1" 200 7
66.249.67.83 - - [20/Dec/2014:17:19:42 -0500] "GET /BLA/resoluciones/RESOLUCIONES%202009/5760.pdf HTTP/1.1" 200 495397
180.76.5.20 - - [20/Dec/2014:17:20:08 -0500] "GET /BLA/resoluciones/RESOLUCIONES%202007/RES%202007%202001%20AL%202100/RESOLUCION%202030%20%20DE%202007.pdf HTTP/1.1" 200 697368
66.249.67.111 - - [20/Dec/2014:17:20:15 -0500] "GET /Anexos%20estudio%20Organizacional%20SDA/ANEXO%20No.%201-%20NORMAS%20LEGALES%20DE%20ESTRUCTURA%20Y%20PLANTA/Decreto%20175%20de%202009%20_files/play.png HTTP/1.1" 200 1218
186.154.84.82 - - [20/Dec/2014:17:20:19 -0500] "GET /forest/misactividades.do?_a=0.06329644843935966&group_system_actual=3 HTTP/1.1" 200 37897
186.154.84.82 - - [20/Dec/2014:17:20:20 -0500] "GET /forest/session.jsp?a=0.07463941327296197 HTTP/1.1" 200 4
186.154.84.82 - - [20/Dec/2014:17:20:20 -0500] "POST /forest/misactividades.do?ajax=true&a=0.6851493674330413 HTTP/1.1" 200 1272
190.157.106.118 - - [20/Dec/2014:17:20:21 -0500] "POST /forms/lservlet;jsessionid=ac16012b30d5b14269a3574644008d4e81b53ea78f23.e3iSbxaKaheRe34Sa3yKbhiTahb0n6jAmljGr5XDqQLvpAe HTTP/1.1" 200 2
181.50.241.109 - - [20/Dec/2014:17:20:24 -0500] "POST /forms/lservlet;jsessionid=ac16012b30d537a174d1f82a44cb955cb6706de09f93.e3iSbxaKaheRe34Sa3yKbhiTahb0n6jAmljGr5XDqQLvpAe HTTP/1.1" 200 2
186.154.84.82 - - [20/Dec/2014:17:20:26 -0500] "GET /forest/usutareas.do?_a=0.7282836332451552&group_system_actual=3 HTTP/1.1" 200 111707
186.154.84.82 - - [20/Dec/2014:17:20:28 -0500] "GET /forest/session.jsp?a=0.0888653399888426 HTTP/1.1" 200 4
186.154.84.82 - - [20/Dec/2014:17:20:28 -0500] "GET /forest/actions/forms.getMappedValues?id=fk_reg_respe266&value=1418938752749&codForm=rev_coe_rta&a=0.7339525695424527 HTTP/1.1" 200 108
186.154.84.82 - - [20/Dec/2014:17:20:28 -0500] "GET /forest/actions/forms.getMappedValues?id=fk_reg_respe266&value=1418938752749&codForm=rev_coe_rta&a=0.4520846717059612 HTTP/1.1" 200 108
186.119.222.18 - - [20/Dec/2014:17:20:11 -0500] "POST /forest/buscar.do? HTTP/1.1" 200 17263
66.249.67.111 - - [20/Dec/2014:17:20:30 -0500] "GET /BLA/boletinlegal/jurisprudencia/analisis/Analisis%20jurisprudencial%20Sentencia%20C-366-11.doc HTTP/1.1" 304 -
180.76.5.28 - - [20/Dec/2014:17:20:50 -0500] "GET /BLA/resoluciones/AUTOS%202010/5725.pdf HTTP/1.1" 200 229967
186.154.84.82 - - [20/Dec/2014:17:20:48 -0500] "GET /forest/borrador/1569095/Respuesta%20a%20la%20Solicitud.docx HTTP/1.1" 200 549204
186.119.222.18 - - [20/Dec/2014:17:21:02 -0500] "GET /forest/skins/gdocs-jar/popup/popup.jsp?width=850&height=380&title=Informaci%F3n%20del%20radicado&uri=/forest/system/document.jsp%3FcodDoc%3D1979740&name=undefined&_a=0.7812619497404172&a=0.5054946510229965 HTTP/1.1" 200 1315
186.119.222.18 - - [20/Dec/2014:17:21:02 -0500] "GET /forest/system/document.jsp?codDoc=1979740 HTTP/1.1" 200 15076
186.82.78.180 - - [20/Dec/2014:17:21:02 -0500] "POST /forms/lservlet;jsessionid=ac16012b30d5ed7364ad300b4c8c8824e6d313e863a7.e3iSbxaKaheRe34Sa3yKbhiTahb0n6jAmljGr5XDqQLvpAe HTTP/1.1" 200 2
186.119.222.18 - - [20/Dec/2014:17:21:05 -0500] "GET /forest/documentos/1979740/2014EE209336.docx HTTP/1.1" 200 106088
186.154.84.82 - - [20/Dec/2014:17:21:12 -0500] "GET /forest/documentos/1956453/2014ER186052.pdf HTTP/1.1" 200 263673
66.249.67.67 - - [20/Dec/2014:17:21:15 -0500] "GET /BLA/resoluciones/RESOLUCIONES%202009/1106.pdf HTTP/1.1" 200 279899
181.54.57.138 - - [20/Dec/2014:17:21:24 -0500] "POST /forms/lservlet;jsessionid=ac16012b30d51c895021bbb04130b8858e471252ad2d.e3iSbxaKaheRe34Sa3yKbhiTahb0n6jAmljGr5XDqQLvpAe HTTP/1.1" 200 2
180.76.5.57 - - [20/Dec/2014:17:21:31 -0500] "GET /BLA/boletinlegal/Circulares/2011/Circular%20No.%204%20del%2012%20de%20Agosto%20de%202011.pdf HTTP/1.1" 200 601047
190.157.181.4 - - [20/Dec/2014:17:21:37 -0500] "GET /galeria/nivo-slider/demo/demo.html HTTP/1.1" 200 3349
190.157.181.4 - - [20/Dec/2014:17:21:37 -0500] "GET /galeria/nivo-slider/demo/images/banner-calidad-aire.jpg HTTP/1.1" 200 88616
190.157.181.4 - - [20/Dec/2014:17:21:37 -0500] "GET /galeria/nivo-slider/demo/images/ecolecta-Dic2014.png HTTP/1.1" 304 -
190.157.181.4 - - [20/Dec/2014:17:21:37 -0500] "GET /galeria/nivo-slider/demo/images/banner-musgo.jpg HTTP/1.1" 304 -
190.157.181.4 - - [20/Dec/2014:17:21:37 -0500] "GET /galeria/nivo-slider/demo/images/Jornada-adopcion.jpg HTTP/1.1" 304 -
190.157.181.4 - - [20/Dec/2014:17:21:37 -0500] "GET /galeria/nivo-slider/demo/images/Banner-GAE3.jpg HTTP/1.1" 304 -
190.157.181.4 - - [20/Dec/2014:17:21:41 -0500] "GET /videos/Spot_CambioClimatico.flv HTTP/1.1" 304 -
186.119.222.18 - - [20/Dec/2014:17:21:59 -0500] "GET /forest/skins/gdocs-jar/popup/popup.jsp?width=850&height=380&title=Informaci%F3n%20del%20radicado&uri=/forest/system/document.jsp%3FcodDoc%3D1979742&name=undefined&_a=0.018837534322304617&a=0.9011598195748444 HTTP/1.1" 200 1315
186.119.222.18 - - [20/Dec/2014:17:21:59 -0500] "GET /forest/system/document.jsp?codDoc=1979742 HTTP/1.1" 200 15052
186.119.222.18 - - [20/Dec/2014:17:22:01 -0500] "GET /forest/documentos/1979742/2014EE209338.docx HTTP/1.1" 200 104843
74.86.158.107 - - [20/Dec/2014:17:22:05 -0500] "HEAD / HTTP/1.1" 302 -
181.54.57.138 - - [20/Dec/2014:17:19:05 -0500] "GET /reports/rwservlet/getjobid337821?server=rep_srvapsda HTTP/1.1" 200 18858694
190.157.106.118 - - [20/Dec/2014:17:22:21 -0500] "POST /forms/lservlet;jsessionid=ac16012b30d5b14269a3574644008d4e81b53ea78f23.e3iSbxaKaheRe34Sa3yKbhiTahb0n6jAmljGr5XDqQLvpAe HTTP/1.1" 200 2
181.50.241.109 - - [20/Dec/2014:17:22:24 -0500] "POST /forms/lservlet;jsessionid=ac16012b30d537a174d1f82a44cb955cb6706de09f93.e3iSbxaKaheRe34Sa3yKbhiTahb0n6jAmljGr5XDqQLvpAe HTTP/1.1" 200 2
186.119.222.18 - - [20/Dec/2014:17:22:32 -0500] "GET /forest/skins/gdocs-jar/popup/popup.jsp?width=850&height=380&title=Informaci%F3n%20del%20radicado&uri=/forest/system/document.jsp%3FcodDoc%3D1809529&name=undefined&_a=0.6685015107577034&a=0.19448771761480155 HTTP/1.1" 200 1315
186.119.222.18 - - [20/Dec/2014:17:22:32 -0500] "GET /forest/system/document.jsp?codDoc=1809529 HTTP/1.1" 200 16680
66.249.67.83 - - [20/Dec/2014:17:22:48 -0500] "GET /BLA/resoluciones/RESOLUCIONES%202007/RES%202007%20201%20AL%20300/RESOLUCION%20030%20DE%202007.pdf HTTP/1.1" 200 435705
186.119.222.18 - - [20/Dec/2014:17:22:35 -0500] "GET /forest/documentos/1809529/2014ER039163.pdf HTTP/1.1" 200 1632357
186.154.84.82 - - [20/Dec/2014:17:16:55 -0500] "GET /ForestMSG_SDA/channelAsync/template_word_17133834?X-Atmosphere-tracking-id=c59971cc-e964-4a9e-58f1-9f1ffc8b6a08&X-Atmosphere-Framework=1.0.5&X-Atmosphere-Transport=long-polling&tabid=0.5019340943545103&X-Cache-Date=0&Content-Type=application/xml&_=1419114001731 HTTP/1.1" 200 8193
186.82.78.180 - - [20/Dec/2014:17:23:03 -0500] "POST /forms/lservlet;jsessionid=ac16012b30d5ed7364ad300b4c8c8824e6d313e863a7.e3iSbxaKaheRe34Sa3yKbhiTahb0n6jAmljGr5XDqQLvpAe HTTP/1.1" 200 2
186.154.84.82 - - [20/Dec/2014:17:23:18 -0500] "POST /forest/usutareas.do? HTTP/1.1" 200 76
186.154.84.82 - - [20/Dec/2014:17:23:21 -0500] "GET /forest/usutareas.do?group_system_actual=3&a=0.9189207113813609 HTTP/1.1" 200 19879
186.154.84.82 - - [20/Dec/2014:17:23:21 -0500] "GET /forest/session.jsp?a=0.919562897644937 HTTP/1.1" 200 4
181.54.57.138 - - [20/Dec/2014:17:23:24 -0500] "POST /forms/lservlet;jsessionid=ac16012b30d51c895021bbb04130b8858e471252ad2d.e3iSbxaKaheRe34Sa3yKbhiTahb0n6jAmljGr5XDqQLvpAe HTTP/1.1" 200 2
186.154.84.82 - - [20/Dec/2014:17:23:24 -0500] "GET /forest/index2.jsp?_a=0.05399510473944247 HTTP/1.1" 200 331137
186.154.84.82 - - [20/Dec/2014:17:23:27 -0500] "GET /forest/session.jsp?a=0.18949978169985116 HTTP/1.1" 200 4
181.54.57.138 - - [20/Dec/2014:17:24:06 -0500] "-" 408 -
66.249.67.75 - - [20/Dec/2014:17:24:21 -0500] "GET /BLA/resoluciones/RESOLUCIONES%202008/4964.pdf HTTP/1.1" 200 210813
190.157.106.118 - - [20/Dec/2014:17:24:21 -0500] "POST /forms/lservlet;jsessionid=ac16012b30d5b14269a3574644008d4e81b53ea78f23.e3iSbxaKaheRe34Sa3yKbhiTahb0n6jAmljGr5XDqQLvpAe HTTP/1.1" 200 2
181.50.241.109 - - [20/Dec/2014:17:24:24 -0500] "POST /forms/lservlet;jsessionid=ac16012b30d537a174d1f82a44cb955cb6706de09f93.e3iSbxaKaheRe34Sa3yKbhiTahb0n6jAmljGr5XDqQLvpAe HTTP/1.1" 200 2
186.119.222.18 - - [20/Dec/2014:17:24:31 -0500] "GET /forest/session.jsp?a=0.5175752593567845 HTTP/1.1" 200 4
186.119.222.18 - - [20/Dec/2014:17:24:22 -0500] "POST /forest/buscar.do? HTTP/1.1" 200 17194
186.154.84.82 - - [20/Dec/2014:17:18:42 -0500] "GET /ForestMSG_SDA/channelAsync/template_word_17133622?X-Atmosphere-tracking-id=5c15eba7-b4f3-36c7-24db-c3410ce72af8&X-Atmosphere-Framework=1.0.5&X-Atmosphere-Transport=long-polling&tabid=0.738274235278368&X-Cache-Date=0&Content-Type=application/xml&_=1419114108889 HTTP/1.1" 200 8193
186.82.78.180 - - [20/Dec/2014:17:25:03 -0500] "POST /forms/lservlet;jsessionid=ac16012b30d5ed7364ad300b4c8c8824e6d313e863a7.e3iSbxaKaheRe34Sa3yKbhiTahb0n6jAmljGr5XDqQLvpAe HTTP/1.1" 200 2
186.119.222.18 - - [20/Dec/2014:17:25:07 -0500] "GET /forest/skins/gdocs-jar/popup/popup.jsp?width=900&height=600&title=Informaci%F3n%20de%20proceso&uri=/forest/system/process.jsp%3FnumPro%3D2877422&name=undefined&_a=0.5101271017819885&a=0.027259291913004025 HTTP/1.1" 200 1312
186.119.222.18 - - [20/Dec/2014:17:25:07 -0500] "GET /forest/system/process.jsp?numPro=2877422 HTTP/1.1" 200 108741
181.54.57.138 - - [20/Dec/2014:17:25:24 -0500] "POST /forms/lservlet;jsessionid=ac16012b30d51c895021bbb04130b8858e471252ad2d.e3iSbxaKaheRe34Sa3yKbhiTahb0n6jAmljGr5XDqQLvpAe HTTP/1.1" 200 2
186.154.84.82 - - [20/Dec/2014:17:25:26 -0500] "GET /forest/skins/gdocs-jar/popup/popup.jsp?width=1100&height=500&title=Buscar%20procesos&uri=/forest/buscar.do%3Ftype%3Dprocesos&name=undefined&_a=0.7871553984005004&a=0.73891517566517 HTTP/1.1" 200 1296
186.154.84.82 - - [20/Dec/2014:17:25:27 -0500] "GET /forest/css/autocomplete.css?version=1412.191117 HTTP/1.1" 200 1662
186.154.84.82 - - [20/Dec/2014:17:25:27 -0500] "GET /forest/skins/gdocs-jar/css/tree.css?version=1412.191117 HTTP/1.1" 304 -
186.154.84.82 - - [20/Dec/2014:17:25:27 -0500] "GET /forest/1ibre/jscalendar/calendar-win2k-1.css HTTP/1.1" 304 -
186.154.84.82 - - [20/Dec/2014:17:25:27 -0500] "GET /forest/js/load_func.js?version=1412.191117 HTTP/1.1" 200 919
186.154.84.82 - - [20/Dec/2014:17:25:27 -0500] "GET /forest/js/dialog.js?version=1412.191117 HTTP/1.1" 200 4201
186.154.84.82 - - [20/Dec/2014:17:25:26 -0500] "GET /forest/buscar.do?type=procesos HTTP/1.1" 200 84792
186.154.84.82 - - [20/Dec/2014:17:25:27 -0500] "GET /forest/js/escritorio/escritorio.js?version=1412.191117 HTTP/1.1" 200 8096
186.154.84.82 - - [20/Dec/2014:17:25:27 -0500] "GET /forest/js/internJS.js?version=1412.191117 HTTP/1.1" 200 3047
186.154.84.82 - - [20/Dec/2014:17:25:27 -0500] "GET /forest/1ibre/jscalendar/lang/calendar-es.js?version=1412.191117 HTTP/1.1" 200 3995
186.154.84.82 - - [20/Dec/2014:17:25:27 -0500] "GET /forest/js/sarissa.js?version=1412.191117 HTTP/1.1" 200 27327
186.154.84.82 - - [20/Dec/2014:17:25:27 -0500] "GET /forest/js/autocompletar2.js?version=1412.191117 HTTP/1.1" 200 24092
186.154.84.82 - - [20/Dec/2014:17:25:28 -0500] "GET /forest/1ibre/jscalendar/calendar-setup.js?version=1412.191117 HTTP/1.1" 200 8927
186.154.84.82 - - [20/Dec/2014:17:25:27 -0500] "GET /forest/1ibre/jscalendar/calendar.js?version=1412.191117 HTTP/1.1" 200 51363
186.154.84.82 - - [20/Dec/2014:17:25:28 -0500] "GET /forest/js/xml_utilities.js?version=1412.191117 HTTP/1.1" 200 11451
186.154.84.82 - - [20/Dec/2014:17:25:28 -0500] "GET /forest/skins/gdocs-jar/img/select.gif HTTP/1.1" 200 335
186.154.84.82 - - [20/Dec/2014:17:25:28 -0500] "GET /forest/skins/gdocs-jar/img/user_search.gif HTTP/1.1" 304 -
186.154.84.82 - - [20/Dec/2014:17:25:27 -0500] "GET /forest/1ibre/protoaculous.js?version=1412.191117 HTTP/1.1" 200 151386
186.154.84.82 - - [20/Dec/2014:17:25:28 -0500] "GET /forest/1ibre/1ibre.js?version=1412.191117 HTTP/1.1" 200 197648
186.154.84.82 - - [20/Dec/2014:17:25:30 -0500] "GET /forest/json.do?query=usersByDep&coddep=7019 HTTP/1.1" 200 1411
186.154.84.82 - - [20/Dec/2014:17:25:30 -0500] "GET /forest/1ibre/jscalendar/img.gif HTTP/1.1" 200 223
186.154.84.82 - - [20/Dec/2014:17:25:30 -0500] "GET /forest/skins/gdocs-jar/img/dependencia-tree.gif HTTP/1.1" 200 1039
186.154.84.82 - - [20/Dec/2014:17:25:30 -0500] "GET /forest/json.do?query=versionListadas HTTP/1.1" 200 15
186.154.84.82 - - [20/Dec/2014:17:25:30 -0500] "GET /forest/json.do?query=usersByDep&coddep=7019 HTTP/1.1" 200 1411
186.154.84.82 - - [20/Dec/2014:17:25:31 -0500] "GET /forest/json.do?query=procesIniciales HTTP/1.1" 200 10001
200.234.196.173 - - [20/Dec/2014:17:25:45 -0500] "GET /wp/wp-admin/ HTTP/1.1" 404 1018
186.154.84.82 - - [20/Dec/2014:17:25:46 -0500] "POST /forest/buscar.do? HTTP/1.1" 200 5251
186.154.84.82 - - [20/Dec/2014:17:25:47 -0500] "GET /forest/css/escritorio.css HTTP/1.1" 304 -
186.154.84.82 - - [20/Dec/2014:17:25:47 -0500] "GET /forest/img/nav_first.gif HTTP/1.1" 200 89
186.154.84.82 - - [20/Dec/2014:17:25:47 -0500] "GET /forest/img/nav_prev.gif HTTP/1.1" 200 109
186.154.84.82 - - [20/Dec/2014:17:25:47 -0500] "GET /forest/img/nav_next.gif HTTP/1.1" 200 111
186.154.84.82 - - [20/Dec/2014:17:25:47 -0500] "GET /forest/img/nav_last.gif HTTP/1.1" 200 92
66.249.67.83 - - [20/Dec/2014:17:25:53 -0500] "GET /BLA/resoluciones/RESOLUCIONES%202009/6184.pdf HTTP/1.1" 200 691204
186.154.84.82 - - [20/Dec/2014:17:25:59 -0500] "GET /forest/skins/gdocs-jar/popup/popup.jsp?width=1100&height=500&title=Buscar%20procesos&uri=/forest/buscar.do%3Ftype%3Dprocesos&name=undefined&_a=0.2645317707210779&a=0.8963469029404223 HTTP/1.1" 200 1296
186.154.84.82 - - [20/Dec/2014:17:25:59 -0500] "GET /forest/buscar.do?type=procesos HTTP/1.1" 200 28567
186.154.84.82 - - [20/Dec/2014:17:25:59 -0500] "GET /forest/buscar.do?type=procesos HTTP/1.1" 200 84792
186.154.84.82 - - [20/Dec/2014:17:26:00 -0500] "GET /forest/json.do?query=usersByDep&coddep=7019 HTTP/1.1" 200 1411
186.154.84.82 - - [20/Dec/2014:17:26:00 -0500] "GET /forest/json.do?query=versionListadas HTTP/1.1" 200 15
186.154.84.82 - - [20/Dec/2014:17:26:00 -0500] "GET /forest/json.do?query=usersByDep&coddep=7019 HTTP/1.1" 200 1411
186.154.84.82 - - [20/Dec/2014:17:26:00 -0500] "GET /forest/json.do?query=procesIniciales HTTP/1.1" 200 10001
186.119.222.18 - - [20/Dec/2014:17:25:26 -0500] "GET /forest/documentos/1892033/2014ER121657.pdf HTTP/1.1" 200 4487305
186.154.84.82 - - [20/Dec/2014:17:26:19 -0500] "POST /forest/buscar.do? HTTP/1.1" 200 5277
190.157.106.118 - - [20/Dec/2014:17:26:21 -0500] "POST /forms/lservlet;jsessionid=ac16012b30d5b14269a3574644008d4e81b53ea78f23.e3iSbxaKaheRe34Sa3yKbhiTahb0n6jAmljGr5XDqQLvpAe HTTP/1.1" 200 2
181.50.241.109 - - [20/Dec/2014:17:26:24 -0500] "POST /forms/lservlet;jsessionid=ac16012b30d537a174d1f82a44cb955cb6706de09f93.e3iSbxaKaheRe34Sa3yKbhiTahb0n6jAmljGr5XDqQLvpAe HTTP/1.1" 200 2
186.154.84.82 - - [20/Dec/2014:17:26:27 -0500] "GET /forest/skins/gdocs-jar/popup/popup.jsp?width=900&height=600&title=Informaci%F3n%20de%20proceso&uri=/forest/system/process.jsp%3FnumPro%3D2829925&name=undefined&_a=0.7445044100750238&a=0.3445004008244723 HTTP/1.1" 200 1312
186.154.84.82 - - [20/Dec/2014:17:26:27 -0500] "GET /forest/system/process.jsp?numPro=2829925 HTTP/1.1" 200 23114
186.154.84.82 - - [20/Dec/2014:17:26:27 -0500] "GET /forest/css/dialog.css HTTP/1.1" 200 1100
186.154.84.82 - - [20/Dec/2014:17:26:27 -0500] "GET /forest/css/index.css HTTP/1.1" 304 -
186.154.84.82 - - [20/Dec/2014:17:26:28 -0500] "GET /forest/skins/gdocs-jar/img/activity2.gif HTTP/1.1" 304 -
186.154.84.82 - - [20/Dec/2014:17:26:28 -0500] "GET /forest/skins/gdocs-jar/img/itemlist.gif HTTP/1.1" 304 -
186.154.84.82 - - [20/Dec/2014:17:26:28 -0500] "GET /forest/skins/gdocs-jar/img/mueveactividad.gif HTTP/1.1" 304 -
186.154.84.82 - - [20/Dec/2014:17:20:28 -0500] "GET /ForestMSG_SDA/channelAsync/template_word_17132866?X-Atmosphere-tracking-id=37ded4c0-ec53-cbc4-d328-52f872d882fa&X-Atmosphere-Framework=1.0.5&X-Atmosphere-Transport=long-polling&tabid=0.3311120562721044&X-Cache-Date=0&Content-Type=application/xml&_=1419114214767 HTTP/1.1" 200 8193
186.154.84.82 - - [20/Dec/2014:17:26:27 -0500] "GET /forest/system/process.jsp?numPro=2829925 HTTP/1.1" 200 161383
186.154.84.82 - - [20/Dec/2014:17:26:27 -0500] "GET /forest/1ibre/protoaculous.js HTTP/1.1" 200 151386
186.154.84.82 - - [20/Dec/2014:17:26:28 -0500] "GET /forest/1ibre/1ibre.js HTTP/1.1" 200 197648
186.154.84.82 - - [20/Dec/2014:17:26:32 -0500] "GET /forest/buscar.do?type=procesos HTTP/1.1" 200 84792
186.154.84.82 - - [20/Dec/2014:17:26:34 -0500] "GET /forest/json.do?query=usersByDep&coddep=7019 HTTP/1.1" 200 1411
186.154.84.82 - - [20/Dec/2014:17:26:34 -0500] "GET /forest/json.do?query=versionListadas HTTP/1.1" 200 15
186.154.84.82 - - [20/Dec/2014:17:26:34 -0500] "GET /forest/json.do?query=usersByDep&coddep=7019 HTTP/1.1" 200 1411
186.154.84.82 - - [20/Dec/2014:17:26:34 -0500] "GET /forest/json.do?query=procesIniciales HTTP/1.1" 200 10001
186.154.84.82 - - [20/Dec/2014:17:26:49 -0500] "POST /forest/buscar.do? HTTP/1.1" 200 5281
186.154.84.82 - - [20/Dec/2014:17:26:53 -0500] "GET /forest/buscar.do?type=procesos HTTP/1.1" 200 84792
186.154.84.82 - - [20/Dec/2014:17:26:54 -0500] "GET /forest/json.do?query=usersByDep&coddep=7019 HTTP/1.1" 200 1411
186.154.84.82 - - [20/Dec/2014:17:26:54 -0500] "GET /forest/json.do?query=versionListadas HTTP/1.1" 200 15
186.154.84.82 - - [20/Dec/2014:17:26:54 -0500] "GET /forest/json.do?query=usersByDep&coddep=7019 HTTP/1.1" 200 1411
186.154.84.82 - - [20/Dec/2014:17:26:54 -0500] "GET /forest/json.do?query=procesIniciales HTTP/1.1" 200 10001
186.119.222.18 - - [20/Dec/2014:17:27:02 -0500] "GET /forest/documentos/1979738/2014EE209334.docx HTTP/1.1" 200 106594
74.86.158.107 - - [20/Dec/2014:17:27:05 -0500] "HEAD / HTTP/1.1" 302 -
186.82.78.180 - - [20/Dec/2014:17:27:05 -0500] "POST /forms/lservlet;jsessionid=ac16012b30d5ed7364ad300b4c8c8824e6d313e863a7.e3iSbxaKaheRe34Sa3yKbhiTahb0n6jAmljGr5XDqQLvpAe HTTP/1.1" 200 2
186.154.84.82 - - [20/Dec/2014:17:27:09 -0500] "POST /forest/buscar.do? HTTP/1.1" 200 5462
186.154.84.82 - - [20/Dec/2014:17:27:14 -0500] "GET /forest/usutareas.do?group_system_actual=3&codAct=1645&numPro=2819507&codPro=144&fecTra=2014-12-01%2009:03:59.096&codInst=2843382&codTraEsc=17002229 HTTP/1.1" 200 114211
186.154.84.82 - - [20/Dec/2014:17:27:16 -0500] "GET /forest/session.jsp?a=0.5001128604635596 HTTP/1.1" 200 4
186.154.84.82 - - [20/Dec/2014:17:27:16 -0500] "GET /forest/actions/forms.getMappedValues?id=idtramite3&value=1400183887011&codForm=asignacion_juridico_RH&a=0.5953744882717729 HTTP/1.1" 200 48
186.154.84.82 - - [20/Dec/2014:17:27:16 -0500] "GET /forest/actions/forms.getMappedValues?id=idtramite3&value=1400183887011&codForm=asignacion_juridico_RH&a=0.28851367603056133 HTTP/1.1" 200 48
181.54.57.138 - - [20/Dec/2014:17:27:24 -0500] "POST /forms/lservlet;jsessionid=ac16012b30d51c895021bbb04130b8858e471252ad2d.e3iSbxaKaheRe34Sa3yKbhiTahb0n6jAmljGr5XDqQLvpAe HTTP/1.1" 200 2
66.249.67.75 - - [20/Dec/2014:17:27:26 -0500] "GET /BLA/resoluciones/RESOLUCIONES%202008/2654.pdf HTTP/1.1" 200 197201
181.54.57.138 - - [20/Dec/2014:17:27:44 -0500] "POST /forms/lservlet;jsessionid=ac16012b30d51c895021bbb04130b8858e471252ad2d.e3iSbxaKaheRe34Sa3yKbhiTahb0n6jAmljGr5XDqQLvpAe HTTP/1.1" 200 140
186.154.84.82 - - [20/Dec/2014:17:27:44 -0500] "GET /forest/skins/gdocs-jar/img/icons/p7z.gif HTTP/1.1" 200 582
186.154.84.82 - - [20/Dec/2014:17:27:45 -0500] "GET /forest/skins/gdocs-jar/img/info.jpg HTTP/1.1" 200 482
186.154.84.82 - - [20/Dec/2014:17:27:41 -0500] "GET /forest/usudocumentos.do?_a=0.16740931663662195&group_system_actual=3 HTTP/1.1" 200 118874
186.154.84.82 - - [20/Dec/2014:17:27:45 -0500] "GET /forest/session.jsp?a=0.550007276237011 HTTP/1.1" 200 4
181.54.57.138 - - [20/Dec/2014:17:27:47 -0500] "POST /forms/lservlet;jsessionid=ac16012b30d51c895021bbb04130b8858e471252ad2d.e3iSbxaKaheRe34Sa3yKbhiTahb0n6jAmljGr5XDqQLvpAe HTTP/1.1" 200 247
186.154.84.82 - - [20/Dec/2014:17:27:49 -0500] "GET /forest/usudocumentos.do?p7z=1968404&a=0.3941135127097368&a=0.6158155656885356 HTTP/1.1" 200 2579
181.54.57.138 - - [20/Dec/2014:17:27:49 -0500] "POST /forms/lservlet;jsessionid=ac16012b30d51c895021bbb04130b8858e471252ad2d.e3iSbxaKaheRe34Sa3yKbhiTahb0n6jAmljGr5XDqQLvpAe HTTP/1.1" 200 247
186.154.84.82 - - [20/Dec/2014:17:27:50 -0500] "GET /forest/skins/gdocs-jar/img/contraido.gif HTTP/1.1" 304 -
181.54.57.138 - - [20/Dec/2014:17:27:52 -0500] "POST /forms/lservlet;jsessionid=ac16012b30d51c895021bbb04130b8858e471252ad2d.e3iSbxaKaheRe34Sa3yKbhiTahb0n6jAmljGr5XDqQLvpAe HTTP/1.1" 200 255
181.54.57.138 - - [20/Dec/2014:17:27:54 -0500] "POST /forms/lservlet;jsessionid=ac16012b30d51c895021bbb04130b8858e471252ad2d.e3iSbxaKaheRe34Sa3yKbhiTahb0n6jAmljGr5XDqQLvpAe HTTP/1.1" 200 448
181.54.57.138 - - [20/Dec/2014:17:27:54 -0500] "POST /forms/lservlet;jsessionid=ac16012b30d51c895021bbb04130b8858e471252ad2d.e3iSbxaKaheRe34Sa3yKbhiTahb0n6jAmljGr5XDqQLvpAe HTTP/1.1" 200 457
181.54.57.138 - - [20/Dec/2014:17:27:54 -0500] "POST /forms/lservlet;jsessionid=ac16012b30d51c895021bbb04130b8858e471252ad2d.e3iSbxaKaheRe34Sa3yKbhiTahb0n6jAmljGr5XDqQLvpAe HTTP/1.1" 200 413
186.154.84.82 - - [20/Dec/2014:17:27:52 -0500] "GET /forest/documentos/1968404/2014IE198003.p7z:claro/Informe%20Tecnico.docx HTTP/1.1" 200 560079
181.54.57.138 - - [20/Dec/2014:17:27:56 -0500] "POST /forms/lservlet;jsessionid=ac16012b30d51c895021bbb04130b8858e471252ad2d.e3iSbxaKaheRe34Sa3yKbhiTahb0n6jAmljGr5XDqQLvpAe HTTP/1.1" 200 152
181.54.57.138 - - [20/Dec/2014:17:28:04 -0500] "POST /forms/lservlet;jsessionid=ac16012b30d51c895021bbb04130b8858e471252ad2d.e3iSbxaKaheRe34Sa3yKbhiTahb0n6jAmljGr5XDqQLvpAe HTTP/1.1" 200 164
181.54.57.138 - - [20/Dec/2014:17:28:08 -0500] "POST /forms/lservlet;jsessionid=ac16012b30d51c895021bbb04130b8858e471252ad2d.e3iSbxaKaheRe34Sa3yKbhiTahb0n6jAmljGr5XDqQLvpAe HTTP/1.1" 200 118
181.54.57.138 - - [20/Dec/2014:17:28:09 -0500] "POST /forms/lservlet;jsessionid=ac16012b30d51c895021bbb04130b8858e471252ad2d.e3iSbxaKaheRe34Sa3yKbhiTahb0n6jAmljGr5XDqQLvpAe HTTP/1.1" 200 417
181.54.57.138 - - [20/Dec/2014:17:28:09 -0500] "POST /forms/lservlet;jsessionid=ac16012b30d51c895021bbb04130b8858e471252ad2d.e3iSbxaKaheRe34Sa3yKbhiTahb0n6jAmljGr5XDqQLvpAe HTTP/1.1" 200 373
181.54.57.138 - - [20/Dec/2014:17:28:09 -0500] "POST /forms/lservlet;jsessionid=ac16012b30d51c895021bbb04130b8858e471252ad2d.e3iSbxaKaheRe34Sa3yKbhiTahb0n6jAmljGr5XDqQLvpAe HTTP/1.1" 200 345
181.54.57.138 - - [20/Dec/2014:17:28:09 -0500] "POST /forms/lservlet;jsessionid=ac16012b30d51c895021bbb04130b8858e471252ad2d.e3iSbxaKaheRe34Sa3yKbhiTahb0n6jAmljGr5XDqQLvpAe HTTP/1.1" 200 427
181.54.57.138 - - [20/Dec/2014:17:28:09 -0500] "POST /forms/lservlet;jsessionid=ac16012b30d51c895021bbb04130b8858e471252ad2d.e3iSbxaKaheRe34Sa3yKbhiTahb0n6jAmljGr5XDqQLvpAe HTTP/1.1" 200 459
181.54.57.138 - - [20/Dec/2014:17:28:10 -0500] "POST /forms/lservlet;jsessionid=ac16012b30d51c895021bbb04130b8858e471252ad2d.e3iSbxaKaheRe34Sa3yKbhiTahb0n6jAmljGr5XDqQLvpAe HTTP/1.1" 200 439
181.54.57.138 - - [20/Dec/2014:17:28:10 -0500] "POST /forms/lservlet;jsessionid=ac16012b30d51c895021bbb04130b8858e471252ad2d.e3iSbxaKaheRe34Sa3yKbhiTahb0n6jAmljGr5XDqQLvpAe HTTP/1.1" 200 423
181.54.57.138 - - [20/Dec/2014:17:28:10 -0500] "POST /forms/lservlet;jsessionid=ac16012b30d51c895021bbb04130b8858e471252ad2d.e3iSbxaKaheRe34Sa3yKbhiTahb0n6jAmljGr5XDqQLvpAe HTTP/1.1" 200 468
181.54.57.138 - - [20/Dec/2014:17:28:10 -0500] "POST /forms/lservlet;jsessionid=ac16012b30d51c895021bbb04130b8858e471252ad2d.e3iSbxaKaheRe34Sa3yKbhiTahb0n6jAmljGr5XDqQLvpAe HTTP/1.1" 200 426
181.54.57.138 - - [20/Dec/2014:17:28:10 -0500] "POST /forms/lservlet;jsessionid=ac16012b30d51c895021bbb04130b8858e471252ad2d.e3iSbxaKaheRe34Sa3yKbhiTahb0n6jAmljGr5XDqQLvpAe HTTP/1.1" 200 440
181.54.57.138 - - [20/Dec/2014:17:28:11 -0500] "POST /forms/lservlet;jsessionid=ac16012b30d51c895021bbb04130b8858e471252ad2d.e3iSbxaKaheRe34Sa3yKbhiTahb0n6jAmljGr5XDqQLvpAe HTTP/1.1" 200 426
181.54.57.138 - - [20/Dec/2014:17:28:11 -0500] "POST /forms/lservlet;jsessionid=ac16012b30d51c895021bbb04130b8858e471252ad2d.e3iSbxaKaheRe34Sa3yKbhiTahb0n6jAmljGr5XDqQLvpAe HTTP/1.1" 200 469
181.54.57.138 - - [20/Dec/2014:17:28:11 -0500] "POST /forms/lservlet;jsessionid=ac16012b30d51c895021bbb04130b8858e471252ad2d.e3iSbxaKaheRe34Sa3yKbhiTahb0n6jAmljGr5XDqQLvpAe HTTP/1.1" 200 418
181.54.57.138 - - [20/Dec/2014:17:28:11 -0500] "POST /forms/lservlet;jsessionid=ac16012b30d51c895021bbb04130b8858e471252ad2d.e3iSbxaKaheRe34Sa3yKbhiTahb0n6jAmljGr5XDqQLvpAe HTTP/1.1" 200 406
181.54.57.138 - - [20/Dec/2014:17:28:11 -0500] "POST /forms/lservlet;jsessionid=ac16012b30d51c895021bbb04130b8858e471252ad2d.e3iSbxaKaheRe34Sa3yKbhiTahb0n6jAmljGr5XDqQLvpAe HTTP/1.1" 200 382
181.54.57.138 - - [20/Dec/2014:17:28:12 -0500] "POST /forms/lservlet;jsessionid=ac16012b30d51c895021bbb04130b8858e471252ad2d.e3iSbxaKaheRe34Sa3yKbhiTahb0n6jAmljGr5XDqQLvpAe HTTP/1.1" 200 416
181.54.57.138 - - [20/Dec/2014:17:28:12 -0500] "POST /forms/lservlet;jsessionid=ac16012b30d51c895021bbb04130b8858e471252ad2d.e3iSbxaKaheRe34Sa3yKbhiTahb0n6jAmljGr5XDqQLvpAe HTTP/1.1" 200 438
181.54.57.138 - - [20/Dec/2014:17:28:12 -0500] "POST /forms/lservlet;jsessionid=ac16012b30d51c895021bbb04130b8858e471252ad2d.e3iSbxaKaheRe34Sa3yKbhiTahb0n6jAmljGr5XDqQLvpAe HTTP/1.1" 200 408
181.54.57.138 - - [20/Dec/2014:17:28:12 -0500] "POST /forms/lservlet;jsessionid=ac16012b30d51c895021bbb04130b8858e471252ad2d.e3iSbxaKaheRe34Sa3yKbhiTahb0n6jAmljGr5XDqQLvpAe HTTP/1.1" 200 458
181.54.57.138 - - [20/Dec/2014:17:28:12 -0500] "POST /forms/lservlet;jsessionid=ac16012b30d51c895021bbb04130b8858e471252ad2d.e3iSbxaKaheRe34Sa3yKbhiTahb0n6jAmljGr5XDqQLvpAe HTTP/1.1" 200 416
181.54.57.138 - - [20/Dec/2014:17:28:13 -0500] "POST /forms/lservlet;jsessionid=ac16012b30d51c895021bbb04130b8858e471252ad2d.e3iSbxaKaheRe34Sa3yKbhiTahb0n6jAmljGr5XDqQLvpAe HTTP/1.1" 200 438
181.54.57.138 - - [20/Dec/2014:17:28:13 -0500] "POST /forms/lservlet;jsessionid=ac16012b30d51c895021bbb04130b8858e471252ad2d.e3iSbxaKaheRe34Sa3yKbhiTahb0n6jAmljGr5XDqQLvpAe HTTP/1.1" 200 404
181.54.57.138 - - [20/Dec/2014:17:28:13 -0500] "POST /forms/lservlet;jsessionid=ac16012b30d51c895021bbb04130b8858e471252ad2d.e3iSbxaKaheRe34Sa3yKbhiTahb0n6jAmljGr5XDqQLvpAe HTTP/1.1" 200 351
181.54.57.138 - - [20/Dec/2014:17:28:13 -0500] "POST /forms/lservlet;jsessionid=ac16012b30d51c895021bbb04130b8858e471252ad2d.e3iSbxaKaheRe34Sa3yKbhiTahb0n6jAmljGr5XDqQLvpAe HTTP/1.1" 200 393
181.54.57.138 - - [20/Dec/2014:17:28:14 -0500] "POST /forms/lservlet;jsessionid=ac16012b30d51c895021bbb04130b8858e471252ad2d.e3iSbxaKaheRe34Sa3yKbhiTahb0n6jAmljGr5XDqQLvpAe HTTP/1.1" 200 460
181.54.57.138 - - [20/Dec/2014:17:28:14 -0500] "POST /forms/lservlet;jsessionid=ac16012b30d51c895021bbb04130b8858e471252ad2d.e3iSbxaKaheRe34Sa3yKbhiTahb0n6jAmljGr5XDqQLvpAe HTTP/1.1" 200 2
181.54.57.138 - - [20/Dec/2014:17:28:14 -0500] "POST /forms/lservlet;jsessionid=ac16012b30d51c895021bbb04130b8858e471252ad2d.e3iSbxaKaheRe34Sa3yKbhiTahb0n6jAmljGr5XDqQLvpAe HTTP/1.1" 200 34
181.54.57.138 - - [20/Dec/2014:17:28:14 -0500] "POST /forms/lservlet;jsessionid=ac16012b30d51c895021bbb04130b8858e471252ad2d.e3iSbxaKaheRe34Sa3yKbhiTahb0n6jAmljGr5XDqQLvpAe HTTP/1.1" 200 365
190.157.106.118 - - [20/Dec/2014:17:28:21 -0500] "POST /forms/lservlet;jsessionid=ac16012b30d5b14269a3574644008d4e81b53ea78f23.e3iSbxaKaheRe34Sa3yKbhiTahb0n6jAmljGr5XDqQLvpAe HTTP/1.1" 200 2
181.50.241.109 - - [20/Dec/2014:17:28:24 -0500] "POST /forms/lservlet;jsessionid=ac16012b30d537a174d1f82a44cb955cb6706de09f93.e3iSbxaKaheRe34Sa3yKbhiTahb0n6jAmljGr5XDqQLvpAe HTTP/1.1" 200 2
123.125.71.45 - - [20/Dec/2014:17:28:57 -0500] "GET / HTTP/1.1" 302 -
66.249.67.67 - - [20/Dec/2014:17:28:59 -0500] "GET /BLA/resoluciones/RESOLUCIONES%202009/9170.pdf HTTP/1.1" 200 437887
186.82.78.180 - - [20/Dec/2014:17:29:07 -0500] "POST /forms/lservlet;jsessionid=ac16012b30d5ed7364ad300b4c8c8824e6d313e863a7.e3iSbxaKaheRe34Sa3yKbhiTahb0n6jAmljGr5XDqQLvpAe HTTP/1.1" 200 2
186.154.84.82 - - [20/Dec/2014:17:29:21 -0500] "GET /forest/usutareas.do?_a=0.8829250319395214&group_system_actual=3 HTTP/1.1" 200 114211
186.154.84.82 - - [20/Dec/2014:17:29:23 -0500] "GET /forest/session.jsp?a=0.849669421557337 HTTP/1.1" 200 4
186.154.84.82 - - [20/Dec/2014:17:29:23 -0500] "GET /forest/actions/forms.getMappedValues?id=idtramite3&value=1400183887011&codForm=asignacion_juridico_RH&a=0.7847623699344695 HTTP/1.1" 200 48
186.154.84.82 - - [20/Dec/2014:17:29:23 -0500] "GET /forest/actions/forms.getMappedValues?id=idtramite3&value=1400183887011&codForm=asignacion_juridico_RH&a=0.1476402822881937 HTTP/1.1" 200 48
181.54.57.138 - - [20/Dec/2014:17:29:24 -0500] "POST /forms/lservlet;jsessionid=ac16012b30d51c895021bbb04130b8858e471252ad2d.e3iSbxaKaheRe34Sa3yKbhiTahb0n6jAmljGr5XDqQLvpAe HTTP/1.1" 200 2
186.154.84.82 - - [20/Dec/2014:17:29:28 -0500] "GET /forest/actions/forms.getList?codForm=asignacion_juridico_RH&id=funjurresp83&text=A HTTP/1.1" 200 1262
186.154.84.82 - - [20/Dec/2014:17:29:29 -0500] "GET /forest/actions/forms.getList?codForm=asignacion_juridico_RH&id=funjurresp83&text=AD HTTP/1.1" 200 1270
186.154.84.82 - - [20/Dec/2014:17:29:29 -0500] "GET /forest/actions/forms.getList?codForm=asignacion_juridico_RH&id=funjurresp83&text=ADR HTTP/1.1" 200 1285
186.154.84.82 - - [20/Dec/2014:17:29:29 -0500] "GET /forest/actions/forms.getList?codForm=asignacion_juridico_RH&id=funjurresp83&text=ADRI HTTP/1.1" 200 1293
186.154.84.82 - - [20/Dec/2014:17:29:29 -0500] "GET /forest/actions/forms.getList?codForm=asignacion_juridico_RH&id=funjurresp83&text=ADRIA HTTP/1.1" 200 1293
186.154.84.82 - - [20/Dec/2014:17:29:29 -0500] "GET /forest/actions/forms.getList?codForm=asignacion_juridico_RH&id=funjurresp83&text=ADRIAN HTTP/1.1" 200 1293
186.154.84.82 - - [20/Dec/2014:17:29:29 -0500] "GET /forest/actions/forms.getList?codForm=asignacion_juridico_RH&id=funjurresp83&text=ADRIANA HTTP/1.1" 200 1158
186.154.84.82 - - [20/Dec/2014:17:29:30 -0500] "GET /forest/actions/forms.getList?codForm=asignacion_juridico_RH&id=funjurresp83&text=ADRIANA%20 HTTP/1.1" 200 1158
186.154.84.82 - - [20/Dec/2014:17:29:30 -0500] "GET /forest/actions/forms.getList?codForm=asignacion_juridico_RH&id=funjurresp83&text=ADRIANA%20D HTTP/1.1" 200 393
186.154.84.82 - - [20/Dec/2014:17:29:30 -0500] "GET /forest/actions/forms.getList?codForm=asignacion_juridico_RH&id=funjurresp83&text=ADRIANA%20DE HTTP/1.1" 200 346
186.154.84.82 - - [20/Dec/2014:17:29:30 -0500] "GET /forest/actions/forms.getList?codForm=asignacion_juridico_RH&id=funjurresp83&text=ADRIANA%20DEL HTTP/1.1" 200 208
186.154.84.82 - - [20/Dec/2014:17:29:31 -0500] "GET /forest/actions/forms.getList?codForm=asignacion_juridico_RH&id=funjurresp83&text=ADRIANA%20DEL%20 HTTP/1.1" 200 138
186.119.222.18 - - [20/Dec/2014:17:29:31 -0500] "GET /forest/session.jsp?a=0.7914332754271398 HTTP/1.1" 200 4
186.119.222.18 - - [20/Dec/2014:17:29:17 -0500] "POST /forest/buscar.do? HTTP/1.1" 200 17171
186.154.84.82 - - [20/Dec/2014:17:29:37 -0500] "POST /forest/usutareas.do? HTTP/1.1" 200 76
186.154.84.82 - - [20/Dec/2014:17:29:39 -0500] "GET /forest/usutareas.do?group_system_actual=3&a=0.8395954438019544 HTTP/1.1" 200 19879
186.154.84.82 - - [20/Dec/2014:17:29:39 -0500] "GET /forest/session.jsp?a=0.0216997975949198 HTTP/1.1" 200 4
186.154.84.82 - - [20/Dec/2014:17:29:50 -0500] "GET /forest/skins/gdocs-jar/popup/popup.jsp?width=1100&height=500&title=Buscar%20procesos&uri=/forest/buscar.do%3Ftype%3Dprocesos&name=undefined&_a=0.6212510766927153&a=0.040378388250246644 HTTP/1.1" 200 1296
186.154.84.82 - - [20/Dec/2014:17:29:50 -0500] "GET /forest/buscar.do?type=procesos HTTP/1.1" 200 18159
186.154.84.82 - - [20/Dec/2014:17:29:50 -0500] "GET /forest/buscar.do?type=procesos HTTP/1.1" 200 84792
186.154.84.82 - - [20/Dec/2014:17:29:52 -0500] "GET /forest/json.do?query=usersByDep&coddep=7019 HTTP/1.1" 200 1411
186.154.84.82 - - [20/Dec/2014:17:29:52 -0500] "GET /forest/json.do?query=versionListadas HTTP/1.1" 200 15
186.154.84.82 - - [20/Dec/2014:17:29:52 -0500] "GET /forest/json.do?query=usersByDep&coddep=7019 HTTP/1.1" 200 1411
186.154.84.82 - - [20/Dec/2014:17:29:52 -0500] "GET /forest/json.do?query=procesIniciales HTTP/1.1" 200 10001
186.154.84.82 - - [20/Dec/2014:17:30:03 -0500] "POST /forest/buscar.do? HTTP/1.1" 200 5264
186.119.222.18 - - [20/Dec/2014:17:29:45 -0500] "POST /forest/buscar.do? HTTP/1.1" 200 15815
186.154.84.82 - - [20/Dec/2014:17:30:10 -0500] "GET /forest/buscar.do?type=procesos HTTP/1.1" 200 84792
186.154.84.82 - - [20/Dec/2014:17:30:11 -0500] "GET /forest/json.do?query=usersByDep&coddep=7019 HTTP/1.1" 200 1411
186.154.84.82 - - [20/Dec/2014:17:30:11 -0500] "GET /forest/json.do?query=versionListadas HTTP/1.1" 200 15
186.154.84.82 - - [20/Dec/2014:17:30:11 -0500] "GET /forest/json.do?query=usersByDep&coddep=7019 HTTP/1.1" 200 1411
186.154.84.82 - - [20/Dec/2014:17:30:11 -0500] "GET /forest/json.do?query=procesIniciales HTTP/1.1" 200 10001
190.157.106.118 - - [20/Dec/2014:17:30:15 -0500] "POST /forms/lservlet;jsessionid=ac16012b30d5b14269a3574644008d4e81b53ea78f23.e3iSbxaKaheRe34Sa3yKbhiTahb0n6jAmljGr5XDqQLvpAe HTTP/1.1" 200 2
190.157.106.118 - - [20/Dec/2014:17:30:15 -0500] "POST /forms/lservlet;jsessionid=ac16012b30d5b14269a3574644008d4e81b53ea78f23.e3iSbxaKaheRe34Sa3yKbhiTahb0n6jAmljGr5XDqQLvpAe HTTP/1.1" 200 102
190.157.106.118 - - [20/Dec/2014:17:30:16 -0500] "POST /forms/lservlet;jsessionid=ac16012b30d5b14269a3574644008d4e81b53ea78f23.e3iSbxaKaheRe34Sa3yKbhiTahb0n6jAmljGr5XDqQLvpAe HTTP/1.1" 200 2
190.157.106.118 - - [20/Dec/2014:17:30:17 -0500] "POST /forms/lservlet;jsessionid=ac16012b30d5b14269a3574644008d4e81b53ea78f23.e3iSbxaKaheRe34Sa3yKbhiTahb0n6jAmljGr5XDqQLvpAe HTTP/1.1" 200 2029
190.157.106.118 - - [20/Dec/2014:17:30:17 -0500] "POST /forms/lservlet;jsessionid=ac16012b30d5b14269a3574644008d4e81b53ea78f23.e3iSbxaKaheRe34Sa3yKbhiTahb0n6jAmljGr5XDqQLvpAe HTTP/1.1" 200 78
190.157.106.118 - - [20/Dec/2014:17:30:20 -0500] "POST /forms/lservlet;jsessionid=ac16012b30d5b14269a3574644008d4e81b53ea78f23.e3iSbxaKaheRe34Sa3yKbhiTahb0n6jAmljGr5XDqQLvpAe HTTP/1.1" 200 34756
190.157.106.118 - - [20/Dec/2014:17:30:21 -0500] "GET /imagenes/listval.gif HTTP/1.1" 200 905
190.157.106.118 - - [20/Dec/2014:17:30:21 -0500] "POST /forms/lservlet;jsessionid=ac16012b30d5b14269a3574644008d4e81b53ea78f23.e3iSbxaKaheRe34Sa3yKbhiTahb0n6jAmljGr5XDqQLvpAe HTTP/1.1" 200 7
190.157.106.118 - - [20/Dec/2014:17:30:21 -0500] "POST /forms/lservlet;jsessionid=ac16012b30d5b14269a3574644008d4e81b53ea78f23.e3iSbxaKaheRe34Sa3yKbhiTahb0n6jAmljGr5XDqQLvpAe HTTP/1.1" 200 34
190.157.106.118 - - [20/Dec/2014:17:30:21 -0500] "POST /forms/lservlet;jsessionid=ac16012b30d5b14269a3574644008d4e81b53ea78f23.e3iSbxaKaheRe34Sa3yKbhiTahb0n6jAmljGr5XDqQLvpAe HTTP/1.1" 200 2
190.157.106.118 - - [20/Dec/2014:17:30:22 -0500] "POST /forms/lservlet;jsessionid=ac16012b30d5b14269a3574644008d4e81b53ea78f23.e3iSbxaKaheRe34Sa3yKbhiTahb0n6jAmljGr5XDqQLvpAe HTTP/1.1" 200 2
190.157.106.118 - - [20/Dec/2014:17:30:22 -0500] "POST /forms/lservlet;jsessionid=ac16012b30d5b14269a3574644008d4e81b53ea78f23.e3iSbxaKaheRe34Sa3yKbhiTahb0n6jAmljGr5XDqQLvpAe HTTP/1.1" 200 662
190.157.106.118 - - [20/Dec/2014:17:30:22 -0500] "POST /forms/lservlet;jsessionid=ac16012b30d5b14269a3574644008d4e81b53ea78f23.e3iSbxaKaheRe34Sa3yKbhiTahb0n6jAmljGr5XDqQLvpAe HTTP/1.1" 200 10
186.154.84.82 - - [20/Dec/2014:17:30:24 -0500] "POST /forest/buscar.do? HTTP/1.1" 200 5444
181.50.241.109 - - [20/Dec/2014:17:30:24 -0500] "POST /forms/lservlet;jsessionid=ac16012b30d537a174d1f82a44cb955cb6706de09f93.e3iSbxaKaheRe34Sa3yKbhiTahb0n6jAmljGr5XDqQLvpAe HTTP/1.1" 200 2
190.157.106.118 - - [20/Dec/2014:17:30:24 -0500] "POST /forms/lservlet;jsessionid=ac16012b30d5b14269a3574644008d4e81b53ea78f23.e3iSbxaKaheRe34Sa3yKbhiTahb0n6jAmljGr5XDqQLvpAe HTTP/1.1" 200 26
190.157.106.118 - - [20/Dec/2014:17:30:25 -0500] "POST /forms/lservlet;jsessionid=ac16012b30d5b14269a3574644008d4e81b53ea78f23.e3iSbxaKaheRe34Sa3yKbhiTahb0n6jAmljGr5XDqQLvpAe HTTP/1.1" 200 4410
190.157.106.118 - - [20/Dec/2014:17:30:25 -0500] "POST /forms/lservlet;jsessionid=ac16012b30d5b14269a3574644008d4e81b53ea78f23.e3iSbxaKaheRe34Sa3yKbhiTahb0n6jAmljGr5XDqQLvpAe HTTP/1.1" 200 2
186.154.84.82 - - [20/Dec/2014:17:30:28 -0500] "GET /forest/usutareas.do?group_system_actual=3&codAct=2984&numPro=2961443&codPro=226&fecTra=2014-11-30%2019:01:28.0&codInst=2995825&codTraEsc=17001085 HTTP/1.1" 200 146672
186.154.84.82 - - [20/Dec/2014:17:30:29 -0500] "GET /forest/session.jsp?a=0.08899255306459963 HTTP/1.1" 200 4
186.154.84.82 - - [20/Dec/2014:17:30:30 -0500] "GET /forest/actions/forms.getMappedValues?id=idreshospit1103&value=1416518826014&codForm=revision_concepto_tecnico&a=0.36502443673089147 HTTP/1.1" 200 38
186.154.84.82 - - [20/Dec/2014:17:30:30 -0500] "GET /forest/actions/forms.getMappedValues?id=idtramite110&value=1416518826002&codForm=revision_concepto_tecnico&a=0.04902042867615819 HTTP/1.1" 200 46
186.154.84.82 - - [20/Dec/2014:17:30:30 -0500] "GET /forest/actions/forms.getMappedValues?id=idtramite110&value=1416518826002&codForm=revision_concepto_tecnico&a=0.6839989724103361 HTTP/1.1" 200 46
186.154.84.82 - - [20/Dec/2014:17:30:30 -0500] "GET /forest/actions/forms.getMappedValues?id=idreshospit1103&value=1416518826014&codForm=revision_concepto_tecnico&a=0.5716758943162858 HTTP/1.1" 200 38
66.249.67.83 - - [20/Dec/2014:17:30:31 -0500] "GET /BLA/resoluciones/RESOLUCIONES%202011/1426.pdf HTTP/1.1" 200 977342
186.154.84.82 - - [20/Dec/2014:17:30:33 -0500] "GET /forest/borrador/1539176/CONCEPTO.docx HTTP/1.1" 200 503921
186.82.78.180 - - [20/Dec/2014:17:31:08 -0500] "POST /forms/lservlet;jsessionid=ac16012b30d5ed7364ad300b4c8c8824e6d313e863a7.e3iSbxaKaheRe34Sa3yKbhiTahb0n6jAmljGr5XDqQLvpAe HTTP/1.1" 200 2
190.157.106.118 - - [20/Dec/2014:17:31:21 -0500] "POST /forms/lservlet;jsessionid=ac16012b30d5b14269a3574644008d4e81b53ea78f23.e3iSbxaKaheRe34Sa3yKbhiTahb0n6jAmljGr5XDqQLvpAe HTTP/1.1" 200 136
190.157.106.118 - - [20/Dec/2014:17:31:21 -0500] "POST /forms/lservlet;jsessionid=ac16012b30d5b14269a3574644008d4e81b53ea78f23.e3iSbxaKaheRe34Sa3yKbhiTahb0n6jAmljGr5XDqQLvpAe HTTP/1.1" 200 7
181.54.57.138 - - [20/Dec/2014:17:31:24 -0500] "POST /forms/lservlet;jsessionid=ac16012b30d51c895021bbb04130b8858e471252ad2d.e3iSbxaKaheRe34Sa3yKbhiTahb0n6jAmljGr5XDqQLvpAe HTTP/1.1" 200 2
190.157.106.118 - - [20/Dec/2014:17:31:27 -0500] "POST /forms/lservlet;jsessionid=ac16012b30d5b14269a3574644008d4e81b53ea78f23.e3iSbxaKaheRe34Sa3yKbhiTahb0n6jAmljGr5XDqQLvpAe HTTP/1.1" 200 152
190.157.106.118 - - [20/Dec/2014:17:31:28 -0500] "POST /forms/lservlet;jsessionid=ac16012b30d5b14269a3574644008d4e81b53ea78f23.e3iSbxaKaheRe34Sa3yKbhiTahb0n6jAmljGr5XDqQLvpAe HTTP/1.1" 200 8
190.157.106.118 - - [20/Dec/2014:17:31:28 -0500] "POST /forms/lservlet;jsessionid=ac16012b30d5b14269a3574644008d4e81b53ea78f23.e3iSbxaKaheRe34Sa3yKbhiTahb0n6jAmljGr5XDqQLvpAe HTTP/1.1" 200 2
220.181.108.115 - - [20/Dec/2014:17:32:02 -0500] "GET / HTTP/1.1" 302 -
66.249.67.67 - - [20/Dec/2014:17:32:04 -0500] "GET /BLA/resoluciones/AUTOS%202011/6128.pdf HTTP/1.1" 200 185400
74.86.158.107 - - [20/Dec/2014:17:32:05 -0500] "HEAD / HTTP/1.1" 302 -
66.249.67.67 - - [20/Dec/2014:17:32:15 -0500] "GET /videos/ambiente-ciudad/skin/blue.monday/jplayer.blue.monday.css HTTP/1.1" 200 12518
66.249.67.67 - - [20/Dec/2014:17:32:21 -0500] "GET /BLA/resoluciones/RESOLUCIONES%202006/RES%202006%202001-2050/00002037.tif HTTP/1.1" 200 175364
190.157.106.118 - - [20/Dec/2014:17:32:21 -0500] "POST /forms/lservlet;jsessionid=ac16012b30d5b14269a3574644008d4e81b53ea78f23.e3iSbxaKaheRe34Sa3yKbhiTahb0n6jAmljGr5XDqQLvpAe HTTP/1.1" 200 2
186.119.222.18 - - [20/Dec/2014:17:32:21 -0500] "GET /forest/skins/gdocs-jar/popup/popup.jsp?width=850&height=380&title=Informaci%F3n%20del%20radicado&uri=/forest/system/document.jsp%3FcodDoc%3D1782866&name=undefined&_a=0.7075616697635919&a=0.5376887112602914 HTTP/1.1" 200 1315
186.119.222.18 - - [20/Dec/2014:17:32:21 -0500] "GET /forest/system/document.jsp?codDoc=1782866 HTTP/1.1" 200 12701
186.119.222.18 - - [20/Dec/2014:17:32:24 -0500] "GET /forest/usudocumentos.do?p7z=1782866&a=0.8469917776254354&a=0.3346268978602328 HTTP/1.1" 200 2563
181.50.241.109 - - [20/Dec/2014:17:32:24 -0500] "POST /forms/lservlet;jsessionid=ac16012b30d537a174d1f82a44cb955cb6706de09f93.e3iSbxaKaheRe34Sa3yKbhiTahb0n6jAmljGr5XDqQLvpAe HTTP/1.1" 200 2
186.119.222.18 - - [20/Dec/2014:17:32:26 -0500] "GET /forest/documentos/1782866/2014IE012500.p7z:claro/Informe%20Tecnico.doc HTTP/1.1" 200 300544
186.82.78.180 - - [20/Dec/2014:17:33:09 -0500] "POST /forms/lservlet;jsessionid=ac16012b30d5ed7364ad300b4c8c8824e6d313e863a7.e3iSbxaKaheRe34Sa3yKbhiTahb0n6jAmljGr5XDqQLvpAe HTTP/1.1" 200 2
180.76.5.76 - - [20/Dec/2014:17:33:10 -0500] "GET /BLA/boletinlegal/Circulares/2010/Circular%2006%20de%208%20de%20septiembre%20de%202010.pdf HTTP/1.1" 200 4657752
186.80.225.180 - - [20/Dec/2014:17:33:19 -0500] "GET /BLA/boletinlegal/js/jquery.js HTTP/1.1" 200 57254
186.80.225.180 - - [20/Dec/2014:17:33:19 -0500] "GET /BLA/boletinlegal/js/jquery.scrollTo-min.js HTTP/1.1" 200 1150
186.80.225.180 - - [20/Dec/2014:17:33:19 -0500] "GET /BLA/boletinlegal/js/jquery.scrollShow.js HTTP/1.1" 200 4586
186.80.225.180 - - [20/Dec/2014:17:33:20 -0500] "GET /galeria/carrusel/Carrusel/jquery.thumbnailScroller.css HTTP/1.1" 200 2066
186.80.225.180 - - [20/Dec/2014:17:33:20 -0500] "GET /galeria/carrusel/Carrusel/jquery-ui-1.8.13.custom.min.js HTTP/1.1" 200 10800
186.80.225.180 - - [20/Dec/2014:17:33:21 -0500] "GET /galeria/carrusel/Carrusel/jquery.thumbnailScroller.js HTTP/1.1" 200 8157
181.54.57.138 - - [20/Dec/2014:17:33:24 -0500] "POST /forms/lservlet;jsessionid=ac16012b30d51c895021bbb04130b8858e471252ad2d.e3iSbxaKaheRe34Sa3yKbhiTahb0n6jAmljGr5XDqQLvpAe HTTP/1.1" 200 2
186.80.225.180 - - [20/Dec/2014:17:33:25 -0500] "GET /galeria/nivo-slider/demo/demo.html HTTP/1.1" 200 3349
186.80.225.180 - - [20/Dec/2014:17:33:26 -0500] "GET /galeria/nivo-slider/themes/pascal/pascal.css HTTP/1.1" 200 2258
186.80.225.180 - - [20/Dec/2014:17:33:26 -0500] "GET /galeria/nivo-slider/themes/default/default.css HTTP/1.1" 200 1569
186.80.225.180 - - [20/Dec/2014:17:33:26 -0500] "GET /galeria/nivo-slider/nivo-slider.css HTTP/1.1" 200 1507
186.80.225.180 - - [20/Dec/2014:17:33:26 -0500] "GET /galeria/nivo-slider/demo/style.css HTTP/1.1" 200 2222
186.80.225.180 - - [20/Dec/2014:17:33:26 -0500] "GET /galeria/nivo-slider/themes/orman/orman.css HTTP/1.1" 200 2152
186.80.225.180 - - [20/Dec/2014:17:33:26 -0500] "GET /galeria/nivo-slider/jquery.nivo.slider.pack.js HTTP/1.1" 200 11561
186.80.225.180 - - [20/Dec/2014:17:33:26 -0500] "GET /galeria/nivo-slider/demo/scripts/jquery-1.7.1.min.js HTTP/1.1" 200 93868
186.80.225.180 - - [20/Dec/2014:17:33:26 -0500] "GET /galeria/nivo-slider/demo/images/banner-calidad-aire.jpg HTTP/1.1" 200 88616
186.80.225.180 - - [20/Dec/2014:17:33:27 -0500] "GET /galeria/nivo-slider/demo/images/Jornada-adopcion.jpg HTTP/1.1" 200 79705
186.80.225.180 - - [20/Dec/2014:17:33:27 -0500] "GET /galeria/nivo-slider/demo/images/ecolecta-Dic2014.png HTTP/1.1" 200 288593
186.80.225.180 - - [20/Dec/2014:17:33:27 -0500] "GET /galeria/nivo-slider/demo/images/banner-musgo.jpg HTTP/1.1" 200 49513
186.80.225.180 - - [20/Dec/2014:17:33:27 -0500] "GET /galeria/nivo-slider/demo/images/Banner-GAE3.jpg HTTP/1.1" 200 146354
186.82.78.180 - - [20/Dec/2014:17:33:28 -0500] "POST /forms/lservlet;jsessionid=ac16012b30d5ed7364ad300b4c8c8824e6d313e863a7.e3iSbxaKaheRe34Sa3yKbhiTahb0n6jAmljGr5XDqQLvpAe HTTP/1.1" 200 2
186.82.78.180 - - [20/Dec/2014:17:33:28 -0500] "POST /forms/lservlet;jsessionid=ac16012b30d5ed7364ad300b4c8c8824e6d313e863a7.e3iSbxaKaheRe34Sa3yKbhiTahb0n6jAmljGr5XDqQLvpAe HTTP/1.1" 200 2470
186.80.225.180 - - [20/Dec/2014:17:33:28 -0500] "GET /galeria/nivo-slider/demo/images/porloshumedales.jpg HTTP/1.1" 200 351238
186.82.78.180 - - [20/Dec/2014:17:33:29 -0500] "POST /forms/lservlet;jsessionid=ac16012b30d5ed7364ad300b4c8c8824e6d313e863a7.e3iSbxaKaheRe34Sa3yKbhiTahb0n6jAmljGr5XDqQLvpAe HTTP/1.1" 200 10
186.80.225.180 - - [20/Dec/2014:17:33:29 -0500] "GET /galeria/nivo-slider/demo/images/4Simple_Slider.png HTTP/1.1" 200 11722
186.80.225.180 - - [20/Dec/2014:17:33:30 -0500] "GET /galeria/nivo-slider/themes/default/loading.gif HTTP/1.1" 200 1737
186.119.222.18 - - [20/Dec/2014:17:33:12 -0500] "POST /forest/buscar.do? HTTP/1.1" 200 9585
186.80.225.180 - - [20/Dec/2014:17:33:30 -0500] "GET /galeria/nivo-slider/demo/images/Tingua-azul.jpg HTTP/1.1" 200 307638
186.80.225.180 - - [20/Dec/2014:17:33:30 -0500] "GET /galeria/nivo-slider/demo/images/Banner-Caracol-Africano.jpg HTTP/1.1" 200 331986
186.82.78.180 - - [20/Dec/2014:17:33:30 -0500] "POST /forms/lservlet;jsessionid=ac16012b30d5ed7364ad300b4c8c8824e6d313e863a7.e3iSbxaKaheRe34Sa3yKbhiTahb0n6jAmljGr5XDqQLvpAe HTTP/1.1" 200 2
186.80.225.180 - - [20/Dec/2014:17:33:31 -0500] "GET /galeria/nivo-slider/demo/images/banner-redes.jpg HTTP/1.1" 200 62209
186.82.78.180 - - [20/Dec/2014:17:33:30 -0500] "POST /forms/lservlet;jsessionid=ac16012b30d5ed7364ad300b4c8c8824e6d313e863a7.e3iSbxaKaheRe34Sa3yKbhiTahb0n6jAmljGr5XDqQLvpAe HTTP/1.1" 200 239
186.82.78.180 - - [20/Dec/2014:17:33:31 -0500] "POST /forms/lservlet;jsessionid=ac16012b30d5ed7364ad300b4c8c8824e6d313e863a7.e3iSbxaKaheRe34Sa3yKbhiTahb0n6jAmljGr5XDqQLvpAe HTTP/1.1" 200 44
186.82.78.180 - - [20/Dec/2014:17:33:31 -0500] "POST /forms/lservlet;jsessionid=ac16012b30d5ed7364ad300b4c8c8824e6d313e863a7.e3iSbxaKaheRe34Sa3yKbhiTahb0n6jAmljGr5XDqQLvpAe HTTP/1.1" 200 16
186.82.78.180 - - [20/Dec/2014:17:33:32 -0500] "POST /forms/lservlet;jsessionid=ac16012b30d5ed7364ad300b4c8c8824e6d313e863a7.e3iSbxaKaheRe34Sa3yKbhiTahb0n6jAmljGr5XDqQLvpAe HTTP/1.1" 200 2
186.80.225.180 - - [20/Dec/2014:17:33:35 -0500] "GET /galeria/nivo-slider/demo/images/9Signos.jpg HTTP/1.1" 200 93040
66.249.67.67 - - [20/Dec/2014:17:33:37 -0500] "GET /BLA/resoluciones/AUTOS%202012/1626.pdf HTTP/1.1" 200 413697
186.82.78.180 - - [20/Dec/2014:17:33:37 -0500] "POST /forms/lservlet;jsessionid=ac16012b30d5ed7364ad300b4c8c8824e6d313e863a7.e3iSbxaKaheRe34Sa3yKbhiTahb0n6jAmljGr5XDqQLvpAe HTTP/1.1" 200 76
186.82.78.180 - - [20/Dec/2014:17:33:38 -0500] "POST /forms/lservlet;jsessionid=ac16012b30d5ed7364ad300b4c8c8824e6d313e863a7.e3iSbxaKaheRe34Sa3yKbhiTahb0n6jAmljGr5XDqQLvpAe HTTP/1.1" 200 37
186.80.225.180 - - [20/Dec/2014:17:33:38 -0500] "GET /galeria/nivo-slider/demo/images/banner-caballos.png HTTP/1.1" 200 389106
186.80.225.180 - - [20/Dec/2014:17:33:38 -0500] "GET /galeria/nivo-slider/demo/images/Hacienda_Molinos.jpg HTTP/1.1" 200 319171
186.82.78.180 - - [20/Dec/2014:17:33:39 -0500] "POST /forms/lservlet;jsessionid=ac16012b30d5ed7364ad300b4c8c8824e6d313e863a7.e3iSbxaKaheRe34Sa3yKbhiTahb0n6jAmljGr5XDqQLvpAe HTTP/1.1" 200 71
