186.80.225.180 - - [20/Dec/2014:17:33:40 -0500] "GET /galeria/nivo-slider/demo/images/banner-llantas2.jpg HTTP/1.1" 200 73153
186.82.78.180 - - [20/Dec/2014:17:33:40 -0500] "POST /forms/lservlet;jsessionid=ac16012b30d5ed7364ad300b4c8c8824e6d313e863a7.e3iSbxaKaheRe34Sa3yKbhiTahb0n6jAmljGr5XDqQLvpAe HTTP/1.1" 200 72
201.245.192.253 - - [20/Dec/2014:17:33:43 -0500] "GET /BLA/resoluciones/index.php?dir= HTTP/1.1" 200 6952
201.245.192.253 - - [20/Dec/2014:17:33:49 -0500] "GET /BLA/resoluciones/index.php?dir=RESOLUCIONES+2005%2F HTTP/1.1" 200 24431
180.76.6.57 - - [20/Dec/2014:17:33:52 -0500] "GET /BLA/boletinlegal/Directivas/2014/Directiva%20No.%203%20del%2020%20de%20Mayo%20de%202014.pdf HTTP/1.1" 200 504420
190.157.106.118 - - [20/Dec/2014:17:33:53 -0500] "POST /forms/lservlet;jsessionid=ac16012b30d5b14269a3574644008d4e81b53ea78f23.e3iSbxaKaheRe34Sa3yKbhiTahb0n6jAmljGr5XDqQLvpAe HTTP/1.1" 200 130
186.82.78.180 - - [20/Dec/2014:17:34:07 -0500] "POST /forms/lservlet;jsessionid=ac16012b30d5ed7364ad300b4c8c8824e6d313e863a7.e3iSbxaKaheRe34Sa3yKbhiTahb0n6jAmljGr5XDqQLvpAe HTTP/1.1" 200 24
186.82.78.180 - - [20/Dec/2014:17:34:08 -0500] "POST /forms/lservlet;jsessionid=ac16012b30d5ed7364ad300b4c8c8824e6d313e863a7.e3iSbxaKaheRe34Sa3yKbhiTahb0n6jAmljGr5XDqQLvpAe HTTP/1.1" 200 592
186.82.78.180 - - [20/Dec/2014:17:34:09 -0500] "POST /forms/lservlet;jsessionid=ac16012b30d5ed7364ad300b4c8c8824e6d313e863a7.e3iSbxaKaheRe34Sa3yKbhiTahb0n6jAmljGr5XDqQLvpAe HTTP/1.1" 200 20
186.82.78.180 - - [20/Dec/2014:17:34:12 -0500] "POST /forms/lservlet;jsessionid=ac16012b30d5ed7364ad300b4c8c8824e6d313e863a7.e3iSbxaKaheRe34Sa3yKbhiTahb0n6jAmljGr5XDqQLvpAe HTTP/1.1" 200 2
186.82.78.180 - - [20/Dec/2014:17:34:12 -0500] "POST /forms/lservlet;jsessionid=ac16012b30d5ed7364ad300b4c8c8824e6d313e863a7.e3iSbxaKaheRe34Sa3yKbhiTahb0n6jAmljGr5XDqQLvpAe HTTP/1.1" 200 472
186.82.78.180 - - [20/Dec/2014:17:34:12 -0500] "POST /forms/lservlet;jsessionid=ac16012b30d5ed7364ad300b4c8c8824e6d313e863a7.e3iSbxaKaheRe34Sa3yKbhiTahb0n6jAmljGr5XDqQLvpAe HTTP/1.1" 200 10
186.82.78.180 - - [20/Dec/2014:17:34:13 -0500] "POST /forms/lservlet;jsessionid=ac16012b30d5ed7364ad300b4c8c8824e6d313e863a7.e3iSbxaKaheRe34Sa3yKbhiTahb0n6jAmljGr5XDqQLvpAe HTTP/1.1" 200 52
186.82.78.180 - - [20/Dec/2014:17:34:16 -0500] "POST /forms/lservlet;jsessionid=ac16012b30d5ed7364ad300b4c8c8824e6d313e863a7.e3iSbxaKaheRe34Sa3yKbhiTahb0n6jAmljGr5XDqQLvpAe HTTP/1.1" 200 30
186.82.78.180 - - [20/Dec/2014:17:34:16 -0500] "POST /forms/lservlet;jsessionid=ac16012b30d5ed7364ad300b4c8c8824e6d313e863a7.e3iSbxaKaheRe34Sa3yKbhiTahb0n6jAmljGr5XDqQLvpAe HTTP/1.1" 200 8
186.82.78.180 - - [20/Dec/2014:17:34:16 -0500] "POST /forms/lservlet;jsessionid=ac16012b30d5ed7364ad300b4c8c8824e6d313e863a7.e3iSbxaKaheRe34Sa3yKbhiTahb0n6jAmljGr5XDqQLvpAe HTTP/1.1" 200 2
190.157.106.118 - - [20/Dec/2014:17:34:21 -0500] "POST /forms/lservlet;jsessionid=ac16012b30d5b14269a3574644008d4e81b53ea78f23.e3iSbxaKaheRe34Sa3yKbhiTahb0n6jAmljGr5XDqQLvpAe HTTP/1.1" 200 2
186.82.78.180 - - [20/Dec/2014:17:34:22 -0500] "POST /forms/lservlet;jsessionid=ac16012b30d5ed7364ad300b4c8c8824e6d313e863a7.e3iSbxaKaheRe34Sa3yKbhiTahb0n6jAmljGr5XDqQLvpAe HTTP/1.1" 200 24
186.82.78.180 - - [20/Dec/2014:17:34:22 -0500] "POST /forms/lservlet;jsessionid=ac16012b30d5ed7364ad300b4c8c8824e6d313e863a7.e3iSbxaKaheRe34Sa3yKbhiTahb0n6jAmljGr5XDqQLvpAe HTTP/1.1" 200 4043
186.82.78.180 - - [20/Dec/2014:17:34:24 -0500] "POST /forms/lservlet;jsessionid=ac16012b30d5ed7364ad300b4c8c8824e6d313e863a7.e3iSbxaKaheRe34Sa3yKbhiTahb0n6jAmljGr5XDqQLvpAe HTTP/1.1" 200 20
181.50.241.109 - - [20/Dec/2014:17:34:24 -0500] "POST /forms/lservlet;jsessionid=ac16012b30d537a174d1f82a44cb955cb6706de09f93.e3iSbxaKaheRe34Sa3yKbhiTahb0n6jAmljGr5XDqQLvpAe HTTP/1.1" 200 2
186.154.84.82 - - [20/Dec/2014:17:34:28 -0500] "GET /forest/actions/forms.getList?codForm=revision_concepto_tecnico&id=funaprueba115&text=S HTTP/1.1" 200 1251
186.154.84.82 - - [20/Dec/2014:17:34:29 -0500] "GET /forest/actions/forms.getList?codForm=revision_concepto_tecnico&id=funaprueba115&text=SA HTTP/1.1" 200 1278
186.154.84.82 - - [20/Dec/2014:17:34:29 -0500] "GET /forest/actions/forms.getList?codForm=revision_concepto_tecnico&id=funaprueba115&text=SAN HTTP/1.1" 200 1251
186.154.84.82 - - [20/Dec/2014:17:34:29 -0500] "GET /forest/actions/forms.getList?codForm=revision_concepto_tecnico&id=funaprueba115&text=SAND HTTP/1.1" 200 1313
186.154.84.82 - - [20/Dec/2014:17:34:29 -0500] "GET /forest/actions/forms.getList?codForm=revision_concepto_tecnico&id=funaprueba115&text=SANDR HTTP/1.1" 200 1320
186.154.84.82 - - [20/Dec/2014:17:34:29 -0500] "GET /forest/actions/forms.getList?codForm=revision_concepto_tecnico&id=funaprueba115&text=SANDRA HTTP/1.1" 200 1320
186.154.84.82 - - [20/Dec/2014:17:34:30 -0500] "GET /forest/actions/forms.getList?codForm=revision_concepto_tecnico&id=funaprueba115&text=SANDRA. HTTP/1.1" 200 1326
186.154.84.82 - - [20/Dec/2014:17:34:30 -0500] "GET /forest/actions/forms.getList?codForm=revision_concepto_tecnico&id=funaprueba115&text=SANDRA.M HTTP/1.1" 200 409
186.154.84.82 - - [20/Dec/2014:17:34:30 -0500] "GET /forest/actions/forms.getList?codForm=revision_concepto_tecnico&id=funaprueba115&text=SANDRA.MO HTTP/1.1" 200 276
186.154.84.82 - - [20/Dec/2014:17:34:30 -0500] "GET /forest/actions/forms.getList?codForm=revision_concepto_tecnico&id=funaprueba115&text=SANDRA.MON HTTP/1.1" 200 139
186.119.222.18 - - [20/Dec/2014:17:34:31 -0500] "GET /forest/session.jsp?a=0.4898440435123923 HTTP/1.1" 200 4
186.154.84.82 - - [20/Dec/2014:17:34:31 -0500] "GET /forest/actions/forms.getList?codForm=revision_concepto_tecnico&id=funaprueba115&text=SANDRA.MONT HTTP/1.1" 200 72
186.154.84.82 - - [20/Dec/2014:17:34:31 -0500] "GET /forest/actions/forms.getList?codForm=revision_concepto_tecnico&id=funaprueba115&text=SANDRA.MONTO HTTP/1.1" 200 72
186.154.84.82 - - [20/Dec/2014:17:34:31 -0500] "GET /forest/actions/forms.getList?codForm=revision_concepto_tecnico&id=funaprueba115&text=SANDRA.MONTOY HTTP/1.1" 200 72
186.154.84.82 - - [20/Dec/2014:17:34:32 -0500] "GET /forest/actions/forms.getList?codForm=revision_concepto_tecnico&id=funaprueba115&text=SANDRA.MONTOYA HTTP/1.1" 200 72
180.76.5.69 - - [20/Dec/2014:17:34:34 -0500] "GET /BLA/resoluciones/RESOLUCIONES%202010/2695.pdf HTTP/1.1" 200 380248
190.252.57.152 - - [20/Dec/2014:17:34:36 -0500] "GET /BLA/boletinlegal/js/jquery.scrollShow.js HTTP/1.1" 200 4586
190.252.57.152 - - [20/Dec/2014:17:34:36 -0500] "GET /BLA/boletinlegal/js/jquery.scrollTo-min.js HTTP/1.1" 200 1150
190.252.57.152 - - [20/Dec/2014:17:34:36 -0500] "GET /BLA/boletinlegal/js/jquery.js HTTP/1.1" 200 57254
186.154.84.82 - - [20/Dec/2014:17:34:36 -0500] "POST /forest/usutareas.do? HTTP/1.1" 200 76
186.154.84.82 - - [20/Dec/2014:17:34:40 -0500] "GET /forest/usutareas.do?group_system_actual=3&a=0.3263486793730408 HTTP/1.1" 200 19879
186.154.84.82 - - [20/Dec/2014:17:34:40 -0500] "GET /forest/session.jsp?a=0.01271399692632258 HTTP/1.1" 200 4
186.82.78.180 - - [20/Dec/2014:17:34:43 -0500] "POST /forms/lservlet;jsessionid=ac16012b30d5ed7364ad300b4c8c8824e6d313e863a7.e3iSbxaKaheRe34Sa3yKbhiTahb0n6jAmljGr5XDqQLvpAe HTTP/1.1" 200 2
186.82.78.180 - - [20/Dec/2014:17:34:44 -0500] "POST /forms/lservlet;jsessionid=ac16012b30d5ed7364ad300b4c8c8824e6d313e863a7.e3iSbxaKaheRe34Sa3yKbhiTahb0n6jAmljGr5XDqQLvpAe HTTP/1.1" 200 2547
186.82.78.180 - - [20/Dec/2014:17:34:44 -0500] "POST /forms/lservlet;jsessionid=ac16012b30d5ed7364ad300b4c8c8824e6d313e863a7.e3iSbxaKaheRe34Sa3yKbhiTahb0n6jAmljGr5XDqQLvpAe HTTP/1.1" 200 2
186.82.78.180 - - [20/Dec/2014:17:34:46 -0500] "POST /forms/lservlet;jsessionid=ac16012b30d5ed7364ad300b4c8c8824e6d313e863a7.e3iSbxaKaheRe34Sa3yKbhiTahb0n6jAmljGr5XDqQLvpAe HTTP/1.1" 200 2
186.82.78.180 - - [20/Dec/2014:17:34:46 -0500] "POST /forms/lservlet;jsessionid=ac16012b30d5ed7364ad300b4c8c8824e6d313e863a7.e3iSbxaKaheRe34Sa3yKbhiTahb0n6jAmljGr5XDqQLvpAe HTTP/1.1" 200 3997
186.82.78.180 - - [20/Dec/2014:17:34:47 -0500] "POST /forms/lservlet;jsessionid=ac16012b30d5ed7364ad300b4c8c8824e6d313e863a7.e3iSbxaKaheRe34Sa3yKbhiTahb0n6jAmljGr5XDqQLvpAe HTTP/1.1" 200 2
186.154.84.82 - - [20/Dec/2014:17:34:49 -0500] "GET /forest/skins/gdocs-jar/popup/popup.jsp?width=1100&height=500&title=Buscar%20procesos&uri=/forest/buscar.do%3Ftype%3Dprocesos&name=undefined&_a=0.5217554327100515&a=0.8275428868364543 HTTP/1.1" 200 1296
186.154.84.82 - - [20/Dec/2014:17:34:49 -0500] "GET /forest/buscar.do?type=procesos HTTP/1.1" 200 18159
186.154.84.82 - - [20/Dec/2014:17:34:49 -0500] "GET /forest/buscar.do?type=procesos HTTP/1.1" 200 84792
186.154.84.82 - - [20/Dec/2014:17:34:50 -0500] "GET /forest/json.do?query=usersByDep&coddep=7019 HTTP/1.1" 200 1411
186.154.84.82 - - [20/Dec/2014:17:34:50 -0500] "GET /forest/json.do?query=versionListadas HTTP/1.1" 200 15
186.154.84.82 - - [20/Dec/2014:17:34:50 -0500] "GET /forest/json.do?query=usersByDep&coddep=7019 HTTP/1.1" 200 1411
186.154.84.82 - - [20/Dec/2014:17:34:50 -0500] "GET /forest/json.do?query=procesIniciales HTTP/1.1" 200 10001
186.82.78.180 - - [20/Dec/2014:17:34:52 -0500] "POST /forms/lservlet;jsessionid=ac16012b30d5ed7364ad300b4c8c8824e6d313e863a7.e3iSbxaKaheRe34Sa3yKbhiTahb0n6jAmljGr5XDqQLvpAe HTTP/1.1" 200 2
186.82.78.180 - - [20/Dec/2014:17:34:52 -0500] "POST /forms/lservlet;jsessionid=ac16012b30d5ed7364ad300b4c8c8824e6d313e863a7.e3iSbxaKaheRe34Sa3yKbhiTahb0n6jAmljGr5XDqQLvpAe HTTP/1.1" 200 3170
186.82.78.180 - - [20/Dec/2014:17:34:53 -0500] "POST /forms/lservlet;jsessionid=ac16012b30d5ed7364ad300b4c8c8824e6d313e863a7.e3iSbxaKaheRe34Sa3yKbhiTahb0n6jAmljGr5XDqQLvpAe HTTP/1.1" 200 2
186.82.78.180 - - [20/Dec/2014:17:34:56 -0500] "POST /forms/lservlet;jsessionid=ac16012b30d5ed7364ad300b4c8c8824e6d313e863a7.e3iSbxaKaheRe34Sa3yKbhiTahb0n6jAmljGr5XDqQLvpAe HTTP/1.1" 200 2
186.82.78.180 - - [20/Dec/2014:17:34:56 -0500] "POST /forms/lservlet;jsessionid=ac16012b30d5ed7364ad300b4c8c8824e6d313e863a7.e3iSbxaKaheRe34Sa3yKbhiTahb0n6jAmljGr5XDqQLvpAe HTTP/1.1" 200 3455
186.82.78.180 - - [20/Dec/2014:17:34:57 -0500] "POST /forms/lservlet;jsessionid=ac16012b30d5ed7364ad300b4c8c8824e6d313e863a7.e3iSbxaKaheRe34Sa3yKbhiTahb0n6jAmljGr5XDqQLvpAe HTTP/1.1" 200 2
186.154.84.82 - - [20/Dec/2014:17:35:00 -0500] "POST /forest/buscar.do? HTTP/1.1" 200 5246
186.82.78.180 - - [20/Dec/2014:17:35:03 -0500] "POST /forms/lservlet;jsessionid=ac16012b30d5ed7364ad300b4c8c8824e6d313e863a7.e3iSbxaKaheRe34Sa3yKbhiTahb0n6jAmljGr5XDqQLvpAe HTTP/1.1" 200 2
186.82.78.180 - - [20/Dec/2014:17:35:03 -0500] "POST /forms/lservlet;jsessionid=ac16012b30d5ed7364ad300b4c8c8824e6d313e863a7.e3iSbxaKaheRe34Sa3yKbhiTahb0n6jAmljGr5XDqQLvpAe HTTP/1.1" 200 3411
186.82.78.180 - - [20/Dec/2014:17:35:04 -0500] "POST /forms/lservlet;jsessionid=ac16012b30d5ed7364ad300b4c8c8824e6d313e863a7.e3iSbxaKaheRe34Sa3yKbhiTahb0n6jAmljGr5XDqQLvpAe HTTP/1.1" 200 2
201.245.192.253 - - [20/Dec/2014:17:35:06 -0500] "GET /BLA/resoluciones/index.php?dir=RESOLUCIONES+2005%2FRES+2005+2051-2100%2F HTTP/1.1" 200 12352
186.82.78.180 - - [20/Dec/2014:17:35:08 -0500] "POST /forms/lservlet;jsessionid=ac16012b30d5ed7364ad300b4c8c8824e6d313e863a7.e3iSbxaKaheRe34Sa3yKbhiTahb0n6jAmljGr5XDqQLvpAe HTTP/1.1" 200 2
186.82.78.180 - - [20/Dec/2014:17:35:08 -0500] "POST /forms/lservlet;jsessionid=ac16012b30d5ed7364ad300b4c8c8824e6d313e863a7.e3iSbxaKaheRe34Sa3yKbhiTahb0n6jAmljGr5XDqQLvpAe HTTP/1.1" 200 3223
186.82.78.180 - - [20/Dec/2014:17:35:09 -0500] "POST /forms/lservlet;jsessionid=ac16012b30d5ed7364ad300b4c8c8824e6d313e863a7.e3iSbxaKaheRe34Sa3yKbhiTahb0n6jAmljGr5XDqQLvpAe HTTP/1.1" 200 2
186.82.78.180 - - [20/Dec/2014:17:35:09 -0500] "POST /forms/lservlet;jsessionid=ac16012b30d5ed7364ad300b4c8c8824e6d313e863a7.e3iSbxaKaheRe34Sa3yKbhiTahb0n6jAmljGr5XDqQLvpAe HTTP/1.1" 200 2
201.245.192.253 - - [20/Dec/2014:17:35:09 -0500] "GET /BLA/resoluciones/RESOLUCIONES%202005/RES%202005%202051-2100/00002084.tif HTTP/1.1" 200 541704
66.249.67.67 - - [20/Dec/2014:17:35:09 -0500] "GET /BLA/resoluciones/AUTOS%202012/2185.pdf HTTP/1.1" 304 -
186.87.10.107 - - [20/Dec/2014:17:35:11 -0500] "GET /BLA/resoluciones/RESOLUCIONES%202010/6690.pdf HTTP/1.1" 200 637907
200.234.196.173 - - [20/Dec/2014:17:35:12 -0500] "GET /old/wp-admin/ HTTP/1.1" 404 1018
186.87.10.107 - - [20/Dec/2014:17:35:13 -0500] "GET /favicon.ico HTTP/1.1" 200 7782
186.82.78.180 - - [20/Dec/2014:17:35:13 -0500] "POST /forms/lservlet;jsessionid=ac16012b30d5ed7364ad300b4c8c8824e6d313e863a7.e3iSbxaKaheRe34Sa3yKbhiTahb0n6jAmljGr5XDqQLvpAe HTTP/1.1" 200 2
186.82.78.180 - - [20/Dec/2014:17:35:13 -0500] "POST /forms/lservlet;jsessionid=ac16012b30d5ed7364ad300b4c8c8824e6d313e863a7.e3iSbxaKaheRe34Sa3yKbhiTahb0n6jAmljGr5XDqQLvpAe HTTP/1.1" 200 3333
186.82.78.180 - - [20/Dec/2014:17:35:14 -0500] "POST /forms/lservlet;jsessionid=ac16012b30d5ed7364ad300b4c8c8824e6d313e863a7.e3iSbxaKaheRe34Sa3yKbhiTahb0n6jAmljGr5XDqQLvpAe HTTP/1.1" 200 2
180.76.6.55 - - [20/Dec/2014:17:35:14 -0500] "GET /videos/Spot_CambioClimatico.flv HTTP/1.1" 200 4371917
186.82.78.180 - - [20/Dec/2014:17:35:16 -0500] "POST /forms/lservlet;jsessionid=ac16012b30d5ed7364ad300b4c8c8824e6d313e863a7.e3iSbxaKaheRe34Sa3yKbhiTahb0n6jAmljGr5XDqQLvpAe HTTP/1.1" 200 2
186.82.78.180 - - [20/Dec/2014:17:35:16 -0500] "POST /forms/lservlet;jsessionid=ac16012b30d5ed7364ad300b4c8c8824e6d313e863a7.e3iSbxaKaheRe34Sa3yKbhiTahb0n6jAmljGr5XDqQLvpAe HTTP/1.1" 200 3044
186.82.78.180 - - [20/Dec/2014:17:35:17 -0500] "POST /forms/lservlet;jsessionid=ac16012b30d5ed7364ad300b4c8c8824e6d313e863a7.e3iSbxaKaheRe34Sa3yKbhiTahb0n6jAmljGr5XDqQLvpAe HTTP/1.1" 200 2
181.54.57.138 - - [20/Dec/2014:17:35:24 -0500] "POST /forms/lservlet;jsessionid=ac16012b30d51c895021bbb04130b8858e471252ad2d.e3iSbxaKaheRe34Sa3yKbhiTahb0n6jAmljGr5XDqQLvpAe HTTP/1.1" 200 2
186.82.78.180 - - [20/Dec/2014:17:35:25 -0500] "POST /forms/lservlet;jsessionid=ac16012b30d5ed7364ad300b4c8c8824e6d313e863a7.e3iSbxaKaheRe34Sa3yKbhiTahb0n6jAmljGr5XDqQLvpAe HTTP/1.1" 200 2
186.82.78.180 - - [20/Dec/2014:17:35:26 -0500] "POST /forms/lservlet;jsessionid=ac16012b30d5ed7364ad300b4c8c8824e6d313e863a7.e3iSbxaKaheRe34Sa3yKbhiTahb0n6jAmljGr5XDqQLvpAe HTTP/1.1" 200 3103
186.82.78.180 - - [20/Dec/2014:17:35:29 -0500] "POST /forms/lservlet;jsessionid=ac16012b30d5ed7364ad300b4c8c8824e6d313e863a7.e3iSbxaKaheRe34Sa3yKbhiTahb0n6jAmljGr5XDqQLvpAe HTTP/1.1" 200 2
186.82.78.180 - - [20/Dec/2014:17:35:42 -0500] "POST /forms/lservlet;jsessionid=ac16012b30d5ed7364ad300b4c8c8824e6d313e863a7.e3iSbxaKaheRe34Sa3yKbhiTahb0n6jAmljGr5XDqQLvpAe HTTP/1.1" 200 2
186.82.78.180 - - [20/Dec/2014:17:35:44 -0500] "POST /forms/lservlet;jsessionid=ac16012b30d5ed7364ad300b4c8c8824e6d313e863a7.e3iSbxaKaheRe34Sa3yKbhiTahb0n6jAmljGr5XDqQLvpAe HTTP/1.1" 200 2985
186.82.78.180 - - [20/Dec/2014:17:35:47 -0500] "POST /forms/lservlet;jsessionid=ac16012b30d5ed7364ad300b4c8c8824e6d313e863a7.e3iSbxaKaheRe34Sa3yKbhiTahb0n6jAmljGr5XDqQLvpAe HTTP/1.1" 200 2
186.82.78.180 - - [20/Dec/2014:17:35:55 -0500] "POST /forms/lservlet;jsessionid=ac16012b30d5ed7364ad300b4c8c8824e6d313e863a7.e3iSbxaKaheRe34Sa3yKbhiTahb0n6jAmljGr5XDqQLvpAe HTTP/1.1" 200 2
186.82.78.180 - - [20/Dec/2014:17:35:55 -0500] "POST /forms/lservlet;jsessionid=ac16012b30d5ed7364ad300b4c8c8824e6d313e863a7.e3iSbxaKaheRe34Sa3yKbhiTahb0n6jAmljGr5XDqQLvpAe HTTP/1.1" 200 2321
186.82.78.180 - - [20/Dec/2014:17:35:56 -0500] "POST /forms/lservlet;jsessionid=ac16012b30d5ed7364ad300b4c8c8824e6d313e863a7.e3iSbxaKaheRe34Sa3yKbhiTahb0n6jAmljGr5XDqQLvpAe HTTP/1.1" 200 2
180.76.5.169 - - [20/Dec/2014:17:35:56 -0500] "GET /BLA/resoluciones/RESOLUCIONES%202010/0194.pdf HTTP/1.1" 200 512317
186.82.78.180 - - [20/Dec/2014:17:35:59 -0500] "POST /forms/lservlet;jsessionid=ac16012b30d5ed7364ad300b4c8c8824e6d313e863a7.e3iSbxaKaheRe34Sa3yKbhiTahb0n6jAmljGr5XDqQLvpAe HTTP/1.1" 200 2
200.118.248.172 - - [20/Dec/2014:17:35:59 -0500] "GET /BLA/resoluciones/RESOLUCIONES%202013/0351.pdf HTTP/1.1" 200 2474161
186.82.78.180 - - [20/Dec/2014:17:35:59 -0500] "POST /forms/lservlet;jsessionid=ac16012b30d5ed7364ad300b4c8c8824e6d313e863a7.e3iSbxaKaheRe34Sa3yKbhiTahb0n6jAmljGr5XDqQLvpAe HTTP/1.1" 200 2894
186.82.78.180 - - [20/Dec/2014:17:36:00 -0500] "POST /forms/lservlet;jsessionid=ac16012b30d5ed7364ad300b4c8c8824e6d313e863a7.e3iSbxaKaheRe34Sa3yKbhiTahb0n6jAmljGr5XDqQLvpAe HTTP/1.1" 200 2
200.118.248.172 - - [20/Dec/2014:17:36:01 -0500] "GET /BLA/resoluciones/RESOLUCIONES%202013/0351.pdf HTTP/1.1" 206 32768
200.118.248.172 - - [20/Dec/2014:17:36:02 -0500] "GET /BLA/resoluciones/RESOLUCIONES%202013/0351.pdf HTTP/1.1" 206 2441393
186.82.78.180 - - [20/Dec/2014:17:36:02 -0500] "POST /forms/lservlet;jsessionid=ac16012b30d5ed7364ad300b4c8c8824e6d313e863a7.e3iSbxaKaheRe34Sa3yKbhiTahb0n6jAmljGr5XDqQLvpAe HTTP/1.1" 200 2
186.82.78.180 - - [20/Dec/2014:17:36:02 -0500] "POST /forms/lservlet;jsessionid=ac16012b30d5ed7364ad300b4c8c8824e6d313e863a7.e3iSbxaKaheRe34Sa3yKbhiTahb0n6jAmljGr5XDqQLvpAe HTTP/1.1" 200 3171
186.82.78.180 - - [20/Dec/2014:17:36:03 -0500] "POST /forms/lservlet;jsessionid=ac16012b30d5ed7364ad300b4c8c8824e6d313e863a7.e3iSbxaKaheRe34Sa3yKbhiTahb0n6jAmljGr5XDqQLvpAe HTTP/1.1" 200 2
186.82.78.180 - - [20/Dec/2014:17:36:04 -0500] "POST /forms/lservlet;jsessionid=ac16012b30d5ed7364ad300b4c8c8824e6d313e863a7.e3iSbxaKaheRe34Sa3yKbhiTahb0n6jAmljGr5XDqQLvpAe HTTP/1.1" 200 2
186.82.78.180 - - [20/Dec/2014:17:36:05 -0500] "POST /forms/lservlet;jsessionid=ac16012b30d5ed7364ad300b4c8c8824e6d313e863a7.e3iSbxaKaheRe34Sa3yKbhiTahb0n6jAmljGr5XDqQLvpAe HTTP/1.1" 200 2767
186.82.78.180 - - [20/Dec/2014:17:36:05 -0500] "POST /forms/lservlet;jsessionid=ac16012b30d5ed7364ad300b4c8c8824e6d313e863a7.e3iSbxaKaheRe34Sa3yKbhiTahb0n6jAmljGr5XDqQLvpAe HTTP/1.1" 200 2
200.118.248.172 - - [20/Dec/2014:17:36:06 -0500] "GET /favicon.ico HTTP/1.1" 200 7782
186.82.78.180 - - [20/Dec/2014:17:36:06 -0500] "POST /forms/lservlet;jsessionid=ac16012b30d5ed7364ad300b4c8c8824e6d313e863a7.e3iSbxaKaheRe34Sa3yKbhiTahb0n6jAmljGr5XDqQLvpAe HTTP/1.1" 200 2
186.82.78.180 - - [20/Dec/2014:17:36:06 -0500] "POST /forms/lservlet;jsessionid=ac16012b30d5ed7364ad300b4c8c8824e6d313e863a7.e3iSbxaKaheRe34Sa3yKbhiTahb0n6jAmljGr5XDqQLvpAe HTTP/1.1" 200 2838
186.82.78.180 - - [20/Dec/2014:17:36:07 -0500] "POST /forms/lservlet;jsessionid=ac16012b30d5ed7364ad300b4c8c8824e6d313e863a7.e3iSbxaKaheRe34Sa3yKbhiTahb0n6jAmljGr5XDqQLvpAe HTTP/1.1" 200 2
186.87.10.107 - - [20/Dec/2014:17:36:08 -0500] "GET /BLA/resoluciones/AUTOS%202010/0116.pdf HTTP/1.1" 200 271783
186.82.78.180 - - [20/Dec/2014:17:36:08 -0500] "POST /forms/lservlet;jsessionid=ac16012b30d5ed7364ad300b4c8c8824e6d313e863a7.e3iSbxaKaheRe34Sa3yKbhiTahb0n6jAmljGr5XDqQLvpAe HTTP/1.1" 200 2
186.82.78.180 - - [20/Dec/2014:17:36:09 -0500] "POST /forms/lservlet;jsessionid=ac16012b30d5ed7364ad300b4c8c8824e6d313e863a7.e3iSbxaKaheRe34Sa3yKbhiTahb0n6jAmljGr5XDqQLvpAe HTTP/1.1" 200 2817
186.82.78.180 - - [20/Dec/2014:17:36:10 -0500] "POST /forms/lservlet;jsessionid=ac16012b30d5ed7364ad300b4c8c8824e6d313e863a7.e3iSbxaKaheRe34Sa3yKbhiTahb0n6jAmljGr5XDqQLvpAe HTTP/1.1" 200 2
123.125.71.39 - - [20/Dec/2014:17:36:11 -0500] "GET /BLA/resoluciones/RESOLUCIONES%202010/7253.pdf HTTP/1.1" 200 1312533
186.82.78.180 - - [20/Dec/2014:17:36:15 -0500] "POST /forms/lservlet;jsessionid=ac16012b30d5ed7364ad300b4c8c8824e6d313e863a7.e3iSbxaKaheRe34Sa3yKbhiTahb0n6jAmljGr5XDqQLvpAe HTTP/1.1" 200 2
186.82.78.180 - - [20/Dec/2014:17:36:15 -0500] "POST /forms/lservlet;jsessionid=ac16012b30d5ed7364ad300b4c8c8824e6d313e863a7.e3iSbxaKaheRe34Sa3yKbhiTahb0n6jAmljGr5XDqQLvpAe HTTP/1.1" 200 3210
186.82.78.180 - - [20/Dec/2014:17:36:16 -0500] "POST /forms/lservlet;jsessionid=ac16012b30d5ed7364ad300b4c8c8824e6d313e863a7.e3iSbxaKaheRe34Sa3yKbhiTahb0n6jAmljGr5XDqQLvpAe HTTP/1.1" 200 2
190.157.106.118 - - [20/Dec/2014:17:36:21 -0500] "POST /forms/lservlet;jsessionid=ac16012b30d5b14269a3574644008d4e81b53ea78f23.e3iSbxaKaheRe34Sa3yKbhiTahb0n6jAmljGr5XDqQLvpAe HTTP/1.1" 200 2
186.82.78.180 - - [20/Dec/2014:17:36:21 -0500] "POST /forms/lservlet;jsessionid=ac16012b30d5ed7364ad300b4c8c8824e6d313e863a7.e3iSbxaKaheRe34Sa3yKbhiTahb0n6jAmljGr5XDqQLvpAe HTTP/1.1" 200 2
186.82.78.180 - - [20/Dec/2014:17:36:22 -0500] "POST /forms/lservlet;jsessionid=ac16012b30d5ed7364ad300b4c8c8824e6d313e863a7.e3iSbxaKaheRe34Sa3yKbhiTahb0n6jAmljGr5XDqQLvpAe HTTP/1.1" 200 3161
186.82.78.180 - - [20/Dec/2014:17:36:23 -0500] "POST /forms/lservlet;jsessionid=ac16012b30d5ed7364ad300b4c8c8824e6d313e863a7.e3iSbxaKaheRe34Sa3yKbhiTahb0n6jAmljGr5XDqQLvpAe HTTP/1.1" 200 2
181.50.241.109 - - [20/Dec/2014:17:36:25 -0500] "POST /forms/lservlet;jsessionid=ac16012b30d537a174d1f82a44cb955cb6706de09f93.e3iSbxaKaheRe34Sa3yKbhiTahb0n6jAmljGr5XDqQLvpAe HTTP/1.1" 200 2
186.119.222.18 - - [20/Dec/2014:17:36:29 -0500] "GET /forest/skins/gdocs-jar/popup/popup.jsp?width=1100&height=500&title=Buscar%20procesos&uri=/forest/buscar.do%3Ftype%3Dprocesos&name=undefined&_a=0.055316267469723956&a=0.5162710398396991 HTTP/1.1" 200 1296
186.119.222.18 - - [20/Dec/2014:17:36:29 -0500] "GET /forest/css/escritorio.css?version=1412.191117 HTTP/1.1" 304 -
186.119.222.18 - - [20/Dec/2014:17:36:29 -0500] "GET /forest/css/autocomplete.css?version=1412.191117 HTTP/1.1" 304 -
186.119.222.18 - - [20/Dec/2014:17:36:29 -0500] "GET /forest/skins/gdocs-jar/css/tree.css?version=1412.191117 HTTP/1.1" 304 -
186.119.222.18 - - [20/Dec/2014:17:36:29 -0500] "GET /forest/js/load_func.js?version=1412.191117 HTTP/1.1" 304 -
186.119.222.18 - - [20/Dec/2014:17:36:29 -0500] "GET /forest/js/dialog.js?version=1412.191117 HTTP/1.1" 304 -
186.119.222.18 - - [20/Dec/2014:17:36:29 -0500] "GET /forest/js/sarissa.js?version=1412.191117 HTTP/1.1" 304 -
186.119.222.18 - - [20/Dec/2014:17:36:29 -0500] "GET /forest/js/escritorio/escritorio.js?version=1412.191117 HTTP/1.1" 304 -
186.119.222.18 - - [20/Dec/2014:17:36:29 -0500] "GET /forest/js/internJS.js?version=1412.191117 HTTP/1.1" 304 -
186.119.222.18 - - [20/Dec/2014:17:36:29 -0500] "GET /forest/js/autocompletar2.js?version=1412.191117 HTTP/1.1" 304 -
186.119.222.18 - - [20/Dec/2014:17:36:29 -0500] "GET /forest/1ibre/protoaculous.js?version=1412.191117 HTTP/1.1" 304 -
186.119.222.18 - - [20/Dec/2014:17:36:29 -0500] "GET /forest/1ibre/jscalendar/calendar.js?version=1412.191117 HTTP/1.1" 304 -
186.119.222.18 - - [20/Dec/2014:17:36:29 -0500] "GET /forest/1ibre/jscalendar/lang/calendar-es.js?version=1412.191117 HTTP/1.1" 304 -
186.119.222.18 - - [20/Dec/2014:17:36:29 -0500] "GET /forest/1ibre/jscalendar/calendar-setup.js?version=1412.191117 HTTP/1.1" 304 -
186.119.222.18 - - [20/Dec/2014:17:36:29 -0500] "GET /forest/1ibre/1ibre.js?version=1412.191117 HTTP/1.1" 304 -
186.119.222.18 - - [20/Dec/2014:17:36:29 -0500] "GET /forest/js/xml_utilities.js?version=1412.191117 HTTP/1.1" 304 -
186.119.222.18 - - [20/Dec/2014:17:36:29 -0500] "GET /forest/buscar.do?type=procesos HTTP/1.1" 200 84792
186.119.222.18 - - [20/Dec/2014:17:36:30 -0500] "GET /forest/json.do?query=versionListadas HTTP/1.1" 200 15
186.119.222.18 - - [20/Dec/2014:17:36:30 -0500] "GET /forest/json.do?query=procesIniciales HTTP/1.1" 200 10001
186.119.222.18 - - [20/Dec/2014:17:36:31 -0500] "GET /forest/json.do?query=usersByDep&coddep=7027 HTTP/1.1" 200 314
186.119.222.18 - - [20/Dec/2014:17:36:31 -0500] "GET /forest/json.do?query=usersByDep&coddep=7027 HTTP/1.1" 200 314
186.82.78.180 - - [20/Dec/2014:17:36:31 -0500] "POST /forms/lservlet;jsessionid=ac16012b30d5ed7364ad300b4c8c8824e6d313e863a7.e3iSbxaKaheRe34Sa3yKbhiTahb0n6jAmljGr5XDqQLvpAe HTTP/1.1" 200 2
190.26.158.159 - - [20/Dec/2014:17:36:31 -0500] "GET /BLA/boletinlegal/js/jquery.js HTTP/1.1" 200 57254
190.26.158.159 - - [20/Dec/2014:17:36:31 -0500] "GET /BLA/boletinlegal/js/jquery.scrollTo-min.js HTTP/1.1" 200 1150
190.26.158.159 - - [20/Dec/2014:17:36:31 -0500] "GET /BLA/boletinlegal/js/jquery.scrollShow.js HTTP/1.1" 200 4586
186.82.78.180 - - [20/Dec/2014:17:36:31 -0500] "POST /forms/lservlet;jsessionid=ac16012b30d5ed7364ad300b4c8c8824e6d313e863a7.e3iSbxaKaheRe34Sa3yKbhiTahb0n6jAmljGr5XDqQLvpAe HTTP/1.1" 200 2980
186.82.78.180 - - [20/Dec/2014:17:36:32 -0500] "POST /forms/lservlet;jsessionid=ac16012b30d5ed7364ad300b4c8c8824e6d313e863a7.e3iSbxaKaheRe34Sa3yKbhiTahb0n6jAmljGr5XDqQLvpAe HTTP/1.1" 200 2
202.46.62.95 - - [20/Dec/2014:17:36:33 -0500] "GET /BLA/resoluciones/AUTOS%202012/0404.pdf HTTP/1.1" 200 324352
186.82.78.180 - - [20/Dec/2014:17:36:35 -0500] "POST /forms/lservlet;jsessionid=ac16012b30d5ed7364ad300b4c8c8824e6d313e863a7.e3iSbxaKaheRe34Sa3yKbhiTahb0n6jAmljGr5XDqQLvpAe HTTP/1.1" 200 2
186.82.78.180 - - [20/Dec/2014:17:36:36 -0500] "POST /forms/lservlet;jsessionid=ac16012b30d5ed7364ad300b4c8c8824e6d313e863a7.e3iSbxaKaheRe34Sa3yKbhiTahb0n6jAmljGr5XDqQLvpAe HTTP/1.1" 200 2552
186.82.78.180 - - [20/Dec/2014:17:36:37 -0500] "POST /forms/lservlet;jsessionid=ac16012b30d5ed7364ad300b4c8c8824e6d313e863a7.e3iSbxaKaheRe34Sa3yKbhiTahb0n6jAmljGr5XDqQLvpAe HTTP/1.1" 200 2
186.82.78.180 - - [20/Dec/2014:17:36:39 -0500] "POST /forms/lservlet;jsessionid=ac16012b30d5ed7364ad300b4c8c8824e6d313e863a7.e3iSbxaKaheRe34Sa3yKbhiTahb0n6jAmljGr5XDqQLvpAe HTTP/1.1" 200 2
186.82.78.180 - - [20/Dec/2014:17:36:39 -0500] "POST /forms/lservlet;jsessionid=ac16012b30d5ed7364ad300b4c8c8824e6d313e863a7.e3iSbxaKaheRe34Sa3yKbhiTahb0n6jAmljGr5XDqQLvpAe HTTP/1.1" 200 2894
186.119.222.18 - - [20/Dec/2014:17:36:40 -0500] "POST /forest/buscar.do? HTTP/1.1" 200 5226
186.82.78.180 - - [20/Dec/2014:17:36:40 -0500] "POST /forms/lservlet;jsessionid=ac16012b30d5ed7364ad300b4c8c8824e6d313e863a7.e3iSbxaKaheRe34Sa3yKbhiTahb0n6jAmljGr5XDqQLvpAe HTTP/1.1" 200 2
180.76.5.197 - - [20/Dec/2014:17:36:42 -0500] "GET /POT-2013/index.php?dir=memoria%20justificativa/&sort=size&order=desc HTTP/1.1" 200 2483
66.249.67.75 - - [20/Dec/2014:17:36:42 -0500] "GET /BLA/resoluciones/RESOLUCIONES%202009/3239.pdf HTTP/1.1" 200 749125
186.119.222.18 - - [20/Dec/2014:17:36:43 -0500] "GET /forest/skins/gdocs-jar/popup/popup.jsp?width=900&height=600&title=Informaci%F3n%20de%20proceso&uri=/forest/system/process.jsp%3FnumPro%3D2805143&name=undefined&_a=0.33954323146919885&a=0.01631864337839839 HTTP/1.1" 200 1312
186.119.222.18 - - [20/Dec/2014:17:36:43 -0500] "GET /forest/system/process.jsp?numPro=2805143 HTTP/1.1" 200 110486
186.82.78.180 - - [20/Dec/2014:17:36:45 -0500] "POST /forms/lservlet;jsessionid=ac16012b30d5ed7364ad300b4c8c8824e6d313e863a7.e3iSbxaKaheRe34Sa3yKbhiTahb0n6jAmljGr5XDqQLvpAe HTTP/1.1" 200 2
186.82.78.180 - - [20/Dec/2014:17:36:46 -0500] "POST /forms/lservlet;jsessionid=ac16012b30d5ed7364ad300b4c8c8824e6d313e863a7.e3iSbxaKaheRe34Sa3yKbhiTahb0n6jAmljGr5XDqQLvpAe HTTP/1.1" 200 14
186.82.78.180 - - [20/Dec/2014:17:36:47 -0500] "POST /forms/lservlet;jsessionid=ac16012b30d5ed7364ad300b4c8c8824e6d313e863a7.e3iSbxaKaheRe34Sa3yKbhiTahb0n6jAmljGr5XDqQLvpAe HTTP/1.1" 200 131
186.82.78.180 - - [20/Dec/2014:17:36:48 -0500] "POST /forms/lservlet;jsessionid=ac16012b30d5ed7364ad300b4c8c8824e6d313e863a7.e3iSbxaKaheRe34Sa3yKbhiTahb0n6jAmljGr5XDqQLvpAe HTTP/1.1" 200 2
186.82.78.180 - - [20/Dec/2014:17:36:48 -0500] "GET /reports/rwservlet/getjobid337822?server=rep_srvapsda HTTP/1.0" 200 318136
186.119.222.18 - - [20/Dec/2014:17:36:56 -0500] "GET /forest/skins/gdocs-jar/popup/popup.jsp?width=850&height=380&title=Informaci%F3n%20del%20radicado&uri=/forest/system/document.jsp%3FcodDoc%3D1840908&name=undefined&_a=0.32476649844819905&a=0.6955765640245991 HTTP/1.1" 200 1315
186.119.222.18 - - [20/Dec/2014:17:36:56 -0500] "GET /forest/system/document.jsp?codDoc=1840908 HTTP/1.1" 200 16543
186.119.222.18 - - [20/Dec/2014:17:36:58 -0500] "GET /forest/usudocumentos.do?p7z=1840908&a=0.9764749813080583&a=0.7846299573807141 HTTP/1.1" 200 2522
74.86.158.107 - - [20/Dec/2014:17:37:05 -0500] "HEAD / HTTP/1.1" 302 -
66.249.67.83 - - [20/Dec/2014:17:37:09 -0500] "GET /galeria/nivo-slider/demo/demo.html HTTP/1.1" 200 3349
186.82.78.180 - - [20/Dec/2014:17:37:09 -0500] "POST /forms/lservlet;jsessionid=ac16012b30d5ed7364ad300b4c8c8824e6d313e863a7.e3iSbxaKaheRe34Sa3yKbhiTahb0n6jAmljGr5XDqQLvpAe HTTP/1.1" 200 2
66.249.67.83 - - [20/Dec/2014:17:37:10 -0500] "GET /galeria/nivo-slider/demo/scripts/jquery-1.7.1.min.js HTTP/1.1" 200 93868
186.154.84.82 - - [20/Dec/2014:17:37:17 -0500] "GET /forest/skins/gdocs-jar/popup/popup.jsp?width=1100&height=500&title=Buscar%20documentos&uri=/forest/buscar.do%3Ftype%3Ddocumentos&name=undefined&_a=0.5994634218513966&a=0.10460106446407735 HTTP/1.1" 200 1300
186.154.84.82 - - [20/Dec/2014:17:37:17 -0500] "GET /forest/buscar.do?type=documentos HTTP/1.1" 200 18159
186.154.84.82 - - [20/Dec/2014:17:37:17 -0500] "GET /forest/buscar.do?type=documentos HTTP/1.1" 200 84820
186.154.84.82 - - [20/Dec/2014:17:37:19 -0500] "GET /forest/json.do?query=usersByDep&coddep=7019 HTTP/1.1" 200 1411
186.154.84.82 - - [20/Dec/2014:17:37:19 -0500] "GET /forest/json.do?query=versionListadas HTTP/1.1" 200 15
186.154.84.82 - - [20/Dec/2014:17:37:19 -0500] "GET /forest/json.do?query=usersByDep&coddep=7019 HTTP/1.1" 200 1411
186.154.84.82 - - [20/Dec/2014:17:37:19 -0500] "GET /forest/json.do?query=procesIniciales HTTP/1.1" 200 10001
186.82.78.180 - - [20/Dec/2014:17:37:20 -0500] "POST /forms/lservlet;jsessionid=ac16012b30d5ed7364ad300b4c8c8824e6d313e863a7.e3iSbxaKaheRe34Sa3yKbhiTahb0n6jAmljGr5XDqQLvpAe HTTP/1.1" 200 2
186.82.78.180 - - [20/Dec/2014:17:37:20 -0500] "POST /forms/lservlet;jsessionid=ac16012b30d5ed7364ad300b4c8c8824e6d313e863a7.e3iSbxaKaheRe34Sa3yKbhiTahb0n6jAmljGr5XDqQLvpAe HTTP/1.1" 200 2839
180.76.6.150 - - [20/Dec/2014:17:37:21 -0500] "GET /BLA/resoluciones/AUTOS%202011/1743.pdf HTTP/1.1" 200 160744
186.82.78.180 - - [20/Dec/2014:17:37:21 -0500] "POST /forms/lservlet;jsessionid=ac16012b30d5ed7364ad300b4c8c8824e6d313e863a7.e3iSbxaKaheRe34Sa3yKbhiTahb0n6jAmljGr5XDqQLvpAe HTTP/1.1" 200 2
186.154.84.82 - - [20/Dec/2014:17:37:23 -0500] "GET /forest/skins/gdocs-jar/popup/popup.jsp?width=1100&height=500&title=Buscar%20procesos&uri=/forest/buscar.do%3Ftype%3Dprocesos&name=undefined&_a=0.5046599679626524&a=0.5704383193515241 HTTP/1.1" 200 1296
186.82.78.180 - - [20/Dec/2014:17:37:23 -0500] "POST /forms/lservlet;jsessionid=ac16012b30d5ed7364ad300b4c8c8824e6d313e863a7.e3iSbxaKaheRe34Sa3yKbhiTahb0n6jAmljGr5XDqQLvpAe HTTP/1.1" 200 2
186.154.84.82 - - [20/Dec/2014:17:37:23 -0500] "GET /forest/buscar.do?type=procesos HTTP/1.1" 200 18159
186.154.84.82 - - [20/Dec/2014:17:37:24 -0500] "GET /forest/buscar.do?type=procesos HTTP/1.1" 200 84792
181.54.57.138 - - [20/Dec/2014:17:37:24 -0500] "POST /forms/lservlet;jsessionid=ac16012b30d51c895021bbb04130b8858e471252ad2d.e3iSbxaKaheRe34Sa3yKbhiTahb0n6jAmljGr5XDqQLvpAe HTTP/1.1" 200 2
186.154.84.82 - - [20/Dec/2014:17:37:25 -0500] "GET /forest/json.do?query=usersByDep&coddep=7019 HTTP/1.1" 200 1411
186.154.84.82 - - [20/Dec/2014:17:37:25 -0500] "GET /forest/json.do?query=versionListadas HTTP/1.1" 200 15
186.82.78.180 - - [20/Dec/2014:17:37:24 -0500] "POST /forms/lservlet;jsessionid=ac16012b30d5ed7364ad300b4c8c8824e6d313e863a7.e3iSbxaKaheRe34Sa3yKbhiTahb0n6jAmljGr5XDqQLvpAe HTTP/1.1" 200 2261
186.154.84.82 - - [20/Dec/2014:17:37:25 -0500] "GET /forest/json.do?query=usersByDep&coddep=7019 HTTP/1.1" 200 1411
186.154.84.82 - - [20/Dec/2014:17:37:25 -0500] "GET /forest/json.do?query=procesIniciales HTTP/1.1" 200 10001
186.82.78.180 - - [20/Dec/2014:17:37:25 -0500] "POST /forms/lservlet;jsessionid=ac16012b30d5ed7364ad300b4c8c8824e6d313e863a7.e3iSbxaKaheRe34Sa3yKbhiTahb0n6jAmljGr5XDqQLvpAe HTTP/1.1" 200 2
186.82.78.180 - - [20/Dec/2014:17:37:27 -0500] "POST /forms/lservlet;jsessionid=ac16012b30d5ed7364ad300b4c8c8824e6d313e863a7.e3iSbxaKaheRe34Sa3yKbhiTahb0n6jAmljGr5XDqQLvpAe HTTP/1.1" 200 2
186.82.78.180 - - [20/Dec/2014:17:37:28 -0500] "POST /forms/lservlet;jsessionid=ac16012b30d5ed7364ad300b4c8c8824e6d313e863a7.e3iSbxaKaheRe34Sa3yKbhiTahb0n6jAmljGr5XDqQLvpAe HTTP/1.1" 200 3681
186.82.78.180 - - [20/Dec/2014:17:37:30 -0500] "POST /forms/lservlet;jsessionid=ac16012b30d5ed7364ad300b4c8c8824e6d313e863a7.e3iSbxaKaheRe34Sa3yKbhiTahb0n6jAmljGr5XDqQLvpAe HTTP/1.1" 200 2
186.82.78.180 - - [20/Dec/2014:17:37:32 -0500] "POST /forms/lservlet;jsessionid=ac16012b30d5ed7364ad300b4c8c8824e6d313e863a7.e3iSbxaKaheRe34Sa3yKbhiTahb0n6jAmljGr5XDqQLvpAe HTTP/1.1" 200 2
186.82.78.180 - - [20/Dec/2014:17:37:32 -0500] "POST /forms/lservlet;jsessionid=ac16012b30d5ed7364ad300b4c8c8824e6d313e863a7.e3iSbxaKaheRe34Sa3yKbhiTahb0n6jAmljGr5XDqQLvpAe HTTP/1.1" 200 2505
186.82.78.180 - - [20/Dec/2014:17:37:33 -0500] "POST /forms/lservlet;jsessionid=ac16012b30d5ed7364ad300b4c8c8824e6d313e863a7.e3iSbxaKaheRe34Sa3yKbhiTahb0n6jAmljGr5XDqQLvpAe HTTP/1.1" 200 2
186.154.84.82 - - [20/Dec/2014:17:37:37 -0500] "POST /forest/buscar.do? HTTP/1.1" 200 5386
186.82.78.180 - - [20/Dec/2014:17:37:39 -0500] "POST /forms/lservlet;jsessionid=ac16012b30d5ed7364ad300b4c8c8824e6d313e863a7.e3iSbxaKaheRe34Sa3yKbhiTahb0n6jAmljGr5XDqQLvpAe HTTP/1.1" 200 2
186.82.78.180 - - [20/Dec/2014:17:37:39 -0500] "POST /forms/lservlet;jsessionid=ac16012b30d5ed7364ad300b4c8c8824e6d313e863a7.e3iSbxaKaheRe34Sa3yKbhiTahb0n6jAmljGr5XDqQLvpAe HTTP/1.1" 200 2338
186.82.78.180 - - [20/Dec/2014:17:37:40 -0500] "POST /forms/lservlet;jsessionid=ac16012b30d5ed7364ad300b4c8c8824e6d313e863a7.e3iSbxaKaheRe34Sa3yKbhiTahb0n6jAmljGr5XDqQLvpAe HTTP/1.1" 200 2
186.82.78.180 - - [20/Dec/2014:17:37:43 -0500] "POST /forms/lservlet;jsessionid=ac16012b30d5ed7364ad300b4c8c8824e6d313e863a7.e3iSbxaKaheRe34Sa3yKbhiTahb0n6jAmljGr5XDqQLvpAe HTTP/1.1" 200 2
186.82.78.180 - - [20/Dec/2014:17:37:43 -0500] "POST /forms/lservlet;jsessionid=ac16012b30d5ed7364ad300b4c8c8824e6d313e863a7.e3iSbxaKaheRe34Sa3yKbhiTahb0n6jAmljGr5XDqQLvpAe HTTP/1.1" 200 2958
186.82.78.180 - - [20/Dec/2014:17:37:44 -0500] "POST /forms/lservlet;jsessionid=ac16012b30d5ed7364ad300b4c8c8824e6d313e863a7.e3iSbxaKaheRe34Sa3yKbhiTahb0n6jAmljGr5XDqQLvpAe HTTP/1.1" 200 2
186.154.84.82 - - [20/Dec/2014:17:37:45 -0500] "GET /forest/usutareas.do?group_system_actual=3&codAct=2647&numPro=2853955&codPro=198&fecTra=2014-10-27%2012:15:27.16&codInst=2879674&codTraEsc=16774968 HTTP/1.1" 200 99412
186.154.84.82 - - [20/Dec/2014:17:37:47 -0500] "GET /forest/session.jsp?a=0.2670222397428006 HTTP/1.1" 200 4
186.154.84.82 - - [20/Dec/2014:17:37:47 -0500] "GET /forest/actions/forms.getMappedValues?id=numexpediente545&value=30871&codForm=proyautocobro&a=0.26518977666273713 HTTP/1.1" 200 35
186.154.84.82 - - [20/Dec/2014:17:37:47 -0500] "GET /forest/actions/forms.getMappedValues?id=radicadoct171&value=1904874&codForm=proyautocobro&a=0.7541817110031843 HTTP/1.1" 200 28
186.82.78.180 - - [20/Dec/2014:17:37:49 -0500] "POST /forms/lservlet;jsessionid=ac16012b30d5ed7364ad300b4c8c8824e6d313e863a7.e3iSbxaKaheRe34Sa3yKbhiTahb0n6jAmljGr5XDqQLvpAe HTTP/1.1" 200 2
186.82.78.180 - - [20/Dec/2014:17:37:50 -0500] "POST /forms/lservlet;jsessionid=ac16012b30d5ed7364ad300b4c8c8824e6d313e863a7.e3iSbxaKaheRe34Sa3yKbhiTahb0n6jAmljGr5XDqQLvpAe HTTP/1.1" 200 2573
186.82.78.180 - - [20/Dec/2014:17:37:51 -0500] "POST /forms/lservlet;jsessionid=ac16012b30d5ed7364ad300b4c8c8824e6d313e863a7.e3iSbxaKaheRe34Sa3yKbhiTahb0n6jAmljGr5XDqQLvpAe HTTP/1.1" 200 2
186.119.222.18 - - [20/Dec/2014:17:37:48 -0500] "GET /forest/documentos/1840908/2014IE70536.p7z:claro/Conceptotec.docx HTTP/1.1" 200 702767
180.76.5.196 - - [20/Dec/2014:17:32:32 -0500] "GET /BLA/resoluciones/index.php?dir=RESOLUCIONES%202010/&sort=size&order=asc HTTP/1.1" 200 213238
186.82.78.180 - - [20/Dec/2014:17:38:04 -0500] "POST /forms/lservlet;jsessionid=ac16012b30d5ed7364ad300b4c8c8824e6d313e863a7.e3iSbxaKaheRe34Sa3yKbhiTahb0n6jAmljGr5XDqQLvpAe HTTP/1.1" 200 2
186.82.78.180 - - [20/Dec/2014:17:38:04 -0500] "POST /forms/lservlet;jsessionid=ac16012b30d5ed7364ad300b4c8c8824e6d313e863a7.e3iSbxaKaheRe34Sa3yKbhiTahb0n6jAmljGr5XDqQLvpAe HTTP/1.1" 200 2219
186.82.78.180 - - [20/Dec/2014:17:38:05 -0500] "POST /forms/lservlet;jsessionid=ac16012b30d5ed7364ad300b4c8c8824e6d313e863a7.e3iSbxaKaheRe34Sa3yKbhiTahb0n6jAmljGr5XDqQLvpAe HTTP/1.1" 200 10
186.154.84.82 - - [20/Dec/2014:17:38:06 -0500] "GET /forest/usugrafico.do?_a=0.22166890697553754&group_system_actual=3 HTTP/1.1" 200 134078
186.154.84.82 - - [20/Dec/2014:17:38:07 -0500] "GET /forest/session.jsp?a=0.6761110050138086 HTTP/1.1" 200 4
186.82.78.180 - - [20/Dec/2014:17:38:07 -0500] "POST /forms/lservlet;jsessionid=ac16012b30d5ed7364ad300b4c8c8824e6d313e863a7.e3iSbxaKaheRe34Sa3yKbhiTahb0n6jAmljGr5XDqQLvpAe HTTP/1.1" 200 2
186.82.78.180 - - [20/Dec/2014:17:38:07 -0500] "POST /forms/lservlet;jsessionid=ac16012b30d5ed7364ad300b4c8c8824e6d313e863a7.e3iSbxaKaheRe34Sa3yKbhiTahb0n6jAmljGr5XDqQLvpAe HTTP/1.1" 200 110
186.82.78.180 - - [20/Dec/2014:17:38:08 -0500] "POST /forms/lservlet;jsessionid=ac16012b30d5ed7364ad300b4c8c8824e6d313e863a7.e3iSbxaKaheRe34Sa3yKbhiTahb0n6jAmljGr5XDqQLvpAe HTTP/1.1" 200 2
186.82.78.180 - - [20/Dec/2014:17:38:09 -0500] "POST /forms/lservlet;jsessionid=ac16012b30d5ed7364ad300b4c8c8824e6d313e863a7.e3iSbxaKaheRe34Sa3yKbhiTahb0n6jAmljGr5XDqQLvpAe HTTP/1.1" 200 2
186.82.78.180 - - [20/Dec/2014:17:38:10 -0500] "POST /forms/lservlet;jsessionid=ac16012b30d5ed7364ad300b4c8c8824e6d313e863a7.e3iSbxaKaheRe34Sa3yKbhiTahb0n6jAmljGr5XDqQLvpAe HTTP/1.1" 200 2075
186.82.78.180 - - [20/Dec/2014:17:38:10 -0500] "POST /forms/lservlet;jsessionid=ac16012b30d5ed7364ad300b4c8c8824e6d313e863a7.e3iSbxaKaheRe34Sa3yKbhiTahb0n6jAmljGr5XDqQLvpAe HTTP/1.1" 200 78
66.249.67.75 - - [20/Dec/2014:17:38:15 -0500] "GET /BLA/resoluciones/RESOLUCIONES%202009/8514.pdf HTTP/1.1" 200 347388
186.119.222.18 - - [20/Dec/2014:17:38:17 -0500] "GET /forest/borrador/1253978/Plantilla%20de%20Requerimiento%20Adicional.docx HTTP/1.1" 200 214
190.157.106.118 - - [20/Dec/2014:17:38:21 -0500] "POST /forms/lservlet;jsessionid=ac16012b30d5b14269a3574644008d4e81b53ea78f23.e3iSbxaKaheRe34Sa3yKbhiTahb0n6jAmljGr5XDqQLvpAe HTTP/1.1" 200 2
181.50.241.109 - - [20/Dec/2014:17:38:25 -0500] "POST /forms/lservlet;jsessionid=ac16012b30d537a174d1f82a44cb955cb6706de09f93.e3iSbxaKaheRe34Sa3yKbhiTahb0n6jAmljGr5XDqQLvpAe HTTP/1.1" 200 2
186.119.222.18 - - [20/Dec/2014:17:38:58 -0500] "GET /forest/borrador/1253978/Plantilla%20de%20Requerimiento%20Adicional.docx HTTP/1.1" 200 214
186.82.78.180 - - [20/Dec/2014:17:39:09 -0500] "POST /forms/lservlet;jsessionid=ac16012b30d5ed7364ad300b4c8c8824e6d313e863a7.e3iSbxaKaheRe34Sa3yKbhiTahb0n6jAmljGr5XDqQLvpAe HTTP/1.1" 200 2
201.245.192.253 - - [20/Dec/2014:17:39:26 -0500] "GET /BLA/resoluciones/index.php?dir=RESOLUCIONES+2005%2F HTTP/1.1" 200 24431
186.119.222.18 - - [20/Dec/2014:17:39:32 -0500] "GET /forest/session.jsp?a=0.891968845344944 HTTP/1.1" 200 4
186.154.84.82 - - [20/Dec/2014:17:39:42 -0500] "GET /forest/index2.jsp?_a=0.4263567409943789 HTTP/1.1" 200 328800
186.154.84.82 - - [20/Dec/2014:17:39:45 -0500] "GET /forest/session.jsp?a=0.6567114433273673 HTTP/1.1" 200 4
66.249.67.75 - - [20/Dec/2014:17:39:48 -0500] "GET /BLA/resoluciones/RESOLUCIONES%202009/4426.pdf HTTP/1.1" 304 -
201.245.192.253 - - [20/Dec/2014:17:39:50 -0500] "GET /BLA/resoluciones/index.php?dir= HTTP/1.1" 200 6952
186.154.84.82 - - [20/Dec/2014:17:39:56 -0500] "GET /forest/skins/gdocs-jar/popup/popup.jsp?width=1100&height=500&title=Buscar%20procesos&uri=/forest/buscar.do%3Ftype%3Dprocesos&name=undefined&_a=0.23509696195833385&a=0.022214445751160383 HTTP/1.1" 200 1296
186.154.84.82 - - [20/Dec/2014:17:39:56 -0500] "GET /forest/buscar.do?type=procesos HTTP/1.1" 200 18159
186.154.84.82 - - [20/Dec/2014:17:39:56 -0500] "GET /forest/buscar.do?type=procesos HTTP/1.1" 200 84792
186.154.84.82 - - [20/Dec/2014:17:39:58 -0500] "GET /forest/json.do?query=usersByDep&coddep=7019 HTTP/1.1" 200 1411
186.154.84.82 - - [20/Dec/2014:17:39:58 -0500] "GET /forest/json.do?query=versionListadas HTTP/1.1" 200 15
186.154.84.82 - - [20/Dec/2014:17:39:58 -0500] "GET /forest/json.do?query=usersByDep&coddep=7019 HTTP/1.1" 200 1411
186.154.84.82 - - [20/Dec/2014:17:39:58 -0500] "GET /forest/json.do?query=procesIniciales HTTP/1.1" 200 10001
201.245.192.253 - - [20/Dec/2014:17:40:02 -0500] "GET /BLA/resoluciones/index.php?dir=RESOLUCIONES+2007%2F HTTP/1.1" 200 12504
201.245.192.253 - - [20/Dec/2014:17:40:10 -0500] "GET /BLA/resoluciones/index.php?dir=RESOLUCIONES+2007%2FRES+2007+1201+AL+1300%2F HTTP/1.1" 200 26864
201.245.192.253 - - [20/Dec/2014:17:40:18 -0500] "GET /BLA/resoluciones/RESOLUCIONES%202007/RES%202007%201201%20AL%201300/RESOLUCION%201273%20DE%202007.pdf HTTP/1.1" 200 739487
186.154.84.82 - - [20/Dec/2014:17:40:19 -0500] "POST /forest/buscar.do? HTTP/1.1" 200 5386
190.157.106.118 - - [20/Dec/2014:17:40:21 -0500] "POST /forms/lservlet;jsessionid=ac16012b30d5b14269a3574644008d4e81b53ea78f23.e3iSbxaKaheRe34Sa3yKbhiTahb0n6jAmljGr5XDqQLvpAe HTTP/1.1" 200 2
186.85.64.40 - - [20/Dec/2014:17:40:24 -0500] "GET /BLA/boletinlegal/js/jquery.scrollShow.js HTTP/1.1" 200 4586
186.85.64.40 - - [20/Dec/2014:17:40:24 -0500] "GET /BLA/boletinlegal/js/jquery.js HTTP/1.1" 200 57254
186.85.64.40 - - [20/Dec/2014:17:40:24 -0500] "GET /BLA/boletinlegal/js/jquery.scrollTo-min.js HTTP/1.1" 200 1150
186.85.64.40 - - [20/Dec/2014:17:40:24 -0500] "GET /galeria/carrusel/Carrusel/jquery-ui-1.8.13.custom.min.js HTTP/1.1" 200 10800
186.85.64.40 - - [20/Dec/2014:17:40:24 -0500] "GET /galeria/carrusel/Carrusel/jquery.thumbnailScroller.css HTTP/1.1" 200 2066
186.85.64.40 - - [20/Dec/2014:17:40:24 -0500] "GET /galeria/carrusel/Carrusel/jquery.thumbnailScroller.js HTTP/1.1" 200 8157
181.50.241.109 - - [20/Dec/2014:17:40:25 -0500] "POST /forms/lservlet;jsessionid=ac16012b30d537a174d1f82a44cb955cb6706de09f93.e3iSbxaKaheRe34Sa3yKbhiTahb0n6jAmljGr5XDqQLvpAe HTTP/1.1" 200 2
186.154.84.82 - - [20/Dec/2014:17:40:24 -0500] "GET /forest/usutareas.do?group_system_actual=3&codAct=2647&numPro=2853955&codPro=198&fecTra=2014-10-27%2012:15:27.16&codInst=2879674&codTraEsc=16774968 HTTP/1.1" 200 99412
186.154.84.82 - - [20/Dec/2014:17:37:46 -0500] "GET /ForestMSG_SDA/channelAsync/template_word_16774968?X-Atmosphere-tracking-id=8e081a41-213b-fbad-60d0-a4fc827a743a&X-Atmosphere-Framework=1.0.5&X-Atmosphere-Transport=long-polling&tabid=0.24130715825594962&X-Cache-Date=0&Content-Type=application/xml&_=1419115253334 HTTP/1.1" 200 8193
186.154.84.82 - - [20/Dec/2014:17:40:26 -0500] "GET /forest/session.jsp?a=0.18599971756339073 HTTP/1.1" 200 4
186.154.84.82 - - [20/Dec/2014:17:40:26 -0500] "GET /forest/actions/forms.getMappedValues?id=numexpediente545&value=30871&codForm=proyautocobro&a=0.5946424552239478 HTTP/1.1" 200 35
186.154.84.82 - - [20/Dec/2014:17:40:26 -0500] "GET /forest/actions/forms.getMappedValues?id=radicadoct171&value=1904874&codForm=proyautocobro&a=0.8173864968121052 HTTP/1.1" 200 28
186.154.84.82 - - [20/Dec/2014:17:40:29 -0500] "GET /forest/skins/gdocs-jar/popup/escritorio/reasignar.jsp?codTraEsc=16774968&a=0.20192913874052465 HTTP/1.1" 200 3744
186.85.64.40 - - [20/Dec/2014:17:40:29 -0500] "GET /galeria/nivo-slider/demo/demo.html HTTP/1.1" 200 3349
186.85.64.40 - - [20/Dec/2014:17:40:32 -0500] "GET /galeria/nivo-slider/themes/default/default.css HTTP/1.1" 200 1569
186.85.64.40 - - [20/Dec/2014:17:40:32 -0500] "GET /galeria/nivo-slider/themes/pascal/pascal.css HTTP/1.1" 200 2258
186.85.64.40 - - [20/Dec/2014:17:40:32 -0500] "GET /galeria/nivo-slider/nivo-slider.css HTTP/1.1" 200 1507
186.85.64.40 - - [20/Dec/2014:17:40:32 -0500] "GET /galeria/nivo-slider/themes/orman/orman.css HTTP/1.1" 200 2152
186.85.64.40 - - [20/Dec/2014:17:40:32 -0500] "GET /galeria/nivo-slider/demo/scripts/jquery-1.7.1.min.js HTTP/1.1" 200 93868
186.85.64.40 - - [20/Dec/2014:17:40:32 -0500] "GET /galeria/nivo-slider/demo/style.css HTTP/1.1" 200 2222
186.85.64.40 - - [20/Dec/2014:17:40:32 -0500] "GET /galeria/nivo-slider/jquery.nivo.slider.pack.js HTTP/1.1" 200 11561
186.85.64.40 - - [20/Dec/2014:17:40:32 -0500] "GET /galeria/nivo-slider/demo/images/banner-musgo.jpg HTTP/1.1" 200 49513
186.85.64.40 - - [20/Dec/2014:17:40:32 -0500] "GET /galeria/nivo-slider/demo/images/banner-calidad-aire.jpg HTTP/1.1" 200 88616
186.85.64.40 - - [20/Dec/2014:17:40:32 -0500] "GET /galeria/nivo-slider/demo/images/ecolecta-Dic2014.png HTTP/1.1" 200 288593
186.85.64.40 - - [20/Dec/2014:17:40:32 -0500] "GET /galeria/nivo-slider/demo/images/Jornada-adopcion.jpg HTTP/1.1" 200 79705
186.85.64.40 - - [20/Dec/2014:17:40:33 -0500] "GET /galeria/nivo-slider/demo/images/Banner-GAE3.jpg HTTP/1.1" 200 146354
186.85.64.40 - - [20/Dec/2014:17:40:35 -0500] "GET /galeria/nivo-slider/demo/images/porloshumedales.jpg HTTP/1.1" 200 351238
186.85.64.40 - - [20/Dec/2014:17:40:36 -0500] "GET /galeria/nivo-slider/demo/images/Tingua-azul.jpg HTTP/1.1" 200 307638
186.85.64.40 - - [20/Dec/2014:17:40:37 -0500] "GET /galeria/nivo-slider/demo/images/Banner-Caracol-Africano.jpg HTTP/1.1" 200 331986
186.85.64.40 - - [20/Dec/2014:17:40:40 -0500] "GET /galeria/nivo-slider/demo/images/banner-redes.jpg HTTP/1.1" 200 62209
186.85.64.40 - - [20/Dec/2014:17:40:40 -0500] "GET /galeria/nivo-slider/demo/images/9Signos.jpg HTTP/1.1" 200 93040
186.85.64.40 - - [20/Dec/2014:17:40:41 -0500] "GET /galeria/nivo-slider/demo/images/banner-llantas2.jpg HTTP/1.1" 200 73153
186.85.64.40 - - [20/Dec/2014:17:40:41 -0500] "GET /galeria/nivo-slider/demo/images/banner-caballos.png HTTP/1.1" 200 389106
186.85.64.40 - - [20/Dec/2014:17:40:48 -0500] "GET /galeria/nivo-slider/themes/default/loading.gif HTTP/1.1" 200 1737
186.85.64.40 - - [20/Dec/2014:17:40:48 -0500] "GET /galeria/nivo-slider/demo/images/4Simple_Slider.png HTTP/1.1" 200 11722
186.85.64.40 - - [20/Dec/2014:17:40:48 -0500] "GET /galeria/nivo-slider/demo/images/Hacienda_Molinos.jpg HTTP/1.1" 200 319171
186.85.64.40 - - [20/Dec/2014:17:40:48 -0500] "GET /videos/Spot_CambioClimatico.flv HTTP/1.1" 200 4371917
181.136.174.156 - - [20/Dec/2014:17:41:05 -0500] "GET /BLA/boletinlegal/js/jquery.js HTTP/1.1" 200 57254
181.136.174.156 - - [20/Dec/2014:17:41:05 -0500] "GET /BLA/boletinlegal/js/jquery.scrollTo-min.js HTTP/1.1" 200 1150
181.136.174.156 - - [20/Dec/2014:17:41:05 -0500] "GET /BLA/boletinlegal/js/jquery.scrollShow.js HTTP/1.1" 200 4586
186.154.84.82 - - [20/Dec/2014:17:41:07 -0500] "POST /forest/usutareas.do?group_system_actual=3 HTTP/1.1" 200 155
186.82.78.180 - - [20/Dec/2014:17:41:09 -0500] "POST /forms/lservlet;jsessionid=ac16012b30d5ed7364ad300b4c8c8824e6d313e863a7.e3iSbxaKaheRe34Sa3yKbhiTahb0n6jAmljGr5XDqQLvpAe HTTP/1.1" 200 2
186.154.84.82 - - [20/Dec/2014:17:41:11 -0500] "GET /forest/usutareas.do?group_system_actual=3&a=0.9039461903739721 HTTP/1.1" 200 19879
186.154.84.82 - - [20/Dec/2014:17:41:11 -0500] "GET /forest/session.jsp?a=0.0689627027604729 HTTP/1.1" 200 4
66.249.67.75 - - [20/Dec/2014:17:41:20 -0500] "GET /BLA/resoluciones/AUTOS%202011/5378.pdf HTTP/1.1" 200 196817
202.46.56.47 - - [20/Dec/2014:17:41:41 -0500] "GET / HTTP/1.1" 302 -
66.249.67.103 - - [20/Dec/2014:17:41:44 -0500] "GET /BLA/ HTTP/1.1" 200 538
186.154.84.82 - - [20/Dec/2014:17:41:57 -0500] "GET /forest/skins/gdocs-jar/popup/popup.jsp?width=1100&height=500&title=Buscar%20procesos&uri=/forest/buscar.do%3Ftype%3Dprocesos&name=undefined&_a=0.18124565854668617&a=0.8889530897140503 HTTP/1.1" 200 1296
119.63.193.131 - - [20/Dec/2014:17:41:57 -0500] "GET / HTTP/1.1" 302 -
186.154.84.82 - - [20/Dec/2014:17:41:57 -0500] "GET /forest/buscar.do?type=procesos HTTP/1.1" 200 84792
186.154.84.82 - - [20/Dec/2014:17:41:58 -0500] "GET /forest/json.do?query=usersByDep&coddep=7019 HTTP/1.1" 200 1411
186.154.84.82 - - [20/Dec/2014:17:41:58 -0500] "GET /forest/json.do?query=versionListadas HTTP/1.1" 200 15
186.154.84.82 - - [20/Dec/2014:17:41:58 -0500] "GET /forest/json.do?query=usersByDep&coddep=7019 HTTP/1.1" 200 1411
186.154.84.82 - - [20/Dec/2014:17:41:58 -0500] "GET /forest/json.do?query=procesIniciales HTTP/1.1" 200 10001
74.86.158.107 - - [20/Dec/2014:17:42:05 -0500] "HEAD / HTTP/1.1" 302 -
186.154.84.82 - - [20/Dec/2014:17:42:15 -0500] "POST /forest/buscar.do? HTTP/1.1" 200 5249
190.157.106.118 - - [20/Dec/2014:17:42:21 -0500] "POST /forms/lservlet;jsessionid=ac16012b30d5b14269a3574644008d4e81b53ea78f23.e3iSbxaKaheRe34Sa3yKbhiTahb0n6jAmljGr5XDqQLvpAe HTTP/1.1" 200 2
181.50.241.109 - - [20/Dec/2014:17:42:25 -0500] "POST /forms/lservlet;jsessionid=ac16012b30d537a174d1f82a44cb955cb6706de09f93.e3iSbxaKaheRe34Sa3yKbhiTahb0n6jAmljGr5XDqQLvpAe HTTP/1.1" 200 2
186.154.84.82 - - [20/Dec/2014:17:42:26 -0500] "GET /forest/buscar.do?type=procesos HTTP/1.1" 200 84792
186.154.84.82 - - [20/Dec/2014:17:42:27 -0500] "GET /forest/json.do?query=usersByDep&coddep=7019 HTTP/1.1" 200 1411
186.154.84.82 - - [20/Dec/2014:17:42:27 -0500] "GET /forest/json.do?query=versionListadas HTTP/1.1" 200 15
186.154.84.82 - - [20/Dec/2014:17:42:27 -0500] "GET /forest/json.do?query=usersByDep&coddep=7019 HTTP/1.1" 200 1411
186.154.84.82 - - [20/Dec/2014:17:42:27 -0500] "GET /forest/json.do?query=procesIniciales HTTP/1.1" 200 10001
186.154.84.82 - - [20/Dec/2014:17:42:37 -0500] "POST /forest/buscar.do? HTTP/1.1" 200 5454
186.154.84.82 - - [20/Dec/2014:17:42:42 -0500] "GET /forest/usutareas.do?group_system_actual=3&codAct=2984&numPro=2973223&codPro=226&fecTra=2014-12-17%2014:21:06.41&codInst=3008302&codTraEsc=17123386 HTTP/1.1" 200 147435
186.154.84.82 - - [20/Dec/2014:17:42:44 -0500] "GET /forest/session.jsp?a=0.35248611541464925 HTTP/1.1" 200 4
186.154.84.82 - - [20/Dec/2014:17:42:44 -0500] "GET /forest/actions/forms.getMappedValues?id=idreshospit1103&value=1417813151332&codForm=revision_concepto_tecnico&a=0.8755693109706044 HTTP/1.1" 200 38
186.154.84.82 - - [20/Dec/2014:17:42:44 -0500] "GET /forest/actions/forms.getMappedValues?id=idtramite110&value=1417813151298&codForm=revision_concepto_tecnico&a=0.28975123912096024 HTTP/1.1" 200 46
186.154.84.82 - - [20/Dec/2014:17:42:45 -0500] "GET /forest/actions/forms.getMappedValues?id=idtramite110&value=1417813151298&codForm=revision_concepto_tecnico&a=0.8302701083011925 HTTP/1.1" 200 46
186.154.84.82 - - [20/Dec/2014:17:42:45 -0500] "GET /forest/actions/forms.getMappedValues?id=idreshospit1103&value=1417813151332&codForm=revision_concepto_tecnico&a=0.44424885930493474 HTTP/1.1" 200 38
186.154.84.82 - - [20/Dec/2014:17:42:49 -0500] "GET /forest/borrador/1555440/CONCEPTO.docx HTTP/1.1" 200 502610
