190.147.131.52 - - [28/Dec/2014:13:19:30 -0500] "POST /forms/lservlet;jsessionid=ac16012b30d5c4a8be8ccc53449b9be8c0d8c2531401.e3iSbxaKaheRe34Sa3yKbhiTahb0n6jAmljGr5XDqQLvpAe HTTP/1.1" 200 2
190.147.131.52 - - [28/Dec/2014:13:19:30 -0500] "POST /forms/lservlet;jsessionid=ac16012b30d5c4a8be8ccc53449b9be8c0d8c2531401.e3iSbxaKaheRe34Sa3yKbhiTahb0n6jAmljGr5XDqQLvpAe HTTP/1.1" 200 2977
190.147.131.52 - - [28/Dec/2014:13:19:31 -0500] "POST /forms/lservlet;jsessionid=ac16012b30d5c4a8be8ccc53449b9be8c0d8c2531401.e3iSbxaKaheRe34Sa3yKbhiTahb0n6jAmljGr5XDqQLvpAe HTTP/1.1" 200 2
190.147.131.52 - - [28/Dec/2014:13:19:31 -0500] "POST /forms/lservlet;jsessionid=ac16012b30d5c4a8be8ccc53449b9be8c0d8c2531401.e3iSbxaKaheRe34Sa3yKbhiTahb0n6jAmljGr5XDqQLvpAe HTTP/1.1" 200 2
190.147.131.52 - - [28/Dec/2014:13:19:31 -0500] "POST /forms/lservlet;jsessionid=ac16012b30d5c4a8be8ccc53449b9be8c0d8c2531401.e3iSbxaKaheRe34Sa3yKbhiTahb0n6jAmljGr5XDqQLvpAe HTTP/1.1" 200 2832
190.147.131.52 - - [28/Dec/2014:13:19:32 -0500] "POST /forms/lservlet;jsessionid=ac16012b30d5c4a8be8ccc53449b9be8c0d8c2531401.e3iSbxaKaheRe34Sa3yKbhiTahb0n6jAmljGr5XDqQLvpAe HTTP/1.1" 200 2
190.147.131.52 - - [28/Dec/2014:13:19:32 -0500] "POST /forms/lservlet;jsessionid=ac16012b30d5c4a8be8ccc53449b9be8c0d8c2531401.e3iSbxaKaheRe34Sa3yKbhiTahb0n6jAmljGr5XDqQLvpAe HTTP/1.1" 200 2
190.147.131.52 - - [28/Dec/2014:13:19:32 -0500] "POST /forms/lservlet;jsessionid=ac16012b30d5c4a8be8ccc53449b9be8c0d8c2531401.e3iSbxaKaheRe34Sa3yKbhiTahb0n6jAmljGr5XDqQLvpAe HTTP/1.1" 200 2768
190.147.131.52 - - [28/Dec/2014:13:19:33 -0500] "POST /forms/lservlet;jsessionid=ac16012b30d5c4a8be8ccc53449b9be8c0d8c2531401.e3iSbxaKaheRe34Sa3yKbhiTahb0n6jAmljGr5XDqQLvpAe HTTP/1.1" 200 2
190.147.131.52 - - [28/Dec/2014:13:19:33 -0500] "POST /forms/lservlet;jsessionid=ac16012b30d5c4a8be8ccc53449b9be8c0d8c2531401.e3iSbxaKaheRe34Sa3yKbhiTahb0n6jAmljGr5XDqQLvpAe HTTP/1.1" 200 2
180.76.6.146 - - [28/Dec/2014:13:19:33 -0500] "GET /BLA/resoluciones/RESOLUCIONES%202011/3274.pdf HTTP/1.1" 200 226890
190.147.131.52 - - [28/Dec/2014:13:19:33 -0500] "POST /forms/lservlet;jsessionid=ac16012b30d5c4a8be8ccc53449b9be8c0d8c2531401.e3iSbxaKaheRe34Sa3yKbhiTahb0n6jAmljGr5XDqQLvpAe HTTP/1.1" 200 3124
190.147.131.52 - - [28/Dec/2014:13:19:34 -0500] "POST /forms/lservlet;jsessionid=ac16012b30d5c4a8be8ccc53449b9be8c0d8c2531401.e3iSbxaKaheRe34Sa3yKbhiTahb0n6jAmljGr5XDqQLvpAe HTTP/1.1" 200 2
190.147.131.52 - - [28/Dec/2014:13:19:34 -0500] "POST /forms/lservlet;jsessionid=ac16012b30d5c4a8be8ccc53449b9be8c0d8c2531401.e3iSbxaKaheRe34Sa3yKbhiTahb0n6jAmljGr5XDqQLvpAe HTTP/1.1" 200 2
190.147.131.52 - - [28/Dec/2014:13:19:34 -0500] "POST /forms/lservlet;jsessionid=ac16012b30d5c4a8be8ccc53449b9be8c0d8c2531401.e3iSbxaKaheRe34Sa3yKbhiTahb0n6jAmljGr5XDqQLvpAe HTTP/1.1" 200 3004
190.147.131.52 - - [28/Dec/2014:13:19:35 -0500] "POST /forms/lservlet;jsessionid=ac16012b30d5c4a8be8ccc53449b9be8c0d8c2531401.e3iSbxaKaheRe34Sa3yKbhiTahb0n6jAmljGr5XDqQLvpAe HTTP/1.1" 200 2
190.147.131.52 - - [28/Dec/2014:13:19:35 -0500] "POST /forms/lservlet;jsessionid=ac16012b30d5c4a8be8ccc53449b9be8c0d8c2531401.e3iSbxaKaheRe34Sa3yKbhiTahb0n6jAmljGr5XDqQLvpAe HTTP/1.1" 200 2
190.147.131.52 - - [28/Dec/2014:13:19:35 -0500] "POST /forms/lservlet;jsessionid=ac16012b30d5c4a8be8ccc53449b9be8c0d8c2531401.e3iSbxaKaheRe34Sa3yKbhiTahb0n6jAmljGr5XDqQLvpAe HTTP/1.1" 200 3012
190.147.131.52 - - [28/Dec/2014:13:19:36 -0500] "POST /forms/lservlet;jsessionid=ac16012b30d5c4a8be8ccc53449b9be8c0d8c2531401.e3iSbxaKaheRe34Sa3yKbhiTahb0n6jAmljGr5XDqQLvpAe HTTP/1.1" 200 2
190.147.131.52 - - [28/Dec/2014:13:19:36 -0500] "POST /forms/lservlet;jsessionid=ac16012b30d5c4a8be8ccc53449b9be8c0d8c2531401.e3iSbxaKaheRe34Sa3yKbhiTahb0n6jAmljGr5XDqQLvpAe HTTP/1.1" 200 2
190.147.131.52 - - [28/Dec/2014:13:19:36 -0500] "POST /forms/lservlet;jsessionid=ac16012b30d5c4a8be8ccc53449b9be8c0d8c2531401.e3iSbxaKaheRe34Sa3yKbhiTahb0n6jAmljGr5XDqQLvpAe HTTP/1.1" 200 2136
190.147.131.52 - - [28/Dec/2014:13:19:36 -0500] "POST /forms/lservlet;jsessionid=ac16012b30d5c4a8be8ccc53449b9be8c0d8c2531401.e3iSbxaKaheRe34Sa3yKbhiTahb0n6jAmljGr5XDqQLvpAe HTTP/1.1" 200 10
190.147.131.52 - - [28/Dec/2014:13:19:37 -0500] "POST /forms/lservlet;jsessionid=ac16012b30d5c4a8be8ccc53449b9be8c0d8c2531401.e3iSbxaKaheRe34Sa3yKbhiTahb0n6jAmljGr5XDqQLvpAe HTTP/1.1" 200 2
190.147.131.52 - - [28/Dec/2014:13:19:37 -0500] "POST /forms/lservlet;jsessionid=ac16012b30d5c4a8be8ccc53449b9be8c0d8c2531401.e3iSbxaKaheRe34Sa3yKbhiTahb0n6jAmljGr5XDqQLvpAe HTTP/1.1" 200 3041
190.147.131.52 - - [28/Dec/2014:13:19:38 -0500] "POST /forms/lservlet;jsessionid=ac16012b30d5c4a8be8ccc53449b9be8c0d8c2531401.e3iSbxaKaheRe34Sa3yKbhiTahb0n6jAmljGr5XDqQLvpAe HTTP/1.1" 200 2
190.147.131.52 - - [28/Dec/2014:13:19:39 -0500] "POST /forms/lservlet;jsessionid=ac16012b30d5c4a8be8ccc53449b9be8c0d8c2531401.e3iSbxaKaheRe34Sa3yKbhiTahb0n6jAmljGr5XDqQLvpAe HTTP/1.1" 200 2306
186.84.40.34 - - [28/Dec/2014:13:20:22 -0500] "POST /forms/lservlet;jsessionid=ac16012b30d564bef53d3dc646be8de9f994574197ef.e3iSbxaKaheRe34Sa3yKbhiTahb0n6jAmljGr5XDqQLvpAe HTTP/1.1" 200 2
217.76.132.233 - - [28/Dec/2014:13:20:22 -0500] "GET /wp/wp-admin/ HTTP/1.1" 404 1018
180.76.5.191 - - [28/Dec/2014:13:20:22 -0500] "GET /BLA/resoluciones/RESOLUCIONES%202007/RES%202007%203301%20AL%203400/RESOLUCION%203318%20DE%202007.pdf HTTP/1.1" 200 269640
66.249.64.171 - - [28/Dec/2014:13:20:27 -0500] "GET /BLA/resoluciones/RESOLUCIONES%202005/RES%202005%20601-650/00000629.tif HTTP/1.1" 200 233480
190.147.131.52 - - [28/Dec/2014:13:20:29 -0500] "POST /forms/lservlet;jsessionid=ac16012b30d5c4a8be8ccc53449b9be8c0d8c2531401.e3iSbxaKaheRe34Sa3yKbhiTahb0n6jAmljGr5XDqQLvpAe HTTP/1.1" 200 49
190.147.131.52 - - [28/Dec/2014:13:20:31 -0500] "POST /forms/lservlet;jsessionid=ac16012b30d5c4a8be8ccc53449b9be8c0d8c2531401.e3iSbxaKaheRe34Sa3yKbhiTahb0n6jAmljGr5XDqQLvpAe HTTP/1.1" 200 24
190.147.131.52 - - [28/Dec/2014:13:20:35 -0500] "POST /forms/lservlet;jsessionid=ac16012b30d5c4a8be8ccc53449b9be8c0d8c2531401.e3iSbxaKaheRe34Sa3yKbhiTahb0n6jAmljGr5XDqQLvpAe HTTP/1.1" 200 2
190.147.131.52 - - [28/Dec/2014:13:20:35 -0500] "POST /forms/lservlet;jsessionid=ac16012b30d5c4a8be8ccc53449b9be8c0d8c2531401.e3iSbxaKaheRe34Sa3yKbhiTahb0n6jAmljGr5XDqQLvpAe HTTP/1.1" 200 36
190.147.131.52 - - [28/Dec/2014:13:20:35 -0500] "POST /forms/lservlet;jsessionid=ac16012b30d5c4a8be8ccc53449b9be8c0d8c2531401.e3iSbxaKaheRe34Sa3yKbhiTahb0n6jAmljGr5XDqQLvpAe HTTP/1.1" 200 12
74.86.158.107 - - [28/Dec/2014:13:20:36 -0500] "HEAD / HTTP/1.1" 302 -
188.165.15.10 - - [28/Dec/2014:13:20:37 -0500] "GET /BLA/resoluciones/AUTOS%202006/AUTOS%202006%201401%20-%201500/00001443.tif HTTP/1.1" 200 57138
190.147.131.52 - - [28/Dec/2014:13:20:38 -0500] "POST /forms/lservlet;jsessionid=ac16012b30d5c4a8be8ccc53449b9be8c0d8c2531401.e3iSbxaKaheRe34Sa3yKbhiTahb0n6jAmljGr5XDqQLvpAe HTTP/1.1" 200 2
190.147.131.52 - - [28/Dec/2014:13:20:38 -0500] "POST /forms/lservlet;jsessionid=ac16012b30d5c4a8be8ccc53449b9be8c0d8c2531401.e3iSbxaKaheRe34Sa3yKbhiTahb0n6jAmljGr5XDqQLvpAe HTTP/1.1" 200 289
190.147.131.52 - - [28/Dec/2014:13:20:38 -0500] "POST /forms/lservlet;jsessionid=ac16012b30d5c4a8be8ccc53449b9be8c0d8c2531401.e3iSbxaKaheRe34Sa3yKbhiTahb0n6jAmljGr5XDqQLvpAe HTTP/1.1" 200 20
190.147.131.52 - - [28/Dec/2014:13:20:41 -0500] "POST /forms/lservlet;jsessionid=ac16012b30d5c4a8be8ccc53449b9be8c0d8c2531401.e3iSbxaKaheRe34Sa3yKbhiTahb0n6jAmljGr5XDqQLvpAe HTTP/1.1" 200 2
190.147.131.52 - - [28/Dec/2014:13:20:41 -0500] "POST /forms/lservlet;jsessionid=ac16012b30d5c4a8be8ccc53449b9be8c0d8c2531401.e3iSbxaKaheRe34Sa3yKbhiTahb0n6jAmljGr5XDqQLvpAe HTTP/1.1" 200 226
190.147.131.52 - - [28/Dec/2014:13:20:41 -0500] "POST /forms/lservlet;jsessionid=ac16012b30d5c4a8be8ccc53449b9be8c0d8c2531401.e3iSbxaKaheRe34Sa3yKbhiTahb0n6jAmljGr5XDqQLvpAe HTTP/1.1" 200 10
190.147.131.52 - - [28/Dec/2014:13:20:42 -0500] "POST /forms/lservlet;jsessionid=ac16012b30d5c4a8be8ccc53449b9be8c0d8c2531401.e3iSbxaKaheRe34Sa3yKbhiTahb0n6jAmljGr5XDqQLvpAe HTTP/1.1" 200 2
190.147.131.52 - - [28/Dec/2014:13:20:42 -0500] "POST /forms/lservlet;jsessionid=ac16012b30d5c4a8be8ccc53449b9be8c0d8c2531401.e3iSbxaKaheRe34Sa3yKbhiTahb0n6jAmljGr5XDqQLvpAe HTTP/1.1" 200 4225
190.147.131.52 - - [28/Dec/2014:13:20:43 -0500] "POST /forms/lservlet;jsessionid=ac16012b30d5c4a8be8ccc53449b9be8c0d8c2531401.e3iSbxaKaheRe34Sa3yKbhiTahb0n6jAmljGr5XDqQLvpAe HTTP/1.1" 200 2
186.84.40.34 - - [28/Dec/2014:13:20:44 -0500] "POST /forms/lservlet;jsessionid=ac16012b30d564bef53d3dc646be8de9f994574197ef.e3iSbxaKaheRe34Sa3yKbhiTahb0n6jAmljGr5XDqQLvpAe HTTP/1.1" 200 66
190.147.131.52 - - [28/Dec/2014:13:20:44 -0500] "POST /forms/lservlet;jsessionid=ac16012b30d5c4a8be8ccc53449b9be8c0d8c2531401.e3iSbxaKaheRe34Sa3yKbhiTahb0n6jAmljGr5XDqQLvpAe HTTP/1.1" 200 2
190.147.131.52 - - [28/Dec/2014:13:20:44 -0500] "POST /forms/lservlet;jsessionid=ac16012b30d5c4a8be8ccc53449b9be8c0d8c2531401.e3iSbxaKaheRe34Sa3yKbhiTahb0n6jAmljGr5XDqQLvpAe HTTP/1.1" 200 2978
190.147.131.52 - - [28/Dec/2014:13:20:45 -0500] "POST /forms/lservlet;jsessionid=ac16012b30d5c4a8be8ccc53449b9be8c0d8c2531401.e3iSbxaKaheRe34Sa3yKbhiTahb0n6jAmljGr5XDqQLvpAe HTTP/1.1" 200 2
190.147.131.52 - - [28/Dec/2014:13:20:46 -0500] "POST /forms/lservlet;jsessionid=ac16012b30d5c4a8be8ccc53449b9be8c0d8c2531401.e3iSbxaKaheRe34Sa3yKbhiTahb0n6jAmljGr5XDqQLvpAe HTTP/1.1" 200 2
186.84.40.34 - - [28/Dec/2014:13:20:46 -0500] "POST /forms/lservlet;jsessionid=ac16012b30d564bef53d3dc646be8de9f994574197ef.e3iSbxaKaheRe34Sa3yKbhiTahb0n6jAmljGr5XDqQLvpAe HTTP/1.1" 200 2292
190.147.131.52 - - [28/Dec/2014:13:20:46 -0500] "POST /forms/lservlet;jsessionid=ac16012b30d5c4a8be8ccc53449b9be8c0d8c2531401.e3iSbxaKaheRe34Sa3yKbhiTahb0n6jAmljGr5XDqQLvpAe HTTP/1.1" 200 2832
190.147.131.52 - - [28/Dec/2014:13:20:46 -0500] "POST /forms/lservlet;jsessionid=ac16012b30d5c4a8be8ccc53449b9be8c0d8c2531401.e3iSbxaKaheRe34Sa3yKbhiTahb0n6jAmljGr5XDqQLvpAe HTTP/1.1" 200 2
190.147.131.52 - - [28/Dec/2014:13:20:47 -0500] "POST /forms/lservlet;jsessionid=ac16012b30d5c4a8be8ccc53449b9be8c0d8c2531401.e3iSbxaKaheRe34Sa3yKbhiTahb0n6jAmljGr5XDqQLvpAe HTTP/1.1" 200 2
190.147.131.52 - - [28/Dec/2014:13:20:47 -0500] "POST /forms/lservlet;jsessionid=ac16012b30d5c4a8be8ccc53449b9be8c0d8c2531401.e3iSbxaKaheRe34Sa3yKbhiTahb0n6jAmljGr5XDqQLvpAe HTTP/1.1" 200 2768
190.147.131.52 - - [28/Dec/2014:13:20:47 -0500] "POST /forms/lservlet;jsessionid=ac16012b30d5c4a8be8ccc53449b9be8c0d8c2531401.e3iSbxaKaheRe34Sa3yKbhiTahb0n6jAmljGr5XDqQLvpAe HTTP/1.1" 200 2
190.147.131.52 - - [28/Dec/2014:13:20:48 -0500] "POST /forms/lservlet;jsessionid=ac16012b30d5c4a8be8ccc53449b9be8c0d8c2531401.e3iSbxaKaheRe34Sa3yKbhiTahb0n6jAmljGr5XDqQLvpAe HTTP/1.1" 200 2
190.147.131.52 - - [28/Dec/2014:13:20:48 -0500] "POST /forms/lservlet;jsessionid=ac16012b30d5c4a8be8ccc53449b9be8c0d8c2531401.e3iSbxaKaheRe34Sa3yKbhiTahb0n6jAmljGr5XDqQLvpAe HTTP/1.1" 200 3124
190.147.131.52 - - [28/Dec/2014:13:20:48 -0500] "POST /forms/lservlet;jsessionid=ac16012b30d5c4a8be8ccc53449b9be8c0d8c2531401.e3iSbxaKaheRe34Sa3yKbhiTahb0n6jAmljGr5XDqQLvpAe HTTP/1.1" 200 2
190.147.131.52 - - [28/Dec/2014:13:20:49 -0500] "POST /forms/lservlet;jsessionid=ac16012b30d5c4a8be8ccc53449b9be8c0d8c2531401.e3iSbxaKaheRe34Sa3yKbhiTahb0n6jAmljGr5XDqQLvpAe HTTP/1.1" 200 2
190.147.131.52 - - [28/Dec/2014:13:20:49 -0500] "POST /forms/lservlet;jsessionid=ac16012b30d5c4a8be8ccc53449b9be8c0d8c2531401.e3iSbxaKaheRe34Sa3yKbhiTahb0n6jAmljGr5XDqQLvpAe HTTP/1.1" 200 3004
190.147.131.52 - - [28/Dec/2014:13:20:49 -0500] "POST /forms/lservlet;jsessionid=ac16012b30d5c4a8be8ccc53449b9be8c0d8c2531401.e3iSbxaKaheRe34Sa3yKbhiTahb0n6jAmljGr5XDqQLvpAe HTTP/1.1" 200 2
190.147.131.52 - - [28/Dec/2014:13:20:49 -0500] "POST /forms/lservlet;jsessionid=ac16012b30d5c4a8be8ccc53449b9be8c0d8c2531401.e3iSbxaKaheRe34Sa3yKbhiTahb0n6jAmljGr5XDqQLvpAe HTTP/1.1" 200 2
190.147.131.52 - - [28/Dec/2014:13:20:50 -0500] "POST /forms/lservlet;jsessionid=ac16012b30d5c4a8be8ccc53449b9be8c0d8c2531401.e3iSbxaKaheRe34Sa3yKbhiTahb0n6jAmljGr5XDqQLvpAe HTTP/1.1" 200 3012
190.147.131.52 - - [28/Dec/2014:13:20:50 -0500] "POST /forms/lservlet;jsessionid=ac16012b30d5c4a8be8ccc53449b9be8c0d8c2531401.e3iSbxaKaheRe34Sa3yKbhiTahb0n6jAmljGr5XDqQLvpAe HTTP/1.1" 200 2
190.147.131.52 - - [28/Dec/2014:13:20:50 -0500] "POST /forms/lservlet;jsessionid=ac16012b30d5c4a8be8ccc53449b9be8c0d8c2531401.e3iSbxaKaheRe34Sa3yKbhiTahb0n6jAmljGr5XDqQLvpAe HTTP/1.1" 200 2
190.147.131.52 - - [28/Dec/2014:13:20:50 -0500] "POST /forms/lservlet;jsessionid=ac16012b30d5c4a8be8ccc53449b9be8c0d8c2531401.e3iSbxaKaheRe34Sa3yKbhiTahb0n6jAmljGr5XDqQLvpAe HTTP/1.1" 200 2136
190.147.131.52 - - [28/Dec/2014:13:20:50 -0500] "POST /forms/lservlet;jsessionid=ac16012b30d5c4a8be8ccc53449b9be8c0d8c2531401.e3iSbxaKaheRe34Sa3yKbhiTahb0n6jAmljGr5XDqQLvpAe HTTP/1.1" 200 10
186.84.40.34 - - [28/Dec/2014:13:20:56 -0500] "POST /forms/lservlet;jsessionid=ac16012b30d564bef53d3dc646be8de9f994574197ef.e3iSbxaKaheRe34Sa3yKbhiTahb0n6jAmljGr5XDqQLvpAe HTTP/1.1" 200 24
186.84.40.34 - - [28/Dec/2014:13:20:56 -0500] "POST /forms/lservlet;jsessionid=ac16012b30d564bef53d3dc646be8de9f994574197ef.e3iSbxaKaheRe34Sa3yKbhiTahb0n6jAmljGr5XDqQLvpAe HTTP/1.1" 200 3692
186.84.40.34 - - [28/Dec/2014:13:20:56 -0500] "POST /forms/lservlet;jsessionid=ac16012b30d564bef53d3dc646be8de9f994574197ef.e3iSbxaKaheRe34Sa3yKbhiTahb0n6jAmljGr5XDqQLvpAe HTTP/1.1" 200 2
180.76.6.36 - - [28/Dec/2014:13:21:12 -0500] "GET /BLA/resoluciones/RESOLUCIONES%202007/RES%202007%203501%20AL%203600/RESOLUCION%203544%20DE%202007.pdf HTTP/1.1" 200 174099
181.207.235.253 - - [28/Dec/2014:13:21:19 -0500] "GET /forest/session.jsp?a=0.47818291606381536 HTTP/1.1" 200 4
186.154.84.82 - - [28/Dec/2014:13:21:21 -0500] "GET /forest/session.jsp?a=0.5173928183503449 HTTP/1.1" 200 4
181.54.57.138 - - [28/Dec/2014:13:21:29 -0500] "POST /forms/lservlet;jsessionid=ac16012b30d583ab687cf42045bc85aeb60ace941d75.e3iSbxaKaheRe34Sa3yKbhiTahb0n6jAmljGr5XDqQLvpAe HTTP/1.1" 200 2
188.165.15.188 - - [28/Dec/2014:13:21:35 -0500] "GET /BLA/resoluciones/RESOLUCIONES%202002/RES%202002%201901-1950/20021917.tif HTTP/1.1" 200 112930
188.165.15.37 - - [28/Dec/2014:13:21:50 -0500] "GET /BLA/resoluciones/RESOLUCIONES%202005/RES%202005%20701-750/00000727.tif HTTP/1.1" 200 609820
180.76.5.145 - - [28/Dec/2014:13:22:00 -0500] "GET /BLA/resoluciones/RESOLUCIONES%202007/RES%202007%20201%20AL%20300/RESOLUCION%200281%20DE%202007.pdf HTTP/1.1" 200 310958
66.249.64.171 - - [28/Dec/2014:13:22:01 -0500] "GET /BLA/resoluciones/RESOLUCIONES%202008/3761.pdf HTTP/1.1" 200 1044897
190.158.96.233 - - [28/Dec/2014:13:22:05 -0500] "GET /BLA/boletinlegal/js/jquery.js HTTP/1.1" 200 57254
190.158.96.233 - - [28/Dec/2014:13:22:05 -0500] "GET /galeria/carrusel/Carrusel/jquery.thumbnailScroller.css HTTP/1.1" 200 2066
190.158.96.233 - - [28/Dec/2014:13:22:05 -0500] "GET /BLA/boletinlegal/js/jquery.scrollTo-min.js HTTP/1.1" 200 1150
190.158.96.233 - - [28/Dec/2014:13:22:05 -0500] "GET /BLA/boletinlegal/js/jquery.scrollShow.js HTTP/1.1" 200 4586
190.158.96.233 - - [28/Dec/2014:13:22:05 -0500] "GET /galeria/carrusel/Carrusel/jquery-ui-1.8.13.custom.min.js HTTP/1.1" 200 10800
190.158.96.233 - - [28/Dec/2014:13:22:05 -0500] "GET /galeria/carrusel/Carrusel/jquery.thumbnailScroller.js HTTP/1.1" 200 8157
190.158.96.233 - - [28/Dec/2014:13:22:09 -0500] "GET /galeria/nivo-slider/demo/demo.html HTTP/1.1" 200 3237
190.158.96.233 - - [28/Dec/2014:13:22:10 -0500] "GET /galeria/nivo-slider/themes/default/default.css HTTP/1.1" 200 1569
190.158.96.233 - - [28/Dec/2014:13:22:10 -0500] "GET /galeria/nivo-slider/themes/pascal/pascal.css HTTP/1.1" 200 2258
190.158.96.233 - - [28/Dec/2014:13:22:11 -0500] "GET /galeria/nivo-slider/themes/orman/orman.css HTTP/1.1" 200 2152
190.158.96.233 - - [28/Dec/2014:13:22:11 -0500] "GET /galeria/nivo-slider/nivo-slider.css HTTP/1.1" 200 1507
190.158.96.233 - - [28/Dec/2014:13:22:11 -0500] "GET /galeria/nivo-slider/demo/images/bolsas-08.jpg HTTP/1.1" 200 85589
190.158.96.233 - - [28/Dec/2014:13:22:11 -0500] "GET /galeria/nivo-slider/demo/style.css HTTP/1.1" 200 2222
190.158.96.233 - - [28/Dec/2014:13:22:11 -0500] "GET /galeria/nivo-slider/demo/scripts/jquery-1.7.1.min.js HTTP/1.1" 200 93868
190.158.96.233 - - [28/Dec/2014:13:22:11 -0500] "GET /galeria/nivo-slider/jquery.nivo.slider.pack.js HTTP/1.1" 200 11561
190.158.96.233 - - [28/Dec/2014:13:22:11 -0500] "GET /galeria/nivo-slider/demo/images/Ruta-vertimientos-01.jpg HTTP/1.1" 200 130151
190.158.96.233 - - [28/Dec/2014:13:22:11 -0500] "GET /galeria/nivo-slider/demo/images/ecolecta-Dic2014.png HTTP/1.1" 200 288593
190.158.96.233 - - [28/Dec/2014:13:22:11 -0500] "GET /galeria/nivo-slider/demo/images/bolsas-06.jpg HTTP/1.1" 200 90982
190.158.96.233 - - [28/Dec/2014:13:22:11 -0500] "GET /galeria/nivo-slider/demo/images/Banner-GAE3.jpg HTTP/1.1" 200 146354
190.158.96.233 - - [28/Dec/2014:13:22:11 -0500] "GET /galeria/nivo-slider/demo/images/porloshumedales.jpg HTTP/1.1" 200 351238
190.158.96.233 - - [28/Dec/2014:13:22:12 -0500] "GET /galeria/nivo-slider/demo/images/Tingua-azul.jpg HTTP/1.1" 200 307638
190.158.96.233 - - [28/Dec/2014:13:22:12 -0500] "GET /galeria/nivo-slider/demo/images/4Simple_Slider.png HTTP/1.1" 200 11722
190.158.96.233 - - [28/Dec/2014:13:22:12 -0500] "GET /galeria/nivo-slider/themes/default/loading.gif HTTP/1.1" 200 1737
190.158.96.233 - - [28/Dec/2014:13:22:12 -0500] "GET /galeria/nivo-slider/demo/images/Banner-Caracol-Africano.jpg HTTP/1.1" 200 331986
190.158.96.233 - - [28/Dec/2014:13:22:12 -0500] "GET /galeria/nivo-slider/demo/images/banner-redes.jpg HTTP/1.1" 200 62209
190.158.96.233 - - [28/Dec/2014:13:22:12 -0500] "GET /galeria/nivo-slider/demo/images/9Signos.jpg HTTP/1.1" 200 93040
190.158.96.233 - - [28/Dec/2014:13:22:13 -0500] "GET /galeria/nivo-slider/demo/images/banner-llantas2.jpg HTTP/1.1" 200 73153
190.158.96.233 - - [28/Dec/2014:13:22:13 -0500] "GET /galeria/nivo-slider/demo/images/banner-caballos.png HTTP/1.1" 200 389106
190.158.96.233 - - [28/Dec/2014:13:22:17 -0500] "GET /galeria/nivo-slider/themes/default/arrows.png HTTP/1.1" 200 824
190.158.96.233 - - [28/Dec/2014:13:22:17 -0500] "GET /galeria/nivo-slider/themes/default/bullets.png HTTP/1.1" 200 1281
186.84.40.34 - - [28/Dec/2014:13:22:22 -0500] "POST /forms/lservlet;jsessionid=ac16012b30d564bef53d3dc646be8de9f994574197ef.e3iSbxaKaheRe34Sa3yKbhiTahb0n6jAmljGr5XDqQLvpAe HTTP/1.1" 200 2
190.158.96.233 - - [28/Dec/2014:13:22:22 -0500] "GET /videos/Spot_CambioClimatico.flv HTTP/1.1" 200 4371917
186.84.40.34 - - [28/Dec/2014:13:22:26 -0500] "POST /forms/lservlet;jsessionid=ac16012b30d564bef53d3dc646be8de9f994574197ef.e3iSbxaKaheRe34Sa3yKbhiTahb0n6jAmljGr5XDqQLvpAe HTTP/1.1" 200 76
190.147.131.52 - - [28/Dec/2014:13:22:31 -0500] "POST /forms/lservlet;jsessionid=ac16012b30d5c4a8be8ccc53449b9be8c0d8c2531401.e3iSbxaKaheRe34Sa3yKbhiTahb0n6jAmljGr5XDqQLvpAe HTTP/1.1" 200 2
180.76.6.36 - - [28/Dec/2014:13:22:48 -0500] "GET /BLA/resoluciones/RESOLUCIONES%202008/2389.pdf HTTP/1.1" 200 427911
181.54.57.138 - - [28/Dec/2014:13:23:29 -0500] "POST /forms/lservlet;jsessionid=ac16012b30d583ab687cf42045bc85aeb60ace941d75.e3iSbxaKaheRe34Sa3yKbhiTahb0n6jAmljGr5XDqQLvpAe HTTP/1.1" 200 2
180.76.6.156 - - [28/Dec/2014:13:23:38 -0500] "GET /BLA/resoluciones/RESOLUCIONES%202007/RES%202007%202001%20AL%202100/RESOLUCION%202050%20DE%202007.pdf HTTP/1.1" 200 422091
188.165.15.10 - - [28/Dec/2014:13:23:42 -0500] "GET /BLA/resoluciones/RESOLUCIONES%202002/RES%202002%20301-350/00000302.tif HTTP/1.1" 200 55644
157.55.39.56 - - [28/Dec/2014:13:23:50 -0500] "GET /BLA/boletinlegal/js/jquery.js HTTP/1.1" 200 57254
191.102.235.178 - - [28/Dec/2014:13:23:53 -0500] "GET /BLA/boletinlegal/js/jquery.js HTTP/1.1" 200 57254
191.102.235.178 - - [28/Dec/2014:13:23:53 -0500] "GET /BLA/boletinlegal/js/jquery.scrollTo-min.js HTTP/1.1" 200 1150
191.102.235.178 - - [28/Dec/2014:13:23:53 -0500] "GET /BLA/boletinlegal/js/jquery.scrollShow.js HTTP/1.1" 200 4586
186.30.69.201 - - [28/Dec/2014:13:24:03 -0500] "GET /BLA/boletinlegal/js/jquery.scrollTo-min.js HTTP/1.1" 200 1150
186.30.69.201 - - [28/Dec/2014:13:24:03 -0500] "GET /BLA/boletinlegal/js/jquery.js HTTP/1.1" 200 57254
186.30.69.201 - - [28/Dec/2014:13:24:03 -0500] "GET /BLA/boletinlegal/js/jquery.scrollShow.js HTTP/1.1" 200 4586
201.184.136.50 - - [28/Dec/2014:13:24:06 -0500] "GET /forest/session.jsp?a=0.04563707276247442 HTTP/1.1" 200 4
186.84.40.34 - - [28/Dec/2014:13:24:22 -0500] "POST /forms/lservlet;jsessionid=ac16012b30d564bef53d3dc646be8de9f994574197ef.e3iSbxaKaheRe34Sa3yKbhiTahb0n6jAmljGr5XDqQLvpAe HTTP/1.1" 200 2
190.147.131.52 - - [28/Dec/2014:13:24:31 -0500] "POST /forms/lservlet;jsessionid=ac16012b30d5c4a8be8ccc53449b9be8c0d8c2531401.e3iSbxaKaheRe34Sa3yKbhiTahb0n6jAmljGr5XDqQLvpAe HTTP/1.1" 200 2
180.76.6.37 - - [28/Dec/2014:13:25:09 -0500] "GET /BLA/boletinlegal;jsessionid=A48C5009B630B01A2AD0DE4A9302913E?/? HTTP/1.1" 404 1018
66.249.64.171 - - [28/Dec/2014:13:25:10 -0500] "GET /BLA/resoluciones/AUTOS%202008/2544.pdf HTTP/1.1" 304 -
180.76.5.80 - - [28/Dec/2014:13:25:14 -0500] "GET /BLA/resoluciones/RESOLUCIONES%202007/RES%202007%20201%20AL%20300/RESOLUCION%200270%20DE%202007.pdf HTTP/1.1" 200 34961
157.55.39.56 - - [28/Dec/2014:13:25:20 -0500] "GET /BLA/boletinlegal/js/jquery.js HTTP/1.1" 200 57254
188.165.15.37 - - [28/Dec/2014:13:25:22 -0500] "GET /BLA/boletinlegal/documentos-importantes.php HTTP/1.1" 200 4822
181.54.57.138 - - [28/Dec/2014:13:25:29 -0500] "POST /forms/lservlet;jsessionid=ac16012b30d583ab687cf42045bc85aeb60ace941d75.e3iSbxaKaheRe34Sa3yKbhiTahb0n6jAmljGr5XDqQLvpAe HTTP/1.1" 200 2
186.84.40.34 - - [28/Dec/2014:13:25:31 -0500] "POST /forms/lservlet;jsessionid=ac16012b30d564bef53d3dc646be8de9f994574197ef.e3iSbxaKaheRe34Sa3yKbhiTahb0n6jAmljGr5XDqQLvpAe HTTP/1.1" 200 66
186.84.40.34 - - [28/Dec/2014:13:25:32 -0500] "POST /forms/lservlet;jsessionid=ac16012b30d564bef53d3dc646be8de9f994574197ef.e3iSbxaKaheRe34Sa3yKbhiTahb0n6jAmljGr5XDqQLvpAe HTTP/1.1" 200 2295
188.165.15.44 - - [28/Dec/2014:13:25:35 -0500] "GET /BLA/resoluciones/RESOLUCIONES%202004/RES%202004%2051-100/00000064.tif HTTP/1.1" 200 115708
74.86.158.107 - - [28/Dec/2014:13:25:36 -0500] "HEAD / HTTP/1.1" 302 -
186.84.40.34 - - [28/Dec/2014:13:25:40 -0500] "POST /forms/lservlet;jsessionid=ac16012b30d564bef53d3dc646be8de9f994574197ef.e3iSbxaKaheRe34Sa3yKbhiTahb0n6jAmljGr5XDqQLvpAe HTTP/1.1" 200 24
186.84.40.34 - - [28/Dec/2014:13:25:40 -0500] "POST /forms/lservlet;jsessionid=ac16012b30d564bef53d3dc646be8de9f994574197ef.e3iSbxaKaheRe34Sa3yKbhiTahb0n6jAmljGr5XDqQLvpAe HTTP/1.1" 200 3673
186.84.40.34 - - [28/Dec/2014:13:25:41 -0500] "POST /forms/lservlet;jsessionid=ac16012b30d564bef53d3dc646be8de9f994574197ef.e3iSbxaKaheRe34Sa3yKbhiTahb0n6jAmljGr5XDqQLvpAe HTTP/1.1" 200 2
157.55.39.56 - - [28/Dec/2014:13:25:50 -0500] "GET /BLA/boletinlegal/js/jquery.js HTTP/1.1" 200 57254
157.55.39.56 - - [28/Dec/2014:13:25:51 -0500] "GET /BLA/boletinlegal/js/jquery.js HTTP/1.1" 200 57254
180.76.6.133 - - [28/Dec/2014:13:26:02 -0500] "GET /BLA/resoluciones/AUTOS%202009/0284.pdf HTTP/1.1" 200 107966
181.207.235.253 - - [28/Dec/2014:13:26:20 -0500] "GET /forest/session.jsp?a=0.012175585608929396 HTTP/1.1" 200 4
186.84.40.34 - - [28/Dec/2014:13:26:22 -0500] "POST /forms/lservlet;jsessionid=ac16012b30d564bef53d3dc646be8de9f994574197ef.e3iSbxaKaheRe34Sa3yKbhiTahb0n6jAmljGr5XDqQLvpAe HTTP/1.1" 200 2
186.154.84.82 - - [28/Dec/2014:13:26:22 -0500] "GET /forest/session.jsp?a=0.22873106691986322 HTTP/1.1" 200 4
190.147.131.52 - - [28/Dec/2014:13:26:31 -0500] "POST /forms/lservlet;jsessionid=ac16012b30d5c4a8be8ccc53449b9be8c0d8c2531401.e3iSbxaKaheRe34Sa3yKbhiTahb0n6jAmljGr5XDqQLvpAe HTTP/1.1" 200 2
180.76.6.58 - - [28/Dec/2014:13:26:52 -0500] "GET /BLA/boletinlegal;jsessionid=1B5BC35E86FC1BCAF654F13FE25E378E?/? HTTP/1.1" 404 1018
75.110.79.91 - - [28/Dec/2014:13:27:00 -0500] "GET /webdav/x32.php HTTP/1.1" 404 1018
157.55.39.56 - - [28/Dec/2014:13:27:03 -0500] "GET /robots.txt HTTP/1.1" 404 1018
157.55.39.56 - - [28/Dec/2014:13:27:05 -0500] "GET /BLA/boletinlegal/js/jquery.js HTTP/1.1" 200 57254
181.54.57.138 - - [28/Dec/2014:13:27:29 -0500] "POST /forms/lservlet;jsessionid=ac16012b30d583ab687cf42045bc85aeb60ace941d75.e3iSbxaKaheRe34Sa3yKbhiTahb0n6jAmljGr5XDqQLvpAe HTTP/1.1" 200 2
188.165.15.192 - - [28/Dec/2014:13:27:32 -0500] "GET /BLA/resoluciones/index.php?dir=RESOLUCIONES%202006/RES%202006%202301-2350/&sort=date&order=asc HTTP/1.1" 200 12364
180.76.5.169 - - [28/Dec/2014:13:27:40 -0500] "GET /BLA/resoluciones/RESOLUCIONES%202011/4482.pdf HTTP/1.1" 200 326321
186.30.81.23 - - [28/Dec/2014:13:27:48 -0500] "GET /BLA/resoluciones/RESOLUCIONES%202012/1343.pdf HTTP/1.1" 200 1035224
188.165.15.26 - - [28/Dec/2014:13:28:13 -0500] "GET /BLA/resoluciones/index.php?dir=RESOLUCIONES%202006/RES%202006%202601-2650/&sort=size&order=desc HTTP/1.1" 200 11938
66.249.64.171 - - [28/Dec/2014:13:28:19 -0500] "GET /BLA/resoluciones/RESOLUCIONES%202011/1950.pdf HTTP/1.1" 200 291396
186.84.40.34 - - [28/Dec/2014:13:28:22 -0500] "POST /forms/lservlet;jsessionid=ac16012b30d564bef53d3dc646be8de9f994574197ef.e3iSbxaKaheRe34Sa3yKbhiTahb0n6jAmljGr5XDqQLvpAe HTTP/1.1" 200 2
181.54.57.138 - - [28/Dec/2014:13:28:30 -0500] "POST /forms/lservlet;jsessionid=ac16012b30d583ab687cf42045bc85aeb60ace941d75.e3iSbxaKaheRe34Sa3yKbhiTahb0n6jAmljGr5XDqQLvpAe HTTP/1.1" 200 145
190.147.131.52 - - [28/Dec/2014:13:28:31 -0500] "POST /forms/lservlet;jsessionid=ac16012b30d5c4a8be8ccc53449b9be8c0d8c2531401.e3iSbxaKaheRe34Sa3yKbhiTahb0n6jAmljGr5XDqQLvpAe HTTP/1.1" 200 2
186.84.40.34 - - [28/Dec/2014:13:28:36 -0500] "POST /forms/lservlet;jsessionid=ac16012b30d564bef53d3dc646be8de9f994574197ef.e3iSbxaKaheRe34Sa3yKbhiTahb0n6jAmljGr5XDqQLvpAe HTTP/1.1" 200 76
188.165.15.188 - - [28/Dec/2014:13:28:41 -0500] "GET /BLA/resoluciones/RESOLUCIONES%202005/RES%202005%202051-2100/00002068.tif HTTP/1.1" 200 137242
217.76.132.233 - - [28/Dec/2014:13:28:45 -0500] "GET /old/wp-admin/ HTTP/1.1" 404 1018
201.184.136.50 - - [28/Dec/2014:13:29:07 -0500] "GET /forest/session.jsp?a=0.8906067335046828 HTTP/1.1" 200 4
181.54.57.138 - - [28/Dec/2014:13:29:18 -0500] "POST /forms/lservlet;jsessionid=ac16012b30d583ab687cf42045bc85aeb60ace941d75.e3iSbxaKaheRe34Sa3yKbhiTahb0n6jAmljGr5XDqQLvpAe HTTP/1.1" 200 108
188.165.15.208 - - [28/Dec/2014:13:29:22 -0500] "GET /BLA/resoluciones/RESOLUCIONES%202002/RES%202002%201401-1450/20021444.tif HTTP/1.1" 200 120020
181.54.57.138 - - [28/Dec/2014:13:29:29 -0500] "POST /forms/lservlet;jsessionid=ac16012b30d583ab687cf42045bc85aeb60ace941d75.e3iSbxaKaheRe34Sa3yKbhiTahb0n6jAmljGr5XDqQLvpAe HTTP/1.1" 200 2
186.84.43.12 - - [28/Dec/2014:13:29:43 -0500] "GET /Report2/login.do HTTP/1.1" 503 1124
186.84.43.12 - - [28/Dec/2014:13:29:44 -0500] "GET /Report2/login.do HTTP/1.1" 503 1124
188.165.15.208 - - [28/Dec/2014:13:29:50 -0500] "GET /BLA/resoluciones/RESOLUCIONES%202005/RES%202005%202301-2350/00002306.tif HTTP/1.1" 200 126568
186.84.40.34 - - [28/Dec/2014:13:30:22 -0500] "POST /forms/lservlet;jsessionid=ac16012b30d564bef53d3dc646be8de9f994574197ef.e3iSbxaKaheRe34Sa3yKbhiTahb0n6jAmljGr5XDqQLvpAe HTTP/1.1" 200 2
190.147.131.52 - - [28/Dec/2014:13:30:31 -0500] "POST /forms/lservlet;jsessionid=ac16012b30d5c4a8be8ccc53449b9be8c0d8c2531401.e3iSbxaKaheRe34Sa3yKbhiTahb0n6jAmljGr5XDqQLvpAe HTTP/1.1" 200 2
74.86.158.107 - - [28/Dec/2014:13:30:36 -0500] "HEAD / HTTP/1.1" 302 -
186.154.84.82 - - [28/Dec/2014:13:30:54 -0500] "POST /forest/usutareas.do? HTTP/1.1" 200 76
186.154.84.82 - - [28/Dec/2014:13:31:04 -0500] "GET /forest/skins/gdocs-jar/img/iconAddress.png HTTP/1.1" 200 761
186.154.84.82 - - [28/Dec/2014:13:31:05 -0500] "GET /forest/skins/gdocs-jar/img/upload_file_icon.gif HTTP/1.1" 200 291
186.154.84.82 - - [28/Dec/2014:13:30:57 -0500] "GET /forest/usutareas.do?group_system_actual=3&a=0.7138099502772093 HTTP/1.1" 200 979452
186.154.84.82 - - [28/Dec/2014:13:31:07 -0500] "GET /forest/session.jsp?a=0.05038969195447862 HTTP/1.1" 200 4
186.154.84.82 - - [28/Dec/2014:13:31:07 -0500] "GET /forest/actions/forms.getList?codForm=ANEXO_UNO&id=Aguas_Superf984 HTTP/1.1" 200 139
186.154.84.82 - - [28/Dec/2014:13:31:08 -0500] "GET /forest/actions/forms.getList?codForm=ANEXO_UNO&id=Aguas_Subterr1342 HTTP/1.1" 200 139
186.154.84.82 - - [28/Dec/2014:13:31:08 -0500] "GET /forest/actions/forms.getList?codForm=ANEXO_UNO&id=Vertimientos312 HTTP/1.1" 200 139
186.154.84.82 - - [28/Dec/2014:13:31:08 -0500] "GET /forest/actions/forms.getList?codForm=ANEXO_UNO&id=Aceites_Usados626 HTTP/1.1" 200 139
186.154.84.82 - - [28/Dec/2014:13:31:15 -0500] "GET /forest/actions/forms.getMappedValues?id=NUMTER1346&value=800196433-9&codForm=ANEXO_UNO&a=0.8045075298286974 HTTP/1.1" 200 219
186.154.84.82 - - [28/Dec/2014:13:31:15 -0500] "GET /forest/actions/forms.getMappedValues?id=tercero2337&value=800196433-9&codForm=ANEXO_UNO&a=0.7228453217539936 HTTP/1.1" 200 151
181.207.235.253 - - [28/Dec/2014:13:31:20 -0500] "-" 408 -
186.84.40.34 - - [28/Dec/2014:13:31:21 -0500] "POST /forms/lservlet;jsessionid=ac16012b30d564bef53d3dc646be8de9f994574197ef.e3iSbxaKaheRe34Sa3yKbhiTahb0n6jAmljGr5XDqQLvpAe HTTP/1.1" 200 66
186.84.40.34 - - [28/Dec/2014:13:31:22 -0500] "POST /forms/lservlet;jsessionid=ac16012b30d564bef53d3dc646be8de9f994574197ef.e3iSbxaKaheRe34Sa3yKbhiTahb0n6jAmljGr5XDqQLvpAe HTTP/1.1" 200 2290
186.84.40.34 - - [28/Dec/2014:13:31:28 -0500] "POST /forms/lservlet;jsessionid=ac16012b30d564bef53d3dc646be8de9f994574197ef.e3iSbxaKaheRe34Sa3yKbhiTahb0n6jAmljGr5XDqQLvpAe HTTP/1.1" 200 24
186.84.40.34 - - [28/Dec/2014:13:31:28 -0500] "POST /forms/lservlet;jsessionid=ac16012b30d564bef53d3dc646be8de9f994574197ef.e3iSbxaKaheRe34Sa3yKbhiTahb0n6jAmljGr5XDqQLvpAe HTTP/1.1" 200 3665
66.249.64.171 - - [28/Dec/2014:13:31:29 -0500] "GET /BLA/resoluciones/RESOLUCIONES%202011/0183.pdf HTTP/1.1" 304 -
186.84.40.34 - - [28/Dec/2014:13:31:29 -0500] "POST /forms/lservlet;jsessionid=ac16012b30d564bef53d3dc646be8de9f994574197ef.e3iSbxaKaheRe34Sa3yKbhiTahb0n6jAmljGr5XDqQLvpAe HTTP/1.1" 200 2
181.54.57.138 - - [28/Dec/2014:13:31:29 -0500] "POST /forms/lservlet;jsessionid=ac16012b30d583ab687cf42045bc85aeb60ace941d75.e3iSbxaKaheRe34Sa3yKbhiTahb0n6jAmljGr5XDqQLvpAe HTTP/1.1" 200 2
186.154.84.82 - - [28/Dec/2014:13:31:31 -0500] "POST /forest/usutareas.do? HTTP/1.1" 200 76
186.154.84.82 - - [28/Dec/2014:13:31:37 -0500] "GET /forest/usutareas.do?group_system_actual=3&a=0.6678502515424043 HTTP/1.1" 200 105554
186.154.84.82 - - [28/Dec/2014:13:31:40 -0500] "GET /forest/session.jsp?a=0.9221141713205725 HTTP/1.1" 200 4
186.154.84.82 - - [28/Dec/2014:13:31:40 -0500] "GET /forest/actions/forms.getMappedValues?id=tercero9182&value=800196433-9&codForm=REPORTE_CT_SEGUI&a=0.7852271480951458 HTTP/1.1" 200 109
186.154.84.82 - - [28/Dec/2014:13:31:40 -0500] "GET /forest/actions/forms.getMappedValues?id=numexpediente152&value=24130&codForm=REPORTE_CT_SEGUI&a=0.5325517659075558 HTTP/1.1" 200 36
186.154.84.82 - - [28/Dec/2014:13:31:46 -0500] "GET /forest/skins/gdocs-jar/jsp/escritorio/usudocumentos-borr-adj.jsp?codBorr=1406850&a=0.450215230230242 HTTP/1.1" 200 3651
186.154.84.82 - - [28/Dec/2014:13:31:46 -0500] "GET /forest/img/borrar.gif HTTP/1.1" 304 -
186.154.84.82 - - [28/Dec/2014:13:31:46 -0500] "GET /forest/json.do?query=listBorradorAdj&codtraborr=1406850&a=0.8462655758485198 HTTP/1.1" 200 215
186.154.84.82 - - [28/Dec/2014:13:31:46 -0500] "GET /forest/skins/gdocs-jar/img/icons/%60item.nombre.toLowerCase().substring(item.nombre.lastIndexOf('.')+1)%60.gif HTTP/1.1" 404 185
188.165.15.192 - - [28/Dec/2014:13:31:48 -0500] "GET /BLA/resoluciones/RESOLUCIONES%202002/RES%202002%2051-100/2002RES67.tif HTTP/1.1" 200 74256
186.154.84.82 - - [28/Dec/2014:13:31:57 -0500] "GET /forest/file/3095903 HTTP/1.1" 200 219958
188.165.15.10 - - [28/Dec/2014:13:32:21 -0500] "GET /BLA/resoluciones/RESOLUCIONES%202005/RES%202005%20201-250/00000247.tif HTTP/1.1" 200 124710
186.84.40.34 - - [28/Dec/2014:13:32:23 -0500] "POST /forms/lservlet;jsessionid=ac16012b30d564bef53d3dc646be8de9f994574197ef.e3iSbxaKaheRe34Sa3yKbhiTahb0n6jAmljGr5XDqQLvpAe HTTP/1.1" 200 2
190.147.131.52 - - [28/Dec/2014:13:32:31 -0500] "POST /forms/lservlet;jsessionid=ac16012b30d5c4a8be8ccc53449b9be8c0d8c2531401.e3iSbxaKaheRe34Sa3yKbhiTahb0n6jAmljGr5XDqQLvpAe HTTP/1.1" 200 2
186.154.84.82 - - [28/Dec/2014:13:32:46 -0500] "GET /forest/skins/gdocs-jar/popup/escritorio/subirborrador.jsp?form=REPORTE_CT_SEGUI&codTpl=&codBorr=469296&a=0.6963852539192885 HTTP/1.1" 200 23292
186.154.84.82 - - [28/Dec/2014:13:32:47 -0500] "GET /forest/json.do?query=borradoresByTpls&codInst=2911698&codTare=2797&firma=0&a=0.198930254438892 HTTP/1.1" 200 176
186.154.84.82 - - [28/Dec/2014:13:32:47 -0500] "GET /forest/actions/manager.fechaSumaDias?fecha=2014-12-28&dias=15&habil=true&a=0.5213188892230392 HTTP/1.1" 200 12
186.154.84.82 - - [28/Dec/2014:13:32:47 -0500] "GET /forest/json.do?query=plantillasByTarea&codTare=2797&codInst=2911698&firma=0&a=0.22073387540876865 HTTP/1.1" 200 153
186.154.84.82 - - [28/Dec/2014:13:32:47 -0500] "GET /forest/json.do?query=terceroById&numTer=800196433-9&a=0.07846076413989067 HTTP/1.1" 200 686
186.154.84.82 - - [28/Dec/2014:13:32:47 -0500] "GET /forest/json.do?query=datosBorradorByCodTraBorr&codTraBorr=1406850&a=0.8576137442141771 HTTP/1.1" 200 180
186.154.84.82 - - [28/Dec/2014:13:32:47 -0500] "GET /forest/json.do?query=adjuntosByBorrador&codTraBorr=1406850&a=0.03768628532998264 HTTP/1.1" 200 161
186.154.84.82 - - [28/Dec/2014:13:32:47 -0500] "GET /forest/json.do?query=ultimoBorradorByTpl&codTpl=1904&codInst=2911698&a=0.6552260282915086 HTTP/1.1" 200 20
186.154.84.82 - - [28/Dec/2014:13:32:48 -0500] "GET /forest/actions/manager.fechaSumaDias?fecha=2014-12-28&dias=15&habil=true&a=0.7067322917282581 HTTP/1.1" 200 12
188.165.15.188 - - [28/Dec/2014:13:33:02 -0500] "GET /BLA/resoluciones/RESOLUCIONES%202004/RES%202004%2001-%2050/00000021.tif HTTP/1.1" 200 52204
186.154.84.82 - - [28/Dec/2014:13:33:14 -0500] "POST /forest/usutareas.do?group_system_actual=3 HTTP/1.1" 200 144
186.154.84.82 - - [28/Dec/2014:13:33:16 -0500] "GET /forest/skins/gdocs-jar/img/error.gif HTTP/1.1" 200 822
181.54.212.126 - - [28/Dec/2014:13:33:20 -0500] "GET /BLA/boletinlegal/js/jquery.scrollTo-min.js HTTP/1.1" 200 1150
181.54.212.126 - - [28/Dec/2014:13:33:20 -0500] "GET /BLA/boletinlegal/js/jquery.scrollShow.js HTTP/1.1" 200 4586
181.54.212.126 - - [28/Dec/2014:13:33:20 -0500] "GET /BLA/boletinlegal/js/jquery.js HTTP/1.1" 200 57254
186.154.84.82 - - [28/Dec/2014:13:33:26 -0500] "POST /forest/usutareas.do?group_system_actual=3 HTTP/1.1" 200 144
181.54.57.138 - - [28/Dec/2014:13:33:30 -0500] "POST /forms/lservlet;jsessionid=ac16012b30d583ab687cf42045bc85aeb60ace941d75.e3iSbxaKaheRe34Sa3yKbhiTahb0n6jAmljGr5XDqQLvpAe HTTP/1.1" 200 2
190.25.232.143 - - [28/Dec/2014:13:33:54 -0500] "GET /StormSDA/stormWeb/presentacion.html HTTP/1.1" 304 -
188.165.15.44 - - [28/Dec/2014:13:33:54 -0500] "GET /BLA/resoluciones/RESOLUCIONES%202006/RES%202006%201001-1050/00001021.tif HTTP/1.1" 200 66596
201.184.136.50 - - [28/Dec/2014:13:34:08 -0500] "GET /forest/session.jsp?a=0.845694268355146 HTTP/1.1" 200 4
180.76.6.56 - - [28/Dec/2014:13:34:08 -0500] "GET /BLA/resoluciones/RESOLUCIONES%202007/RES%202007%202901%20AL%203000/RESOLUCION%202960%20DE%202007.pdf HTTP/1.1" 200 363293
186.84.40.34 - - [28/Dec/2014:13:34:23 -0500] "POST /forms/lservlet;jsessionid=ac16012b30d564bef53d3dc646be8de9f994574197ef.e3iSbxaKaheRe34Sa3yKbhiTahb0n6jAmljGr5XDqQLvpAe HTTP/1.1" 200 2
190.147.131.52 - - [28/Dec/2014:13:34:31 -0500] "POST /forms/lservlet;jsessionid=ac16012b30d5c4a8be8ccc53449b9be8c0d8c2531401.e3iSbxaKaheRe34Sa3yKbhiTahb0n6jAmljGr5XDqQLvpAe HTTP/1.1" 200 2
66.249.64.171 - - [28/Dec/2014:13:34:38 -0500] "GET /BLA/resoluciones/RESOLUCIONES%202007/RES%202007%203801%20AL%203900/RESOLUCION%203808%20DE%202007.pdf HTTP/1.1" 304 -
186.154.84.82 - - [28/Dec/2014:13:35:02 -0500] "POST /forest/usutareas.do?group_system_actual=3 HTTP/1.1" 200 192
186.154.84.82 - - [28/Dec/2014:13:35:09 -0500] "GET /forest/skins/gdocs-jar/jsp/usuario/usutareas-docs.jsp?codTraEsc=17195063&codInst=2911698&a=0.1882368188817054 HTTP/1.1" 200 7315
186.154.84.82 - - [28/Dec/2014:13:35:10 -0500] "GET /ForestMSG_SDA/channelAsync/template_word_?X-Atmosphere-tracking-id=79041951-306f-2a1e-54df-0d3d06c7c618&X-Atmosphere-Framework=1.0.5&X-Atmosphere-Transport=long-polling&tabid=0.48757036263123155&X-Cache-Date=0&Content-Type=application/xml&_=1419791865412 HTTP/1.1" 200 8293
181.54.171.188 - - [28/Dec/2014:13:35:21 -0500] "GET /BLA/boletinlegal/js/jquery.scrollTo-min.js HTTP/1.1" 200 1150
181.54.171.188 - - [28/Dec/2014:13:35:21 -0500] "GET /BLA/boletinlegal/js/jquery.js HTTP/1.1" 200 57254
181.54.171.188 - - [28/Dec/2014:13:35:21 -0500] "GET /BLA/boletinlegal/js/jquery.scrollShow.js HTTP/1.1" 200 4586
186.154.84.82 - - [28/Dec/2014:13:35:26 -0500] "GET /forest/skins/gdocs-jar/popup/escritorio/reasignar.jsp?codTraEsc=17195063&a=0.7225826347712427 HTTP/1.1" 200 3744
181.54.57.138 - - [28/Dec/2014:13:35:31 -0500] "POST /forms/lservlet;jsessionid=ac16012b30d583ab687cf42045bc85aeb60ace941d75.e3iSbxaKaheRe34Sa3yKbhiTahb0n6jAmljGr5XDqQLvpAe HTTP/1.1" 200 2
74.86.158.107 - - [28/Dec/2014:13:35:36 -0500] "HEAD / HTTP/1.1" 302 -
180.76.6.149 - - [28/Dec/2014:13:35:45 -0500] "GET /BLA/resoluciones/RESOLUCIONES%202007/RES%202007%203301%20AL%203400/RESOLUCION%203374%20DE%202007.pdf HTTP/1.1" 200 274961
157.55.39.57 - - [28/Dec/2014:13:35:50 -0500] "GET /robots.txt HTTP/1.1" 404 1018
190.145.92.18 - - [28/Dec/2014:13:35:50 -0500] "GET /videos/galeria-cronicas/1V3wnplaylist.htm? HTTP/1.1" 200 4013
190.145.92.18 - - [28/Dec/2014:13:35:50 -0500] "GET /videos/galeria-cronicas/js/jquery.jplayer.min.js HTTP/1.1" 200 43668
190.145.92.18 - - [28/Dec/2014:13:35:51 -0500] "GET /videos/galeria-cronicas/js/jplayer.playlist.min.js HTTP/1.1" 200 8608
190.145.92.18 - - [28/Dec/2014:13:35:51 -0500] "GET /videos/galeria-cronicas/skin/blue.monday/jplayer.blue.monday.css HTTP/1.1" 200 12518
190.145.92.18 - - [28/Dec/2014:13:35:51 -0500] "GET /videos/galeria-cronicas/skin/blue.monday/jplayer.blue.monday.video.play.png HTTP/1.1" 200 14424
190.145.92.18 - - [28/Dec/2014:13:35:51 -0500] "GET /videos/galeria-cronicas/skin/blue.monday/jplayer.blue.monday.jpg HTTP/1.1" 200 23189
119.63.196.95 - - [28/Dec/2014:13:35:56 -0500] "GET /phpold/b.JPG HTTP/1.1" 404 1019
190.127.233.6 - - [28/Dec/2014:13:36:02 -0500] "GET /BLA/resoluciones/RESOLUCIONES%202010/2001.pdf HTTP/1.1" 200 473709
181.133.13.66 - - [28/Dec/2014:13:36:03 -0500] "GET /BLA/boletinlegal/js/jquery.scrollTo-min.js HTTP/1.1" 200 1150
181.133.13.66 - - [28/Dec/2014:13:36:03 -0500] "GET /BLA/boletinlegal/js/jquery.js HTTP/1.1" 200 57254
181.133.13.66 - - [28/Dec/2014:13:36:03 -0500] "GET /BLA/boletinlegal/js/jquery.scrollShow.js HTTP/1.1" 200 4586
188.165.15.23 - - [28/Dec/2014:13:36:07 -0500] "GET /BLA/resoluciones/RESOLUCIONES%202005/RES%202005%202851-2900/00002867.tif HTTP/1.1" 200 127710
157.55.39.57 - - [28/Dec/2014:13:36:15 -0500] "GET /BLA/boletinlegal/js/jquery.js HTTP/1.1" 200 57254
186.154.84.82 - - [28/Dec/2014:13:36:21 -0500] "POST /forest/usutareas.do?group_system_actual=3 HTTP/1.1" 200 159
186.84.40.34 - - [28/Dec/2014:13:36:23 -0500] "POST /forms/lservlet;jsessionid=ac16012b30d564bef53d3dc646be8de9f994574197ef.e3iSbxaKaheRe34Sa3yKbhiTahb0n6jAmljGr5XDqQLvpAe HTTP/1.1" 200 2
186.154.84.82 - - [28/Dec/2014:13:36:24 -0500] "GET /forest/usutareas.do?group_system_actual=3&a=0.9192866156809032 HTTP/1.1" 200 19879
186.154.84.82 - - [28/Dec/2014:13:36:24 -0500] "GET /forest/session.jsp?a=0.6121243846137077 HTTP/1.1" 200 4
190.147.131.52 - - [28/Dec/2014:13:36:31 -0500] "POST /forms/lservlet;jsessionid=ac16012b30d5c4a8be8ccc53449b9be8c0d8c2531401.e3iSbxaKaheRe34Sa3yKbhiTahb0n6jAmljGr5XDqQLvpAe HTTP/1.1" 200 2
157.55.39.57 - - [28/Dec/2014:13:36:50 -0500] "GET /BLA/boletinlegal/js/jquery.js HTTP/1.1" 200 57254
190.84.108.68 - - [28/Dec/2014:13:36:56 -0500] "GET /BLA/boletinlegal/js/jquery.scrollTo-min.js HTTP/1.1" 200 1150
190.84.108.68 - - [28/Dec/2014:13:36:56 -0500] "GET /BLA/boletinlegal/js/jquery.js HTTP/1.1" 200 57254
190.84.108.68 - - [28/Dec/2014:13:36:56 -0500] "GET /BLA/boletinlegal/js/jquery.scrollShow.js HTTP/1.1" 200 4586
186.154.84.82 - - [28/Dec/2014:13:31:01 -0500] "GET /ForestMSG_SDA/channelAsync/template_word_17195062?X-Atmosphere-tracking-id=cb5e389f-c5f3-75dc-e38d-74498e1b75a7&X-Atmosphere-Framework=1.0.5&X-Atmosphere-Transport=long-polling&tabid=0.3363326503895223&X-Cache-Date=0&Content-Type=application/xml&_=1419791615621 HTTP/1.1" 200 8193
188.165.15.188 - - [28/Dec/2014:13:37:09 -0500] "GET /BLA/resoluciones/index.php?dir=RESOLUCIONES+2006%2FRES+2006+1601-1650%2F HTTP/1.1" 200 12366
220.181.108.91 - - [28/Dec/2014:13:37:10 -0500] "GET /BLA/resoluciones/RESOLUCIONES%202009/1787.pdf HTTP/1.1" 200 555417
188.165.15.188 - - [28/Dec/2014:13:37:13 -0500] "GET /BLA/resoluciones/RESOLUCIONES%202003/RES%202003%20901-950/913.tif HTTP/1.1" 200 532596
181.54.57.138 - - [28/Dec/2014:13:37:31 -0500] "POST /forms/lservlet;jsessionid=ac16012b30d583ab687cf42045bc85aeb60ace941d75.e3iSbxaKaheRe34Sa3yKbhiTahb0n6jAmljGr5XDqQLvpAe HTTP/1.1" 200 2
186.113.10.143 - - [28/Dec/2014:13:37:35 -0500] "GET /galeria/nivo-slider/demo/images/banner-calidad-aire.jpg HTTP/1.1" 304 -
89.168.71.173 - - [28/Dec/2014:13:37:36 -0500] "GET /webdav/ HTTP/1.1" 404 1018
186.154.84.82 - - [28/Dec/2014:13:31:40 -0500] "GET /ForestMSG_SDA/channelAsync/template_word_17195063?X-Atmosphere-tracking-id=908cad73-c5e0-4a3c-fbe8-df9ab596a62e&X-Atmosphere-Framework=1.0.5&X-Atmosphere-Transport=long-polling&tabid=0.2858658318873495&X-Cache-Date=0&Content-Type=application/xml&_=1419791654679 HTTP/1.1" 200 8193
66.249.64.167 - - [28/Dec/2014:13:37:48 -0500] "GET /BLA/resoluciones/AUTOS%202013/0488.pdf HTTP/1.1" 304 -
66.249.64.163 - - [28/Dec/2014:13:37:58 -0500] "GET /Report2/logout.do HTTP/1.1" 503 1020
186.84.40.34 - - [28/Dec/2014:13:38:23 -0500] "POST /forms/lservlet;jsessionid=ac16012b30d564bef53d3dc646be8de9f994574197ef.e3iSbxaKaheRe34Sa3yKbhiTahb0n6jAmljGr5XDqQLvpAe HTTP/1.1" 200 2
190.147.131.52 - - [28/Dec/2014:13:38:31 -0500] "POST /forms/lservlet;jsessionid=ac16012b30d5c4a8be8ccc53449b9be8c0d8c2531401.e3iSbxaKaheRe34Sa3yKbhiTahb0n6jAmljGr5XDqQLvpAe HTTP/1.1" 200 2
188.165.15.130 - - [28/Dec/2014:13:38:36 -0500] "GET /BLA/resoluciones/index.php?dir=RESOLUCIONES%202003/&sort=date&order=asc HTTP/1.1" 200 12286
201.184.136.50 - - [28/Dec/2014:13:39:09 -0500] "GET /forest/session.jsp?a=0.5026942498516291 HTTP/1.1" 200 4
180.76.6.154 - - [28/Dec/2014:13:39:26 -0500] "GET /BLA/resoluciones/RESOLUCIONES%202007/RES%202007%203301%20AL%203400/RESOLUCION%203321%20DE%202007.pdf HTTP/1.1" 200 679391
181.54.57.138 - - [28/Dec/2014:13:39:31 -0500] "POST /forms/lservlet;jsessionid=ac16012b30d583ab687cf42045bc85aeb60ace941d75.e3iSbxaKaheRe34Sa3yKbhiTahb0n6jAmljGr5XDqQLvpAe HTTP/1.1" 200 2
66.249.64.167 - - [28/Dec/2014:13:39:59 -0500] "GET /BLA/boletinlegal/images/img_1.jpg HTTP/1.1" 304 -
157.55.39.57 - - [28/Dec/2014:13:40:08 -0500] "GET /BLA/boletinlegal/js/jquery.js HTTP/1.1" 200 57254
180.76.6.137 - - [28/Dec/2014:13:40:16 -0500] "GET /BLA/resoluciones/RESOLUCIONES%202007/RES%202007%203301%20AL%203400/RESOLUCION%203323%20DE%202007.pdf HTTP/1.1" 200 637126
186.154.84.82 - - [28/Dec/2014:13:40:20 -0500] "GET /forest/misactividades.do?_a=0.3588030724786222&group_system_actual=3 HTTP/1.1" 200 37898
186.154.84.82 - - [28/Dec/2014:13:40:21 -0500] "GET /forest/session.jsp?a=0.48041924159042537 HTTP/1.1" 200 4
186.154.84.82 - - [28/Dec/2014:13:40:21 -0500] "POST /forest/misactividades.do?ajax=true&a=0.6755036332178861 HTTP/1.1" 200 11432
186.84.40.34 - - [28/Dec/2014:13:40:23 -0500] "POST /forms/lservlet;jsessionid=ac16012b30d564bef53d3dc646be8de9f994574197ef.e3iSbxaKaheRe34Sa3yKbhiTahb0n6jAmljGr5XDqQLvpAe HTTP/1.1" 200 2
190.147.131.52 - - [28/Dec/2014:13:40:31 -0500] "POST /forms/lservlet;jsessionid=ac16012b30d5c4a8be8ccc53449b9be8c0d8c2531401.e3iSbxaKaheRe34Sa3yKbhiTahb0n6jAmljGr5XDqQLvpAe HTTP/1.1" 200 2
74.86.158.107 - - [28/Dec/2014:13:40:36 -0500] "HEAD / HTTP/1.1" 302 -
188.165.15.85 - - [28/Dec/2014:13:40:42 -0500] "GET /BLA/resoluciones/RESOLUCIONES%202004/RES%202004%2001-%2050/00000039.tif HTTP/1.1" 200 98582
66.249.64.163 - - [28/Dec/2014:13:40:57 -0500] "GET /autoliquidacion/index.php?dir=Solicitudes+relacionadas+con+calidad+del+aire+auditiva+y+visual%2FEvaluaci%F3n+certificado+de+Intensidad+Auditiva%2F HTTP/1.1" 200 3407
186.154.84.82 - - [28/Dec/2014:13:41:08 -0500] "POST /forest/misactividades.do?ajax=true&a=0.3974465299397707 HTTP/1.1" 200 12126
186.154.84.82 - - [28/Dec/2014:13:41:12 -0500] "POST /forest/misactividades.do?ajax=true&a=0.7132387126330286 HTTP/1.1" 200 11432
186.154.84.82 - - [28/Dec/2014:13:41:13 -0500] "POST /forest/misactividades.do?ajax=true&a=0.8953381718602031 HTTP/1.1" 200 11456
181.54.57.138 - - [28/Dec/2014:13:41:31 -0500] "POST /forms/lservlet;jsessionid=ac16012b30d583ab687cf42045bc85aeb60ace941d75.e3iSbxaKaheRe34Sa3yKbhiTahb0n6jAmljGr5XDqQLvpAe HTTP/1.1" 200 2
186.154.84.82 - - [28/Dec/2014:13:42:08 -0500] "GET /forest/usutareas.do?_a=0.46722489851526916&group_system_actual=3 HTTP/1.1" 200 134932
186.154.84.82 - - [28/Dec/2014:13:42:09 -0500] "GET /forest/skins/gdocs-jar/img/iconCallForm.gif HTTP/1.1" 304 -
186.154.84.82 - - [28/Dec/2014:13:42:10 -0500] "GET /forest/session.jsp?a=0.34703603899106383 HTTP/1.1" 200 4
186.154.84.82 - - [28/Dec/2014:13:42:14 -0500] "GET /forest/borrador/1498901/2552009%20Respuesta%20-%20GLOBAL%20ECO%20TECHNOLOGY%20SAS.docx HTTP/1.1" 200 100944
186.84.40.34 - - [28/Dec/2014:13:42:23 -0500] "POST /forms/lservlet;jsessionid=ac16012b30d564bef53d3dc646be8de9f994574197ef.e3iSbxaKaheRe34Sa3yKbhiTahb0n6jAmljGr5XDqQLvpAe HTTP/1.1" 200 2
190.147.131.52 - - [28/Dec/2014:13:42:32 -0500] "POST /forms/lservlet;jsessionid=ac16012b30d5c4a8be8ccc53449b9be8c0d8c2531401.e3iSbxaKaheRe34Sa3yKbhiTahb0n6jAmljGr5XDqQLvpAe HTTP/1.1" 200 2
181.54.57.138 - - [28/Dec/2014:13:43:31 -0500] "POST /forms/lservlet;jsessionid=ac16012b30d583ab687cf42045bc85aeb60ace941d75.e3iSbxaKaheRe34Sa3yKbhiTahb0n6jAmljGr5XDqQLvpAe HTTP/1.1" 200 2
186.87.168.70 - - [28/Dec/2014:13:43:44 -0500] "GET /BLA/boletinlegal/js/jquery.js HTTP/1.1" 200 57254
186.87.168.70 - - [28/Dec/2014:13:43:44 -0500] "GET /BLA/boletinlegal/js/jquery.scrollTo-min.js HTTP/1.1" 200 1150
186.87.168.70 - - [28/Dec/2014:13:43:44 -0500] "GET /BLA/boletinlegal/js/jquery.scrollShow.js HTTP/1.1" 200 4586
186.87.168.70 - - [28/Dec/2014:13:43:45 -0500] "GET /galeria/carrusel/Carrusel/jquery.thumbnailScroller.css HTTP/1.1" 200 2066
186.87.168.70 - - [28/Dec/2014:13:43:45 -0500] "GET /galeria/carrusel/Carrusel/jquery-ui-1.8.13.custom.min.js HTTP/1.1" 200 10800
186.87.168.70 - - [28/Dec/2014:13:43:47 -0500] "GET /galeria/carrusel/Carrusel/jquery.thumbnailScroller.js HTTP/1.1" 200 8157
186.87.168.70 - - [28/Dec/2014:13:43:52 -0500] "GET /galeria/nivo-slider/demo/demo.html HTTP/1.1" 200 3237
186.87.168.70 - - [28/Dec/2014:13:43:55 -0500] "GET /galeria/nivo-slider/themes/default/default.css HTTP/1.1" 200 1569
186.87.168.70 - - [28/Dec/2014:13:43:55 -0500] "GET /galeria/nivo-slider/themes/pascal/pascal.css HTTP/1.1" 200 2258
186.87.168.70 - - [28/Dec/2014:13:43:55 -0500] "GET /galeria/nivo-slider/themes/orman/orman.css HTTP/1.1" 200 2152
186.87.168.70 - - [28/Dec/2014:13:43:55 -0500] "GET /galeria/nivo-slider/nivo-slider.css HTTP/1.1" 200 1507
186.87.168.70 - - [28/Dec/2014:13:43:55 -0500] "GET /galeria/nivo-slider/demo/style.css HTTP/1.1" 200 2222
186.87.168.70 - - [28/Dec/2014:13:43:55 -0500] "GET /galeria/nivo-slider/demo/images/bolsas-08.jpg HTTP/1.1" 200 85589
186.87.168.70 - - [28/Dec/2014:13:43:55 -0500] "GET /galeria/nivo-slider/demo/images/Ruta-vertimientos-01.jpg HTTP/1.1" 200 130151
186.87.168.70 - - [28/Dec/2014:13:43:55 -0500] "GET /galeria/nivo-slider/demo/images/bolsas-06.jpg HTTP/1.1" 200 90982
186.87.168.70 - - [28/Dec/2014:13:43:55 -0500] "GET /galeria/nivo-slider/demo/images/ecolecta-Dic2014.png HTTP/1.1" 200 288593
186.87.168.70 - - [28/Dec/2014:13:43:55 -0500] "GET /galeria/nivo-slider/demo/images/Banner-GAE3.jpg HTTP/1.1" 200 146354
186.87.168.70 - - [28/Dec/2014:13:43:55 -0500] "GET /galeria/nivo-slider/demo/images/porloshumedales.jpg HTTP/1.1" 200 351238
186.87.168.70 - - [28/Dec/2014:13:43:56 -0500] "GET /galeria/nivo-slider/demo/scripts/jquery-1.7.1.min.js HTTP/1.1" 200 93868
186.87.168.70 - - [28/Dec/2014:13:43:56 -0500] "GET /galeria/nivo-slider/jquery.nivo.slider.pack.js HTTP/1.1" 200 11561
186.87.168.70 - - [28/Dec/2014:13:43:56 -0500] "GET /galeria/nivo-slider/demo/images/Tingua-azul.jpg HTTP/1.1" 200 307638
186.87.168.70 - - [28/Dec/2014:13:43:56 -0500] "GET /galeria/nivo-slider/demo/images/Banner-Caracol-Africano.jpg HTTP/1.1" 200 331986
186.87.168.70 - - [28/Dec/2014:13:43:56 -0500] "GET /galeria/nivo-slider/demo/images/banner-redes.jpg HTTP/1.1" 200 62209
186.87.168.70 - - [28/Dec/2014:13:43:57 -0500] "GET /galeria/nivo-slider/demo/images/4Simple_Slider.png HTTP/1.1" 200 11722
186.87.168.70 - - [28/Dec/2014:13:43:57 -0500] "GET /galeria/nivo-slider/themes/default/loading.gif HTTP/1.1" 200 1737
186.87.168.70 - - [28/Dec/2014:13:43:58 -0500] "GET /galeria/nivo-slider/demo/images/9Signos.jpg HTTP/1.1" 200 93040
186.87.168.70 - - [28/Dec/2014:13:43:58 -0500] "GET /galeria/nivo-slider/demo/images/banner-llantas2.jpg HTTP/1.1" 200 73153
186.87.168.70 - - [28/Dec/2014:13:43:58 -0500] "GET /galeria/nivo-slider/demo/images/banner-caballos.png HTTP/1.1" 200 389106
186.154.84.82 - - [28/Dec/2014:13:44:00 -0500] "GET /forest/actions/forms.getList?codForm=Correspondencia_Revisar_Aprobar&id=funcionariofirma&text=S HTTP/1.1" 200 1258
186.154.84.82 - - [28/Dec/2014:13:44:00 -0500] "GET /forest/actions/forms.getList?codForm=Correspondencia_Revisar_Aprobar&id=funcionariofirma&text=SA HTTP/1.1" 200 1276
186.154.84.82 - - [28/Dec/2014:13:44:00 -0500] "GET /forest/actions/forms.getList?codForm=Correspondencia_Revisar_Aprobar&id=funcionariofirma&text=SAN HTTP/1.1" 200 1261
