181.50.32.112 - - [28/Dec/2014:15:05:16 -0500] "GET /galeria/nivo-slider/nivo-slider.css HTTP/1.1" 200 1507
181.50.32.112 - - [28/Dec/2014:15:05:16 -0500] "GET /galeria/nivo-slider/demo/style.css HTTP/1.1" 200 2222
181.50.32.112 - - [28/Dec/2014:15:05:16 -0500] "GET /galeria/nivo-slider/demo/images/bolsas-08.jpg HTTP/1.1" 200 85589
181.50.32.112 - - [28/Dec/2014:15:05:16 -0500] "GET /galeria/nivo-slider/jquery.nivo.slider.pack.js HTTP/1.1" 200 11561
181.50.32.112 - - [28/Dec/2014:15:05:16 -0500] "GET /galeria/nivo-slider/demo/scripts/jquery-1.7.1.min.js HTTP/1.1" 200 93868
181.50.32.112 - - [28/Dec/2014:15:05:16 -0500] "GET /galeria/nivo-slider/demo/images/Ruta-vertimientos-01.jpg HTTP/1.1" 200 130151
181.50.32.112 - - [28/Dec/2014:15:05:16 -0500] "GET /galeria/nivo-slider/demo/images/bolsas-06.jpg HTTP/1.1" 200 90982
181.50.32.112 - - [28/Dec/2014:15:05:16 -0500] "GET /galeria/nivo-slider/demo/images/ecolecta-Dic2014.png HTTP/1.1" 200 288593
181.50.32.112 - - [28/Dec/2014:15:05:16 -0500] "GET /galeria/nivo-slider/demo/images/Banner-GAE3.jpg HTTP/1.1" 200 146354
181.50.32.112 - - [28/Dec/2014:15:05:17 -0500] "GET /galeria/nivo-slider/demo/images/porloshumedales.jpg HTTP/1.1" 200 351238
181.50.32.112 - - [28/Dec/2014:15:05:17 -0500] "GET /galeria/nivo-slider/demo/images/Tingua-azul.jpg HTTP/1.1" 200 307638
181.50.32.112 - - [28/Dec/2014:15:05:17 -0500] "GET /galeria/nivo-slider/demo/images/Banner-Caracol-Africano.jpg HTTP/1.1" 200 331986
181.50.32.112 - - [28/Dec/2014:15:05:17 -0500] "GET /galeria/nivo-slider/demo/images/banner-redes.jpg HTTP/1.1" 200 62209
181.50.32.112 - - [28/Dec/2014:15:05:18 -0500] "GET /galeria/nivo-slider/demo/images/4Simple_Slider.png HTTP/1.1" 200 11722
181.50.32.112 - - [28/Dec/2014:15:05:18 -0500] "GET /galeria/nivo-slider/themes/default/loading.gif HTTP/1.1" 200 1737
181.50.32.112 - - [28/Dec/2014:15:05:18 -0500] "GET /galeria/nivo-slider/demo/images/9Signos.jpg HTTP/1.1" 200 93040
181.50.32.112 - - [28/Dec/2014:15:05:18 -0500] "GET /galeria/nivo-slider/demo/images/banner-llantas2.jpg HTTP/1.1" 200 73153
181.50.32.112 - - [28/Dec/2014:15:05:18 -0500] "GET /galeria/nivo-slider/demo/images/banner-caballos.png HTTP/1.1" 200 389106
181.50.32.112 - - [28/Dec/2014:15:05:20 -0500] "GET /galeria/nivo-slider/themes/default/arrows.png HTTP/1.1" 200 824
181.50.32.112 - - [28/Dec/2014:15:05:20 -0500] "GET /galeria/nivo-slider/themes/default/bullets.png HTTP/1.1" 200 1281
181.50.32.112 - - [28/Dec/2014:15:05:22 -0500] "GET /videos/Spot_CambioClimatico.flv HTTP/1.1" 200 4371917
188.165.15.208 - - [28/Dec/2014:15:05:23 -0500] "GET /BLA/resoluciones/RESOLUCIONES%202006/RES%202006%202451-2500/00002485.tif HTTP/1.1" 200 202160
188.165.15.85 - - [28/Dec/2014:15:05:28 -0500] "GET /BLA/resoluciones/RESOLUCIONES%202006/RES%202006%202601-2650/00002631.tif HTTP/1.1" 200 218944
188.165.15.78 - - [28/Dec/2014:15:05:30 -0500] "GET /BLA/resoluciones/RESOLUCIONES%202005/RES%202005%20%201651-1700/00001681.tif HTTP/1.1" 200 106082
74.86.158.107 - - [28/Dec/2014:15:05:36 -0500] "HEAD / HTTP/1.1" 302 -
201.184.136.50 - - [28/Dec/2014:15:05:47 -0500] "GET /forest/session.jsp?a=0.8815224627032876 HTTP/1.1" 200 4
186.84.40.34 - - [28/Dec/2014:15:06:28 -0500] "POST /forms/lservlet;jsessionid=ac16012b30d564bef53d3dc646be8de9f994574197ef.e3iSbxaKaheRe34Sa3yKbhiTahb0n6jAmljGr5XDqQLvpAe HTTP/1.1" 200 2
190.147.131.52 - - [28/Dec/2014:15:06:37 -0500] "POST /forms/lservlet;jsessionid=ac16012b30d5c4a8be8ccc53449b9be8c0d8c2531401.e3iSbxaKaheRe34Sa3yKbhiTahb0n6jAmljGr5XDqQLvpAe HTTP/1.1" 200 2
186.154.84.82 - - [28/Dec/2014:15:06:51 -0500] "GET /forest/session.jsp?a=0.209097909508273 HTTP/1.1" 200 4
180.76.6.62 - - [28/Dec/2014:15:07:08 -0500] "GET /BLA/boletinlegal/Circulares/2011/Circular%20No.%207%20del%2023%20de%20Diciembre%20de%202011.pdf HTTP/1.1" 200 1107785
186.30.31.1 - - [28/Dec/2014:15:07:48 -0500] "GET /BLA/resoluciones/RESOLUCIONES%202014/3687.pdf HTTP/1.1" 200 391978
188.165.15.37 - - [28/Dec/2014:15:07:51 -0500] "GET /BLA/resoluciones/RESOLUCIONES%202003/RES%202003%201251-1300/20031280.tif HTTP/1.1" 200 97802
180.76.5.145 - - [28/Dec/2014:15:07:57 -0500] "GET /BLA/resoluciones/AUTOS%202013/1703.pdf HTTP/1.1" 200 159453
188.165.15.130 - - [28/Dec/2014:15:08:04 -0500] "GET /BLA/resoluciones/index.php?dir=RESOLUCIONES%202005/RES%202005%202251-2300/&sort=name&order=desc HTTP/1.1" 200 12352
66.249.64.167 - - [28/Dec/2014:15:08:16 -0500] "GET /BLA/resoluciones/index.php?dir=RESOLUCIONES%202002/RES%202002%20351-400/&sort=name&order=desc HTTP/1.1" 200 12208
188.165.15.44 - - [28/Dec/2014:15:08:19 -0500] "GET /BLA/resoluciones/RESOLUCIONES%202003/RES%202003%202051-2100/00002090.tif HTTP/1.1" 200 82584
186.84.40.34 - - [28/Dec/2014:15:08:28 -0500] "POST /forms/lservlet;jsessionid=ac16012b30d564bef53d3dc646be8de9f994574197ef.e3iSbxaKaheRe34Sa3yKbhiTahb0n6jAmljGr5XDqQLvpAe HTTP/1.1" 200 2
190.147.131.52 - - [28/Dec/2014:15:08:37 -0500] "POST /forms/lservlet;jsessionid=ac16012b30d5c4a8be8ccc53449b9be8c0d8c2531401.e3iSbxaKaheRe34Sa3yKbhiTahb0n6jAmljGr5XDqQLvpAe HTTP/1.1" 200 2
109.69.14.18 - - [28/Dec/2014:15:08:44 -0500] "GET /BLA/boletinlegal/js/jquery.js HTTP/1.1" 200 57254
109.69.14.18 - - [28/Dec/2014:15:08:44 -0500] "GET /BLA/boletinlegal/js/jquery.scrollTo-min.js HTTP/1.1" 200 1150
109.69.14.18 - - [28/Dec/2014:15:08:44 -0500] "GET /BLA/boletinlegal/js/jquery.scrollShow.js HTTP/1.1" 200 4586
188.165.15.192 - - [28/Dec/2014:15:09:22 -0500] "GET /BLA/resoluciones/RESOLUCIONES%202002/RES%202002%201751-1800/20021774.tif HTTP/1.1" 200 284334
188.165.15.10 - - [28/Dec/2014:15:09:57 -0500] "GET /BLA/resoluciones/index.php?dir=RESOLUCIONES+2006%2FRES+2006++3001-3054%2F HTTP/1.1" 200 13210
186.84.40.34 - - [28/Dec/2014:15:10:07 -0500] "POST /forms/lservlet;jsessionid=ac16012b30d564bef53d3dc646be8de9f994574197ef.e3iSbxaKaheRe34Sa3yKbhiTahb0n6jAmljGr5XDqQLvpAe HTTP/1.1" 200 2
186.84.40.34 - - [28/Dec/2014:15:10:28 -0500] "POST /forms/lservlet;jsessionid=ac16012b30d564bef53d3dc646be8de9f994574197ef.e3iSbxaKaheRe34Sa3yKbhiTahb0n6jAmljGr5XDqQLvpAe HTTP/1.1" 200 2
74.86.158.107 - - [28/Dec/2014:15:10:36 -0500] "HEAD / HTTP/1.1" 302 -
190.147.131.52 - - [28/Dec/2014:15:10:37 -0500] "POST /forms/lservlet;jsessionid=ac16012b30d5c4a8be8ccc53449b9be8c0d8c2531401.e3iSbxaKaheRe34Sa3yKbhiTahb0n6jAmljGr5XDqQLvpAe HTTP/1.1" 200 2
188.165.15.44 - - [28/Dec/2014:15:10:39 -0500] "GET /BLA/resoluciones/RESOLUCIONES%202004/RES%202004%20551-600/00000555.tif HTTP/1.1" 200 104930
201.184.136.50 - - [28/Dec/2014:15:10:47 -0500] "GET /forest/session.jsp?a=0.0916351021733135 HTTP/1.1" 200 4
157.55.39.171 - - [28/Dec/2014:15:10:56 -0500] "GET /dama/libreria/html/humedales/pres2.html HTTP/1.1" 404 1019
180.76.5.143 - - [28/Dec/2014:15:11:03 -0500] "GET /BLA/resoluciones/index.php?dir=RESOLUCIONES%202014/&sort=date&order=asc HTTP/1.1" 200 66187
188.165.15.208 - - [28/Dec/2014:15:11:42 -0500] "GET /BLA/resoluciones/RESOLUCIONES%202004/RES%202004%20151-200/00000190.tif HTTP/1.1" 200 200638
186.154.84.82 - - [28/Dec/2014:15:11:52 -0500] "GET /forest/session.jsp?a=0.7797533783596009 HTTP/1.1" 200 4
186.147.69.233 - - [28/Dec/2014:15:12:15 -0500] "GET /BLA/boletinlegal/js/jquery.scrollTo-min.js HTTP/1.1" 200 1150
186.147.69.233 - - [28/Dec/2014:15:12:15 -0500] "GET /BLA/boletinlegal/js/jquery.js HTTP/1.1" 200 57254
186.147.69.233 - - [28/Dec/2014:15:12:15 -0500] "GET /BLA/boletinlegal/js/jquery.scrollShow.js HTTP/1.1" 200 4586
188.165.15.26 - - [28/Dec/2014:15:12:18 -0500] "GET /BLA/resoluciones/RESOLUCIONES%202003/RES%202003%201851--1900/20031856.tif HTTP/1.1" 200 229188
186.84.40.34 - - [28/Dec/2014:15:12:29 -0500] "POST /forms/lservlet;jsessionid=ac16012b30d564bef53d3dc646be8de9f994574197ef.e3iSbxaKaheRe34Sa3yKbhiTahb0n6jAmljGr5XDqQLvpAe HTTP/1.1" 200 2
66.249.64.167 - - [28/Dec/2014:15:12:32 -0500] "GET /Autoliquidacion/index.php?dir=TR%C1MITES%20AGUAS%20SUBTERR%C1NEAS/126PM04-PR93-PR%D3RROGA%20CONCESI%D3N%20AGUAS%20SUBTERR%C1NEAS/&sort=date&order=asc HTTP/1.1" 200 2907
190.147.131.52 - - [28/Dec/2014:15:12:37 -0500] "POST /forms/lservlet;jsessionid=ac16012b30d5c4a8be8ccc53449b9be8c0d8c2531401.e3iSbxaKaheRe34Sa3yKbhiTahb0n6jAmljGr5XDqQLvpAe HTTP/1.1" 200 2
190.25.232.143 - - [28/Dec/2014:15:14:04 -0500] "GET /StormSDA/userFiles/96.jar HTTP/1.1" 304 -
186.154.84.82 - - [28/Dec/2014:15:14:21 -0500] "GET /forest/login.do HTTP/1.1" 200 -
186.84.40.34 - - [28/Dec/2014:15:14:29 -0500] "POST /forms/lservlet;jsessionid=ac16012b30d564bef53d3dc646be8de9f994574197ef.e3iSbxaKaheRe34Sa3yKbhiTahb0n6jAmljGr5XDqQLvpAe HTTP/1.1" 200 2
190.147.131.52 - - [28/Dec/2014:15:14:37 -0500] "POST /forms/lservlet;jsessionid=ac16012b30d5c4a8be8ccc53449b9be8c0d8c2531401.e3iSbxaKaheRe34Sa3yKbhiTahb0n6jAmljGr5XDqQLvpAe HTTP/1.1" 200 2
66.249.64.167 - - [28/Dec/2014:15:14:40 -0500] "GET / HTTP/1.1" 302 -
123.125.71.16 - - [28/Dec/2014:15:14:52 -0500] "GET / HTTP/1.1" 302 -
66.249.64.163 - - [28/Dec/2014:15:15:05 -0500] "GET /Autoliquidacion/index.php?dir=TR%C1MITES%20AGUAS%20SUBTERR%C1NEAS/126PM04-PR93-PR%D3RROGA%20CONCESI%D3N%20AGUAS%20SUBTERR%C1NEAS/&sort=date&order=desc HTTP/1.1" 200 2906
80.31.158.153 - - [28/Dec/2014:15:15:21 -0500] "GET /webdav/x32.php HTTP/1.1" 404 1018
74.86.158.107 - - [28/Dec/2014:15:15:36 -0500] "HEAD / HTTP/1.1" 302 -
66.249.64.163 - - [28/Dec/2014:15:15:39 -0500] "GET /BLA/resoluciones/RESOLUCIONES%202005/RES%202005%20601-650/00000627.tif HTTP/1.1" 200 283488
66.249.64.171 - - [28/Dec/2014:15:15:41 -0500] "GET /Anexos%20estudio%20Organizacional%20SDA/index.php?dir=ANEXO+No.+1-+NORMAS+LEGALES+DE+ESTRUCTURA+Y+PLANTA%2FDecreto+631+de+2007-+Modifica+planta+de+SDA.jsp_files%2F HTTP/1.1" 200 10093
66.249.64.167 - - [28/Dec/2014:15:16:07 -0500] "GET /Autoliquidacion/dlf/styles.css HTTP/1.1" 200 3045
201.184.7.31 - - [28/Dec/2014:15:16:20 -0500] "GET /BLA/boletinlegal/js/jquery.js HTTP/1.1" 200 57254
201.184.7.31 - - [28/Dec/2014:15:16:20 -0500] "GET /BLA/boletinlegal/js/jquery.scrollTo-min.js HTTP/1.1" 200 1150
201.184.7.31 - - [28/Dec/2014:15:16:20 -0500] "GET /BLA/boletinlegal/js/jquery.scrollShow.js HTTP/1.1" 200 4586
186.84.40.34 - - [28/Dec/2014:15:16:29 -0500] "POST /forms/lservlet;jsessionid=ac16012b30d564bef53d3dc646be8de9f994574197ef.e3iSbxaKaheRe34Sa3yKbhiTahb0n6jAmljGr5XDqQLvpAe HTTP/1.1" 200 2
190.147.131.52 - - [28/Dec/2014:15:16:37 -0500] "POST /forms/lservlet;jsessionid=ac16012b30d5c4a8be8ccc53449b9be8c0d8c2531401.e3iSbxaKaheRe34Sa3yKbhiTahb0n6jAmljGr5XDqQLvpAe HTTP/1.1" 200 2
66.249.64.171 - - [28/Dec/2014:15:17:32 -0500] "GET /galeria/nivo-slider/demo/demo.html HTTP/1.1" 200 3237
66.249.64.171 - - [28/Dec/2014:15:17:34 -0500] "GET /galeria/nivo-slider/themes/default/default.css HTTP/1.1" 200 1569
66.249.64.167 - - [28/Dec/2014:15:17:34 -0500] "GET /galeria/nivo-slider/demo/style.css HTTP/1.1" 200 2222
66.249.64.171 - - [28/Dec/2014:15:17:35 -0500] "GET /galeria/nivo-slider/jquery.nivo.slider.pack.js HTTP/1.1" 200 11561
66.249.64.171 - - [28/Dec/2014:15:17:35 -0500] "GET /galeria/nivo-slider/demo/scripts/jquery-1.7.1.min.js HTTP/1.1" 200 93868
66.249.64.167 - - [28/Dec/2014:15:17:36 -0500] "GET /galeria/nivo-slider/themes/pascal/pascal.css HTTP/1.1" 200 2258
66.249.64.171 - - [28/Dec/2014:15:17:36 -0500] "GET /galeria/nivo-slider/nivo-slider.css HTTP/1.1" 200 1507
66.249.64.167 - - [28/Dec/2014:15:17:37 -0500] "GET /galeria/nivo-slider/themes/orman/orman.css HTTP/1.1" 200 2152
188.165.15.192 - - [28/Dec/2014:15:18:26 -0500] "GET /BLA/resoluciones/RESOLUCIONES%202005/RES%202005%201-50/00000003.tif HTTP/1.1" 200 224418
186.84.40.34 - - [28/Dec/2014:15:18:29 -0500] "POST /forms/lservlet;jsessionid=ac16012b30d564bef53d3dc646be8de9f994574197ef.e3iSbxaKaheRe34Sa3yKbhiTahb0n6jAmljGr5XDqQLvpAe HTTP/1.1" 200 2
100.43.85.25 - - [28/Dec/2014:15:18:34 -0500] "GET /PruebasSTORM/StormSDA_pruebas/stormWeb/img/descargarPdf.png HTTP/1.1" 200 26955
220.181.108.105 - - [28/Dec/2014:15:18:35 -0500] "GET / HTTP/1.1" 302 -
190.147.131.52 - - [28/Dec/2014:15:18:37 -0500] "POST /forms/lservlet;jsessionid=ac16012b30d5c4a8be8ccc53449b9be8c0d8c2531401.e3iSbxaKaheRe34Sa3yKbhiTahb0n6jAmljGr5XDqQLvpAe HTTP/1.1" 200 2
66.249.64.171 - - [28/Dec/2014:15:18:51 -0500] "GET /PruebasSTORM/StormSDA_pruebas/lib/ HTTP/1.1" 200 6444
188.165.15.85 - - [28/Dec/2014:15:19:16 -0500] "GET /BLA/resoluciones/RESOLUCIONES%202003/RES%202003%201201-1250/2003RES1225.tif HTTP/1.1" 200 204800
74.86.158.107 - - [28/Dec/2014:15:20:36 -0500] "HEAD / HTTP/1.1" 302 -
188.165.15.130 - - [28/Dec/2014:15:20:36 -0500] "GET /BLA/resoluciones/RESOLUCIONES%202002/RES%202002%20251-300/00000266.tif HTTP/1.1" 200 67326
190.147.131.52 - - [28/Dec/2014:15:20:37 -0500] "POST /forms/lservlet;jsessionid=ac16012b30d5c4a8be8ccc53449b9be8c0d8c2531401.e3iSbxaKaheRe34Sa3yKbhiTahb0n6jAmljGr5XDqQLvpAe HTTP/1.1" 200 2
190.25.232.143 - - [28/Dec/2014:15:20:39 -0500] "GET /StormSDA/userFiles/87.jar HTTP/1.1" 304 -
188.165.15.188 - - [28/Dec/2014:15:21:32 -0500] "GET /manual_funciones_Listado/2.5.2.%20Subdirecci%C3%B3n%20Contractual/?C=M;O=A HTTP/1.1" 404 1018
66.249.64.167 - - [28/Dec/2014:15:22:00 -0500] "GET /BLA/resoluciones/RESOLUCIONES%202011/0553.pdf HTTP/1.1" 200 68629
190.25.232.143 - - [28/Dec/2014:15:22:02 -0500] "GET /StormSDA/userFiles/91.jar HTTP/1.1" 304 -
186.83.131.85 - - [28/Dec/2014:15:22:02 -0500] "GET /BLA/boletinlegal/js/jquery.js HTTP/1.1" 200 57254
186.83.131.85 - - [28/Dec/2014:15:22:02 -0500] "GET /BLA/boletinlegal/js/jquery.scrollTo-min.js HTTP/1.1" 200 1150
186.83.131.85 - - [28/Dec/2014:15:22:02 -0500] "GET /BLA/boletinlegal/js/jquery.scrollShow.js HTTP/1.1" 200 4586
186.83.131.85 - - [28/Dec/2014:15:22:03 -0500] "GET /galeria/carrusel/Carrusel/jquery.thumbnailScroller.css HTTP/1.1" 200 2066
186.83.131.85 - - [28/Dec/2014:15:22:03 -0500] "GET /galeria/carrusel/Carrusel/jquery.thumbnailScroller.js HTTP/1.1" 200 8157
186.83.131.85 - - [28/Dec/2014:15:22:03 -0500] "GET /galeria/carrusel/Carrusel/jquery-ui-1.8.13.custom.min.js HTTP/1.1" 200 10800
186.83.131.85 - - [28/Dec/2014:15:22:07 -0500] "GET /galeria/nivo-slider/demo/demo.html HTTP/1.1" 200 3237
201.184.136.50 - - [28/Dec/2014:15:22:07 -0500] "GET /forest/session.jsp?a=0.5830381878186017 HTTP/1.1" 200 4
186.83.131.85 - - [28/Dec/2014:15:22:09 -0500] "GET /galeria/nivo-slider/themes/default/default.css HTTP/1.1" 200 1569
186.83.131.85 - - [28/Dec/2014:15:22:09 -0500] "GET /galeria/nivo-slider/themes/orman/orman.css HTTP/1.1" 200 2152
186.83.131.85 - - [28/Dec/2014:15:22:09 -0500] "GET /galeria/nivo-slider/nivo-slider.css HTTP/1.1" 200 1507
186.83.131.85 - - [28/Dec/2014:15:22:09 -0500] "GET /galeria/nivo-slider/demo/scripts/jquery-1.7.1.min.js HTTP/1.1" 200 93868
186.83.131.85 - - [28/Dec/2014:15:22:09 -0500] "GET /galeria/nivo-slider/jquery.nivo.slider.pack.js HTTP/1.1" 200 11561
186.83.131.85 - - [28/Dec/2014:15:22:09 -0500] "GET /galeria/nivo-slider/demo/images/Ruta-vertimientos-01.jpg HTTP/1.1" 200 130151
186.83.131.85 - - [28/Dec/2014:15:22:09 -0500] "GET /galeria/nivo-slider/demo/images/bolsas-06.jpg HTTP/1.1" 200 90982
186.83.131.85 - - [28/Dec/2014:15:22:10 -0500] "GET /galeria/nivo-slider/demo/images/ecolecta-Dic2014.png HTTP/1.1" 200 288593
186.83.131.85 - - [28/Dec/2014:15:22:10 -0500] "GET /galeria/nivo-slider/demo/images/Banner-GAE3.jpg HTTP/1.1" 200 146354
186.83.131.85 - - [28/Dec/2014:15:22:11 -0500] "GET /galeria/nivo-slider/demo/images/porloshumedales.jpg HTTP/1.1" 200 351238
186.83.131.85 - - [28/Dec/2014:15:22:11 -0500] "GET /galeria/nivo-slider/demo/images/Tingua-azul.jpg HTTP/1.1" 200 307638
186.83.131.85 - - [28/Dec/2014:15:22:11 -0500] "GET /galeria/nivo-slider/demo/images/Banner-Caracol-Africano.jpg HTTP/1.1" 200 331986
201.184.136.50 - - [28/Dec/2014:15:22:11 -0500] "GET /forest/usutareas.do?_a=0.6061333939433098&group_system_actual=3 HTTP/1.1" 200 150794
201.184.136.50 - - [28/Dec/2014:15:22:12 -0500] "GET /forest/session.jsp?a=0.5312615155708045 HTTP/1.1" 200 4
201.184.136.50 - - [28/Dec/2014:15:22:12 -0500] "GET /forest/actions/forms.getMappedValues?id=NUMTER45&value=899999061-9%20SDA&codForm=contec&a=0.5594471788499504 HTTP/1.1" 200 113
186.83.131.85 - - [28/Dec/2014:15:22:13 -0500] "GET /galeria/nivo-slider/demo/images/banner-redes.jpg HTTP/1.1" 200 62209
186.83.131.85 - - [28/Dec/2014:15:22:13 -0500] "GET /galeria/nivo-slider/demo/images/9Signos.jpg HTTP/1.1" 200 93040
186.83.131.85 - - [28/Dec/2014:15:22:13 -0500] "GET /galeria/nivo-slider/demo/images/banner-llantas2.jpg HTTP/1.1" 200 73153
186.83.131.85 - - [28/Dec/2014:15:22:13 -0500] "GET /galeria/nivo-slider/demo/images/banner-caballos.png HTTP/1.1" 200 389106
190.147.131.52 - - [28/Dec/2014:15:22:37 -0500] "POST /forms/lservlet;jsessionid=ac16012b30d5c4a8be8ccc53449b9be8c0d8c2531401.e3iSbxaKaheRe34Sa3yKbhiTahb0n6jAmljGr5XDqQLvpAe HTTP/1.1" 200 2
157.55.39.95 - - [28/Dec/2014:15:23:01 -0500] "GET /galeria/carrusel/Carrusel/jquery.thumbnailScroller.css HTTP/1.1" 200 2066
190.27.200.68 - - [28/Dec/2014:15:23:13 -0500] "GET /galeria/carrusel/Carrusel/jquery.thumbnailScroller.css HTTP/1.1" 200 2066
190.27.200.68 - - [28/Dec/2014:15:23:13 -0500] "GET /BLA/boletinlegal/js/jquery.js HTTP/1.1" 200 57254
190.27.200.68 - - [28/Dec/2014:15:23:13 -0500] "GET /BLA/boletinlegal/js/jquery.scrollTo-min.js HTTP/1.1" 200 1150
190.27.200.68 - - [28/Dec/2014:15:23:13 -0500] "GET /galeria/carrusel/Carrusel/jquery-ui-1.8.13.custom.min.js HTTP/1.1" 200 10800
190.27.200.68 - - [28/Dec/2014:15:23:13 -0500] "GET /BLA/boletinlegal/js/jquery.scrollShow.js HTTP/1.1" 200 4586
190.27.200.68 - - [28/Dec/2014:15:23:13 -0500] "GET /galeria/carrusel/Carrusel/jquery.thumbnailScroller.js HTTP/1.1" 200 8157
157.55.39.167 - - [28/Dec/2014:15:23:14 -0500] "GET /galeria/carrusel/Carrusel/jquery-ui- HTTP/1.1" 404 1018
190.27.200.68 - - [28/Dec/2014:15:23:20 -0500] "GET /galeria/nivo-slider/demo/demo.html HTTP/1.1" 200 3237
190.27.200.68 - - [28/Dec/2014:15:23:21 -0500] "GET /galeria/nivo-slider/themes/default/default.css HTTP/1.1" 200 1569
190.27.200.68 - - [28/Dec/2014:15:23:21 -0500] "GET /galeria/nivo-slider/themes/pascal/pascal.css HTTP/1.1" 200 2258
190.27.200.68 - - [28/Dec/2014:15:23:21 -0500] "GET /galeria/nivo-slider/themes/orman/orman.css HTTP/1.1" 200 2152
190.27.200.68 - - [28/Dec/2014:15:23:21 -0500] "GET /galeria/nivo-slider/nivo-slider.css HTTP/1.1" 200 1507
190.27.200.68 - - [28/Dec/2014:15:23:21 -0500] "GET /galeria/nivo-slider/demo/style.css HTTP/1.1" 200 2222
190.27.200.68 - - [28/Dec/2014:15:23:21 -0500] "GET /galeria/nivo-slider/demo/scripts/jquery-1.7.1.min.js HTTP/1.1" 200 93868
190.27.200.68 - - [28/Dec/2014:15:23:21 -0500] "GET /galeria/nivo-slider/jquery.nivo.slider.pack.js HTTP/1.1" 200 11561
190.27.200.68 - - [28/Dec/2014:15:23:21 -0500] "GET /galeria/nivo-slider/demo/images/4Simple_Slider.png HTTP/1.1" 200 11722
190.27.200.68 - - [28/Dec/2014:15:23:21 -0500] "GET /galeria/nivo-slider/themes/default/loading.gif HTTP/1.1" 200 1737
190.27.200.68 - - [28/Dec/2014:15:23:21 -0500] "GET /galeria/nivo-slider/demo/images/bolsas-08.jpg HTTP/1.1" 200 85589
190.27.200.68 - - [28/Dec/2014:15:23:22 -0500] "GET /galeria/nivo-slider/demo/images/Ruta-vertimientos-01.jpg HTTP/1.1" 200 130151
190.27.200.68 - - [28/Dec/2014:15:23:22 -0500] "GET /galeria/nivo-slider/demo/images/bolsas-06.jpg HTTP/1.1" 200 90982
190.27.200.68 - - [28/Dec/2014:15:23:22 -0500] "GET /galeria/nivo-slider/demo/images/ecolecta-Dic2014.png HTTP/1.1" 200 288593
190.27.200.68 - - [28/Dec/2014:15:23:22 -0500] "GET /galeria/nivo-slider/demo/images/Banner-GAE3.jpg HTTP/1.1" 200 146354
190.27.200.68 - - [28/Dec/2014:15:23:22 -0500] "GET /galeria/nivo-slider/demo/images/porloshumedales.jpg HTTP/1.1" 200 351238
190.27.200.68 - - [28/Dec/2014:15:23:22 -0500] "GET /galeria/nivo-slider/demo/images/Tingua-azul.jpg HTTP/1.1" 200 307638
190.27.200.68 - - [28/Dec/2014:15:23:22 -0500] "GET /galeria/nivo-slider/demo/images/Banner-Caracol-Africano.jpg HTTP/1.1" 200 331986
190.27.200.68 - - [28/Dec/2014:15:23:22 -0500] "GET /galeria/nivo-slider/demo/images/banner-redes.jpg HTTP/1.1" 200 62209
190.27.200.68 - - [28/Dec/2014:15:23:23 -0500] "GET /galeria/nivo-slider/demo/images/9Signos.jpg HTTP/1.1" 200 93040
190.27.200.68 - - [28/Dec/2014:15:23:26 -0500] "GET /galeria/nivo-slider/demo/images/banner-llantas2.jpg HTTP/1.1" 200 73153
190.27.200.68 - - [28/Dec/2014:15:23:26 -0500] "GET /galeria/nivo-slider/demo/images/banner-caballos.png HTTP/1.1" 200 389106
190.27.200.68 - - [28/Dec/2014:15:23:28 -0500] "GET /galeria/nivo-slider/themes/default/arrows.png HTTP/1.1" 200 824
190.27.200.68 - - [28/Dec/2014:15:23:28 -0500] "GET /galeria/nivo-slider/themes/default/bullets.png HTTP/1.1" 200 1281
190.27.200.68 - - [28/Dec/2014:15:23:30 -0500] "GET /videos/Spot_CambioClimatico.flv HTTP/1.1" 200 4371917
190.147.131.52 - - [28/Dec/2014:15:24:40 -0500] "POST /forms/lservlet;jsessionid=ac16012b30d5c4a8be8ccc53449b9be8c0d8c2531401.e3iSbxaKaheRe34Sa3yKbhiTahb0n6jAmljGr5XDqQLvpAe HTTP/1.1" 200 2
188.165.15.85 - - [28/Dec/2014:15:24:59 -0500] "GET /BLA/resoluciones/RESOLUCIONES%202004/RES%202004%20101-150/00000118.tif HTTP/1.1" 200 98134
188.165.15.44 - - [28/Dec/2014:15:25:02 -0500] "GET /BLA/resoluciones/RESOLUCIONES%202003/RES%202003%201601-1650/20031616.tif HTTP/1.1" 200 94202
66.249.64.163 - - [28/Dec/2014:15:25:10 -0500] "GET /BLA/resoluciones/AUTOS%202008/2089.pdf HTTP/1.1" 200 110525
74.86.158.107 - - [28/Dec/2014:15:25:36 -0500] "HEAD / HTTP/1.1" 302 -
188.165.15.23 - - [28/Dec/2014:15:26:01 -0500] "GET /BLA/resoluciones/RESOLUCIONES%202006/RES%202006%2051-100/00000059.tif HTTP/1.1" 200 190008
186.113.86.59 - - [28/Dec/2014:15:26:04 -0500] "GET /galeria/mapa/humedal.html? HTTP/1.1" 200 10966
186.113.86.59 - - [28/Dec/2014:15:26:05 -0500] "GET /galeria/mapa/TORCA12.jpg HTTP/1.1" 200 24337
186.113.86.59 - - [28/Dec/2014:15:26:05 -0500] "GET /galeria/mapa/CONEJERA12.jpg HTTP/1.1" 200 21841
186.113.86.59 - - [28/Dec/2014:15:26:05 -0500] "GET /galeria/mapa/CORDOBA12.jpg HTTP/1.1" 200 23380
186.113.86.59 - - [28/Dec/2014:15:26:05 -0500] "GET /galeria/mapa/JUANAMARILLO12.jpg HTTP/1.1" 200 21131
186.113.86.59 - - [28/Dec/2014:15:26:05 -0500] "GET /galeria/mapa/Guaymaral12.jpg HTTP/1.1" 200 53686
186.113.86.59 - - [28/Dec/2014:15:26:05 -0500] "GET /galeria/mapa/3MapaBogot%C3%A1.jpg HTTP/1.1" 200 688183
186.113.86.59 - - [28/Dec/2014:15:26:05 -0500] "GET /galeria/mapa/SANTAMARIA22.jpg HTTP/1.1" 200 22321
186.113.86.59 - - [28/Dec/2014:15:26:05 -0500] "GET /galeria/mapa/JABOQUE12.jpg HTTP/1.1" 200 21815
186.113.86.59 - - [28/Dec/2014:15:26:05 -0500] "GET /galeria/mapa/capellania12.jpg HTTP/1.1" 200 22811
186.113.86.59 - - [28/Dec/2014:15:26:06 -0500] "GET /galeria/mapa/MEANDRO12.jpg HTTP/1.1" 200 22732
186.113.86.59 - - [28/Dec/2014:15:26:06 -0500] "GET /galeria/mapa/TECHO12.jpg HTTP/1.1" 200 27716
186.113.86.59 - - [28/Dec/2014:15:26:06 -0500] "GET /galeria/mapa/BURRO12.jpg HTTP/1.1" 200 24169
186.113.86.59 - - [28/Dec/2014:15:26:06 -0500] "GET /galeria/mapa/VACA12.jpg HTTP/1.1" 200 22491
186.113.86.59 - - [28/Dec/2014:15:26:06 -0500] "GET /galeria/mapa/TIBANICA12.jpg HTTP/1.1" 200 23039
186.113.86.59 - - [28/Dec/2014:15:26:06 -0500] "GET /galeria/mapa/Aula-Soratama.jpg HTTP/1.1" 200 51270
186.113.86.59 - - [28/Dec/2014:15:26:06 -0500] "GET /galeria/mapa/Montana-Entrenubes.jpg HTTP/1.1" 200 42011
186.113.86.59 - - [28/Dec/2014:15:26:06 -0500] "GET /galeria/mapa/Aula-Nevados.jpg HTTP/1.1" 200 64761
186.113.86.59 - - [28/Dec/2014:15:26:06 -0500] "GET /galeria/mapa/aulaSantaM.jpg HTTP/1.1" 200 69216
186.113.86.59 - - [28/Dec/2014:15:26:15 -0500] "GET /videos/galeria-fotografica/index3.html? HTTP/1.1" 200 1972
186.113.86.59 - - [28/Dec/2014:15:26:16 -0500] "GET /videos/galeria-fotografica/js/jquery-flickr-gallery/jquery-flickr.css HTTP/1.1" 200 711
186.113.86.59 - - [28/Dec/2014:15:26:16 -0500] "GET /videos/galeria-fotografica/js/jquery-flickr-gallery/jquery-flickr-gallery.js HTTP/1.1" 200 9050
186.113.86.59 - - [28/Dec/2014:15:26:19 -0500] "GET /videos/galeria-fotografica/js/jquery-flickr-gallery/loader.gif HTTP/1.1" 200 2129
180.76.5.175 - - [28/Dec/2014:15:26:36 -0500] "GET /videos/60Segundos_Oct8.flv HTTP/1.1" 200 8288482
190.147.131.52 - - [28/Dec/2014:15:26:41 -0500] "POST /forms/lservlet;jsessionid=ac16012b30d5c4a8be8ccc53449b9be8c0d8c2531401.e3iSbxaKaheRe34Sa3yKbhiTahb0n6jAmljGr5XDqQLvpAe HTTP/1.1" 200 2
201.184.136.50 - - [28/Dec/2014:15:27:13 -0500] "GET /forest/session.jsp?a=0.6670253155753016 HTTP/1.1" 200 4
188.165.15.85 - - [28/Dec/2014:15:27:33 -0500] "GET /BLA/resoluciones/index.php?dir=RESOLUCIONES%202002/RES%202002%2001-50/&sort=name&order=desc HTTP/1.1" 200 12044
66.249.64.171 - - [28/Dec/2014:15:28:19 -0500] "GET /BLA/resoluciones/AUTOS%202008/1124.pdf HTTP/1.1" 200 169671
188.165.15.130 - - [28/Dec/2014:15:28:34 -0500] "GET /BLA/resoluciones/RESOLUCIONES%202003/RES%202003%201001-1050/1003.tif HTTP/1.1" 200 139828
190.147.131.52 - - [28/Dec/2014:15:28:41 -0500] "POST /forms/lservlet;jsessionid=ac16012b30d5c4a8be8ccc53449b9be8c0d8c2531401.e3iSbxaKaheRe34Sa3yKbhiTahb0n6jAmljGr5XDqQLvpAe HTTP/1.1" 200 2
188.165.15.85 - - [28/Dec/2014:15:29:17 -0500] "GET /BLA/resoluciones/RESOLUCIONES%202005/RES%202005%203001-3050/00003006.tif HTTP/1.1" 200 572098
179.14.101.231 - - [28/Dec/2014:15:29:44 -0500] "GET /BLA/boletinlegal/js/jquery.js HTTP/1.1" 200 57254
179.14.101.231 - - [28/Dec/2014:15:29:44 -0500] "GET /BLA/boletinlegal/js/jquery.scrollTo-min.js HTTP/1.1" 200 1150
179.14.101.231 - - [28/Dec/2014:15:29:44 -0500] "GET /BLA/boletinlegal/js/jquery.scrollShow.js HTTP/1.1" 200 4586
188.165.15.188 - - [28/Dec/2014:15:29:56 -0500] "GET /BLA/resoluciones/RESOLUCIONES%202006/RES%202006%201901-1950/00001927.tif HTTP/1.1" 200 349650
188.165.15.10 - - [28/Dec/2014:15:30:20 -0500] "GET /BLA/resoluciones/RESOLUCIONES%202003/RES%202003%20651-700/672.tif HTTP/1.1" 200 214084
181.50.5.164 - - [28/Dec/2014:15:30:31 -0500] "GET /galeria/nivo-slider/demo/demo.html HTTP/1.1" 200 3237
181.50.5.164 - - [28/Dec/2014:15:30:31 -0500] "GET /galeria/nivo-slider/demo/images/Ruta-vertimientos-01.jpg HTTP/1.1" 200 130151
181.50.5.164 - - [28/Dec/2014:15:30:31 -0500] "GET /galeria/nivo-slider/demo/images/bolsas-08.jpg HTTP/1.1" 200 85589
181.50.5.164 - - [28/Dec/2014:15:30:31 -0500] "GET /galeria/nivo-slider/demo/images/bolsas-06.jpg HTTP/1.1" 200 90982
181.50.5.164 - - [28/Dec/2014:15:30:31 -0500] "GET /galeria/nivo-slider/demo/images/ecolecta-Dic2014.png HTTP/1.1" 304 -
181.50.5.164 - - [28/Dec/2014:15:30:32 -0500] "GET /galeria/nivo-slider/demo/images/Banner-GAE3.jpg HTTP/1.1" 304 -
74.86.158.107 - - [28/Dec/2014:15:30:36 -0500] "HEAD / HTTP/1.1" 302 -
190.147.131.52 - - [28/Dec/2014:15:30:41 -0500] "POST /forms/lservlet;jsessionid=ac16012b30d5c4a8be8ccc53449b9be8c0d8c2531401.e3iSbxaKaheRe34Sa3yKbhiTahb0n6jAmljGr5XDqQLvpAe HTTP/1.1" 200 2
188.165.15.23 - - [28/Dec/2014:15:31:12 -0500] "GET /BLA/resoluciones/RESOLUCIONES%202002/RES%202002%201401-1450/20021438.tif HTTP/1.1" 200 101918
66.249.64.171 - - [28/Dec/2014:15:31:29 -0500] "GET /BLA/resoluciones/AUTOS%202009/2562.pdf HTTP/1.1" 200 100566
202.46.53.72 - - [28/Dec/2014:15:31:40 -0500] "GET /ial/A32003.doc HTTP/1.1" 404 1019
190.147.131.52 - - [28/Dec/2014:15:32:44 -0500] "POST /forms/lservlet;jsessionid=ac16012b30d5c4a8be8ccc53449b9be8c0d8c2531401.e3iSbxaKaheRe34Sa3yKbhiTahb0n6jAmljGr5XDqQLvpAe HTTP/1.1" 200 2
180.76.5.175 - - [28/Dec/2014:15:34:09 -0500] "GET /Autoliquidacion/Grupo%20Forestal%20-%20Silvicultura/Lista%20de%20chequeo%20-%20Salvoconducto%20para%20la%20movilizacion%20de%20flora.xlsx HTTP/1.1" 200 48228
66.249.64.163 - - [28/Dec/2014:15:34:38 -0500] "GET /BLA/resoluciones/RESOLUCIONES%202013/0029.pdf HTTP/1.1" 200 425906
190.147.131.52 - - [28/Dec/2014:15:34:44 -0500] "POST /forms/lservlet;jsessionid=ac16012b30d5c4a8be8ccc53449b9be8c0d8c2531401.e3iSbxaKaheRe34Sa3yKbhiTahb0n6jAmljGr5XDqQLvpAe HTTP/1.1" 200 2
188.165.15.26 - - [28/Dec/2014:15:35:14 -0500] "GET /BLA/resoluciones/RESOLUCIONES%202005/RES%202005%201-50/RES%202005%20101-150/00000149.tif HTTP/1.1" 200 122108
188.165.15.10 - - [28/Dec/2014:15:35:15 -0500] "GET /BLA/resoluciones/RESOLUCIONES%202003/RES%202003%202151-2189/20032178.tif HTTP/1.1" 200 172364
74.86.158.107 - - [28/Dec/2014:15:35:36 -0500] "HEAD / HTTP/1.1" 302 -
157.55.39.172 - - [28/Dec/2014:15:35:37 -0500] "GET /BLA/boletinlegal/js/jquery.scrollTo-min.js HTTP/1.1" 200 1150
180.76.6.144 - - [28/Dec/2014:15:35:44 -0500] "GET /BLA/resoluciones/RESOLUCIONES%202007/RES%202007%20201%20AL%20300/RESOLUCION%200234%20DE%202007.pdf HTTP/1.1" 200 340022
201.245.192.253 - - [28/Dec/2014:15:36:15 -0500] "GET /galeria/carrusel/Carrusel/jquery.thumbnailScroller.css HTTP/1.1" 304 -
201.245.192.253 - - [28/Dec/2014:15:36:15 -0500] "GET /galeria/carrusel/Carrusel/jquery.thumbnailScroller.js HTTP/1.1" 304 -
201.245.192.253 - - [28/Dec/2014:15:36:15 -0500] "GET /galeria/carrusel/Carrusel/jquery-ui-1.8.13.custom.min.js HTTP/1.1" 304 -
201.245.192.253 - - [28/Dec/2014:15:36:16 -0500] "GET /galeria/nivo-slider/demo/demo.html HTTP/1.1" 304 -
201.245.192.253 - - [28/Dec/2014:15:36:16 -0500] "GET /galeria/nivo-slider/demo/images/bolsas-08.jpg HTTP/1.1" 304 -
201.245.192.253 - - [28/Dec/2014:15:36:16 -0500] "GET /galeria/nivo-slider/demo/images/Ruta-vertimientos-01.jpg HTTP/1.1" 304 -
201.245.192.253 - - [28/Dec/2014:15:36:16 -0500] "GET /galeria/nivo-slider/demo/images/ecolecta-Dic2014.png HTTP/1.1" 304 -
201.245.192.253 - - [28/Dec/2014:15:36:16 -0500] "GET /galeria/nivo-slider/demo/images/bolsas-06.jpg HTTP/1.1" 304 -
201.245.192.253 - - [28/Dec/2014:15:36:17 -0500] "GET /videos/Spot_CambioClimatico.flv HTTP/1.1" 304 -
190.147.131.52 - - [28/Dec/2014:15:36:44 -0500] "POST /forms/lservlet;jsessionid=ac16012b30d5c4a8be8ccc53449b9be8c0d8c2531401.e3iSbxaKaheRe34Sa3yKbhiTahb0n6jAmljGr5XDqQLvpAe HTTP/1.1" 200 2
186.29.59.152 - - [28/Dec/2014:15:36:54 -0500] "GET /BLA/boletinlegal/js/jquery.scrollTo-min.js HTTP/1.1" 200 1150
186.29.59.152 - - [28/Dec/2014:15:36:54 -0500] "GET /BLA/boletinlegal/js/jquery.js HTTP/1.1" 200 57254
186.29.59.152 - - [28/Dec/2014:15:36:54 -0500] "GET /BLA/boletinlegal/js/jquery.scrollShow.js HTTP/1.1" 200 4586
186.29.59.152 - - [28/Dec/2014:15:36:56 -0500] "GET /galeria/carrusel/Carrusel/jquery.thumbnailScroller.js HTTP/1.1" 200 8157
186.29.59.152 - - [28/Dec/2014:15:36:56 -0500] "GET /galeria/carrusel/Carrusel/jquery-ui-1.8.13.custom.min.js HTTP/1.1" 200 10800
186.29.59.152 - - [28/Dec/2014:15:36:56 -0500] "GET /galeria/carrusel/Carrusel/jquery.thumbnailScroller.css HTTP/1.1" 200 2066
186.29.59.152 - - [28/Dec/2014:15:36:57 -0500] "GET /galeria/nivo-slider/demo/demo.html HTTP/1.1" 200 3237
186.29.59.152 - - [28/Dec/2014:15:36:57 -0500] "GET /galeria/nivo-slider/themes/pascal/pascal.css HTTP/1.1" 200 2258
186.29.59.152 - - [28/Dec/2014:15:36:57 -0500] "GET /galeria/nivo-slider/demo/style.css HTTP/1.1" 200 2222
186.29.59.152 - - [28/Dec/2014:15:36:57 -0500] "GET /galeria/nivo-slider/demo/images/bolsas-08.jpg HTTP/1.1" 200 85589
186.29.59.152 - - [28/Dec/2014:15:36:57 -0500] "GET /galeria/nivo-slider/demo/scripts/jquery-1.7.1.min.js HTTP/1.1" 200 93868
186.29.59.152 - - [28/Dec/2014:15:36:57 -0500] "GET /galeria/nivo-slider/demo/images/Ruta-vertimientos-01.jpg HTTP/1.1" 200 130151
186.29.59.152 - - [28/Dec/2014:15:36:57 -0500] "GET /galeria/nivo-slider/themes/default/default.css HTTP/1.1" 200 1569
186.29.59.152 - - [28/Dec/2014:15:36:57 -0500] "GET /galeria/nivo-slider/nivo-slider.css HTTP/1.1" 200 1507
186.29.59.152 - - [28/Dec/2014:15:36:57 -0500] "GET /galeria/nivo-slider/themes/orman/orman.css HTTP/1.1" 200 2152
186.29.59.152 - - [28/Dec/2014:15:36:58 -0500] "GET /galeria/nivo-slider/demo/images/bolsas-06.jpg HTTP/1.1" 200 90982
186.29.59.152 - - [28/Dec/2014:15:36:58 -0500] "GET /galeria/nivo-slider/demo/images/ecolecta-Dic2014.png HTTP/1.1" 200 288593
186.29.59.152 - - [28/Dec/2014:15:36:58 -0500] "GET /galeria/nivo-slider/jquery.nivo.slider.pack.js HTTP/1.1" 200 11561
186.29.59.152 - - [28/Dec/2014:15:36:58 -0500] "GET /galeria/nivo-slider/demo/images/Banner-GAE3.jpg HTTP/1.1" 200 146354
186.29.59.152 - - [28/Dec/2014:15:36:59 -0500] "GET /galeria/nivo-slider/demo/images/porloshumedales.jpg HTTP/1.1" 200 351238
186.29.59.152 - - [28/Dec/2014:15:36:59 -0500] "GET /galeria/nivo-slider/demo/images/Tingua-azul.jpg HTTP/1.1" 200 307638
186.29.59.152 - - [28/Dec/2014:15:37:00 -0500] "GET /galeria/nivo-slider/demo/images/Banner-Caracol-Africano.jpg HTTP/1.1" 200 331986
186.29.59.152 - - [28/Dec/2014:15:37:00 -0500] "GET /galeria/nivo-slider/demo/images/banner-redes.jpg HTTP/1.1" 200 62209
186.29.59.152 - - [28/Dec/2014:15:37:01 -0500] "GET /galeria/nivo-slider/demo/images/9Signos.jpg HTTP/1.1" 200 93040
186.29.59.152 - - [28/Dec/2014:15:37:01 -0500] "GET /galeria/nivo-slider/demo/images/banner-llantas2.jpg HTTP/1.1" 200 73153
186.29.59.152 - - [28/Dec/2014:15:37:02 -0500] "GET /galeria/nivo-slider/demo/images/4Simple_Slider.png HTTP/1.1" 200 11722
186.29.59.152 - - [28/Dec/2014:15:37:02 -0500] "GET /galeria/nivo-slider/demo/images/banner-caballos.png HTTP/1.1" 200 389106
186.29.59.152 - - [28/Dec/2014:15:37:02 -0500] "GET /galeria/nivo-slider/themes/default/loading.gif HTTP/1.1" 200 1737
186.29.59.152 - - [28/Dec/2014:15:37:06 -0500] "GET /galeria/nivo-slider/themes/default/arrows.png HTTP/1.1" 200 824
186.29.59.152 - - [28/Dec/2014:15:37:06 -0500] "GET /galeria/nivo-slider/themes/default/bullets.png HTTP/1.1" 200 1281
190.158.96.166 - - [28/Dec/2014:15:37:29 -0500] "GET /isolucionsda/ HTTP/1.1" 200 739
190.158.96.166 - - [28/Dec/2014:15:37:38 -0500] "GET /isolucionsda/ HTTP/1.1" 200 739
190.158.96.166 - - [28/Dec/2014:15:37:38 -0500] "GET /favicon.ico HTTP/1.1" 200 7782
66.249.64.171 - - [28/Dec/2014:15:37:48 -0500] "GET /BLA/resoluciones/RESOLUCIONES%202011/5146.pdf HTTP/1.1" 200 494219
190.158.96.166 - - [28/Dec/2014:15:37:52 -0500] "GET /galeria/carrusel/Carrusel/jquery.thumbnailScroller.css HTTP/1.1" 304 -
190.158.96.166 - - [28/Dec/2014:15:37:52 -0500] "GET /galeria/carrusel/Carrusel/jquery-ui-1.8.13.custom.min.js HTTP/1.1" 304 -
190.158.96.166 - - [28/Dec/2014:15:37:52 -0500] "GET /galeria/carrusel/Carrusel/jquery.thumbnailScroller.js HTTP/1.1" 304 -
190.158.96.166 - - [28/Dec/2014:15:37:53 -0500] "GET /galeria/nivo-slider/demo/demo.html HTTP/1.1" 200 3237
190.158.96.166 - - [28/Dec/2014:15:37:54 -0500] "GET /galeria/nivo-slider/themes/default/default.css HTTP/1.1" 304 -
190.158.96.166 - - [28/Dec/2014:15:37:54 -0500] "GET /galeria/nivo-slider/demo/images/Ruta-vertimientos-01.jpg HTTP/1.1" 200 130151
190.158.96.166 - - [28/Dec/2014:15:37:54 -0500] "GET /galeria/nivo-slider/demo/images/bolsas-08.jpg HTTP/1.1" 200 85589
190.158.96.166 - - [28/Dec/2014:15:37:54 -0500] "GET /galeria/nivo-slider/demo/images/ecolecta-Dic2014.png HTTP/1.1" 200 288593
190.158.96.166 - - [28/Dec/2014:15:37:54 -0500] "GET /galeria/nivo-slider/demo/images/Banner-GAE3.jpg HTTP/1.1" 200 146354
190.158.96.166 - - [28/Dec/2014:15:37:54 -0500] "GET /galeria/nivo-slider/demo/images/bolsas-06.jpg HTTP/1.1" 200 90982
190.158.96.166 - - [28/Dec/2014:15:37:54 -0500] "GET /galeria/nivo-slider/demo/images/porloshumedales.jpg HTTP/1.1" 304 -
190.158.96.166 - - [28/Dec/2014:15:37:54 -0500] "GET /galeria/nivo-slider/demo/images/Tingua-azul.jpg HTTP/1.1" 304 -
190.158.96.166 - - [28/Dec/2014:15:37:54 -0500] "GET /galeria/nivo-slider/demo/images/Banner-Caracol-Africano.jpg HTTP/1.1" 304 -
190.158.96.166 - - [28/Dec/2014:15:37:54 -0500] "GET /galeria/nivo-slider/demo/images/9Signos.jpg HTTP/1.1" 304 -
190.158.96.166 - - [28/Dec/2014:15:37:54 -0500] "GET /galeria/nivo-slider/demo/images/banner-redes.jpg HTTP/1.1" 304 -
190.158.96.166 - - [28/Dec/2014:15:37:54 -0500] "GET /galeria/nivo-slider/demo/images/banner-llantas2.jpg HTTP/1.1" 304 -
190.158.96.166 - - [28/Dec/2014:15:37:54 -0500] "GET /galeria/nivo-slider/demo/images/banner-caballos.png HTTP/1.1" 304 -
190.158.96.166 - - [28/Dec/2014:15:37:55 -0500] "GET /videos/Spot_CambioClimatico.flv HTTP/1.1" 200 4371917
190.131.209.7 - - [28/Dec/2014:15:38:01 -0500] "GET /BLA/resoluciones/AUTOS%202011/0290.pdf HTTP/1.1" 200 179915
181.54.57.138 - - [28/Dec/2014:15:38:09 -0500] "POST /forms/lservlet;jsessionid=ac16012b30d583ab687cf42045bc85aeb60ace941d75.e3iSbxaKaheRe34Sa3yKbhiTahb0n6jAmljGr5XDqQLvpAe HTTP/1.1" 200 13
181.54.57.138 - - [28/Dec/2014:15:38:10 -0500] "POST /forms/lservlet;jsessionid=ac16012b30d583ab687cf42045bc85aeb60ace941d75.e3iSbxaKaheRe34Sa3yKbhiTahb0n6jAmljGr5XDqQLvpAe HTTP/1.1" 200 13
181.54.57.138 - - [28/Dec/2014:15:38:11 -0500] "POST /forms/lservlet;jsessionid=ac16012b30d583ab687cf42045bc85aeb60ace941d75.e3iSbxaKaheRe34Sa3yKbhiTahb0n6jAmljGr5XDqQLvpAe HTTP/1.1" 200 13
181.54.57.138 - - [28/Dec/2014:15:38:12 -0500] "POST /forms/lservlet;jsessionid=ac16012b30d583ab687cf42045bc85aeb60ace941d75.e3iSbxaKaheRe34Sa3yKbhiTahb0n6jAmljGr5XDqQLvpAe HTTP/1.1" 200 13
181.54.57.138 - - [28/Dec/2014:15:38:13 -0500] "POST /forms/lservlet;jsessionid=ac16012b30d583ab687cf42045bc85aeb60ace941d75.e3iSbxaKaheRe34Sa3yKbhiTahb0n6jAmljGr5XDqQLvpAe HTTP/1.1" 200 13
181.54.57.138 - - [28/Dec/2014:15:38:14 -0500] "POST /forms/lservlet;jsessionid=ac16012b30d583ab687cf42045bc85aeb60ace941d75.e3iSbxaKaheRe34Sa3yKbhiTahb0n6jAmljGr5XDqQLvpAe HTTP/1.1" 200 13
190.147.131.52 - - [28/Dec/2014:15:38:44 -0500] "POST /forms/lservlet;jsessionid=ac16012b30d5c4a8be8ccc53449b9be8c0d8c2531401.e3iSbxaKaheRe34Sa3yKbhiTahb0n6jAmljGr5XDqQLvpAe HTTP/1.1" 200 2
190.158.96.166 - - [28/Dec/2014:15:38:46 -0500] "GET /isolucionsda/ HTTP/1.1" 200 739
190.158.96.166 - - [28/Dec/2014:15:38:46 -0500] "GET /isolucionsda/IdentificaUsuario.asp?Pagina1=FrameSetGeneral.asp& HTTP/1.1" 200 4997
190.158.96.166 - - [28/Dec/2014:15:39:00 -0500] "POST /isolucionsda/IdentificaUsuario.asp?Pagina1=FrameSetGeneral.asp& HTTP/1.1" 302 173
190.158.96.166 - - [28/Dec/2014:15:39:00 -0500] "GET /isolucionsda/FrameSetGeneral.asp?Pagina1=FrameSetGeneral.asp& HTTP/1.1" 200 6613
190.158.96.166 - - [28/Dec/2014:15:39:00 -0500] "GET /isolucionsda/Encabezado.asp?Pagina1=FrameSetGeneral.asp&&Pagina=MagazinHome.asp HTTP/1.1" 200 15388
190.158.96.166 - - [28/Dec/2014:15:39:00 -0500] "GET /isolucionsda/BarraTitulos.asp?Pagina1=FrameSetGeneral.asp&&Pagina=MagazinHome.asp HTTP/1.1" 200 6972
190.158.96.166 - - [28/Dec/2014:15:39:00 -0500] "GET /isolucionsda/BarraFavoritos.asp HTTP/1.1" 200 911
190.158.96.166 - - [28/Dec/2014:15:39:00 -0500] "GET /isolucionsda/Session.asp?Continue=1 HTTP/1.1" 200 6324
190.158.96.166 - - [28/Dec/2014:15:39:00 -0500] "GET /isolucionsda/MagazinHome.asp HTTP/1.1" 200 28099
190.158.96.166 - - [28/Dec/2014:15:39:01 -0500] "GET /isolucionsda/TareasSFRedirect.asp HTTP/1.1" 302 195
190.158.96.166 - - [28/Dec/2014:15:39:01 -0500] "GET /isolucionsda/g/Bgr_Destacado3399CC.jpg HTTP/1.1" 404 5217
190.158.96.166 - - [28/Dec/2014:15:39:01 -0500] "GET /isolucionsda/Login.aspx?TARGET=SFContainerFiltrado.aspx&number=69575752565567664570 HTTP/1.1" 302 886
190.158.96.166 - - [28/Dec/2014:15:39:03 -0500] "GET /isolucionsda/FrameSetGeneral.asp?Pagina=SucursalSeleccion.asp&CargaPagina=ModuloProcesos&IdModulo=3 HTTP/1.1" 200 6716
190.158.96.166 - - [28/Dec/2014:15:39:04 -0500] "GET /isolucionsda/Encabezado.asp?Pagina=SucursalSeleccion.asp&CargaPagina=ModuloProcesos&IdModulo=3 HTTP/1.1" 200 15389
190.158.96.166 - - [28/Dec/2014:15:39:04 -0500] "GET /isolucionsda/BarraTitulos.asp?Pagina=SucursalSeleccion.asp&CargaPagina=ModuloProcesos&IdModulo=3 HTTP/1.1" 200 6988
190.158.96.166 - - [28/Dec/2014:15:39:04 -0500] "GET /isolucionsda/BarraFavoritos.asp HTTP/1.1" 200 911
190.158.96.166 - - [28/Dec/2014:15:39:04 -0500] "GET /isolucionsda/SucursalSeleccion.asp?Pagina=SucursalSeleccion.asp&CargaPagina=ModuloProcesos&IdModulo=3 HTTP/1.1" 302 219
190.158.96.166 - - [28/Dec/2014:15:39:03 -0500] "GET /isolucionsda/SFContainerFiltrado.aspx?Number=69575752565567664570 HTTP/1.1" 200 14314
190.158.96.166 - - [28/Dec/2014:15:39:04 -0500] "GET /isolucionsda/SucursalSeleccion.asp?CodSucursal=1&URLRedirect=MagazinHome.asp&CargaPagina=ModuloProcesos HTTP/1.1" 302 221
190.158.96.166 - - [28/Dec/2014:15:39:04 -0500] "GET /isolucionsda/Session.asp?Continue=1 HTTP/1.1" 200 6324
190.158.96.166 - - [28/Dec/2014:15:39:04 -0500] "GET /isolucionsda/BancoConocimiento/M/MAPADEPROCESOSSDA_v3/MAPADEPROCESOSSDA_v3.asp HTTP/1.1" 302 159
190.158.96.166 - - [28/Dec/2014:15:39:04 -0500] "GET /isolucionsda/BancoConocimiento/M/MAPADEPROCESOSSDA_v3/slide0002_image003.gif HTTP/1.1" 404 5293
190.158.96.166 - - [28/Dec/2014:15:39:11 -0500] "GET /isolucionsda/FrameSetGeneral.asp?Pagina=Menu.asp&IdModulo=4 HTTP/1.1" 200 6583
190.158.96.166 - - [28/Dec/2014:15:39:11 -0500] "GET /isolucionsda/Encabezado.asp?Pagina=Menu.asp&IdModulo=4 HTTP/1.1" 200 15404
190.158.96.166 - - [28/Dec/2014:15:39:11 -0500] "GET /isolucionsda/BarraTitulos.asp?Pagina=Menu.asp&IdModulo=4 HTTP/1.1" 200 6985
190.158.96.166 - - [28/Dec/2014:15:39:12 -0500] "GET /isolucionsda/BarraFavoritos.asp HTTP/1.1" 200 911
190.158.96.166 - - [28/Dec/2014:15:39:12 -0500] "GET /isolucionsda/Menu.asp?Pagina=Menu.asp&IdModulo=4 HTTP/1.1" 200 9682
190.158.96.166 - - [28/Dec/2014:15:39:12 -0500] "GET /isolucionsda/Session.asp?Continue=1 HTTP/1.1" 200 6324
190.158.96.166 - - [28/Dec/2014:15:39:13 -0500] "GET /isolucionsda/FrameSetGeneral.asp?Pagina=ListadoMaestroDocumentos3.asp HTTP/1.1" 200 6634
190.158.96.166 - - [28/Dec/2014:15:39:13 -0500] "GET /isolucionsda/BarraTitulos.asp?Pagina=ListadoMaestroDocumentos3.asp HTTP/1.1" 200 6985
190.158.96.166 - - [28/Dec/2014:15:39:13 -0500] "GET /isolucionsda/BarraFavoritos.asp HTTP/1.1" 200 911
190.158.96.166 - - [28/Dec/2014:15:39:13 -0500] "GET /isolucionsda/Encabezado.asp?Pagina=ListadoMaestroDocumentos3.asp HTTP/1.1" 200 15364
190.158.96.166 - - [28/Dec/2014:15:39:13 -0500] "GET /isolucionsda/ListadoMaestroDocumentos3.asp?Pagina=ListadoMaestroDocumentos3.asp HTTP/1.1" 200 11467
190.158.96.166 - - [28/Dec/2014:15:39:13 -0500] "GET /isolucionsda/Session.asp?Continue=1 HTTP/1.1" 200 6324
190.158.96.166 - - [28/Dec/2014:15:39:15 -0500] "GET /isolucionsda/Jerarquia.asp?Tabla=Proceso&Form=Admon&CampoDisplay=ProcesoDisplayObjetoProceso&CampoHidden=Proceso&bSubmit=True&items= HTTP/1.1" 200 10587
190.158.96.166 - - [28/Dec/2014:15:39:18 -0500] "POST /isolucionsda/Jerarquia.asp HTTP/1.1" 200 8100
190.158.96.166 - - [28/Dec/2014:15:39:18 -0500] "POST /isolucionsda/ListadoMaestroDocumentos3.asp HTTP/1.1" 200 16365
190.158.96.166 - - [28/Dec/2014:15:39:22 -0500] "POST /isolucionsda/ListadoMaestroDocumentos3.asp HTTP/1.1" 200 16719
210.97.192.210 - - [28/Dec/2014:15:40:01 -0500] "GET /BLA/resoluciones/AUTOS%202014/1291.pdf HTTP/1.0" 200 350583
180.76.6.134 - - [28/Dec/2014:15:40:17 -0500] "GET /BLA/resoluciones/RESOLUCIONES%202007/RES%202007%20201%20AL%20300/RESOLUCION%200228%20DE%202007.pdf HTTP/1.1" 200 276461
190.158.96.166 - - [28/Dec/2014:15:40:23 -0500] "POST /isolucionsda/ListadoMaestroDocumentos3.asp?Accion=Consultar&Mande=Buscar&paginaactual=2 HTTP/1.1" 200 13546
74.86.158.107 - - [28/Dec/2014:15:40:36 -0500] "HEAD / HTTP/1.1" 302 -
190.158.96.166 - - [28/Dec/2014:15:40:38 -0500] "GET /isolucionsda/FramesetArticulo.asp?Pagina=bancoconocimiento%2FT%2FTramitedeConciliacionPrejudicialenelcasodequelaSDAesConvocadaalaconciliacion%5Fv5%2FTramitedeConciliacionPrejudicialenelcasodequelaSDAesConvocadaalaconciliacion%5Fv5%2Easp&IdArticulo=6974 HTTP/1.1" 200 7717
190.158.96.166 - - [28/Dec/2014:15:40:38 -0500] "GET /isolucionsda/Arriba.asp?Pagina=bancoconocimiento%2FT%2FTramitedeConciliacionPrejudicialenelcasodequelaSDAesConvocadaalaconciliacion%5Fv5%2FTramitedeConciliacionPrejudicialenelcasodequelaSDAesConvocadaalaconciliacion%5Fv5%2Easp&IdArticulo=6974 HTTP/1.1" 200 10783
190.158.96.166 - - [28/Dec/2014:15:40:38 -0500] "GET /isolucionsda/bancoconocimiento/T/TramitedeConciliacionPrejudicialenelcasodequelaSDAesConvocadaalaconciliacion_v5/TramitedeConciliacionPrejudicialenelcasodequelaSDAesConvocadaalaconciliacion_v5.asp?IdArticulo=6974 HTTP/1.1" 200 63295
190.158.96.166 - - [28/Dec/2014:15:40:39 -0500] "GET /isolucionsda/g/vacio1x1.gif HTTP/1.1" 404 5195
190.147.131.52 - - [28/Dec/2014:15:40:44 -0500] "POST /forms/lservlet;jsessionid=ac16012b30d5c4a8be8ccc53449b9be8c0d8c2531401.e3iSbxaKaheRe34Sa3yKbhiTahb0n6jAmljGr5XDqQLvpAe HTTP/1.1" 200 2
66.249.64.167 - - [28/Dec/2014:15:40:57 -0500] "GET /BLA/resoluciones/RESOLUCIONES%202007/RES%202007%201301%20AL%201400/RESOLUCION%201369%20DE%202007.pdf HTTP/1.1" 200 229104
190.158.96.166 - - [28/Dec/2014:15:40:59 -0500] "GET /isolucionsda/bancoconocimiento/T/TramitedeConciliacionPrejudicialenelcasodequelaSDAesConvocadaalaconciliacion_v5/TramitedeConciliacionPrejudicialenelcasodequelaSDAesConvocadaalaconciliacion_v5.asp?IdArticulo=6974 HTTP/1.1" 200 205
190.158.96.166 - - [28/Dec/2014:15:40:59 -0500] "GET /isolucionsda/bancoconocimiento/T/TramitedeConciliacionPrejudicialenelcasodequelaSDAesConvocadaalaconciliacion_v5/TramitedeConciliacionPrejudicialenelcasodequelaSDAesConvocadaalaconciliacion_v5.asp?IdArticulo=6974 HTTP/1.1" 200 205
190.158.96.166 - - [28/Dec/2014:15:40:59 -0500] "GET /isolucionsda/bancoconocimiento/T/TramitedeConciliacionPrejudicialenelcasodequelaSDAesConvocadaalaconciliacion_v5/TramitedeConciliacionPrejudicialenelcasodequelaSDAesConvocadaalaconciliacion_v5.asp?IdArticulo=6974 HTTP/1.1" 200 205
190.158.96.166 - - [28/Dec/2014:15:40:59 -0500] "GET /isolucionsda/bancoconocimiento/T/TramitedeConciliacionPrejudicialenelcasodequelaSDAesConvocadaalaconciliacion_v5/TramitedeConciliacionPrejudicialenelcasodequelaSDAesConvocadaalaconciliacion_v5.asp?IdArticulo=6974 HTTP/1.1" 200 205
190.158.96.166 - - [28/Dec/2014:15:40:59 -0500] "GET /isolucionsda/bancoconocimiento/T/TramitedeConciliacionPrejudicialenelcasodequelaSDAesConvocadaalaconciliacion_v5/TramitedeConciliacionPrejudicialenelcasodequelaSDAesConvocadaalaconciliacion_v5.asp?IdArticulo=6974 HTTP/1.1" 200 205
190.158.96.166 - - [28/Dec/2014:15:40:59 -0500] "GET /isolucionsda/bancoconocimiento/T/TramitedeConciliacionPrejudicialenelcasodequelaSDAesConvocadaalaconciliacion_v5/TramitedeConciliacionPrejudicialenelcasodequelaSDAesConvocadaalaconciliacion_v5.asp?IdArticulo=6974 HTTP/1.1" 200 205
190.158.96.166 - - [28/Dec/2014:15:40:59 -0500] "GET /isolucionsda/bancoconocimiento/T/TramitedeConciliacionPrejudicialenelcasodequelaSDAesConvocadaalaconciliacion_v5/TramitedeConciliacionPrejudicialenelcasodequelaSDAesConvocadaalaconciliacion_v5.asp?IdArticulo=6974 HTTP/1.1" 200 205
190.158.96.166 - - [28/Dec/2014:15:40:59 -0500] "GET /isolucionsda/bancoconocimiento/T/TramitedeConciliacionPrejudicialenelcasodequelaSDAesConvocadaalaconciliacion_v5/TramitedeConciliacionPrejudicialenelcasodequelaSDAesConvocadaalaconciliacion_v5.asp?IdArticulo=6974 HTTP/1.1" 200 205
190.158.96.166 - - [28/Dec/2014:15:40:59 -0500] "GET /isolucionsda/bancoconocimiento/T/TramitedeConciliacionPrejudicialenelcasodequelaSDAesConvocadaalaconciliacion_v5/TramitedeConciliacionPrejudicialenelcasodequelaSDAesConvocadaalaconciliacion_v5.asp?IdArticulo=6974 HTTP/1.1" 200 205
190.158.96.166 - - [28/Dec/2014:15:40:59 -0500] "GET /isolucionsda/bancoconocimiento/T/TramitedeConciliacionPrejudicialenelcasodequelaSDAesConvocadaalaconciliacion_v5/TramitedeConciliacionPrejudicialenelcasodequelaSDAesConvocadaalaconciliacion_v5.asp?IdArticulo=6974 HTTP/1.1" 200 205
190.158.96.166 - - [28/Dec/2014:15:40:59 -0500] "GET /isolucionsda/bancoconocimiento/T/TramitedeConciliacionPrejudicialenelcasodequelaSDAesConvocadaalaconciliacion_v5/TramitedeConciliacionPrejudicialenelcasodequelaSDAesConvocadaalaconciliacion_v5.asp?IdArticulo=6974 HTTP/1.1" 200 205
190.158.96.166 - - [28/Dec/2014:15:40:59 -0500] "GET /isolucionsda/bancoconocimiento/T/TramitedeConciliacionPrejudicialenelcasodequelaSDAesConvocadaalaconciliacion_v5/TramitedeConciliacionPrejudicialenelcasodequelaSDAesConvocadaalaconciliacion_v5.asp?IdArticulo=6974 HTTP/1.1" 200 205
190.158.96.166 - - [28/Dec/2014:15:40:59 -0500] "GET /isolucionsda/bancoconocimiento/T/TramitedeConciliacionPrejudicialenelcasodequelaSDAesConvocadaalaconciliacion_v5/TramitedeConciliacionPrejudicialenelcasodequelaSDAesConvocadaalaconciliacion_v5.asp?IdArticulo=6974 HTTP/1.1" 200 205
190.158.96.166 - - [28/Dec/2014:15:40:59 -0500] "GET /isolucionsda/bancoconocimiento/T/TramitedeConciliacionPrejudicialenelcasodequelaSDAesConvocadaalaconciliacion_v5/TramitedeConciliacionPrejudicialenelcasodequelaSDAesConvocadaalaconciliacion_v5.asp?IdArticulo=6974 HTTP/1.1" 200 205
190.158.96.166 - - [28/Dec/2014:15:40:59 -0500] "GET /isolucionsda/bancoconocimiento/T/TramitedeConciliacionPrejudicialenelcasodequelaSDAesConvocadaalaconciliacion_v5/TramitedeConciliacionPrejudicialenelcasodequelaSDAesConvocadaalaconciliacion_v5.asp?IdArticulo=6974 HTTP/1.1" 200 205
190.158.96.166 - - [28/Dec/2014:15:40:59 -0500] "GET /isolucionsda/bancoconocimiento/T/TramitedeConciliacionPrejudicialenelcasodequelaSDAesConvocadaalaconciliacion_v5/TramitedeConciliacionPrejudicialenelcasodequelaSDAesConvocadaalaconciliacion_v5.asp?IdArticulo=6974 HTTP/1.1" 200 205
190.158.96.166 - - [28/Dec/2014:15:40:59 -0500] "GET /isolucionsda/bancoconocimiento/T/TramitedeConciliacionPrejudicialenelcasodequelaSDAesConvocadaalaconciliacion_v5/TramitedeConciliacionPrejudicialenelcasodequelaSDAesConvocadaalaconciliacion_v5.asp?IdArticulo=6974 HTTP/1.1" 200 205
190.158.96.166 - - [28/Dec/2014:15:40:59 -0500] "GET /isolucionsda/bancoconocimiento/T/TramitedeConciliacionPrejudicialenelcasodequelaSDAesConvocadaalaconciliacion_v5/TramitedeConciliacionPrejudicialenelcasodequelaSDAesConvocadaalaconciliacion_v5.asp?IdArticulo=6974 HTTP/1.1" 200 205
190.158.96.166 - - [28/Dec/2014:15:40:59 -0500] "GET /isolucionsda/bancoconocimiento/T/TramitedeConciliacionPrejudicialenelcasodequelaSDAesConvocadaalaconciliacion_v5/TramitedeConciliacionPrejudicialenelcasodequelaSDAesConvocadaalaconciliacion_v5.asp?IdArticulo=6974 HTTP/1.1" 200 205
190.158.96.166 - - [28/Dec/2014:15:41:00 -0500] "GET /isolucionsda/bancoconocimiento/T/TramitedeConciliacionPrejudicialenelcasodequelaSDAesConvocadaalaconciliacion_v5/TramitedeConciliacionPrejudicialenelcasodequelaSDAesConvocadaalaconciliacion_v5.asp?IdArticulo=6974 HTTP/1.1" 200 205
