66.249.73.155 - - [28/Dec/2014:05:28:25 -0500] "GET /BLA/resoluciones/RESOLUCIONES%202006/RES%202006%202751-2800/00002760.tif HTTP/1.1" 304 -
66.249.73.155 - - [28/Dec/2014:05:28:47 -0500] "GET /BLA/resoluciones/RESOLUCIONES%202006/RES%202006%201701-1751/00001712.tif HTTP/1.1" 304 -
66.249.73.171 - - [28/Dec/2014:05:29:10 -0500] "GET /BLA/resoluciones/RESOLUCIONES%202006/RES%202006%201701-1751/00001722.tif HTTP/1.1" 304 -
66.249.73.163 - - [28/Dec/2014:05:29:32 -0500] "GET /BLA/resoluciones/RESOLUCIONES%202006/RES%202006%202751-2800/00002780.tif HTTP/1.1" 304 -
66.249.73.155 - - [28/Dec/2014:05:29:55 -0500] "GET /stormMonitor/img/menu/StormIco.gif HTTP/1.1" 200 86
66.249.73.155 - - [28/Dec/2014:05:29:58 -0500] "GET /BLA/resoluciones/RESOLUCIONES%202006/RES%202006%20%202901-2950/00002948.tif HTTP/1.1" 200 81186
181.132.57.208 - - [28/Dec/2014:05:30:03 -0500] "GET /BLA/circulares/5.pdf HTTP/1.1" 200 2146608
188.165.15.78 - - [28/Dec/2014:05:30:07 -0500] "GET /BLA/resoluciones/RESOLUCIONES%202003/RES%202003%20901-950/948.tif HTTP/1.1" 200 184624
66.249.73.171 - - [28/Dec/2014:05:30:17 -0500] "GET /BLA/resoluciones/RESOLUCIONES%202006/RES%202006%201701-1751/00001750.tif HTTP/1.1" 304 -
74.86.158.107 - - [28/Dec/2014:05:30:37 -0500] "HEAD / HTTP/1.1" 302 -
66.249.73.163 - - [28/Dec/2014:05:30:40 -0500] "GET /BLA/resoluciones/AUTOS%202006/AUTOS%202006%202701%20-%202800/00002759.tif HTTP/1.1" 304 -
66.249.73.163 - - [28/Dec/2014:05:31:02 -0500] "GET /BLA/resoluciones/AUTOS%202006/AUTOS%202006%202701%20-%202800/00002760.tif HTTP/1.1" 304 -
188.165.15.78 - - [28/Dec/2014:05:31:15 -0500] "GET /BLA/resoluciones/RESOLUCIONES%202004/RES%202004%201751-1800/00001790.tif HTTP/1.1" 200 158780
66.249.73.171 - - [28/Dec/2014:05:31:25 -0500] "GET /BLA/resoluciones/AUTOS%202006/AUTOS%202006%202701%20-%202800/00002709.tif HTTP/1.1" 304 -
66.249.73.171 - - [28/Dec/2014:05:31:30 -0500] "GET /BLA/resoluciones/RESOLUCIONES%202009/7769.pdf HTTP/1.1" 200 495123
80.174.6.192 - - [28/Dec/2014:05:31:32 -0500] "GET /BLA/resoluciones/AUTOS%202007/2196.pdf HTTP/1.1" 200 146863
80.174.6.192 - - [28/Dec/2014:05:31:35 -0500] "GET /favicon.ico HTTP/1.1" 200 7782
66.249.73.155 - - [28/Dec/2014:05:31:47 -0500] "GET /BLA/resoluciones/RESOLUCIONES%202006/RES%202006%201451-1500/00001464.tif HTTP/1.1" 304 -
66.249.73.163 - - [28/Dec/2014:05:32:10 -0500] "GET /BLA/resoluciones/AUTOS%202006/AUTOS%202006%202701%20-%202800/00002742.tif HTTP/1.1" 304 -
66.249.73.163 - - [28/Dec/2014:05:32:31 -0500] "GET /BLA/resoluciones/AUTOS%202006/AUTOS%202006%202701%20-%202800/00002792.tif HTTP/1.1" 304 -
66.249.73.171 - - [28/Dec/2014:05:32:32 -0500] "GET /BLA/resoluciones/RESOLUCIONES%202006/RES%202006%20%202851-2900/00002886.tif HTTP/1.1" 200 36214
66.249.73.155 - - [28/Dec/2014:05:32:32 -0500] "GET /BLA/resoluciones/RESOLUCIONES%202006/RES%202006%20%202801-2850/00002849.tif HTTP/1.1" 200 265960
180.76.5.77 - - [28/Dec/2014:05:32:46 -0500] "GET /BLA/resoluciones/RESOLUCIONES%202007/RES%202007%203301%20AL%203400/RESOLUCION%203322%20DE%202007.pdf HTTP/1.1" 200 241192
66.249.73.163 - - [28/Dec/2014:05:32:54 -0500] "GET /BLA/resoluciones/AUTOS%202006/AUTOS%202006%202701%20-%202800/00002746.tif HTTP/1.1" 304 -
66.249.73.171 - - [28/Dec/2014:05:33:16 -0500] "GET /BLA/resoluciones/dlf/pdf.gif HTTP/1.1" 304 -
66.249.73.171 - - [28/Dec/2014:05:33:39 -0500] "GET /icons/text.gif HTTP/1.1" 304 -
66.249.73.171 - - [28/Dec/2014:05:33:52 -0500] "GET /BLA/resoluciones/RESOLUCIONES%202005/RES%202005%20601-650/00000645.tif HTTP/1.1" 200 40118
66.249.73.155 - - [28/Dec/2014:05:34:01 -0500] "GET /BLA/resoluciones/RESOLUCIONES%202002/RES%202002%20951-1000/00000962.tif HTTP/1.1" 304 -
66.249.73.155 - - [28/Dec/2014:05:34:24 -0500] "GET /BLA/resoluciones/RESOLUCIONES%202002/RES%202002%20951-1000/00000989.tif HTTP/1.1" 304 -
180.76.6.158 - - [28/Dec/2014:05:34:34 -0500] "GET /BLA/boletinlegal/jurisprudencia/analisis/Analisis%20jurisprudencial%20Sentencia%20C-366-11.doc HTTP/1.1" 200 59392
66.249.73.163 - - [28/Dec/2014:05:34:40 -0500] "GET /BLA/resoluciones/AUTOS%202011/2895.pdf HTTP/1.1" 304 -
66.249.73.163 - - [28/Dec/2014:05:34:46 -0500] "GET /BLA/resoluciones/AUTOS%202006/AUTOS%202006%202701%20-%202800/00002748.tif HTTP/1.1" 304 -
188.165.15.37 - - [28/Dec/2014:05:34:48 -0500] "GET /BLA/resoluciones/RESOLUCIONES%202002/RES%202002%201001-1050/2002RES1006.tif HTTP/1.1" 200 42784
66.249.73.163 - - [28/Dec/2014:05:35:09 -0500] "GET /BLA/resoluciones/AUTOS%202006/AUTOS%202006%202701%20-%202800/00002741.tif HTTP/1.1" 304 -
188.165.15.130 - - [28/Dec/2014:05:35:18 -0500] "GET /BLA/resoluciones/index.php?dir=RESOLUCIONES%202004/RES%202004%201601-1650/&sort=name&order=asc HTTP/1.1" 200 12359
66.249.73.171 - - [28/Dec/2014:05:35:31 -0500] "GET /BLA/resoluciones/AUTOS%202006/AUTOS%202006%202701%20-%202800/00002791.tif HTTP/1.1" 304 -
74.86.158.107 - - [28/Dec/2014:05:35:37 -0500] "HEAD / HTTP/1.1" 302 -
66.249.73.155 - - [28/Dec/2014:05:35:52 -0500] "GET /BLA/resoluciones/AUTOS%202009/1288.pdf HTTP/1.1" 200 295794
66.249.73.163 - - [28/Dec/2014:05:35:54 -0500] "GET /BLA/resoluciones/AUTOS%202006/AUTOS%202006%202701%20-%202800/00002749.tif HTTP/1.1" 304 -
188.165.15.37 - - [28/Dec/2014:05:36:16 -0500] "GET /BLA/resoluciones/RESOLUCIONES%202003/RES%202003%201801-1850/20031813.tif HTTP/1.1" 200 43956
66.249.73.171 - - [28/Dec/2014:05:36:16 -0500] "GET /BLA/resoluciones/AUTOS%202006/AUTOS%202006%202701%20-%202800/00002724.tif HTTP/1.1" 304 -
157.55.39.95 - - [28/Dec/2014:05:36:30 -0500] "GET /videos/Comadreja.flv HTTP/1.1" 200 1953549
66.249.73.155 - - [28/Dec/2014:05:36:39 -0500] "GET /BLA/resoluciones/AUTOS%202006/AUTOS%202006%202701%20-%202800/00002786.tif HTTP/1.1" 304 -
66.249.73.155 - - [28/Dec/2014:05:37:02 -0500] "GET /BLA/resoluciones/RESOLUCIONES%202006/RES%202006%20%202851-2900/00002872.tif HTTP/1.1" 200 37450
66.249.73.155 - - [28/Dec/2014:05:37:02 -0500] "GET /BLA/resoluciones/AUTOS%202006/AUTOS%202006%202701%20-%202800/00002711.tif HTTP/1.1" 304 -
188.165.15.26 - - [28/Dec/2014:05:37:10 -0500] "GET /BLA/resoluciones/RESOLUCIONES%202004/RES%202004%201101-1150/00001129.tif HTTP/1.1" 200 255028
66.249.73.155 - - [28/Dec/2014:05:37:24 -0500] "GET /BLA/resoluciones/AUTOS%202006/AUTOS%202006%202701%20-%202800/00002776.tif HTTP/1.1" 304 -
188.165.15.23 - - [28/Dec/2014:05:37:33 -0500] "GET /BLA/resoluciones/RESOLUCIONES%202003/RES%202003%202101-2150/20032114.tif HTTP/1.1" 200 192260
66.249.73.155 - - [28/Dec/2014:05:37:47 -0500] "GET /BLA/resoluciones/AUTOS%202006/AUTOS%202006%202701%20-%202800/00002715.tif HTTP/1.1" 304 -
66.249.73.163 - - [28/Dec/2014:05:37:49 -0500] "GET /BLA/resoluciones/Notificaciones/REGISTROS%202014/1565.doc HTTP/1.1" 200 159744
188.165.15.44 - - [28/Dec/2014:05:37:54 -0500] "GET /BLA/resoluciones/RESOLUCIONES%202003/RES%202003%20001-050/2003RES22.tif HTTP/1.1" 200 161212
188.165.15.192 - - [28/Dec/2014:05:37:54 -0500] "GET /BLA/resoluciones/RESOLUCIONES%202003/RES%202003%20251-300/274.tif HTTP/1.1" 200 51760
66.249.73.155 - - [28/Dec/2014:05:38:09 -0500] "GET /BLA/resoluciones/AUTOS%202006/AUTOS%202006%202701%20-%202800/00002734.tif HTTP/1.1" 304 -
66.249.73.171 - - [28/Dec/2014:05:38:32 -0500] "GET /BLA/resoluciones/AUTOS%202006/AUTOS%202006%202701%20-%202800/00002747.tif HTTP/1.1" 304 -
66.249.73.171 - - [28/Dec/2014:05:38:54 -0500] "GET /BLA/resoluciones/AUTOS%202006/AUTOS%202006%202701%20-%202800/00002753.tif HTTP/1.1" 304 -
188.165.15.85 - - [28/Dec/2014:05:38:56 -0500] "GET /BLA/resoluciones/RESOLUCIONES%202004/RES%202004%20351-400/00000395.tif HTTP/1.1" 200 210026
66.249.73.171 - - [28/Dec/2014:05:39:17 -0500] "GET /BLA/resoluciones/RESOLUCIONES%202006/RES%202006%201451-1500/00001458.tif HTTP/1.1" 304 -
66.249.73.155 - - [28/Dec/2014:05:39:39 -0500] "GET /BLA/resoluciones/AUTOS%202006/AUTOS%202006%202701%20-%202800/00002780.tif HTTP/1.1" 304 -
66.249.73.163 - - [28/Dec/2014:05:40:02 -0500] "GET /BLA/resoluciones/RESOLUCIONES%202006/RES%202006%201701-1751/00001717.tif HTTP/1.1" 304 -
66.249.73.155 - - [28/Dec/2014:05:40:24 -0500] "GET /BLA/resoluciones/AUTOS%202006/AUTOS%202006%202701%20-%202800/00002767.tif HTTP/1.1" 304 -
74.86.158.107 - - [28/Dec/2014:05:40:37 -0500] "HEAD / HTTP/1.1" 302 -
66.249.73.155 - - [28/Dec/2014:05:40:47 -0500] "GET /BLA/resoluciones/AUTOS%202006/AUTOS%202006%202701%20-%202800/00002714.tif HTTP/1.1" 304 -
66.249.73.163 - - [28/Dec/2014:05:40:58 -0500] "GET /BLA/resoluciones/Notificaciones/REGISTROS%202014/2008.doc HTTP/1.1" 200 138984
66.249.73.163 - - [28/Dec/2014:05:41:09 -0500] "GET /BLA/resoluciones/AUTOS%202006/AUTOS%202006%202701%20-%202800/00002755.tif HTTP/1.1" 304 -
66.249.73.171 - - [28/Dec/2014:05:41:32 -0500] "GET /BLA/resoluciones/AUTOS%202006/AUTOS%202006%202701%20-%202800/00002721.tif HTTP/1.1" 304 -
188.165.15.130 - - [28/Dec/2014:05:41:44 -0500] "GET /BLA/resoluciones/RESOLUCIONES%202005/RES%202005%202751-2800/00002774.tif HTTP/1.1" 200 335076
66.249.73.155 - - [28/Dec/2014:05:41:54 -0500] "GET /BLA/resoluciones/AUTOS%202006/AUTOS%202006%202701%20-%202800/00002784.tif HTTP/1.1" 304 -
66.249.73.163 - - [28/Dec/2014:05:42:17 -0500] "GET /BLA/resoluciones/AUTOS%202006/AUTOS%202006%202701%20-%202800/00002725.tif HTTP/1.1" 304 -
66.249.73.155 - - [28/Dec/2014:05:42:27 -0500] "GET /BLA/resoluciones/RESOLUCIONES%202006/RES%202006%20%202901-2950/00002932.tif HTTP/1.1" 200 206256
66.249.73.155 - - [28/Dec/2014:05:42:39 -0500] "GET /BLA/resoluciones/AUTOS%202006/AUTOS%202006%202701%20-%202800/00002733.tif HTTP/1.1" 304 -
66.249.73.163 - - [28/Dec/2014:05:43:02 -0500] "GET /BLA/resoluciones/RESOLUCIONES%202005/RES%202005%202551-2600/00002554.tif HTTP/1.1" 304 -
180.76.5.149 - - [28/Dec/2014:05:43:03 -0500] "GET /BLA/boletinlegal;jsessionid=63D1B9B3FA8B7931FD3F647DFFBC9EA6?/? HTTP/1.1" 404 1018
100.43.85.25 - - [28/Dec/2014:05:43:22 -0500] "GET /StormSDA/userFiles%20-%20Copy%2019-07-2012/94.jar HTTP/1.1" 200 2755
66.249.73.163 - - [28/Dec/2014:05:43:24 -0500] "GET /BLA/resoluciones/RESOLUCIONES%202005/RES%202005%202551-2600/00002585.tif HTTP/1.1" 304 -
188.165.15.130 - - [28/Dec/2014:05:43:46 -0500] "GET /BLA/resoluciones/RESOLUCIONES%202002/RES%202002%2051-100/2002RES59.tif HTTP/1.1" 200 49448
66.249.73.163 - - [28/Dec/2014:05:43:47 -0500] "GET /BLA/resoluciones/RESOLUCIONES%202005/RES%202005%203001-3050/00003008.tif HTTP/1.1" 304 -
157.55.39.156 - - [28/Dec/2014:05:43:59 -0500] "GET /dama/libreria/pdf/pigas/PIGA_JB/CronogramaPIGA.xls HTTP/1.1" 404 1019
66.249.73.163 - - [28/Dec/2014:05:44:08 -0500] "GET /resoluciones/RESOLUCIONES%202009/0702.pdf HTTP/1.1" 404 1018
66.249.73.163 - - [28/Dec/2014:05:44:09 -0500] "GET /BLA/resoluciones/RESOLUCIONES%202003/RES%202003%20151-200/2003RES161.tif HTTP/1.1" 304 -
66.249.73.163 - - [28/Dec/2014:05:44:15 -0500] "GET /BLA/resoluciones/index.php?dir=RESOLUCIONES%202002/RES%202002%201451-1500/&sort=size&order=asc HTTP/1.1" 200 12146
66.249.73.171 - - [28/Dec/2014:05:44:32 -0500] "GET /BLA/resoluciones/RESOLUCIONES%202003/RES%202003%20151-200/2003RES164.tif HTTP/1.1" 304 -
66.249.73.171 - - [28/Dec/2014:05:44:55 -0500] "GET /BLA/resoluciones/RESOLUCIONES%202003/RES%202003%20151-200/2003RES194.tif HTTP/1.1" 304 -
66.249.73.171 - - [28/Dec/2014:05:45:03 -0500] "GET /BLA/resoluciones/RESOLUCIONES%202003/RES%202003%201201-1250/2003RES1231.tif HTTP/1.1" 200 180836
66.249.73.155 - - [28/Dec/2014:05:45:17 -0500] "GET /BLA/resoluciones/RESOLUCIONES%202005/RES%202005%202551-2600/00002555.tif HTTP/1.1" 304 -
74.86.158.107 - - [28/Dec/2014:05:45:37 -0500] "HEAD / HTTP/1.1" 302 -
66.249.73.163 - - [28/Dec/2014:05:45:40 -0500] "GET /BLA/resoluciones/RESOLUCIONES%202005/RES%202005%202551-2600/00002557.tif HTTP/1.1" 304 -
66.249.73.163 - - [28/Dec/2014:05:46:02 -0500] "GET /BLA/resoluciones/RESOLUCIONES%202005/RES%202005%202551-2600/00002591.tif HTTP/1.1" 304 -
186.52.141.71 - - [28/Dec/2014:05:46:22 -0500] "GET /BLA/resoluciones/RESOLUCIONES%202009/4393.pdf HTTP/1.1" 200 425766
186.52.141.71 - - [28/Dec/2014:05:46:23 -0500] "GET /favicon.ico HTTP/1.1" 200 7782
186.52.141.71 - - [28/Dec/2014:05:46:23 -0500] "GET /BLA/resoluciones/RESOLUCIONES%202009/4393.pdf HTTP/1.1" 206 65536
186.52.141.71 - - [28/Dec/2014:05:46:23 -0500] "GET /BLA/resoluciones/RESOLUCIONES%202009/4393.pdf HTTP/1.1" 206 32550
186.52.141.71 - - [28/Dec/2014:05:46:23 -0500] "GET /BLA/resoluciones/RESOLUCIONES%202009/4393.pdf HTTP/1.1" 206 65536
186.52.141.71 - - [28/Dec/2014:05:46:23 -0500] "GET /BLA/resoluciones/RESOLUCIONES%202009/4393.pdf HTTP/1.1" 206 65536
186.52.141.71 - - [28/Dec/2014:05:46:24 -0500] "GET /BLA/resoluciones/RESOLUCIONES%202009/4393.pdf HTTP/1.1" 206 65536
186.52.141.71 - - [28/Dec/2014:05:46:24 -0500] "GET /BLA/resoluciones/RESOLUCIONES%202009/4393.pdf HTTP/1.1" 206 65536
186.52.141.71 - - [28/Dec/2014:05:46:24 -0500] "GET /BLA/resoluciones/RESOLUCIONES%202009/4393.pdf HTTP/1.1" 206 65536
66.249.73.163 - - [28/Dec/2014:05:46:25 -0500] "GET /BLA/resoluciones/RESOLUCIONES%202005/RES%202005%202551-2600/00002589.tif HTTP/1.1" 304 -
66.249.73.163 - - [28/Dec/2014:05:46:33 -0500] "GET /BLA/resoluciones/AUTOS%202013/0961.pdf HTTP/1.1" 200 1833910
66.249.73.171 - - [28/Dec/2014:05:46:47 -0500] "GET /BLA/resoluciones/RESOLUCIONES%202005/RES%202005%202551-2600/00002553.tif HTTP/1.1" 304 -
66.249.73.155 - - [28/Dec/2014:05:47:10 -0500] "GET /BLA/resoluciones/RESOLUCIONES%202002/RES%202002%20251-300/00000272.tif HTTP/1.1" 304 -
66.249.73.155 - - [28/Dec/2014:05:47:17 -0500] "GET /resoluciones/RESOLUCIONES%202007/RES%202007%203101%20AL%203200/RESOLUCION%203184%20DE%202007.pdf HTTP/1.1" 404 1018
66.249.73.163 - - [28/Dec/2014:05:47:32 -0500] "GET /BLA/resoluciones/RESOLUCIONES%202005/RES%202005%203001-3050/00003027.tif HTTP/1.1" 304 -
66.249.73.171 - - [28/Dec/2014:05:47:55 -0500] "GET /BLA/resoluciones/RESOLUCIONES%202005/RES%202005%202551-2600/00002572.tif HTTP/1.1" 304 -
66.249.73.155 - - [28/Dec/2014:05:48:17 -0500] "GET /BLA/resoluciones/RESOLUCIONES%202005/RES%202005%202551-2600/00002573.tif HTTP/1.1" 304 -
66.249.73.163 - - [28/Dec/2014:05:48:40 -0500] "GET /BLA/resoluciones/RESOLUCIONES%202005/RES%202005%202551-2600/00002558.tif HTTP/1.1" 304 -
66.249.73.163 - - [28/Dec/2014:05:48:45 -0500] "GET /BLA/resoluciones/RESOLUCIONES%202005/RES%202005%202701%20-2750/00002743.tif HTTP/1.1" 200 26646
66.249.73.171 - - [28/Dec/2014:05:49:02 -0500] "GET /BLA/resoluciones/RESOLUCIONES%202003/RES%202003%201951-2000/00001973.tif HTTP/1.1" 200 73230
66.249.73.171 - - [28/Dec/2014:05:49:25 -0500] "GET /BLA/resoluciones/RESOLUCIONES%202003/RES%202003%201951-2000/00001968.tif HTTP/1.1" 200 87908
66.249.73.171 - - [28/Dec/2014:05:49:47 -0500] "GET /BLA/resoluciones/RESOLUCIONES%202005/RES%202005%203001-3050/00003045.tif HTTP/1.1" 304 -
188.165.15.192 - - [28/Dec/2014:05:50:05 -0500] "GET /BLA/resoluciones/RESOLUCIONES%202004/RES%202004%20251-300/00000261.tif HTTP/1.1" 200 105420
66.249.73.171 - - [28/Dec/2014:05:50:10 -0500] "GET /BLA/resoluciones/RESOLUCIONES%202003/RES%202003%20151-200/2003RES160.tif HTTP/1.1" 304 -
188.165.15.192 - - [28/Dec/2014:05:50:12 -0500] "GET /BLA/resoluciones/RESOLUCIONES%202002/RES%202002%201801-1850/20021810.tif HTTP/1.1" 200 356038
188.165.15.26 - - [28/Dec/2014:05:50:18 -0500] "GET /BLA/resoluciones/RESOLUCIONES%202004/RES%202004%20751-800/00000799.tif HTTP/1.1" 200 96986
66.249.65.196 - - [28/Dec/2014:05:50:22 -0500] "GET / HTTP/1.1" 302 -
66.249.73.171 - - [28/Dec/2014:05:50:27 -0500] "GET /resoluciones/RESOLUCIONES%202010/4575.pdf HTTP/1.1" 404 1018
101.226.89.123 - - [28/Dec/2014:05:50:28 -0500] "GET /galeria/carrusel/Carrusel/jquery.thumbnailScroller.js HTTP/1.1" 200 8157
101.226.89.123 - - [28/Dec/2014:05:50:28 -0500] "GET /BLA/boletinlegal/js/jquery.scrollTo-min.js HTTP/1.1" 200 1150
101.226.89.123 - - [28/Dec/2014:05:50:28 -0500] "GET /galeria/nivo-slider/demo/demo.html HTTP/1.1" 200 3237
101.226.89.123 - - [28/Dec/2014:05:50:28 -0500] "GET /BLA/boletinlegal/js/jquery.js HTTP/1.1" 200 57254
101.226.89.123 - - [28/Dec/2014:05:50:28 -0500] "GET /BLA/boletinlegal/js/jquery.scrollShow.js HTTP/1.1" 200 4586
66.249.73.171 - - [28/Dec/2014:05:50:32 -0500] "GET /BLA/resoluciones/RESOLUCIONES%202003/RES%202003%20151-200/2003RES196.tif HTTP/1.1" 304 -
188.165.15.78 - - [28/Dec/2014:05:50:34 -0500] "GET /BLA/resoluciones/RESOLUCIONES%202006/RES%202006%20251-300/00000281.tif HTTP/1.1" 200 246726
74.86.158.107 - - [28/Dec/2014:05:50:37 -0500] "HEAD / HTTP/1.1" 302 -
66.249.73.155 - - [28/Dec/2014:05:50:55 -0500] "GET /BLA/resoluciones/RESOLUCIONES%202003/RES%202003%20151-200/2003RES153.tif HTTP/1.1" 304 -
188.165.15.130 - - [28/Dec/2014:05:51:12 -0500] "GET /BLA/resoluciones/RESOLUCIONES%202002/RES%202002%201601-1650/20021615.tif HTTP/1.1" 200 118090
66.249.73.163 - - [28/Dec/2014:05:51:17 -0500] "GET /BLA/resoluciones/RESOLUCIONES%202003/RES%202003%20151-200/2003RES176.tif HTTP/1.1" 304 -
188.165.15.130 - - [28/Dec/2014:05:51:40 -0500] "GET /BLA/resoluciones/RESOLUCIONES%202005/RES%202005%202351-2400/00002351.tif HTTP/1.1" 200 36676
66.249.73.155 - - [28/Dec/2014:05:51:40 -0500] "GET /BLA/resoluciones/RESOLUCIONES%202003/RES%202003%20151-200/2003RES169.tif HTTP/1.1" 304 -
66.249.73.155 - - [28/Dec/2014:05:52:02 -0500] "GET /BLA/resoluciones/RESOLUCIONES%202003/RES%202003%20151-200/2003RES191.tif HTTP/1.1" 304 -
66.249.73.155 - - [28/Dec/2014:05:52:25 -0500] "GET /BLA/resoluciones/RESOLUCIONES%202003/RES%202003%20151-200/2003RES179.tif HTTP/1.1" 304 -
66.249.73.171 - - [28/Dec/2014:05:52:42 -0500] "GET /BLA/resoluciones/RESOLUCIONES%202002/RES%202002%201001-1050/2002RES1034.tif HTTP/1.1" 200 80112
66.249.73.155 - - [28/Dec/2014:05:52:43 -0500] "GET /BLA/resoluciones/RESOLUCIONES%202006/RES%202006%20%202851-2900/00002880.tif HTTP/1.1" 200 39528
66.249.73.163 - - [28/Dec/2014:05:52:47 -0500] "GET /BLA/resoluciones/RESOLUCIONES%202003/RES%202003%20151-200/2003RES195.tif HTTP/1.1" 304 -
66.249.73.155 - - [28/Dec/2014:05:53:10 -0500] "GET /BLA/resoluciones/RESOLUCIONES%202003/RES%202003%20151-200/2003RES170.tif HTTP/1.1" 304 -
66.249.73.155 - - [28/Dec/2014:05:53:33 -0500] "GET /BLA/resoluciones/RESOLUCIONES%202003/RES%202003%20151-200/2003RES165.tif HTTP/1.1" 304 -
188.165.15.78 - - [28/Dec/2014:05:53:36 -0500] "GET /BLA/resoluciones/RESOLUCIONES%202003/RES%202003%20351-400/367.tif HTTP/1.1" 200 229184
66.249.73.171 - - [28/Dec/2014:05:53:36 -0500] "GET /sig/indicadores/2009/12.DICIEMBRE/Apoyo/Recursos%20Informaticos%20y%20Tecnologicos/ HTTP/1.1" 404 1018
66.249.73.163 - - [28/Dec/2014:05:53:55 -0500] "GET /BLA/resoluciones/RESOLUCIONES%202003/RES%202003%20151-200/2003RES190.tif HTTP/1.1" 304 -
66.249.73.171 - - [28/Dec/2014:05:54:18 -0500] "GET /BLA/resoluciones/RESOLUCIONES%202003/RES%202003%20151-200/2003RES163.tif HTTP/1.1" 304 -
66.249.73.163 - - [28/Dec/2014:05:54:40 -0500] "GET /BLA/resoluciones/RESOLUCIONES%202003/RES%202003%20151-200/2003RES174.tif HTTP/1.1" 304 -
66.249.73.155 - - [28/Dec/2014:05:55:03 -0500] "GET /BLA/resoluciones/RESOLUCIONES%202003/RES%202003%20151-200/2003RES200.tif HTTP/1.1" 304 -
188.165.15.192 - - [28/Dec/2014:05:55:11 -0500] "GET /BLA/resoluciones/RESOLUCIONES%202005/RES%202005%20%201651-1700/00001699.tif HTTP/1.1" 200 161350
66.249.73.163 - - [28/Dec/2014:05:55:25 -0500] "GET /BLA/resoluciones/RESOLUCIONES%202003/RES%202003%20151-200/2003RES189.tif HTTP/1.1" 304 -
74.86.158.107 - - [28/Dec/2014:05:55:37 -0500] "HEAD / HTTP/1.1" 302 -
180.76.6.154 - - [28/Dec/2014:05:55:41 -0500] "GET /BLA/resoluciones/RESOLUCIONES%202007/RES%202007%20201%20AL%20300/RESOLUCION%200292%20DE%202007.pdf HTTP/1.1" 200 296023
66.249.73.171 - - [28/Dec/2014:05:55:48 -0500] "GET /BLA/resoluciones/RESOLUCIONES%202003/RES%202003%20151-200/2003RES152.tif HTTP/1.1" 304 -
101.226.89.123 - - [28/Dec/2014:05:55:56 -0500] "GET /galeria/nivo-slider/demo/scripts/jquery-1.7.1.min.js HTTP/1.1" 200 93868
101.226.89.123 - - [28/Dec/2014:05:55:56 -0500] "GET /galeria/nivo-slider/jquery.nivo.slider.pack.js HTTP/1.1" 200 11561
220.181.108.170 - - [28/Dec/2014:05:56:09 -0500] "GET /BLA/boletinlegal/js/jquery.js HTTP/1.1" 200 57254
66.249.73.155 - - [28/Dec/2014:05:56:10 -0500] "GET /BLA/resoluciones/RESOLUCIONES%202003/RES%202003%20151-200/2003RES159.tif HTTP/1.1" 304 -
220.181.108.178 - - [28/Dec/2014:05:56:15 -0500] "GET /BLA/boletinlegal/js/jquery.scrollTo-min.js HTTP/1.1" 200 1150
180.76.5.28 - - [28/Dec/2014:05:56:28 -0500] "GET /BLA/boletinlegal;jsessionid=D2340F46E4EEBBAD9E619819E259B57F?/? HTTP/1.1" 404 1018
66.249.73.163 - - [28/Dec/2014:05:56:33 -0500] "GET /BLA/resoluciones/RESOLUCIONES%202003/RES%202003%20151-200/2003RES168.tif HTTP/1.1" 304 -
66.249.73.155 - - [28/Dec/2014:05:56:46 -0500] "GET /resoluciones/RESOLUCIONES%202007/RES%202007%203101%20AL%203200/RESOLUCION%203126%20DE%202007.pdf HTTP/1.1" 404 1018
66.249.73.163 - - [28/Dec/2014:05:56:55 -0500] "GET /BLA/resoluciones/RESOLUCIONES%202003/RES%202003%20151-200/2003RES183.tif HTTP/1.1" 304 -
66.249.73.155 - - [28/Dec/2014:05:56:57 -0500] "GET /BLA/resoluciones/RESOLUCIONES%202005/RES%202005%20601-650/00000601.tif HTTP/1.1" 200 211810
66.249.73.163 - - [28/Dec/2014:05:57:13 -0500] "GET /BLA/resoluciones/RESOLUCIONES%202007/RES%202007%202001%20AL%202100/RESOLUCION%202054%20DE%202007.pdf HTTP/1.1" 200 470460
181.157.125.156 - - [28/Dec/2014:05:57:17 -0500] "GET /BLA/boletinlegal/js/jquery.js HTTP/1.1" 200 57254
181.157.125.156 - - [28/Dec/2014:05:57:17 -0500] "GET /BLA/boletinlegal/js/jquery.scrollTo-min.js HTTP/1.1" 200 1150
181.157.125.156 - - [28/Dec/2014:05:57:17 -0500] "GET /BLA/boletinlegal/js/jquery.scrollShow.js HTTP/1.1" 200 4586
66.249.73.163 - - [28/Dec/2014:05:57:18 -0500] "GET /BLA/resoluciones/RESOLUCIONES%202003/RES%202003%20151-200/2003RES188.tif HTTP/1.1" 304 -
220.181.108.91 - - [28/Dec/2014:05:57:29 -0500] "GET / HTTP/1.1" 302 -
66.249.73.171 - - [28/Dec/2014:05:57:40 -0500] "GET /BLA/resoluciones/RESOLUCIONES%202006/RES%202006%20%202851-2900/00002869.tif HTTP/1.1" 200 37730
66.249.73.163 - - [28/Dec/2014:05:57:41 -0500] "GET /BLA/resoluciones/RESOLUCIONES%202003/RES%202003%20151-200/2003RES158.tif HTTP/1.1" 304 -
66.249.73.155 - - [28/Dec/2014:05:58:03 -0500] "GET /BLA/resoluciones/RESOLUCIONES%202003/RES%202003%20151-200/2003RES162.tif HTTP/1.1" 304 -
188.165.15.85 - - [28/Dec/2014:05:58:04 -0500] "GET /BLA/resoluciones/RESOLUCIONES%202002/RES%202002%20251-300/00000270.tif HTTP/1.1" 200 53796
66.249.73.155 - - [28/Dec/2014:05:58:25 -0500] "GET /BLA/resoluciones/RESOLUCIONES%202003/RES%202003%20151-200/2003RES185.tif HTTP/1.1" 304 -
66.249.73.171 - - [28/Dec/2014:05:58:48 -0500] "GET /BLA/resoluciones/RESOLUCIONES%202003/RES%202003%20151-200/2003RES156.tif HTTP/1.1" 304 -
66.249.73.163 - - [28/Dec/2014:05:59:10 -0500] "GET /BLA/resoluciones/RESOLUCIONES%202003/RES%202003%20151-200/2003RES155.tif HTTP/1.1" 304 -
66.249.73.171 - - [28/Dec/2014:05:59:33 -0500] "GET /BLA/resoluciones/RESOLUCIONES%202003/RES%202003%20151-200/2003RES197.tif HTTP/1.1" 304 -
66.249.73.163 - - [28/Dec/2014:05:59:55 -0500] "GET /sig/indicadores/2010/JUNIO/Apoyo/Documental/ HTTP/1.1" 404 1018
66.249.73.163 - - [28/Dec/2014:05:59:56 -0500] "GET /BLA/resoluciones/RESOLUCIONES%202005/RES%202005%203001-3050/00003032.tif HTTP/1.1" 304 -
66.249.73.163 - - [28/Dec/2014:06:00:18 -0500] "GET /BLA/resoluciones/RESOLUCIONES%202003/RES%202003%20151-200/2003RES167.tif HTTP/1.1" 304 -
202.46.63.121 - - [28/Dec/2014:06:00:35 -0500] "GET / HTTP/1.1" 302 -
74.86.158.107 - - [28/Dec/2014:06:00:37 -0500] "HEAD / HTTP/1.1" 302 -
66.249.73.155 - - [28/Dec/2014:06:00:41 -0500] "GET /BLA/resoluciones/RESOLUCIONES%202003/RES%202003%20151-200/2003RES187.tif HTTP/1.1" 304 -
66.249.73.171 - - [28/Dec/2014:06:01:03 -0500] "GET /BLA/resoluciones/RESOLUCIONES%202003/RES%202003%20151-200/2003RES184.tif HTTP/1.1" 304 -
66.249.73.171 - - [28/Dec/2014:06:01:26 -0500] "GET /BLA/resoluciones/RESOLUCIONES%202003/RES%202003%20151-200/2003RES177.tif HTTP/1.1" 304 -
119.63.193.194 - - [28/Dec/2014:06:01:45 -0500] "GET / HTTP/1.1" 302 -
66.249.73.171 - - [28/Dec/2014:06:01:48 -0500] "GET /BLA/resoluciones/RESOLUCIONES%202002/RES%202002%20251-300/00000297.tif HTTP/1.1" 304 -
66.249.73.155 - - [28/Dec/2014:06:02:11 -0500] "GET /BLA/resoluciones/RESOLUCIONES%202003/RES%202003%20151-200/2003RES175.tif HTTP/1.1" 304 -
66.249.73.171 - - [28/Dec/2014:06:02:34 -0500] "GET /BLA/resoluciones/RESOLUCIONES%202003/RES%202003%20151-200/2003RES171.tif HTTP/1.1" 304 -
66.249.73.171 - - [28/Dec/2014:06:02:45 -0500] "GET /BLA/resoluciones/RESOLUCIONES%202003/RES%202003%201201-1250/2003RES1245.tif HTTP/1.1" 200 70164
66.249.73.155 - - [28/Dec/2014:06:02:45 -0500] "GET /BLA/resoluciones/RESOLUCIONES%202002/RES%202002%201001-1050/2002RES1008.tif HTTP/1.1" 200 310718
66.249.73.171 - - [28/Dec/2014:06:02:46 -0500] "GET /BLA/resoluciones/RESOLUCIONES%202003/RES%202003%201201-1250/2003RES1211.tif HTTP/1.1" 200 207196
66.249.73.155 - - [28/Dec/2014:06:02:56 -0500] "GET /BLA/resoluciones/RESOLUCIONES%202003/RES%202003%20151-200/2003RES172.tif HTTP/1.1" 304 -
66.249.73.163 - - [28/Dec/2014:06:03:05 -0500] "GET /resoluciones/RESOLUCIONES%202009/9208.pdf HTTP/1.1" 404 1018
66.249.73.163 - - [28/Dec/2014:06:03:18 -0500] "GET /BLA/resoluciones/RESOLUCIONES%202003/RES%202003%20151-200/2003RES199.tif HTTP/1.1" 304 -
188.165.15.10 - - [28/Dec/2014:06:03:19 -0500] "GET /BLA/resoluciones/RESOLUCIONES%202000/2000%201350-1399.tif HTTP/1.1" 200 5177378
180.76.6.36 - - [28/Dec/2014:06:03:26 -0500] "GET /BLA/resoluciones/RESOLUCIONES%202007/RES%202007%20401%20AL%20500/RESOLUCION%200462%20DE%202007.pdf HTTP/1.1" 200 730586
66.249.73.155 - - [28/Dec/2014:06:03:41 -0500] "GET /BLA/resoluciones/RESOLUCIONES%202003/RES%202003%20151-200/2003RES198.tif HTTP/1.1" 304 -
188.165.15.26 - - [28/Dec/2014:06:03:49 -0500] "GET /BLA/resoluciones/RESOLUCIONES%202005/RES%202005%202851-2900/00002894.tif HTTP/1.1" 200 138048
66.249.73.155 - - [28/Dec/2014:06:04:03 -0500] "GET /BLA/resoluciones/RESOLUCIONES%202003/RES%202003%20151-200/2003RES154.tif HTTP/1.1" 304 -
66.249.73.155 - - [28/Dec/2014:06:04:26 -0500] "GET /BLA/resoluciones/RESOLUCIONES%202003/RES%202003%20151-200/2003RES178.tif HTTP/1.1" 304 -
66.249.73.163 - - [28/Dec/2014:06:04:28 -0500] "GET /BLA/resoluciones/RESOLUCIONES%202006/RES%202006%201701-1751/00001728.tif HTTP/1.1" 304 -
66.249.73.171 - - [28/Dec/2014:06:04:48 -0500] "GET /BLA/resoluciones/RESOLUCIONES%202003/RES%202003%20151-200/2003RES186.tif HTTP/1.1" 304 -
157.55.39.211 - - [28/Dec/2014:06:04:53 -0500] "GET /videos/galeria-cronicas/js/Jplayer.swf HTTP/1.1" 200 13674
66.249.73.163 - - [28/Dec/2014:06:05:11 -0500] "GET /BLA/resoluciones/RESOLUCIONES%202003/RES%202003%20151-200/2003RES192.tif HTTP/1.1" 304 -
66.249.73.171 - - [28/Dec/2014:06:05:33 -0500] "GET /BLA/resoluciones/RESOLUCIONES%202003/RES%202003%20151-200/2003RES157.tif HTTP/1.1" 304 -
74.86.158.107 - - [28/Dec/2014:06:05:37 -0500] "HEAD / HTTP/1.1" 302 -
66.249.73.171 - - [28/Dec/2014:06:05:56 -0500] "GET /BLA/resoluciones/RESOLUCIONES%202003/RES%202003%20151-200/2003RES173.tif HTTP/1.1" 304 -
66.249.73.155 - - [28/Dec/2014:06:06:14 -0500] "GET /resoluciones/RESOLUCIONES%202007/RES%202007%203401%20AL%203500/RESOLUCION%203442%20DE%202007.pdf HTTP/1.1" 404 1018
66.249.73.171 - - [28/Dec/2014:06:06:18 -0500] "GET /BLA/resoluciones/RESOLUCIONES%202003/RES%202003%20151-200/2003RES193.tif HTTP/1.1" 304 -
188.165.15.10 - - [28/Dec/2014:06:06:22 -0500] "GET /BLA/resoluciones/RESOLUCIONES%202002/RES%202002%201651-1700/20021675.tif HTTP/1.1" 200 41074
66.249.73.163 - - [28/Dec/2014:06:06:41 -0500] "GET /BLA/resoluciones/RESOLUCIONES%202003/RES%202003%20151-200/2003RES182.tif HTTP/1.1" 304 -
66.249.73.171 - - [28/Dec/2014:06:07:03 -0500] "GET /BLA/resoluciones/RESOLUCIONES%202003/RES%202003%20151-200/2003RES180.tif HTTP/1.1" 304 -
180.76.6.61 - - [28/Dec/2014:06:07:20 -0500] "GET /BLA/resoluciones/RESOLUCIONES%202009/2033.pdf HTTP/1.1" 200 311829
66.249.73.171 - - [28/Dec/2014:06:07:26 -0500] "GET /BLA/resoluciones/RESOLUCIONES%202003/RES%202003%20151-200/2003RES181.tif HTTP/1.1" 304 -
66.249.73.163 - - [28/Dec/2014:06:07:48 -0500] "GET /BLA/resoluciones/RESOLUCIONES%202003/RES%202003%20151-200/2003RES151.tif HTTP/1.1" 304 -
66.249.73.163 - - [28/Dec/2014:06:08:11 -0500] "GET /BLA/resoluciones/RESOLUCIONES%202003/RES%202003%20151-200/2003RES166.tif HTTP/1.1" 304 -
188.165.15.188 - - [28/Dec/2014:06:08:26 -0500] "GET /BLA/resoluciones/RESOLUCIONES%202005/RES%202005%202451-2500/00002494.tif HTTP/1.1" 200 248592
66.249.73.155 - - [28/Dec/2014:06:08:34 -0500] "GET /BLA/resoluciones/RESOLUCIONES%202002/RES%202002%20251-300/00000264.tif HTTP/1.1" 304 -
66.249.73.171 - - [28/Dec/2014:06:08:56 -0500] "GET /BLA/resoluciones/RESOLUCIONES%202002/RES%202002%20251-300/00000290.tif HTTP/1.1" 304 -
186.113.10.143 - - [28/Dec/2014:06:09:05 -0500] "GET /galeria/nivo-slider/demo/images/bolsas-08.jpg HTTP/1.1" 304 -
188.165.15.37 - - [28/Dec/2014:06:09:12 -0500] "GET /BLA/resoluciones/RESOLUCIONES%202006/RES%202006%20%202801-2850/00002830.tif HTTP/1.1" 200 292934
66.249.73.163 - - [28/Dec/2014:06:09:19 -0500] "GET /BLA/resoluciones/RESOLUCIONES%202002/RES%202002%20251-300/00000293.tif HTTP/1.1" 304 -
66.249.73.171 - - [28/Dec/2014:06:09:24 -0500] "GET /resoluciones/RESOLUCIONES%202007/RES%202007%201501%20AL%201600/RESOLUCION%201543%20DE%202007.pdf HTTP/1.1" 404 1018
180.76.6.59 - - [28/Dec/2014:06:09:36 -0500] "GET /BLA/boletinlegal;jsessionid=2652CE42402CB210C4DCBE8E5873395B?/? HTTP/1.1" 404 1018
123.125.71.78 - - [28/Dec/2014:06:09:41 -0500] "GET /phpold/amarillo.gif HTTP/1.1" 404 1019
66.249.73.163 - - [28/Dec/2014:06:09:41 -0500] "GET /BLA/resoluciones/RESOLUCIONES%202002/RES%202002%20251-300/00000284.tif HTTP/1.1" 304 -
123.125.71.57 - - [28/Dec/2014:06:10:01 -0500] "GET / HTTP/1.1" 302 -
66.249.73.163 - - [28/Dec/2014:06:10:04 -0500] "GET /BLA/resoluciones/RESOLUCIONES%202005/RES%202005%201001-1050/00001008.tif HTTP/1.1" 304 -
188.165.15.78 - - [28/Dec/2014:06:10:10 -0500] "GET /BLA/resoluciones/RESOLUCIONES%202004/RES%202004%202351-2401/00002381.tif HTTP/1.1" 200 136790
180.76.5.65 - - [28/Dec/2014:06:10:13 -0500] "GET /BLA/resoluciones/RESOLUCIONES%202009/1499.pdf HTTP/1.1" 200 663843
188.165.15.208 - - [28/Dec/2014:06:10:17 -0500] "GET /BLA/resoluciones/index.php?dir=AUTOS+2006%2FAUTOS+2006+3201+-+3300%2F HTTP/1.1" 200 22209
66.249.73.155 - - [28/Dec/2014:06:10:26 -0500] "GET /BLA/resoluciones/RESOLUCIONES%202005/RES%202005%202551-2600/00002592.tif HTTP/1.1" 304 -
74.86.158.107 - - [28/Dec/2014:06:10:37 -0500] "HEAD / HTTP/1.1" 302 -
66.249.73.171 - - [28/Dec/2014:06:10:49 -0500] "GET /BLA/resoluciones/RESOLUCIONES%202002/RES%202002%20251-300/00000294.tif HTTP/1.1" 304 -
66.249.73.155 - - [28/Dec/2014:06:11:11 -0500] "GET /BLA/resoluciones/RESOLUCIONES%202002/RES%202002%20251-300/00000261.tif HTTP/1.1" 304 -
66.249.73.155 - - [28/Dec/2014:06:11:34 -0500] "GET /BLA/resoluciones/RESOLUCIONES%202005/RES%202005%202051-2100/00002052.tif HTTP/1.1" 304 -
66.249.73.155 - - [28/Dec/2014:06:11:56 -0500] "GET /BLA/resoluciones/RESOLUCIONES%202005/RES%202005%203001-3050/00003041.tif HTTP/1.1" 304 -
66.249.73.171 - - [28/Dec/2014:06:12:19 -0500] "GET /BLA/resoluciones/RESOLUCIONES%202002/RES%202002%20251-300/00000274.tif HTTP/1.1" 304 -
188.165.15.192 - - [28/Dec/2014:06:12:24 -0500] "GET /BLA/resoluciones/index.php?dir=RESOLUCIONES+2004%2FRES+2004+1351-1400%2F HTTP/1.1" 200 12359
66.249.73.163 - - [28/Dec/2014:06:12:41 -0500] "GET /BLA/resoluciones/RESOLUCIONES%202002/RES%202002%20251-300/00000256.tif HTTP/1.1" 304 -
66.249.73.155 - - [28/Dec/2014:06:12:42 -0500] "GET /BLA/resoluciones/RESOLUCIONES%202005/RES%202005%20%201601-1650/00001629.tif HTTP/1.1" 200 143556
66.249.73.171 - - [28/Dec/2014:06:13:04 -0500] "GET /BLA/resoluciones/RESOLUCIONES%202005/RES%202005%202551-2600/00002581.tif HTTP/1.1" 304 -
66.249.73.155 - - [28/Dec/2014:06:13:26 -0500] "GET /BLA/resoluciones/RESOLUCIONES%202005/RES%202005%202551-2600/00002597.tif HTTP/1.1" 304 -
66.249.73.163 - - [28/Dec/2014:06:13:49 -0500] "GET /BLA/resoluciones/RESOLUCIONES%202005/RES%202005%202551-2600/00002564.tif HTTP/1.1" 304 -
66.249.73.155 - - [28/Dec/2014:06:14:11 -0500] "GET /BLA/resoluciones/RESOLUCIONES%202005/RES%202005%203001-3050/00003029.tif HTTP/1.1" 304 -
66.249.73.171 - - [28/Dec/2014:06:14:34 -0500] "GET /BLA/resoluciones/RESOLUCIONES%202005/RES%202005%202551-2600/00002580.tif HTTP/1.1" 304 -
181.54.84.12 - - [28/Dec/2014:06:14:48 -0500] "POST /forms/lservlet;jsessionid=ac16012b30d50c0e06ef3b6040be87bac98cba90d782.e3iSbxaKaheRe34Sa3yKbhiTahb0n6jAmljGr5XDqQLvpAe HTTP/1.1" 200 13
181.54.84.12 - - [28/Dec/2014:06:14:50 -0500] "POST /forms/lservlet;jsessionid=ac16012b30d50c0e06ef3b6040be87bac98cba90d782.e3iSbxaKaheRe34Sa3yKbhiTahb0n6jAmljGr5XDqQLvpAe HTTP/1.1" 200 13
181.54.84.12 - - [28/Dec/2014:06:14:52 -0500] "POST /forms/lservlet;jsessionid=ac16012b30d50c0e06ef3b6040be87bac98cba90d782.e3iSbxaKaheRe34Sa3yKbhiTahb0n6jAmljGr5XDqQLvpAe HTTP/1.1" 200 13
181.54.84.12 - - [28/Dec/2014:06:14:53 -0500] "POST /forms/lservlet;jsessionid=ac16012b30d50c0e06ef3b6040be87bac98cba90d782.e3iSbxaKaheRe34Sa3yKbhiTahb0n6jAmljGr5XDqQLvpAe HTTP/1.1" 200 13
181.54.84.12 - - [28/Dec/2014:06:14:55 -0500] "POST /forms/lservlet;jsessionid=ac16012b30d50c0e06ef3b6040be87bac98cba90d782.e3iSbxaKaheRe34Sa3yKbhiTahb0n6jAmljGr5XDqQLvpAe HTTP/1.1" 200 13
66.249.73.163 - - [28/Dec/2014:06:14:56 -0500] "GET /PruebasSTORM/StormSDA_pruebas/stormWeb/img/nombre.png HTTP/1.1" 200 24401
181.54.84.12 - - [28/Dec/2014:06:14:57 -0500] "POST /forms/lservlet;jsessionid=ac16012b30d50c0e06ef3b6040be87bac98cba90d782.e3iSbxaKaheRe34Sa3yKbhiTahb0n6jAmljGr5XDqQLvpAe HTTP/1.1" 200 13
66.249.73.163 - - [28/Dec/2014:06:15:19 -0500] "GET /BLA/resoluciones/RESOLUCIONES%202002/RES%202002%20251-300/00000260.tif HTTP/1.1" 304 -
181.54.84.12 - - [28/Dec/2014:06:15:31 -0500] "GET /forms/frmservlet?config=sia HTTP/1.1" 200 4028
181.54.84.12 - - [28/Dec/2014:06:15:32 -0500] "GET /forms/java/oracle/forms/registry/Registry.dat HTTP/1.1" 200 4213
181.54.84.12 - - [28/Dec/2014:06:15:32 -0500] "GET /forms/java/oracle/forms/registry/default.dat HTTP/1.1" 404 350
181.54.84.12 - - [28/Dec/2014:06:15:32 -0500] "GET /forms/frmservlet?config=sia&acceptLanguage=es-CO&ifcmd=startsession HTTP/1.1" 200 119
181.54.84.12 - - [28/Dec/2014:06:15:32 -0500] "GET /forms/lservlet;jsessionid=ac16012b30d5133a6ba0abd84a649b179ba60eb44c08.e3iSbxaKaheRe34Sa3yKbhiTahb0n6jAmljGr5XDqQLvpAe?ifcmd=getinfo&ifhost=Edgar-PC&ifip=192.168.0.11 HTTP/1.1" 200 8
188.165.15.26 - - [28/Dec/2014:06:15:33 -0500] "GET /BLA/resoluciones/RESOLUCIONES%202006/RES%202006%201901-1950/00001917.tif HTTP/1.1" 200 7168
181.54.84.12 - - [28/Dec/2014:06:15:32 -0500] "POST /forms/lservlet;jsessionid=ac16012b30d5133a6ba0abd84a649b179ba60eb44c08.e3iSbxaKaheRe34Sa3yKbhiTahb0n6jAmljGr5XDqQLvpAe HTTP/1.1" 200 8
181.54.84.12 - - [28/Dec/2014:06:15:33 -0500] "POST /forms/lservlet;jsessionid=ac16012b30d5133a6ba0abd84a649b179ba60eb44c08.e3iSbxaKaheRe34Sa3yKbhiTahb0n6jAmljGr5XDqQLvpAe HTTP/1.1" 200 64000
181.54.84.12 - - [28/Dec/2014:06:15:34 -0500] "HEAD /imagenes/dama_logo.gif HTTP/1.1" 200 -
181.54.84.12 - - [28/Dec/2014:06:15:34 -0500] "POST /forms/lservlet;jsessionid=ac16012b30d5133a6ba0abd84a649b179ba60eb44c08.e3iSbxaKaheRe34Sa3yKbhiTahb0n6jAmljGr5XDqQLvpAe HTTP/1.1" 200 64000
181.54.84.12 - - [28/Dec/2014:06:15:35 -0500] "POST /forms/lservlet;jsessionid=ac16012b30d5133a6ba0abd84a649b179ba60eb44c08.e3iSbxaKaheRe34Sa3yKbhiTahb0n6jAmljGr5XDqQLvpAe HTTP/1.1" 200 63623
181.54.84.12 - - [28/Dec/2014:06:15:36 -0500] "POST /forms/lservlet;jsessionid=ac16012b30d5133a6ba0abd84a649b179ba60eb44c08.e3iSbxaKaheRe34Sa3yKbhiTahb0n6jAmljGr5XDqQLvpAe HTTP/1.1" 200 2
74.86.158.107 - - [28/Dec/2014:06:15:37 -0500] "HEAD / HTTP/1.1" 302 -
66.249.73.155 - - [28/Dec/2014:06:15:41 -0500] "GET /BLA/resoluciones/RESOLUCIONES%202005/RES%202005%203001-3050/00003042.tif HTTP/1.1" 304 -
66.249.73.163 - - [28/Dec/2014:06:15:45 -0500] "GET /BLA/resoluciones/RESOLUCIONES%202003/RES%202003%201201-1250/2003RES1241.tif HTTP/1.1" 200 531592
66.249.73.155 - - [28/Dec/2014:06:16:04 -0500] "GET /PruebasSTORM/StormSDA_pruebas/stormWeb/img/logo.png HTTP/1.1" 200 43741
66.249.73.171 - - [28/Dec/2014:06:16:27 -0500] "GET /PruebasSTORM/StormSDA_pruebas/stormWeb/img/nuevo.gif HTTP/1.1" 200 320
188.165.15.85 - - [28/Dec/2014:06:16:29 -0500] "GET /BLA/resoluciones/RESOLUCIONES%202006/RES%202006%201051-1100/00001081.tif HTTP/1.1" 200 134878
181.54.84.12 - - [28/Dec/2014:06:16:39 -0500] "POST /forms/lservlet;jsessionid=ac16012b30d5133a6ba0abd84a649b179ba60eb44c08.e3iSbxaKaheRe34Sa3yKbhiTahb0n6jAmljGr5XDqQLvpAe HTTP/1.1" 200 7999
181.54.84.12 - - [28/Dec/2014:06:16:39 -0500] "POST /forms/lservlet;jsessionid=ac16012b30d5133a6ba0abd84a649b179ba60eb44c08.e3iSbxaKaheRe34Sa3yKbhiTahb0n6jAmljGr5XDqQLvpAe HTTP/1.1" 200 64
181.54.84.12 - - [28/Dec/2014:06:16:39 -0500] "POST /forms/lservlet;jsessionid=ac16012b30d5133a6ba0abd84a649b179ba60eb44c08.e3iSbxaKaheRe34Sa3yKbhiTahb0n6jAmljGr5XDqQLvpAe HTTP/1.1" 200 2
181.54.84.12 - - [28/Dec/2014:06:16:39 -0500] "POST /forms/lservlet;jsessionid=ac16012b30d5133a6ba0abd84a649b179ba60eb44c08.e3iSbxaKaheRe34Sa3yKbhiTahb0n6jAmljGr5XDqQLvpAe HTTP/1.1" 200 2
181.54.84.12 - - [28/Dec/2014:06:16:39 -0500] "POST /forms/lservlet;jsessionid=ac16012b30d5133a6ba0abd84a649b179ba60eb44c08.e3iSbxaKaheRe34Sa3yKbhiTahb0n6jAmljGr5XDqQLvpAe HTTP/1.1" 200 2
181.54.84.12 - - [28/Dec/2014:06:16:46 -0500] "POST /forms/lservlet;jsessionid=ac16012b30d5133a6ba0abd84a649b179ba60eb44c08.e3iSbxaKaheRe34Sa3yKbhiTahb0n6jAmljGr5XDqQLvpAe HTTP/1.1" 200 34711
181.54.84.12 - - [28/Dec/2014:06:16:47 -0500] "GET /imagenes/listval.gif HTTP/1.1" 200 905
181.54.84.12 - - [28/Dec/2014:06:16:47 -0500] "GET /imagenes/tree1.gif HTTP/1.1" 200 1161
181.54.84.12 - - [28/Dec/2014:06:16:47 -0500] "GET /imagenes/listval.gif HTTP/1.1" 200 905
181.54.84.12 - - [28/Dec/2014:06:16:47 -0500] "GET /imagenes/CAMERA3.gif HTTP/1.1" 200 4150
181.54.84.12 - - [28/Dec/2014:06:16:47 -0500] "GET /imagenes/SLIDE1.gif HTTP/1.1" 200 1111
181.54.84.12 - - [28/Dec/2014:06:16:47 -0500] "GET /imagenes/flexcomb.gif HTTP/1.1" 200 1169
181.54.84.12 - - [28/Dec/2014:06:16:47 -0500] "GET /imagenes/GO.gif HTTP/1.1" 200 904
181.54.84.12 - - [28/Dec/2014:06:16:47 -0500] "GET /imagenes/HRTOOLS.gif HTTP/1.1" 200 2238
181.54.84.12 - - [28/Dec/2014:06:16:48 -0500] "GET /imagenes/rt_rec1.gif HTTP/1.1" 200 867
181.54.84.12 - - [28/Dec/2014:06:16:48 -0500] "GET /imagenes/apply.gif HTTP/1.1" 200 903
181.54.84.12 - - [28/Dec/2014:06:16:48 -0500] "GET /imagenes/exit.gif HTTP/1.1" 200 916
181.54.84.12 - - [28/Dec/2014:06:16:48 -0500] "GET /imagenes/LISTVAL.gif HTTP/1.1" 200 905
181.54.84.12 - - [28/Dec/2014:06:16:48 -0500] "GET /imagenes/edit.gif HTTP/1.1" 200 919
181.54.84.12 - - [28/Dec/2014:06:16:48 -0500] "GET /imagenes/rt_rec4.gif HTTP/1.1" 200 865
181.54.84.12 - - [28/Dec/2014:06:16:48 -0500] "GET /imagenes/rt_rec3.gif HTTP/1.1" 200 844
181.54.84.12 - - [28/Dec/2014:06:16:48 -0500] "GET /imagenes/rt_rec2.gif HTTP/1.1" 200 847
181.54.84.12 - - [28/Dec/2014:06:16:48 -0500] "GET /imagenes/rt_rdel.gif HTTP/1.1" 200 899
181.54.84.12 - - [28/Dec/2014:06:16:48 -0500] "GET /imagenes/rt_radd.gif HTTP/1.1" 200 907
181.54.84.12 - - [28/Dec/2014:06:16:48 -0500] "GET /imagenes/rt_quer3.gif HTTP/1.1" 200 939
181.54.84.12 - - [28/Dec/2014:06:16:48 -0500] "GET /imagenes/rt_quer2.gif HTTP/1.1" 200 936
181.54.84.12 - - [28/Dec/2014:06:16:48 -0500] "GET /imagenes/rt_quer1.gif HTTP/1.1" 200 930
181.54.84.12 - - [28/Dec/2014:06:16:48 -0500] "GET /imagenes/rt_save.gif HTTP/1.1" 200 903
181.54.84.12 - - [28/Dec/2014:06:16:48 -0500] "GET /imagenes/rt_pset.gif HTTP/1.1" 200 914
181.54.84.12 - - [28/Dec/2014:06:16:48 -0500] "GET /imagenes/QUEJA.gif HTTP/1.1" 200 1091
181.54.84.12 - - [28/Dec/2014:06:16:48 -0500] "GET /imagenes/ARBOL.gif HTTP/1.1" 200 1026
181.54.84.12 - - [28/Dec/2014:06:16:48 -0500] "GET /imagenes/Clipboard.gif HTTP/1.1" 200 1466
181.54.84.12 - - [28/Dec/2014:06:16:48 -0500] "GET /imagenes/DINERO.gif HTTP/1.1" 200 1766
181.54.84.12 - - [28/Dec/2014:06:16:48 -0500] "GET /imagenes/URGENTE.gif HTTP/1.1" 200 964
181.54.84.12 - - [28/Dec/2014:06:16:48 -0500] "GET /imagenes/TREE4.gif HTTP/1.1" 200 4150
181.54.84.12 - - [28/Dec/2014:06:16:48 -0500] "POST /forms/lservlet;jsessionid=ac16012b30d5133a6ba0abd84a649b179ba60eb44c08.e3iSbxaKaheRe34Sa3yKbhiTahb0n6jAmljGr5XDqQLvpAe HTTP/1.1" 200 7
181.54.84.12 - - [28/Dec/2014:06:16:48 -0500] "POST /forms/lservlet;jsessionid=ac16012b30d5133a6ba0abd84a649b179ba60eb44c08.e3iSbxaKaheRe34Sa3yKbhiTahb0n6jAmljGr5XDqQLvpAe HTTP/1.1" 200 34
181.54.84.12 - - [28/Dec/2014:06:16:48 -0500] "POST /forms/lservlet;jsessionid=ac16012b30d5133a6ba0abd84a649b179ba60eb44c08.e3iSbxaKaheRe34Sa3yKbhiTahb0n6jAmljGr5XDqQLvpAe HTTP/1.1" 200 2
66.249.73.163 - - [28/Dec/2014:06:16:49 -0500] "GET /BLA/resoluciones/RESOLUCIONES%202005/RES%202005%202551-2600/00002566.tif HTTP/1.1" 304 -
188.165.15.26 - - [28/Dec/2014:06:16:56 -0500] "GET /BLA/resoluciones/index.php?dir=RESOLUCIONES%202005/RES%202005%201-50/RES%202005%201-50/&sort=date&order=asc HTTP/1.1" 200 2511
100.43.85.25 - - [28/Dec/2014:06:17:11 -0500] "GET /StormSDA/userFiles%20-%20Copy%2019-07-2012/93.jar HTTP/1.1" 200 2755
66.249.73.163 - - [28/Dec/2014:06:17:12 -0500] "GET /PruebasSTORM/StormSDA_pruebas/stormWeb/img/alerta.png HTTP/1.1" 200 23856
181.54.84.12 - - [28/Dec/2014:06:17:33 -0500] "POST /forms/lservlet;jsessionid=ac16012b30d5133a6ba0abd84a649b179ba60eb44c08.e3iSbxaKaheRe34Sa3yKbhiTahb0n6jAmljGr5XDqQLvpAe HTTP/1.1" 200 2
66.249.73.163 - - [28/Dec/2014:06:17:34 -0500] "GET /BLA/resoluciones/RESOLUCIONES%202005/RES%202005%202551-2600/00002598.tif HTTP/1.1" 304 -
66.249.73.155 - - [28/Dec/2014:06:17:45 -0500] "GET /BLA/resoluciones/index.php?dir=RESOLUCIONES%202002/RES%202002%201951-1971/&sort=size&order=asc HTTP/1.1" 200 6225
66.249.73.171 - - [28/Dec/2014:06:17:57 -0500] "GET /BLA/resoluciones/RESOLUCIONES%202005/RES%202005%20951-1000/00000991.tif HTTP/1.1" 304 -
66.249.73.171 - - [28/Dec/2014:06:18:19 -0500] "GET /PruebasSTORM/StormSDA_pruebas/stormWeb/img/version.jpg HTTP/1.1" 200 31357
66.249.73.163 - - [28/Dec/2014:06:18:35 -0500] "GET /BLA/resoluciones/RESOLUCIONES%202007/RES%202007%201401%20AL%201500/RESOLUCION%201421%20DE%202007.pdf HTTP/1.1" 200 178033
66.249.73.163 - - [28/Dec/2014:06:18:42 -0500] "GET /PruebasSTORM/StormSDA_pruebas/stormWeb/img/version.gif HTTP/1.1" 200 29022
66.249.65.192 - - [28/Dec/2014:06:18:52 -0500] "GET /Autoliquidacion/index.php?dir=Solicitudes+relacionadas+con+calidad+del+aire+auditiva+y+visual%2FRegistro+de+Elementos+de+publicidad+Exterior+Visual%2F HTTP/1.1" 200 4037
66.249.73.163 - - [28/Dec/2014:06:19:04 -0500] "GET /BLA/resoluciones/RESOLUCIONES%202002/RES%202002%20251-300/00000281.tif HTTP/1.1" 304 -
188.165.15.85 - - [28/Dec/2014:06:19:07 -0500] "GET /BLA/resoluciones/RESOLUCIONES%202002/RES%202002%20401-450/00000404.tif HTTP/1.1" 200 59298
180.76.5.17 - - [28/Dec/2014:06:19:14 -0500] "GET /BLA/resoluciones/RESOLUCIONES%202007/RES%202007%203601%20AL%203700/RESOLUCION%203643%20DE%202007.pdf HTTP/1.1" 200 165884
66.249.73.155 - - [28/Dec/2014:06:19:20 -0500] "GET /BLA/resoluciones/RESOLUCIONES%202006/RES%202006%20%202851-2900/00002889.tif HTTP/1.1" 200 36698
188.165.15.188 - - [28/Dec/2014:06:19:23 -0500] "GET /BLA/resoluciones/RESOLUCIONES%202003/RES%202003%20001-050/2003RES33.tif HTTP/1.1" 200 164204
66.249.73.163 - - [28/Dec/2014:06:19:25 -0500] "GET /BLA/resoluciones/RESOLUCIONES%202005/RES%202005%20601-650/00000638.tif HTTP/1.1" 200 245434
66.249.73.171 - - [28/Dec/2014:06:19:27 -0500] "GET /PruebasSTORM/StormSDA_pruebas/stormWeb/img/descargar.png HTTP/1.1" 200 2450
188.165.15.208 - - [28/Dec/2014:06:19:28 -0500] "GET /BLA/resoluciones/RESOLUCIONES%202006/RES%202006%201201-1250/00001206.tif HTTP/1.1" 200 71178
181.54.84.12 - - [28/Dec/2014:06:19:33 -0500] "POST /forms/lservlet;jsessionid=ac16012b30d5133a6ba0abd84a649b179ba60eb44c08.e3iSbxaKaheRe34Sa3yKbhiTahb0n6jAmljGr5XDqQLvpAe HTTP/1.1" 200 2
66.249.73.163 - - [28/Dec/2014:06:19:49 -0500] "GET /BLA/resoluciones/RESOLUCIONES%202005/RES%202005%202551-2600/00002563.tif HTTP/1.1" 304 -
181.247.98.100 - - [28/Dec/2014:06:20:10 -0500] "GET /BLA/boletinlegal/js/jquery.js HTTP/1.1" 200 57254
181.247.98.100 - - [28/Dec/2014:06:20:10 -0500] "GET /BLA/boletinlegal/js/jquery.scrollTo-min.js HTTP/1.1" 200 1150
181.247.98.100 - - [28/Dec/2014:06:20:10 -0500] "GET /BLA/boletinlegal/js/jquery.scrollShow.js HTTP/1.1" 200 4586
66.249.73.155 - - [28/Dec/2014:06:20:12 -0500] "GET /BLA/resoluciones/RESOLUCIONES%202002/RES%202002%20251-300/00000295.tif HTTP/1.1" 304 -
66.249.73.171 - - [28/Dec/2014:06:20:34 -0500] "GET /BLA/resoluciones/RESOLUCIONES%202005/RES%202005%203001-3050/00003014.tif HTTP/1.1" 304 -
74.86.158.107 - - [28/Dec/2014:06:20:37 -0500] "HEAD / HTTP/1.1" 302 -
66.249.73.171 - - [28/Dec/2014:06:20:57 -0500] "GET /BLA/resoluciones/RESOLUCIONES%202002/RES%202002%20251-300/00000283.tif HTTP/1.1" 304 -
66.249.73.171 - - [28/Dec/2014:06:21:11 -0500] "GET /BLA/resoluciones/RESOLUCIONES%202010/5225.pdf HTTP/1.1" 304 -
66.249.73.155 - - [28/Dec/2014:06:21:19 -0500] "GET /BLA/resoluciones/RESOLUCIONES%202005/RES%202005%202551-2600/00002586.tif HTTP/1.1" 304 -
180.76.5.64 - - [28/Dec/2014:06:21:30 -0500] "GET /BLA/resoluciones/RESOLUCIONES%202011/3800.pdf HTTP/1.1" 200 310799
181.54.84.12 - - [28/Dec/2014:06:21:34 -0500] "POST /forms/lservlet;jsessionid=ac16012b30d5133a6ba0abd84a649b179ba60eb44c08.e3iSbxaKaheRe34Sa3yKbhiTahb0n6jAmljGr5XDqQLvpAe HTTP/1.1" 200 2
66.249.73.155 - - [28/Dec/2014:06:21:42 -0500] "GET /PruebasSTORM/StormSDA_pruebas/stormWeb/img/formulario.png HTTP/1.1" 200 54611
66.249.65.188 - - [28/Dec/2014:06:22:02 -0500] "GET /ecodirectorio/files/res/other/search.txt HTTP/1.1" 304 -
66.249.73.163 - - [28/Dec/2014:06:22:04 -0500] "GET /BLA/resoluciones/RESOLUCIONES%202002/RES%202002%20251-300/00000253.tif HTTP/1.1" 304 -
188.165.15.37 - - [28/Dec/2014:06:22:22 -0500] "GET /BLA/resoluciones/RESOLUCIONES%202004/RES%202004%201801-1850/00001818.tif HTTP/1.1" 200 45058
66.249.73.171 - - [28/Dec/2014:06:22:27 -0500] "GET /PruebasSTORM/StormSDA_pruebas/stormWeb/img/descargarPdf.png HTTP/1.1" 200 26955
66.249.73.155 - - [28/Dec/2014:06:22:42 -0500] "GET /BLA/resoluciones/RESOLUCIONES%202003/RES%202003%201201-1250/2003RES1221.tif HTTP/1.1" 200 279136
150.70.97.122 - - [28/Dec/2014:06:22:44 -0500] "GET /BLA/resoluciones/AUTOS%202013/0962.pdf/#earch='vfd199' HTTP/1.1" 404 1018
66.249.73.155 - - [28/Dec/2014:06:22:49 -0500] "GET /BLA/resoluciones/RESOLUCIONES%202005/RES%202005%203001-3050/00003044.tif HTTP/1.1" 304 -
66.249.73.163 - - [28/Dec/2014:06:23:12 -0500] "GET /BLA/resoluciones/RESOLUCIONES%202002/RES%202002%20251-300/00000300.tif HTTP/1.1" 304 -
181.54.84.12 - - [28/Dec/2014:06:23:34 -0500] "POST /forms/lservlet;jsessionid=ac16012b30d5133a6ba0abd84a649b179ba60eb44c08.e3iSbxaKaheRe34Sa3yKbhiTahb0n6jAmljGr5XDqQLvpAe HTTP/1.1" 200 2
66.249.73.171 - - [28/Dec/2014:06:23:34 -0500] "GET /BLA/resoluciones/RESOLUCIONES%202002/RES%202002%20251-300/00000296.tif HTTP/1.1" 304 -
188.165.15.23 - - [28/Dec/2014:06:23:56 -0500] "GET /BLA/resoluciones/RESOLUCIONES%202003/RES%202003%201851--1900/20031890.tif HTTP/1.1" 200 91590
66.249.73.163 - - [28/Dec/2014:06:23:57 -0500] "GET /BLA/resoluciones/RESOLUCIONES%202002/RES%202002%20251-300/00000287.tif HTTP/1.1" 304 -
66.249.73.171 - - [28/Dec/2014:06:24:20 -0500] "GET /BLA/resoluciones/RESOLUCIONES%202002/RES%202002%20251-300/00000265.tif HTTP/1.1" 304 -
66.249.73.155 - - [28/Dec/2014:06:24:42 -0500] "GET /BLA/resoluciones/RESOLUCIONES%202002/RES%202002%20251-300/00000262.tif HTTP/1.1" 304 -
66.249.73.155 - - [28/Dec/2014:06:25:05 -0500] "GET /BLA/resoluciones/RESOLUCIONES%202005/RES%202005%203001-3050/00003023.tif HTTP/1.1" 304 -
186.83.247.129 - - [28/Dec/2014:06:25:22 -0500] "GET /BLA/resoluciones/AUTOS%202012/0796.pdf HTTP/1.1" 200 162363
186.83.247.129 - - [28/Dec/2014:06:25:22 -0500] "GET /favicon.ico HTTP/1.1" 200 7782
186.83.247.129 - - [28/Dec/2014:06:25:22 -0500] "GET /BLA/resoluciones/AUTOS%202012/0796.pdf HTTP/1.1" 206 65536
186.83.247.129 - - [28/Dec/2014:06:25:22 -0500] "GET /BLA/resoluciones/AUTOS%202012/0796.pdf HTTP/1.1" 206 31291
186.83.247.129 - - [28/Dec/2014:06:25:22 -0500] "GET /BLA/resoluciones/AUTOS%202012/0796.pdf HTTP/1.1" 206 65536
66.249.73.155 - - [28/Dec/2014:06:25:27 -0500] "GET /BLA/resoluciones/RESOLUCIONES%202004/RES%202004%201001-1050/00001036.tif HTTP/1.1" 304 -
181.54.84.12 - - [28/Dec/2014:06:25:34 -0500] "POST /forms/lservlet;jsessionid=ac16012b30d5133a6ba0abd84a649b179ba60eb44c08.e3iSbxaKaheRe34Sa3yKbhiTahb0n6jAmljGr5XDqQLvpAe HTTP/1.1" 200 2
74.86.158.107 - - [28/Dec/2014:06:25:37 -0500] "HEAD / HTTP/1.1" 302 -
186.83.247.129 - - [28/Dec/2014:06:25:41 -0500] "GET /BLA/resoluciones/AUTOS%202013/0173.pdf HTTP/1.1" 200 441318
186.83.247.129 - - [28/Dec/2014:06:25:42 -0500] "GET /BLA/resoluciones/AUTOS%202013/0173.pdf HTTP/1.1" 206 48102
186.83.247.129 - - [28/Dec/2014:06:25:42 -0500] "GET /BLA/resoluciones/AUTOS%202013/0173.pdf HTTP/1.1" 206 65536
186.83.247.129 - - [28/Dec/2014:06:25:42 -0500] "GET /BLA/resoluciones/AUTOS%202013/0173.pdf HTTP/1.1" 206 65536
186.83.247.129 - - [28/Dec/2014:06:25:42 -0500] "GET /BLA/resoluciones/AUTOS%202013/0173.pdf HTTP/1.1" 206 65536
186.83.247.129 - - [28/Dec/2014:06:25:42 -0500] "GET /BLA/resoluciones/AUTOS%202013/0173.pdf HTTP/1.1" 206 65536
186.83.247.129 - - [28/Dec/2014:06:25:43 -0500] "GET /BLA/resoluciones/AUTOS%202013/0173.pdf HTTP/1.1" 206 65536
66.249.73.171 - - [28/Dec/2014:06:25:44 -0500] "GET /BLA/resoluciones/RESOLUCIONES%202005/RES%202005%20%201601-1650/00001644.tif HTTP/1.1" 200 453772
188.165.15.192 - - [28/Dec/2014:06:25:47 -0500] "GET /BLA/resoluciones/index.php?dir=RESOLUCIONES+2007%2FRES+2007+1101+AL+1200%2F HTTP/1.1" 200 26852
66.249.73.171 - - [28/Dec/2014:06:25:50 -0500] "GET /BLA/resoluciones/RESOLUCIONES%202005/RES%202005%202551-2600/00002569.tif HTTP/1.1" 304 -
66.249.73.155 - - [28/Dec/2014:06:26:12 -0500] "GET /BLA/resoluciones/RESOLUCIONES%202005/RES%202005%203001-3050/00003025.tif HTTP/1.1" 304 -
