186.84.40.34 - - [28/Dec/2014:11:04:15 -0500] "POST /forms/lservlet;jsessionid=ac16012b30d564bef53d3dc646be8de9f994574197ef.e3iSbxaKaheRe34Sa3yKbhiTahb0n6jAmljGr5XDqQLvpAe HTTP/1.1" 200 2
186.84.40.34 - - [28/Dec/2014:11:04:15 -0500] "POST /forms/lservlet;jsessionid=ac16012b30d564bef53d3dc646be8de9f994574197ef.e3iSbxaKaheRe34Sa3yKbhiTahb0n6jAmljGr5XDqQLvpAe HTTP/1.1" 200 14
186.84.40.34 - - [28/Dec/2014:11:04:16 -0500] "POST /forms/lservlet;jsessionid=ac16012b30d564bef53d3dc646be8de9f994574197ef.e3iSbxaKaheRe34Sa3yKbhiTahb0n6jAmljGr5XDqQLvpAe HTTP/1.1" 200 14
186.84.40.34 - - [28/Dec/2014:11:04:18 -0500] "POST /forms/lservlet;jsessionid=ac16012b30d564bef53d3dc646be8de9f994574197ef.e3iSbxaKaheRe34Sa3yKbhiTahb0n6jAmljGr5XDqQLvpAe HTTP/1.1" 200 14
186.84.40.34 - - [28/Dec/2014:11:04:19 -0500] "POST /forms/lservlet;jsessionid=ac16012b30d564bef53d3dc646be8de9f994574197ef.e3iSbxaKaheRe34Sa3yKbhiTahb0n6jAmljGr5XDqQLvpAe HTTP/1.1" 200 131
186.84.40.34 - - [28/Dec/2014:11:04:19 -0500] "POST /forms/lservlet;jsessionid=ac16012b30d564bef53d3dc646be8de9f994574197ef.e3iSbxaKaheRe34Sa3yKbhiTahb0n6jAmljGr5XDqQLvpAe HTTP/1.1" 200 11
220.181.108.117 - - [28/Dec/2014:11:04:24 -0500] "GET / HTTP/1.1" 302 -
186.84.40.34 - - [28/Dec/2014:11:04:21 -0500] "GET /reports/rwservlet/getjobid338273?server=rep_srvapsda HTTP/1.1" 200 2686994
190.26.160.110 - - [28/Dec/2014:11:04:38 -0500] "POST /forms/lservlet;jsessionid=ac16012b30d5c72c7c734ee941ebbf3ca83d28474dc8.e3iSbxaKaheRe34Sa3yKbhiTahb0n6jAmljGr5XDqQLvpAe HTTP/1.1" 200 2
190.26.160.110 - - [28/Dec/2014:11:04:38 -0500] "POST /forms/lservlet;jsessionid=ac16012b30d5c72c7c734ee941ebbf3ca83d28474dc8.e3iSbxaKaheRe34Sa3yKbhiTahb0n6jAmljGr5XDqQLvpAe HTTP/1.1" 200 3453
190.26.160.110 - - [28/Dec/2014:11:04:39 -0500] "POST /forms/lservlet;jsessionid=ac16012b30d5c72c7c734ee941ebbf3ca83d28474dc8.e3iSbxaKaheRe34Sa3yKbhiTahb0n6jAmljGr5XDqQLvpAe HTTP/1.1" 200 10
190.26.160.110 - - [28/Dec/2014:11:04:41 -0500] "POST /forms/lservlet;jsessionid=ac16012b30d5c72c7c734ee941ebbf3ca83d28474dc8.e3iSbxaKaheRe34Sa3yKbhiTahb0n6jAmljGr5XDqQLvpAe HTTP/1.1" 200 2
190.26.160.110 - - [28/Dec/2014:11:04:42 -0500] "POST /forms/lservlet;jsessionid=ac16012b30d5c72c7c734ee941ebbf3ca83d28474dc8.e3iSbxaKaheRe34Sa3yKbhiTahb0n6jAmljGr5XDqQLvpAe HTTP/1.1" 200 2322
190.26.160.110 - - [28/Dec/2014:11:04:42 -0500] "POST /forms/lservlet;jsessionid=ac16012b30d5c72c7c734ee941ebbf3ca83d28474dc8.e3iSbxaKaheRe34Sa3yKbhiTahb0n6jAmljGr5XDqQLvpAe HTTP/1.1" 200 10
190.26.160.110 - - [28/Dec/2014:11:04:43 -0500] "POST /forms/lservlet;jsessionid=ac16012b30d5c72c7c734ee941ebbf3ca83d28474dc8.e3iSbxaKaheRe34Sa3yKbhiTahb0n6jAmljGr5XDqQLvpAe HTTP/1.1" 200 2
190.26.160.110 - - [28/Dec/2014:11:04:43 -0500] "POST /forms/lservlet;jsessionid=ac16012b30d5c72c7c734ee941ebbf3ca83d28474dc8.e3iSbxaKaheRe34Sa3yKbhiTahb0n6jAmljGr5XDqQLvpAe HTTP/1.1" 200 44
190.26.160.110 - - [28/Dec/2014:11:04:43 -0500] "POST /forms/lservlet;jsessionid=ac16012b30d5c72c7c734ee941ebbf3ca83d28474dc8.e3iSbxaKaheRe34Sa3yKbhiTahb0n6jAmljGr5XDqQLvpAe HTTP/1.1" 200 7
181.54.57.138 - - [28/Dec/2014:11:05:12 -0500] "POST /forms/lservlet;jsessionid=ac16012b30d583ab687cf42045bc85aeb60ace941d75.e3iSbxaKaheRe34Sa3yKbhiTahb0n6jAmljGr5XDqQLvpAe HTTP/1.1" 200 2
190.26.160.110 - - [28/Dec/2014:11:05:19 -0500] "POST /forms/lservlet;jsessionid=ac16012b30d5c72c7c734ee941ebbf3ca83d28474dc8.e3iSbxaKaheRe34Sa3yKbhiTahb0n6jAmljGr5XDqQLvpAe HTTP/1.1" 200 2
190.26.160.110 - - [28/Dec/2014:11:05:20 -0500] "POST /forms/lservlet;jsessionid=ac16012b30d5c72c7c734ee941ebbf3ca83d28474dc8.e3iSbxaKaheRe34Sa3yKbhiTahb0n6jAmljGr5XDqQLvpAe HTTP/1.1" 200 686
190.26.160.110 - - [28/Dec/2014:11:05:20 -0500] "POST /forms/lservlet;jsessionid=ac16012b30d5c72c7c734ee941ebbf3ca83d28474dc8.e3iSbxaKaheRe34Sa3yKbhiTahb0n6jAmljGr5XDqQLvpAe HTTP/1.1" 200 10
190.26.160.110 - - [28/Dec/2014:11:05:21 -0500] "POST /forms/lservlet;jsessionid=ac16012b30d5c72c7c734ee941ebbf3ca83d28474dc8.e3iSbxaKaheRe34Sa3yKbhiTahb0n6jAmljGr5XDqQLvpAe HTTP/1.1" 200 66
186.84.40.34 - - [28/Dec/2014:11:05:29 -0500] "POST /forms/lservlet;jsessionid=ac16012b30d564bef53d3dc646be8de9f994574197ef.e3iSbxaKaheRe34Sa3yKbhiTahb0n6jAmljGr5XDqQLvpAe HTTP/1.1" 200 89
186.154.84.82 - - [28/Dec/2014:10:59:30 -0500] "GET /ForestMSG_SDA/channelAsync/template_word_17188608?X-Atmosphere-tracking-id=02cd11f7-505f-d201-efc9-d4b655d1b680&X-Atmosphere-Framework=1.0.5&X-Atmosphere-Transport=long-polling&tabid=0.5504235168918967&X-Cache-Date=0&Content-Type=application/xml&_=1419782524269 HTTP/1.1" 200 8193
190.26.160.110 - - [28/Dec/2014:11:05:30 -0500] "POST /forms/lservlet;jsessionid=ac16012b30d5c72c7c734ee941ebbf3ca83d28474dc8.e3iSbxaKaheRe34Sa3yKbhiTahb0n6jAmljGr5XDqQLvpAe HTTP/1.1" 200 24
190.26.160.110 - - [28/Dec/2014:11:05:32 -0500] "POST /forms/lservlet;jsessionid=ac16012b30d5c72c7c734ee941ebbf3ca83d28474dc8.e3iSbxaKaheRe34Sa3yKbhiTahb0n6jAmljGr5XDqQLvpAe HTTP/1.1" 200 2
190.26.160.110 - - [28/Dec/2014:11:05:33 -0500] "POST /forms/lservlet;jsessionid=ac16012b30d5c72c7c734ee941ebbf3ca83d28474dc8.e3iSbxaKaheRe34Sa3yKbhiTahb0n6jAmljGr5XDqQLvpAe HTTP/1.1" 200 3911
190.26.160.110 - - [28/Dec/2014:11:05:34 -0500] "POST /forms/lservlet;jsessionid=ac16012b30d5c72c7c734ee941ebbf3ca83d28474dc8.e3iSbxaKaheRe34Sa3yKbhiTahb0n6jAmljGr5XDqQLvpAe HTTP/1.1" 200 20
74.86.158.107 - - [28/Dec/2014:11:05:36 -0500] "HEAD / HTTP/1.1" 302 -
190.26.160.110 - - [28/Dec/2014:11:05:37 -0500] "POST /forms/lservlet;jsessionid=ac16012b30d5c72c7c734ee941ebbf3ca83d28474dc8.e3iSbxaKaheRe34Sa3yKbhiTahb0n6jAmljGr5XDqQLvpAe HTTP/1.1" 200 2
190.26.160.110 - - [28/Dec/2014:11:05:37 -0500] "POST /forms/lservlet;jsessionid=ac16012b30d5c72c7c734ee941ebbf3ca83d28474dc8.e3iSbxaKaheRe34Sa3yKbhiTahb0n6jAmljGr5XDqQLvpAe HTTP/1.1" 200 14
190.26.160.110 - - [28/Dec/2014:11:05:38 -0500] "POST /forms/lservlet;jsessionid=ac16012b30d5c72c7c734ee941ebbf3ca83d28474dc8.e3iSbxaKaheRe34Sa3yKbhiTahb0n6jAmljGr5XDqQLvpAe HTTP/1.1" 200 4229
190.26.160.110 - - [28/Dec/2014:11:05:39 -0500] "POST /forms/lservlet;jsessionid=ac16012b30d5c72c7c734ee941ebbf3ca83d28474dc8.e3iSbxaKaheRe34Sa3yKbhiTahb0n6jAmljGr5XDqQLvpAe HTTP/1.1" 200 2
190.26.160.110 - - [28/Dec/2014:11:05:43 -0500] "POST /forms/lservlet;jsessionid=ac16012b30d5c72c7c734ee941ebbf3ca83d28474dc8.e3iSbxaKaheRe34Sa3yKbhiTahb0n6jAmljGr5XDqQLvpAe HTTP/1.1" 200 96
190.26.160.110 - - [28/Dec/2014:11:05:47 -0500] "POST /forms/lservlet;jsessionid=ac16012b30d5c72c7c734ee941ebbf3ca83d28474dc8.e3iSbxaKaheRe34Sa3yKbhiTahb0n6jAmljGr5XDqQLvpAe HTTP/1.1" 200 2
190.26.160.110 - - [28/Dec/2014:11:05:47 -0500] "POST /forms/lservlet;jsessionid=ac16012b30d5c72c7c734ee941ebbf3ca83d28474dc8.e3iSbxaKaheRe34Sa3yKbhiTahb0n6jAmljGr5XDqQLvpAe HTTP/1.1" 200 4286
190.26.160.110 - - [28/Dec/2014:11:05:47 -0500] "POST /forms/lservlet;jsessionid=ac16012b30d5c72c7c734ee941ebbf3ca83d28474dc8.e3iSbxaKaheRe34Sa3yKbhiTahb0n6jAmljGr5XDqQLvpAe HTTP/1.1" 200 20
190.26.160.110 - - [28/Dec/2014:11:05:50 -0500] "POST /forms/lservlet;jsessionid=ac16012b30d5c72c7c734ee941ebbf3ca83d28474dc8.e3iSbxaKaheRe34Sa3yKbhiTahb0n6jAmljGr5XDqQLvpAe HTTP/1.1" 200 2
190.26.160.110 - - [28/Dec/2014:11:05:50 -0500] "POST /forms/lservlet;jsessionid=ac16012b30d5c72c7c734ee941ebbf3ca83d28474dc8.e3iSbxaKaheRe34Sa3yKbhiTahb0n6jAmljGr5XDqQLvpAe HTTP/1.1" 200 3837
190.26.160.110 - - [28/Dec/2014:11:05:50 -0500] "POST /forms/lservlet;jsessionid=ac16012b30d5c72c7c734ee941ebbf3ca83d28474dc8.e3iSbxaKaheRe34Sa3yKbhiTahb0n6jAmljGr5XDqQLvpAe HTTP/1.1" 200 2
190.26.160.110 - - [28/Dec/2014:11:05:51 -0500] "POST /forms/lservlet;jsessionid=ac16012b30d5c72c7c734ee941ebbf3ca83d28474dc8.e3iSbxaKaheRe34Sa3yKbhiTahb0n6jAmljGr5XDqQLvpAe HTTP/1.1" 200 2
190.26.160.110 - - [28/Dec/2014:11:05:51 -0500] "POST /forms/lservlet;jsessionid=ac16012b30d5c72c7c734ee941ebbf3ca83d28474dc8.e3iSbxaKaheRe34Sa3yKbhiTahb0n6jAmljGr5XDqQLvpAe HTTP/1.1" 200 36
190.26.160.110 - - [28/Dec/2014:11:05:51 -0500] "POST /forms/lservlet;jsessionid=ac16012b30d5c72c7c734ee941ebbf3ca83d28474dc8.e3iSbxaKaheRe34Sa3yKbhiTahb0n6jAmljGr5XDqQLvpAe HTTP/1.1" 200 2
190.26.160.110 - - [28/Dec/2014:11:05:53 -0500] "POST /forms/lservlet;jsessionid=ac16012b30d5c72c7c734ee941ebbf3ca83d28474dc8.e3iSbxaKaheRe34Sa3yKbhiTahb0n6jAmljGr5XDqQLvpAe HTTP/1.1" 200 2
190.26.160.110 - - [28/Dec/2014:11:05:53 -0500] "POST /forms/lservlet;jsessionid=ac16012b30d5c72c7c734ee941ebbf3ca83d28474dc8.e3iSbxaKaheRe34Sa3yKbhiTahb0n6jAmljGr5XDqQLvpAe HTTP/1.1" 200 34
190.26.160.110 - - [28/Dec/2014:11:05:53 -0500] "POST /forms/lservlet;jsessionid=ac16012b30d5c72c7c734ee941ebbf3ca83d28474dc8.e3iSbxaKaheRe34Sa3yKbhiTahb0n6jAmljGr5XDqQLvpAe HTTP/1.1" 200 2
190.26.160.110 - - [28/Dec/2014:11:05:55 -0500] "POST /forms/lservlet;jsessionid=ac16012b30d5c72c7c734ee941ebbf3ca83d28474dc8.e3iSbxaKaheRe34Sa3yKbhiTahb0n6jAmljGr5XDqQLvpAe HTTP/1.1" 200 2
190.26.160.110 - - [28/Dec/2014:11:05:55 -0500] "POST /forms/lservlet;jsessionid=ac16012b30d5c72c7c734ee941ebbf3ca83d28474dc8.e3iSbxaKaheRe34Sa3yKbhiTahb0n6jAmljGr5XDqQLvpAe HTTP/1.1" 200 2801
190.26.160.110 - - [28/Dec/2014:11:05:56 -0500] "POST /forms/lservlet;jsessionid=ac16012b30d5c72c7c734ee941ebbf3ca83d28474dc8.e3iSbxaKaheRe34Sa3yKbhiTahb0n6jAmljGr5XDqQLvpAe HTTP/1.1" 200 10
190.26.160.110 - - [28/Dec/2014:11:05:56 -0500] "POST /forms/lservlet;jsessionid=ac16012b30d5c72c7c734ee941ebbf3ca83d28474dc8.e3iSbxaKaheRe34Sa3yKbhiTahb0n6jAmljGr5XDqQLvpAe HTTP/1.1" 200 66
190.26.160.110 - - [28/Dec/2014:11:06:02 -0500] "POST /forms/lservlet;jsessionid=ac16012b30d5c72c7c734ee941ebbf3ca83d28474dc8.e3iSbxaKaheRe34Sa3yKbhiTahb0n6jAmljGr5XDqQLvpAe HTTP/1.1" 200 24
190.26.160.110 - - [28/Dec/2014:11:06:02 -0500] "POST /forms/lservlet;jsessionid=ac16012b30d5c72c7c734ee941ebbf3ca83d28474dc8.e3iSbxaKaheRe34Sa3yKbhiTahb0n6jAmljGr5XDqQLvpAe HTTP/1.1" 200 3861
190.26.160.110 - - [28/Dec/2014:11:06:03 -0500] "POST /forms/lservlet;jsessionid=ac16012b30d5c72c7c734ee941ebbf3ca83d28474dc8.e3iSbxaKaheRe34Sa3yKbhiTahb0n6jAmljGr5XDqQLvpAe HTTP/1.1" 200 20
180.76.6.64 - - [28/Dec/2014:11:06:04 -0500] "GET /BLA/boletinlegal/Directivas/2011/Directiva%20No.%201%20del%205%20de%20Abril%20de%202011.pdf HTTP/1.1" 200 971292
190.26.160.110 - - [28/Dec/2014:11:06:05 -0500] "POST /forms/lservlet;jsessionid=ac16012b30d5c72c7c734ee941ebbf3ca83d28474dc8.e3iSbxaKaheRe34Sa3yKbhiTahb0n6jAmljGr5XDqQLvpAe HTTP/1.1" 200 96
190.26.160.110 - - [28/Dec/2014:11:06:07 -0500] "POST /forms/lservlet;jsessionid=ac16012b30d5c72c7c734ee941ebbf3ca83d28474dc8.e3iSbxaKaheRe34Sa3yKbhiTahb0n6jAmljGr5XDqQLvpAe HTTP/1.1" 200 2
190.26.160.110 - - [28/Dec/2014:11:06:07 -0500] "POST /forms/lservlet;jsessionid=ac16012b30d5c72c7c734ee941ebbf3ca83d28474dc8.e3iSbxaKaheRe34Sa3yKbhiTahb0n6jAmljGr5XDqQLvpAe HTTP/1.1" 200 3479
190.26.160.110 - - [28/Dec/2014:11:06:08 -0500] "POST /forms/lservlet;jsessionid=ac16012b30d5c72c7c734ee941ebbf3ca83d28474dc8.e3iSbxaKaheRe34Sa3yKbhiTahb0n6jAmljGr5XDqQLvpAe HTTP/1.1" 200 20
186.84.40.34 - - [28/Dec/2014:11:06:14 -0500] "POST /forms/lservlet;jsessionid=ac16012b30d564bef53d3dc646be8de9f994574197ef.e3iSbxaKaheRe34Sa3yKbhiTahb0n6jAmljGr5XDqQLvpAe HTTP/1.1" 200 2
190.26.160.110 - - [28/Dec/2014:11:06:18 -0500] "POST /forms/lservlet;jsessionid=ac16012b30d5c72c7c734ee941ebbf3ca83d28474dc8.e3iSbxaKaheRe34Sa3yKbhiTahb0n6jAmljGr5XDqQLvpAe HTTP/1.1" 200 157
190.26.160.110 - - [28/Dec/2014:11:06:19 -0500] "POST /forms/lservlet;jsessionid=ac16012b30d5c72c7c734ee941ebbf3ca83d28474dc8.e3iSbxaKaheRe34Sa3yKbhiTahb0n6jAmljGr5XDqQLvpAe HTTP/1.1" 200 7
190.26.160.110 - - [28/Dec/2014:11:06:19 -0500] "POST /forms/lservlet;jsessionid=ac16012b30d5c72c7c734ee941ebbf3ca83d28474dc8.e3iSbxaKaheRe34Sa3yKbhiTahb0n6jAmljGr5XDqQLvpAe HTTP/1.1" 200 211
190.26.160.110 - - [28/Dec/2014:11:06:19 -0500] "GET /imagenes/listval.gif HTTP/1.1" 200 905
190.26.160.110 - - [28/Dec/2014:11:06:20 -0500] "POST /forms/lservlet;jsessionid=ac16012b30d5c72c7c734ee941ebbf3ca83d28474dc8.e3iSbxaKaheRe34Sa3yKbhiTahb0n6jAmljGr5XDqQLvpAe HTTP/1.1" 200 7
190.26.160.110 - - [28/Dec/2014:11:06:20 -0500] "POST /forms/lservlet;jsessionid=ac16012b30d5c72c7c734ee941ebbf3ca83d28474dc8.e3iSbxaKaheRe34Sa3yKbhiTahb0n6jAmljGr5XDqQLvpAe HTTP/1.1" 200 119
190.26.160.110 - - [28/Dec/2014:11:06:21 -0500] "POST /forms/lservlet;jsessionid=ac16012b30d5c72c7c734ee941ebbf3ca83d28474dc8.e3iSbxaKaheRe34Sa3yKbhiTahb0n6jAmljGr5XDqQLvpAe HTTP/1.1" 200 2
190.26.160.110 - - [28/Dec/2014:11:06:21 -0500] "GET /imagenes/listval.gif HTTP/1.1" 200 905
190.26.160.110 - - [28/Dec/2014:11:06:24 -0500] "POST /forms/lservlet;jsessionid=ac16012b30d5c72c7c734ee941ebbf3ca83d28474dc8.e3iSbxaKaheRe34Sa3yKbhiTahb0n6jAmljGr5XDqQLvpAe HTTP/1.1" 200 117
190.26.160.110 - - [28/Dec/2014:11:06:24 -0500] "POST /forms/lservlet;jsessionid=ac16012b30d5c72c7c734ee941ebbf3ca83d28474dc8.e3iSbxaKaheRe34Sa3yKbhiTahb0n6jAmljGr5XDqQLvpAe HTTP/1.1" 200 7
190.26.160.110 - - [28/Dec/2014:11:06:26 -0500] "POST /forms/lservlet;jsessionid=ac16012b30d5c72c7c734ee941ebbf3ca83d28474dc8.e3iSbxaKaheRe34Sa3yKbhiTahb0n6jAmljGr5XDqQLvpAe HTTP/1.1" 200 473
190.26.160.110 - - [28/Dec/2014:11:06:26 -0500] "POST /forms/lservlet;jsessionid=ac16012b30d5c72c7c734ee941ebbf3ca83d28474dc8.e3iSbxaKaheRe34Sa3yKbhiTahb0n6jAmljGr5XDqQLvpAe HTTP/1.1" 200 10
190.26.160.110 - - [28/Dec/2014:11:06:29 -0500] "POST /forms/lservlet;jsessionid=ac16012b30d5c72c7c734ee941ebbf3ca83d28474dc8.e3iSbxaKaheRe34Sa3yKbhiTahb0n6jAmljGr5XDqQLvpAe HTTP/1.1" 200 7
190.26.160.110 - - [28/Dec/2014:11:06:39 -0500] "POST /forms/lservlet;jsessionid=ac16012b30d5c72c7c734ee941ebbf3ca83d28474dc8.e3iSbxaKaheRe34Sa3yKbhiTahb0n6jAmljGr5XDqQLvpAe HTTP/1.1" 200 130
190.26.160.110 - - [28/Dec/2014:11:06:40 -0500] "POST /forms/lservlet;jsessionid=ac16012b30d5c72c7c734ee941ebbf3ca83d28474dc8.e3iSbxaKaheRe34Sa3yKbhiTahb0n6jAmljGr5XDqQLvpAe HTTP/1.1" 200 114
190.26.160.110 - - [28/Dec/2014:11:06:40 -0500] "POST /forms/lservlet;jsessionid=ac16012b30d5c72c7c734ee941ebbf3ca83d28474dc8.e3iSbxaKaheRe34Sa3yKbhiTahb0n6jAmljGr5XDqQLvpAe HTTP/1.1" 200 7
190.26.160.110 - - [28/Dec/2014:11:06:44 -0500] "POST /forms/lservlet;jsessionid=ac16012b30d5c72c7c734ee941ebbf3ca83d28474dc8.e3iSbxaKaheRe34Sa3yKbhiTahb0n6jAmljGr5XDqQLvpAe HTTP/1.1" 200 149
190.26.160.110 - - [28/Dec/2014:11:06:44 -0500] "POST /forms/lservlet;jsessionid=ac16012b30d5c72c7c734ee941ebbf3ca83d28474dc8.e3iSbxaKaheRe34Sa3yKbhiTahb0n6jAmljGr5XDqQLvpAe HTTP/1.1" 200 7
190.26.160.110 - - [28/Dec/2014:11:06:48 -0500] "POST /forms/lservlet;jsessionid=ac16012b30d5c72c7c734ee941ebbf3ca83d28474dc8.e3iSbxaKaheRe34Sa3yKbhiTahb0n6jAmljGr5XDqQLvpAe HTTP/1.1" 200 53
190.26.160.110 - - [28/Dec/2014:11:06:48 -0500] "POST /forms/lservlet;jsessionid=ac16012b30d5c72c7c734ee941ebbf3ca83d28474dc8.e3iSbxaKaheRe34Sa3yKbhiTahb0n6jAmljGr5XDqQLvpAe HTTP/1.1" 200 2
190.26.160.110 - - [28/Dec/2014:11:06:50 -0500] "POST /forms/lservlet;jsessionid=ac16012b30d5c72c7c734ee941ebbf3ca83d28474dc8.e3iSbxaKaheRe34Sa3yKbhiTahb0n6jAmljGr5XDqQLvpAe HTTP/1.1" 200 2
190.26.160.110 - - [28/Dec/2014:11:06:53 -0500] "POST /forms/lservlet;jsessionid=ac16012b30d5c72c7c734ee941ebbf3ca83d28474dc8.e3iSbxaKaheRe34Sa3yKbhiTahb0n6jAmljGr5XDqQLvpAe HTTP/1.1" 200 79
190.26.160.110 - - [28/Dec/2014:11:06:53 -0500] "POST /forms/lservlet;jsessionid=ac16012b30d5c72c7c734ee941ebbf3ca83d28474dc8.e3iSbxaKaheRe34Sa3yKbhiTahb0n6jAmljGr5XDqQLvpAe HTTP/1.1" 200 7
190.26.160.110 - - [28/Dec/2014:11:07:05 -0500] "POST /forms/lservlet;jsessionid=ac16012b30d5c72c7c734ee941ebbf3ca83d28474dc8.e3iSbxaKaheRe34Sa3yKbhiTahb0n6jAmljGr5XDqQLvpAe HTTP/1.1" 200 428
190.26.160.110 - - [28/Dec/2014:11:07:05 -0500] "POST /forms/lservlet;jsessionid=ac16012b30d5c72c7c734ee941ebbf3ca83d28474dc8.e3iSbxaKaheRe34Sa3yKbhiTahb0n6jAmljGr5XDqQLvpAe HTTP/1.1" 200 10
186.84.40.34 - - [28/Dec/2014:11:07:07 -0500] "POST /forms/lservlet;jsessionid=ac16012b30d564bef53d3dc646be8de9f994574197ef.e3iSbxaKaheRe34Sa3yKbhiTahb0n6jAmljGr5XDqQLvpAe HTTP/1.1" 200 136
186.84.40.34 - - [28/Dec/2014:11:07:07 -0500] "POST /forms/lservlet;jsessionid=ac16012b30d564bef53d3dc646be8de9f994574197ef.e3iSbxaKaheRe34Sa3yKbhiTahb0n6jAmljGr5XDqQLvpAe HTTP/1.1" 200 7
123.125.71.29 - - [28/Dec/2014:11:07:10 -0500] "GET / HTTP/1.1" 302 -
181.54.57.138 - - [28/Dec/2014:11:07:12 -0500] "POST /forms/lservlet;jsessionid=ac16012b30d583ab687cf42045bc85aeb60ace941d75.e3iSbxaKaheRe34Sa3yKbhiTahb0n6jAmljGr5XDqQLvpAe HTTP/1.1" 200 2
190.26.160.110 - - [28/Dec/2014:11:07:25 -0500] "POST /forms/lservlet;jsessionid=ac16012b30d5c72c7c734ee941ebbf3ca83d28474dc8.e3iSbxaKaheRe34Sa3yKbhiTahb0n6jAmljGr5XDqQLvpAe HTTP/1.1" 200 2
190.26.160.110 - - [28/Dec/2014:11:07:25 -0500] "POST /forms/lservlet;jsessionid=ac16012b30d5c72c7c734ee941ebbf3ca83d28474dc8.e3iSbxaKaheRe34Sa3yKbhiTahb0n6jAmljGr5XDqQLvpAe HTTP/1.1" 200 600
190.26.160.110 - - [28/Dec/2014:11:07:25 -0500] "POST /forms/lservlet;jsessionid=ac16012b30d5c72c7c734ee941ebbf3ca83d28474dc8.e3iSbxaKaheRe34Sa3yKbhiTahb0n6jAmljGr5XDqQLvpAe HTTP/1.1" 200 12
190.26.160.110 - - [28/Dec/2014:11:07:26 -0500] "POST /forms/lservlet;jsessionid=ac16012b30d5c72c7c734ee941ebbf3ca83d28474dc8.e3iSbxaKaheRe34Sa3yKbhiTahb0n6jAmljGr5XDqQLvpAe HTTP/1.1" 200 2
190.26.160.110 - - [28/Dec/2014:11:07:27 -0500] "POST /forms/lservlet;jsessionid=ac16012b30d5c72c7c734ee941ebbf3ca83d28474dc8.e3iSbxaKaheRe34Sa3yKbhiTahb0n6jAmljGr5XDqQLvpAe HTTP/1.1" 200 421
190.26.160.110 - - [28/Dec/2014:11:07:27 -0500] "POST /forms/lservlet;jsessionid=ac16012b30d5c72c7c734ee941ebbf3ca83d28474dc8.e3iSbxaKaheRe34Sa3yKbhiTahb0n6jAmljGr5XDqQLvpAe HTTP/1.1" 200 7
190.26.160.110 - - [28/Dec/2014:11:07:28 -0500] "POST /forms/lservlet;jsessionid=ac16012b30d5c72c7c734ee941ebbf3ca83d28474dc8.e3iSbxaKaheRe34Sa3yKbhiTahb0n6jAmljGr5XDqQLvpAe HTTP/1.1" 200 2
190.26.160.110 - - [28/Dec/2014:11:07:28 -0500] "POST /forms/lservlet;jsessionid=ac16012b30d5c72c7c734ee941ebbf3ca83d28474dc8.e3iSbxaKaheRe34Sa3yKbhiTahb0n6jAmljGr5XDqQLvpAe HTTP/1.1" 200 397
190.26.160.110 - - [28/Dec/2014:11:07:28 -0500] "POST /forms/lservlet;jsessionid=ac16012b30d5c72c7c734ee941ebbf3ca83d28474dc8.e3iSbxaKaheRe34Sa3yKbhiTahb0n6jAmljGr5XDqQLvpAe HTTP/1.1" 200 7
190.26.160.110 - - [28/Dec/2014:11:07:30 -0500] "POST /forms/lservlet;jsessionid=ac16012b30d5c72c7c734ee941ebbf3ca83d28474dc8.e3iSbxaKaheRe34Sa3yKbhiTahb0n6jAmljGr5XDqQLvpAe HTTP/1.1" 200 2
190.26.160.110 - - [28/Dec/2014:11:07:33 -0500] "POST /forms/lservlet;jsessionid=ac16012b30d5c72c7c734ee941ebbf3ca83d28474dc8.e3iSbxaKaheRe34Sa3yKbhiTahb0n6jAmljGr5XDqQLvpAe HTTP/1.1" 200 2
190.26.160.110 - - [28/Dec/2014:11:07:33 -0500] "POST /forms/lservlet;jsessionid=ac16012b30d5c72c7c734ee941ebbf3ca83d28474dc8.e3iSbxaKaheRe34Sa3yKbhiTahb0n6jAmljGr5XDqQLvpAe HTTP/1.1" 200 397
190.26.160.110 - - [28/Dec/2014:11:07:33 -0500] "POST /forms/lservlet;jsessionid=ac16012b30d5c72c7c734ee941ebbf3ca83d28474dc8.e3iSbxaKaheRe34Sa3yKbhiTahb0n6jAmljGr5XDqQLvpAe HTTP/1.1" 200 7
190.26.160.110 - - [28/Dec/2014:11:07:34 -0500] "POST /forms/lservlet;jsessionid=ac16012b30d5c72c7c734ee941ebbf3ca83d28474dc8.e3iSbxaKaheRe34Sa3yKbhiTahb0n6jAmljGr5XDqQLvpAe HTTP/1.1" 200 7
190.26.160.110 - - [28/Dec/2014:11:07:36 -0500] "POST /forms/lservlet;jsessionid=ac16012b30d5c72c7c734ee941ebbf3ca83d28474dc8.e3iSbxaKaheRe34Sa3yKbhiTahb0n6jAmljGr5XDqQLvpAe HTTP/1.1" 200 2
190.26.160.110 - - [28/Dec/2014:11:07:36 -0500] "POST /forms/lservlet;jsessionid=ac16012b30d5c72c7c734ee941ebbf3ca83d28474dc8.e3iSbxaKaheRe34Sa3yKbhiTahb0n6jAmljGr5XDqQLvpAe HTTP/1.1" 200 403
190.26.160.110 - - [28/Dec/2014:11:07:36 -0500] "POST /forms/lservlet;jsessionid=ac16012b30d5c72c7c734ee941ebbf3ca83d28474dc8.e3iSbxaKaheRe34Sa3yKbhiTahb0n6jAmljGr5XDqQLvpAe HTTP/1.1" 200 7
190.26.160.110 - - [28/Dec/2014:11:07:37 -0500] "POST /forms/lservlet;jsessionid=ac16012b30d5c72c7c734ee941ebbf3ca83d28474dc8.e3iSbxaKaheRe34Sa3yKbhiTahb0n6jAmljGr5XDqQLvpAe HTTP/1.1" 200 2
190.26.160.110 - - [28/Dec/2014:11:07:37 -0500] "POST /forms/lservlet;jsessionid=ac16012b30d5c72c7c734ee941ebbf3ca83d28474dc8.e3iSbxaKaheRe34Sa3yKbhiTahb0n6jAmljGr5XDqQLvpAe HTTP/1.1" 200 396
190.26.160.110 - - [28/Dec/2014:11:07:37 -0500] "POST /forms/lservlet;jsessionid=ac16012b30d5c72c7c734ee941ebbf3ca83d28474dc8.e3iSbxaKaheRe34Sa3yKbhiTahb0n6jAmljGr5XDqQLvpAe HTTP/1.1" 200 7
190.26.160.110 - - [28/Dec/2014:11:07:39 -0500] "POST /forms/lservlet;jsessionid=ac16012b30d5c72c7c734ee941ebbf3ca83d28474dc8.e3iSbxaKaheRe34Sa3yKbhiTahb0n6jAmljGr5XDqQLvpAe HTTP/1.1" 200 14
190.26.160.110 - - [28/Dec/2014:11:07:39 -0500] "POST /forms/lservlet;jsessionid=ac16012b30d5c72c7c734ee941ebbf3ca83d28474dc8.e3iSbxaKaheRe34Sa3yKbhiTahb0n6jAmljGr5XDqQLvpAe HTTP/1.1" 200 7
190.26.160.110 - - [28/Dec/2014:11:07:39 -0500] "POST /forms/lservlet;jsessionid=ac16012b30d5c72c7c734ee941ebbf3ca83d28474dc8.e3iSbxaKaheRe34Sa3yKbhiTahb0n6jAmljGr5XDqQLvpAe HTTP/1.1" 200 8
190.26.160.110 - - [28/Dec/2014:11:07:39 -0500] "POST /forms/lservlet;jsessionid=ac16012b30d5c72c7c734ee941ebbf3ca83d28474dc8.e3iSbxaKaheRe34Sa3yKbhiTahb0n6jAmljGr5XDqQLvpAe HTTP/1.1" 200 2
190.26.160.110 - - [28/Dec/2014:11:07:41 -0500] "POST /forms/lservlet;jsessionid=ac16012b30d5c72c7c734ee941ebbf3ca83d28474dc8.e3iSbxaKaheRe34Sa3yKbhiTahb0n6jAmljGr5XDqQLvpAe HTTP/1.1" 200 12
190.26.160.110 - - [28/Dec/2014:11:07:41 -0500] "POST /forms/lservlet;jsessionid=ac16012b30d5c72c7c734ee941ebbf3ca83d28474dc8.e3iSbxaKaheRe34Sa3yKbhiTahb0n6jAmljGr5XDqQLvpAe HTTP/1.1" 200 7
190.26.160.110 - - [28/Dec/2014:11:07:42 -0500] "POST /forms/lservlet;jsessionid=ac16012b30d5c72c7c734ee941ebbf3ca83d28474dc8.e3iSbxaKaheRe34Sa3yKbhiTahb0n6jAmljGr5XDqQLvpAe HTTP/1.1" 200 12
190.26.160.110 - - [28/Dec/2014:11:07:42 -0500] "POST /forms/lservlet;jsessionid=ac16012b30d5c72c7c734ee941ebbf3ca83d28474dc8.e3iSbxaKaheRe34Sa3yKbhiTahb0n6jAmljGr5XDqQLvpAe HTTP/1.1" 200 7
190.26.160.110 - - [28/Dec/2014:11:07:45 -0500] "POST /forms/lservlet;jsessionid=ac16012b30d5c72c7c734ee941ebbf3ca83d28474dc8.e3iSbxaKaheRe34Sa3yKbhiTahb0n6jAmljGr5XDqQLvpAe HTTP/1.1" 200 12
190.26.160.110 - - [28/Dec/2014:11:07:45 -0500] "POST /forms/lservlet;jsessionid=ac16012b30d5c72c7c734ee941ebbf3ca83d28474dc8.e3iSbxaKaheRe34Sa3yKbhiTahb0n6jAmljGr5XDqQLvpAe HTTP/1.1" 200 7
190.26.160.110 - - [28/Dec/2014:11:07:48 -0500] "POST /forms/lservlet;jsessionid=ac16012b30d5c72c7c734ee941ebbf3ca83d28474dc8.e3iSbxaKaheRe34Sa3yKbhiTahb0n6jAmljGr5XDqQLvpAe HTTP/1.1" 200 2
190.26.160.110 - - [28/Dec/2014:11:07:48 -0500] "POST /forms/lservlet;jsessionid=ac16012b30d5c72c7c734ee941ebbf3ca83d28474dc8.e3iSbxaKaheRe34Sa3yKbhiTahb0n6jAmljGr5XDqQLvpAe HTTP/1.1" 200 462
190.26.160.110 - - [28/Dec/2014:11:07:48 -0500] "POST /forms/lservlet;jsessionid=ac16012b30d5c72c7c734ee941ebbf3ca83d28474dc8.e3iSbxaKaheRe34Sa3yKbhiTahb0n6jAmljGr5XDqQLvpAe HTTP/1.1" 200 7
190.26.160.110 - - [28/Dec/2014:11:07:49 -0500] "POST /forms/lservlet;jsessionid=ac16012b30d5c72c7c734ee941ebbf3ca83d28474dc8.e3iSbxaKaheRe34Sa3yKbhiTahb0n6jAmljGr5XDqQLvpAe HTTP/1.1" 200 2
190.26.160.110 - - [28/Dec/2014:11:07:49 -0500] "POST /forms/lservlet;jsessionid=ac16012b30d5c72c7c734ee941ebbf3ca83d28474dc8.e3iSbxaKaheRe34Sa3yKbhiTahb0n6jAmljGr5XDqQLvpAe HTTP/1.1" 200 110
190.26.160.110 - - [28/Dec/2014:11:07:50 -0500] "POST /forms/lservlet;jsessionid=ac16012b30d5c72c7c734ee941ebbf3ca83d28474dc8.e3iSbxaKaheRe34Sa3yKbhiTahb0n6jAmljGr5XDqQLvpAe HTTP/1.1" 200 2
190.26.160.110 - - [28/Dec/2014:11:07:50 -0500] "POST /forms/lservlet;jsessionid=ac16012b30d5c72c7c734ee941ebbf3ca83d28474dc8.e3iSbxaKaheRe34Sa3yKbhiTahb0n6jAmljGr5XDqQLvpAe HTTP/1.1" 200 2
190.26.160.110 - - [28/Dec/2014:11:07:51 -0500] "POST /forms/lservlet;jsessionid=ac16012b30d5c72c7c734ee941ebbf3ca83d28474dc8.e3iSbxaKaheRe34Sa3yKbhiTahb0n6jAmljGr5XDqQLvpAe HTTP/1.1" 200 494
190.26.160.110 - - [28/Dec/2014:11:07:52 -0500] "POST /forms/lservlet;jsessionid=ac16012b30d5c72c7c734ee941ebbf3ca83d28474dc8.e3iSbxaKaheRe34Sa3yKbhiTahb0n6jAmljGr5XDqQLvpAe HTTP/1.1" 200 2
190.26.160.110 - - [28/Dec/2014:11:07:57 -0500] "POST /forms/lservlet;jsessionid=ac16012b30d5c72c7c734ee941ebbf3ca83d28474dc8.e3iSbxaKaheRe34Sa3yKbhiTahb0n6jAmljGr5XDqQLvpAe HTTP/1.1" 200 499
190.26.160.110 - - [28/Dec/2014:11:07:57 -0500] "POST /forms/lservlet;jsessionid=ac16012b30d5c72c7c734ee941ebbf3ca83d28474dc8.e3iSbxaKaheRe34Sa3yKbhiTahb0n6jAmljGr5XDqQLvpAe HTTP/1.1" 200 7
190.26.160.110 - - [28/Dec/2014:11:08:00 -0500] "POST /forms/lservlet;jsessionid=ac16012b30d5c72c7c734ee941ebbf3ca83d28474dc8.e3iSbxaKaheRe34Sa3yKbhiTahb0n6jAmljGr5XDqQLvpAe HTTP/1.1" 200 2
190.26.160.110 - - [28/Dec/2014:11:08:00 -0500] "POST /forms/lservlet;jsessionid=ac16012b30d5c72c7c734ee941ebbf3ca83d28474dc8.e3iSbxaKaheRe34Sa3yKbhiTahb0n6jAmljGr5XDqQLvpAe HTTP/1.1" 200 484
190.26.160.110 - - [28/Dec/2014:11:08:00 -0500] "POST /forms/lservlet;jsessionid=ac16012b30d5c72c7c734ee941ebbf3ca83d28474dc8.e3iSbxaKaheRe34Sa3yKbhiTahb0n6jAmljGr5XDqQLvpAe HTTP/1.1" 200 7
190.26.160.110 - - [28/Dec/2014:11:08:11 -0500] "POST /forms/lservlet;jsessionid=ac16012b30d5c72c7c734ee941ebbf3ca83d28474dc8.e3iSbxaKaheRe34Sa3yKbhiTahb0n6jAmljGr5XDqQLvpAe HTTP/1.1" 200 34660
190.26.160.110 - - [28/Dec/2014:11:08:12 -0500] "GET /imagenes/listval.gif HTTP/1.1" 200 905
190.26.160.110 - - [28/Dec/2014:11:08:12 -0500] "POST /forms/lservlet;jsessionid=ac16012b30d5c72c7c734ee941ebbf3ca83d28474dc8.e3iSbxaKaheRe34Sa3yKbhiTahb0n6jAmljGr5XDqQLvpAe HTTP/1.1" 200 7
190.26.160.110 - - [28/Dec/2014:11:08:12 -0500] "POST /forms/lservlet;jsessionid=ac16012b30d5c72c7c734ee941ebbf3ca83d28474dc8.e3iSbxaKaheRe34Sa3yKbhiTahb0n6jAmljGr5XDqQLvpAe HTTP/1.1" 200 34
186.84.40.34 - - [28/Dec/2014:11:08:14 -0500] "POST /forms/lservlet;jsessionid=ac16012b30d564bef53d3dc646be8de9f994574197ef.e3iSbxaKaheRe34Sa3yKbhiTahb0n6jAmljGr5XDqQLvpAe HTTP/1.1" 200 2
188.165.15.208 - - [28/Dec/2014:11:08:15 -0500] "GET /manual_funciones_Listado/index.php?dir=2.2.+Direccion+de+Control+Ambiental%2F HTTP/1.1" 404 1018
181.54.57.138 - - [28/Dec/2014:11:09:12 -0500] "POST /forms/lservlet;jsessionid=ac16012b30d583ab687cf42045bc85aeb60ace941d75.e3iSbxaKaheRe34Sa3yKbhiTahb0n6jAmljGr5XDqQLvpAe HTTP/1.1" 200 2
66.249.64.39 - - [28/Dec/2014:11:09:23 -0500] "GET /ecodirectorio/files/res/other/search.txt HTTP/1.1" 304 -
190.26.160.110 - - [28/Dec/2014:11:09:30 -0500] "POST /forms/lservlet;jsessionid=ac16012b30d5c72c7c734ee941ebbf3ca83d28474dc8.e3iSbxaKaheRe34Sa3yKbhiTahb0n6jAmljGr5XDqQLvpAe HTTP/1.1" 200 2
188.165.15.85 - - [28/Dec/2014:11:10:05 -0500] "GET /BLA/resoluciones/RESOLUCIONES%202003/RES%202003%201451-1500/20031466.tif HTTP/1.1" 200 63262
201.184.226.70 - - [28/Dec/2014:11:10:13 -0500] "GET /BLA/boletinlegal/js/jquery.js HTTP/1.1" 200 57254
201.184.226.70 - - [28/Dec/2014:11:10:13 -0500] "GET /BLA/boletinlegal/js/jquery.scrollShow.js HTTP/1.1" 200 4586
201.184.226.70 - - [28/Dec/2014:11:10:13 -0500] "GET /BLA/boletinlegal/js/jquery.scrollTo-min.js HTTP/1.1" 200 1150
201.184.226.70 - - [28/Dec/2014:11:10:13 -0500] "GET /galeria/carrusel/Carrusel/jquery.thumbnailScroller.css HTTP/1.1" 200 2066
201.184.226.70 - - [28/Dec/2014:11:10:13 -0500] "GET /galeria/carrusel/Carrusel/jquery-ui-1.8.13.custom.min.js HTTP/1.1" 200 10800
201.184.226.70 - - [28/Dec/2014:11:10:13 -0500] "GET /galeria/carrusel/Carrusel/jquery.thumbnailScroller.js HTTP/1.1" 200 8157
190.84.185.167 - - [28/Dec/2014:11:04:14 -0500] "GET /ForestMSG_SDA/channelAsync/template_word_17194523?X-Atmosphere-tracking-id=070d4960-6f57-656c-80f7-7ade44133275&X-Atmosphere-Framework=1.0.5&X-Atmosphere-Transport=long-polling&tabid=0.03431112761609256&X-Cache-Date=0&Content-Type=application/xml&_=1419782723560 HTTP/1.1" 200 8193
186.84.40.34 - - [28/Dec/2014:11:10:14 -0500] "POST /forms/lservlet;jsessionid=ac16012b30d564bef53d3dc646be8de9f994574197ef.e3iSbxaKaheRe34Sa3yKbhiTahb0n6jAmljGr5XDqQLvpAe HTTP/1.1" 200 2
201.184.226.70 - - [28/Dec/2014:11:10:15 -0500] "GET /galeria/nivo-slider/demo/demo.html HTTP/1.1" 200 3237
201.184.226.70 - - [28/Dec/2014:11:10:16 -0500] "GET /galeria/nivo-slider/themes/default/default.css HTTP/1.1" 200 1569
201.184.226.70 - - [28/Dec/2014:11:10:16 -0500] "GET /galeria/nivo-slider/demo/style.css HTTP/1.1" 200 2222
201.184.226.70 - - [28/Dec/2014:11:10:16 -0500] "GET /galeria/nivo-slider/themes/pascal/pascal.css HTTP/1.1" 200 2258
201.184.226.70 - - [28/Dec/2014:11:10:16 -0500] "GET /galeria/nivo-slider/nivo-slider.css HTTP/1.1" 200 1507
201.184.226.70 - - [28/Dec/2014:11:10:16 -0500] "GET /galeria/nivo-slider/demo/images/bolsas-08.jpg HTTP/1.1" 200 85589
201.184.226.70 - - [28/Dec/2014:11:10:16 -0500] "GET /galeria/nivo-slider/themes/orman/orman.css HTTP/1.1" 200 2152
201.184.226.70 - - [28/Dec/2014:11:10:17 -0500] "GET /galeria/nivo-slider/demo/scripts/jquery-1.7.1.min.js HTTP/1.1" 200 93868
201.184.226.70 - - [28/Dec/2014:11:10:17 -0500] "GET /galeria/nivo-slider/jquery.nivo.slider.pack.js HTTP/1.1" 200 11561
201.184.226.70 - - [28/Dec/2014:11:10:17 -0500] "GET /galeria/nivo-slider/demo/images/Ruta-vertimientos-01.jpg HTTP/1.1" 200 130151
201.184.226.70 - - [28/Dec/2014:11:10:18 -0500] "GET /galeria/nivo-slider/demo/images/bolsas-06.jpg HTTP/1.1" 200 90982
201.184.226.70 - - [28/Dec/2014:11:10:19 -0500] "GET /galeria/nivo-slider/demo/images/ecolecta-Dic2014.png HTTP/1.1" 200 288593
201.184.226.70 - - [28/Dec/2014:11:10:19 -0500] "GET /galeria/nivo-slider/demo/images/Banner-GAE3.jpg HTTP/1.1" 200 146354
201.184.226.70 - - [28/Dec/2014:11:10:19 -0500] "GET /galeria/nivo-slider/demo/images/porloshumedales.jpg HTTP/1.1" 200 351238
201.184.226.70 - - [28/Dec/2014:11:10:19 -0500] "GET /galeria/nivo-slider/demo/images/Tingua-azul.jpg HTTP/1.1" 200 307638
201.184.226.70 - - [28/Dec/2014:11:10:19 -0500] "GET /galeria/nivo-slider/demo/images/Banner-Caracol-Africano.jpg HTTP/1.1" 200 331986
201.184.226.70 - - [28/Dec/2014:11:10:19 -0500] "GET /galeria/nivo-slider/demo/images/banner-redes.jpg HTTP/1.1" 200 62209
201.184.226.70 - - [28/Dec/2014:11:10:19 -0500] "GET /galeria/nivo-slider/demo/images/9Signos.jpg HTTP/1.1" 200 93040
201.184.226.70 - - [28/Dec/2014:11:10:20 -0500] "GET /galeria/nivo-slider/demo/images/banner-llantas2.jpg HTTP/1.1" 200 73153
201.184.226.70 - - [28/Dec/2014:11:10:20 -0500] "GET /galeria/nivo-slider/demo/images/banner-caballos.png HTTP/1.1" 200 389106
201.184.226.70 - - [28/Dec/2014:11:10:21 -0500] "GET /galeria/nivo-slider/demo/images/4Simple_Slider.png HTTP/1.1" 200 11722
201.184.226.70 - - [28/Dec/2014:11:10:22 -0500] "GET /galeria/nivo-slider/themes/default/loading.gif HTTP/1.1" 200 1737
201.184.226.70 - - [28/Dec/2014:11:10:23 -0500] "GET /galeria/nivo-slider/themes/default/arrows.png HTTP/1.1" 200 824
201.184.226.70 - - [28/Dec/2014:11:10:23 -0500] "GET /galeria/nivo-slider/themes/default/bullets.png HTTP/1.1" 200 1281
201.184.226.70 - - [28/Dec/2014:11:10:26 -0500] "GET /videos/Spot_CambioClimatico.flv HTTP/1.1" 200 4371917
66.249.64.167 - - [28/Dec/2014:11:10:29 -0500] "GET /BLA/resoluciones/AUTOS%202011/6049.pdf HTTP/1.1" 200 288439
74.86.158.107 - - [28/Dec/2014:11:10:36 -0500] "HEAD / HTTP/1.1" 302 -
178.162.214.71 - - [28/Dec/2014:11:11:05 -0500] "GET /blog/wp-admin/ HTTP/1.1" 404 1018
181.54.57.138 - - [28/Dec/2014:11:11:12 -0500] "POST /forms/lservlet;jsessionid=ac16012b30d583ab687cf42045bc85aeb60ace941d75.e3iSbxaKaheRe34Sa3yKbhiTahb0n6jAmljGr5XDqQLvpAe HTTP/1.1" 200 2
180.76.5.146 - - [28/Dec/2014:11:11:30 -0500] "GET /BLA/resoluciones/RESOLUCIONES%202007/RES%202007%20201%20AL%20300/RESOLUCION%200264%20DE%202007.pdf HTTP/1.1" 200 212795
190.26.160.110 - - [28/Dec/2014:11:11:30 -0500] "POST /forms/lservlet;jsessionid=ac16012b30d5c72c7c734ee941ebbf3ca83d28474dc8.e3iSbxaKaheRe34Sa3yKbhiTahb0n6jAmljGr5XDqQLvpAe HTTP/1.1" 200 2
186.154.84.82 - - [28/Dec/2014:11:05:31 -0500] "GET /ForestMSG_SDA/channelAsync/template_word_17188608?X-Atmosphere-tracking-id=02cd11f7-505f-d201-efc9-d4b655d1b680&X-Atmosphere-Framework=1.0.5&X-Atmosphere-Transport=long-polling&tabid=0.5504235168918967&X-Cache-Date=0&Content-Type=application/xml&_=1419782885269 HTTP/1.1" 200 8193
188.165.15.130 - - [28/Dec/2014:11:11:55 -0500] "GET /BLA/resoluciones/RESOLUCIONES%202005/RES%202005%203151-3180/00003153.tif HTTP/1.1" 200 188172
191.77.21.226 - - [28/Dec/2014:11:12:03 -0500] "GET /BLA/boletinlegal/js/jquery.scrollTo-min.js HTTP/1.1" 200 1150
191.77.21.226 - - [28/Dec/2014:11:12:03 -0500] "GET /BLA/boletinlegal/js/jquery.js HTTP/1.1" 200 57254
191.77.21.226 - - [28/Dec/2014:11:12:03 -0500] "GET /BLA/boletinlegal/js/jquery.scrollShow.js HTTP/1.1" 200 4586
186.84.40.34 - - [28/Dec/2014:11:12:14 -0500] "POST /forms/lservlet;jsessionid=ac16012b30d564bef53d3dc646be8de9f994574197ef.e3iSbxaKaheRe34Sa3yKbhiTahb0n6jAmljGr5XDqQLvpAe HTTP/1.1" 200 2
188.165.15.23 - - [28/Dec/2014:11:12:37 -0500] "GET /BLA/resoluciones/index.php?dir=RESOLUCIONES%202005/RES%202005%202851-2900/&sort=date&order=asc HTTP/1.1" 200 12156
180.76.6.147 - - [28/Dec/2014:11:13:07 -0500] "GET /BLA/resoluciones/RESOLUCIONES%202007/RES%202007%201726%20AL%201800/RESOLUCION%201727%20DE%202007.pdf HTTP/1.1" 200 1494429
181.54.57.138 - - [28/Dec/2014:11:13:13 -0500] "POST /forms/lservlet;jsessionid=ac16012b30d583ab687cf42045bc85aeb60ace941d75.e3iSbxaKaheRe34Sa3yKbhiTahb0n6jAmljGr5XDqQLvpAe HTTP/1.1" 200 2
190.26.160.110 - - [28/Dec/2014:11:13:30 -0500] "POST /forms/lservlet;jsessionid=ac16012b30d5c72c7c734ee941ebbf3ca83d28474dc8.e3iSbxaKaheRe34Sa3yKbhiTahb0n6jAmljGr5XDqQLvpAe HTTP/1.1" 200 2
186.84.40.34 - - [28/Dec/2014:11:14:15 -0500] "POST /forms/lservlet;jsessionid=ac16012b30d564bef53d3dc646be8de9f994574197ef.e3iSbxaKaheRe34Sa3yKbhiTahb0n6jAmljGr5XDqQLvpAe HTTP/1.1" 200 2
181.54.57.138 - - [28/Dec/2014:11:15:13 -0500] "POST /forms/lservlet;jsessionid=ac16012b30d583ab687cf42045bc85aeb60ace941d75.e3iSbxaKaheRe34Sa3yKbhiTahb0n6jAmljGr5XDqQLvpAe HTTP/1.1" 200 2
190.26.160.110 - - [28/Dec/2014:11:15:31 -0500] "POST /forms/lservlet;jsessionid=ac16012b30d5c72c7c734ee941ebbf3ca83d28474dc8.e3iSbxaKaheRe34Sa3yKbhiTahb0n6jAmljGr5XDqQLvpAe HTTP/1.1" 200 2
188.165.15.78 - - [28/Dec/2014:11:15:33 -0500] "GET /BLA/resoluciones/RESOLUCIONES%202005/RES%202005%201801-1850/00001825.tif HTTP/1.1" 200 166136
74.86.158.107 - - [28/Dec/2014:11:15:36 -0500] "HEAD / HTTP/1.1" 302 -
188.165.15.208 - - [28/Dec/2014:11:15:46 -0500] "GET /BLA/resoluciones/RESOLUCIONES%202002/RES%202002%20751-800/2002RES757.tif HTTP/1.1" 200 115430
190.84.185.167 - - [28/Dec/2014:11:10:14 -0500] "GET /ForestMSG_SDA/channelAsync/template_word_17194523?X-Atmosphere-tracking-id=070d4960-6f57-656c-80f7-7ade44133275&X-Atmosphere-Framework=1.0.5&X-Atmosphere-Transport=long-polling&tabid=0.03431112761609256&X-Cache-Date=0&Content-Type=application/xml&_=1419783083584 HTTP/1.1" 200 8193
186.84.40.34 - - [28/Dec/2014:11:16:15 -0500] "POST /forms/lservlet;jsessionid=ac16012b30d564bef53d3dc646be8de9f994574197ef.e3iSbxaKaheRe34Sa3yKbhiTahb0n6jAmljGr5XDqQLvpAe HTTP/1.1" 200 2
186.30.65.119 - - [28/Dec/2014:11:16:21 -0500] "GET /BLA/boletinlegal/js/jquery.js HTTP/1.1" 200 57254
186.30.65.119 - - [28/Dec/2014:11:16:21 -0500] "GET /BLA/boletinlegal/js/jquery.scrollTo-min.js HTTP/1.1" 200 1150
186.30.65.119 - - [28/Dec/2014:11:16:21 -0500] "GET /BLA/boletinlegal/js/jquery.scrollShow.js HTTP/1.1" 200 4586
191.77.21.226 - - [28/Dec/2014:11:17:06 -0500] "GET /BLA/boletinlegal/js/jquery.js HTTP/1.1" 200 57254
191.77.21.226 - - [28/Dec/2014:11:17:07 -0500] "GET /BLA/boletinlegal/js/jquery.scrollShow.js HTTP/1.1" 200 4586
191.77.21.226 - - [28/Dec/2014:11:17:10 -0500] "GET /BLA/boletinlegal/js/jquery.scrollTo-min.js HTTP/1.1" 200 1150
181.54.57.138 - - [28/Dec/2014:11:17:16 -0500] "POST /forms/lservlet;jsessionid=ac16012b30d583ab687cf42045bc85aeb60ace941d75.e3iSbxaKaheRe34Sa3yKbhiTahb0n6jAmljGr5XDqQLvpAe HTTP/1.1" 200 2
188.165.15.10 - - [28/Dec/2014:11:17:23 -0500] "GET /BLA/resoluciones/RESOLUCIONES%202005/00001093.tif HTTP/1.1" 200 123654
190.26.160.110 - - [28/Dec/2014:11:17:31 -0500] "POST /forms/lservlet;jsessionid=ac16012b30d5c72c7c734ee941ebbf3ca83d28474dc8.e3iSbxaKaheRe34Sa3yKbhiTahb0n6jAmljGr5XDqQLvpAe HTTP/1.1" 200 2
186.154.84.82 - - [28/Dec/2014:11:11:32 -0500] "GET /ForestMSG_SDA/channelAsync/template_word_17188608?X-Atmosphere-tracking-id=02cd11f7-505f-d201-efc9-d4b655d1b680&X-Atmosphere-Framework=1.0.5&X-Atmosphere-Transport=long-polling&tabid=0.5504235168918967&X-Cache-Date=0&Content-Type=application/xml&_=1419783246270 HTTP/1.1" 200 8193
180.76.6.149 - - [28/Dec/2014:11:17:34 -0500] "GET /BLA/resoluciones/AUTOS%202010/5723.pdf HTTP/1.1" 200 230531
186.84.40.34 - - [28/Dec/2014:11:18:15 -0500] "POST /forms/lservlet;jsessionid=ac16012b30d564bef53d3dc646be8de9f994574197ef.e3iSbxaKaheRe34Sa3yKbhiTahb0n6jAmljGr5XDqQLvpAe HTTP/1.1" 200 2
190.84.185.167 - - [28/Dec/2014:11:18:20 -0500] "GET /forest/session.jsp?a=0.6669384217821062 HTTP/1.1" 200 5
190.84.185.167 - - [28/Dec/2014:11:18:20 -0500] "GET /forest/login.jsp?a=0.03505925112403929 HTTP/1.1" 200 2996
66.249.64.171 - - [28/Dec/2014:11:18:51 -0500] "GET /Anexos%20estudio%20Organizacional%20SDA/index.php?dir=ANEXO%20No.%201-%20NORMAS%20LEGALES%20DE%20ESTRUCTURA%20Y%20PLANTA/&sort=size&order=asc HTTP/1.1" 200 11016
181.54.57.138 - - [28/Dec/2014:11:19:16 -0500] "POST /forms/lservlet;jsessionid=ac16012b30d583ab687cf42045bc85aeb60ace941d75.e3iSbxaKaheRe34Sa3yKbhiTahb0n6jAmljGr5XDqQLvpAe HTTP/1.1" 200 2
178.162.214.71 - - [28/Dec/2014:11:20:14 -0500] "GET /wp/wp-admin/ HTTP/1.1" 404 1018
186.84.40.34 - - [28/Dec/2014:11:20:15 -0500] "POST /forms/lservlet;jsessionid=ac16012b30d564bef53d3dc646be8de9f994574197ef.e3iSbxaKaheRe34Sa3yKbhiTahb0n6jAmljGr5XDqQLvpAe HTTP/1.1" 200 2
74.86.158.107 - - [28/Dec/2014:11:20:36 -0500] "HEAD / HTTP/1.1" 302 -
66.249.64.171 - - [28/Dec/2014:11:20:54 -0500] "GET /BLA/resoluciones/index.php?dir=RESOLUCIONES%202005/RES%202005%20601-650/&sort=name&order=asc HTTP/1.1" 200 12246
188.165.15.208 - - [28/Dec/2014:11:21:15 -0500] "GET /BLA/resoluciones/RESOLUCIONES%202003/ANEXOS%20RES%202048/00000006.tif HTTP/1.1" 200 664732
181.54.57.138 - - [28/Dec/2014:11:21:16 -0500] "POST /forms/lservlet;jsessionid=ac16012b30d583ab687cf42045bc85aeb60ace941d75.e3iSbxaKaheRe34Sa3yKbhiTahb0n6jAmljGr5XDqQLvpAe HTTP/1.1" 200 2
181.60.184.229 - - [28/Dec/2014:11:21:53 -0500] "GET /BLA/boletinlegal/js/jquery.js HTTP/1.1" 200 57254
181.60.184.229 - - [28/Dec/2014:11:21:53 -0500] "GET /BLA/boletinlegal/js/jquery.scrollShow.js HTTP/1.1" 200 4586
181.60.184.229 - - [28/Dec/2014:11:21:53 -0500] "GET /BLA/boletinlegal/js/jquery.scrollTo-min.js HTTP/1.1" 200 1150
66.249.64.167 - - [28/Dec/2014:11:21:55 -0500] "GET /BLA/resoluciones/index.php?dir=RESOLUCIONES%202005/RES%202005%20951-1000/&sort=name&order=desc HTTP/1.1" 200 12303
181.54.84.12 - - [28/Dec/2014:11:22:12 -0500] "POST /forms/lservlet;jsessionid=ac16012b30d5133a6ba0abd84a649b179ba60eb44c08.e3iSbxaKaheRe34Sa3yKbhiTahb0n6jAmljGr5XDqQLvpAe HTTP/1.1" 200 13
181.54.84.12 - - [28/Dec/2014:11:22:13 -0500] "POST /forms/lservlet;jsessionid=ac16012b30d5133a6ba0abd84a649b179ba60eb44c08.e3iSbxaKaheRe34Sa3yKbhiTahb0n6jAmljGr5XDqQLvpAe HTTP/1.1" 200 13
190.84.185.167 - - [28/Dec/2014:11:16:14 -0500] "GET /ForestMSG_SDA/channelAsync/template_word_17194523?X-Atmosphere-tracking-id=070d4960-6f57-656c-80f7-7ade44133275&X-Atmosphere-Framework=1.0.5&X-Atmosphere-Transport=long-polling&tabid=0.03431112761609256&X-Cache-Date=0&Content-Type=application/xml&_=1419783443607 HTTP/1.1" 200 8193
181.54.84.12 - - [28/Dec/2014:11:22:14 -0500] "POST /forms/lservlet;jsessionid=ac16012b30d5133a6ba0abd84a649b179ba60eb44c08.e3iSbxaKaheRe34Sa3yKbhiTahb0n6jAmljGr5XDqQLvpAe HTTP/1.1" 200 13
186.84.40.34 - - [28/Dec/2014:11:22:15 -0500] "POST /forms/lservlet;jsessionid=ac16012b30d564bef53d3dc646be8de9f994574197ef.e3iSbxaKaheRe34Sa3yKbhiTahb0n6jAmljGr5XDqQLvpAe HTTP/1.1" 200 2
181.54.84.12 - - [28/Dec/2014:11:22:15 -0500] "POST /forms/lservlet;jsessionid=ac16012b30d5133a6ba0abd84a649b179ba60eb44c08.e3iSbxaKaheRe34Sa3yKbhiTahb0n6jAmljGr5XDqQLvpAe HTTP/1.1" 200 13
181.54.84.12 - - [28/Dec/2014:11:22:16 -0500] "POST /forms/lservlet;jsessionid=ac16012b30d5133a6ba0abd84a649b179ba60eb44c08.e3iSbxaKaheRe34Sa3yKbhiTahb0n6jAmljGr5XDqQLvpAe HTTP/1.1" 200 13
181.54.84.12 - - [28/Dec/2014:11:22:18 -0500] "POST /forms/lservlet;jsessionid=ac16012b30d5133a6ba0abd84a649b179ba60eb44c08.e3iSbxaKaheRe34Sa3yKbhiTahb0n6jAmljGr5XDqQLvpAe HTTP/1.1" 200 13
180.76.5.166 - - [28/Dec/2014:11:22:27 -0500] "GET /BLA/resoluciones/RESOLUCIONES%202007/RES%202007%202001%20AL%202100/RESOLUCION%202025%20DE%202007.pdf HTTP/1.1" 200 693967
188.165.15.192 - - [28/Dec/2014:11:23:11 -0500] "GET /BLA/resoluciones/RESOLUCIONES%202002/RES%202002%20451-500/00000486.tif HTTP/1.1" 200 120966
181.54.57.138 - - [28/Dec/2014:11:23:16 -0500] "POST /forms/lservlet;jsessionid=ac16012b30d583ab687cf42045bc85aeb60ace941d75.e3iSbxaKaheRe34Sa3yKbhiTahb0n6jAmljGr5XDqQLvpAe HTTP/1.1" 200 2
186.154.84.82 - - [28/Dec/2014:11:17:33 -0500] "GET /ForestMSG_SDA/channelAsync/template_word_17188608?X-Atmosphere-tracking-id=02cd11f7-505f-d201-efc9-d4b655d1b680&X-Atmosphere-Framework=1.0.5&X-Atmosphere-Transport=long-polling&tabid=0.5504235168918967&X-Cache-Date=0&Content-Type=application/xml&_=1419783607269 HTTP/1.1" 200 8193
180.76.6.64 - - [28/Dec/2014:11:24:04 -0500] "GET /BLA/boletinlegal/circulares/2012IE017270.pdf HTTP/1.1" 200 233051
186.84.40.34 - - [28/Dec/2014:11:24:15 -0500] "POST /forms/lservlet;jsessionid=ac16012b30d564bef53d3dc646be8de9f994574197ef.e3iSbxaKaheRe34Sa3yKbhiTahb0n6jAmljGr5XDqQLvpAe HTTP/1.1" 200 2
188.165.15.208 - - [28/Dec/2014:11:24:57 -0500] "GET /BLA/resoluciones/RESOLUCIONES%202006/RES%202006%202301-2350/00002322.tif HTTP/1.1" 200 452112
188.165.15.10 - - [28/Dec/2014:11:24:59 -0500] "GET /BLA/resoluciones/RESOLUCIONES%202003/RES%202003%201951-2000/00001985.tif HTTP/1.1" 200 115262
66.249.64.171 - - [28/Dec/2014:11:25:10 -0500] "GET /BLA/resoluciones/RESOLUCIONES%202007/RES%202007%202701%20AL%202800/RESOLUCION%202768%20%20DE%202007.pdf HTTP/1.1" 200 350586
66.249.64.43 - - [28/Dec/2014:11:25:12 -0500] "GET /dama/libreria/php/decide.php?patron=03.1305020113&numm=25 HTTP/1.1" 404 1019
66.249.64.167 - - [28/Dec/2014:11:25:16 -0500] "GET /BLA/resoluciones/RESOLUCIONES%202005/RES%202005%20601-650/00000630.tif HTTP/1.1" 200 226050
181.54.57.138 - - [28/Dec/2014:11:25:17 -0500] "POST /forms/lservlet;jsessionid=ac16012b30d583ab687cf42045bc85aeb60ace941d75.e3iSbxaKaheRe34Sa3yKbhiTahb0n6jAmljGr5XDqQLvpAe HTTP/1.1" 200 2
74.86.158.107 - - [28/Dec/2014:11:25:36 -0500] "HEAD / HTTP/1.1" 302 -
186.84.40.34 - - [28/Dec/2014:11:26:15 -0500] "POST /forms/lservlet;jsessionid=ac16012b30d564bef53d3dc646be8de9f994574197ef.e3iSbxaKaheRe34Sa3yKbhiTahb0n6jAmljGr5XDqQLvpAe HTTP/1.1" 200 2
190.158.105.136 - - [28/Dec/2014:11:27:12 -0500] "GET /galeria/nivo-slider/demo/demo.html HTTP/1.1" 304 -
190.158.105.136 - - [28/Dec/2014:11:27:13 -0500] "GET /galeria/nivo-slider/demo/images/bolsas-08.jpg HTTP/1.1" 304 -
190.158.105.136 - - [28/Dec/2014:11:27:13 -0500] "GET /galeria/nivo-slider/demo/images/Ruta-vertimientos-01.jpg HTTP/1.1" 304 -
190.158.105.136 - - [28/Dec/2014:11:27:13 -0500] "GET /galeria/nivo-slider/demo/images/bolsas-06.jpg HTTP/1.1" 304 -
181.54.57.138 - - [28/Dec/2014:11:27:17 -0500] "POST /forms/lservlet;jsessionid=ac16012b30d583ab687cf42045bc85aeb60ace941d75.e3iSbxaKaheRe34Sa3yKbhiTahb0n6jAmljGr5XDqQLvpAe HTTP/1.1" 200 2
190.157.161.171 - - [28/Dec/2014:11:27:18 -0500] "GET /galeria/nivo-slider/demo/demo.html HTTP/1.1" 200 3237
190.157.161.171 - - [28/Dec/2014:11:27:23 -0500] "GET /galeria/nivo-slider/demo/images/bolsas-08.jpg HTTP/1.1" 200 85589
190.157.161.171 - - [28/Dec/2014:11:27:23 -0500] "GET /galeria/nivo-slider/demo/images/Ruta-vertimientos-01.jpg HTTP/1.1" 200 130151
190.157.161.171 - - [28/Dec/2014:11:27:23 -0500] "GET /galeria/nivo-slider/demo/images/Banner-GAE3.jpg HTTP/1.1" 304 -
190.157.161.171 - - [28/Dec/2014:11:27:23 -0500] "GET /galeria/nivo-slider/demo/images/bolsas-06.jpg HTTP/1.1" 200 90982
190.157.161.171 - - [28/Dec/2014:11:27:23 -0500] "GET /galeria/nivo-slider/demo/images/ecolecta-Dic2014.png HTTP/1.1" 304 -
190.157.161.171 - - [28/Dec/2014:11:27:23 -0500] "GET /galeria/nivo-slider/themes/default/default.css HTTP/1.1" 304 -
190.157.161.171 - - [28/Dec/2014:11:27:23 -0500] "GET /galeria/nivo-slider/demo/images/Tingua-azul.jpg HTTP/1.1" 304 -
190.157.161.171 - - [28/Dec/2014:11:27:25 -0500] "GET /galeria/nivo-slider/demo/images/porloshumedales.jpg HTTP/1.1" 304 -
190.157.161.171 - - [28/Dec/2014:11:27:28 -0500] "GET /videos/Spot_CambioClimatico.flv HTTP/1.1" 206 1
190.157.161.171 - - [28/Dec/2014:11:27:28 -0500] "GET /videos/Spot_CambioClimatico.flv HTTP/1.1" 206 2515746
66.249.64.171 - - [28/Dec/2014:11:27:56 -0500] "GET /BLA/resoluciones/AUTOS%202014/5680.pdf HTTP/1.1" 200 204858
190.84.185.167 - - [28/Dec/2014:11:22:14 -0500] "GET /ForestMSG_SDA/channelAsync/template_word_17194523?X-Atmosphere-tracking-id=070d4960-6f57-656c-80f7-7ade44133275&X-Atmosphere-Framework=1.0.5&X-Atmosphere-Transport=long-polling&tabid=0.03431112761609256&X-Cache-Date=0&Content-Type=application/xml&_=1419783803632 HTTP/1.1" 200 8193
186.84.40.34 - - [28/Dec/2014:11:28:15 -0500] "POST /forms/lservlet;jsessionid=ac16012b30d564bef53d3dc646be8de9f994574197ef.e3iSbxaKaheRe34Sa3yKbhiTahb0n6jAmljGr5XDqQLvpAe HTTP/1.1" 200 2
66.249.64.171 - - [28/Dec/2014:11:28:20 -0500] "GET /BLA/resoluciones/AUTOS%202007/1385.pdf HTTP/1.1" 200 40114
178.162.214.71 - - [28/Dec/2014:11:29:05 -0500] "GET /old/wp-admin/ HTTP/1.1" 404 1018
188.165.15.26 - - [28/Dec/2014:11:29:05 -0500] "GET /BLA/resoluciones/RESOLUCIONES%202003/RES%202003%20151-200/2003RES151.tif HTTP/1.1" 200 145100
181.54.57.138 - - [28/Dec/2014:11:29:17 -0500] "POST /forms/lservlet;jsessionid=ac16012b30d583ab687cf42045bc85aeb60ace941d75.e3iSbxaKaheRe34Sa3yKbhiTahb0n6jAmljGr5XDqQLvpAe HTTP/1.1" 200 2
186.154.84.82 - - [28/Dec/2014:11:23:34 -0500] "GET /ForestMSG_SDA/channelAsync/template_word_17188608?X-Atmosphere-tracking-id=02cd11f7-505f-d201-efc9-d4b655d1b680&X-Atmosphere-Framework=1.0.5&X-Atmosphere-Transport=long-polling&tabid=0.5504235168918967&X-Cache-Date=0&Content-Type=application/xml&_=1419783968269 HTTP/1.1" 200 8193
181.54.84.12 - - [28/Dec/2014:11:30:00 -0500] "GET /forms/java/oracle/forms/registry/Registry.dat HTTP/1.1" 200 4213
181.54.84.12 - - [28/Dec/2014:11:30:01 -0500] "GET /forms/java/oracle/forms/registry/default.dat HTTP/1.1" 404 350
181.54.84.12 - - [28/Dec/2014:11:30:01 -0500] "GET /forms/frmservlet?config=sia&acceptLanguage=es-CO&ifcmd=startsession HTTP/1.1" 200 119
181.54.84.12 - - [28/Dec/2014:11:30:01 -0500] "GET /forms/lservlet;jsessionid=ac16012b30d502f7b1f4965c4b08b101fb92d1326f8b.e3iSbxaKaheRe34Sa3yKbhiTahb0n6jAmljGr5XDqQLvpAe?ifcmd=getinfo&ifhost=Edgar-PC&ifip=192.168.0.11 HTTP/1.1" 200 8
181.54.84.12 - - [28/Dec/2014:11:30:01 -0500] "POST /forms/lservlet;jsessionid=ac16012b30d502f7b1f4965c4b08b101fb92d1326f8b.e3iSbxaKaheRe34Sa3yKbhiTahb0n6jAmljGr5XDqQLvpAe HTTP/1.1" 200 8
181.54.84.12 - - [28/Dec/2014:11:30:02 -0500] "POST /forms/lservlet;jsessionid=ac16012b30d502f7b1f4965c4b08b101fb92d1326f8b.e3iSbxaKaheRe34Sa3yKbhiTahb0n6jAmljGr5XDqQLvpAe HTTP/1.1" 200 64000
181.54.84.12 - - [28/Dec/2014:11:30:03 -0500] "HEAD /imagenes/dama_logo.gif HTTP/1.1" 200 -
181.54.84.12 - - [28/Dec/2014:11:30:03 -0500] "POST /forms/lservlet;jsessionid=ac16012b30d502f7b1f4965c4b08b101fb92d1326f8b.e3iSbxaKaheRe34Sa3yKbhiTahb0n6jAmljGr5XDqQLvpAe HTTP/1.1" 200 64000
181.54.84.12 - - [28/Dec/2014:11:30:04 -0500] "POST /forms/lservlet;jsessionid=ac16012b30d502f7b1f4965c4b08b101fb92d1326f8b.e3iSbxaKaheRe34Sa3yKbhiTahb0n6jAmljGr5XDqQLvpAe HTTP/1.1" 200 63623
181.54.84.12 - - [28/Dec/2014:11:30:05 -0500] "POST /forms/lservlet;jsessionid=ac16012b30d502f7b1f4965c4b08b101fb92d1326f8b.e3iSbxaKaheRe34Sa3yKbhiTahb0n6jAmljGr5XDqQLvpAe HTTP/1.1" 200 2
186.84.40.34 - - [28/Dec/2014:11:30:16 -0500] "POST /forms/lservlet;jsessionid=ac16012b30d564bef53d3dc646be8de9f994574197ef.e3iSbxaKaheRe34Sa3yKbhiTahb0n6jAmljGr5XDqQLvpAe HTTP/1.1" 200 2
74.86.158.107 - - [28/Dec/2014:11:30:36 -0500] "HEAD / HTTP/1.1" 302 -
190.84.185.167 - - [28/Dec/2014:11:30:50 -0500] "POST /forest/actions/manager.login?group_system_actual=3 HTTP/1.1" 200 55
186.85.207.177 - - [28/Dec/2014:11:31:00 -0500] "GET /BLA/boletinlegal/js/jquery.js HTTP/1.1" 200 57254
186.85.207.177 - - [28/Dec/2014:11:31:00 -0500] "GET /BLA/boletinlegal/js/jquery.scrollShow.js HTTP/1.1" 200 4586
186.85.207.177 - - [28/Dec/2014:11:31:00 -0500] "GET /BLA/boletinlegal/js/jquery.scrollTo-min.js HTTP/1.1" 200 1150
190.84.185.167 - - [28/Dec/2014:11:31:01 -0500] "POST /forest/actions/manager.login?group_system_actual=3 HTTP/1.1" 200 14
190.84.185.167 - - [28/Dec/2014:11:31:01 -0500] "GET /forest/session.jsp?a=0.6443535585422069 HTTP/1.1" 200 4
186.85.207.177 - - [28/Dec/2014:11:31:02 -0500] "GET /galeria/carrusel/Carrusel/jquery.thumbnailScroller.css HTTP/1.1" 200 2066
186.85.207.177 - - [28/Dec/2014:11:31:03 -0500] "GET /BLA/boletinlegal/js/jquery.js HTTP/1.1" 200 57254
186.85.207.177 - - [28/Dec/2014:11:31:03 -0500] "GET /galeria/carrusel/Carrusel/jquery.thumbnailScroller.css HTTP/1.1" 200 2066
186.85.207.177 - - [28/Dec/2014:11:31:04 -0500] "GET /BLA/boletinlegal/js/jquery.scrollTo-min.js HTTP/1.1" 200 1150
186.85.207.177 - - [28/Dec/2014:11:31:04 -0500] "GET /BLA/boletinlegal/js/jquery.scrollShow.js HTTP/1.1" 200 4586
186.85.207.177 - - [28/Dec/2014:11:31:04 -0500] "GET /galeria/carrusel/Carrusel/jquery-ui-1.8.13.custom.min.js HTTP/1.1" 200 10800
186.85.207.177 - - [28/Dec/2014:11:31:04 -0500] "GET /galeria/carrusel/Carrusel/jquery.thumbnailScroller.js HTTP/1.1" 200 8157
186.85.207.177 - - [28/Dec/2014:11:31:12 -0500] "GET /galeria/nivo-slider/demo/demo.html HTTP/1.1" 200 3237
186.85.207.177 - - [28/Dec/2014:11:31:16 -0500] "GET /galeria/nivo-slider/themes/default/default.css HTTP/1.1" 200 1569
186.85.207.177 - - [28/Dec/2014:11:31:16 -0500] "GET /galeria/nivo-slider/themes/pascal/pascal.css HTTP/1.1" 200 2258
186.85.207.177 - - [28/Dec/2014:11:31:16 -0500] "GET /galeria/nivo-slider/themes/orman/orman.css HTTP/1.1" 200 2152
186.85.207.177 - - [28/Dec/2014:11:31:16 -0500] "GET /galeria/nivo-slider/nivo-slider.css HTTP/1.1" 200 1507
186.85.207.177 - - [28/Dec/2014:11:31:16 -0500] "GET /galeria/nivo-slider/demo/style.css HTTP/1.1" 200 2222
