66.249.73.171 - - [28/Dec/2014:06:26:35 -0500] "GET /BLA/resoluciones/RESOLUCIONES%202005/RES%202005%203001-3050/00003030.tif HTTP/1.1" 304 -
188.165.15.23 - - [28/Dec/2014:06:26:54 -0500] "GET /BLA/resoluciones/RESOLUCIONES%202005/RES%202005%201101-1150/00001146.tif HTTP/1.1" 200 140984
66.249.73.155 - - [28/Dec/2014:06:26:57 -0500] "GET /BLA/resoluciones/RESOLUCIONES%202006/RES%202006%201501-1550/00001542.tif HTTP/1.1" 304 -
66.249.73.155 - - [28/Dec/2014:06:27:20 -0500] "GET /BLA/resoluciones/RESOLUCIONES%202005/RES%202005%202551-2600/00002571.tif HTTP/1.1" 304 -
190.26.253.26 - - [28/Dec/2014:06:27:21 -0500] "GET /BLA/resoluciones/AUTOS%202010/1399.pdf HTTP/1.1" 200 292705
190.26.253.26 - - [28/Dec/2014:06:27:22 -0500] "GET /favicon.ico HTTP/1.1" 200 7782
181.54.84.12 - - [28/Dec/2014:06:27:34 -0500] "POST /forms/lservlet;jsessionid=ac16012b30d5133a6ba0abd84a649b179ba60eb44c08.e3iSbxaKaheRe34Sa3yKbhiTahb0n6jAmljGr5XDqQLvpAe HTTP/1.1" 200 2
66.249.73.155 - - [28/Dec/2014:06:27:42 -0500] "GET /BLA/resoluciones/RESOLUCIONES%202005/RES%202005%202551-2600/00002561.tif HTTP/1.1" 304 -
181.54.84.12 - - [28/Dec/2014:06:27:53 -0500] "POST /forms/lservlet;jsessionid=ac16012b30d5133a6ba0abd84a649b179ba60eb44c08.e3iSbxaKaheRe34Sa3yKbhiTahb0n6jAmljGr5XDqQLvpAe HTTP/1.1" 200 2
181.54.84.12 - - [28/Dec/2014:06:27:53 -0500] "POST /forms/lservlet;jsessionid=ac16012b30d5133a6ba0abd84a649b179ba60eb44c08.e3iSbxaKaheRe34Sa3yKbhiTahb0n6jAmljGr5XDqQLvpAe HTTP/1.1" 200 699
181.54.84.12 - - [28/Dec/2014:06:27:54 -0500] "GET /imagenes/Srch_frw.gif HTTP/1.1" 200 925
181.54.84.12 - - [28/Dec/2014:06:27:54 -0500] "POST /forms/lservlet;jsessionid=ac16012b30d5133a6ba0abd84a649b179ba60eb44c08.e3iSbxaKaheRe34Sa3yKbhiTahb0n6jAmljGr5XDqQLvpAe HTTP/1.1" 200 10
66.249.73.171 - - [28/Dec/2014:06:28:05 -0500] "GET /BLA/resoluciones/RESOLUCIONES%202005/RES%202005%20851-900/00000855.tif HTTP/1.1" 304 -
181.54.84.12 - - [28/Dec/2014:06:28:07 -0500] "POST /forms/lservlet;jsessionid=ac16012b30d5133a6ba0abd84a649b179ba60eb44c08.e3iSbxaKaheRe34Sa3yKbhiTahb0n6jAmljGr5XDqQLvpAe HTTP/1.1" 200 24
181.54.84.12 - - [28/Dec/2014:06:28:07 -0500] "POST /forms/lservlet;jsessionid=ac16012b30d5133a6ba0abd84a649b179ba60eb44c08.e3iSbxaKaheRe34Sa3yKbhiTahb0n6jAmljGr5XDqQLvpAe HTTP/1.1" 200 14
181.54.84.12 - - [28/Dec/2014:06:28:08 -0500] "POST /forms/lservlet;jsessionid=ac16012b30d5133a6ba0abd84a649b179ba60eb44c08.e3iSbxaKaheRe34Sa3yKbhiTahb0n6jAmljGr5XDqQLvpAe HTTP/1.1" 200 14
181.54.84.12 - - [28/Dec/2014:06:28:10 -0500] "POST /forms/lservlet;jsessionid=ac16012b30d5133a6ba0abd84a649b179ba60eb44c08.e3iSbxaKaheRe34Sa3yKbhiTahb0n6jAmljGr5XDqQLvpAe HTTP/1.1" 200 14
181.54.84.12 - - [28/Dec/2014:06:28:11 -0500] "POST /forms/lservlet;jsessionid=ac16012b30d5133a6ba0abd84a649b179ba60eb44c08.e3iSbxaKaheRe34Sa3yKbhiTahb0n6jAmljGr5XDqQLvpAe HTTP/1.1" 200 4246
181.54.84.12 - - [28/Dec/2014:06:28:11 -0500] "POST /forms/lservlet;jsessionid=ac16012b30d5133a6ba0abd84a649b179ba60eb44c08.e3iSbxaKaheRe34Sa3yKbhiTahb0n6jAmljGr5XDqQLvpAe HTTP/1.1" 200 2
188.165.15.188 - - [28/Dec/2014:06:28:17 -0500] "GET /BLA/resoluciones/RESOLUCIONES%202003/RES%202003%201501-1550/20031543.tif HTTP/1.1" 200 107520
66.249.73.163 - - [28/Dec/2014:06:28:20 -0500] "GET /BLA/resoluciones/AUTOS%202011/2994.pdf HTTP/1.1" 200 181407
66.249.73.155 - - [28/Dec/2014:06:28:27 -0500] "GET /BLA/resoluciones/RESOLUCIONES%202005/RES%202005%20851-900/00000867.tif HTTP/1.1" 304 -
181.54.84.12 - - [28/Dec/2014:06:28:29 -0500] "POST /forms/lservlet;jsessionid=ac16012b30d5133a6ba0abd84a649b179ba60eb44c08.e3iSbxaKaheRe34Sa3yKbhiTahb0n6jAmljGr5XDqQLvpAe HTTP/1.1" 200 2
181.54.84.12 - - [28/Dec/2014:06:28:29 -0500] "POST /forms/lservlet;jsessionid=ac16012b30d5133a6ba0abd84a649b179ba60eb44c08.e3iSbxaKaheRe34Sa3yKbhiTahb0n6jAmljGr5XDqQLvpAe HTTP/1.1" 200 2365
181.54.84.12 - - [28/Dec/2014:06:28:29 -0500] "POST /forms/lservlet;jsessionid=ac16012b30d5133a6ba0abd84a649b179ba60eb44c08.e3iSbxaKaheRe34Sa3yKbhiTahb0n6jAmljGr5XDqQLvpAe HTTP/1.1" 200 10
181.54.84.12 - - [28/Dec/2014:06:28:30 -0500] "POST /forms/lservlet;jsessionid=ac16012b30d5133a6ba0abd84a649b179ba60eb44c08.e3iSbxaKaheRe34Sa3yKbhiTahb0n6jAmljGr5XDqQLvpAe HTTP/1.1" 200 24
181.54.84.12 - - [28/Dec/2014:06:28:30 -0500] "POST /forms/lservlet;jsessionid=ac16012b30d5133a6ba0abd84a649b179ba60eb44c08.e3iSbxaKaheRe34Sa3yKbhiTahb0n6jAmljGr5XDqQLvpAe HTTP/1.1" 200 4007
181.54.84.12 - - [28/Dec/2014:06:28:31 -0500] "POST /forms/lservlet;jsessionid=ac16012b30d5133a6ba0abd84a649b179ba60eb44c08.e3iSbxaKaheRe34Sa3yKbhiTahb0n6jAmljGr5XDqQLvpAe HTTP/1.1" 200 2
181.54.84.12 - - [28/Dec/2014:06:28:46 -0500] "POST /forms/lservlet;jsessionid=ac16012b30d5133a6ba0abd84a649b179ba60eb44c08.e3iSbxaKaheRe34Sa3yKbhiTahb0n6jAmljGr5XDqQLvpAe HTTP/1.1" 200 2
181.54.84.12 - - [28/Dec/2014:06:28:46 -0500] "POST /forms/lservlet;jsessionid=ac16012b30d5133a6ba0abd84a649b179ba60eb44c08.e3iSbxaKaheRe34Sa3yKbhiTahb0n6jAmljGr5XDqQLvpAe HTTP/1.1" 200 2362
181.54.84.12 - - [28/Dec/2014:06:28:46 -0500] "POST /forms/lservlet;jsessionid=ac16012b30d5133a6ba0abd84a649b179ba60eb44c08.e3iSbxaKaheRe34Sa3yKbhiTahb0n6jAmljGr5XDqQLvpAe HTTP/1.1" 200 10
181.54.84.12 - - [28/Dec/2014:06:28:48 -0500] "POST /forms/lservlet;jsessionid=ac16012b30d5133a6ba0abd84a649b179ba60eb44c08.e3iSbxaKaheRe34Sa3yKbhiTahb0n6jAmljGr5XDqQLvpAe HTTP/1.1" 200 24
181.54.84.12 - - [28/Dec/2014:06:28:48 -0500] "POST /forms/lservlet;jsessionid=ac16012b30d5133a6ba0abd84a649b179ba60eb44c08.e3iSbxaKaheRe34Sa3yKbhiTahb0n6jAmljGr5XDqQLvpAe HTTP/1.1" 200 3877
181.54.84.12 - - [28/Dec/2014:06:28:48 -0500] "POST /forms/lservlet;jsessionid=ac16012b30d5133a6ba0abd84a649b179ba60eb44c08.e3iSbxaKaheRe34Sa3yKbhiTahb0n6jAmljGr5XDqQLvpAe HTTP/1.1" 200 2
66.249.73.171 - - [28/Dec/2014:06:28:50 -0500] "GET /BLA/resoluciones/RESOLUCIONES%202005/RES%202005%20851-900/00000853.tif HTTP/1.1" 304 -
181.54.84.12 - - [28/Dec/2014:06:28:51 -0500] "POST /forms/lservlet;jsessionid=ac16012b30d5133a6ba0abd84a649b179ba60eb44c08.e3iSbxaKaheRe34Sa3yKbhiTahb0n6jAmljGr5XDqQLvpAe HTTP/1.1" 200 113
181.54.84.12 - - [28/Dec/2014:06:29:05 -0500] "POST /forms/lservlet;jsessionid=ac16012b30d5133a6ba0abd84a649b179ba60eb44c08.e3iSbxaKaheRe34Sa3yKbhiTahb0n6jAmljGr5XDqQLvpAe HTTP/1.1" 200 66
188.165.15.26 - - [28/Dec/2014:06:29:10 -0500] "GET /BLA/resoluciones/RESOLUCIONES%202004/RES%202004%20601-650/00000616.tif HTTP/1.1" 200 186750
66.249.73.171 - - [28/Dec/2014:06:29:12 -0500] "GET /BLA/resoluciones/RESOLUCIONES%202005/RES%202005%20851-900/00000893.tif HTTP/1.1" 304 -
66.249.73.155 - - [28/Dec/2014:06:29:13 -0500] "GET /BLA/resoluciones/RESOLUCIONES%202003/RES%202003%201201-1250/2003RES1234.tif HTTP/1.1" 200 221268
66.249.73.163 - - [28/Dec/2014:06:29:16 -0500] "GET /BLA/resoluciones/RESOLUCIONES%202011/0818.pdf HTTP/1.1" 200 643574
188.165.15.78 - - [28/Dec/2014:06:29:17 -0500] "GET /BLA/resoluciones/index.php?dir=RESOLUCIONES%202002/RES%202002%20151-200/&sort=name&order=asc HTTP/1.1" 200 12329
181.54.84.12 - - [28/Dec/2014:06:29:34 -0500] "POST /forms/lservlet;jsessionid=ac16012b30d5133a6ba0abd84a649b179ba60eb44c08.e3iSbxaKaheRe34Sa3yKbhiTahb0n6jAmljGr5XDqQLvpAe HTTP/1.1" 200 2
66.249.73.171 - - [28/Dec/2014:06:29:35 -0500] "GET /BLA/resoluciones/RESOLUCIONES%202005/RES%202005%20851-900/00000891.tif HTTP/1.1" 304 -
188.165.15.26 - - [28/Dec/2014:06:29:36 -0500] "GET /BLA/resoluciones/RESOLUCIONES%202005/RES%202005%20801-850/00000820.tif HTTP/1.1" 200 144642
66.249.73.163 - - [28/Dec/2014:06:29:57 -0500] "GET /BLA/resoluciones/RESOLUCIONES%202005/RES%202005%20851-900/00000873.tif HTTP/1.1" 304 -
66.249.73.171 - - [28/Dec/2014:06:30:20 -0500] "GET /BLA/resoluciones/RESOLUCIONES%202002/RES%202002%20251-300/00000276.tif HTTP/1.1" 304 -
74.86.158.107 - - [28/Dec/2014:06:30:37 -0500] "HEAD / HTTP/1.1" 302 -
66.249.73.171 - - [28/Dec/2014:06:30:42 -0500] "GET /BLA/resoluciones/RESOLUCIONES%202002/RES%202002%20251-300/00000275.tif HTTP/1.1" 304 -
188.165.15.130 - - [28/Dec/2014:06:30:53 -0500] "GET /BLA/resoluciones/index.php?dir=AUTOS+2006%2FAUTOS+2006+1401+-+1500%2F HTTP/1.1" 200 13545
66.249.73.171 - - [28/Dec/2014:06:31:05 -0500] "GET /BLA/resoluciones/RESOLUCIONES%202002/RES%202002%20251-300/00000268.tif HTTP/1.1" 304 -
181.54.84.12 - - [28/Dec/2014:06:31:27 -0500] "POST /forms/lservlet;jsessionid=ac16012b30d5133a6ba0abd84a649b179ba60eb44c08.e3iSbxaKaheRe34Sa3yKbhiTahb0n6jAmljGr5XDqQLvpAe HTTP/1.1" 200 96
66.249.73.155 - - [28/Dec/2014:06:31:27 -0500] "GET /BLA/resoluciones/RESOLUCIONES%202005/RES%202005%202551-2600/00002600.tif HTTP/1.1" 304 -
66.249.73.171 - - [28/Dec/2014:06:31:30 -0500] "GET /BLA/resoluciones/RESOLUCIONES%202009/6363.pdf HTTP/1.1" 200 496123
181.54.84.12 - - [28/Dec/2014:06:31:34 -0500] "POST /forms/lservlet;jsessionid=ac16012b30d5133a6ba0abd84a649b179ba60eb44c08.e3iSbxaKaheRe34Sa3yKbhiTahb0n6jAmljGr5XDqQLvpAe HTTP/1.1" 200 2
66.249.73.163 - - [28/Dec/2014:06:31:50 -0500] "GET /BLA/resoluciones/RESOLUCIONES%202002/RES%202002%20251-300/00000251.tif HTTP/1.1" 304 -
180.76.5.145 - - [28/Dec/2014:06:32:04 -0500] "GET /Autoliquidacion/Grupo%20Forestal%20-%20Silvicultura/Formato%20de%20revision%20de%20documentacion%20-%20Tramite%20facil.xls HTTP/1.1" 200 1682944
66.249.73.171 - - [28/Dec/2014:06:32:13 -0500] "GET /BLA/resoluciones/RESOLUCIONES%202002/RES%202002%20251-300/00000266.tif HTTP/1.1" 304 -
66.249.73.163 - - [28/Dec/2014:06:32:35 -0500] "GET /BLA/resoluciones/RESOLUCIONES%202002/RES%202002%20251-300/00000286.tif HTTP/1.1" 304 -
66.249.73.163 - - [28/Dec/2014:06:32:44 -0500] "GET /BLA/resoluciones/RESOLUCIONES%202003/RES%202003%201201-1250/2003RES1208.tif HTTP/1.1" 200 2103320
66.249.73.171 - - [28/Dec/2014:06:32:49 -0500] "GET /BLA/resoluciones/RESOLUCIONES%202002/RES%202002%201001-1050/2002RES1037.tif HTTP/1.1" 200 88758
66.249.73.155 - - [28/Dec/2014:06:32:58 -0500] "GET /BLA/resoluciones/RESOLUCIONES%202005/RES%202005%20851-900/00000871.tif HTTP/1.1" 304 -
66.249.73.171 - - [28/Dec/2014:06:33:20 -0500] "GET /BLA/resoluciones/RESOLUCIONES%202005/RES%202005%20851-900/00000887.tif HTTP/1.1" 304 -
181.54.84.12 - - [28/Dec/2014:06:33:35 -0500] "POST /forms/lservlet;jsessionid=ac16012b30d5133a6ba0abd84a649b179ba60eb44c08.e3iSbxaKaheRe34Sa3yKbhiTahb0n6jAmljGr5XDqQLvpAe HTTP/1.1" 200 2
186.80.30.21 - - [28/Dec/2014:06:33:37 -0500] "GET /BLA/boletinlegal/js/jquery.js HTTP/1.1" 200 57254
186.80.30.21 - - [28/Dec/2014:06:33:37 -0500] "GET /BLA/boletinlegal/js/jquery.scrollTo-min.js HTTP/1.1" 200 1150
186.80.30.21 - - [28/Dec/2014:06:33:38 -0500] "GET /BLA/boletinlegal/js/jquery.scrollShow.js HTTP/1.1" 200 4586
66.249.73.171 - - [28/Dec/2014:06:33:43 -0500] "GET /BLA/resoluciones/RESOLUCIONES%202005/RES%202005%20851-900/00000857.tif HTTP/1.1" 304 -
66.249.73.163 - - [28/Dec/2014:06:34:05 -0500] "GET /BLA/resoluciones/RESOLUCIONES%202005/RES%202005%20851-900/00000899.tif HTTP/1.1" 304 -
66.249.73.171 - - [28/Dec/2014:06:34:28 -0500] "GET /BLA/resoluciones/RESOLUCIONES%202005/RES%202005%20851-900/00000861.tif HTTP/1.1" 304 -
66.249.73.163 - - [28/Dec/2014:06:34:39 -0500] "GET /BLA/resoluciones/RESOLUCIONES%202007/RES%202007%202601%20AL%202700/RESOLUCION%202694%20DE%202007.pdf HTTP/1.1" 200 214511
66.249.73.171 - - [28/Dec/2014:06:34:50 -0500] "GET /BLA/resoluciones/RESOLUCIONES%202005/RES%202005%20851-900/00000884.tif HTTP/1.1" 304 -
66.249.73.163 - - [28/Dec/2014:06:35:13 -0500] "GET /BLA/resoluciones/RESOLUCIONES%202005/RES%202005%20851-900/00000852.tif HTTP/1.1" 304 -
66.249.73.171 - - [28/Dec/2014:06:35:35 -0500] "GET /BLA/resoluciones/RESOLUCIONES%202005/RES%202005%20851-900/00000886.tif HTTP/1.1" 304 -
74.86.158.107 - - [28/Dec/2014:06:35:37 -0500] "HEAD / HTTP/1.1" 302 -
181.54.84.12 - - [28/Dec/2014:06:35:39 -0500] "POST /forms/lservlet;jsessionid=ac16012b30d5133a6ba0abd84a649b179ba60eb44c08.e3iSbxaKaheRe34Sa3yKbhiTahb0n6jAmljGr5XDqQLvpAe HTTP/1.1" 200 2
66.249.73.171 - - [28/Dec/2014:06:35:58 -0500] "GET /BLA/resoluciones/RESOLUCIONES%202005/RES%202005%20851-900/00000859.tif HTTP/1.1" 304 -
180.76.5.149 - - [28/Dec/2014:06:36:19 -0500] "GET /BLA/resoluciones/AUTOS%202007/0430.pdf HTTP/1.1" 200 18823
66.249.73.155 - - [28/Dec/2014:06:36:20 -0500] "GET /BLA/resoluciones/RESOLUCIONES%202005/RES%202005%20851-900/00000870.tif HTTP/1.1" 304 -
66.249.73.155 - - [28/Dec/2014:06:36:43 -0500] "GET /BLA/resoluciones/RESOLUCIONES%202004/RES%202004%201001-1050/00001020.tif HTTP/1.1" 304 -
180.76.5.154 - - [28/Dec/2014:06:36:56 -0500] "GET /BLA/boletinlegal;jsessionid=AEF1E47D1122FAD844854D4F15925BFE?/? HTTP/1.1" 404 1018
66.249.73.171 - - [28/Dec/2014:06:37:05 -0500] "GET /BLA/resoluciones/RESOLUCIONES%202002/RES%202002%20251-300/00000292.tif HTTP/1.1" 304 -
66.249.73.155 - - [28/Dec/2014:06:37:28 -0500] "GET /BLA/resoluciones/RESOLUCIONES%202005/RES%202005%20851-900/00000876.tif HTTP/1.1" 304 -
190.145.92.18 - - [28/Dec/2014:06:37:34 -0500] "GET /videos/galeria-fotografica/index2.html? HTTP/1.1" 200 1971
190.145.92.18 - - [28/Dec/2014:06:37:34 -0500] "GET /videos/galeria-fotografica/js/jquery-flickr-gallery/jquery-flickr-gallery.js HTTP/1.1" 200 9050
190.145.92.18 - - [28/Dec/2014:06:37:34 -0500] "GET /videos/galeria-fotografica/js/jquery-flickr-gallery/jquery-flickr.css HTTP/1.1" 200 711
181.54.84.12 - - [28/Dec/2014:06:37:39 -0500] "POST /forms/lservlet;jsessionid=ac16012b30d5133a6ba0abd84a649b179ba60eb44c08.e3iSbxaKaheRe34Sa3yKbhiTahb0n6jAmljGr5XDqQLvpAe HTTP/1.1" 200 2
190.145.92.18 - - [28/Dec/2014:06:37:47 -0500] "GET /videos/galeria-cronicas/3wnplaylist.htm? HTTP/1.1" 200 4170
66.249.73.155 - - [28/Dec/2014:06:37:49 -0500] "GET /BLA/resoluciones/AUTOS%202014/1112.pdf HTTP/1.1" 200 480040
66.249.73.163 - - [28/Dec/2014:06:37:50 -0500] "GET /BLA/resoluciones/RESOLUCIONES%202005/RES%202005%20851-900/00000866.tif HTTP/1.1" 304 -
180.76.5.21 - - [28/Dec/2014:06:38:11 -0500] "GET /BLA/resoluciones/RESOLUCIONES%202007/RES%202007%203301%20AL%203400/RESOLUCION%203363%20DE%202007.pdf HTTP/1.1" 200 1230937
66.249.73.171 - - [28/Dec/2014:06:38:13 -0500] "GET /BLA/resoluciones/RESOLUCIONES%202005/RES%202005%20851-900/00000881.tif HTTP/1.1" 304 -
66.249.73.163 - - [28/Dec/2014:06:38:35 -0500] "GET /BLA/resoluciones/RESOLUCIONES%202005/RES%202005%20851-900/00000900.tif HTTP/1.1" 304 -
180.76.5.76 - - [28/Dec/2014:06:38:48 -0500] "GET /BLA/boletinlegal;jsessionid=096D8A1661EA748ACB1C3020916F6DE9?/? HTTP/1.1" 404 1018
66.249.73.171 - - [28/Dec/2014:06:38:58 -0500] "GET /BLA/resoluciones/RESOLUCIONES%202005/RES%202005%20851-900/00000869.tif HTTP/1.1" 304 -
66.249.73.163 - - [28/Dec/2014:06:39:20 -0500] "GET /BLA/resoluciones/RESOLUCIONES%202005/RES%202005%20851-900/00000872.tif HTTP/1.1" 304 -
180.76.5.146 - - [28/Dec/2014:06:39:26 -0500] "GET /BLA/resoluciones/RESOLUCIONES%202011/5860.pdf HTTP/1.1" 200 317458
181.54.84.12 - - [28/Dec/2014:06:39:42 -0500] "POST /forms/lservlet;jsessionid=ac16012b30d5133a6ba0abd84a649b179ba60eb44c08.e3iSbxaKaheRe34Sa3yKbhiTahb0n6jAmljGr5XDqQLvpAe HTTP/1.1" 200 2
66.249.73.155 - - [28/Dec/2014:06:39:43 -0500] "GET /BLA/resoluciones/RESOLUCIONES%202005/RES%202005%20851-900/00000875.tif HTTP/1.1" 304 -
66.249.73.163 - - [28/Dec/2014:06:39:57 -0500] "GET /BLA/resoluciones/RESOLUCIONES%202007/RES%202007%20401%20AL%20500/RESOLUCION%200411%20DE%202007.pdf HTTP/1.1" 200 1268220
66.249.73.163 - - [28/Dec/2014:06:40:06 -0500] "GET /BLA/resoluciones/RESOLUCIONES%202005/RES%202005%20851-900/00000868.tif HTTP/1.1" 304 -
66.249.73.155 - - [28/Dec/2014:06:40:20 -0500] "GET /BLA/resoluciones/RESOLUCIONES%202005/RES%202005%20601-650/00000642.tif HTTP/1.1" 200 228574
66.249.73.163 - - [28/Dec/2014:06:40:28 -0500] "GET /BLA/resoluciones/RESOLUCIONES%202005/RES%202005%20851-900/00000883.tif HTTP/1.1" 304 -
74.86.158.107 - - [28/Dec/2014:06:40:37 -0500] "HEAD / HTTP/1.1" 302 -
66.249.73.171 - - [28/Dec/2014:06:40:51 -0500] "GET /BLA/resoluciones/RESOLUCIONES%202005/RES%202005%20851-900/00000888.tif HTTP/1.1" 304 -
66.249.73.155 - - [28/Dec/2014:06:40:58 -0500] "GET /BLA/resoluciones/AUTOS%202014/3587.pdf HTTP/1.1" 200 300843
66.249.73.155 - - [28/Dec/2014:06:41:13 -0500] "GET /BLA/resoluciones/RESOLUCIONES%202005/RES%202005%20851-900/00000890.tif HTTP/1.1" 304 -
66.249.73.155 - - [28/Dec/2014:06:41:36 -0500] "GET /BLA/resoluciones/RESOLUCIONES%202005/RES%202005%20851-900/00000879.tif HTTP/1.1" 304 -
181.54.84.12 - - [28/Dec/2014:06:41:42 -0500] "POST /forms/lservlet;jsessionid=ac16012b30d5133a6ba0abd84a649b179ba60eb44c08.e3iSbxaKaheRe34Sa3yKbhiTahb0n6jAmljGr5XDqQLvpAe HTTP/1.1" 200 2
181.54.84.12 - - [28/Dec/2014:06:41:47 -0500] "POST /forms/lservlet;jsessionid=ac16012b30d5133a6ba0abd84a649b179ba60eb44c08.e3iSbxaKaheRe34Sa3yKbhiTahb0n6jAmljGr5XDqQLvpAe HTTP/1.1" 200 183
181.54.84.12 - - [28/Dec/2014:06:41:47 -0500] "GET /imagenes/listval.gif HTTP/1.1" 200 905
181.54.84.12 - - [28/Dec/2014:06:41:47 -0500] "POST /forms/lservlet;jsessionid=ac16012b30d5133a6ba0abd84a649b179ba60eb44c08.e3iSbxaKaheRe34Sa3yKbhiTahb0n6jAmljGr5XDqQLvpAe HTTP/1.1" 200 7
181.54.84.12 - - [28/Dec/2014:06:41:53 -0500] "POST /forms/lservlet;jsessionid=ac16012b30d5133a6ba0abd84a649b179ba60eb44c08.e3iSbxaKaheRe34Sa3yKbhiTahb0n6jAmljGr5XDqQLvpAe HTTP/1.1" 200 111
181.54.84.12 - - [28/Dec/2014:06:41:53 -0500] "POST /forms/lservlet;jsessionid=ac16012b30d5133a6ba0abd84a649b179ba60eb44c08.e3iSbxaKaheRe34Sa3yKbhiTahb0n6jAmljGr5XDqQLvpAe HTTP/1.1" 200 2
181.54.84.12 - - [28/Dec/2014:06:41:54 -0500] "POST /forms/lservlet;jsessionid=ac16012b30d5133a6ba0abd84a649b179ba60eb44c08.e3iSbxaKaheRe34Sa3yKbhiTahb0n6jAmljGr5XDqQLvpAe HTTP/1.1" 200 120
181.54.84.12 - - [28/Dec/2014:06:41:54 -0500] "POST /forms/lservlet;jsessionid=ac16012b30d5133a6ba0abd84a649b179ba60eb44c08.e3iSbxaKaheRe34Sa3yKbhiTahb0n6jAmljGr5XDqQLvpAe HTTP/1.1" 200 7
181.54.84.12 - - [28/Dec/2014:06:41:55 -0500] "POST /forms/lservlet;jsessionid=ac16012b30d5133a6ba0abd84a649b179ba60eb44c08.e3iSbxaKaheRe34Sa3yKbhiTahb0n6jAmljGr5XDqQLvpAe HTTP/1.1" 200 177
181.54.84.12 - - [28/Dec/2014:06:41:55 -0500] "GET /imagenes/listval.gif HTTP/1.1" 200 905
181.54.84.12 - - [28/Dec/2014:06:41:55 -0500] "POST /forms/lservlet;jsessionid=ac16012b30d5133a6ba0abd84a649b179ba60eb44c08.e3iSbxaKaheRe34Sa3yKbhiTahb0n6jAmljGr5XDqQLvpAe HTTP/1.1" 200 11
181.54.84.12 - - [28/Dec/2014:06:41:58 -0500] "POST /forms/lservlet;jsessionid=ac16012b30d5133a6ba0abd84a649b179ba60eb44c08.e3iSbxaKaheRe34Sa3yKbhiTahb0n6jAmljGr5XDqQLvpAe HTTP/1.1" 200 165
181.54.84.12 - - [28/Dec/2014:06:41:58 -0500] "POST /forms/lservlet;jsessionid=ac16012b30d5133a6ba0abd84a649b179ba60eb44c08.e3iSbxaKaheRe34Sa3yKbhiTahb0n6jAmljGr5XDqQLvpAe HTTP/1.1" 200 7
66.249.73.171 - - [28/Dec/2014:06:41:58 -0500] "GET /BLA/resoluciones/RESOLUCIONES%202005/RES%202005%20851-900/00000895.tif HTTP/1.1" 304 -
181.54.84.12 - - [28/Dec/2014:06:41:59 -0500] "POST /forms/lservlet;jsessionid=ac16012b30d5133a6ba0abd84a649b179ba60eb44c08.e3iSbxaKaheRe34Sa3yKbhiTahb0n6jAmljGr5XDqQLvpAe HTTP/1.1" 200 7
181.54.84.12 - - [28/Dec/2014:06:42:00 -0500] "POST /forms/lservlet;jsessionid=ac16012b30d5133a6ba0abd84a649b179ba60eb44c08.e3iSbxaKaheRe34Sa3yKbhiTahb0n6jAmljGr5XDqQLvpAe HTTP/1.1" 200 193
66.249.73.155 - - [28/Dec/2014:06:42:21 -0500] "GET /BLA/resoluciones/RESOLUCIONES%202005/RES%202005%20851-900/00000854.tif HTTP/1.1" 304 -
66.249.73.171 - - [28/Dec/2014:06:42:43 -0500] "GET /BLA/resoluciones/RESOLUCIONES%202005/RES%202005%20851-900/00000889.tif HTTP/1.1" 304 -
66.249.73.171 - - [28/Dec/2014:06:42:58 -0500] "GET /BLA/resoluciones/RESOLUCIONES%202005/RES%202005%20%201601-1650/00001601.tif HTTP/1.1" 200 197986
66.249.73.163 - - [28/Dec/2014:06:42:59 -0500] "GET /BLA/resoluciones/RESOLUCIONES%202006/RES%202006%20%202901-2950/00002906.tif HTTP/1.1" 200 57704
66.249.73.163 - - [28/Dec/2014:06:43:06 -0500] "GET /BLA/resoluciones/RESOLUCIONES%202005/RES%202005%20851-900/00000874.tif HTTP/1.1" 304 -
66.249.73.163 - - [28/Dec/2014:06:43:28 -0500] "GET /BLA/resoluciones/RESOLUCIONES%202005/RES%202005%20851-900/00000860.tif HTTP/1.1" 304 -
181.54.84.12 - - [28/Dec/2014:06:43:42 -0500] "POST /forms/lservlet;jsessionid=ac16012b30d5133a6ba0abd84a649b179ba60eb44c08.e3iSbxaKaheRe34Sa3yKbhiTahb0n6jAmljGr5XDqQLvpAe HTTP/1.1" 200 2
66.249.73.171 - - [28/Dec/2014:06:43:51 -0500] "GET /BLA/resoluciones/RESOLUCIONES%202005/RES%202005%20851-900/00000885.tif HTTP/1.1" 304 -
66.249.73.163 - - [28/Dec/2014:06:44:08 -0500] "GET /BLA/resoluciones/AUTOS%202009/3532.pdf HTTP/1.1" 200 206742
66.249.73.155 - - [28/Dec/2014:06:44:13 -0500] "GET /BLA/resoluciones/RESOLUCIONES%202005/RES%202005%202551-2600/00002578.tif HTTP/1.1" 304 -
66.249.73.171 - - [28/Dec/2014:06:44:36 -0500] "GET /BLA/resoluciones/RESOLUCIONES%202006/RES%202006%201351-1400/00001357.tif HTTP/1.1" 304 -
66.249.73.171 - - [28/Dec/2014:06:44:58 -0500] "GET /BLA/resoluciones/RESOLUCIONES%202005/RES%202005%20851-900/00000851.tif HTTP/1.1" 304 -
66.249.73.171 - - [28/Dec/2014:06:45:21 -0500] "GET /BLA/resoluciones/RESOLUCIONES%202005/RES%202005%20851-900/00000862.tif HTTP/1.1" 304 -
74.86.158.107 - - [28/Dec/2014:06:45:37 -0500] "HEAD / HTTP/1.1" 302 -
181.54.84.12 - - [28/Dec/2014:06:45:43 -0500] "POST /forms/lservlet;jsessionid=ac16012b30d5133a6ba0abd84a649b179ba60eb44c08.e3iSbxaKaheRe34Sa3yKbhiTahb0n6jAmljGr5XDqQLvpAe HTTP/1.1" 200 2
66.249.73.171 - - [28/Dec/2014:06:45:43 -0500] "GET /BLA/resoluciones/RESOLUCIONES%202005/RES%202005%20851-900/00000877.tif HTTP/1.1" 304 -
66.249.73.163 - - [28/Dec/2014:06:46:00 -0500] "GET /robots.txt HTTP/1.1" 404 1018
66.249.73.155 - - [28/Dec/2014:06:46:00 -0500] "GET /BLA/resoluciones/AUTOS%202006/AUTOS%202006%20701-800/INDEX.DAT HTTP/1.1" 200 4000
188.165.15.10 - - [28/Dec/2014:06:46:01 -0500] "GET /BLA/resoluciones/RESOLUCIONES%202005/RES%202005%201451-1500/00001476.tif HTTP/1.1" 200 199350
66.249.73.163 - - [28/Dec/2014:06:46:06 -0500] "GET /BLA/resoluciones/RESOLUCIONES%202005/RES%202005%20851-900/00000896.tif HTTP/1.1" 304 -
66.249.73.171 - - [28/Dec/2014:06:46:18 -0500] "GET /BLA/resoluciones/RESOLUCIONES%202003/RES%202003%20151-200/2003RES181.tif HTTP/1.1" 304 -
66.249.73.171 - - [28/Dec/2014:06:46:28 -0500] "GET /BLA/resoluciones/RESOLUCIONES%202005/RES%202005%20851-900/00000865.tif HTTP/1.1" 304 -
66.249.73.163 - - [28/Dec/2014:06:46:51 -0500] "GET /BLA/resoluciones/RESOLUCIONES%202005/RES%202005%20851-900/00000897.tif HTTP/1.1" 304 -
66.249.73.163 - - [28/Dec/2014:06:47:13 -0500] "GET /BLA/resoluciones/RESOLUCIONES%202005/RES%202005%20851-900/00000894.tif HTTP/1.1" 304 -
188.165.15.10 - - [28/Dec/2014:06:47:15 -0500] "GET /BLA/resoluciones/RESOLUCIONES%202002/RES%202002%201551-1600/20021564.tif HTTP/1.1" 200 125260
66.249.73.163 - - [28/Dec/2014:06:47:17 -0500] "GET /resoluciones/RESOLUCIONES%202007/RES%202007%20801%20AL%20900/RESOLUCION%200807%20DE%202007.pdf HTTP/1.1" 404 1018
66.249.73.171 - - [28/Dec/2014:06:47:36 -0500] "GET /BLA/resoluciones/RESOLUCIONES%202005/RES%202005%20851-900/00000878.tif HTTP/1.1" 304 -
66.249.73.171 - - [28/Dec/2014:06:47:36 -0500] "GET /BLA/resoluciones/RESOLUCIONES%202002/RES%202002%201001-1050/2002RES1049.tif HTTP/1.1" 200 87576
188.165.15.130 - - [28/Dec/2014:06:47:40 -0500] "GET /BLA/resoluciones/RESOLUCIONES%202005/RES%202005%20651-700/00000684.tif HTTP/1.1" 200 171340
181.54.84.12 - - [28/Dec/2014:06:47:43 -0500] "POST /forms/lservlet;jsessionid=ac16012b30d5133a6ba0abd84a649b179ba60eb44c08.e3iSbxaKaheRe34Sa3yKbhiTahb0n6jAmljGr5XDqQLvpAe HTTP/1.1" 200 2
188.165.15.37 - - [28/Dec/2014:06:47:54 -0500] "GET /BLA/resoluciones/RESOLUCIONES%202003/RES%202003%20101-150/2003RES107.tif HTTP/1.1" 200 137252
66.249.73.155 - - [28/Dec/2014:06:47:58 -0500] "GET /BLA/resoluciones/RESOLUCIONES%202005/RES%202005%20851-900/00000864.tif HTTP/1.1" 304 -
66.249.73.163 - - [28/Dec/2014:06:48:21 -0500] "GET /BLA/resoluciones/RESOLUCIONES%202002/RES%202002%20251-300/00000263.tif HTTP/1.1" 304 -
66.249.73.163 - - [28/Dec/2014:06:48:44 -0500] "GET /BLA/resoluciones/RESOLUCIONES%202005/RES%202005%20851-900/00000898.tif HTTP/1.1" 304 -
190.104.128.106 - - [28/Dec/2014:06:48:52 -0500] "GET /BLA/boletinlegal/js/jquery.scrollTo-min.js HTTP/1.1" 200 1150
190.104.128.106 - - [28/Dec/2014:06:48:52 -0500] "GET /BLA/boletinlegal/js/jquery.js HTTP/1.1" 200 57254
190.104.128.106 - - [28/Dec/2014:06:48:53 -0500] "GET /BLA/boletinlegal/js/jquery.scrollShow.js HTTP/1.1" 200 4586
66.249.73.171 - - [28/Dec/2014:06:49:06 -0500] "GET /BLA/resoluciones/RESOLUCIONES%202005/RES%202005%20851-900/00000858.tif HTTP/1.1" 304 -
66.249.73.163 - - [28/Dec/2014:06:49:29 -0500] "GET /BLA/resoluciones/RESOLUCIONES%202005/RES%202005%20851-900/00000856.tif HTTP/1.1" 304 -
181.54.84.12 - - [28/Dec/2014:06:49:43 -0500] "POST /forms/lservlet;jsessionid=ac16012b30d5133a6ba0abd84a649b179ba60eb44c08.e3iSbxaKaheRe34Sa3yKbhiTahb0n6jAmljGr5XDqQLvpAe HTTP/1.1" 200 2
66.249.73.171 - - [28/Dec/2014:06:49:51 -0500] "GET /BLA/resoluciones/RESOLUCIONES%202002/RES%202002%20251-300/00000254.tif HTTP/1.1" 304 -
188.165.15.208 - - [28/Dec/2014:06:50:07 -0500] "GET /BLA/resoluciones/RESOLUCIONES%202002/RES%202002%201151-1200/20021187.tif HTTP/1.1" 200 71242
66.249.73.163 - - [28/Dec/2014:06:50:14 -0500] "GET /BLA/resoluciones/RESOLUCIONES%202005/RES%202005%20851-900/00000880.tif HTTP/1.1" 304 -
66.249.73.171 - - [28/Dec/2014:06:50:27 -0500] "GET /sig/Manual%20de%20Procesos%20y%20Procedimientos/ANEXOS/126PM02%20-%20Planeacion%20Ambiental/126PM02-PR15/ HTTP/1.1" 404 1018
66.249.73.171 - - [28/Dec/2014:06:50:36 -0500] "GET /BLA/resoluciones/RESOLUCIONES%202005/RES%202005%20851-900/00000882.tif HTTP/1.1" 304 -
74.86.158.107 - - [28/Dec/2014:06:50:37 -0500] "HEAD / HTTP/1.1" 302 -
66.249.73.155 - - [28/Dec/2014:06:50:39 -0500] "GET /BLA/resoluciones/RESOLUCIONES%202010/1447.pdf HTTP/1.1" 200 640187
66.249.73.155 - - [28/Dec/2014:06:50:59 -0500] "GET /BLA/resoluciones/RESOLUCIONES%202005/RES%202005%20851-900/00000892.tif HTTP/1.1" 304 -
188.165.15.78 - - [28/Dec/2014:06:51:04 -0500] "GET /BLA/resoluciones/RESOLUCIONES%202003/RES%202003%202151-2189/20032168.tif HTTP/1.1" 200 220554
157.55.39.156 - - [28/Dec/2014:06:51:07 -0500] "GET /dama/libreria/php/frame_detalle.php?h_id=615&patron=00.07 HTTP/1.1" 404 1015
66.249.73.163 - - [28/Dec/2014:06:51:21 -0500] "GET /BLA/resoluciones/RESOLUCIONES%202005/RES%202005%20851-900/00000863.tif HTTP/1.1" 304 -
181.54.84.12 - - [28/Dec/2014:06:51:43 -0500] "POST /forms/lservlet;jsessionid=ac16012b30d5133a6ba0abd84a649b179ba60eb44c08.e3iSbxaKaheRe34Sa3yKbhiTahb0n6jAmljGr5XDqQLvpAe HTTP/1.1" 200 2
66.249.73.163 - - [28/Dec/2014:06:51:44 -0500] "GET /BLA/resoluciones/RESOLUCIONES%202002/RES%202002%20201-250/2002RES228.tif HTTP/1.1" 304 -
66.249.73.163 - - [28/Dec/2014:06:52:06 -0500] "GET /BLA/resoluciones/RESOLUCIONES%202005/RES%202005%202551-2600/00002556.tif HTTP/1.1" 304 -
188.165.15.26 - - [28/Dec/2014:06:52:20 -0500] "GET /BLA/resoluciones/RESOLUCIONES%202005/RES%202005%20201-250/00000244.tif HTTP/1.1" 200 121292
66.249.73.155 - - [28/Dec/2014:06:52:29 -0500] "GET /BLA/resoluciones/RESOLUCIONES%202002/RES%202002%201451-1500/20021496.tif HTTP/1.1" 304 -
66.249.73.171 - - [28/Dec/2014:06:52:41 -0500] "GET /BLA/resoluciones/RESOLUCIONES%202006/RES%202006%20%202851-2900/00002870.tif HTTP/1.1" 200 38658
66.249.73.171 - - [28/Dec/2014:06:52:51 -0500] "GET /BLA/resoluciones/RESOLUCIONES%202004/RES%202004%201001-1050/00001008.tif HTTP/1.1" 304 -
65.55.210.1 - - [28/Dec/2014:06:53:00 -0500] "GET /videos/galeria-cronicas/js/Jplayer.swf HTTP/1.1" 200 13674
66.249.73.171 - - [28/Dec/2014:06:53:14 -0500] "GET /BLA/resoluciones/RESOLUCIONES%202006/RES%202006%202301-2350/00002310.tif HTTP/1.1" 304 -
66.249.73.171 - - [28/Dec/2014:06:53:36 -0500] "GET /resoluciones/RESOLUCIONES%202010/1973.pdf HTTP/1.1" 404 1018
66.249.73.155 - - [28/Dec/2014:06:53:37 -0500] "GET /BLA/resoluciones/RESOLUCIONES%202004/RES%202004%201001-1050/00001032.tif HTTP/1.1" 304 -
181.54.84.12 - - [28/Dec/2014:06:53:43 -0500] "POST /forms/lservlet;jsessionid=ac16012b30d5133a6ba0abd84a649b179ba60eb44c08.e3iSbxaKaheRe34Sa3yKbhiTahb0n6jAmljGr5XDqQLvpAe HTTP/1.1" 200 2
188.165.15.188 - - [28/Dec/2014:06:53:55 -0500] "GET /BLA/resoluciones/RESOLUCIONES%202002/RES%202002%201501-1550/20021534.tif HTTP/1.1" 200 63544
66.249.73.163 - - [28/Dec/2014:06:53:59 -0500] "GET /BLA/resoluciones/RESOLUCIONES%202006/RES%202006%201501-1550/00001534.tif HTTP/1.1" 304 -
190.25.232.143 - - [28/Dec/2014:06:53:59 -0500] "GET /StormSDA/stormWeb/presentacion.html HTTP/1.1" 304 -
66.249.73.163 - - [28/Dec/2014:06:54:21 -0500] "GET /BLA/resoluciones/RESOLUCIONES%202006/RES%202006%201501-1550/00001529.tif HTTP/1.1" 304 -
188.165.15.188 - - [28/Dec/2014:06:54:33 -0500] "GET /BLA/resoluciones/RESOLUCIONES%202002/RES%202002%201551-1600/20021559.tif HTTP/1.1" 200 132640
188.165.15.10 - - [28/Dec/2014:06:54:42 -0500] "GET /BLA/resoluciones/RESOLUCIONES%202005/RES%202005%201151-1200/00001153.tif HTTP/1.1" 200 222934
66.249.73.155 - - [28/Dec/2014:06:54:44 -0500] "GET /BLA/resoluciones/RESOLUCIONES%202004/RES%202004%201201-1250/00001233.tif HTTP/1.1" 304 -
190.25.232.143 - - [28/Dec/2014:06:54:51 -0500] "GET /galeria/nivo-slider/demo/images/banner-aceite3.jpg HTTP/1.1" 304 -
66.249.73.171 - - [28/Dec/2014:06:55:06 -0500] "GET /BLA/resoluciones/RESOLUCIONES%202004/RES%202004%201001-1050/00001038.tif HTTP/1.1" 304 -
66.249.73.171 - - [28/Dec/2014:06:55:29 -0500] "GET /BLA/resoluciones/RESOLUCIONES%202004/RES%202004%201201-1250/00001232.tif HTTP/1.1" 304 -
74.86.158.107 - - [28/Dec/2014:06:55:37 -0500] "HEAD / HTTP/1.1" 302 -
66.249.73.163 - - [28/Dec/2014:06:55:40 -0500] "GET /BLA/resoluciones/RESOLUCIONES%202003/RES%202003%201201-1250/2003RES1242.tif HTTP/1.1" 200 234184
181.54.84.12 - - [28/Dec/2014:06:55:43 -0500] "POST /forms/lservlet;jsessionid=ac16012b30d5133a6ba0abd84a649b179ba60eb44c08.e3iSbxaKaheRe34Sa3yKbhiTahb0n6jAmljGr5XDqQLvpAe HTTP/1.1" 200 2
90.17.205.158 - - [28/Dec/2014:06:55:45 -0500] "GET /webdav/x32.php?host=109.29.17.243&time=60&port=80 HTTP/1.1" 404 1018
66.249.73.171 - - [28/Dec/2014:06:55:51 -0500] "GET /BLA/resoluciones/RESOLUCIONES%202006/RES%202006%201351-1400/00001385.tif HTTP/1.1" 304 -
66.249.73.163 - - [28/Dec/2014:06:56:14 -0500] "GET /BLA/resoluciones/RESOLUCIONES%202006/RES%202006%201501-1550/00001531.tif HTTP/1.1" 304 -
66.249.73.155 - - [28/Dec/2014:06:56:37 -0500] "GET /BLA/resoluciones/RESOLUCIONES%202002/RES%202002%20251-300/00000259.tif HTTP/1.1" 304 -
66.249.73.163 - - [28/Dec/2014:06:56:46 -0500] "GET /resoluciones/RESOLUCIONES%202010/0706.pdf HTTP/1.1" 404 1018
66.249.73.171 - - [28/Dec/2014:06:56:59 -0500] "GET /BLA/resoluciones/RESOLUCIONES%202003/RES%202003%201401-1450/20031418.tif HTTP/1.1" 304 -
188.165.15.37 - - [28/Dec/2014:06:57:12 -0500] "GET /BLA/resoluciones/RESOLUCIONES%202002/RES%202002%2001-50/2002RES39.tif HTTP/1.1" 200 287380
66.249.73.155 - - [28/Dec/2014:06:57:22 -0500] "GET /BLA/resoluciones/RESOLUCIONES%202003/RES%202003%201401-1450/20031442.tif HTTP/1.1" 304 -
152.61.128.66 - - [28/Dec/2014:06:57:37 -0500] "HEAD / HTTP/1.1" 302 -
152.61.128.66 - - [28/Dec/2014:06:57:37 -0500] "GET /arcgis/services/Calidad_del_Agua_WQI/MapServer/WMSServer?request=GetCapabilities&service=WMS HTTP/1.1" 200 32135
152.61.128.66 - - [28/Dec/2014:06:57:38 -0500] "GET /arcgis/services/Calidad_del_Agua_WQI/MapServer/WMSServer?request=GetCapabilities&service=WMS HTTP/1.0" 200 32135
152.61.128.66 - - [28/Dec/2014:06:57:39 -0500] "GET /arcgis/services/Calidad_del_Agua_WQI/MapServer/WMSServer?request=GetCapabilities&service=WMS HTTP/1.0" 200 32135
180.76.5.197 - - [28/Dec/2014:06:57:41 -0500] "GET /BLA/resoluciones/Autos%202008/1414.pdf HTTP/1.1" 200 138445
152.61.128.66 - - [28/Dec/2014:06:57:40 -0500] "GET /arcgis/services/Calidad_del_Agua_WQI/MapServer/WMSServer?request=GetCapabilities&service=WMS HTTP/1.0" 200 32135
152.61.128.66 - - [28/Dec/2014:06:57:41 -0500] "GET /arcgis/services/Calidad_del_Agua_WQI/MapServer/WMSServer?VERSION=1.1.1&REQUEST=GetMap&LAYERS=0&SRS=EPSG:4326&BBOX=-74.473395,3.674381,-73.963300,4.920569&WIDTH=250&HEIGHT=250&FORMAT=image/bmp&STYLES=& HTTP/1.1" 200 188054
181.54.84.12 - - [28/Dec/2014:06:57:43 -0500] "POST /forms/lservlet;jsessionid=ac16012b30d5133a6ba0abd84a649b179ba60eb44c08.e3iSbxaKaheRe34Sa3yKbhiTahb0n6jAmljGr5XDqQLvpAe HTTP/1.1" 200 2
66.249.73.163 - - [28/Dec/2014:06:57:44 -0500] "GET /BLA/resoluciones/RESOLUCIONES%202002/RES%202002%20201-250/2002RES248.tif HTTP/1.1" 304 -
188.165.15.85 - - [28/Dec/2014:06:57:53 -0500] "GET /BLA/resoluciones/index.php?dir=Notificaciones/REGISTROS%202014/&sort=name&order=asc HTTP/1.1" 200 7200
152.61.128.66 - - [28/Dec/2014:06:57:58 -0500] "HEAD / HTTP/1.1" 302 -
152.61.128.66 - - [28/Dec/2014:06:57:58 -0500] "GET /arcgis/services/Calidad_del_Agua_WQI/MapServer/WMSServer?SERVICE=WMS&REQUEST=GetCapabilities HTTP/1.1" 200 32135
152.61.128.66 - - [28/Dec/2014:06:57:59 -0500] "GET /arcgis/services/Calidad_del_Agua_WQI/MapServer/WMSServer?SERVICE=WMS&REQUEST=GetCapabilities HTTP/1.0" 200 32135
152.61.128.66 - - [28/Dec/2014:06:58:00 -0500] "GET /arcgis/services/Calidad_del_Agua_WQI/MapServer/WMSServer?SERVICE=WMS&REQUEST=GetCapabilities HTTP/1.0" 200 32135
152.61.128.66 - - [28/Dec/2014:06:58:00 -0500] "GET /arcgis/services/Calidad_del_Agua_WQI/MapServer/WMSServer?SERVICE=WMS&REQUEST=GetCapabilities HTTP/1.0" 200 32135
152.61.128.66 - - [28/Dec/2014:06:58:02 -0500] "GET /arcgis/services/Calidad_del_Agua_WQI/MapServer/WMSServer?VERSION=1.1.1&REQUEST=GetMap&LAYERS=0&SRS=EPSG:4326&BBOX=-74.473395,3.674381,-73.963300,4.920569&WIDTH=250&HEIGHT=250&FORMAT=image/bmp&STYLES=& HTTP/1.1" 200 188054
66.249.73.155 - - [28/Dec/2014:06:58:07 -0500] "GET /BLA/resoluciones/RESOLUCIONES%202002/RES%202002%20251-300/00000258.tif HTTP/1.1" 304 -
66.249.73.155 - - [28/Dec/2014:06:58:29 -0500] "GET /BLA/resoluciones/RESOLUCIONES%202002/RES%202002%20251-300/00000291.tif HTTP/1.1" 304 -
66.249.73.171 - - [28/Dec/2014:06:58:52 -0500] "GET /BLA/resoluciones/RESOLUCIONES%202002/RES%202002%20251-300/00000277.tif HTTP/1.1" 304 -
66.249.73.163 - - [28/Dec/2014:06:59:14 -0500] "GET /BLA/resoluciones/RESOLUCIONES%202006/RES%202006%20%202851-2900/00002856.tif HTTP/1.1" 200 36138
66.249.73.171 - - [28/Dec/2014:06:59:15 -0500] "GET /BLA/resoluciones/RESOLUCIONES%202002/RES%202002%20251-300/00000273.tif HTTP/1.1" 304 -
66.249.73.163 - - [28/Dec/2014:06:59:37 -0500] "GET /BLA/resoluciones/RESOLUCIONES%202004/RES%202004%201001-1050/00001006.tif HTTP/1.1" 304 -
181.54.84.12 - - [28/Dec/2014:06:59:43 -0500] "POST /forms/lservlet;jsessionid=ac16012b30d5133a6ba0abd84a649b179ba60eb44c08.e3iSbxaKaheRe34Sa3yKbhiTahb0n6jAmljGr5XDqQLvpAe HTTP/1.1" 200 2
66.249.73.163 - - [28/Dec/2014:06:59:55 -0500] "GET /resoluciones/RESOLUCIONES%202007/RES%202007%202701%20AL%202800/RESOLUCION%202721%20DE%202007.pdf HTTP/1.1" 404 1018
142.4.211.98 - - [28/Dec/2014:06:59:59 -0500] "GET /BLA/resoluciones/RESOLUCIONES 2009/0546.pdf HTTP/1.1" 404 1150
66.249.73.155 - - [28/Dec/2014:06:59:59 -0500] "GET /BLA/resoluciones/RESOLUCIONES%202002/RES%202002%20251-300/00000285.tif HTTP/1.1" 304 -
201.184.82.25 - - [28/Dec/2014:07:00:14 -0500] "GET /galeria/carrusel/Carrusel/jquery.thumbnailScroller.css HTTP/1.1" 200 2066
201.184.82.25 - - [28/Dec/2014:07:00:14 -0500] "GET /BLA/boletinlegal/js/jquery.js HTTP/1.1" 200 57254
201.184.82.25 - - [28/Dec/2014:07:00:14 -0500] "GET /BLA/boletinlegal/js/jquery.scrollTo-min.js HTTP/1.1" 200 1150
201.184.82.25 - - [28/Dec/2014:07:00:14 -0500] "GET /BLA/boletinlegal/js/jquery.scrollShow.js HTTP/1.1" 200 4586
201.184.82.25 - - [28/Dec/2014:07:00:14 -0500] "GET /galeria/carrusel/Carrusel/jquery-ui-1.8.13.custom.min.js HTTP/1.1" 200 10800
201.184.82.25 - - [28/Dec/2014:07:00:14 -0500] "GET /galeria/carrusel/Carrusel/jquery.thumbnailScroller.js HTTP/1.1" 200 8157
201.184.82.25 - - [28/Dec/2014:07:00:19 -0500] "GET /galeria/nivo-slider/demo/demo.html HTTP/1.1" 200 3237
201.184.82.25 - - [28/Dec/2014:07:00:20 -0500] "GET /galeria/nivo-slider/themes/default/default.css HTTP/1.1" 200 1569
201.184.82.25 - - [28/Dec/2014:07:00:20 -0500] "GET /galeria/nivo-slider/demo/style.css HTTP/1.1" 200 2222
201.184.82.25 - - [28/Dec/2014:07:00:20 -0500] "GET /galeria/nivo-slider/nivo-slider.css HTTP/1.1" 200 1507
201.184.82.25 - - [28/Dec/2014:07:00:20 -0500] "GET /galeria/nivo-slider/themes/orman/orman.css HTTP/1.1" 200 2152
201.184.82.25 - - [28/Dec/2014:07:00:20 -0500] "GET /galeria/nivo-slider/themes/pascal/pascal.css HTTP/1.1" 200 2258
201.184.82.25 - - [28/Dec/2014:07:00:20 -0500] "GET /galeria/nivo-slider/demo/scripts/jquery-1.7.1.min.js HTTP/1.1" 200 93868
201.184.82.25 - - [28/Dec/2014:07:00:20 -0500] "GET /galeria/nivo-slider/jquery.nivo.slider.pack.js HTTP/1.1" 200 11561
201.184.82.25 - - [28/Dec/2014:07:00:20 -0500] "GET /galeria/nivo-slider/demo/images/bolsas-08.jpg HTTP/1.1" 200 85589
201.184.82.25 - - [28/Dec/2014:07:00:20 -0500] "GET /galeria/nivo-slider/demo/images/Ruta-vertimientos-01.jpg HTTP/1.1" 200 130151
201.184.82.25 - - [28/Dec/2014:07:00:20 -0500] "GET /galeria/nivo-slider/demo/images/bolsas-06.jpg HTTP/1.1" 200 90982
201.184.82.25 - - [28/Dec/2014:07:00:20 -0500] "GET /galeria/nivo-slider/demo/images/ecolecta-Dic2014.png HTTP/1.1" 200 288593
201.184.82.25 - - [28/Dec/2014:07:00:20 -0500] "GET /galeria/nivo-slider/demo/images/Banner-GAE3.jpg HTTP/1.1" 200 146354
201.184.82.25 - - [28/Dec/2014:07:00:20 -0500] "GET /galeria/nivo-slider/demo/images/porloshumedales.jpg HTTP/1.1" 200 351238
201.184.82.25 - - [28/Dec/2014:07:00:20 -0500] "GET /galeria/nivo-slider/demo/images/Tingua-azul.jpg HTTP/1.1" 200 307638
201.184.82.25 - - [28/Dec/2014:07:00:21 -0500] "GET /galeria/nivo-slider/demo/images/Banner-Caracol-Africano.jpg HTTP/1.1" 200 331986
201.184.82.25 - - [28/Dec/2014:07:00:21 -0500] "GET /galeria/nivo-slider/demo/images/banner-redes.jpg HTTP/1.1" 200 62209
201.184.82.25 - - [28/Dec/2014:07:00:22 -0500] "GET /galeria/nivo-slider/demo/images/9Signos.jpg HTTP/1.1" 200 93040
201.184.82.25 - - [28/Dec/2014:07:00:22 -0500] "GET /galeria/nivo-slider/demo/images/banner-llantas2.jpg HTTP/1.1" 200 73153
201.184.82.25 - - [28/Dec/2014:07:00:22 -0500] "GET /galeria/nivo-slider/demo/images/banner-caballos.png HTTP/1.1" 200 389106
66.249.73.171 - - [28/Dec/2014:07:00:22 -0500] "GET /BLA/resoluciones/RESOLUCIONES%202006/RES%202006%201351-1400/00001364.tif HTTP/1.1" 304 -
201.184.82.25 - - [28/Dec/2014:07:00:24 -0500] "GET /galeria/nivo-slider/demo/images/4Simple_Slider.png HTTP/1.1" 200 11722
201.184.82.25 - - [28/Dec/2014:07:00:24 -0500] "GET /galeria/nivo-slider/themes/default/loading.gif HTTP/1.1" 200 1737
201.184.82.25 - - [28/Dec/2014:07:00:25 -0500] "GET /galeria/nivo-slider/themes/default/arrows.png HTTP/1.1" 200 824
201.184.82.25 - - [28/Dec/2014:07:00:25 -0500] "GET /galeria/nivo-slider/themes/default/bullets.png HTTP/1.1" 200 1281
201.184.82.25 - - [28/Dec/2014:07:00:30 -0500] "GET /videos/Spot_CambioClimatico.flv HTTP/1.1" 200 4371917
74.86.158.107 - - [28/Dec/2014:07:00:37 -0500] "HEAD / HTTP/1.1" 302 -
66.249.73.171 - - [28/Dec/2014:07:00:44 -0500] "GET /BLA/resoluciones/RESOLUCIONES%202002/RES%202002%20251-300/00000289.tif HTTP/1.1" 304 -
66.249.73.171 - - [28/Dec/2014:07:01:07 -0500] "GET /BLA/resoluciones/RESOLUCIONES%202006/RES%202006%201351-1400/00001392.tif HTTP/1.1" 304 -
66.249.73.163 - - [28/Dec/2014:07:01:20 -0500] "GET /BLA/resoluciones/RESOLUCIONES%202010/6974.pdf HTTP/1.1" 200 67917
66.249.73.171 - - [28/Dec/2014:07:01:29 -0500] "GET /BLA/resoluciones/RESOLUCIONES%202002/RES%202002%20201-250/2002RES246.tif HTTP/1.1" 304 -
181.54.84.12 - - [28/Dec/2014:07:01:43 -0500] "POST /forms/lservlet;jsessionid=ac16012b30d5133a6ba0abd84a649b179ba60eb44c08.e3iSbxaKaheRe34Sa3yKbhiTahb0n6jAmljGr5XDqQLvpAe HTTP/1.1" 200 2
66.249.73.155 - - [28/Dec/2014:07:01:52 -0500] "GET /BLA/resoluciones/RESOLUCIONES%202005/RES%202005%202051-2100/00002078.tif HTTP/1.1" 304 -
66.249.73.163 - - [28/Dec/2014:07:02:14 -0500] "GET /BLA/resoluciones/RESOLUCIONES%202002/RES%202002%20201-250/2002RES225.tif HTTP/1.1" 304 -
66.249.73.155 - - [28/Dec/2014:07:02:37 -0500] "GET /BLA/resoluciones/RESOLUCIONES%202002/RES%202002%20201-250/2002RES243.tif HTTP/1.1" 304 -
66.249.73.171 - - [28/Dec/2014:07:02:38 -0500] "GET /BLA/resoluciones/RESOLUCIONES%202002/RES%202002%201001-1050/2002RES1024.tif HTTP/1.1" 200 116812
66.249.73.163 - - [28/Dec/2014:07:02:39 -0500] "GET /BLA/resoluciones/RESOLUCIONES%202003/RES%202003%201201-1250/2003RES1220.tif HTTP/1.1" 200 139944
66.249.73.163 - - [28/Dec/2014:07:02:40 -0500] "GET /BLA/resoluciones/RESOLUCIONES%202005/RES%202005%20%201601-1650/00001619.tif HTTP/1.1" 200 383816
66.249.73.155 - - [28/Dec/2014:07:02:59 -0500] "GET /BLA/resoluciones/RESOLUCIONES%202004/RES%202004%201001-1050/00001028.tif HTTP/1.1" 304 -
66.249.73.155 - - [28/Dec/2014:07:03:05 -0500] "GET /resoluciones/RESOLUCIONES%202007/RES%202007%203701%20AL%203800/RESOLUCION%203794%20DE%202007.pdf HTTP/1.1" 404 1018
66.249.73.155 - - [28/Dec/2014:07:03:22 -0500] "GET /BLA/resoluciones/RESOLUCIONES%202002/RES%202002%20251-300/00000269.tif HTTP/1.1" 304 -
66.249.73.163 - - [28/Dec/2014:07:03:23 -0500] "GET /BLA/resoluciones/RESOLUCIONES%202005/RES%202005%20601-650/00000607.tif HTTP/1.1" 200 179936
181.54.84.12 - - [28/Dec/2014:07:03:43 -0500] "POST /forms/lservlet;jsessionid=ac16012b30d5133a6ba0abd84a649b179ba60eb44c08.e3iSbxaKaheRe34Sa3yKbhiTahb0n6jAmljGr5XDqQLvpAe HTTP/1.1" 200 2
66.249.73.155 - - [28/Dec/2014:07:03:44 -0500] "GET /BLA/resoluciones/RESOLUCIONES%202002/RES%202002%20251-300/00000279.tif HTTP/1.1" 304 -
66.249.73.171 - - [28/Dec/2014:07:04:07 -0500] "GET /BLA/resoluciones/RESOLUCIONES%202002/RES%202002%20251-300/00000267.tif HTTP/1.1" 304 -
66.249.73.163 - - [28/Dec/2014:07:04:30 -0500] "GET /BLA/resoluciones/RESOLUCIONES%202002/RES%202002%20201-250/2002RES220.tif HTTP/1.1" 304 -
66.249.73.163 - - [28/Dec/2014:07:04:52 -0500] "GET /BLA/resoluciones/RESOLUCIONES%202002/RES%202002%20251-300/00000288.tif HTTP/1.1" 304 -
66.249.73.171 - - [28/Dec/2014:07:05:15 -0500] "GET /BLA/resoluciones/RESOLUCIONES%202002/RES%202002%20251-300/00000282.tif HTTP/1.1" 304 -
74.86.158.107 - - [28/Dec/2014:07:05:37 -0500] "HEAD / HTTP/1.1" 302 -
66.249.73.163 - - [28/Dec/2014:07:05:37 -0500] "GET /BLA/resoluciones/RESOLUCIONES%202006/RES%202006%201351-1400/00001393.tif HTTP/1.1" 304 -
181.54.84.12 - - [28/Dec/2014:07:05:43 -0500] "POST /forms/lservlet;jsessionid=ac16012b30d5133a6ba0abd84a649b179ba60eb44c08.e3iSbxaKaheRe34Sa3yKbhiTahb0n6jAmljGr5XDqQLvpAe HTTP/1.1" 200 2
66.249.73.171 - - [28/Dec/2014:07:06:00 -0500] "GET /BLA/resoluciones/RESOLUCIONES%202002/RES%202002%20201-250/2002RES219.tif HTTP/1.1" 304 -
188.165.15.188 - - [28/Dec/2014:07:06:10 -0500] "GET /BLA/resoluciones/RESOLUCIONES%202006/RES%202006%202201-2250/00002227.tif HTTP/1.1" 200 240474
220.181.108.77 - - [28/Dec/2014:07:06:11 -0500] "GET / HTTP/1.1" 302 -
66.249.73.171 - - [28/Dec/2014:07:06:14 -0500] "GET /resoluciones/RESOLUCIONES%202010/2466.pdf HTTP/1.1" 404 1018
186.80.185.149 - - [28/Dec/2014:07:06:17 -0500] "GET /BLA/resoluciones/RESOLUCIONES%202007/RES%202007%204101%20AL%204200/RESOLUCION%204159%20DE%202007.pdf HTTP/1.1" 200 1234672
180.76.6.48 - - [28/Dec/2014:07:06:21 -0500] "GET /BLA/resoluciones/AUTOS%202007/2171.pdf HTTP/1.1" 200 99591
66.249.73.155 - - [28/Dec/2014:07:06:22 -0500] "GET /BLA/resoluciones/RESOLUCIONES%202004/RES%202004%201201-1250/00001222.tif HTTP/1.1" 304 -
66.249.73.155 - - [28/Dec/2014:07:06:45 -0500] "GET /BLA/resoluciones/RESOLUCIONES%202002/RES%202002%20201-250/2002RES226.tif HTTP/1.1" 304 -
188.165.15.78 - - [28/Dec/2014:07:06:58 -0500] "GET /BLA/resoluciones/RESOLUCIONES%202004/RES%202004%20151-200/00000164.tif HTTP/1.1" 200 83394
66.249.73.171 - - [28/Dec/2014:07:07:07 -0500] "GET /BLA/resoluciones/RESOLUCIONES%202002/RES%202002%20251-300/00000280.tif HTTP/1.1" 304 -
66.249.64.171 - - [28/Dec/2014:07:07:30 -0500] "GET /robots.txt HTTP/1.1" 404 1018
66.249.64.163 - - [28/Dec/2014:07:07:30 -0500] "GET /BLA/resoluciones/RESOLUCIONES%202002/RES%202002%20201-250/2002RES236.tif HTTP/1.1" 304 -
181.54.84.12 - - [28/Dec/2014:07:07:43 -0500] "POST /forms/lservlet;jsessionid=ac16012b30d5133a6ba0abd84a649b179ba60eb44c08.e3iSbxaKaheRe34Sa3yKbhiTahb0n6jAmljGr5XDqQLvpAe HTTP/1.1" 200 2
66.249.64.163 - - [28/Dec/2014:07:07:52 -0500] "GET /BLA/resoluciones/RESOLUCIONES%202006/RES%202006%201351-1400/00001375.tif HTTP/1.1" 304 -
66.249.64.171 - - [28/Dec/2014:07:08:15 -0500] "GET /BLA/resoluciones/AUTOS%202006/AUTOS%202006%201801-%201900/00001888.tif HTTP/1.1" 304 -
66.249.64.163 - - [28/Dec/2014:07:08:37 -0500] "GET /BLA/resoluciones/AUTOS%202006/AUTOS%202006%201801-%201900/00001866.tif HTTP/1.1" 304 -
66.249.64.163 - - [28/Dec/2014:07:09:00 -0500] "GET /BLA/resoluciones/AUTOS%202006/AUTOS%202006%201801-%201900/00001858.tif HTTP/1.1" 304 -
123.125.71.29 - - [28/Dec/2014:07:09:00 -0500] "GET / HTTP/1.1" 302 -
188.165.15.44 - - [28/Dec/2014:07:09:08 -0500] "GET /BLA/resoluciones/RESOLUCIONES%202005/RES%202005%201001-1050/00001034.tif HTTP/1.1" 200 102904
66.249.64.163 - - [28/Dec/2014:07:09:22 -0500] "GET /BLA/resoluciones/AUTOS%202006/AUTOS%202006%201801-%201900/00001862.tif HTTP/1.1" 304 -
66.249.64.167 - - [28/Dec/2014:07:09:24 -0500] "GET /resoluciones/RESOLUCIONES%202010/1112.pdf HTTP/1.1" 404 1018
188.165.15.44 - - [28/Dec/2014:07:09:38 -0500] "GET /BLA/resoluciones/RESOLUCIONES%202004/RES%202004%201951-2000/00001951.tif HTTP/1.1" 200 219540
181.54.84.12 - - [28/Dec/2014:07:09:43 -0500] "POST /forms/lservlet;jsessionid=ac16012b30d5133a6ba0abd84a649b179ba60eb44c08.e3iSbxaKaheRe34Sa3yKbhiTahb0n6jAmljGr5XDqQLvpAe HTTP/1.1" 200 2
66.249.64.163 - - [28/Dec/2014:07:09:45 -0500] "GET /BLA/resoluciones/AUTOS%202006/AUTOS%202006%201801-%201900/00001822.tif HTTP/1.1" 304 -
66.249.64.167 - - [28/Dec/2014:07:10:07 -0500] "GET /BLA/resoluciones/AUTOS%202006/AUTOS%202006%201801-%201900/00001869.tif HTTP/1.1" 304 -
152.61.193.99 - - [28/Dec/2014:07:10:18 -0500] "HEAD / HTTP/1.1" 302 -
152.61.193.99 - - [28/Dec/2014:07:10:19 -0500] "GET /arcgis/services/Calidad_del_Agua_WQI/MapServer/WMSServer?request=GetCapabilities&service=WMS HTTP/1.1" 200 32135
152.61.193.99 - - [28/Dec/2014:07:10:19 -0500] "GET /arcgis/services/Calidad_del_Agua_WQI/MapServer/WMSServer?request=GetCapabilities&service=WMS HTTP/1.1" 200 32135
152.61.193.99 - - [28/Dec/2014:07:10:20 -0500] "GET /arcgis/services/Calidad_del_Agua_WQI/MapServer/WMSServer?request=GetCapabilities&service=WMS HTTP/1.1" 200 32135
152.61.193.99 - - [28/Dec/2014:07:10:21 -0500] "GET /arcgis/services/Calidad_del_Agua_WQI/MapServer/WMSServer?request=GetCapabilities&service=WMS HTTP/1.1" 200 32135
152.61.193.99 - - [28/Dec/2014:07:10:22 -0500] "GET /arcgis/services/Calidad_del_Agua_WQI/MapServer/WMSServer?VERSION=1.1.1&REQUEST=GetMap&LAYERS=0&SRS=EPSG:4326&BBOX=-74.473395,3.674381,-73.963300,4.920569&WIDTH=250&HEIGHT=250&FORMAT=image/bmp&STYLES=& HTTP/1.1" 200 188054
66.249.64.167 - - [28/Dec/2014:07:10:30 -0500] "GET /BLA/resoluciones/AUTOS%202006/AUTOS%202006%201801-%201900/00001850.tif HTTP/1.1" 304 -
74.86.158.107 - - [28/Dec/2014:07:10:37 -0500] "HEAD / HTTP/1.1" 302 -
66.249.64.167 - - [28/Dec/2014:07:10:52 -0500] "GET /BLA/resoluciones/AUTOS%202006/AUTOS%202006%201801-%201900/00001831.tif HTTP/1.1" 304 -
66.249.64.171 - - [28/Dec/2014:07:11:15 -0500] "GET /BLA/resoluciones/AUTOS%202006/AUTOS%202006%201801-%201900/00001864.tif HTTP/1.1" 304 -
66.249.64.171 - - [28/Dec/2014:07:11:37 -0500] "GET /BLA/resoluciones/AUTOS%202006/AUTOS%202006%201801-%201900/00001849.tif HTTP/1.1" 304 -
181.54.84.12 - - [28/Dec/2014:07:11:43 -0500] "POST /forms/lservlet;jsessionid=ac16012b30d5133a6ba0abd84a649b179ba60eb44c08.e3iSbxaKaheRe34Sa3yKbhiTahb0n6jAmljGr5XDqQLvpAe HTTP/1.1" 200 2
181.54.84.12 - - [28/Dec/2014:07:11:49 -0500] "POST /forms/lservlet;jsessionid=ac16012b30d5133a6ba0abd84a649b179ba60eb44c08.e3iSbxaKaheRe34Sa3yKbhiTahb0n6jAmljGr5XDqQLvpAe HTTP/1.1" 200 123
66.249.64.163 - - [28/Dec/2014:07:12:00 -0500] "GET /BLA/resoluciones/AUTOS%202006/AUTOS%202006%201801-%201900/00001874.tif HTTP/1.1" 304 -
66.249.64.167 - - [28/Dec/2014:07:12:10 -0500] "GET /BLA/resoluciones/RESOLUCIONES%202011/4966.pdf HTTP/1.1" 200 579673
66.249.64.167 - - [28/Dec/2014:07:12:23 -0500] "GET /BLA/resoluciones/AUTOS%202006/AUTOS%202006%201801-%201900/00001813.tif HTTP/1.1" 304 -
186.116.37.133 - - [28/Dec/2014:07:12:44 -0500] "GET /BLA/resoluciones/AUTOS%202011/7813.pdf HTTP/1.1" 200 141408
66.249.64.163 - - [28/Dec/2014:07:12:45 -0500] "GET /BLA/resoluciones/AUTOS%202006/AUTOS%202006%201801-%201900/00001825.tif HTTP/1.1" 304 -
66.249.64.163 - - [28/Dec/2014:07:12:48 -0500] "GET /BLA/resoluciones/RESOLUCIONES%202006/RES%202006%20%202851-2900/00002891.tif HTTP/1.1" 200 36250
66.249.64.167 - - [28/Dec/2014:07:13:08 -0500] "GET /BLA/resoluciones/AUTOS%202006/AUTOS%202006%201801-%201900/00001891.tif HTTP/1.1" 304 -
181.54.84.12 - - [28/Dec/2014:07:13:15 -0500] "POST /forms/lservlet;jsessionid=ac16012b30d5133a6ba0abd84a649b179ba60eb44c08.e3iSbxaKaheRe34Sa3yKbhiTahb0n6jAmljGr5XDqQLvpAe HTTP/1.1" 200 65
66.249.64.167 - - [28/Dec/2014:07:13:30 -0500] "GET /BLA/resoluciones/AUTOS%202006/AUTOS%202006%201801-%201900/00001840.tif HTTP/1.1" 304 -
181.54.84.12 - - [28/Dec/2014:07:13:43 -0500] "POST /forms/lservlet;jsessionid=ac16012b30d5133a6ba0abd84a649b179ba60eb44c08.e3iSbxaKaheRe34Sa3yKbhiTahb0n6jAmljGr5XDqQLvpAe HTTP/1.1" 200 2
66.249.64.171 - - [28/Dec/2014:07:13:53 -0500] "GET /BLA/resoluciones/AUTOS%202006/AUTOS%202006%201801-%201900/00001855.tif HTTP/1.1" 304 -
66.249.64.171 - - [28/Dec/2014:07:14:15 -0500] "GET /BLA/resoluciones/AUTOS%202006/AUTOS%202006%201801-%201900/00001808.tif HTTP/1.1" 304 -
66.249.64.163 - - [28/Dec/2014:07:14:38 -0500] "GET /BLA/resoluciones/AUTOS%202006/AUTOS%202006%201801-%201900/00001876.tif HTTP/1.1" 304 -
66.249.64.163 - - [28/Dec/2014:07:15:00 -0500] "GET /BLA/resoluciones/AUTOS%202006/AUTOS%202006%201801-%201900/00001895.tif HTTP/1.1" 304 -
66.249.64.163 - - [28/Dec/2014:07:15:23 -0500] "GET /BLA/resoluciones/AUTOS%202006/AUTOS%202006%201801-%201900/00001827.tif HTTP/1.1" 304 -
74.86.158.107 - - [28/Dec/2014:07:15:37 -0500] "HEAD / HTTP/1.1" 302 -
