190.158.96.166 - - [28/Dec/2014:15:47:55 -0500] "GET /isolucionsda/bancoconocimiento/E/EstudiodeProcedenciaoNodeAcciondeRepeticion_v2/EstudiodeProcedenciaoNodeAcciondeRepeticion_v2.asp?IdArticulo=6943 HTTP/1.1" 200 205
190.158.96.166 - - [28/Dec/2014:15:47:55 -0500] "GET /isolucionsda/bancoconocimiento/E/EstudiodeProcedenciaoNodeAcciondeRepeticion_v2/EstudiodeProcedenciaoNodeAcciondeRepeticion_v2.asp?IdArticulo=6943 HTTP/1.1" 200 205
190.158.96.166 - - [28/Dec/2014:15:47:55 -0500] "GET /isolucionsda/bancoconocimiento/E/EstudiodeProcedenciaoNodeAcciondeRepeticion_v2/EstudiodeProcedenciaoNodeAcciondeRepeticion_v2.asp?IdArticulo=6943 HTTP/1.1" 200 205
190.158.96.166 - - [28/Dec/2014:15:47:55 -0500] "GET /isolucionsda/bancoconocimiento/E/EstudiodeProcedenciaoNodeAcciondeRepeticion_v2/EstudiodeProcedenciaoNodeAcciondeRepeticion_v2.asp?IdArticulo=6943 HTTP/1.1" 200 205
190.158.96.166 - - [28/Dec/2014:15:47:55 -0500] "GET /isolucionsda/bancoconocimiento/E/EstudiodeProcedenciaoNodeAcciondeRepeticion_v2/EstudiodeProcedenciaoNodeAcciondeRepeticion_v2.asp?IdArticulo=6943 HTTP/1.1" 200 205
190.158.96.166 - - [28/Dec/2014:15:47:55 -0500] "GET /isolucionsda/bancoconocimiento/E/EstudiodeProcedenciaoNodeAcciondeRepeticion_v2/EstudiodeProcedenciaoNodeAcciondeRepeticion_v2.asp?IdArticulo=6943 HTTP/1.1" 200 205
190.158.96.166 - - [28/Dec/2014:15:47:55 -0500] "GET /isolucionsda/bancoconocimiento/E/EstudiodeProcedenciaoNodeAcciondeRepeticion_v2/EstudiodeProcedenciaoNodeAcciondeRepeticion_v2.asp?IdArticulo=6943 HTTP/1.1" 200 205
190.158.96.166 - - [28/Dec/2014:15:47:55 -0500] "GET /isolucionsda/bancoconocimiento/E/EstudiodeProcedenciaoNodeAcciondeRepeticion_v2/EstudiodeProcedenciaoNodeAcciondeRepeticion_v2.asp?IdArticulo=6943 HTTP/1.1" 200 205
190.158.96.166 - - [28/Dec/2014:15:47:55 -0500] "GET /isolucionsda/bancoconocimiento/E/EstudiodeProcedenciaoNodeAcciondeRepeticion_v2/EstudiodeProcedenciaoNodeAcciondeRepeticion_v2.asp?IdArticulo=6943 HTTP/1.1" 200 205
190.158.96.166 - - [28/Dec/2014:15:47:55 -0500] "GET /isolucionsda/bancoconocimiento/E/EstudiodeProcedenciaoNodeAcciondeRepeticion_v2/EstudiodeProcedenciaoNodeAcciondeRepeticion_v2.asp?IdArticulo=6943 HTTP/1.1" 200 205
190.158.96.166 - - [28/Dec/2014:15:47:55 -0500] "GET /isolucionsda/bancoconocimiento/E/EstudiodeProcedenciaoNodeAcciondeRepeticion_v2/EstudiodeProcedenciaoNodeAcciondeRepeticion_v2.asp?IdArticulo=6943 HTTP/1.1" 200 205
190.158.96.166 - - [28/Dec/2014:15:47:55 -0500] "GET /isolucionsda/bancoconocimiento/E/EstudiodeProcedenciaoNodeAcciondeRepeticion_v2/EstudiodeProcedenciaoNodeAcciondeRepeticion_v2.asp?IdArticulo=6943 HTTP/1.1" 200 205
190.158.96.166 - - [28/Dec/2014:15:47:55 -0500] "GET /isolucionsda/bancoconocimiento/E/EstudiodeProcedenciaoNodeAcciondeRepeticion_v2/EstudiodeProcedenciaoNodeAcciondeRepeticion_v2.asp?IdArticulo=6943 HTTP/1.1" 200 205
190.158.96.166 - - [28/Dec/2014:15:47:55 -0500] "GET /isolucionsda/bancoconocimiento/E/EstudiodeProcedenciaoNodeAcciondeRepeticion_v2/EstudiodeProcedenciaoNodeAcciondeRepeticion_v2.asp?IdArticulo=6943 HTTP/1.1" 200 205
190.158.96.166 - - [28/Dec/2014:15:47:55 -0500] "GET /isolucionsda/bancoconocimiento/E/EstudiodeProcedenciaoNodeAcciondeRepeticion_v2/EstudiodeProcedenciaoNodeAcciondeRepeticion_v2.asp?IdArticulo=6943 HTTP/1.1" 200 205
190.158.96.166 - - [28/Dec/2014:15:47:55 -0500] "GET /isolucionsda/bancoconocimiento/E/EstudiodeProcedenciaoNodeAcciondeRepeticion_v2/EstudiodeProcedenciaoNodeAcciondeRepeticion_v2.asp?IdArticulo=6943 HTTP/1.1" 200 205
190.158.96.166 - - [28/Dec/2014:15:47:55 -0500] "GET /isolucionsda/bancoconocimiento/E/EstudiodeProcedenciaoNodeAcciondeRepeticion_v2/EstudiodeProcedenciaoNodeAcciondeRepeticion_v2.asp?IdArticulo=6943 HTTP/1.1" 200 205
190.158.96.166 - - [28/Dec/2014:15:47:55 -0500] "GET /isolucionsda/bancoconocimiento/E/EstudiodeProcedenciaoNodeAcciondeRepeticion_v2/EstudiodeProcedenciaoNodeAcciondeRepeticion_v2.asp?IdArticulo=6943 HTTP/1.1" 200 205
190.158.96.166 - - [28/Dec/2014:15:47:55 -0500] "GET /isolucionsda/bancoconocimiento/E/EstudiodeProcedenciaoNodeAcciondeRepeticion_v2/EstudiodeProcedenciaoNodeAcciondeRepeticion_v2.asp?IdArticulo=6943 HTTP/1.1" 200 205
190.158.96.166 - - [28/Dec/2014:15:47:55 -0500] "GET /isolucionsda/bancoconocimiento/E/EstudiodeProcedenciaoNodeAcciondeRepeticion_v2/EstudiodeProcedenciaoNodeAcciondeRepeticion_v2.asp?IdArticulo=6943 HTTP/1.1" 200 205
190.158.96.166 - - [28/Dec/2014:15:47:55 -0500] "GET /isolucionsda/bancoconocimiento/E/EstudiodeProcedenciaoNodeAcciondeRepeticion_v2/EstudiodeProcedenciaoNodeAcciondeRepeticion_v2.asp?IdArticulo=6943 HTTP/1.1" 200 205
190.158.96.166 - - [28/Dec/2014:15:47:55 -0500] "GET /isolucionsda/bancoconocimiento/E/EstudiodeProcedenciaoNodeAcciondeRepeticion_v2/EstudiodeProcedenciaoNodeAcciondeRepeticion_v2.asp?IdArticulo=6943 HTTP/1.1" 200 205
190.158.96.166 - - [28/Dec/2014:15:47:55 -0500] "GET /isolucionsda/bancoconocimiento/E/EstudiodeProcedenciaoNodeAcciondeRepeticion_v2/EstudiodeProcedenciaoNodeAcciondeRepeticion_v2.asp?IdArticulo=6943 HTTP/1.1" 200 205
190.158.96.166 - - [28/Dec/2014:15:47:55 -0500] "GET /isolucionsda/bancoconocimiento/E/EstudiodeProcedenciaoNodeAcciondeRepeticion_v2/EstudiodeProcedenciaoNodeAcciondeRepeticion_v2.asp?IdArticulo=6943 HTTP/1.1" 200 205
190.158.96.166 - - [28/Dec/2014:15:47:55 -0500] "GET /isolucionsda/bancoconocimiento/E/EstudiodeProcedenciaoNodeAcciondeRepeticion_v2/EstudiodeProcedenciaoNodeAcciondeRepeticion_v2.asp?IdArticulo=6943 HTTP/1.1" 200 205
190.158.96.166 - - [28/Dec/2014:15:47:55 -0500] "GET /isolucionsda/bancoconocimiento/E/EstudiodeProcedenciaoNodeAcciondeRepeticion_v2/EstudiodeProcedenciaoNodeAcciondeRepeticion_v2.asp?IdArticulo=6943 HTTP/1.1" 200 205
190.158.96.166 - - [28/Dec/2014:15:47:56 -0500] "GET /isolucionsda/bancoconocimiento/E/EstudiodeProcedenciaoNodeAcciondeRepeticion_v2/EstudiodeProcedenciaoNodeAcciondeRepeticion_v2.asp?IdArticulo=6943 HTTP/1.1" 200 205
190.158.96.166 - - [28/Dec/2014:15:47:56 -0500] "GET /isolucionsda/bancoconocimiento/E/EstudiodeProcedenciaoNodeAcciondeRepeticion_v2/EstudiodeProcedenciaoNodeAcciondeRepeticion_v2.asp?IdArticulo=6943 HTTP/1.1" 200 205
190.158.96.166 - - [28/Dec/2014:15:47:56 -0500] "GET /isolucionsda/bancoconocimiento/E/EstudiodeProcedenciaoNodeAcciondeRepeticion_v2/EstudiodeProcedenciaoNodeAcciondeRepeticion_v2.asp?IdArticulo=6943 HTTP/1.1" 200 205
190.158.96.166 - - [28/Dec/2014:15:47:56 -0500] "GET /isolucionsda/bancoconocimiento/E/EstudiodeProcedenciaoNodeAcciondeRepeticion_v2/EstudiodeProcedenciaoNodeAcciondeRepeticion_v2.asp?IdArticulo=6943 HTTP/1.1" 200 205
190.158.96.166 - - [28/Dec/2014:15:47:56 -0500] "GET /isolucionsda/bancoconocimiento/E/EstudiodeProcedenciaoNodeAcciondeRepeticion_v2/EstudiodeProcedenciaoNodeAcciondeRepeticion_v2.asp?IdArticulo=6943 HTTP/1.1" 200 205
190.158.96.166 - - [28/Dec/2014:15:47:56 -0500] "GET /isolucionsda/bancoconocimiento/E/EstudiodeProcedenciaoNodeAcciondeRepeticion_v2/EstudiodeProcedenciaoNodeAcciondeRepeticion_v2.asp?IdArticulo=6943 HTTP/1.1" 200 205
190.158.96.166 - - [28/Dec/2014:15:47:56 -0500] "GET /isolucionsda/bancoconocimiento/E/EstudiodeProcedenciaoNodeAcciondeRepeticion_v2/EstudiodeProcedenciaoNodeAcciondeRepeticion_v2.asp?IdArticulo=6943 HTTP/1.1" 200 205
190.158.96.166 - - [28/Dec/2014:15:47:56 -0500] "GET /isolucionsda/bancoconocimiento/E/EstudiodeProcedenciaoNodeAcciondeRepeticion_v2/EstudiodeProcedenciaoNodeAcciondeRepeticion_v2.asp?IdArticulo=6943 HTTP/1.1" 200 205
190.158.96.166 - - [28/Dec/2014:15:47:56 -0500] "GET /isolucionsda/bancoconocimiento/E/EstudiodeProcedenciaoNodeAcciondeRepeticion_v2/EstudiodeProcedenciaoNodeAcciondeRepeticion_v2.asp?IdArticulo=6943 HTTP/1.1" 200 205
190.158.96.166 - - [28/Dec/2014:15:47:56 -0500] "GET /isolucionsda/bancoconocimiento/E/EstudiodeProcedenciaoNodeAcciondeRepeticion_v2/EstudiodeProcedenciaoNodeAcciondeRepeticion_v2.asp?IdArticulo=6943 HTTP/1.1" 200 205
190.158.96.166 - - [28/Dec/2014:15:47:56 -0500] "GET /isolucionsda/bancoconocimiento/E/EstudiodeProcedenciaoNodeAcciondeRepeticion_v2/EstudiodeProcedenciaoNodeAcciondeRepeticion_v2.asp?IdArticulo=6943 HTTP/1.1" 200 205
190.158.96.166 - - [28/Dec/2014:15:47:56 -0500] "GET /isolucionsda/bancoconocimiento/E/EstudiodeProcedenciaoNodeAcciondeRepeticion_v2/EstudiodeProcedenciaoNodeAcciondeRepeticion_v2.asp?IdArticulo=6943 HTTP/1.1" 200 205
180.76.5.151 - - [28/Dec/2014:15:47:59 -0500] "GET /BLA/boletinlegal;jsessionid=A6331959F5A994F46520B505BE574B46?/? HTTP/1.1" 404 1018
186.113.71.206 - - [28/Dec/2014:15:48:20 -0500] "GET /BLA/boletinlegal/js/jquery.scrollTo-min.js HTTP/1.1" 200 1150
186.113.71.206 - - [28/Dec/2014:15:48:20 -0500] "GET /BLA/boletinlegal/js/jquery.scrollShow.js HTTP/1.1" 200 4586
186.113.71.206 - - [28/Dec/2014:15:48:20 -0500] "GET /galeria/carrusel/Carrusel/jquery-ui-1.8.13.custom.min.js HTTP/1.1" 200 10800
186.113.71.206 - - [28/Dec/2014:15:48:20 -0500] "GET /galeria/carrusel/Carrusel/jquery.thumbnailScroller.js HTTP/1.1" 200 8157
186.113.71.206 - - [28/Dec/2014:15:48:20 -0500] "GET /galeria/carrusel/Carrusel/jquery.thumbnailScroller.css HTTP/1.1" 200 2066
186.113.71.206 - - [28/Dec/2014:15:48:20 -0500] "GET /BLA/boletinlegal/js/jquery.js HTTP/1.1" 200 57254
186.113.71.206 - - [28/Dec/2014:15:48:22 -0500] "GET /galeria/nivo-slider/demo/demo.html HTTP/1.1" 200 3237
186.113.71.206 - - [28/Dec/2014:15:48:23 -0500] "GET /galeria/nivo-slider/themes/default/default.css HTTP/1.1" 200 1569
186.113.71.206 - - [28/Dec/2014:15:48:23 -0500] "GET /galeria/nivo-slider/themes/pascal/pascal.css HTTP/1.1" 200 2258
186.113.71.206 - - [28/Dec/2014:15:48:23 -0500] "GET /galeria/nivo-slider/themes/orman/orman.css HTTP/1.1" 200 2152
186.113.71.206 - - [28/Dec/2014:15:48:23 -0500] "GET /galeria/nivo-slider/nivo-slider.css HTTP/1.1" 200 1507
186.113.71.206 - - [28/Dec/2014:15:48:23 -0500] "GET /galeria/nivo-slider/demo/style.css HTTP/1.1" 200 2222
186.113.71.206 - - [28/Dec/2014:15:48:23 -0500] "GET /galeria/nivo-slider/demo/images/bolsas-08.jpg HTTP/1.1" 200 85589
186.113.71.206 - - [28/Dec/2014:15:48:23 -0500] "GET /galeria/nivo-slider/demo/scripts/jquery-1.7.1.min.js HTTP/1.1" 200 93868
186.113.71.206 - - [28/Dec/2014:15:48:23 -0500] "GET /galeria/nivo-slider/jquery.nivo.slider.pack.js HTTP/1.1" 200 11561
186.113.71.206 - - [28/Dec/2014:15:48:23 -0500] "GET /galeria/nivo-slider/demo/images/Ruta-vertimientos-01.jpg HTTP/1.1" 200 130151
186.113.71.206 - - [28/Dec/2014:15:48:23 -0500] "GET /galeria/nivo-slider/demo/images/bolsas-06.jpg HTTP/1.1" 200 90982
186.113.71.206 - - [28/Dec/2014:15:48:23 -0500] "GET /galeria/nivo-slider/demo/images/ecolecta-Dic2014.png HTTP/1.1" 200 288593
186.113.71.206 - - [28/Dec/2014:15:48:23 -0500] "GET /galeria/nivo-slider/demo/images/Banner-GAE3.jpg HTTP/1.1" 200 146354
186.113.71.206 - - [28/Dec/2014:15:48:24 -0500] "GET /galeria/nivo-slider/demo/images/porloshumedales.jpg HTTP/1.1" 200 351238
186.113.71.206 - - [28/Dec/2014:15:48:24 -0500] "GET /galeria/nivo-slider/demo/images/4Simple_Slider.png HTTP/1.1" 200 11722
186.113.71.206 - - [28/Dec/2014:15:48:24 -0500] "GET /galeria/nivo-slider/themes/default/loading.gif HTTP/1.1" 200 1737
186.113.71.206 - - [28/Dec/2014:15:48:24 -0500] "GET /galeria/nivo-slider/demo/images/Tingua-azul.jpg HTTP/1.1" 200 307638
186.113.71.206 - - [28/Dec/2014:15:48:24 -0500] "GET /galeria/nivo-slider/demo/images/Banner-Caracol-Africano.jpg HTTP/1.1" 200 331986
186.113.71.206 - - [28/Dec/2014:15:48:25 -0500] "GET /galeria/nivo-slider/demo/images/banner-redes.jpg HTTP/1.1" 200 62209
186.113.71.206 - - [28/Dec/2014:15:48:25 -0500] "GET /galeria/nivo-slider/demo/images/9Signos.jpg HTTP/1.1" 200 93040
186.113.71.206 - - [28/Dec/2014:15:48:26 -0500] "GET /galeria/nivo-slider/demo/images/banner-caballos.png HTTP/1.1" 200 389106
186.113.71.206 - - [28/Dec/2014:15:48:26 -0500] "GET /galeria/nivo-slider/demo/images/banner-llantas2.jpg HTTP/1.1" 200 73153
186.113.71.206 - - [28/Dec/2014:15:48:30 -0500] "GET /galeria/nivo-slider/themes/default/arrows.png HTTP/1.1" 200 824
186.113.71.206 - - [28/Dec/2014:15:48:30 -0500] "GET /galeria/nivo-slider/themes/default/bullets.png HTTP/1.1" 200 1281
186.113.71.206 - - [28/Dec/2014:15:48:36 -0500] "GET /videos/Spot_CambioClimatico.flv HTTP/1.1" 200 4371917
186.113.61.17 - - [28/Dec/2014:15:48:41 -0500] "GET /BLA/boletinlegal/js/jquery.js HTTP/1.1" 200 57254
186.113.61.17 - - [28/Dec/2014:15:48:41 -0500] "GET /BLA/boletinlegal/js/jquery.scrollTo-min.js HTTP/1.1" 200 1150
186.113.61.17 - - [28/Dec/2014:15:48:41 -0500] "GET /BLA/boletinlegal/js/jquery.scrollShow.js HTTP/1.1" 200 4586
190.147.131.52 - - [28/Dec/2014:15:48:44 -0500] "POST /forms/lservlet;jsessionid=ac16012b30d5c4a8be8ccc53449b9be8c0d8c2531401.e3iSbxaKaheRe34Sa3yKbhiTahb0n6jAmljGr5XDqQLvpAe HTTP/1.1" 200 2
190.158.139.139 - - [28/Dec/2014:15:48:49 -0500] "GET /galeria/nivo-slider/demo/demo.html HTTP/1.1" 304 -
190.158.139.139 - - [28/Dec/2014:15:48:51 -0500] "GET /galeria/nivo-slider/demo/images/bolsas-08.jpg HTTP/1.1" 304 -
190.158.139.139 - - [28/Dec/2014:15:48:52 -0500] "GET /galeria/nivo-slider/demo/images/Ruta-vertimientos-01.jpg HTTP/1.1" 304 -
190.158.139.139 - - [28/Dec/2014:15:48:52 -0500] "GET /galeria/nivo-slider/demo/images/bolsas-06.jpg HTTP/1.1" 304 -
181.54.57.138 - - [28/Dec/2014:15:49:54 -0500] "GET /forms/frmservlet?config=sia HTTP/1.1" 200 4028
181.54.57.138 - - [28/Dec/2014:15:49:54 -0500] "GET /forms/java/oracle/forms/registry/Registry.dat HTTP/1.1" 200 4213
181.54.57.138 - - [28/Dec/2014:15:49:55 -0500] "GET /forms/java/oracle/forms/registry/default.dat HTTP/1.1" 404 350
181.54.57.138 - - [28/Dec/2014:15:49:55 -0500] "GET /forms/frmservlet?config=sia&acceptLanguage=es-CO&ifcmd=startsession HTTP/1.1" 200 119
181.54.57.138 - - [28/Dec/2014:15:49:55 -0500] "GET /forms/lservlet;jsessionid=ac16012b30d5da712b5d11b243e8bd04f9565c341faf.e3iSbxaKaheRe34Sa3yKbhiTahb0n6jAmljGr5XDqQLvpAe?ifcmd=getinfo&ifhost=DanielRoa&ifip=192.168.0.10 HTTP/1.1" 200 8
181.54.57.138 - - [28/Dec/2014:15:49:55 -0500] "POST /forms/lservlet;jsessionid=ac16012b30d5da712b5d11b243e8bd04f9565c341faf.e3iSbxaKaheRe34Sa3yKbhiTahb0n6jAmljGr5XDqQLvpAe HTTP/1.1" 200 8
181.54.57.138 - - [28/Dec/2014:15:49:56 -0500] "GET /forms/java/oracle/forms/engine/RunformBundle_es_CO.class HTTP/1.1" 404 362
181.54.57.138 - - [28/Dec/2014:15:49:56 -0500] "GET /forms/java/oracle/forms/engine/RunformBundle_es_CO.class HTTP/1.1" 404 362
181.54.57.138 - - [28/Dec/2014:15:49:56 -0500] "GET /forms/java/oracle/forms/engine/RunformBundle_es_CO.properties HTTP/1.1" 404 367
181.54.57.138 - - [28/Dec/2014:15:49:56 -0500] "POST /forms/lservlet;jsessionid=ac16012b30d5da712b5d11b243e8bd04f9565c341faf.e3iSbxaKaheRe34Sa3yKbhiTahb0n6jAmljGr5XDqQLvpAe HTTP/1.1" 200 64000
181.54.57.138 - - [28/Dec/2014:15:49:57 -0500] "HEAD /imagenes/dama_logo.gif HTTP/1.1" 200 -
181.54.57.138 - - [28/Dec/2014:15:49:57 -0500] "POST /forms/lservlet;jsessionid=ac16012b30d5da712b5d11b243e8bd04f9565c341faf.e3iSbxaKaheRe34Sa3yKbhiTahb0n6jAmljGr5XDqQLvpAe HTTP/1.1" 200 64000
181.54.57.138 - - [28/Dec/2014:15:49:57 -0500] "POST /forms/lservlet;jsessionid=ac16012b30d5da712b5d11b243e8bd04f9565c341faf.e3iSbxaKaheRe34Sa3yKbhiTahb0n6jAmljGr5XDqQLvpAe HTTP/1.1" 200 63623
181.54.57.138 - - [28/Dec/2014:15:49:57 -0500] "POST /forms/lservlet;jsessionid=ac16012b30d5da712b5d11b243e8bd04f9565c341faf.e3iSbxaKaheRe34Sa3yKbhiTahb0n6jAmljGr5XDqQLvpAe HTTP/1.1" 200 2
66.249.64.163 - - [28/Dec/2014:15:50:25 -0500] "GET /BLA/resoluciones/RESOLUCIONES%202010/3711.pdf HTTP/1.1" 200 237365
74.86.158.107 - - [28/Dec/2014:15:50:36 -0500] "HEAD / HTTP/1.1" 302 -
190.147.131.52 - - [28/Dec/2014:15:50:44 -0500] "POST /forms/lservlet;jsessionid=ac16012b30d5c4a8be8ccc53449b9be8c0d8c2531401.e3iSbxaKaheRe34Sa3yKbhiTahb0n6jAmljGr5XDqQLvpAe HTTP/1.1" 200 2
188.165.15.85 - - [28/Dec/2014:15:51:31 -0500] "GET /BLA/resoluciones/RESOLUCIONES%202005/RES%202005%202501-2550/00002504.tif HTTP/1.1" 200 123446
181.54.57.138 - - [28/Dec/2014:15:51:55 -0500] "POST /forms/lservlet;jsessionid=ac16012b30d5da712b5d11b243e8bd04f9565c341faf.e3iSbxaKaheRe34Sa3yKbhiTahb0n6jAmljGr5XDqQLvpAe HTTP/1.1" 200 7990
181.54.57.138 - - [28/Dec/2014:15:51:57 -0500] "POST /forms/lservlet;jsessionid=ac16012b30d5da712b5d11b243e8bd04f9565c341faf.e3iSbxaKaheRe34Sa3yKbhiTahb0n6jAmljGr5XDqQLvpAe HTTP/1.1" 200 64
181.54.57.138 - - [28/Dec/2014:15:51:57 -0500] "POST /forms/lservlet;jsessionid=ac16012b30d5da712b5d11b243e8bd04f9565c341faf.e3iSbxaKaheRe34Sa3yKbhiTahb0n6jAmljGr5XDqQLvpAe HTTP/1.1" 200 2
181.54.57.138 - - [28/Dec/2014:15:51:58 -0500] "POST /forms/lservlet;jsessionid=ac16012b30d5da712b5d11b243e8bd04f9565c341faf.e3iSbxaKaheRe34Sa3yKbhiTahb0n6jAmljGr5XDqQLvpAe HTTP/1.1" 200 2
181.54.57.138 - - [28/Dec/2014:15:51:58 -0500] "POST /forms/lservlet;jsessionid=ac16012b30d5da712b5d11b243e8bd04f9565c341faf.e3iSbxaKaheRe34Sa3yKbhiTahb0n6jAmljGr5XDqQLvpAe HTTP/1.1" 200 2
181.54.57.138 - - [28/Dec/2014:15:52:01 -0500] "POST /forms/lservlet;jsessionid=ac16012b30d5da712b5d11b243e8bd04f9565c341faf.e3iSbxaKaheRe34Sa3yKbhiTahb0n6jAmljGr5XDqQLvpAe HTTP/1.1" 200 34711
181.54.57.138 - - [28/Dec/2014:15:52:01 -0500] "GET /imagenes/listval.gif HTTP/1.1" 200 905
181.54.57.138 - - [28/Dec/2014:15:52:01 -0500] "GET /imagenes/tree1.gif HTTP/1.1" 200 1161
181.54.57.138 - - [28/Dec/2014:15:52:01 -0500] "GET /imagenes/listval.gif HTTP/1.1" 200 905
181.54.57.138 - - [28/Dec/2014:15:52:01 -0500] "GET /imagenes/CAMERA3.gif HTTP/1.1" 200 4150
181.54.57.138 - - [28/Dec/2014:15:52:01 -0500] "GET /imagenes/SLIDE1.gif HTTP/1.1" 200 1111
181.54.57.138 - - [28/Dec/2014:15:52:01 -0500] "GET /imagenes/flexcomb.gif HTTP/1.1" 200 1169
181.54.57.138 - - [28/Dec/2014:15:52:01 -0500] "GET /imagenes/GO.gif HTTP/1.1" 200 904
181.54.57.138 - - [28/Dec/2014:15:52:01 -0500] "GET /imagenes/HRTOOLS.gif HTTP/1.1" 200 2238
181.54.57.138 - - [28/Dec/2014:15:52:02 -0500] "GET /imagenes/rt_rec1.gif HTTP/1.1" 200 867
181.54.57.138 - - [28/Dec/2014:15:52:02 -0500] "GET /imagenes/apply.gif HTTP/1.1" 200 903
181.54.57.138 - - [28/Dec/2014:15:52:02 -0500] "GET /imagenes/exit.gif HTTP/1.1" 200 916
181.54.57.138 - - [28/Dec/2014:15:52:02 -0500] "GET /imagenes/LISTVAL.gif HTTP/1.1" 200 905
181.54.57.138 - - [28/Dec/2014:15:52:02 -0500] "GET /imagenes/edit.gif HTTP/1.1" 200 919
181.54.57.138 - - [28/Dec/2014:15:52:02 -0500] "GET /imagenes/rt_rec4.gif HTTP/1.1" 200 865
181.54.57.138 - - [28/Dec/2014:15:52:02 -0500] "GET /imagenes/rt_rec3.gif HTTP/1.1" 200 844
181.54.57.138 - - [28/Dec/2014:15:52:02 -0500] "GET /imagenes/rt_rec2.gif HTTP/1.1" 200 847
181.54.57.138 - - [28/Dec/2014:15:52:02 -0500] "GET /imagenes/rt_rdel.gif HTTP/1.1" 200 899
181.54.57.138 - - [28/Dec/2014:15:52:02 -0500] "GET /imagenes/rt_radd.gif HTTP/1.1" 200 907
181.54.57.138 - - [28/Dec/2014:15:52:02 -0500] "GET /imagenes/rt_quer3.gif HTTP/1.1" 200 939
181.54.57.138 - - [28/Dec/2014:15:52:02 -0500] "GET /imagenes/rt_quer2.gif HTTP/1.1" 200 936
181.54.57.138 - - [28/Dec/2014:15:52:02 -0500] "GET /imagenes/rt_quer1.gif HTTP/1.1" 200 930
181.54.57.138 - - [28/Dec/2014:15:52:02 -0500] "GET /imagenes/rt_save.gif HTTP/1.1" 200 903
181.54.57.138 - - [28/Dec/2014:15:52:02 -0500] "GET /imagenes/rt_pset.gif HTTP/1.1" 200 914
181.54.57.138 - - [28/Dec/2014:15:52:02 -0500] "GET /imagenes/QUEJA.gif HTTP/1.1" 200 1091
181.54.57.138 - - [28/Dec/2014:15:52:02 -0500] "GET /imagenes/ARBOL.gif HTTP/1.1" 200 1026
181.54.57.138 - - [28/Dec/2014:15:52:02 -0500] "GET /imagenes/Clipboard.gif HTTP/1.1" 200 1466
181.54.57.138 - - [28/Dec/2014:15:52:02 -0500] "GET /imagenes/DINERO.gif HTTP/1.1" 200 1766
181.54.57.138 - - [28/Dec/2014:15:52:02 -0500] "GET /imagenes/URGENTE.gif HTTP/1.1" 200 964
181.54.57.138 - - [28/Dec/2014:15:52:02 -0500] "GET /imagenes/TREE4.gif HTTP/1.1" 200 4150
181.54.57.138 - - [28/Dec/2014:15:52:02 -0500] "POST /forms/lservlet;jsessionid=ac16012b30d5da712b5d11b243e8bd04f9565c341faf.e3iSbxaKaheRe34Sa3yKbhiTahb0n6jAmljGr5XDqQLvpAe HTTP/1.1" 200 7
181.54.57.138 - - [28/Dec/2014:15:52:02 -0500] "POST /forms/lservlet;jsessionid=ac16012b30d5da712b5d11b243e8bd04f9565c341faf.e3iSbxaKaheRe34Sa3yKbhiTahb0n6jAmljGr5XDqQLvpAe HTTP/1.1" 200 34
181.54.57.138 - - [28/Dec/2014:15:52:02 -0500] "POST /forms/lservlet;jsessionid=ac16012b30d5da712b5d11b243e8bd04f9565c341faf.e3iSbxaKaheRe34Sa3yKbhiTahb0n6jAmljGr5XDqQLvpAe HTTP/1.1" 200 2
181.54.57.138 - - [28/Dec/2014:15:52:03 -0500] "POST /forms/lservlet;jsessionid=ac16012b30d5da712b5d11b243e8bd04f9565c341faf.e3iSbxaKaheRe34Sa3yKbhiTahb0n6jAmljGr5XDqQLvpAe HTTP/1.1" 200 2
181.54.57.138 - - [28/Dec/2014:15:52:03 -0500] "POST /forms/lservlet;jsessionid=ac16012b30d5da712b5d11b243e8bd04f9565c341faf.e3iSbxaKaheRe34Sa3yKbhiTahb0n6jAmljGr5XDqQLvpAe HTTP/1.1" 200 699
188.165.15.78 - - [28/Dec/2014:15:52:03 -0500] "GET /BLA/resoluciones/RESOLUCIONES%202006/RES%202006%201201-1250/00001202.tif HTTP/1.1" 200 159790
181.54.57.138 - - [28/Dec/2014:15:52:03 -0500] "GET /imagenes/Srch_frw.gif HTTP/1.1" 200 925
181.54.57.138 - - [28/Dec/2014:15:52:03 -0500] "POST /forms/lservlet;jsessionid=ac16012b30d5da712b5d11b243e8bd04f9565c341faf.e3iSbxaKaheRe34Sa3yKbhiTahb0n6jAmljGr5XDqQLvpAe HTTP/1.1" 200 10
188.165.15.188 - - [28/Dec/2014:15:52:11 -0500] "GET /BLA/resoluciones/RESOLUCIONES%202004/RES%202004%201001-1050/00001003.tif HTTP/1.1" 200 175232
188.165.15.10 - - [28/Dec/2014:15:52:18 -0500] "GET /BLA/resoluciones/RESOLUCIONES%202003/RES%202003%201151-1200/1197.tif HTTP/1.1" 200 255660
181.54.57.138 - - [28/Dec/2014:15:52:23 -0500] "POST /forms/lservlet;jsessionid=ac16012b30d5da712b5d11b243e8bd04f9565c341faf.e3iSbxaKaheRe34Sa3yKbhiTahb0n6jAmljGr5XDqQLvpAe HTTP/1.1" 200 24
181.54.57.138 - - [28/Dec/2014:15:52:23 -0500] "POST /forms/lservlet;jsessionid=ac16012b30d5da712b5d11b243e8bd04f9565c341faf.e3iSbxaKaheRe34Sa3yKbhiTahb0n6jAmljGr5XDqQLvpAe HTTP/1.1" 200 4264
181.54.57.138 - - [28/Dec/2014:15:52:24 -0500] "POST /forms/lservlet;jsessionid=ac16012b30d5da712b5d11b243e8bd04f9565c341faf.e3iSbxaKaheRe34Sa3yKbhiTahb0n6jAmljGr5XDqQLvpAe HTTP/1.1" 200 2
181.54.57.138 - - [28/Dec/2014:15:52:25 -0500] "POST /forms/lservlet;jsessionid=ac16012b30d5da712b5d11b243e8bd04f9565c341faf.e3iSbxaKaheRe34Sa3yKbhiTahb0n6jAmljGr5XDqQLvpAe HTTP/1.1" 200 283
181.54.57.138 - - [28/Dec/2014:15:52:26 -0500] "POST /forms/lservlet;jsessionid=ac16012b30d5da712b5d11b243e8bd04f9565c341faf.e3iSbxaKaheRe34Sa3yKbhiTahb0n6jAmljGr5XDqQLvpAe HTTP/1.1" 200 364
181.54.57.138 - - [28/Dec/2014:15:52:26 -0500] "POST /forms/lservlet;jsessionid=ac16012b30d5da712b5d11b243e8bd04f9565c341faf.e3iSbxaKaheRe34Sa3yKbhiTahb0n6jAmljGr5XDqQLvpAe HTTP/1.1" 200 364
181.54.57.138 - - [28/Dec/2014:15:52:27 -0500] "POST /forms/lservlet;jsessionid=ac16012b30d5da712b5d11b243e8bd04f9565c341faf.e3iSbxaKaheRe34Sa3yKbhiTahb0n6jAmljGr5XDqQLvpAe HTTP/1.1" 200 364
181.54.57.138 - - [28/Dec/2014:15:52:27 -0500] "POST /forms/lservlet;jsessionid=ac16012b30d5da712b5d11b243e8bd04f9565c341faf.e3iSbxaKaheRe34Sa3yKbhiTahb0n6jAmljGr5XDqQLvpAe HTTP/1.1" 200 390
181.54.57.138 - - [28/Dec/2014:15:52:27 -0500] "POST /forms/lservlet;jsessionid=ac16012b30d5da712b5d11b243e8bd04f9565c341faf.e3iSbxaKaheRe34Sa3yKbhiTahb0n6jAmljGr5XDqQLvpAe HTTP/1.1" 200 2
181.54.57.138 - - [28/Dec/2014:15:52:27 -0500] "POST /forms/lservlet;jsessionid=ac16012b30d5da712b5d11b243e8bd04f9565c341faf.e3iSbxaKaheRe34Sa3yKbhiTahb0n6jAmljGr5XDqQLvpAe HTTP/1.1" 200 34
181.54.57.138 - - [28/Dec/2014:15:52:28 -0500] "POST /forms/lservlet;jsessionid=ac16012b30d5da712b5d11b243e8bd04f9565c341faf.e3iSbxaKaheRe34Sa3yKbhiTahb0n6jAmljGr5XDqQLvpAe HTTP/1.1" 200 339
181.54.57.138 - - [28/Dec/2014:15:52:29 -0500] "POST /forms/lservlet;jsessionid=ac16012b30d5da712b5d11b243e8bd04f9565c341faf.e3iSbxaKaheRe34Sa3yKbhiTahb0n6jAmljGr5XDqQLvpAe HTTP/1.1" 200 61
188.165.15.78 - - [28/Dec/2014:15:52:38 -0500] "GET /BLA/resoluciones/RESOLUCIONES%202006/RES%202006%201601-1650/00001625.tif HTTP/1.1" 200 174826
190.147.131.52 - - [28/Dec/2014:15:52:44 -0500] "POST /forms/lservlet;jsessionid=ac16012b30d5c4a8be8ccc53449b9be8c0d8c2531401.e3iSbxaKaheRe34Sa3yKbhiTahb0n6jAmljGr5XDqQLvpAe HTTP/1.1" 200 2
181.54.57.138 - - [28/Dec/2014:15:53:18 -0500] "POST /forms/lservlet;jsessionid=ac16012b30d5da712b5d11b243e8bd04f9565c341faf.e3iSbxaKaheRe34Sa3yKbhiTahb0n6jAmljGr5XDqQLvpAe HTTP/1.1" 200 154
181.54.57.138 - - [28/Dec/2014:15:53:20 -0500] "POST /forms/lservlet;jsessionid=ac16012b30d5da712b5d11b243e8bd04f9565c341faf.e3iSbxaKaheRe34Sa3yKbhiTahb0n6jAmljGr5XDqQLvpAe HTTP/1.1" 200 64
201.184.136.50 - - [28/Dec/2014:15:53:26 -0500] "GET /forest/session.jsp?a=0.6618688714224845 HTTP/1.1" 200 4
181.54.57.138 - - [28/Dec/2014:15:53:32 -0500] "POST /forms/lservlet;jsessionid=ac16012b30d5da712b5d11b243e8bd04f9565c341faf.e3iSbxaKaheRe34Sa3yKbhiTahb0n6jAmljGr5XDqQLvpAe HTTP/1.1" 200 136
66.249.64.171 - - [28/Dec/2014:15:53:35 -0500] "GET /BLA/resoluciones/RESOLUCIONES%202013/1129.pdf HTTP/1.1" 200 773099
181.54.57.138 - - [28/Dec/2014:15:53:44 -0500] "POST /forms/lservlet;jsessionid=ac16012b30d5da712b5d11b243e8bd04f9565c341faf.e3iSbxaKaheRe34Sa3yKbhiTahb0n6jAmljGr5XDqQLvpAe HTTP/1.1" 200 135
181.54.57.138 - - [28/Dec/2014:15:53:45 -0500] "POST /forms/lservlet;jsessionid=ac16012b30d5da712b5d11b243e8bd04f9565c341faf.e3iSbxaKaheRe34Sa3yKbhiTahb0n6jAmljGr5XDqQLvpAe HTTP/1.1" 200 123
181.54.57.138 - - [28/Dec/2014:15:53:56 -0500] "POST /forms/lservlet;jsessionid=ac16012b30d5da712b5d11b243e8bd04f9565c341faf.e3iSbxaKaheRe34Sa3yKbhiTahb0n6jAmljGr5XDqQLvpAe HTTP/1.1" 200 2
181.54.57.138 - - [28/Dec/2014:15:53:57 -0500] "POST /forms/lservlet;jsessionid=ac16012b30d5da712b5d11b243e8bd04f9565c341faf.e3iSbxaKaheRe34Sa3yKbhiTahb0n6jAmljGr5XDqQLvpAe HTTP/1.1" 200 123
181.54.57.138 - - [28/Dec/2014:15:54:13 -0500] "POST /forms/lservlet;jsessionid=ac16012b30d5da712b5d11b243e8bd04f9565c341faf.e3iSbxaKaheRe34Sa3yKbhiTahb0n6jAmljGr5XDqQLvpAe HTTP/1.1" 200 123
202.46.52.29 - - [28/Dec/2014:15:54:15 -0500] "GET / HTTP/1.1" 302 -
188.165.15.85 - - [28/Dec/2014:15:54:20 -0500] "GET /BLA/resoluciones/RESOLUCIONES%202004/RES%202004%202201-2250/00002238.tif HTTP/1.1" 200 197816
181.54.57.138 - - [28/Dec/2014:15:54:21 -0500] "POST /forms/lservlet;jsessionid=ac16012b30d5da712b5d11b243e8bd04f9565c341faf.e3iSbxaKaheRe34Sa3yKbhiTahb0n6jAmljGr5XDqQLvpAe HTTP/1.1" 200 123
181.54.57.138 - - [28/Dec/2014:15:54:37 -0500] "POST /forms/lservlet;jsessionid=ac16012b30d5da712b5d11b243e8bd04f9565c341faf.e3iSbxaKaheRe34Sa3yKbhiTahb0n6jAmljGr5XDqQLvpAe HTTP/1.1" 200 341
181.54.57.138 - - [28/Dec/2014:15:54:42 -0500] "POST /forms/lservlet;jsessionid=ac16012b30d5da712b5d11b243e8bd04f9565c341faf.e3iSbxaKaheRe34Sa3yKbhiTahb0n6jAmljGr5XDqQLvpAe HTTP/1.1" 200 55
190.147.131.52 - - [28/Dec/2014:15:54:44 -0500] "POST /forms/lservlet;jsessionid=ac16012b30d5c4a8be8ccc53449b9be8c0d8c2531401.e3iSbxaKaheRe34Sa3yKbhiTahb0n6jAmljGr5XDqQLvpAe HTTP/1.1" 200 2
181.54.57.138 - - [28/Dec/2014:15:54:46 -0500] "POST /forms/lservlet;jsessionid=ac16012b30d5da712b5d11b243e8bd04f9565c341faf.e3iSbxaKaheRe34Sa3yKbhiTahb0n6jAmljGr5XDqQLvpAe HTTP/1.1" 200 2
181.54.57.138 - - [28/Dec/2014:15:54:46 -0500] "POST /forms/lservlet;jsessionid=ac16012b30d5da712b5d11b243e8bd04f9565c341faf.e3iSbxaKaheRe34Sa3yKbhiTahb0n6jAmljGr5XDqQLvpAe HTTP/1.1" 200 102
181.54.57.138 - - [28/Dec/2014:15:54:46 -0500] "POST /forms/lservlet;jsessionid=ac16012b30d5da712b5d11b243e8bd04f9565c341faf.e3iSbxaKaheRe34Sa3yKbhiTahb0n6jAmljGr5XDqQLvpAe HTTP/1.1" 200 2
181.54.57.138 - - [28/Dec/2014:15:54:47 -0500] "POST /forms/lservlet;jsessionid=ac16012b30d5da712b5d11b243e8bd04f9565c341faf.e3iSbxaKaheRe34Sa3yKbhiTahb0n6jAmljGr5XDqQLvpAe HTTP/1.1" 200 2
181.54.57.138 - - [28/Dec/2014:15:54:47 -0500] "POST /forms/lservlet;jsessionid=ac16012b30d5da712b5d11b243e8bd04f9565c341faf.e3iSbxaKaheRe34Sa3yKbhiTahb0n6jAmljGr5XDqQLvpAe HTTP/1.1" 200 2029
181.54.57.138 - - [28/Dec/2014:15:54:47 -0500] "POST /forms/lservlet;jsessionid=ac16012b30d5da712b5d11b243e8bd04f9565c341faf.e3iSbxaKaheRe34Sa3yKbhiTahb0n6jAmljGr5XDqQLvpAe HTTP/1.1" 200 78
181.207.219.180 - - [28/Dec/2014:15:54:56 -0500] "GET /galeria/nivo-slider/demo/demo.html HTTP/1.1" 304 -
181.207.219.180 - - [28/Dec/2014:15:54:57 -0500] "GET /galeria/nivo-slider/demo/images/bolsas-06.jpg HTTP/1.1" 304 -
181.207.219.180 - - [28/Dec/2014:15:54:57 -0500] "GET /galeria/nivo-slider/demo/images/bolsas-08.jpg HTTP/1.1" 304 -
181.207.219.180 - - [28/Dec/2014:15:54:57 -0500] "GET /galeria/nivo-slider/demo/images/Ruta-vertimientos-01.jpg HTTP/1.1" 304 -
190.84.185.167 - - [28/Dec/2014:15:55:09 -0500] "GET /forest/session.jsp?a=0.3480344619601965 HTTP/1.1" 200 5
190.84.185.167 - - [28/Dec/2014:15:55:09 -0500] "GET /forest/login.jsp?a=0.5975669510662556 HTTP/1.1" 200 2996
188.165.15.188 - - [28/Dec/2014:15:55:19 -0500] "GET /BLA/resoluciones/RESOLUCIONES%202004/RES%202004%201701-1750/00001708.tif HTTP/1.1" 200 143826
66.249.64.167 - - [28/Dec/2014:15:55:28 -0500] "GET /BLA/resoluciones/Notificaciones/AUTOS%202014/5840.doc HTTP/1.1" 200 152064
74.86.158.107 - - [28/Dec/2014:15:55:36 -0500] "HEAD / HTTP/1.1" 302 -
180.76.6.62 - - [28/Dec/2014:15:55:41 -0500] "GET /BLA/resoluciones/RESOLUCIONES%202007/RES%202007%20201%20AL%20300/RESOLUCION%200254%20DE%202007.pdf HTTP/1.1" 200 262329
181.54.57.138 - - [28/Dec/2014:15:55:56 -0500] "POST /forms/lservlet;jsessionid=ac16012b30d5da712b5d11b243e8bd04f9565c341faf.e3iSbxaKaheRe34Sa3yKbhiTahb0n6jAmljGr5XDqQLvpAe HTTP/1.1" 200 2
188.165.15.26 - - [28/Dec/2014:15:56:18 -0500] "GET /BLA/resoluciones/RESOLUCIONES%202004/RES%202004%202201-2250/00002229.tif HTTP/1.1" 200 60020
188.165.15.85 - - [28/Dec/2014:15:56:42 -0500] "GET /BLA/resoluciones/RESOLUCIONES%202006/RES%202006%20101-150/00000147.tif HTTP/1.1" 200 221794
190.147.131.52 - - [28/Dec/2014:15:56:44 -0500] "POST /forms/lservlet;jsessionid=ac16012b30d5c4a8be8ccc53449b9be8c0d8c2531401.e3iSbxaKaheRe34Sa3yKbhiTahb0n6jAmljGr5XDqQLvpAe HTTP/1.1" 200 2
66.249.64.163 - - [28/Dec/2014:15:56:44 -0500] "GET /BLA/resoluciones/RESOLUCIONES%202011/2847.pdf HTTP/1.1" 200 725216
181.54.57.138 - - [28/Dec/2014:15:57:57 -0500] "POST /forms/lservlet;jsessionid=ac16012b30d5da712b5d11b243e8bd04f9565c341faf.e3iSbxaKaheRe34Sa3yKbhiTahb0n6jAmljGr5XDqQLvpAe HTTP/1.1" 200 2
201.184.136.50 - - [28/Dec/2014:15:58:27 -0500] "GET /forest/session.jsp?a=0.4494161461479962 HTTP/1.1" 200 4
188.165.15.44 - - [28/Dec/2014:15:58:36 -0500] "GET /BLA/resoluciones/RESOLUCIONES%202004/RES%202004%201351-1400/00001373.tif HTTP/1.1" 200 85910
157.55.39.166 - - [28/Dec/2014:15:58:44 -0500] "GET /php/reqpot.php HTTP/1.1" 404 1018
190.147.131.52 - - [28/Dec/2014:15:58:44 -0500] "POST /forms/lservlet;jsessionid=ac16012b30d5c4a8be8ccc53449b9be8c0d8c2531401.e3iSbxaKaheRe34Sa3yKbhiTahb0n6jAmljGr5XDqQLvpAe HTTP/1.1" 200 2
188.165.15.10 - - [28/Dec/2014:15:59:12 -0500] "GET /BLA/resoluciones/RESOLUCIONES%202002/RES%202002%20501-550/00000509.tif HTTP/1.1" 200 73002
181.61.11.63 - - [28/Dec/2014:15:59:13 -0500] "GET /galeria/carrusel/Carrusel/jquery.thumbnailScroller.css HTTP/1.1" 200 2066
181.61.11.63 - - [28/Dec/2014:15:59:13 -0500] "GET /BLA/boletinlegal/js/jquery.js HTTP/1.1" 200 57254
181.61.11.63 - - [28/Dec/2014:15:59:13 -0500] "GET /BLA/boletinlegal/js/jquery.scrollTo-min.js HTTP/1.1" 200 1150
181.61.11.63 - - [28/Dec/2014:15:59:13 -0500] "GET /galeria/carrusel/Carrusel/jquery-ui-1.8.13.custom.min.js HTTP/1.1" 200 10800
181.61.11.63 - - [28/Dec/2014:15:59:13 -0500] "GET /BLA/boletinlegal/js/jquery.scrollShow.js HTTP/1.1" 200 4586
181.61.11.63 - - [28/Dec/2014:15:59:13 -0500] "GET /galeria/carrusel/Carrusel/jquery.thumbnailScroller.js HTTP/1.1" 200 8157
181.61.11.63 - - [28/Dec/2014:15:59:17 -0500] "GET /galeria/nivo-slider/demo/demo.html HTTP/1.1" 200 3237
181.61.11.63 - - [28/Dec/2014:15:59:18 -0500] "GET /galeria/nivo-slider/themes/default/default.css HTTP/1.1" 200 1569
181.61.11.63 - - [28/Dec/2014:15:59:18 -0500] "GET /galeria/nivo-slider/themes/orman/orman.css HTTP/1.1" 200 2152
181.61.11.63 - - [28/Dec/2014:15:59:18 -0500] "GET /galeria/nivo-slider/themes/pascal/pascal.css HTTP/1.1" 200 2258
181.61.11.63 - - [28/Dec/2014:15:59:18 -0500] "GET /galeria/nivo-slider/nivo-slider.css HTTP/1.1" 200 1507
181.61.11.63 - - [28/Dec/2014:15:59:18 -0500] "GET /galeria/nivo-slider/demo/style.css HTTP/1.1" 200 2222
181.61.11.63 - - [28/Dec/2014:15:59:18 -0500] "GET /galeria/nivo-slider/demo/scripts/jquery-1.7.1.min.js HTTP/1.1" 200 93868
181.61.11.63 - - [28/Dec/2014:15:59:19 -0500] "GET /galeria/nivo-slider/jquery.nivo.slider.pack.js HTTP/1.1" 200 11561
181.61.11.63 - - [28/Dec/2014:15:59:19 -0500] "GET /galeria/nivo-slider/demo/images/4Simple_Slider.png HTTP/1.1" 200 11722
181.61.11.63 - - [28/Dec/2014:15:59:19 -0500] "GET /galeria/nivo-slider/themes/default/loading.gif HTTP/1.1" 200 1737
181.61.11.63 - - [28/Dec/2014:15:59:21 -0500] "GET /galeria/nivo-slider/demo/images/Ruta-vertimientos-01.jpg HTTP/1.1" 200 130151
181.61.11.63 - - [28/Dec/2014:15:59:21 -0500] "GET /galeria/nivo-slider/demo/images/bolsas-06.jpg HTTP/1.1" 200 90982
181.61.11.63 - - [28/Dec/2014:15:59:21 -0500] "GET /galeria/nivo-slider/demo/images/bolsas-08.jpg HTTP/1.1" 200 85589
181.61.11.63 - - [28/Dec/2014:15:59:21 -0500] "GET /galeria/nivo-slider/demo/images/ecolecta-Dic2014.png HTTP/1.1" 200 288593
181.61.11.63 - - [28/Dec/2014:15:59:21 -0500] "GET /galeria/nivo-slider/demo/images/Banner-GAE3.jpg HTTP/1.1" 200 146354
181.61.11.63 - - [28/Dec/2014:15:59:23 -0500] "GET /galeria/nivo-slider/demo/images/porloshumedales.jpg HTTP/1.1" 200 351238
181.61.11.63 - - [28/Dec/2014:15:59:25 -0500] "GET /galeria/nivo-slider/demo/images/Tingua-azul.jpg HTTP/1.1" 200 307638
181.61.11.63 - - [28/Dec/2014:15:59:29 -0500] "GET /galeria/nivo-slider/demo/images/Banner-Caracol-Africano.jpg HTTP/1.1" 200 331986
181.61.11.63 - - [28/Dec/2014:15:59:33 -0500] "GET /galeria/nivo-slider/demo/images/banner-redes.jpg HTTP/1.1" 200 62209
181.61.11.63 - - [28/Dec/2014:15:59:33 -0500] "GET /galeria/nivo-slider/demo/images/9Signos.jpg HTTP/1.1" 200 93040
181.61.11.63 - - [28/Dec/2014:15:59:33 -0500] "GET /galeria/nivo-slider/demo/images/banner-llantas2.jpg HTTP/1.1" 200 73153
181.61.11.63 - - [28/Dec/2014:15:59:35 -0500] "GET /galeria/nivo-slider/demo/images/banner-caballos.png HTTP/1.1" 200 389106
181.61.11.63 - - [28/Dec/2014:15:59:39 -0500] "GET /videos/Spot_CambioClimatico.flv HTTP/1.1" 200 4371917
190.84.185.167 - - [28/Dec/2014:15:59:42 -0500] "POST /forest/actions/manager.login?group_system_actual=3 HTTP/1.1" 200 14
190.84.185.167 - - [28/Dec/2014:15:59:43 -0500] "GET /forest/session.jsp?a=0.3967583114281297 HTTP/1.1" 200 4
181.61.11.63 - - [28/Dec/2014:15:59:44 -0500] "GET /galeria/nivo-slider/themes/default/bullets.png HTTP/1.1" 200 1281
181.61.11.63 - - [28/Dec/2014:15:59:44 -0500] "GET /galeria/nivo-slider/themes/default/arrows.png HTTP/1.1" 200 824
66.249.64.171 - - [28/Dec/2014:15:59:54 -0500] "GET /BLA/resoluciones/AUTOS%202014/1133.pdf HTTP/1.1" 200 411250
181.54.57.138 - - [28/Dec/2014:15:59:57 -0500] "POST /forms/lservlet;jsessionid=ac16012b30d5da712b5d11b243e8bd04f9565c341faf.e3iSbxaKaheRe34Sa3yKbhiTahb0n6jAmljGr5XDqQLvpAe HTTP/1.1" 200 2
181.54.80.24 - - [28/Dec/2014:16:00:05 -0500] "GET /BLA/boletinlegal/js/jquery.js HTTP/1.1" 200 57254
181.54.80.24 - - [28/Dec/2014:16:00:05 -0500] "GET /BLA/boletinlegal/js/jquery.scrollTo-min.js HTTP/1.1" 200 1150
181.54.80.24 - - [28/Dec/2014:16:00:05 -0500] "GET /BLA/boletinlegal/js/jquery.scrollShow.js HTTP/1.1" 200 4586
180.76.6.64 - - [28/Dec/2014:16:00:28 -0500] "GET /BLA/resoluciones/RESOLUCIONES%202011/1389.pdf HTTP/1.1" 200 67227
167.56.72.94 - - [28/Dec/2014:16:00:34 -0500] "GET /BLA/boletinlegal/js/jquery.js HTTP/1.1" 200 57254
167.56.72.94 - - [28/Dec/2014:16:00:34 -0500] "GET /BLA/boletinlegal/js/jquery.scrollTo-min.js HTTP/1.1" 200 1150
167.56.72.94 - - [28/Dec/2014:16:00:34 -0500] "GET /BLA/boletinlegal/js/jquery.scrollShow.js HTTP/1.1" 200 4586
74.86.158.107 - - [28/Dec/2014:16:00:36 -0500] "HEAD / HTTP/1.1" 302 -
190.147.131.52 - - [28/Dec/2014:16:00:44 -0500] "POST /forms/lservlet;jsessionid=ac16012b30d5c4a8be8ccc53449b9be8c0d8c2531401.e3iSbxaKaheRe34Sa3yKbhiTahb0n6jAmljGr5XDqQLvpAe HTTP/1.1" 200 2
186.154.84.82 - - [28/Dec/2014:16:01:15 -0500] "GET /forest/session.jsp?a=0.23598882253281772 HTTP/1.1" 200 5
186.154.84.82 - - [28/Dec/2014:16:01:16 -0500] "GET /forest/login.jsp?a=0.22829238465055823 HTTP/1.1" 200 2996
186.154.84.82 - - [28/Dec/2014:16:01:18 -0500] "POST /forest/actions/manager.login?group_system_actual=3 HTTP/1.1" 200 14
186.154.84.82 - - [28/Dec/2014:16:01:19 -0500] "GET /forest/session.jsp?a=0.5494632923509926 HTTP/1.1" 200 4
190.24.196.76 - - [28/Dec/2014:16:01:31 -0500] "GET /BLA/resoluciones/AUTOS%202011/2705.pdf HTTP/1.1" 200 274195
190.24.196.76 - - [28/Dec/2014:16:01:32 -0500] "GET /favicon.ico HTTP/1.1" 200 7782
181.54.57.138 - - [28/Dec/2014:16:01:57 -0500] "POST /forms/lservlet;jsessionid=ac16012b30d5da712b5d11b243e8bd04f9565c341faf.e3iSbxaKaheRe34Sa3yKbhiTahb0n6jAmljGr5XDqQLvpAe HTTP/1.1" 200 2
185.10.104.132 - - [28/Dec/2014:16:02:22 -0500] "GET /BLA/resoluciones/RESOLUCIONES%202007/RES%202007%20201%20AL%20300/RESOLUCION%200203%20DE%202007.pdf HTTP/1.1" 200 26849
188.165.15.78 - - [28/Dec/2014:16:02:44 -0500] "GET /BLA/resoluciones/index.php?dir=RESOLUCIONES%202005/RES%202005%201-50/RES%202005%201-50/&sort=date&order=desc HTTP/1.1" 200 2510
190.147.131.52 - - [28/Dec/2014:16:02:45 -0500] "POST /forms/lservlet;jsessionid=ac16012b30d5c4a8be8ccc53449b9be8c0d8c2531401.e3iSbxaKaheRe34Sa3yKbhiTahb0n6jAmljGr5XDqQLvpAe HTTP/1.1" 200 2
190.25.232.143 - - [28/Dec/2014:16:02:47 -0500] "GET /StormSDA/userFiles/94.jar HTTP/1.1" 304 -
201.184.136.50 - - [28/Dec/2014:16:03:28 -0500] "GET /forest/session.jsp?a=0.1046538942027837 HTTP/1.1" 200 4
188.165.15.10 - - [28/Dec/2014:16:03:32 -0500] "GET /BLA/resoluciones/RESOLUCIONES%202003/RES%202003%201051-1100/1053.tif HTTP/1.1" 200 470224
190.27.150.178 - - [28/Dec/2014:16:03:37 -0500] "GET /BLA/boletinlegal/js/jquery.scrollTo-min.js HTTP/1.1" 200 1150
190.27.150.178 - - [28/Dec/2014:16:03:37 -0500] "GET /BLA/boletinlegal/js/jquery.scrollShow.js HTTP/1.1" 200 4586
190.27.150.178 - - [28/Dec/2014:16:03:38 -0500] "GET /BLA/boletinlegal/js/jquery.js HTTP/1.1" 200 57254
186.154.84.82 - - [28/Dec/2014:16:03:56 -0500] "GET /forest/misactividades.do?group_system_actual=3&codPro=95&_a=0.02651382303734162 HTTP/1.1" 200 38504
181.54.57.138 - - [28/Dec/2014:16:03:57 -0500] "POST /forms/lservlet;jsessionid=ac16012b30d5da712b5d11b243e8bd04f9565c341faf.e3iSbxaKaheRe34Sa3yKbhiTahb0n6jAmljGr5XDqQLvpAe HTTP/1.1" 200 2
186.154.84.82 - - [28/Dec/2014:16:03:57 -0500] "GET /forest/skins/gdocs-jar/jsp/cookie.jsp?name=grid_nompro&del HTTP/1.1" 200 -
186.154.84.82 - - [28/Dec/2014:16:03:57 -0500] "GET /forest/session.jsp?a=0.4338771542534232 HTTP/1.1" 200 4
186.154.84.82 - - [28/Dec/2014:16:03:57 -0500] "POST /forest/misactividades.do?ajax=true&a=0.5051482489798218 HTTP/1.1" 200 11463
186.154.84.82 - - [28/Dec/2014:16:04:10 -0500] "POST /forest/misactividades.do?ajax=true&a=0.4875748702324927 HTTP/1.1" 200 12020
186.154.84.82 - - [28/Dec/2014:16:04:12 -0500] "POST /forest/misactividades.do?ajax=true&a=0.3993995850905776 HTTP/1.1" 200 12538
186.154.84.82 - - [28/Dec/2014:16:04:12 -0500] "POST /forest/misactividades.do?ajax=true&a=0.3502887808717787 HTTP/1.1" 200 11877
186.154.84.82 - - [28/Dec/2014:16:04:13 -0500] "POST /forest/misactividades.do?ajax=true&a=0.7917302844580263 HTTP/1.1" 200 12518
186.154.84.82 - - [28/Dec/2014:16:04:15 -0500] "POST /forest/misactividades.do?ajax=true&a=0.1520768094342202 HTTP/1.1" 200 11732
186.154.84.82 - - [28/Dec/2014:16:04:16 -0500] "POST /forest/misactividades.do?ajax=true&a=0.9792749979533255 HTTP/1.1" 200 12148
186.154.84.82 - - [28/Dec/2014:16:04:18 -0500] "POST /forest/misactividades.do?ajax=true&a=0.12077893409878016 HTTP/1.1" 200 13084
188.165.15.192 - - [28/Dec/2014:16:04:25 -0500] "GET /BLA/resoluciones/RESOLUCIONES%202004/RES%202004%201951-2000/00001978.tif HTTP/1.1" 200 162412
190.84.185.167 - - [28/Dec/2014:16:04:44 -0500] "GET /forest/session.jsp?a=0.8656061794608831 HTTP/1.1" 200 4
190.147.131.52 - - [28/Dec/2014:16:04:45 -0500] "POST /forms/lservlet;jsessionid=ac16012b30d5c4a8be8ccc53449b9be8c0d8c2531401.e3iSbxaKaheRe34Sa3yKbhiTahb0n6jAmljGr5XDqQLvpAe HTTP/1.1" 200 2
74.86.158.107 - - [28/Dec/2014:16:05:36 -0500] "HEAD / HTTP/1.1" 302 -
201.184.136.50 - - [28/Dec/2014:16:05:41 -0500] "GET /forest/actions/forms.getMappedValues?id=localidadvisita402&value=9&codForm=contec&a=0.29929488990455866 HTTP/1.1" 200 23
188.165.15.10 - - [28/Dec/2014:16:05:55 -0500] "GET /BLA/resoluciones/RESOLUCIONES%202004/RES%202004%2051-100/00000058.tif HTTP/1.1" 200 97600
181.54.57.138 - - [28/Dec/2014:16:05:57 -0500] "POST /forms/lservlet;jsessionid=ac16012b30d5da712b5d11b243e8bd04f9565c341faf.e3iSbxaKaheRe34Sa3yKbhiTahb0n6jAmljGr5XDqQLvpAe HTTP/1.1" 200 2
188.165.15.208 - - [28/Dec/2014:16:06:14 -0500] "GET /BLA/resoluciones/RESOLUCIONES%202005/RES%202005%201501-1550/00001501.tif HTTP/1.1" 200 32726
190.147.131.52 - - [28/Dec/2014:16:06:45 -0500] "POST /forms/lservlet;jsessionid=ac16012b30d5c4a8be8ccc53449b9be8c0d8c2531401.e3iSbxaKaheRe34Sa3yKbhiTahb0n6jAmljGr5XDqQLvpAe HTTP/1.1" 200 2
100.43.85.25 - - [28/Dec/2014:16:07:09 -0500] "GET /PruebasSTORM/StormSDA_pruebas/stormWeb/img/nombre.png HTTP/1.1" 200 24401
181.54.57.138 - - [28/Dec/2014:16:07:57 -0500] "POST /forms/lservlet;jsessionid=ac16012b30d5da712b5d11b243e8bd04f9565c341faf.e3iSbxaKaheRe34Sa3yKbhiTahb0n6jAmljGr5XDqQLvpAe HTTP/1.1" 200 2
201.184.136.50 - - [28/Dec/2014:16:08:29 -0500] "GET /forest/session.jsp?a=0.88022654899396 HTTP/1.1" 200 4
188.165.15.192 - - [28/Dec/2014:16:08:42 -0500] "GET /BLA/resoluciones/RESOLUCIONES%202004/RES%202004%20701-750/00000737.tif HTTP/1.1" 200 201702
66.249.64.171 - - [28/Dec/2014:16:08:43 -0500] "GET /BLA/resoluciones/RESOLUCIONES%202006/RES%202006%20%202851-2900/00002877.tif HTTP/1.1" 200 37860
190.147.131.52 - - [28/Dec/2014:16:08:45 -0500] "POST /forms/lservlet;jsessionid=ac16012b30d5c4a8be8ccc53449b9be8c0d8c2531401.e3iSbxaKaheRe34Sa3yKbhiTahb0n6jAmljGr5XDqQLvpAe HTTP/1.1" 200 2
186.154.84.82 - - [28/Dec/2014:16:08:51 -0500] "GET /forest/logout-redirect.jsp HTTP/1.1" 302 -
186.154.84.82 - - [28/Dec/2014:16:08:51 -0500] "GET /forest/login.do HTTP/1.1" 200 12758
186.154.84.82 - - [28/Dec/2014:16:08:51 -0500] "GET /forest/img/inicio/1.gif HTTP/1.1" 304 -
186.154.84.82 - - [28/Dec/2014:16:08:51 -0500] "GET /forest/img/inicio/3.gif HTTP/1.1" 304 -
186.154.84.82 - - [28/Dec/2014:16:08:51 -0500] "GET /forest/img/inicio/4.gif HTTP/1.1" 304 -
186.154.84.82 - - [28/Dec/2014:16:08:51 -0500] "GET /forest/img/inicio/5.gif HTTP/1.1" 304 -
186.154.84.82 - - [28/Dec/2014:16:08:51 -0500] "GET /forest/img/inicio/6.gif HTTP/1.1" 304 -
186.154.84.82 - - [28/Dec/2014:16:08:51 -0500] "GET /forest/img/inicio/2.gif HTTP/1.1" 304 -
186.154.84.82 - - [28/Dec/2014:16:08:51 -0500] "GET /forest/img/inicio/7.gif HTTP/1.1" 304 -
186.154.84.82 - - [28/Dec/2014:16:09:19 -0500] "POST /forest/login.do HTTP/1.1" 302 -
186.154.84.82 - - [28/Dec/2014:16:09:20 -0500] "GET /forest/index2.jsp?a=0.6190903544979497 HTTP/1.1" 200 142392
186.154.84.82 - - [28/Dec/2014:16:09:21 -0500] "GET /forest/session.jsp?a=0.6986369371879846 HTTP/1.1" 200 4
190.25.232.143 - - [28/Dec/2014:16:09:32 -0500] "GET /StormSDA/userFiles/85.jar HTTP/1.1" 304 -
181.54.57.138 - - [28/Dec/2014:16:09:57 -0500] "POST /forms/lservlet;jsessionid=ac16012b30d5da712b5d11b243e8bd04f9565c341faf.e3iSbxaKaheRe34Sa3yKbhiTahb0n6jAmljGr5XDqQLvpAe HTTP/1.1" 200 2
186.154.84.82 - - [28/Dec/2014:16:10:12 -0500] "GET /forest/misactividades.do?group_system_actual=3&codPro=95&_a=0.7283934182103076 HTTP/1.1" 200 12758
74.86.158.107 - - [28/Dec/2014:16:10:36 -0500] "HEAD / HTTP/1.1" 302 -
186.154.84.82 - - [28/Dec/2014:16:10:43 -0500] "POST /forest/login.do HTTP/1.1" 302 -
186.154.84.82 - - [28/Dec/2014:16:10:44 -0500] "GET /forest/index2.jsp?a=0.900253056464568 HTTP/1.1" 200 142380
190.147.131.52 - - [28/Dec/2014:16:10:45 -0500] "POST /forms/lservlet;jsessionid=ac16012b30d5c4a8be8ccc53449b9be8c0d8c2531401.e3iSbxaKaheRe34Sa3yKbhiTahb0n6jAmljGr5XDqQLvpAe HTTP/1.1" 200 2
186.154.84.82 - - [28/Dec/2014:16:10:45 -0500] "GET /forest/session.jsp?a=0.7477271407842636 HTTP/1.1" 200 4
186.154.84.82 - - [28/Dec/2014:16:10:55 -0500] "GET /forest/misactividades.do?group_system_actual=3&codPro=134&_a=0.899100256919441 HTTP/1.1" 200 38181
186.154.84.82 - - [28/Dec/2014:16:10:55 -0500] "GET /forest/session.jsp?a=0.012231177184730768 HTTP/1.1" 200 4
186.154.84.82 - - [28/Dec/2014:16:10:56 -0500] "POST /forest/misactividades.do?ajax=true&a=0.2796981786377728 HTTP/1.1" 200 9700
186.154.84.82 - - [28/Dec/2014:16:11:16 -0500] "GET /forest/usutareas.do?_a=0.9627788600046188&group_system_actual=3 HTTP/1.1" 200 110308
186.154.84.82 - - [28/Dec/2014:16:11:18 -0500] "GET /forest/session.jsp?a=0.6702644431497902 HTTP/1.1" 200 4
186.154.84.82 - - [28/Dec/2014:16:11:18 -0500] "GET /forest/actions/forms.getMappedValues?id=id_Numeracion1&value=1419799776136&codForm=ElaborarDocumento&a=0.6814831085503101 HTTP/1.1" 200 109
186.154.84.82 - - [28/Dec/2014:16:11:18 -0500] "GET /forest/skins/gdocs-jar/img/info.jpg HTTP/1.1" 200 482
186.154.84.82 - - [28/Dec/2014:16:11:26 -0500] "GET /forest/borrador/1585204/Borrador%20juridico%202014-12-28.docx HTTP/1.1" 200 71996
180.76.6.152 - - [28/Dec/2014:16:11:36 -0500] "GET /BLA/resoluciones/Autos%202008/2707.pdf HTTP/1.1" 200 67984
181.54.57.138 - - [28/Dec/2014:16:11:57 -0500] "POST /forms/lservlet;jsessionid=ac16012b30d5da712b5d11b243e8bd04f9565c341faf.e3iSbxaKaheRe34Sa3yKbhiTahb0n6jAmljGr5XDqQLvpAe HTTP/1.1" 200 2
201.184.136.50 - - [28/Dec/2014:16:11:53 -0500] "POST /forest/usutareas.do? HTTP/1.1" 200 201
186.154.84.82 - - [28/Dec/2014:16:12:00 -0500] "GET /forest/actions/forms.getList?codForm=ElaborarDocumento&id=Fun_Destino17&text=s HTTP/1.1" 200 1258
186.154.84.82 - - [28/Dec/2014:16:12:00 -0500] "GET /forest/actions/forms.getList?codForm=ElaborarDocumento&id=Fun_Destino17&text=sa HTTP/1.1" 200 1276
186.154.84.82 - - [28/Dec/2014:16:12:01 -0500] "GET /forest/actions/forms.getList?codForm=ElaborarDocumento&id=Fun_Destino17&text=san HTTP/1.1" 200 1261
186.154.84.82 - - [28/Dec/2014:16:12:01 -0500] "GET /forest/actions/forms.getList?codForm=ElaborarDocumento&id=Fun_Destino17&text=sand HTTP/1.1" 200 1315
186.154.84.82 - - [28/Dec/2014:16:12:01 -0500] "GET /forest/actions/forms.getList?codForm=ElaborarDocumento&id=Fun_Destino17&text=sandr HTTP/1.1" 200 1320
186.154.84.82 - - [28/Dec/2014:16:12:01 -0500] "GET /forest/actions/forms.getList?codForm=ElaborarDocumento&id=Fun_Destino17&text=sandra HTTP/1.1" 200 1320
186.154.84.82 - - [28/Dec/2014:16:12:02 -0500] "GET /forest/actions/forms.getList?codForm=ElaborarDocumento&id=Fun_Destino17&text=sandra. HTTP/1.1" 200 1326
186.154.84.82 - - [28/Dec/2014:16:12:03 -0500] "GET /forest/actions/forms.getList?codForm=ElaborarDocumento&id=Fun_Destino17&text=sandra.m HTTP/1.1" 200 409
186.154.84.82 - - [28/Dec/2014:16:12:04 -0500] "GET /forest/actions/forms.getList?codForm=ElaborarDocumento&id=Fun_Destino17&text=sandra.mo HTTP/1.1" 200 276
186.154.84.82 - - [28/Dec/2014:16:12:04 -0500] "GET /forest/actions/forms.getList?codForm=ElaborarDocumento&id=Fun_Destino17&text=sandra.mon HTTP/1.1" 200 139
188.165.15.26 - - [28/Dec/2014:16:12:15 -0500] "GET /BLA/resoluciones/index.php?dir=RESOLUCIONES%202003/RES%202003%20451-500/&sort=size&order=desc HTTP/1.1" 200 11310
186.154.84.82 - - [28/Dec/2014:16:12:10 -0500] "POST /forest/usutareas.do? HTTP/1.1" 200 201
188.165.15.85 - - [28/Dec/2014:16:12:27 -0500] "GET /BLA/resoluciones/RESOLUCIONES%202003/RES%202003%201801-1850/20031807.tif HTTP/1.1" 200 44642
66.249.64.167 - - [28/Dec/2014:16:12:32 -0500] "GET /kmz/politica.kmz HTTP/1.1" 200 4553443
190.147.131.52 - - [28/Dec/2014:16:12:45 -0500] "POST /forms/lservlet;jsessionid=ac16012b30d5c4a8be8ccc53449b9be8c0d8c2531401.e3iSbxaKaheRe34Sa3yKbhiTahb0n6jAmljGr5XDqQLvpAe HTTP/1.1" 200 2
186.154.84.82 - - [28/Dec/2014:16:12:46 -0500] "POST /forest/usutareas.do? HTTP/1.1" 200 150
186.154.84.82 - - [28/Dec/2014:16:12:51 -0500] "GET /forest/actions/forms.getList?codForm=ElaborarDocumento&id=Fun_Destino17&text=Sandra%20Patricia%20Montoya%20Villarreal HTTP/1.1" 200 72
186.154.84.82 - - [28/Dec/2014:16:12:57 -0500] "POST /forest/usutareas.do? HTTP/1.1" 200 201
66.249.64.167 - - [28/Dec/2014:16:13:15 -0500] "GET /BLA/resoluciones/RESOLUCIONES%202005/RES%202005%20601-650/00000602.tif HTTP/1.1" 200 552020
186.154.84.82 - - [28/Dec/2014:16:13:17 -0500] "GET /forest/logout-redirect.jsp HTTP/1.1" 302 -
186.154.84.82 - - [28/Dec/2014:16:13:18 -0500] "GET /forest/login.do HTTP/1.1" 200 12758
201.184.136.50 - - [28/Dec/2014:16:13:29 -0500] "GET /forest/session.jsp?a=0.31619632453657687 HTTP/1.1" 200 4
186.154.84.82 - - [28/Dec/2014:16:11:17 -0500] "GET /ForestMSG_SDA/channelAsync/template_word_17195673?X-Atmosphere-tracking-id=82c133c4-1db9-a088-93d1-25f3ef4a3b9e&X-Atmosphere-Framework=1.0.5&X-Atmosphere-Transport=long-polling&tabid=0.47128171916119754&X-Cache-Date=0&Content-Type=application/xml&_=1419801232798 HTTP/1.1" 200 8193
181.54.57.138 - - [28/Dec/2014:16:13:57 -0500] "POST /forms/lservlet;jsessionid=ac16012b30d5da712b5d11b243e8bd04f9565c341faf.e3iSbxaKaheRe34Sa3yKbhiTahb0n6jAmljGr5XDqQLvpAe HTTP/1.1" 200 2
186.154.84.82 - - [28/Dec/2014:16:14:10 -0500] "POST /forest/login.do HTTP/1.1" 302 -
186.154.84.82 - - [28/Dec/2014:16:14:11 -0500] "GET /forest/index2.jsp?a=0.3075804625765739 HTTP/1.1" 200 321546
186.154.84.82 - - [28/Dec/2014:16:14:19 -0500] "GET /forest/session.jsp?a=0.08495030691847205 HTTP/1.1" 200 4
190.147.131.52 - - [28/Dec/2014:16:14:45 -0500] "POST /forms/lservlet;jsessionid=ac16012b30d5c4a8be8ccc53449b9be8c0d8c2531401.e3iSbxaKaheRe34Sa3yKbhiTahb0n6jAmljGr5XDqQLvpAe HTTP/1.1" 200 2
186.154.84.82 - - [28/Dec/2014:16:14:50 -0500] "GET /forest/misactividades.do?group_system_actual=3&codPro=144&_a=0.5980402772850965 HTTP/1.1" 200 38577
186.154.84.82 - - [28/Dec/2014:16:14:51 -0500] "GET /forest/skins/gdocs-jar/jsp/cookie.jsp?name=grid_nompro&del HTTP/1.1" 200 -
186.154.84.82 - - [28/Dec/2014:16:14:51 -0500] "GET /forest/session.jsp?a=0.19928483688272536 HTTP/1.1" 200 4
