190.26.160.110 - - [28/Dec/2014:17:46:15 -0500] "POST /forms/lservlet;jsessionid=ac16012b30d58c2cea58f4174cf38154993ad5e72ec1.e3iSbxaKaheRe34Sa3yKbhiTahb0n6jAmljGr5XDqQLvpAe HTTP/1.1" 200 2375
190.26.160.110 - - [28/Dec/2014:17:46:16 -0500] "POST /forms/lservlet;jsessionid=ac16012b30d58c2cea58f4174cf38154993ad5e72ec1.e3iSbxaKaheRe34Sa3yKbhiTahb0n6jAmljGr5XDqQLvpAe HTTP/1.1" 200 20
188.165.15.208 - - [28/Dec/2014:17:46:20 -0500] "GET /BLA/resoluciones/RESOLUCIONES%202004/RES%202004%201201-1250/00001234.tif HTTP/1.1" 200 171442
186.81.213.158 - - [28/Dec/2014:17:46:24 -0500] "GET /BLA/boletinlegal/js/jquery.scrollTo-min.js HTTP/1.1" 200 1150
186.81.213.158 - - [28/Dec/2014:17:46:24 -0500] "GET /BLA/boletinlegal/js/jquery.scrollShow.js HTTP/1.1" 200 4586
186.81.213.158 - - [28/Dec/2014:17:46:24 -0500] "GET /BLA/boletinlegal/js/jquery.js HTTP/1.1" 200 57254
190.26.160.110 - - [28/Dec/2014:17:46:27 -0500] "POST /forms/lservlet;jsessionid=ac16012b30d58c2cea58f4174cf38154993ad5e72ec1.e3iSbxaKaheRe34Sa3yKbhiTahb0n6jAmljGr5XDqQLvpAe HTTP/1.1" 200 102
188.165.15.192 - - [28/Dec/2014:17:46:31 -0500] "GET /BLA/resoluciones/RESOLUCIONES%202003/RES%202003%20601-650/631.tif HTTP/1.1" 200 105404
190.147.131.52 - - [28/Dec/2014:17:46:48 -0500] "POST /forms/lservlet;jsessionid=ac16012b30d5c4a8be8ccc53449b9be8c0d8c2531401.e3iSbxaKaheRe34Sa3yKbhiTahb0n6jAmljGr5XDqQLvpAe HTTP/1.1" 200 2
186.28.223.7 - - [28/Dec/2014:17:47:05 -0500] "GET /videos/galeria-fotografica/index12.html? HTTP/1.1" 200 1971
186.28.223.7 - - [28/Dec/2014:17:47:05 -0500] "GET /videos/galeria-fotografica/js/jquery-flickr-gallery/jquery-flickr.css HTTP/1.1" 200 711
186.28.223.7 - - [28/Dec/2014:17:47:05 -0500] "GET /videos/galeria-fotografica/js/jquery-flickr-gallery/jquery-flickr-gallery.js HTTP/1.1" 200 9050
186.28.223.7 - - [28/Dec/2014:17:47:06 -0500] "GET /videos/galeria-fotografica/js/jquery-flickr-gallery/loader.gif HTTP/1.1" 200 2129
188.165.15.130 - - [28/Dec/2014:17:47:14 -0500] "GET /BLA/resoluciones/RESOLUCIONES%202003/RES%202003%20851-900/852.tif HTTP/1.1" 200 67664
66.249.64.171 - - [28/Dec/2014:17:47:16 -0500] "GET /BLA/resoluciones/RESOLUCIONES%202010/1408.pdf HTTP/1.1" 200 728979
186.154.84.82 - - [28/Dec/2014:17:47:21 -0500] "GET /forest/session.jsp?a=0.924115426139906 HTTP/1.1" 200 4
190.26.160.110 - - [28/Dec/2014:17:47:39 -0500] "POST /forms/lservlet;jsessionid=ac16012b30d58c2cea58f4174cf38154993ad5e72ec1.e3iSbxaKaheRe34Sa3yKbhiTahb0n6jAmljGr5XDqQLvpAe HTTP/1.1" 200 2
190.26.160.110 - - [28/Dec/2014:17:47:39 -0500] "POST /forms/lservlet;jsessionid=ac16012b30d58c2cea58f4174cf38154993ad5e72ec1.e3iSbxaKaheRe34Sa3yKbhiTahb0n6jAmljGr5XDqQLvpAe HTTP/1.1" 200 1163
190.26.160.110 - - [28/Dec/2014:17:47:40 -0500] "POST /forms/lservlet;jsessionid=ac16012b30d58c2cea58f4174cf38154993ad5e72ec1.e3iSbxaKaheRe34Sa3yKbhiTahb0n6jAmljGr5XDqQLvpAe HTTP/1.1" 200 19
190.26.160.110 - - [28/Dec/2014:17:47:41 -0500] "POST /forms/lservlet;jsessionid=ac16012b30d58c2cea58f4174cf38154993ad5e72ec1.e3iSbxaKaheRe34Sa3yKbhiTahb0n6jAmljGr5XDqQLvpAe HTTP/1.1" 200 38
190.26.160.110 - - [28/Dec/2014:17:47:41 -0500] "POST /forms/lservlet;jsessionid=ac16012b30d58c2cea58f4174cf38154993ad5e72ec1.e3iSbxaKaheRe34Sa3yKbhiTahb0n6jAmljGr5XDqQLvpAe HTTP/1.1" 200 105
190.26.160.110 - - [28/Dec/2014:17:47:50 -0500] "POST /forms/lservlet;jsessionid=ac16012b30d58c2cea58f4174cf38154993ad5e72ec1.e3iSbxaKaheRe34Sa3yKbhiTahb0n6jAmljGr5XDqQLvpAe HTTP/1.1" 200 29
190.26.160.110 - - [28/Dec/2014:17:47:50 -0500] "POST /forms/lservlet;jsessionid=ac16012b30d58c2cea58f4174cf38154993ad5e72ec1.e3iSbxaKaheRe34Sa3yKbhiTahb0n6jAmljGr5XDqQLvpAe HTTP/1.1" 200 691
190.26.160.110 - - [28/Dec/2014:17:47:51 -0500] "POST /forms/lservlet;jsessionid=ac16012b30d58c2cea58f4174cf38154993ad5e72ec1.e3iSbxaKaheRe34Sa3yKbhiTahb0n6jAmljGr5XDqQLvpAe HTTP/1.1" 200 17
190.26.160.110 - - [28/Dec/2014:17:48:00 -0500] "POST /forms/lservlet;jsessionid=ac16012b30d58c2cea58f4174cf38154993ad5e72ec1.e3iSbxaKaheRe34Sa3yKbhiTahb0n6jAmljGr5XDqQLvpAe HTTP/1.1" 200 46
190.26.160.110 - - [28/Dec/2014:17:48:01 -0500] "POST /forms/lservlet;jsessionid=ac16012b30d58c2cea58f4174cf38154993ad5e72ec1.e3iSbxaKaheRe34Sa3yKbhiTahb0n6jAmljGr5XDqQLvpAe HTTP/1.1" 200 2
190.26.160.110 - - [28/Dec/2014:17:48:01 -0500] "POST /forms/lservlet;jsessionid=ac16012b30d58c2cea58f4174cf38154993ad5e72ec1.e3iSbxaKaheRe34Sa3yKbhiTahb0n6jAmljGr5XDqQLvpAe HTTP/1.1" 200 501
190.26.160.110 - - [28/Dec/2014:17:48:01 -0500] "POST /forms/lservlet;jsessionid=ac16012b30d58c2cea58f4174cf38154993ad5e72ec1.e3iSbxaKaheRe34Sa3yKbhiTahb0n6jAmljGr5XDqQLvpAe HTTP/1.1" 200 16
190.26.160.110 - - [28/Dec/2014:17:48:02 -0500] "POST /forms/lservlet;jsessionid=ac16012b30d58c2cea58f4174cf38154993ad5e72ec1.e3iSbxaKaheRe34Sa3yKbhiTahb0n6jAmljGr5XDqQLvpAe HTTP/1.1" 200 2
190.26.160.110 - - [28/Dec/2014:17:48:02 -0500] "POST /forms/lservlet;jsessionid=ac16012b30d58c2cea58f4174cf38154993ad5e72ec1.e3iSbxaKaheRe34Sa3yKbhiTahb0n6jAmljGr5XDqQLvpAe HTTP/1.1" 200 491
190.26.160.110 - - [28/Dec/2014:17:48:02 -0500] "POST /forms/lservlet;jsessionid=ac16012b30d58c2cea58f4174cf38154993ad5e72ec1.e3iSbxaKaheRe34Sa3yKbhiTahb0n6jAmljGr5XDqQLvpAe HTTP/1.1" 200 7
190.26.160.110 - - [28/Dec/2014:17:48:04 -0500] "POST /forms/lservlet;jsessionid=ac16012b30d58c2cea58f4174cf38154993ad5e72ec1.e3iSbxaKaheRe34Sa3yKbhiTahb0n6jAmljGr5XDqQLvpAe HTTP/1.1" 200 46
181.54.57.138 - - [28/Dec/2014:17:48:06 -0500] "POST /forms/lservlet;jsessionid=ac16012b30d5da712b5d11b243e8bd04f9565c341faf.e3iSbxaKaheRe34Sa3yKbhiTahb0n6jAmljGr5XDqQLvpAe HTTP/1.1" 200 2
188.165.15.78 - - [28/Dec/2014:17:48:06 -0500] "GET /BLA/resoluciones/RESOLUCIONES%202002/RES%202002%20501-550/00000517.tif HTTP/1.1" 200 80890
201.185.98.196 - - [28/Dec/2014:17:48:13 -0500] "GET /BLA/resoluciones/RESOLUCIONES%202007/RES%202007%203701%20AL%203800/RESOLUCION%203701%20DE%202007.pdf HTTP/1.1" 200 585358
201.185.98.196 - - [28/Dec/2014:17:48:14 -0500] "GET /favicon.ico HTTP/1.1" 200 7782
201.185.98.196 - - [28/Dec/2014:17:48:14 -0500] "GET /BLA/resoluciones/RESOLUCIONES%202007/RES%202007%203701%20AL%203800/RESOLUCION%203701%20DE%202007.pdf HTTP/1.1" 206 61070
201.185.98.196 - - [28/Dec/2014:17:48:14 -0500] "GET /BLA/resoluciones/RESOLUCIONES%202007/RES%202007%203701%20AL%203800/RESOLUCION%203701%20DE%202007.pdf HTTP/1.1" 206 65536
190.26.160.110 - - [28/Dec/2014:17:48:15 -0500] "POST /forms/lservlet;jsessionid=ac16012b30d58c2cea58f4174cf38154993ad5e72ec1.e3iSbxaKaheRe34Sa3yKbhiTahb0n6jAmljGr5XDqQLvpAe HTTP/1.1" 200 2
201.185.98.196 - - [28/Dec/2014:17:48:18 -0500] "GET /BLA/resoluciones/RESOLUCIONES%202007/RES%202007%203701%20AL%203800/RESOLUCION%203701%20DE%202007.pdf HTTP/1.1" 206 65536
201.185.98.196 - - [28/Dec/2014:17:48:20 -0500] "GET /BLA/resoluciones/RESOLUCIONES%202007/RES%202007%203701%20AL%203800/RESOLUCION%203701%20DE%202007.pdf HTTP/1.1" 206 65536
201.185.98.196 - - [28/Dec/2014:17:48:21 -0500] "GET /BLA/resoluciones/RESOLUCIONES%202007/RES%202007%203701%20AL%203800/RESOLUCION%203701%20DE%202007.pdf HTTP/1.1" 206 65536
201.185.98.196 - - [28/Dec/2014:17:48:21 -0500] "GET /BLA/resoluciones/RESOLUCIONES%202007/RES%202007%203701%20AL%203800/RESOLUCION%203701%20DE%202007.pdf HTTP/1.1" 206 65536
201.185.98.196 - - [28/Dec/2014:17:48:22 -0500] "GET /BLA/resoluciones/RESOLUCIONES%202007/RES%202007%203701%20AL%203800/RESOLUCION%203701%20DE%202007.pdf HTTP/1.1" 206 65536
201.185.98.196 - - [28/Dec/2014:17:48:22 -0500] "GET /BLA/resoluciones/RESOLUCIONES%202007/RES%202007%203701%20AL%203800/RESOLUCION%203701%20DE%202007.pdf HTTP/1.1" 206 65536
188.165.15.23 - - [28/Dec/2014:17:48:30 -0500] "GET /BLA/resoluciones/RESOLUCIONES%202004/RES%202004%202101-2150/00002104.tif HTTP/1.1" 200 163478
190.147.131.52 - - [28/Dec/2014:17:48:48 -0500] "POST /forms/lservlet;jsessionid=ac16012b30d5c4a8be8ccc53449b9be8c0d8c2531401.e3iSbxaKaheRe34Sa3yKbhiTahb0n6jAmljGr5XDqQLvpAe HTTP/1.1" 200 2
188.165.15.10 - - [28/Dec/2014:17:49:12 -0500] "GET /BLA/resoluciones/RESOLUCIONES%202002/RES%202002%201751-1800/20021754.tif HTTP/1.1" 200 219636
179.32.89.222 - - [28/Dec/2014:17:49:50 -0500] "GET /BLA/boletinlegal/js/jquery.scrollShow.js HTTP/1.1" 200 4586
179.32.89.222 - - [28/Dec/2014:17:49:50 -0500] "GET /galeria/carrusel/Carrusel/jquery-ui-1.8.13.custom.min.js HTTP/1.1" 200 10800
179.32.89.222 - - [28/Dec/2014:17:49:50 -0500] "GET /galeria/carrusel/Carrusel/jquery.thumbnailScroller.css HTTP/1.1" 200 2066
179.32.89.222 - - [28/Dec/2014:17:49:50 -0500] "GET /BLA/boletinlegal/js/jquery.scrollTo-min.js HTTP/1.1" 200 1150
179.32.89.222 - - [28/Dec/2014:17:49:50 -0500] "GET /BLA/boletinlegal/js/jquery.js HTTP/1.1" 200 57254
179.32.89.222 - - [28/Dec/2014:17:49:50 -0500] "GET /galeria/carrusel/Carrusel/jquery.thumbnailScroller.js HTTP/1.1" 200 8157
181.54.57.138 - - [28/Dec/2014:17:50:06 -0500] "POST /forms/lservlet;jsessionid=ac16012b30d5da712b5d11b243e8bd04f9565c341faf.e3iSbxaKaheRe34Sa3yKbhiTahb0n6jAmljGr5XDqQLvpAe HTTP/1.1" 200 2
190.26.160.110 - - [28/Dec/2014:17:50:15 -0500] "POST /forms/lservlet;jsessionid=ac16012b30d58c2cea58f4174cf38154993ad5e72ec1.e3iSbxaKaheRe34Sa3yKbhiTahb0n6jAmljGr5XDqQLvpAe HTTP/1.1" 200 2
66.249.64.171 - - [28/Dec/2014:17:50:25 -0500] "GET /BLA/resoluciones/RESOLUCIONES%202014/0320.pdf HTTP/1.1" 200 500170
74.86.158.107 - - [28/Dec/2014:17:50:35 -0500] "HEAD / HTTP/1.1" 302 -
201.184.136.50 - - [28/Dec/2014:17:50:48 -0500] "GET /forest/session.jsp?a=0.6520813188981265 HTTP/1.1" 200 4
190.147.131.52 - - [28/Dec/2014:17:50:48 -0500] "POST /forms/lservlet;jsessionid=ac16012b30d5c4a8be8ccc53449b9be8c0d8c2531401.e3iSbxaKaheRe34Sa3yKbhiTahb0n6jAmljGr5XDqQLvpAe HTTP/1.1" 200 2
190.84.185.167 - - [28/Dec/2014:17:50:57 -0500] "GET /forest/session.jsp?a=0.7388210522476584 HTTP/1.1" 200 4
180.76.6.225 - - [28/Dec/2014:17:51:30 -0500] "GET /BLA/resoluciones/RESOLUCIONES%202009/2515.pdf HTTP/1.1" 200 571294
181.54.57.138 - - [28/Dec/2014:17:52:06 -0500] "POST /forms/lservlet;jsessionid=ac16012b30d5da712b5d11b243e8bd04f9565c341faf.e3iSbxaKaheRe34Sa3yKbhiTahb0n6jAmljGr5XDqQLvpAe HTTP/1.1" 200 2
190.26.160.110 - - [28/Dec/2014:17:52:16 -0500] "POST /forms/lservlet;jsessionid=ac16012b30d58c2cea58f4174cf38154993ad5e72ec1.e3iSbxaKaheRe34Sa3yKbhiTahb0n6jAmljGr5XDqQLvpAe HTTP/1.1" 200 2
188.165.15.10 - - [28/Dec/2014:17:52:25 -0500] "GET /BLA/resoluciones/RESOLUCIONES%202004/RES%202004%201501-1550/00001502.tif HTTP/1.1" 200 148344
201.184.136.50 - - [28/Dec/2014:17:52:26 -0500] "GET /forest/skins/gdocs-jar/popup/popup.jsp?width=1100&height=500&title=Buscar%20documentos&uri=/forest/buscar.do%3Ftype%3Ddocumentos&name=undefined&_a=0.27858502697199583&a=0.6688961246982217 HTTP/1.1" 200 1300
201.184.136.50 - - [28/Dec/2014:17:52:29 -0500] "GET /forest/buscar.do?type=documentos HTTP/1.1" 200 18159
201.184.136.50 - - [28/Dec/2014:17:52:29 -0500] "GET /forest/buscar.do?type=documentos HTTP/1.1" 200 84832
201.184.136.50 - - [28/Dec/2014:17:52:34 -0500] "GET /forest/json.do?query=usersByDep&coddep=2013 HTTP/1.1" 200 6512
201.184.136.50 - - [28/Dec/2014:17:52:34 -0500] "GET /forest/json.do?query=versionListadas HTTP/1.1" 200 15
201.184.136.50 - - [28/Dec/2014:17:52:34 -0500] "GET /forest/json.do?query=procesIniciales HTTP/1.1" 200 10001
201.184.136.50 - - [28/Dec/2014:17:52:35 -0500] "GET /forest/json.do?query=usersByDep&coddep=2013 HTTP/1.1" 200 6512
188.165.15.26 - - [28/Dec/2014:17:52:36 -0500] "GET /BLA/resoluciones/RESOLUCIONES%202006/RES%202006%201651-1700/00001657.tif HTTP/1.1" 200 165386
186.28.156.128 - - [28/Dec/2014:17:52:38 -0500] "GET /galeria/nivo-slider/demo/demo.html HTTP/1.1" 200 3237
186.28.156.128 - - [28/Dec/2014:17:52:38 -0500] "GET /galeria/nivo-slider/demo/images/bolsas-08.jpg HTTP/1.1" 200 85589
186.28.156.128 - - [28/Dec/2014:17:52:38 -0500] "GET /galeria/nivo-slider/demo/images/Ruta-vertimientos-01.jpg HTTP/1.1" 200 130151
186.28.156.128 - - [28/Dec/2014:17:52:38 -0500] "GET /galeria/nivo-slider/demo/images/bolsas-06.jpg HTTP/1.1" 200 90982
186.28.156.128 - - [28/Dec/2014:17:52:38 -0500] "GET /galeria/nivo-slider/demo/images/ecolecta-Dic2014.png HTTP/1.1" 304 -
186.28.156.128 - - [28/Dec/2014:17:52:39 -0500] "GET /galeria/nivo-slider/themes/default/arrows.png HTTP/1.1" 200 824
186.28.156.128 - - [28/Dec/2014:17:52:39 -0500] "GET /galeria/nivo-slider/themes/default/bullets.png HTTP/1.1" 200 1281
68.180.229.40 - - [28/Dec/2014:17:52:45 -0500] "GET /BLA/boletinlegal/actos.php HTTP/1.1" 200 7534
186.28.156.128 - - [28/Dec/2014:17:52:48 -0500] "GET /videos/Spot_CambioClimatico.flv HTTP/1.1" 200 4371917
190.147.131.52 - - [28/Dec/2014:17:52:48 -0500] "POST /forms/lservlet;jsessionid=ac16012b30d5c4a8be8ccc53449b9be8c0d8c2531401.e3iSbxaKaheRe34Sa3yKbhiTahb0n6jAmljGr5XDqQLvpAe HTTP/1.1" 200 2
201.184.136.50 - - [28/Dec/2014:17:52:40 -0500] "POST /forest/buscar.do? HTTP/1.1" 200 5893
190.158.138.123 - - [28/Dec/2014:17:53:08 -0500] "GET /BLA/boletinlegal/js/jquery.scrollTo-min.js HTTP/1.1" 200 1150
190.158.138.123 - - [28/Dec/2014:17:53:08 -0500] "GET /BLA/boletinlegal/js/jquery.js HTTP/1.1" 200 57254
190.158.138.123 - - [28/Dec/2014:17:53:08 -0500] "GET /BLA/boletinlegal/js/jquery.scrollShow.js HTTP/1.1" 200 4586
188.165.15.192 - - [28/Dec/2014:17:53:23 -0500] "GET /BLA/resoluciones/RESOLUCIONES%202006/RES%202006%201151-1200/00001186.tif HTTP/1.1" 200 162886
66.249.64.47 - - [28/Dec/2014:17:53:35 -0500] "GET /PORTAL_SIAC/swf/Residuos/curtiembres/images/page1.swf HTTP/1.1" 200 143132
188.165.15.192 - - [28/Dec/2014:17:53:38 -0500] "GET /BLA/resoluciones/RESOLUCIONES%202005/RES%202005%202901-2950/00002917.tif HTTP/1.1" 200 37102
142.4.208.208 - - [28/Dec/2014:17:53:44 -0500] "GET /wordpress/wp-admin/ HTTP/1.1" 404 1018
181.54.57.138 - - [28/Dec/2014:17:54:06 -0500] "POST /forms/lservlet;jsessionid=ac16012b30d5da712b5d11b243e8bd04f9565c341faf.e3iSbxaKaheRe34Sa3yKbhiTahb0n6jAmljGr5XDqQLvpAe HTTP/1.1" 200 2
190.26.160.110 - - [28/Dec/2014:17:54:16 -0500] "POST /forms/lservlet;jsessionid=ac16012b30d58c2cea58f4174cf38154993ad5e72ec1.e3iSbxaKaheRe34Sa3yKbhiTahb0n6jAmljGr5XDqQLvpAe HTTP/1.1" 200 2
190.147.131.52 - - [28/Dec/2014:17:54:48 -0500] "POST /forms/lservlet;jsessionid=ac16012b30d5c4a8be8ccc53449b9be8c0d8c2531401.e3iSbxaKaheRe34Sa3yKbhiTahb0n6jAmljGr5XDqQLvpAe HTTP/1.1" 200 2
74.86.158.107 - - [28/Dec/2014:17:55:35 -0500] "HEAD / HTTP/1.1" 302 -
201.184.136.50 - - [28/Dec/2014:17:55:48 -0500] "GET /forest/session.jsp?a=0.6000819618348032 HTTP/1.1" 200 4
190.84.185.167 - - [28/Dec/2014:17:55:57 -0500] "GET /forest/session.jsp?a=0.5397282722406089 HTTP/1.1" 200 4
188.165.15.10 - - [28/Dec/2014:17:56:04 -0500] "GET /BLA/resoluciones/RESOLUCIONES%202003/RES%202003%20951-1000/982.tif HTTP/1.1" 200 215452
181.54.57.138 - - [28/Dec/2014:17:56:06 -0500] "POST /forms/lservlet;jsessionid=ac16012b30d5da712b5d11b243e8bd04f9565c341faf.e3iSbxaKaheRe34Sa3yKbhiTahb0n6jAmljGr5XDqQLvpAe HTTP/1.1" 200 2
190.26.160.110 - - [28/Dec/2014:17:56:17 -0500] "POST /forms/lservlet;jsessionid=ac16012b30d58c2cea58f4174cf38154993ad5e72ec1.e3iSbxaKaheRe34Sa3yKbhiTahb0n6jAmljGr5XDqQLvpAe HTTP/1.1" 200 2
66.249.64.171 - - [28/Dec/2014:17:56:44 -0500] "GET /BLA/resoluciones/AUTOS%202010/0188.pdf HTTP/1.1" 200 261883
190.147.131.52 - - [28/Dec/2014:17:56:48 -0500] "POST /forms/lservlet;jsessionid=ac16012b30d5c4a8be8ccc53449b9be8c0d8c2531401.e3iSbxaKaheRe34Sa3yKbhiTahb0n6jAmljGr5XDqQLvpAe HTTP/1.1" 200 2
188.165.15.208 - - [28/Dec/2014:17:57:05 -0500] "GET /BLA/resoluciones/RESOLUCIONES%202006/RES%202006%20501-550/00000532.tif HTTP/1.1" 200 237934
186.81.96.44 - - [28/Dec/2014:17:57:07 -0500] "GET /BLA/boletinlegal/js/jquery.js HTTP/1.1" 200 57254
186.81.96.44 - - [28/Dec/2014:17:57:07 -0500] "GET /BLA/boletinlegal/js/jquery.scrollTo-min.js HTTP/1.1" 200 1150
186.81.96.44 - - [28/Dec/2014:17:57:07 -0500] "GET /BLA/boletinlegal/js/jquery.scrollShow.js HTTP/1.1" 200 4586
190.84.185.167 - - [28/Dec/2014:17:57:31 -0500] "GET /forest/session.jsp?a=0.4844887172803283 HTTP/1.1" 200 4
181.54.57.138 - - [28/Dec/2014:17:58:06 -0500] "POST /forms/lservlet;jsessionid=ac16012b30d5da712b5d11b243e8bd04f9565c341faf.e3iSbxaKaheRe34Sa3yKbhiTahb0n6jAmljGr5XDqQLvpAe HTTP/1.1" 200 2
181.55.224.43 - - [28/Dec/2014:17:58:16 -0500] "GET /galeria/carrusel/Carrusel/jquery.thumbnailScroller.css HTTP/1.1" 200 2066
181.55.224.43 - - [28/Dec/2014:17:58:16 -0500] "GET /BLA/boletinlegal/js/jquery.js HTTP/1.1" 200 57254
181.55.224.43 - - [28/Dec/2014:17:58:16 -0500] "GET /BLA/boletinlegal/js/jquery.scrollTo-min.js HTTP/1.1" 200 1150
181.55.224.43 - - [28/Dec/2014:17:58:16 -0500] "GET /BLA/boletinlegal/js/jquery.scrollShow.js HTTP/1.1" 200 4586
181.55.224.43 - - [28/Dec/2014:17:58:16 -0500] "GET /galeria/carrusel/Carrusel/jquery-ui-1.8.13.custom.min.js HTTP/1.1" 200 10800
181.55.224.43 - - [28/Dec/2014:17:58:16 -0500] "GET /galeria/carrusel/Carrusel/jquery.thumbnailScroller.js HTTP/1.1" 200 8157
181.55.224.43 - - [28/Dec/2014:17:58:17 -0500] "GET /galeria/nivo-slider/demo/demo.html HTTP/1.1" 200 3237
181.55.224.43 - - [28/Dec/2014:17:58:17 -0500] "GET /galeria/nivo-slider/themes/default/default.css HTTP/1.1" 200 1569
181.55.224.43 - - [28/Dec/2014:17:58:17 -0500] "GET /galeria/nivo-slider/themes/pascal/pascal.css HTTP/1.1" 200 2258
181.55.224.43 - - [28/Dec/2014:17:58:17 -0500] "GET /galeria/nivo-slider/themes/orman/orman.css HTTP/1.1" 200 2152
181.55.224.43 - - [28/Dec/2014:17:58:17 -0500] "GET /galeria/nivo-slider/demo/scripts/jquery-1.7.1.min.js HTTP/1.1" 200 93868
181.55.224.43 - - [28/Dec/2014:17:58:17 -0500] "GET /galeria/nivo-slider/nivo-slider.css HTTP/1.1" 200 1507
181.55.224.43 - - [28/Dec/2014:17:58:17 -0500] "GET /galeria/nivo-slider/demo/style.css HTTP/1.1" 200 2222
181.55.224.43 - - [28/Dec/2014:17:58:17 -0500] "GET /galeria/nivo-slider/jquery.nivo.slider.pack.js HTTP/1.1" 200 11561
181.55.224.43 - - [28/Dec/2014:17:58:17 -0500] "GET /galeria/nivo-slider/demo/images/bolsas-08.jpg HTTP/1.1" 200 85589
181.55.224.43 - - [28/Dec/2014:17:58:17 -0500] "GET /galeria/nivo-slider/demo/images/Ruta-vertimientos-01.jpg HTTP/1.1" 200 130151
181.55.224.43 - - [28/Dec/2014:17:58:17 -0500] "GET /galeria/nivo-slider/demo/images/4Simple_Slider.png HTTP/1.1" 200 11722
181.55.224.43 - - [28/Dec/2014:17:58:17 -0500] "GET /galeria/nivo-slider/themes/default/loading.gif HTTP/1.1" 200 1737
181.55.224.43 - - [28/Dec/2014:17:58:17 -0500] "GET /galeria/nivo-slider/demo/images/bolsas-06.jpg HTTP/1.1" 200 90982
181.55.224.43 - - [28/Dec/2014:17:58:17 -0500] "GET /galeria/nivo-slider/demo/images/ecolecta-Dic2014.png HTTP/1.1" 200 288593
181.55.224.43 - - [28/Dec/2014:17:58:17 -0500] "GET /galeria/nivo-slider/demo/images/Banner-GAE3.jpg HTTP/1.1" 200 146354
181.55.224.43 - - [28/Dec/2014:17:58:18 -0500] "GET /galeria/nivo-slider/demo/images/porloshumedales.jpg HTTP/1.1" 200 351238
181.55.224.43 - - [28/Dec/2014:17:58:18 -0500] "GET /galeria/nivo-slider/demo/images/Tingua-azul.jpg HTTP/1.1" 200 307638
181.55.224.43 - - [28/Dec/2014:17:58:18 -0500] "GET /galeria/nivo-slider/demo/images/Banner-Caracol-Africano.jpg HTTP/1.1" 200 331986
181.55.224.43 - - [28/Dec/2014:17:58:19 -0500] "GET /galeria/nivo-slider/demo/images/9Signos.jpg HTTP/1.1" 200 93040
181.55.224.43 - - [28/Dec/2014:17:58:19 -0500] "GET /galeria/nivo-slider/demo/images/banner-redes.jpg HTTP/1.1" 200 62209
181.55.224.43 - - [28/Dec/2014:17:58:19 -0500] "GET /galeria/nivo-slider/demo/images/banner-llantas2.jpg HTTP/1.1" 200 73153
181.55.224.43 - - [28/Dec/2014:17:58:19 -0500] "GET /galeria/nivo-slider/demo/images/banner-caballos.png HTTP/1.1" 200 389106
181.55.224.43 - - [28/Dec/2014:17:58:20 -0500] "GET /videos/Spot_CambioClimatico.flv HTTP/1.1" 200 4371917
181.55.224.43 - - [28/Dec/2014:17:58:20 -0500] "GET /galeria/nivo-slider/themes/default/arrows.png HTTP/1.1" 200 824
181.55.224.43 - - [28/Dec/2014:17:58:20 -0500] "GET /galeria/nivo-slider/themes/default/bullets.png HTTP/1.1" 200 1281
190.26.160.110 - - [28/Dec/2014:17:58:20 -0500] "POST /forms/lservlet;jsessionid=ac16012b30d58c2cea58f4174cf38154993ad5e72ec1.e3iSbxaKaheRe34Sa3yKbhiTahb0n6jAmljGr5XDqQLvpAe HTTP/1.1" 200 2
201.184.136.50 - - [28/Dec/2014:17:58:28 -0500] "GET /forest/skins/gdocs-jar/popup/popup.jsp?width=1100&height=500&title=Buscar%20documentos&uri=/forest/buscar.do%3Ftype%3Ddocumentos&name=undefined&_a=0.21331791393458843&a=0.12477634893730283 HTTP/1.1" 200 1300
201.184.136.50 - - [28/Dec/2014:17:58:31 -0500] "GET /forest/buscar.do?type=documentos HTTP/1.1" 200 18159
201.184.136.50 - - [28/Dec/2014:17:58:31 -0500] "GET /forest/buscar.do?type=documentos HTTP/1.1" 200 84832
201.184.136.50 - - [28/Dec/2014:17:58:33 -0500] "GET /forest/json.do?query=usersByDep&coddep=2013 HTTP/1.1" 200 6512
201.184.136.50 - - [28/Dec/2014:17:58:33 -0500] "GET /forest/json.do?query=versionListadas HTTP/1.1" 200 15
201.184.136.50 - - [28/Dec/2014:17:58:33 -0500] "GET /forest/json.do?query=usersByDep&coddep=2013 HTTP/1.1" 200 6512
201.184.136.50 - - [28/Dec/2014:17:58:33 -0500] "GET /forest/json.do?query=procesIniciales HTTP/1.1" 200 10001
190.147.131.52 - - [28/Dec/2014:17:58:48 -0500] "POST /forms/lservlet;jsessionid=ac16012b30d5c4a8be8ccc53449b9be8c0d8c2531401.e3iSbxaKaheRe34Sa3yKbhiTahb0n6jAmljGr5XDqQLvpAe HTTP/1.1" 200 2
201.184.136.50 - - [28/Dec/2014:17:58:38 -0500] "POST /forest/buscar.do? HTTP/1.1" 200 5893
180.76.6.20 - - [28/Dec/2014:17:58:59 -0500] "GET /BLA/resoluciones/index.php?dir=RESOLUCIONES%202002/&sort=size&order=asc HTTP/1.1" 200 11295
188.165.15.23 - - [28/Dec/2014:17:59:27 -0500] "GET /BLA/resoluciones/RESOLUCIONES%202006/RES%202006%20201-250/00000204.tif HTTP/1.1" 200 42762
180.76.5.149 - - [28/Dec/2014:17:59:38 -0500] "GET /BLA/resoluciones/RESOLUCIONES%202013/1167.pdf HTTP/1.1" 200 457061
66.249.64.167 - - [28/Dec/2014:17:59:54 -0500] "GET /BLA/resoluciones/Notificaciones/AUTOS%202014/3126.doc HTTP/1.1" 304 -
190.26.246.123 - - [28/Dec/2014:17:59:57 -0500] "GET /BLA/boletinlegal/js/jquery.js HTTP/1.1" 200 57254
190.26.246.123 - - [28/Dec/2014:17:59:57 -0500] "GET /BLA/boletinlegal/js/jquery.scrollShow.js HTTP/1.1" 200 4586
190.26.246.123 - - [28/Dec/2014:17:59:57 -0500] "GET /galeria/carrusel/Carrusel/jquery-ui-1.8.13.custom.min.js HTTP/1.1" 200 10800
190.26.246.123 - - [28/Dec/2014:17:59:57 -0500] "GET /galeria/carrusel/Carrusel/jquery.thumbnailScroller.css HTTP/1.1" 200 2066
190.26.246.123 - - [28/Dec/2014:17:59:57 -0500] "GET /BLA/boletinlegal/js/jquery.scrollTo-min.js HTTP/1.1" 200 1150
190.26.246.123 - - [28/Dec/2014:17:59:57 -0500] "GET /galeria/carrusel/Carrusel/jquery.thumbnailScroller.js HTTP/1.1" 200 8157
190.26.246.123 - - [28/Dec/2014:17:59:58 -0500] "GET /galeria/nivo-slider/demo/demo.html HTTP/1.1" 200 3237
190.26.246.123 - - [28/Dec/2014:17:59:58 -0500] "GET /galeria/nivo-slider/themes/default/default.css HTTP/1.1" 200 1569
190.26.246.123 - - [28/Dec/2014:17:59:58 -0500] "GET /galeria/nivo-slider/themes/pascal/pascal.css HTTP/1.1" 200 2258
190.26.246.123 - - [28/Dec/2014:17:59:58 -0500] "GET /galeria/nivo-slider/themes/orman/orman.css HTTP/1.1" 200 2152
190.26.246.123 - - [28/Dec/2014:17:59:58 -0500] "GET /galeria/nivo-slider/nivo-slider.css HTTP/1.1" 200 1507
190.26.246.123 - - [28/Dec/2014:17:59:58 -0500] "GET /galeria/nivo-slider/demo/style.css HTTP/1.1" 200 2222
190.26.246.123 - - [28/Dec/2014:17:59:58 -0500] "GET /galeria/nivo-slider/demo/images/bolsas-08.jpg HTTP/1.1" 200 85589
190.26.246.123 - - [28/Dec/2014:17:59:58 -0500] "GET /galeria/nivo-slider/demo/images/Ruta-vertimientos-01.jpg HTTP/1.1" 200 130151
190.26.246.123 - - [28/Dec/2014:17:59:58 -0500] "GET /galeria/nivo-slider/demo/images/bolsas-06.jpg HTTP/1.1" 200 90982
190.26.246.123 - - [28/Dec/2014:17:59:58 -0500] "GET /galeria/nivo-slider/demo/images/ecolecta-Dic2014.png HTTP/1.1" 200 288593
190.26.246.123 - - [28/Dec/2014:17:59:58 -0500] "GET /galeria/nivo-slider/demo/images/Banner-GAE3.jpg HTTP/1.1" 200 146354
190.26.246.123 - - [28/Dec/2014:17:59:58 -0500] "GET /galeria/nivo-slider/demo/images/porloshumedales.jpg HTTP/1.1" 200 351238
190.26.246.123 - - [28/Dec/2014:17:59:59 -0500] "GET /galeria/nivo-slider/demo/images/Tingua-azul.jpg HTTP/1.1" 200 307638
190.26.246.123 - - [28/Dec/2014:17:59:59 -0500] "GET /galeria/nivo-slider/demo/images/Banner-Caracol-Africano.jpg HTTP/1.1" 200 331986
190.26.246.123 - - [28/Dec/2014:17:59:59 -0500] "GET /galeria/nivo-slider/demo/images/banner-redes.jpg HTTP/1.1" 200 62209
190.26.246.123 - - [28/Dec/2014:17:59:59 -0500] "GET /galeria/nivo-slider/demo/images/9Signos.jpg HTTP/1.1" 200 93040
190.26.246.123 - - [28/Dec/2014:18:00:00 -0500] "GET /galeria/nivo-slider/demo/images/banner-caballos.png HTTP/1.1" 200 389106
190.26.246.123 - - [28/Dec/2014:18:00:00 -0500] "GET /galeria/nivo-slider/demo/scripts/jquery-1.7.1.min.js HTTP/1.1" 200 93868
190.26.246.123 - - [28/Dec/2014:18:00:00 -0500] "GET /galeria/nivo-slider/jquery.nivo.slider.pack.js HTTP/1.1" 200 11561
190.26.246.123 - - [28/Dec/2014:18:00:00 -0500] "GET /galeria/nivo-slider/demo/images/banner-llantas2.jpg HTTP/1.1" 200 73153
190.26.246.123 - - [28/Dec/2014:18:00:00 -0500] "GET /galeria/nivo-slider/demo/images/4Simple_Slider.png HTTP/1.1" 200 11722
190.26.246.123 - - [28/Dec/2014:18:00:00 -0500] "GET /galeria/nivo-slider/themes/default/loading.gif HTTP/1.1" 200 1737
190.26.246.123 - - [28/Dec/2014:18:00:01 -0500] "GET /galeria/nivo-slider/themes/default/arrows.png HTTP/1.1" 200 824
190.26.246.123 - - [28/Dec/2014:18:00:01 -0500] "GET /galeria/nivo-slider/themes/default/bullets.png HTTP/1.1" 200 1281
190.26.246.123 - - [28/Dec/2014:18:00:02 -0500] "GET /videos/Spot_CambioClimatico.flv HTTP/1.1" 200 4371917
181.54.57.138 - - [28/Dec/2014:18:00:07 -0500] "POST /forms/lservlet;jsessionid=ac16012b30d5da712b5d11b243e8bd04f9565c341faf.e3iSbxaKaheRe34Sa3yKbhiTahb0n6jAmljGr5XDqQLvpAe HTTP/1.1" 200 2
190.26.160.110 - - [28/Dec/2014:18:00:20 -0500] "POST /forms/lservlet;jsessionid=ac16012b30d58c2cea58f4174cf38154993ad5e72ec1.e3iSbxaKaheRe34Sa3yKbhiTahb0n6jAmljGr5XDqQLvpAe HTTP/1.1" 200 2
191.151.22.59 - - [28/Dec/2014:18:00:23 -0500] "GET /BLA/boletinlegal/js/jquery.js HTTP/1.1" 200 57254
191.151.22.59 - - [28/Dec/2014:18:00:24 -0500] "GET /BLA/boletinlegal/js/jquery.scrollShow.js HTTP/1.1" 200 4586
191.151.22.59 - - [28/Dec/2014:18:00:24 -0500] "GET /BLA/boletinlegal/js/jquery.scrollTo-min.js HTTP/1.1" 200 1150
66.249.64.167 - - [28/Dec/2014:18:00:32 -0500] "GET /BLA/resoluciones/AUTOS%202007/1068.pdf HTTP/1.1" 200 437647
74.86.158.107 - - [28/Dec/2014:18:00:35 -0500] "HEAD / HTTP/1.1" 302 -
190.147.131.52 - - [28/Dec/2014:18:00:48 -0500] "POST /forms/lservlet;jsessionid=ac16012b30d5c4a8be8ccc53449b9be8c0d8c2531401.e3iSbxaKaheRe34Sa3yKbhiTahb0n6jAmljGr5XDqQLvpAe HTTP/1.1" 200 2
201.184.136.50 - - [28/Dec/2014:18:00:49 -0500] "GET /forest/session.jsp?a=0.002122818026691675 HTTP/1.1" 200 4
180.76.6.41 - - [28/Dec/2014:18:00:56 -0500] "GET /BLA/resoluciones/AUTOS%202013/2518.pdf HTTP/1.1" 200 1244388
190.84.185.167 - - [28/Dec/2014:18:00:57 -0500] "GET /forest/session.jsp?a=0.08663371251896024 HTTP/1.1" 200 4
186.145.162.140 - - [28/Dec/2014:18:01:09 -0500] "GET /forms/frmservlet?config=sia HTTP/1.1" 200 4028
186.145.162.140 - - [28/Dec/2014:18:01:18 -0500] "GET /forms/java/frmall_jinit.jar HTTP/1.1" 304 -
186.145.162.140 - - [28/Dec/2014:18:01:18 -0500] "GET /forms/java/icons.jar HTTP/1.1" 304 -
186.145.162.140 - - [28/Dec/2014:18:01:18 -0500] "GET /forms/java/java/awt/KeyboardFocusManager.class HTTP/1.1" 404 352
186.145.162.140 - - [28/Dec/2014:18:01:18 -0500] "GET /forms/java/java/awt/KeyboardFocusManager.class HTTP/1.1" 404 352
186.145.162.140 - - [28/Dec/2014:18:01:20 -0500] "GET /forms/java/java/awt/event/MouseWheelListener.class HTTP/1.1" 404 356
186.145.162.140 - - [28/Dec/2014:18:01:20 -0500] "GET /forms/java/java/awt/event/MouseWheelListener.class HTTP/1.1" 404 356
186.145.162.140 - - [28/Dec/2014:18:01:20 -0500] "GET /forms/java/oracle/forms/registry/Registry.dat HTTP/1.1" 200 4213
186.145.162.140 - - [28/Dec/2014:18:01:20 -0500] "GET /forms/java/oracle/forms/registry/default.dat HTTP/1.1" 404 350
186.145.162.140 - - [28/Dec/2014:18:01:21 -0500] "GET /forms/frmservlet?config=sia&acceptLanguage=es-CO&ifcmd=startsession HTTP/1.1" 200 119
186.145.162.140 - - [28/Dec/2014:18:01:21 -0500] "GET /forms/lservlet;jsessionid=ac16012b30d5a7fe15751c5d44e08869ca21bb4b4d7a.e3iSbxaKaheRe34Sa3yKbhiTahb0n6jAmljGr5XDqQLvpAe?ifcmd=getinfo&ifhost=JennyPao&ifip=192.168.0.13 HTTP/1.1" 200 8
186.145.162.140 - - [28/Dec/2014:18:01:21 -0500] "POST /forms/lservlet;jsessionid=ac16012b30d5a7fe15751c5d44e08869ca21bb4b4d7a.e3iSbxaKaheRe34Sa3yKbhiTahb0n6jAmljGr5XDqQLvpAe HTTP/1.1" 200 8
186.145.162.140 - - [28/Dec/2014:18:01:22 -0500] "POST /forms/lservlet;jsessionid=ac16012b30d5a7fe15751c5d44e08869ca21bb4b4d7a.e3iSbxaKaheRe34Sa3yKbhiTahb0n6jAmljGr5XDqQLvpAe HTTP/1.1" 200 64000
186.145.162.140 - - [28/Dec/2014:18:01:23 -0500] "POST /forms/lservlet;jsessionid=ac16012b30d5a7fe15751c5d44e08869ca21bb4b4d7a.e3iSbxaKaheRe34Sa3yKbhiTahb0n6jAmljGr5XDqQLvpAe HTTP/1.1" 200 64000
186.145.162.140 - - [28/Dec/2014:18:01:23 -0500] "POST /forms/lservlet;jsessionid=ac16012b30d5a7fe15751c5d44e08869ca21bb4b4d7a.e3iSbxaKaheRe34Sa3yKbhiTahb0n6jAmljGr5XDqQLvpAe HTTP/1.1" 200 63623
188.165.15.23 - - [28/Dec/2014:18:01:24 -0500] "GET /BLA/resoluciones/RESOLUCIONES%202004/RES%202004%201101-1150/00001138.tif HTTP/1.1" 200 183868
186.145.162.140 - - [28/Dec/2014:18:01:25 -0500] "HEAD /imagenes/dama_logo.gif HTTP/1.1" 200 -
186.145.162.140 - - [28/Dec/2014:18:01:25 -0500] "GET /imagenes/dama_logo.gif HTTP/1.1" 200 21482
186.145.162.140 - - [28/Dec/2014:18:01:25 -0500] "POST /forms/lservlet;jsessionid=ac16012b30d5a7fe15751c5d44e08869ca21bb4b4d7a.e3iSbxaKaheRe34Sa3yKbhiTahb0n6jAmljGr5XDqQLvpAe HTTP/1.1" 200 2
186.145.162.140 - - [28/Dec/2014:18:01:25 -0500] "POST /forms/lservlet;jsessionid=ac16012b30d5a7fe15751c5d44e08869ca21bb4b4d7a.e3iSbxaKaheRe34Sa3yKbhiTahb0n6jAmljGr5XDqQLvpAe HTTP/1.1" 200 2
123.125.71.114 - - [28/Dec/2014:18:01:29 -0500] "GET /POT-2013/dlf/pdf.gif HTTP/1.1" 200 272
186.145.162.140 - - [28/Dec/2014:18:01:37 -0500] "POST /forms/lservlet;jsessionid=ac16012b30d5a7fe15751c5d44e08869ca21bb4b4d7a.e3iSbxaKaheRe34Sa3yKbhiTahb0n6jAmljGr5XDqQLvpAe HTTP/1.1" 200 8000
186.145.162.140 - - [28/Dec/2014:18:01:38 -0500] "POST /forms/lservlet;jsessionid=ac16012b30d5a7fe15751c5d44e08869ca21bb4b4d7a.e3iSbxaKaheRe34Sa3yKbhiTahb0n6jAmljGr5XDqQLvpAe HTTP/1.1" 200 64
186.145.162.140 - - [28/Dec/2014:18:01:38 -0500] "POST /forms/lservlet;jsessionid=ac16012b30d5a7fe15751c5d44e08869ca21bb4b4d7a.e3iSbxaKaheRe34Sa3yKbhiTahb0n6jAmljGr5XDqQLvpAe HTTP/1.1" 200 2
186.145.162.140 - - [28/Dec/2014:18:01:38 -0500] "POST /forms/lservlet;jsessionid=ac16012b30d5a7fe15751c5d44e08869ca21bb4b4d7a.e3iSbxaKaheRe34Sa3yKbhiTahb0n6jAmljGr5XDqQLvpAe HTTP/1.1" 200 2
186.145.162.140 - - [28/Dec/2014:18:01:38 -0500] "POST /forms/lservlet;jsessionid=ac16012b30d5a7fe15751c5d44e08869ca21bb4b4d7a.e3iSbxaKaheRe34Sa3yKbhiTahb0n6jAmljGr5XDqQLvpAe HTTP/1.1" 200 2
186.145.162.140 - - [28/Dec/2014:18:01:42 -0500] "POST /forms/lservlet;jsessionid=ac16012b30d5a7fe15751c5d44e08869ca21bb4b4d7a.e3iSbxaKaheRe34Sa3yKbhiTahb0n6jAmljGr5XDqQLvpAe HTTP/1.1" 200 34711
188.165.15.192 - - [28/Dec/2014:18:01:43 -0500] "GET /BLA/resoluciones/RESOLUCIONES%202006/RES%202006%201951-2000/00001976.tif HTTP/1.1" 200 36816
186.145.162.140 - - [28/Dec/2014:18:01:43 -0500] "GET /imagenes/listval.gif HTTP/1.1" 200 905
186.145.162.140 - - [28/Dec/2014:18:01:44 -0500] "GET /imagenes/tree1.gif HTTP/1.1" 200 1161
186.145.162.140 - - [28/Dec/2014:18:01:44 -0500] "GET /imagenes/listval.gif HTTP/1.1" 200 905
186.145.162.140 - - [28/Dec/2014:18:01:44 -0500] "GET /imagenes/CAMERA3.gif HTTP/1.1" 200 4150
186.145.162.140 - - [28/Dec/2014:18:01:44 -0500] "GET /imagenes/SLIDE1.gif HTTP/1.1" 200 1111
186.145.162.140 - - [28/Dec/2014:18:01:44 -0500] "GET /imagenes/flexcomb.gif HTTP/1.1" 200 1169
186.145.162.140 - - [28/Dec/2014:18:01:44 -0500] "GET /imagenes/GO.gif HTTP/1.1" 200 904
186.145.162.140 - - [28/Dec/2014:18:01:44 -0500] "GET /imagenes/HRTOOLS.gif HTTP/1.1" 200 2238
186.145.162.140 - - [28/Dec/2014:18:01:44 -0500] "GET /imagenes/rt_rec1.gif HTTP/1.1" 200 867
186.145.162.140 - - [28/Dec/2014:18:01:44 -0500] "GET /imagenes/apply.gif HTTP/1.1" 200 903
186.145.162.140 - - [28/Dec/2014:18:01:44 -0500] "GET /imagenes/exit.gif HTTP/1.1" 200 916
186.145.162.140 - - [28/Dec/2014:18:01:44 -0500] "GET /imagenes/LISTVAL.gif HTTP/1.1" 200 905
186.145.162.140 - - [28/Dec/2014:18:01:44 -0500] "GET /imagenes/edit.gif HTTP/1.1" 200 919
186.145.162.140 - - [28/Dec/2014:18:01:44 -0500] "GET /imagenes/rt_rec4.gif HTTP/1.1" 200 865
186.145.162.140 - - [28/Dec/2014:18:01:44 -0500] "GET /imagenes/rt_rec3.gif HTTP/1.1" 200 844
186.145.162.140 - - [28/Dec/2014:18:01:44 -0500] "GET /imagenes/rt_rec2.gif HTTP/1.1" 200 847
186.145.162.140 - - [28/Dec/2014:18:01:44 -0500] "GET /imagenes/rt_rdel.gif HTTP/1.1" 200 899
186.145.162.140 - - [28/Dec/2014:18:01:44 -0500] "GET /imagenes/rt_radd.gif HTTP/1.1" 200 907
186.145.162.140 - - [28/Dec/2014:18:01:44 -0500] "GET /imagenes/rt_quer3.gif HTTP/1.1" 200 939
186.145.162.140 - - [28/Dec/2014:18:01:44 -0500] "GET /imagenes/rt_quer2.gif HTTP/1.1" 200 936
186.145.162.140 - - [28/Dec/2014:18:01:44 -0500] "GET /imagenes/rt_quer1.gif HTTP/1.1" 200 930
66.249.64.43 - - [28/Dec/2014:18:01:46 -0500] "GET /videos/galeria-cronicas/cronicas/ HTTP/1.1" 200 10513
181.54.57.138 - - [28/Dec/2014:18:02:07 -0500] "POST /forms/lservlet;jsessionid=ac16012b30d5da712b5d11b243e8bd04f9565c341faf.e3iSbxaKaheRe34Sa3yKbhiTahb0n6jAmljGr5XDqQLvpAe HTTP/1.1" 200 2
186.145.162.140 - - [28/Dec/2014:18:02:15 -0500] "GET /imagenes/rt_quer1.gif HTTP/1.1" 200 930
186.145.162.140 - - [28/Dec/2014:18:02:15 -0500] "GET /imagenes/rt_save.gif HTTP/1.1" 200 903
186.145.162.140 - - [28/Dec/2014:18:02:15 -0500] "GET /imagenes/rt_pset.gif HTTP/1.1" 200 914
186.145.162.140 - - [28/Dec/2014:18:02:15 -0500] "GET /imagenes/QUEJA.gif HTTP/1.1" 200 1091
186.145.162.140 - - [28/Dec/2014:18:02:15 -0500] "GET /imagenes/ARBOL.gif HTTP/1.1" 200 1026
186.145.162.140 - - [28/Dec/2014:18:02:15 -0500] "GET /imagenes/Clipboard.gif HTTP/1.1" 200 1466
186.145.162.140 - - [28/Dec/2014:18:02:15 -0500] "GET /imagenes/DINERO.gif HTTP/1.1" 200 1766
186.145.162.140 - - [28/Dec/2014:18:02:15 -0500] "GET /imagenes/URGENTE.gif HTTP/1.1" 200 964
186.145.162.140 - - [28/Dec/2014:18:02:15 -0500] "GET /imagenes/TREE4.gif HTTP/1.1" 200 4150
186.145.162.140 - - [28/Dec/2014:18:02:15 -0500] "POST /forms/lservlet;jsessionid=ac16012b30d5a7fe15751c5d44e08869ca21bb4b4d7a.e3iSbxaKaheRe34Sa3yKbhiTahb0n6jAmljGr5XDqQLvpAe HTTP/1.1" 200 7
186.145.162.140 - - [28/Dec/2014:18:02:15 -0500] "POST /forms/lservlet;jsessionid=ac16012b30d5a7fe15751c5d44e08869ca21bb4b4d7a.e3iSbxaKaheRe34Sa3yKbhiTahb0n6jAmljGr5XDqQLvpAe HTTP/1.1" 200 34
186.145.162.140 - - [28/Dec/2014:18:02:15 -0500] "POST /forms/lservlet;jsessionid=ac16012b30d5a7fe15751c5d44e08869ca21bb4b4d7a.e3iSbxaKaheRe34Sa3yKbhiTahb0n6jAmljGr5XDqQLvpAe HTTP/1.1" 200 2
186.145.162.140 - - [28/Dec/2014:18:02:15 -0500] "POST /forms/lservlet;jsessionid=ac16012b30d5a7fe15751c5d44e08869ca21bb4b4d7a.e3iSbxaKaheRe34Sa3yKbhiTahb0n6jAmljGr5XDqQLvpAe HTTP/1.1" 200 647
190.26.160.110 - - [28/Dec/2014:18:02:21 -0500] "POST /forms/lservlet;jsessionid=ac16012b30d58c2cea58f4174cf38154993ad5e72ec1.e3iSbxaKaheRe34Sa3yKbhiTahb0n6jAmljGr5XDqQLvpAe HTTP/1.1" 200 2
190.159.75.54 - - [28/Dec/2014:18:02:26 -0500] "GET /BLA/boletinlegal/js/jquery.scrollTo-min.js HTTP/1.1" 200 1150
190.159.75.54 - - [28/Dec/2014:18:02:26 -0500] "GET /BLA/boletinlegal/js/jquery.scrollShow.js HTTP/1.1" 200 4586
190.159.75.54 - - [28/Dec/2014:18:02:26 -0500] "GET /BLA/boletinlegal/js/jquery.js HTTP/1.1" 200 57254
181.53.33.25 - - [28/Dec/2014:18:02:28 -0500] "GET /forest/ HTTP/1.1" 200 12758
181.53.33.25 - - [28/Dec/2014:18:02:28 -0500] "GET /forest/skins/gdocs-jar/css/menu.css?version=1412.231748 HTTP/1.1" 200 4235
181.53.33.25 - - [28/Dec/2014:18:02:28 -0500] "GET /forest/skins/gdocs-jar/css/forest.css?version=1412.231748 HTTP/1.1" 200 51
181.53.33.25 - - [28/Dec/2014:18:02:28 -0500] "GET /forest/skins/gdocs-jar/css/autocomplete.css?version=1412.231748 HTTP/1.1" 200 1620
181.53.33.25 - - [28/Dec/2014:18:02:28 -0500] "GET /forest/css/escritorio.css?version=1412.231748 HTTP/1.1" 200 15878
181.53.33.25 - - [28/Dec/2014:18:02:28 -0500] "GET /forest/1ibre/jscalendar/calendar-win2k-1.css?version=1412.231748 HTTP/1.1" 200 5986
181.53.33.25 - - [28/Dec/2014:18:02:28 -0500] "GET /forest/skins/gdocs-jar/css/dialog.css?version=1412.231748 HTTP/1.1" 200 1430
181.53.33.25 - - [28/Dec/2014:18:02:29 -0500] "GET /forest/css/index.css?version=1412.231748 HTTP/1.1" 200 1900
181.53.33.25 - - [28/Dec/2014:18:02:29 -0500] "GET /forest/skins/gdocs-jar/css/forms.css?version=1412.231748 HTTP/1.1" 200 7180
181.53.33.25 - - [28/Dec/2014:18:02:29 -0500] "GET /forest/js/json3.js HTTP/1.1" 200 39592
181.53.33.25 - - [28/Dec/2014:18:02:29 -0500] "GET /forest/jsoptimized/gz/js/gdocsall-1412.231748.js HTTP/1.1" 200 99216
181.53.33.25 - - [28/Dec/2014:18:02:29 -0500] "GET /forest/img/spacer.gif HTTP/1.1" 200 43
181.53.33.25 - - [28/Dec/2014:18:02:29 -0500] "GET /forest/img/panel/view_icon.gif HTTP/1.1" 200 681
181.53.33.25 - - [28/Dec/2014:18:02:29 -0500] "GET /forest/img/loading.gif HTTP/1.1" 200 1197
181.53.33.25 - - [28/Dec/2014:18:02:29 -0500] "GET /forest/img/inicio/2.gif HTTP/1.1" 200 42562
181.53.33.25 - - [28/Dec/2014:18:02:29 -0500] "GET /forest/img/inicio/1.gif HTTP/1.1" 200 23925
181.53.33.25 - - [28/Dec/2014:18:02:29 -0500] "GET /forest/img/inicio/4.gif HTTP/1.1" 200 27784
181.53.33.25 - - [28/Dec/2014:18:02:29 -0500] "GET /forest/img/inicio/3.gif HTTP/1.1" 200 29737
181.53.33.25 - - [28/Dec/2014:18:02:29 -0500] "GET /forest/skins/gdocs-jar/img/okey.gif HTTP/1.1" 200 203
181.53.33.25 - - [28/Dec/2014:18:02:29 -0500] "GET /forest/img/inicio/7.gif HTTP/1.1" 200 18547
181.53.33.25 - - [28/Dec/2014:18:02:29 -0500] "GET /forest/img/mplogo.gif HTTP/1.1" 200 806
181.53.33.25 - - [28/Dec/2014:18:02:29 -0500] "GET /forest/img/close.gif HTTP/1.1" 200 571
181.53.33.25 - - [28/Dec/2014:18:02:29 -0500] "GET /forest/img/inicio/5.gif HTTP/1.1" 200 25611
181.53.33.25 - - [28/Dec/2014:18:02:29 -0500] "GET /forest/img/inicio/6.gif HTTP/1.1" 200 12239
181.53.33.25 - - [28/Dec/2014:18:02:30 -0500] "GET /forest/img/base/bsc2_r1_c2.gif HTTP/1.1" 200 269
181.53.33.25 - - [28/Dec/2014:18:02:30 -0500] "GET /forest/img/base/bsc2_r1_c3.gif HTTP/1.1" 200 3704
181.53.33.25 - - [28/Dec/2014:18:02:30 -0500] "GET /forest/img/base/bsc2_r1_c1.gif HTTP/1.1" 200 28640
181.53.33.25 - - [28/Dec/2014:18:02:30 -0500] "GET /forest/1ibre/1ibre.css HTTP/1.1" 200 614
142.4.208.208 - - [28/Dec/2014:18:02:33 -0500] "GET /blog/wp-admin/ HTTP/1.1" 404 1018
186.145.162.140 - - [28/Dec/2014:18:02:47 -0500] "POST /forms/lservlet;jsessionid=ac16012b30d5a7fe15751c5d44e08869ca21bb4b4d7a.e3iSbxaKaheRe34Sa3yKbhiTahb0n6jAmljGr5XDqQLvpAe HTTP/1.1" 200 49
190.147.131.52 - - [28/Dec/2014:18:02:48 -0500] "POST /forms/lservlet;jsessionid=ac16012b30d5c4a8be8ccc53449b9be8c0d8c2531401.e3iSbxaKaheRe34Sa3yKbhiTahb0n6jAmljGr5XDqQLvpAe HTTP/1.1" 200 2
66.249.64.47 - - [28/Dec/2014:18:02:48 -0500] "GET /videos/Vallasled/1/style.css HTTP/1.1" 200 535
190.156.21.8 - - [28/Dec/2014:18:02:53 -0500] "GET /galeria/nivo-slider/demo/demo.html HTTP/1.1" 304 -
190.156.21.8 - - [28/Dec/2014:18:02:54 -0500] "GET /galeria/nivo-slider/demo/images/bolsas-08.jpg HTTP/1.1" 304 -
190.156.21.8 - - [28/Dec/2014:18:02:54 -0500] "GET /galeria/nivo-slider/demo/images/Ruta-vertimientos-01.jpg HTTP/1.1" 304 -
190.156.21.8 - - [28/Dec/2014:18:02:54 -0500] "GET /galeria/nivo-slider/demo/images/ecolecta-Dic2014.png HTTP/1.1" 304 -
190.156.21.8 - - [28/Dec/2014:18:02:54 -0500] "GET /galeria/nivo-slider/demo/images/porloshumedales.jpg HTTP/1.1" 304 -
181.53.33.25 - - [28/Dec/2014:18:02:54 -0500] "POST /forest/login.do HTTP/1.1" 302 -
190.156.21.8 - - [28/Dec/2014:18:02:54 -0500] "GET /galeria/nivo-slider/demo/images/bolsas-06.jpg HTTP/1.1" 304 -
190.156.21.8 - - [28/Dec/2014:18:02:54 -0500] "GET /galeria/nivo-slider/demo/images/Banner-Caracol-Africano.jpg HTTP/1.1" 304 -
190.156.21.8 - - [28/Dec/2014:18:02:54 -0500] "GET /galeria/nivo-slider/demo/images/banner-caballos.png HTTP/1.1" 304 -
181.53.33.25 - - [28/Dec/2014:18:02:55 -0500] "GET /forest/index2.jsp?a=0.0856786523418368 HTTP/1.1" 200 52492
181.53.33.25 - - [28/Dec/2014:18:02:55 -0500] "GET /forest/img/download_large.gif HTTP/1.1" 200 203
181.53.33.25 - - [28/Dec/2014:18:02:55 -0500] "GET /forest/img/fondo-barra.gif HTTP/1.1" 200 282
181.53.33.25 - - [28/Dec/2014:18:02:55 -0500] "GET /forest/img/inicio.jpg HTTP/1.1" 200 897
181.53.33.25 - - [28/Dec/2014:18:02:55 -0500] "GET /forest/img/users/7.gif HTTP/1.1" 200 1631
181.53.33.25 - - [28/Dec/2014:18:02:55 -0500] "GET /forest/img/users/5.gif HTTP/1.1" 200 1507
181.53.33.25 - - [28/Dec/2014:18:02:55 -0500] "GET /forest/img/users/3.gif HTTP/1.1" 200 1513
181.53.33.25 - - [28/Dec/2014:18:02:55 -0500] "GET /forest/skins/gdocs-jar/css/tree.css HTTP/1.1" 200 223
181.53.33.25 - - [28/Dec/2014:18:02:55 -0500] "GET /forest/skins/gdocs-jar/css/autocomplete.css HTTP/1.1" 200 1620
181.53.33.25 - - [28/Dec/2014:18:02:56 -0500] "GET /forest/skins/gdocs-jar/js/xml_utilities.js?version=1412.231748 HTTP/1.1" 200 2433
181.53.33.25 - - [28/Dec/2014:18:02:56 -0500] "GET /forest/js/inicio.js?version=1412.231748 HTTP/1.1" 200 2303
181.53.33.25 - - [28/Dec/2014:18:02:56 -0500] "GET /forest/skins/gdocs-jar/js/misprocesos.js?version=1412.231748 HTTP/1.1" 200 5890
181.53.33.25 - - [28/Dec/2014:18:02:56 -0500] "GET /forest/skins/gdocs-jar/js/autocompletar2.js?version=1412.231748 HTTP/1.1" 200 24595
181.53.33.25 - - [28/Dec/2014:18:02:56 -0500] "GET /forest/img/buscar.jpg HTTP/1.1" 200 736
181.53.33.25 - - [28/Dec/2014:18:02:56 -0500] "GET /forest/img/buscar_procesos.gif HTTP/1.1" 200 158
181.53.33.25 - - [28/Dec/2014:18:02:56 -0500] "GET /forest/img/notify.gif HTTP/1.1" 200 746
181.53.33.25 - - [28/Dec/2014:18:02:56 -0500] "GET /forest/img/buscar_documentos.gif HTTP/1.1" 200 674
181.53.33.25 - - [28/Dec/2014:18:02:56 -0500] "GET /forest/img/ayuda.gif HTTP/1.1" 200 716
181.53.33.25 - - [28/Dec/2014:18:02:56 -0500] "GET /forest/img/pantalla.gif HTTP/1.1" 200 1407
181.53.33.25 - - [28/Dec/2014:18:02:56 -0500] "GET /forest/img/salir3.gif HTTP/1.1" 200 1271
181.53.33.25 - - [28/Dec/2014:18:02:56 -0500] "GET /forest/img/panel/menu/add.png HTTP/1.1" 200 4044
181.53.33.25 - - [28/Dec/2014:18:02:56 -0500] "GET /forest/img/panel/menu/folder.png HTTP/1.1" 200 1382
181.53.33.25 - - [28/Dec/2014:18:02:56 -0500] "GET /forest/img/panel/menu/hoy.png HTTP/1.1" 200 1215
181.53.33.25 - - [28/Dec/2014:18:02:56 -0500] "GET /forest/img/panel/menu/danger2.png HTTP/1.1" 200 1358
181.53.33.25 - - [28/Dec/2014:18:02:56 -0500] "GET /forest/img/instanciar.gif HTTP/1.1" 200 1589
181.53.33.25 - - [28/Dec/2014:18:02:56 -0500] "GET /forest/skins/gdocs-jar/img/cancel.gif HTTP/1.1" 200 77
181.53.33.25 - - [28/Dec/2014:18:02:56 -0500] "GET /forest/img/misdocumentos.gif HTTP/1.1" 200 545
181.53.33.25 - - [28/Dec/2014:18:02:56 -0500] "GET /forest/skins/gdocs-jar/img/icons/pdf.gif HTTP/1.1" 200 230
181.53.33.25 - - [28/Dec/2014:18:02:56 -0500] "GET /forest/session.jsp?a=0.7621061636600643 HTTP/1.1" 200 4
181.53.33.25 - - [28/Dec/2014:18:03:01 -0500] "GET /forest/usutareas.do?group_system_actual=3&codTraEsc=17180418&_a=0.9554035979459439 HTTP/1.1" 200 103512
181.53.33.25 - - [28/Dec/2014:18:03:03 -0500] "GET /forest/skins/gdocs-jar/js/grid.js?version=1412.231748 HTTP/1.1" 200 7034
181.53.33.25 - - [28/Dec/2014:18:03:03 -0500] "GET /forest/js/usutareas-docs.js HTTP/1.1" 200 646
181.53.33.25 - - [28/Dec/2014:18:03:03 -0500] "GET /forest/js/socketConnection.js HTTP/1.1" 200 3648
181.53.33.25 - - [28/Dec/2014:18:03:03 -0500] "GET /forest/skins/gdocs-jar/css/forms.css HTTP/1.1" 200 7180
181.53.33.25 - - [28/Dec/2014:18:03:02 -0500] "GET /forest/js/jquery/jquery-1.5.2.min.js HTTP/1.1" 200 85940
66.249.64.163 - - [28/Dec/2014:18:03:03 -0500] "GET /BLA/resoluciones/AUTOS%202014/5786.pdf HTTP/1.1" 200 201202
181.53.33.25 - - [28/Dec/2014:18:03:02 -0500] "GET /forest/skins/gdocs-jar/js/tareas.js?version=1412.231748 HTTP/1.1" 200 41572
181.53.33.25 - - [28/Dec/2014:18:03:03 -0500] "GET /forest/js/jquery/jquery.atmosphere.js HTTP/1.1" 200 103614
181.53.33.25 - - [28/Dec/2014:18:03:04 -0500] "GET /forest/skins/gdocs-jar/js/number-functions.js?version=1412.231748 HTTP/1.1" 200 9577
181.53.33.25 - - [28/Dec/2014:18:03:04 -0500] "GET /forest/skins/gdocs-jar/js/swfobject.js?version=1412.231748 HTTP/1.1" 200 6887
181.53.33.25 - - [28/Dec/2014:18:03:04 -0500] "GET /forest/skins/gdocs-jar/js/graphicForm.js?version=1412.231748 HTTP/1.1" 200 16490
181.53.33.25 - - [28/Dec/2014:18:03:04 -0500] "GET /forest/skins/gdocs-jar/js/formsBase.js?version=1412.231748 HTTP/1.1" 200 100846
181.53.33.25 - - [28/Dec/2014:18:03:05 -0500] "GET /forest/skins/gdocs-jar/img/desasociarUser.gif HTTP/1.1" 200 1209
181.53.33.25 - - [28/Dec/2014:18:03:05 -0500] "GET /forest/img/asociarUser.gif HTTP/1.1" 200 1227
181.53.33.25 - - [28/Dec/2014:18:03:05 -0500] "GET /forest/skins/gdocs-jar/img/asociarUserOtraDependencia.gif HTTP/1.1" 200 1217
181.53.33.25 - - [28/Dec/2014:18:03:05 -0500] "GET /forest/skins/gdocs-jar/img/vertodossubprocesos.gif HTTP/1.1" 200 167
181.53.33.25 - - [28/Dec/2014:18:03:05 -0500] "GET /forest/skins/gdocs-jar/img/comments.gif HTTP/1.1" 200 672
181.53.33.25 - - [28/Dec/2014:18:03:05 -0500] "GET /forest/skins/gdocs-jar/img/print.gif HTTP/1.1" 200 1195
181.53.33.25 - - [28/Dec/2014:18:03:05 -0500] "GET /forest/skins/gdocs-jar/img/actividad2.gif HTTP/1.1" 200 1189
181.53.33.25 - - [28/Dec/2014:18:03:05 -0500] "GET /forest/skins/gdocs-jar/img/ok.gif HTTP/1.1" 200 579
181.53.33.25 - - [28/Dec/2014:18:03:05 -0500] "GET /forest/skins/gdocs-jar/img/clip.gif HTTP/1.1" 200 246
181.53.33.25 - - [28/Dec/2014:18:03:05 -0500] "GET /forest/skins/gdocs-jar/img/bola.gif HTTP/1.1" 200 272
181.53.33.25 - - [28/Dec/2014:18:03:05 -0500] "GET /forest/skins/gdocs-jar/img/alert.gif HTTP/1.1" 200 595
181.53.33.25 - - [28/Dec/2014:18:03:05 -0500] "GET /forest/skins/gdocs-jar/img/close.gif HTTP/1.1" 200 571
181.53.33.25 - - [28/Dec/2014:18:03:05 -0500] "GET /forest/skins/gdocs-jar/img/spacer.gif HTTP/1.1" 200 43
181.53.33.25 - - [28/Dec/2014:18:03:05 -0500] "GET /forest/skins/gdocs-jar/img/prev.gif HTTP/1.1" 200 827
181.53.33.25 - - [28/Dec/2014:18:03:05 -0500] "GET /forest/skins/gdocs-jar/img/disk.png HTTP/1.1" 200 22070
181.53.33.25 - - [28/Dec/2014:18:03:05 -0500] "GET /forest/img/jquery/ui-bg_glass_75_d0e5f5_1x400.png HTTP/1.1" 200 50253
181.53.33.25 - - [28/Dec/2014:18:03:05 -0500] "GET /forest/skins/gdocs-jar/img/control-double.png HTTP/1.1" 200 21754
181.53.33.25 - - [28/Dec/2014:18:03:06 -0500] "GET /forest/session.jsp?a=0.7301586107350886 HTTP/1.1" 200 4
181.53.33.25 - - [28/Dec/2014:18:03:06 -0500] "GET /forest/1ibre/jscalendar/img.gif HTTP/1.1" 200 223
181.53.33.25 - - [28/Dec/2014:18:03:06 -0500] "GET /forest/actions/forms.getMappedValues?id=id_Numeracion1&value=1411756721224&codForm=ElaborarDocumento&a=0.5826617632992566 HTTP/1.1" 200 232
181.53.33.25 - - [28/Dec/2014:18:03:06 -0500] "GET /forest/skins/gdocs-jar/img/green.gif HTTP/1.1" 200 134
181.53.33.25 - - [28/Dec/2014:18:03:06 -0500] "GET /forest/skins/gdocs-jar/img/bgPanel.jpg HTTP/1.1" 200 430
181.53.33.25 - - [28/Dec/2014:18:03:14 -0500] "GET /forest/actions/forms.getList?codForm=ElaborarDocumento&id=Fun_Destino17&text=p HTTP/1.1" 200 1272
181.53.33.25 - - [28/Dec/2014:18:03:15 -0500] "GET /forest/actions/forms.getList?codForm=ElaborarDocumento&id=Fun_Destino17&text=pe HTTP/1.1" 200 1276
181.53.33.25 - - [28/Dec/2014:18:03:15 -0500] "GET /forest/actions/forms.getList?codForm=ElaborarDocumento&id=Fun_Destino17&text=ped HTTP/1.1" 200 653
181.53.33.25 - - [28/Dec/2014:18:03:16 -0500] "GET /forest/actions/forms.getList?codForm=ElaborarDocumento&id=Fun_Destino17&text=pedro HTTP/1.1" 200 118
181.53.33.25 - - [28/Dec/2014:18:03:16 -0500] "GET /forest/actions/forms.getList?codForm=ElaborarDocumento&id=Fun_Destino17&text=pedr HTTP/1.1" 200 378
181.53.33.25 - - [28/Dec/2014:18:03:21 -0500] "POST /forest/usutareas.do? HTTP/1.1" 200 201
181.53.33.25 - - [28/Dec/2014:18:03:27 -0500] "GET /forest/skins/gdocs-jar/img/error.gif HTTP/1.1" 200 822
181.53.33.25 - - [28/Dec/2014:18:03:37 -0500] "GET /forest/logout-redirect.jsp HTTP/1.1" 302 -
181.53.33.25 - - [28/Dec/2014:18:03:38 -0500] "GET /forest/login.do HTTP/1.1" 200 12758
100.43.85.25 - - [28/Dec/2014:18:03:43 -0500] "GET /PruebasSTORM/StormSDA_pruebas/userFiles/user_files/formulas/3/34.xml HTTP/1.1" 200 979
186.145.162.140 - - [28/Dec/2014:18:03:45 -0500] "POST /forms/lservlet;jsessionid=ac16012b30d5a7fe15751c5d44e08869ca21bb4b4d7a.e3iSbxaKaheRe34Sa3yKbhiTahb0n6jAmljGr5XDqQLvpAe HTTP/1.1" 200 24
186.145.162.140 - - [28/Dec/2014:18:03:45 -0500] "POST /forms/lservlet;jsessionid=ac16012b30d5a7fe15751c5d44e08869ca21bb4b4d7a.e3iSbxaKaheRe34Sa3yKbhiTahb0n6jAmljGr5XDqQLvpAe HTTP/1.1" 200 2
186.145.162.140 - - [28/Dec/2014:18:03:45 -0500] "POST /forms/lservlet;jsessionid=ac16012b30d5a7fe15751c5d44e08869ca21bb4b4d7a.e3iSbxaKaheRe34Sa3yKbhiTahb0n6jAmljGr5XDqQLvpAe HTTP/1.1" 200 598
186.145.162.140 - - [28/Dec/2014:18:03:46 -0500] "POST /forms/lservlet;jsessionid=ac16012b30d5a7fe15751c5d44e08869ca21bb4b4d7a.e3iSbxaKaheRe34Sa3yKbhiTahb0n6jAmljGr5XDqQLvpAe HTTP/1.1" 200 20
186.145.162.140 - - [28/Dec/2014:18:03:51 -0500] "POST /forms/lservlet;jsessionid=ac16012b30d5a7fe15751c5d44e08869ca21bb4b4d7a.e3iSbxaKaheRe34Sa3yKbhiTahb0n6jAmljGr5XDqQLvpAe HTTP/1.1" 200 426
186.145.162.140 - - [28/Dec/2014:18:03:53 -0500] "POST /forms/lservlet;jsessionid=ac16012b30d5a7fe15751c5d44e08869ca21bb4b4d7a.e3iSbxaKaheRe34Sa3yKbhiTahb0n6jAmljGr5XDqQLvpAe HTTP/1.1" 200 52
186.145.162.140 - - [28/Dec/2014:18:03:58 -0500] "POST /forms/lservlet;jsessionid=ac16012b30d5a7fe15751c5d44e08869ca21bb4b4d7a.e3iSbxaKaheRe34Sa3yKbhiTahb0n6jAmljGr5XDqQLvpAe HTTP/1.1" 200 24
