186.84.40.34 - - [28/Dec/2014:12:55:36 -0500] "POST /forms/lservlet;jsessionid=ac16012b30d564bef53d3dc646be8de9f994574197ef.e3iSbxaKaheRe34Sa3yKbhiTahb0n6jAmljGr5XDqQLvpAe HTTP/1.1" 200 2
74.86.158.107 - - [28/Dec/2014:12:55:36 -0500] "HEAD / HTTP/1.1" 302 -
181.54.57.138 - - [28/Dec/2014:12:55:38 -0500] "POST /forms/lservlet;jsessionid=ac16012b30d583ab687cf42045bc85aeb60ace941d75.e3iSbxaKaheRe34Sa3yKbhiTahb0n6jAmljGr5XDqQLvpAe HTTP/1.1" 200 410
181.54.57.138 - - [28/Dec/2014:12:55:39 -0500] "POST /forms/lservlet;jsessionid=ac16012b30d583ab687cf42045bc85aeb60ace941d75.e3iSbxaKaheRe34Sa3yKbhiTahb0n6jAmljGr5XDqQLvpAe HTTP/1.1" 200 2
181.54.57.138 - - [28/Dec/2014:12:55:41 -0500] "POST /forms/lservlet;jsessionid=ac16012b30d583ab687cf42045bc85aeb60ace941d75.e3iSbxaKaheRe34Sa3yKbhiTahb0n6jAmljGr5XDqQLvpAe HTTP/1.1" 200 413
181.54.57.138 - - [28/Dec/2014:12:55:41 -0500] "POST /forms/lservlet;jsessionid=ac16012b30d583ab687cf42045bc85aeb60ace941d75.e3iSbxaKaheRe34Sa3yKbhiTahb0n6jAmljGr5XDqQLvpAe HTTP/1.1" 200 7
181.54.57.138 - - [28/Dec/2014:12:55:45 -0500] "POST /forms/lservlet;jsessionid=ac16012b30d583ab687cf42045bc85aeb60ace941d75.e3iSbxaKaheRe34Sa3yKbhiTahb0n6jAmljGr5XDqQLvpAe HTTP/1.1" 200 186
181.54.57.138 - - [28/Dec/2014:12:55:46 -0500] "POST /forms/lservlet;jsessionid=ac16012b30d583ab687cf42045bc85aeb60ace941d75.e3iSbxaKaheRe34Sa3yKbhiTahb0n6jAmljGr5XDqQLvpAe HTTP/1.1" 200 186
181.54.57.138 - - [28/Dec/2014:12:55:46 -0500] "POST /forms/lservlet;jsessionid=ac16012b30d583ab687cf42045bc85aeb60ace941d75.e3iSbxaKaheRe34Sa3yKbhiTahb0n6jAmljGr5XDqQLvpAe HTTP/1.1" 200 186
181.54.57.138 - - [28/Dec/2014:12:55:46 -0500] "POST /forms/lservlet;jsessionid=ac16012b30d583ab687cf42045bc85aeb60ace941d75.e3iSbxaKaheRe34Sa3yKbhiTahb0n6jAmljGr5XDqQLvpAe HTTP/1.1" 200 7
181.54.57.138 - - [28/Dec/2014:12:55:47 -0500] "POST /forms/lservlet;jsessionid=ac16012b30d583ab687cf42045bc85aeb60ace941d75.e3iSbxaKaheRe34Sa3yKbhiTahb0n6jAmljGr5XDqQLvpAe HTTP/1.1" 200 186
181.54.57.138 - - [28/Dec/2014:12:55:48 -0500] "POST /forms/lservlet;jsessionid=ac16012b30d583ab687cf42045bc85aeb60ace941d75.e3iSbxaKaheRe34Sa3yKbhiTahb0n6jAmljGr5XDqQLvpAe HTTP/1.1" 200 186
181.54.57.138 - - [28/Dec/2014:12:55:48 -0500] "POST /forms/lservlet;jsessionid=ac16012b30d583ab687cf42045bc85aeb60ace941d75.e3iSbxaKaheRe34Sa3yKbhiTahb0n6jAmljGr5XDqQLvpAe HTTP/1.1" 200 186
181.54.57.138 - - [28/Dec/2014:12:56:05 -0500] "POST /forms/lservlet;jsessionid=ac16012b30d583ab687cf42045bc85aeb60ace941d75.e3iSbxaKaheRe34Sa3yKbhiTahb0n6jAmljGr5XDqQLvpAe HTTP/1.1" 200 2
181.54.57.138 - - [28/Dec/2014:12:56:06 -0500] "POST /forms/lservlet;jsessionid=ac16012b30d583ab687cf42045bc85aeb60ace941d75.e3iSbxaKaheRe34Sa3yKbhiTahb0n6jAmljGr5XDqQLvpAe HTTP/1.1" 200 585
181.54.57.138 - - [28/Dec/2014:12:56:06 -0500] "POST /forms/lservlet;jsessionid=ac16012b30d583ab687cf42045bc85aeb60ace941d75.e3iSbxaKaheRe34Sa3yKbhiTahb0n6jAmljGr5XDqQLvpAe HTTP/1.1" 200 7
181.54.57.138 - - [28/Dec/2014:12:56:07 -0500] "POST /forms/lservlet;jsessionid=ac16012b30d583ab687cf42045bc85aeb60ace941d75.e3iSbxaKaheRe34Sa3yKbhiTahb0n6jAmljGr5XDqQLvpAe HTTP/1.1" 200 2
181.54.57.138 - - [28/Dec/2014:12:56:07 -0500] "POST /forms/lservlet;jsessionid=ac16012b30d583ab687cf42045bc85aeb60ace941d75.e3iSbxaKaheRe34Sa3yKbhiTahb0n6jAmljGr5XDqQLvpAe HTTP/1.1" 200 101
181.54.57.138 - - [28/Dec/2014:12:56:08 -0500] "POST /forms/lservlet;jsessionid=ac16012b30d583ab687cf42045bc85aeb60ace941d75.e3iSbxaKaheRe34Sa3yKbhiTahb0n6jAmljGr5XDqQLvpAe HTTP/1.1" 200 2
181.54.57.138 - - [28/Dec/2014:12:56:09 -0500] "POST /forms/lservlet;jsessionid=ac16012b30d583ab687cf42045bc85aeb60ace941d75.e3iSbxaKaheRe34Sa3yKbhiTahb0n6jAmljGr5XDqQLvpAe HTTP/1.1" 200 2
181.54.57.138 - - [28/Dec/2014:12:56:09 -0500] "POST /forms/lservlet;jsessionid=ac16012b30d583ab687cf42045bc85aeb60ace941d75.e3iSbxaKaheRe34Sa3yKbhiTahb0n6jAmljGr5XDqQLvpAe HTTP/1.1" 200 372
181.54.57.138 - - [28/Dec/2014:12:56:11 -0500] "POST /forms/lservlet;jsessionid=ac16012b30d583ab687cf42045bc85aeb60ace941d75.e3iSbxaKaheRe34Sa3yKbhiTahb0n6jAmljGr5XDqQLvpAe HTTP/1.1" 200 2
181.54.57.138 - - [28/Dec/2014:12:56:11 -0500] "POST /forms/lservlet;jsessionid=ac16012b30d583ab687cf42045bc85aeb60ace941d75.e3iSbxaKaheRe34Sa3yKbhiTahb0n6jAmljGr5XDqQLvpAe HTTP/1.1" 200 34
181.54.57.138 - - [28/Dec/2014:12:56:11 -0500] "POST /forms/lservlet;jsessionid=ac16012b30d583ab687cf42045bc85aeb60ace941d75.e3iSbxaKaheRe34Sa3yKbhiTahb0n6jAmljGr5XDqQLvpAe HTTP/1.1" 200 2
181.54.57.138 - - [28/Dec/2014:12:56:12 -0500] "POST /forms/lservlet;jsessionid=ac16012b30d583ab687cf42045bc85aeb60ace941d75.e3iSbxaKaheRe34Sa3yKbhiTahb0n6jAmljGr5XDqQLvpAe HTTP/1.1" 200 2
181.54.57.138 - - [28/Dec/2014:12:56:12 -0500] "POST /forms/lservlet;jsessionid=ac16012b30d583ab687cf42045bc85aeb60ace941d75.e3iSbxaKaheRe34Sa3yKbhiTahb0n6jAmljGr5XDqQLvpAe HTTP/1.1" 200 2017
181.54.57.138 - - [28/Dec/2014:12:56:12 -0500] "POST /forms/lservlet;jsessionid=ac16012b30d583ab687cf42045bc85aeb60ace941d75.e3iSbxaKaheRe34Sa3yKbhiTahb0n6jAmljGr5XDqQLvpAe HTTP/1.1" 200 78
186.84.40.34 - - [28/Dec/2014:12:56:21 -0500] "POST /forms/lservlet;jsessionid=ac16012b30d564bef53d3dc646be8de9f994574197ef.e3iSbxaKaheRe34Sa3yKbhiTahb0n6jAmljGr5XDqQLvpAe HTTP/1.1" 200 2
186.84.40.34 - - [28/Dec/2014:12:56:25 -0500] "POST /forms/lservlet;jsessionid=ac16012b30d564bef53d3dc646be8de9f994574197ef.e3iSbxaKaheRe34Sa3yKbhiTahb0n6jAmljGr5XDqQLvpAe HTTP/1.1" 200 88
186.84.40.34 - - [28/Dec/2014:12:56:27 -0500] "POST /forms/lservlet;jsessionid=ac16012b30d564bef53d3dc646be8de9f994574197ef.e3iSbxaKaheRe34Sa3yKbhiTahb0n6jAmljGr5XDqQLvpAe HTTP/1.1" 200 7
186.84.40.34 - - [28/Dec/2014:12:56:36 -0500] "POST /forms/lservlet;jsessionid=ac16012b30d564bef53d3dc646be8de9f994574197ef.e3iSbxaKaheRe34Sa3yKbhiTahb0n6jAmljGr5XDqQLvpAe HTTP/1.1" 200 494
186.84.40.34 - - [28/Dec/2014:12:56:36 -0500] "POST /forms/lservlet;jsessionid=ac16012b30d564bef53d3dc646be8de9f994574197ef.e3iSbxaKaheRe34Sa3yKbhiTahb0n6jAmljGr5XDqQLvpAe HTTP/1.1" 200 7
181.54.57.138 - - [28/Dec/2014:12:56:37 -0500] "POST /forms/lservlet;jsessionid=ac16012b30d583ab687cf42045bc85aeb60ace941d75.e3iSbxaKaheRe34Sa3yKbhiTahb0n6jAmljGr5XDqQLvpAe HTTP/1.1" 200 34756
181.54.57.138 - - [28/Dec/2014:12:56:39 -0500] "GET /imagenes/listval.gif HTTP/1.1" 200 905
181.54.57.138 - - [28/Dec/2014:12:56:39 -0500] "POST /forms/lservlet;jsessionid=ac16012b30d583ab687cf42045bc85aeb60ace941d75.e3iSbxaKaheRe34Sa3yKbhiTahb0n6jAmljGr5XDqQLvpAe HTTP/1.1" 200 7
181.54.57.138 - - [28/Dec/2014:12:56:39 -0500] "POST /forms/lservlet;jsessionid=ac16012b30d583ab687cf42045bc85aeb60ace941d75.e3iSbxaKaheRe34Sa3yKbhiTahb0n6jAmljGr5XDqQLvpAe HTTP/1.1" 200 34
181.54.57.138 - - [28/Dec/2014:12:56:39 -0500] "POST /forms/lservlet;jsessionid=ac16012b30d583ab687cf42045bc85aeb60ace941d75.e3iSbxaKaheRe34Sa3yKbhiTahb0n6jAmljGr5XDqQLvpAe HTTP/1.1" 200 2
181.54.57.138 - - [28/Dec/2014:12:56:40 -0500] "POST /forms/lservlet;jsessionid=ac16012b30d583ab687cf42045bc85aeb60ace941d75.e3iSbxaKaheRe34Sa3yKbhiTahb0n6jAmljGr5XDqQLvpAe HTTP/1.1" 200 2
181.54.57.138 - - [28/Dec/2014:12:56:40 -0500] "POST /forms/lservlet;jsessionid=ac16012b30d583ab687cf42045bc85aeb60ace941d75.e3iSbxaKaheRe34Sa3yKbhiTahb0n6jAmljGr5XDqQLvpAe HTTP/1.1" 200 662
181.54.57.138 - - [28/Dec/2014:12:56:40 -0500] "POST /forms/lservlet;jsessionid=ac16012b30d583ab687cf42045bc85aeb60ace941d75.e3iSbxaKaheRe34Sa3yKbhiTahb0n6jAmljGr5XDqQLvpAe HTTP/1.1" 200 10
181.54.57.138 - - [28/Dec/2014:12:56:44 -0500] "POST /forms/lservlet;jsessionid=ac16012b30d583ab687cf42045bc85aeb60ace941d75.e3iSbxaKaheRe34Sa3yKbhiTahb0n6jAmljGr5XDqQLvpAe HTTP/1.1" 200 26
66.249.64.167 - - [28/Dec/2014:12:56:45 -0500] "GET /BLA/resoluciones/RESOLUCIONES%202008/0910.pdf HTTP/1.1" 200 278297
181.54.57.138 - - [28/Dec/2014:12:56:44 -0500] "POST /forms/lservlet;jsessionid=ac16012b30d583ab687cf42045bc85aeb60ace941d75.e3iSbxaKaheRe34Sa3yKbhiTahb0n6jAmljGr5XDqQLvpAe HTTP/1.1" 200 4510
181.54.57.138 - - [28/Dec/2014:12:56:46 -0500] "POST /forms/lservlet;jsessionid=ac16012b30d583ab687cf42045bc85aeb60ace941d75.e3iSbxaKaheRe34Sa3yKbhiTahb0n6jAmljGr5XDqQLvpAe HTTP/1.1" 200 2
181.54.57.138 - - [28/Dec/2014:12:56:47 -0500] "POST /forms/lservlet;jsessionid=ac16012b30d583ab687cf42045bc85aeb60ace941d75.e3iSbxaKaheRe34Sa3yKbhiTahb0n6jAmljGr5XDqQLvpAe HTTP/1.1" 200 120
186.84.40.34 - - [28/Dec/2014:12:57:06 -0500] "POST /forms/lservlet;jsessionid=ac16012b30d564bef53d3dc646be8de9f994574197ef.e3iSbxaKaheRe34Sa3yKbhiTahb0n6jAmljGr5XDqQLvpAe HTTP/1.1" 200 130
181.54.57.138 - - [28/Dec/2014:12:57:09 -0500] "POST /forms/lservlet;jsessionid=ac16012b30d583ab687cf42045bc85aeb60ace941d75.e3iSbxaKaheRe34Sa3yKbhiTahb0n6jAmljGr5XDqQLvpAe HTTP/1.1" 200 273
181.54.57.138 - - [28/Dec/2014:12:57:11 -0500] "POST /forms/lservlet;jsessionid=ac16012b30d583ab687cf42045bc85aeb60ace941d75.e3iSbxaKaheRe34Sa3yKbhiTahb0n6jAmljGr5XDqQLvpAe HTTP/1.1" 200 63
66.249.64.163 - - [28/Dec/2014:12:57:12 -0500] "GET /BLA/resoluciones/AUTOS%202012/1956.pdf HTTP/1.1" 200 342024
181.54.57.138 - - [28/Dec/2014:12:57:22 -0500] "POST /forms/lservlet;jsessionid=ac16012b30d583ab687cf42045bc85aeb60ace941d75.e3iSbxaKaheRe34Sa3yKbhiTahb0n6jAmljGr5XDqQLvpAe HTTP/1.1" 200 145
181.54.57.138 - - [28/Dec/2014:12:57:23 -0500] "POST /forms/lservlet;jsessionid=ac16012b30d583ab687cf42045bc85aeb60ace941d75.e3iSbxaKaheRe34Sa3yKbhiTahb0n6jAmljGr5XDqQLvpAe HTTP/1.1" 200 63
181.54.57.138 - - [28/Dec/2014:12:57:26 -0500] "POST /forms/lservlet;jsessionid=ac16012b30d583ab687cf42045bc85aeb60ace941d75.e3iSbxaKaheRe34Sa3yKbhiTahb0n6jAmljGr5XDqQLvpAe HTTP/1.1" 200 133
181.54.57.138 - - [28/Dec/2014:12:57:27 -0500] "POST /forms/lservlet;jsessionid=ac16012b30d583ab687cf42045bc85aeb60ace941d75.e3iSbxaKaheRe34Sa3yKbhiTahb0n6jAmljGr5XDqQLvpAe HTTP/1.1" 200 63
181.54.57.138 - - [28/Dec/2014:12:57:28 -0500] "POST /forms/lservlet;jsessionid=ac16012b30d583ab687cf42045bc85aeb60ace941d75.e3iSbxaKaheRe34Sa3yKbhiTahb0n6jAmljGr5XDqQLvpAe HTTP/1.1" 200 2
181.54.57.138 - - [28/Dec/2014:12:57:29 -0500] "POST /forms/lservlet;jsessionid=ac16012b30d583ab687cf42045bc85aeb60ace941d75.e3iSbxaKaheRe34Sa3yKbhiTahb0n6jAmljGr5XDqQLvpAe HTTP/1.1" 200 133
181.54.57.138 - - [28/Dec/2014:12:57:30 -0500] "POST /forms/lservlet;jsessionid=ac16012b30d583ab687cf42045bc85aeb60ace941d75.e3iSbxaKaheRe34Sa3yKbhiTahb0n6jAmljGr5XDqQLvpAe HTTP/1.1" 200 63
181.207.235.253 - - [28/Dec/2014:12:57:27 -0500] "GET /forest/misactividades.do?_a=0.929541751742363&group_system_actual=3 HTTP/1.1" 200 37503
152.61.128.66 - - [28/Dec/2014:12:57:35 -0500] "HEAD / HTTP/1.1" 302 -
152.61.128.66 - - [28/Dec/2014:12:57:35 -0500] "GET /arcgis/services/Calidad_del_Agua_WQI/MapServer/WMSServer?request=GetCapabilities&service=WMS HTTP/1.1" 200 32135
152.61.128.66 - - [28/Dec/2014:12:57:36 -0500] "GET /arcgis/services/Calidad_del_Agua_WQI/MapServer/WMSServer?request=GetCapabilities&service=WMS HTTP/1.0" 200 32135
152.61.128.66 - - [28/Dec/2014:12:57:37 -0500] "GET /arcgis/services/Calidad_del_Agua_WQI/MapServer/WMSServer?request=GetCapabilities&service=WMS HTTP/1.0" 200 32135
152.61.128.66 - - [28/Dec/2014:12:57:38 -0500] "GET /arcgis/services/Calidad_del_Agua_WQI/MapServer/WMSServer?request=GetCapabilities&service=WMS HTTP/1.0" 200 32135
181.207.235.253 - - [28/Dec/2014:12:57:39 -0500] "GET /forest/session.jsp?a=0.7487661992199719 HTTP/1.1" 200 4
152.61.128.66 - - [28/Dec/2014:12:57:39 -0500] "GET /arcgis/services/Calidad_del_Agua_WQI/MapServer/WMSServer?VERSION=1.1.1&REQUEST=GetMap&LAYERS=0&SRS=EPSG:4326&BBOX=-74.473395,3.674381,-73.963300,4.920569&WIDTH=250&HEIGHT=250&FORMAT=image/bmp&STYLES=& HTTP/1.1" 200 188054
190.84.185.167 - - [28/Dec/2014:12:57:52 -0500] "POST /forest/actions/manager.login?group_system_actual=3 HTTP/1.1" 200 55
152.61.128.66 - - [28/Dec/2014:12:57:57 -0500] "HEAD / HTTP/1.1" 302 -
152.61.128.66 - - [28/Dec/2014:12:57:57 -0500] "GET /arcgis/services/Calidad_del_Agua_WQI/MapServer/WMSServer?SERVICE=WMS&REQUEST=GetCapabilities HTTP/1.1" 200 32135
152.61.128.66 - - [28/Dec/2014:12:57:57 -0500] "GET /arcgis/services/Calidad_del_Agua_WQI/MapServer/WMSServer?SERVICE=WMS&REQUEST=GetCapabilities HTTP/1.0" 200 32135
152.61.128.66 - - [28/Dec/2014:12:57:58 -0500] "GET /arcgis/services/Calidad_del_Agua_WQI/MapServer/WMSServer?SERVICE=WMS&REQUEST=GetCapabilities HTTP/1.0" 200 32135
188.165.15.23 - - [28/Dec/2014:12:57:59 -0500] "GET /BLA/resoluciones/RESOLUCIONES%202002/RES%202002%201201-1250/20021235.tif HTTP/1.1" 200 115468
152.61.128.66 - - [28/Dec/2014:12:57:59 -0500] "GET /arcgis/services/Calidad_del_Agua_WQI/MapServer/WMSServer?SERVICE=WMS&REQUEST=GetCapabilities HTTP/1.0" 200 32135
152.61.128.66 - - [28/Dec/2014:12:58:00 -0500] "GET /arcgis/services/Calidad_del_Agua_WQI/MapServer/WMSServer?VERSION=1.1.1&REQUEST=GetMap&LAYERS=0&SRS=EPSG:4326&BBOX=-74.473395,3.674381,-73.963300,4.920569&WIDTH=250&HEIGHT=250&FORMAT=image/bmp&STYLES=& HTTP/1.1" 200 188054
190.84.185.167 - - [28/Dec/2014:12:58:02 -0500] "POST /forest/actions/manager.login?group_system_actual=3 HTTP/1.1" 200 14
190.84.185.167 - - [28/Dec/2014:12:58:02 -0500] "GET /forest/session.jsp?a=0.2918425495736301 HTTP/1.1" 200 4
88.64.156.164 - - [28/Dec/2014:12:58:02 -0500] "GET /galeria/carrusel/Carrusel/jquery.thumbnailScroller.css HTTP/1.1" 200 2066
88.64.156.164 - - [28/Dec/2014:12:58:02 -0500] "GET /BLA/boletinlegal/js/jquery.js HTTP/1.1" 200 57254
88.64.156.164 - - [28/Dec/2014:12:58:02 -0500] "GET /BLA/boletinlegal/js/jquery.scrollTo-min.js HTTP/1.1" 200 1150
88.64.156.164 - - [28/Dec/2014:12:58:02 -0500] "GET /BLA/boletinlegal/js/jquery.scrollShow.js HTTP/1.1" 200 4586
88.64.156.164 - - [28/Dec/2014:12:58:02 -0500] "GET /galeria/carrusel/Carrusel/jquery-ui-1.8.13.custom.min.js HTTP/1.1" 200 10800
88.64.156.164 - - [28/Dec/2014:12:58:02 -0500] "GET /galeria/carrusel/Carrusel/jquery.thumbnailScroller.js HTTP/1.1" 200 8157
88.64.156.164 - - [28/Dec/2014:12:58:11 -0500] "GET /galeria/nivo-slider/demo/demo.html HTTP/1.1" 200 3237
88.64.156.164 - - [28/Dec/2014:12:58:11 -0500] "GET /galeria/nivo-slider/themes/default/default.css HTTP/1.1" 200 1569
88.64.156.164 - - [28/Dec/2014:12:58:12 -0500] "GET /galeria/nivo-slider/themes/pascal/pascal.css HTTP/1.1" 200 2258
88.64.156.164 - - [28/Dec/2014:12:58:12 -0500] "GET /galeria/nivo-slider/themes/orman/orman.css HTTP/1.1" 200 2152
88.64.156.164 - - [28/Dec/2014:12:58:12 -0500] "GET /galeria/nivo-slider/nivo-slider.css HTTP/1.1" 200 1507
88.64.156.164 - - [28/Dec/2014:12:58:12 -0500] "GET /galeria/nivo-slider/demo/style.css HTTP/1.1" 200 2222
88.64.156.164 - - [28/Dec/2014:12:58:12 -0500] "GET /galeria/nivo-slider/demo/scripts/jquery-1.7.1.min.js HTTP/1.1" 200 93868
88.64.156.164 - - [28/Dec/2014:12:58:12 -0500] "GET /galeria/nivo-slider/jquery.nivo.slider.pack.js HTTP/1.1" 200 11561
88.64.156.164 - - [28/Dec/2014:12:58:12 -0500] "GET /galeria/nivo-slider/demo/images/bolsas-08.jpg HTTP/1.1" 200 85589
88.64.156.164 - - [28/Dec/2014:12:58:12 -0500] "GET /galeria/nivo-slider/demo/images/Ruta-vertimientos-01.jpg HTTP/1.1" 200 130151
88.64.156.164 - - [28/Dec/2014:12:58:12 -0500] "GET /galeria/nivo-slider/demo/images/bolsas-06.jpg HTTP/1.1" 200 90982
88.64.156.164 - - [28/Dec/2014:12:58:12 -0500] "GET /galeria/nivo-slider/demo/images/4Simple_Slider.png HTTP/1.1" 200 11722
88.64.156.164 - - [28/Dec/2014:12:58:13 -0500] "GET /galeria/nivo-slider/themes/default/loading.gif HTTP/1.1" 200 1737
88.64.156.164 - - [28/Dec/2014:12:58:13 -0500] "GET /galeria/nivo-slider/demo/images/ecolecta-Dic2014.png HTTP/1.1" 200 288593
88.64.156.164 - - [28/Dec/2014:12:58:14 -0500] "GET /galeria/nivo-slider/demo/images/Banner-GAE3.jpg HTTP/1.1" 200 146354
88.64.156.164 - - [28/Dec/2014:12:58:15 -0500] "GET /galeria/nivo-slider/demo/images/porloshumedales.jpg HTTP/1.1" 200 351238
88.64.156.164 - - [28/Dec/2014:12:58:15 -0500] "GET /galeria/nivo-slider/demo/images/Tingua-azul.jpg HTTP/1.1" 200 307638
88.64.156.164 - - [28/Dec/2014:12:58:16 -0500] "GET /galeria/nivo-slider/demo/images/Banner-Caracol-Africano.jpg HTTP/1.1" 200 331986
190.84.185.167 - - [28/Dec/2014:12:52:17 -0500] "GET /ForestMSG_SDA/channelAsync/template_word_17194523?X-Atmosphere-tracking-id=070d4960-6f57-656c-80f7-7ade44133275&X-Atmosphere-Framework=1.0.5&X-Atmosphere-Transport=long-polling&tabid=0.03431112761609256&X-Cache-Date=0&Content-Type=application/xml&_=1419789205989 HTTP/1.1" 200 8193
88.64.156.164 - - [28/Dec/2014:12:58:17 -0500] "GET /galeria/nivo-slider/demo/images/banner-redes.jpg HTTP/1.1" 200 62209
88.64.156.164 - - [28/Dec/2014:12:58:18 -0500] "GET /galeria/nivo-slider/demo/images/9Signos.jpg HTTP/1.1" 200 93040
88.64.156.164 - - [28/Dec/2014:12:58:20 -0500] "GET /galeria/nivo-slider/demo/images/banner-llantas2.jpg HTTP/1.1" 200 73153
88.64.156.164 - - [28/Dec/2014:12:58:20 -0500] "GET /galeria/nivo-slider/demo/images/banner-caballos.png HTTP/1.1" 200 389106
186.84.40.34 - - [28/Dec/2014:12:58:21 -0500] "POST /forms/lservlet;jsessionid=ac16012b30d564bef53d3dc646be8de9f994574197ef.e3iSbxaKaheRe34Sa3yKbhiTahb0n6jAmljGr5XDqQLvpAe HTTP/1.1" 200 2
88.64.156.164 - - [28/Dec/2014:12:58:21 -0500] "GET /videos/Spot_CambioClimatico.flv HTTP/1.1" 200 4371917
88.64.156.164 - - [28/Dec/2014:12:58:26 -0500] "GET /galeria/nivo-slider/themes/default/arrows.png HTTP/1.1" 200 824
88.64.156.164 - - [28/Dec/2014:12:58:26 -0500] "GET /galeria/nivo-slider/themes/default/bullets.png HTTP/1.1" 200 1281
190.84.185.167 - - [28/Dec/2014:12:58:41 -0500] "GET /forest/skins/gdocs-jar/popup/escritorio/subirborrador.jsp?form=Correspondencia_Elaborar_Borrador&codTpl=641&codBorr=&a=0.932088035158813 HTTP/1.1" 200 23286
190.84.185.167 - - [28/Dec/2014:12:58:41 -0500] "GET /forest/img/lapiz.gif HTTP/1.1" 304 -
190.84.185.167 - - [28/Dec/2014:12:58:41 -0500] "GET /forest/img/historial.gif HTTP/1.1" 304 -
190.84.185.167 - - [28/Dec/2014:12:58:41 -0500] "GET /forest/json.do?query=plantillasByTarea&codTare=692&codInst=2925035&firma=0&a=0.254784396616742 HTTP/1.1" 200 904
190.84.185.167 - - [28/Dec/2014:12:58:41 -0500] "GET /forest/json.do?query=borradoresByTpls&codInst=2925035&codTare=692&firma=0&a=0.03640157519839704 HTTP/1.1" 200 2
190.84.185.167 - - [28/Dec/2014:12:58:41 -0500] "GET /forest/img/adduser.gif HTTP/1.1" 304 -
190.84.185.167 - - [28/Dec/2014:12:58:41 -0500] "GET /forest/json.do?query=ultimoBorradorByTpl&codTpl=621&codInst=2925035&a=0.5434796449262649 HTTP/1.1" 200 2
190.84.185.167 - - [28/Dec/2014:12:58:41 -0500] "GET /forest/json.do?query=terceroById&numTer=860532867&a=0.5320176146924496 HTTP/1.1" 200 649
190.84.185.167 - - [28/Dec/2014:12:58:41 -0500] "GET /forest/json.do?query=ultimoBorradorByTpl&codTpl=1201&codInst=2925035&a=0.017495672218501568 HTTP/1.1" 200 2
190.84.185.167 - - [28/Dec/2014:12:58:41 -0500] "GET /forest/json.do?query=ultimoBorradorByTpl&codTpl=641&codInst=2925035&a=0.6836798281874508 HTTP/1.1" 200 2
190.84.185.167 - - [28/Dec/2014:12:58:41 -0500] "GET /forest/json.do?query=ultimoBorradorByTpl&codTpl=901&codInst=2925035&a=0.7075897525064647 HTTP/1.1" 200 2
190.84.185.167 - - [28/Dec/2014:12:58:41 -0500] "GET /forest/json.do?query=ultimoBorradorByTpl&codTpl=501&codInst=2925035&a=0.8103095830883831 HTTP/1.1" 200 2
190.84.185.167 - - [28/Dec/2014:12:58:41 -0500] "GET /forest/json.do?query=ultimoBorradorByTpl&codTpl=1301&codInst=2925035&a=0.859152298187837 HTTP/1.1" 200 2
188.165.15.188 - - [28/Dec/2014:12:58:52 -0500] "GET /BLA/resoluciones/RESOLUCIONES%202004/RES%202004%202001-2050/00002025.tif HTTP/1.1" 200 174656
186.155.144.88 - - [28/Dec/2014:12:59:01 -0500] "GET /galeria/nivo-slider/demo/demo.html HTTP/1.1" 200 3237
186.155.144.88 - - [28/Dec/2014:12:59:01 -0500] "GET /galeria/nivo-slider/themes/default/default.css HTTP/1.1" 304 -
186.155.144.88 - - [28/Dec/2014:12:59:01 -0500] "GET /galeria/nivo-slider/demo/images/Ruta-vertimientos-01.jpg HTTP/1.1" 200 130151
186.155.144.88 - - [28/Dec/2014:12:59:01 -0500] "GET /galeria/nivo-slider/demo/images/bolsas-08.jpg HTTP/1.1" 200 85589
186.155.144.88 - - [28/Dec/2014:12:59:01 -0500] "GET /galeria/nivo-slider/demo/images/bolsas-06.jpg HTTP/1.1" 200 90982
186.155.144.88 - - [28/Dec/2014:12:59:01 -0500] "GET /galeria/nivo-slider/demo/images/ecolecta-Dic2014.png HTTP/1.1" 304 -
186.155.144.88 - - [28/Dec/2014:12:59:01 -0500] "GET /galeria/nivo-slider/demo/images/banner-redes.jpg HTTP/1.1" 304 -
190.84.185.167 - - [28/Dec/2014:12:59:02 -0500] "POST /forest/usutareas.do?group_system_actual=3 HTTP/1.1" 200 190
181.54.57.138 - - [28/Dec/2014:12:59:28 -0500] "POST /forms/lservlet;jsessionid=ac16012b30d583ab687cf42045bc85aeb60ace941d75.e3iSbxaKaheRe34Sa3yKbhiTahb0n6jAmljGr5XDqQLvpAe HTTP/1.1" 200 2
66.249.64.167 - - [28/Dec/2014:12:59:54 -0500] "GET /BLA/resoluciones/RESOLUCIONES%202007/RES%202007%202101%20AL%202200/RESOLUCION%202149%20DE%202007.pdf HTTP/1.1" 200 1887336
186.155.143.61 - - [28/Dec/2014:13:00:00 -0500] "GET /galeria/carrusel/Carrusel/jquery.thumbnailScroller.css HTTP/1.1" 200 2066
186.155.143.61 - - [28/Dec/2014:13:00:00 -0500] "GET /BLA/boletinlegal/js/jquery.js HTTP/1.1" 200 57254
186.155.143.61 - - [28/Dec/2014:13:00:00 -0500] "GET /BLA/boletinlegal/js/jquery.scrollTo-min.js HTTP/1.1" 200 1150
186.155.143.61 - - [28/Dec/2014:13:00:00 -0500] "GET /BLA/boletinlegal/js/jquery.scrollShow.js HTTP/1.1" 200 4586
186.155.143.61 - - [28/Dec/2014:13:00:00 -0500] "GET /galeria/carrusel/Carrusel/jquery-ui-1.8.13.custom.min.js HTTP/1.1" 200 10800
186.155.143.61 - - [28/Dec/2014:13:00:00 -0500] "GET /galeria/carrusel/Carrusel/jquery.thumbnailScroller.js HTTP/1.1" 200 8157
186.155.143.61 - - [28/Dec/2014:13:00:02 -0500] "GET /galeria/nivo-slider/demo/demo.html HTTP/1.1" 200 3237
186.155.143.61 - - [28/Dec/2014:13:00:04 -0500] "GET /galeria/nivo-slider/themes/default/default.css HTTP/1.1" 200 1569
186.155.143.61 - - [28/Dec/2014:13:00:04 -0500] "GET /galeria/nivo-slider/themes/pascal/pascal.css HTTP/1.1" 200 2258
186.155.143.61 - - [28/Dec/2014:13:00:04 -0500] "GET /galeria/nivo-slider/themes/orman/orman.css HTTP/1.1" 200 2152
186.155.143.61 - - [28/Dec/2014:13:00:04 -0500] "GET /galeria/nivo-slider/nivo-slider.css HTTP/1.1" 200 1507
186.155.143.61 - - [28/Dec/2014:13:00:04 -0500] "GET /galeria/nivo-slider/demo/style.css HTTP/1.1" 200 2222
186.155.143.61 - - [28/Dec/2014:13:00:04 -0500] "GET /galeria/nivo-slider/demo/scripts/jquery-1.7.1.min.js HTTP/1.1" 200 93868
186.155.143.61 - - [28/Dec/2014:13:00:04 -0500] "GET /galeria/nivo-slider/jquery.nivo.slider.pack.js HTTP/1.1" 200 11561
186.155.143.61 - - [28/Dec/2014:13:00:05 -0500] "GET /galeria/nivo-slider/demo/images/bolsas-08.jpg HTTP/1.1" 200 85589
186.155.143.61 - - [28/Dec/2014:13:00:05 -0500] "GET /galeria/nivo-slider/demo/images/Ruta-vertimientos-01.jpg HTTP/1.1" 200 130151
186.155.143.61 - - [28/Dec/2014:13:00:05 -0500] "GET /galeria/nivo-slider/demo/images/bolsas-06.jpg HTTP/1.1" 200 90982
186.155.143.61 - - [28/Dec/2014:13:00:05 -0500] "GET /galeria/nivo-slider/demo/images/ecolecta-Dic2014.png HTTP/1.1" 200 288593
186.155.143.61 - - [28/Dec/2014:13:00:06 -0500] "GET /galeria/nivo-slider/demo/images/Banner-GAE3.jpg HTTP/1.1" 200 146354
186.155.143.61 - - [28/Dec/2014:13:00:06 -0500] "GET /galeria/nivo-slider/demo/images/porloshumedales.jpg HTTP/1.1" 200 351238
181.207.235.253 - - [28/Dec/2014:12:51:10 -0500] "POST /forest/usutareas.do?group_system_actual=3 HTTP/1.1" 502 1055
181.207.235.253 - - [28/Dec/2014:13:00:08 -0500] "GET /forest/session.jsp?a=0.26031055534258485 HTTP/1.1" 200 4
181.207.235.253 - - [28/Dec/2014:13:00:08 -0500] "POST /forest/misactividades.do?ajax=true&a=0.8733706804923713 HTTP/1.1" 200 5100
181.207.235.253 - - [28/Dec/2014:13:00:09 -0500] "GET /forest/skins/gdocs-jar/img/error.gif HTTP/1.1" 200 822
186.155.143.61 - - [28/Dec/2014:13:00:12 -0500] "GET /galeria/nivo-slider/demo/images/Tingua-azul.jpg HTTP/1.1" 200 307638
186.155.143.61 - - [28/Dec/2014:13:00:13 -0500] "GET /galeria/nivo-slider/themes/default/loading.gif HTTP/1.1" 200 1737
186.155.143.61 - - [28/Dec/2014:13:00:13 -0500] "GET /galeria/nivo-slider/demo/images/4Simple_Slider.png HTTP/1.1" 200 11722
186.155.143.61 - - [28/Dec/2014:13:00:13 -0500] "GET /galeria/nivo-slider/demo/images/Banner-Caracol-Africano.jpg HTTP/1.1" 200 331986
186.155.143.61 - - [28/Dec/2014:13:00:13 -0500] "GET /videos/Spot_CambioClimatico.flv HTTP/1.1" 200 4371917
186.155.143.61 - - [28/Dec/2014:13:00:14 -0500] "GET /galeria/nivo-slider/demo/images/banner-redes.jpg HTTP/1.1" 200 62209
186.155.143.61 - - [28/Dec/2014:13:00:16 -0500] "GET /galeria/nivo-slider/demo/images/9Signos.jpg HTTP/1.1" 200 93040
186.155.143.61 - - [28/Dec/2014:13:00:16 -0500] "GET /galeria/nivo-slider/demo/images/banner-llantas2.jpg HTTP/1.1" 200 73153
186.84.40.34 - - [28/Dec/2014:13:00:17 -0500] "POST /forms/lservlet;jsessionid=ac16012b30d564bef53d3dc646be8de9f994574197ef.e3iSbxaKaheRe34Sa3yKbhiTahb0n6jAmljGr5XDqQLvpAe HTTP/1.1" 200 63
186.155.143.61 - - [28/Dec/2014:13:00:18 -0500] "GET /galeria/nivo-slider/demo/images/banner-caballos.png HTTP/1.1" 200 389106
186.84.40.34 - - [28/Dec/2014:13:00:20 -0500] "POST /forms/lservlet;jsessionid=ac16012b30d564bef53d3dc646be8de9f994574197ef.e3iSbxaKaheRe34Sa3yKbhiTahb0n6jAmljGr5XDqQLvpAe HTTP/1.1" 200 2295
186.84.40.34 - - [28/Dec/2014:13:00:21 -0500] "POST /forms/lservlet;jsessionid=ac16012b30d564bef53d3dc646be8de9f994574197ef.e3iSbxaKaheRe34Sa3yKbhiTahb0n6jAmljGr5XDqQLvpAe HTTP/1.1" 200 2
186.155.143.61 - - [28/Dec/2014:13:00:25 -0500] "GET /galeria/nivo-slider/themes/default/arrows.png HTTP/1.1" 200 824
186.155.143.61 - - [28/Dec/2014:13:00:25 -0500] "GET /galeria/nivo-slider/themes/default/bullets.png HTTP/1.1" 200 1281
186.84.40.34 - - [28/Dec/2014:13:00:28 -0500] "POST /forms/lservlet;jsessionid=ac16012b30d564bef53d3dc646be8de9f994574197ef.e3iSbxaKaheRe34Sa3yKbhiTahb0n6jAmljGr5XDqQLvpAe HTTP/1.1" 200 21
186.84.40.34 - - [28/Dec/2014:13:00:28 -0500] "POST /forms/lservlet;jsessionid=ac16012b30d564bef53d3dc646be8de9f994574197ef.e3iSbxaKaheRe34Sa3yKbhiTahb0n6jAmljGr5XDqQLvpAe HTTP/1.1" 200 3575
186.84.40.34 - - [28/Dec/2014:13:00:29 -0500] "POST /forms/lservlet;jsessionid=ac16012b30d564bef53d3dc646be8de9f994574197ef.e3iSbxaKaheRe34Sa3yKbhiTahb0n6jAmljGr5XDqQLvpAe HTTP/1.1" 200 2
186.84.40.34 - - [28/Dec/2014:13:00:30 -0500] "POST /forms/lservlet;jsessionid=ac16012b30d564bef53d3dc646be8de9f994574197ef.e3iSbxaKaheRe34Sa3yKbhiTahb0n6jAmljGr5XDqQLvpAe HTTP/1.1" 200 88
186.84.40.34 - - [28/Dec/2014:13:00:33 -0500] "POST /forms/lservlet;jsessionid=ac16012b30d564bef53d3dc646be8de9f994574197ef.e3iSbxaKaheRe34Sa3yKbhiTahb0n6jAmljGr5XDqQLvpAe HTTP/1.1" 200 147
186.84.40.34 - - [28/Dec/2014:13:00:33 -0500] "POST /forms/lservlet;jsessionid=ac16012b30d564bef53d3dc646be8de9f994574197ef.e3iSbxaKaheRe34Sa3yKbhiTahb0n6jAmljGr5XDqQLvpAe HTTP/1.1" 200 7
188.165.15.130 - - [28/Dec/2014:13:00:35 -0500] "GET /BLA/resoluciones/RESOLUCIONES%202006/RES%202006%201901-1950/00001916.tif HTTP/1.1" 200 288076
186.84.40.34 - - [28/Dec/2014:13:00:36 -0500] "POST /forms/lservlet;jsessionid=ac16012b30d564bef53d3dc646be8de9f994574197ef.e3iSbxaKaheRe34Sa3yKbhiTahb0n6jAmljGr5XDqQLvpAe HTTP/1.1" 200 7
74.86.158.107 - - [28/Dec/2014:13:00:36 -0500] "HEAD / HTTP/1.1" 302 -
186.84.40.34 - - [28/Dec/2014:13:00:38 -0500] "POST /forms/lservlet;jsessionid=ac16012b30d564bef53d3dc646be8de9f994574197ef.e3iSbxaKaheRe34Sa3yKbhiTahb0n6jAmljGr5XDqQLvpAe HTTP/1.1" 200 495
186.84.40.34 - - [28/Dec/2014:13:00:38 -0500] "POST /forms/lservlet;jsessionid=ac16012b30d564bef53d3dc646be8de9f994574197ef.e3iSbxaKaheRe34Sa3yKbhiTahb0n6jAmljGr5XDqQLvpAe HTTP/1.1" 200 7
186.84.40.34 - - [28/Dec/2014:13:00:39 -0500] "POST /forms/lservlet;jsessionid=ac16012b30d564bef53d3dc646be8de9f994574197ef.e3iSbxaKaheRe34Sa3yKbhiTahb0n6jAmljGr5XDqQLvpAe HTTP/1.1" 200 454
186.84.40.34 - - [28/Dec/2014:13:00:39 -0500] "POST /forms/lservlet;jsessionid=ac16012b30d564bef53d3dc646be8de9f994574197ef.e3iSbxaKaheRe34Sa3yKbhiTahb0n6jAmljGr5XDqQLvpAe HTTP/1.1" 200 7
66.249.64.163 - - [28/Dec/2014:13:00:41 -0500] "GET /BLA/resoluciones/Notificaciones/AUTOS%202014/5839.doc HTTP/1.1" 200 155136
180.76.5.20 - - [28/Dec/2014:13:00:47 -0500] "GET /BLA/boletinlegal/Directivas/2011/Directiva%20No.%2011%20del%2027%20de%20Diciembre%20de%202011.pdf HTTP/1.1" 200 303527
186.84.40.34 - - [28/Dec/2014:13:00:49 -0500] "POST /forms/lservlet;jsessionid=ac16012b30d564bef53d3dc646be8de9f994574197ef.e3iSbxaKaheRe34Sa3yKbhiTahb0n6jAmljGr5XDqQLvpAe HTTP/1.1" 200 342
186.84.40.34 - - [28/Dec/2014:13:00:50 -0500] "POST /forms/lservlet;jsessionid=ac16012b30d564bef53d3dc646be8de9f994574197ef.e3iSbxaKaheRe34Sa3yKbhiTahb0n6jAmljGr5XDqQLvpAe HTTP/1.1" 200 267
186.84.40.34 - - [28/Dec/2014:13:00:50 -0500] "POST /forms/lservlet;jsessionid=ac16012b30d564bef53d3dc646be8de9f994574197ef.e3iSbxaKaheRe34Sa3yKbhiTahb0n6jAmljGr5XDqQLvpAe HTTP/1.1" 200 11
186.84.40.34 - - [28/Dec/2014:13:00:51 -0500] "POST /forms/lservlet;jsessionid=ac16012b30d564bef53d3dc646be8de9f994574197ef.e3iSbxaKaheRe34Sa3yKbhiTahb0n6jAmljGr5XDqQLvpAe HTTP/1.1" 200 247
186.84.40.34 - - [28/Dec/2014:13:00:51 -0500] "POST /forms/lservlet;jsessionid=ac16012b30d564bef53d3dc646be8de9f994574197ef.e3iSbxaKaheRe34Sa3yKbhiTahb0n6jAmljGr5XDqQLvpAe HTTP/1.1" 200 11
190.84.185.167 - - [28/Dec/2014:13:00:52 -0500] "GET /forest/usutareas.do?group_system_actual=3&a=0.402942156419158 HTTP/1.1" 200 124531
190.84.185.167 - - [28/Dec/2014:12:58:17 -0500] "GET /ForestMSG_SDA/channelAsync/template_word_17194523?X-Atmosphere-tracking-id=070d4960-6f57-656c-80f7-7ade44133275&X-Atmosphere-Framework=1.0.5&X-Atmosphere-Transport=long-polling&tabid=0.03431112761609256&X-Cache-Date=0&Content-Type=application/xml&_=1419789566033 HTTP/1.1" 200 8193
190.84.185.167 - - [28/Dec/2014:13:00:53 -0500] "GET /forest/session.jsp?a=0.8783882288262248 HTTP/1.1" 200 4
186.84.40.34 - - [28/Dec/2014:13:00:57 -0500] "POST /forms/lservlet;jsessionid=ac16012b30d564bef53d3dc646be8de9f994574197ef.e3iSbxaKaheRe34Sa3yKbhiTahb0n6jAmljGr5XDqQLvpAe HTTP/1.1" 200 250
186.84.40.34 - - [28/Dec/2014:13:00:57 -0500] "POST /forms/lservlet;jsessionid=ac16012b30d564bef53d3dc646be8de9f994574197ef.e3iSbxaKaheRe34Sa3yKbhiTahb0n6jAmljGr5XDqQLvpAe HTTP/1.1" 200 11
186.84.40.34 - - [28/Dec/2014:13:00:57 -0500] "POST /forms/lservlet;jsessionid=ac16012b30d564bef53d3dc646be8de9f994574197ef.e3iSbxaKaheRe34Sa3yKbhiTahb0n6jAmljGr5XDqQLvpAe HTTP/1.1" 200 148
186.84.40.34 - - [28/Dec/2014:13:00:58 -0500] "POST /forms/lservlet;jsessionid=ac16012b30d564bef53d3dc646be8de9f994574197ef.e3iSbxaKaheRe34Sa3yKbhiTahb0n6jAmljGr5XDqQLvpAe HTTP/1.1" 200 236
186.84.40.34 - - [28/Dec/2014:13:00:59 -0500] "POST /forms/lservlet;jsessionid=ac16012b30d564bef53d3dc646be8de9f994574197ef.e3iSbxaKaheRe34Sa3yKbhiTahb0n6jAmljGr5XDqQLvpAe HTTP/1.1" 200 231
190.84.185.167 - - [28/Dec/2014:13:00:59 -0500] "POST /forest/usutareas.do? HTTP/1.1" 200 76
186.84.40.34 - - [28/Dec/2014:13:00:59 -0500] "POST /forms/lservlet;jsessionid=ac16012b30d564bef53d3dc646be8de9f994574197ef.e3iSbxaKaheRe34Sa3yKbhiTahb0n6jAmljGr5XDqQLvpAe HTTP/1.1" 200 182
186.84.40.34 - - [28/Dec/2014:13:01:00 -0500] "POST /forms/lservlet;jsessionid=ac16012b30d564bef53d3dc646be8de9f994574197ef.e3iSbxaKaheRe34Sa3yKbhiTahb0n6jAmljGr5XDqQLvpAe HTTP/1.1" 200 310
186.84.40.34 - - [28/Dec/2014:13:01:00 -0500] "POST /forms/lservlet;jsessionid=ac16012b30d564bef53d3dc646be8de9f994574197ef.e3iSbxaKaheRe34Sa3yKbhiTahb0n6jAmljGr5XDqQLvpAe HTTP/1.1" 200 336
186.84.40.34 - - [28/Dec/2014:13:01:01 -0500] "POST /forms/lservlet;jsessionid=ac16012b30d564bef53d3dc646be8de9f994574197ef.e3iSbxaKaheRe34Sa3yKbhiTahb0n6jAmljGr5XDqQLvpAe HTTP/1.1" 200 326
186.84.40.34 - - [28/Dec/2014:13:01:01 -0500] "POST /forms/lservlet;jsessionid=ac16012b30d564bef53d3dc646be8de9f994574197ef.e3iSbxaKaheRe34Sa3yKbhiTahb0n6jAmljGr5XDqQLvpAe HTTP/1.1" 200 334
186.84.40.34 - - [28/Dec/2014:13:01:02 -0500] "POST /forms/lservlet;jsessionid=ac16012b30d564bef53d3dc646be8de9f994574197ef.e3iSbxaKaheRe34Sa3yKbhiTahb0n6jAmljGr5XDqQLvpAe HTTP/1.1" 200 265
186.84.40.34 - - [28/Dec/2014:13:01:02 -0500] "POST /forms/lservlet;jsessionid=ac16012b30d564bef53d3dc646be8de9f994574197ef.e3iSbxaKaheRe34Sa3yKbhiTahb0n6jAmljGr5XDqQLvpAe HTTP/1.1" 200 305
190.84.185.167 - - [28/Dec/2014:13:01:05 -0500] "GET /forest/usutareas.do?group_system_actual=3&a=0.8482108742464334 HTTP/1.1" 200 19540
190.84.185.167 - - [28/Dec/2014:13:01:05 -0500] "GET /forest/session.jsp?a=0.8239081222563982 HTTP/1.1" 200 4
181.54.57.138 - - [28/Dec/2014:13:01:29 -0500] "POST /forms/lservlet;jsessionid=ac16012b30d583ab687cf42045bc85aeb60ace941d75.e3iSbxaKaheRe34Sa3yKbhiTahb0n6jAmljGr5XDqQLvpAe HTTP/1.1" 200 2
191.79.213.224 - - [28/Dec/2014:13:01:48 -0500] "GET /BLA/resoluciones/RESOLUCIONES%202010/7379.pdf HTTP/1.1" 200 142097
191.79.213.224 - - [28/Dec/2014:13:01:49 -0500] "GET /BLA/resoluciones/RESOLUCIONES%202010/7379.pdf HTTP/1.1" 200 142097
186.84.40.34 - - [28/Dec/2014:13:02:21 -0500] "POST /forms/lservlet;jsessionid=ac16012b30d564bef53d3dc646be8de9f994574197ef.e3iSbxaKaheRe34Sa3yKbhiTahb0n6jAmljGr5XDqQLvpAe HTTP/1.1" 200 2
181.207.235.253 - - [28/Dec/2014:13:00:24 -0500] "POST /forest/usutareas.do?group_system_actual=3 HTTP/1.1" 400 1022
186.84.40.34 - - [28/Dec/2014:13:02:28 -0500] "POST /forms/lservlet;jsessionid=ac16012b30d564bef53d3dc646be8de9f994574197ef.e3iSbxaKaheRe34Sa3yKbhiTahb0n6jAmljGr5XDqQLvpAe HTTP/1.1" 200 165
181.207.235.253 - - [28/Dec/2014:13:00:42 -0500] "GET /ForestMSG_SDA/channelAsync/template_word_17094693?X-Atmosphere-tracking-id=9d0911fd-27a6-14ea-ddb8-108c56de80bb&X-Atmosphere-Framework=1.0.5&X-Atmosphere-Transport=long-polling&tabid=0.2585950687061995&X-Cache-Date=0&Content-Type=application/xml&_=1419789782256 HTTP/1.1" 200 8193
181.207.235.253 - - [28/Dec/2014:13:02:28 -0500] "GET /forest/usutareas.do?_a=0.48279923922382295&group_system_actual=3 HTTP/1.1" 200 113410
181.207.235.253 - - [28/Dec/2014:13:02:41 -0500] "GET /forest/session.jsp?a=0.7616219038609415 HTTP/1.1" 200 4
181.207.235.253 - - [28/Dec/2014:13:02:51 -0500] "GET /forest/skins/gdocs-jar/popup/escritorio/subirborrador.jsp?form=Correspondencia_Elaborar_Borrador&codTpl=&codBorr=491241&a=0.07748998887836933 HTTP/1.1" 200 23292
181.207.235.253 - - [28/Dec/2014:13:02:52 -0500] "GET /forest/json.do?query=borradoresByTpls&codInst=2952887&codTare=692&firma=0&a=0.07988249324262142 HTTP/1.1" 200 213
181.207.235.253 - - [28/Dec/2014:13:02:52 -0500] "GET /forest/json.do?query=plantillasByTarea&codTare=692&codInst=2952887&firma=0&a=0.6644824168179184 HTTP/1.1" 200 904
181.207.235.253 - - [28/Dec/2014:13:02:53 -0500] "GET /forest/json.do?query=terceroById&numTer=899999061-9%20SDA&a=0.964580211089924 HTTP/1.1" 200 666
181.207.235.253 - - [28/Dec/2014:13:02:53 -0500] "GET /forest/json.do?query=datosBorradorByCodTraBorr&codTraBorr=1449534&a=0.7562732025980949 HTTP/1.1" 200 180
181.207.235.253 - - [28/Dec/2014:13:02:53 -0500] "GET /forest/json.do?query=adjuntosByBorrador&codTraBorr=1449534&a=0.6155406897887588 HTTP/1.1" 200 75
181.207.235.253 - - [28/Dec/2014:13:02:53 -0500] "GET /forest/json.do?query=ultimoBorradorByTpl&codTpl=621&codInst=2952887&a=0.9650826395954937 HTTP/1.1" 200 2
181.207.235.253 - - [28/Dec/2014:13:02:54 -0500] "GET /forest/json.do?query=ultimoBorradorByTpl&codTpl=1201&codInst=2952887&a=0.9438300444744527 HTTP/1.1" 200 2
181.207.235.253 - - [28/Dec/2014:13:02:55 -0500] "GET /forest/json.do?query=ultimoBorradorByTpl&codTpl=641&codInst=2952887&a=0.639656881801784 HTTP/1.1" 200 20
181.207.235.253 - - [28/Dec/2014:13:02:56 -0500] "GET /forest/json.do?query=ultimoBorradorByTpl&codTpl=901&codInst=2952887&a=0.5590566210448742 HTTP/1.1" 200 2
181.207.235.253 - - [28/Dec/2014:13:02:56 -0500] "GET /forest/json.do?query=ultimoBorradorByTpl&codTpl=501&codInst=2952887&a=0.7266610327642411 HTTP/1.1" 200 2
181.207.235.253 - - [28/Dec/2014:13:00:55 -0500] "GET /forest/usutareas.do?_a=0.48279923922382295&group_system_actual=3 HTTP/1.1" 200 90024
181.207.235.253 - - [28/Dec/2014:13:02:57 -0500] "GET /forest/json.do?query=ultimoBorradorByTpl&codTpl=1301&codInst=2952887&a=0.3053803688380867 HTTP/1.1" 200 2
66.249.64.167 - - [28/Dec/2014:13:03:04 -0500] "GET /BLA/resoluciones/RESOLUCIONES%202011/4274.pdf HTTP/1.1" 304 -
217.76.132.233 - - [28/Dec/2014:13:03:08 -0500] "GET /wordpress/wp-admin/ HTTP/1.1" 404 1018
181.54.57.138 - - [28/Dec/2014:13:03:15 -0500] "POST /forms/lservlet;jsessionid=ac16012b30d583ab687cf42045bc85aeb60ace941d75.e3iSbxaKaheRe34Sa3yKbhiTahb0n6jAmljGr5XDqQLvpAe HTTP/1.1" 200 141
181.54.57.138 - - [28/Dec/2014:13:03:16 -0500] "POST /forms/lservlet;jsessionid=ac16012b30d583ab687cf42045bc85aeb60ace941d75.e3iSbxaKaheRe34Sa3yKbhiTahb0n6jAmljGr5XDqQLvpAe HTTP/1.1" 200 2
181.54.57.138 - - [28/Dec/2014:13:03:16 -0500] "POST /forms/lservlet;jsessionid=ac16012b30d583ab687cf42045bc85aeb60ace941d75.e3iSbxaKaheRe34Sa3yKbhiTahb0n6jAmljGr5XDqQLvpAe HTTP/1.1" 200 14
181.54.57.138 - - [28/Dec/2014:13:03:17 -0500] "POST /forms/lservlet;jsessionid=ac16012b30d583ab687cf42045bc85aeb60ace941d75.e3iSbxaKaheRe34Sa3yKbhiTahb0n6jAmljGr5XDqQLvpAe HTTP/1.1" 200 14
181.54.57.138 - - [28/Dec/2014:13:03:18 -0500] "POST /forms/lservlet;jsessionid=ac16012b30d583ab687cf42045bc85aeb60ace941d75.e3iSbxaKaheRe34Sa3yKbhiTahb0n6jAmljGr5XDqQLvpAe HTTP/1.1" 200 14
181.54.57.138 - - [28/Dec/2014:13:03:20 -0500] "POST /forms/lservlet;jsessionid=ac16012b30d583ab687cf42045bc85aeb60ace941d75.e3iSbxaKaheRe34Sa3yKbhiTahb0n6jAmljGr5XDqQLvpAe HTTP/1.1" 200 14
181.54.57.138 - - [28/Dec/2014:13:03:22 -0500] "POST /forms/lservlet;jsessionid=ac16012b30d583ab687cf42045bc85aeb60ace941d75.e3iSbxaKaheRe34Sa3yKbhiTahb0n6jAmljGr5XDqQLvpAe HTTP/1.1" 200 114
181.54.57.138 - - [28/Dec/2014:13:03:22 -0500] "POST /forms/lservlet;jsessionid=ac16012b30d583ab687cf42045bc85aeb60ace941d75.e3iSbxaKaheRe34Sa3yKbhiTahb0n6jAmljGr5XDqQLvpAe HTTP/1.1" 200 2
181.54.57.138 - - [28/Dec/2014:13:03:29 -0500] "POST /forms/lservlet;jsessionid=ac16012b30d583ab687cf42045bc85aeb60ace941d75.e3iSbxaKaheRe34Sa3yKbhiTahb0n6jAmljGr5XDqQLvpAe HTTP/1.1" 200 2
186.154.84.82 - - [28/Dec/2014:13:03:29 -0500] "GET /forest/session.jsp?a=0.37059592246077955 HTTP/1.1" 200 4
188.165.15.192 - - [28/Dec/2014:13:03:29 -0500] "GET /BLA/resoluciones/RESOLUCIONES%202005/RES%202005%201-50/00000015.tif HTTP/1.1" 200 245402
186.154.84.82 - - [28/Dec/2014:13:03:32 -0500] "GET /forest/skins/gdocs-jar/popup/popup.jsp?width=1100&height=500&title=Buscar%20documentos&uri=/forest/buscar.do%3Ftype%3Ddocumentos&name=undefined&_a=0.0614287736825645&a=0.36934933392331004 HTTP/1.1" 200 1300
186.154.84.82 - - [28/Dec/2014:13:03:32 -0500] "GET /forest/buscar.do?type=documentos HTTP/1.1" 200 18159
186.154.84.82 - - [28/Dec/2014:13:03:32 -0500] "GET /forest/buscar.do?type=documentos HTTP/1.1" 200 84832
186.154.84.82 - - [28/Dec/2014:13:03:34 -0500] "GET /forest/json.do?query=usersByDep&coddep=7019 HTTP/1.1" 200 1338
186.154.84.82 - - [28/Dec/2014:13:03:34 -0500] "GET /forest/json.do?query=versionListadas HTTP/1.1" 200 15
186.154.84.82 - - [28/Dec/2014:13:03:34 -0500] "GET /forest/json.do?query=usersByDep&coddep=7019 HTTP/1.1" 200 1338
186.154.84.82 - - [28/Dec/2014:13:03:34 -0500] "GET /forest/json.do?query=procesIniciales HTTP/1.1" 200 10001
186.154.84.82 - - [28/Dec/2014:13:03:38 -0500] "POST /forest/buscar.do? HTTP/1.1" 200 5802
123.125.71.70 - - [28/Dec/2014:13:03:50 -0500] "GET /BLA/resoluciones/AUTOS%202011/7719.pdf HTTP/1.1" 200 203416
186.154.84.82 - - [28/Dec/2014:13:03:58 -0500] "GET /forest/skins/gdocs-jar/popup/popup.jsp?width=850&height=380&title=Informaci%F3n%20del%20radicado&uri=/forest/system/document.jsp%3FcodDoc%3D1567102&name=undefined&_a=0.9484788302797824&a=0.5148254418745637 HTTP/1.1" 200 1315
186.154.84.82 - - [28/Dec/2014:13:03:58 -0500] "GET /forest/system/document.jsp?codDoc=1567102 HTTP/1.1" 200 15788
186.154.84.82 - - [28/Dec/2014:13:03:58 -0500] "GET /forest/system/document.jsp?codDoc=1567102 HTTP/1.1" 200 15788
186.154.84.82 - - [28/Dec/2014:13:03:58 -0500] "GET /forest/css/dialog.css HTTP/1.1" 304 -
186.154.84.82 - - [28/Dec/2014:13:03:58 -0500] "GET /forest/css/index.css HTTP/1.1" 304 -
186.154.84.82 - - [28/Dec/2014:13:03:58 -0500] "GET /forest/1ibre/protoaculous.js HTTP/1.1" 304 -
186.154.84.82 - - [28/Dec/2014:13:03:58 -0500] "GET /forest/1ibre/1ibre.js HTTP/1.1" 304 -
186.154.84.82 - - [28/Dec/2014:13:03:58 -0500] "GET /forest/skins/gdocs-jar/img/icons/p7z.gif HTTP/1.1" 200 582
186.154.84.82 - - [28/Dec/2014:13:03:58 -0500] "GET /forest/img/icons/pdf.gif HTTP/1.1" 200 230
186.154.84.82 - - [28/Dec/2014:13:04:02 -0500] "GET /forest/usudocumentos.do?p7z=1567102&a=0.5024193355347961&a=0.6977142528630793 HTTP/1.1" 200 2576
186.154.84.82 - - [28/Dec/2014:13:04:03 -0500] "GET /forest/skins/gdocs-jar/img/contraido.gif HTTP/1.1" 200 195
186.154.84.82 - - [28/Dec/2014:13:04:05 -0500] "GET /forest/documentos/1567102/2012IE143214.p7z:claro/Informe%20Tecnico.doc HTTP/1.1" 200 600576
188.165.15.188 - - [28/Dec/2014:13:04:10 -0500] "GET /BLA/resoluciones/RESOLUCIONES%202004/RES%202004%202151-2200/00002170.tif HTTP/1.1" 200 37188
186.84.40.34 - - [28/Dec/2014:13:04:15 -0500] "POST /forms/lservlet;jsessionid=ac16012b30d564bef53d3dc646be8de9f994574197ef.e3iSbxaKaheRe34Sa3yKbhiTahb0n6jAmljGr5XDqQLvpAe HTTP/1.1" 200 84
181.54.57.138 - - [28/Dec/2014:13:03:35 -0500] "GET /reports/rwservlet/getjobid338279?server=rep_srvapsda HTTP/1.1" 200 4045068
188.165.15.78 - - [28/Dec/2014:13:04:21 -0500] "GET /BLA/resoluciones/RESOLUCIONES%202004/RES%202004%2001-%2050/00000015.tif HTTP/1.1" 200 126130
186.84.40.34 - - [28/Dec/2014:13:04:21 -0500] "POST /forms/lservlet;jsessionid=ac16012b30d564bef53d3dc646be8de9f994574197ef.e3iSbxaKaheRe34Sa3yKbhiTahb0n6jAmljGr5XDqQLvpAe HTTP/1.1" 200 2
188.165.15.37 - - [28/Dec/2014:13:04:24 -0500] "GET /BLA/resoluciones/RESOLUCIONES%202002/RES%202002%20901-950/00000913.tif HTTP/1.1" 200 46356
180.76.5.23 - - [28/Dec/2014:13:04:49 -0500] "GET /BLA/boletinlegal/Circulares/2013/Circular%20No.%202%20del%2022%20de%20enero%20de%202013.pdf HTTP/1.1" 200 85466
188.165.15.37 - - [28/Dec/2014:13:05:06 -0500] "GET /BLA/resoluciones/RESOLUCIONES%202003/RES%202003%201901-1950/00001918.tif HTTP/1.1" 200 105168
181.54.57.138 - - [28/Dec/2014:13:05:29 -0500] "POST /forms/lservlet;jsessionid=ac16012b30d583ab687cf42045bc85aeb60ace941d75.e3iSbxaKaheRe34Sa3yKbhiTahb0n6jAmljGr5XDqQLvpAe HTTP/1.1" 200 2
74.86.158.107 - - [28/Dec/2014:13:05:36 -0500] "HEAD / HTTP/1.1" 302 -
180.76.5.189 - - [28/Dec/2014:13:05:38 -0500] "GET /Autoliquidacion/Solicitudes%20relacionadas%20con%20calidad%20del%20aire%20auditiva%20y%20visual/Evaluaci%F3n%20de%20permisos%20de%20emisi%F3n%20para%20fuentes%20fijas/industrias,%20obras%20o%20actividades%20que%20requieren%20permiso%20de%20emisiones%20atmosfe.pdf HTTP/1.1" 403 1006
188.165.15.10 - - [28/Dec/2014:13:05:43 -0500] "GET /BLA/resoluciones/RESOLUCIONES%202004/RES%202004%201001-1050/00001009.tif HTTP/1.1" 200 344148
201.184.71.169 - - [28/Dec/2014:13:05:50 -0500] "GET /BLA/boletinlegal/js/jquery.js HTTP/1.1" 200 57254
201.184.71.169 - - [28/Dec/2014:13:05:50 -0500] "GET /BLA/boletinlegal/js/jquery.scrollTo-min.js HTTP/1.1" 200 1150
201.184.71.169 - - [28/Dec/2014:13:05:50 -0500] "GET /BLA/boletinlegal/js/jquery.scrollShow.js HTTP/1.1" 200 4586
186.84.40.34 - - [28/Dec/2014:13:05:58 -0500] "POST /forms/lservlet;jsessionid=ac16012b30d564bef53d3dc646be8de9f994574197ef.e3iSbxaKaheRe34Sa3yKbhiTahb0n6jAmljGr5XDqQLvpAe HTTP/1.1" 200 72
186.84.40.34 - - [28/Dec/2014:13:05:59 -0500] "POST /forms/lservlet;jsessionid=ac16012b30d564bef53d3dc646be8de9f994574197ef.e3iSbxaKaheRe34Sa3yKbhiTahb0n6jAmljGr5XDqQLvpAe HTTP/1.1" 200 2405
190.84.185.167 - - [28/Dec/2014:13:06:05 -0500] "GET /forest/session.jsp?a=0.2250576780643314 HTTP/1.1" 200 4
186.84.40.34 - - [28/Dec/2014:13:06:06 -0500] "POST /forms/lservlet;jsessionid=ac16012b30d564bef53d3dc646be8de9f994574197ef.e3iSbxaKaheRe34Sa3yKbhiTahb0n6jAmljGr5XDqQLvpAe HTTP/1.1" 200 24
186.84.40.34 - - [28/Dec/2014:13:06:06 -0500] "POST /forms/lservlet;jsessionid=ac16012b30d564bef53d3dc646be8de9f994574197ef.e3iSbxaKaheRe34Sa3yKbhiTahb0n6jAmljGr5XDqQLvpAe HTTP/1.1" 200 4560
186.84.40.34 - - [28/Dec/2014:13:06:07 -0500] "POST /forms/lservlet;jsessionid=ac16012b30d564bef53d3dc646be8de9f994574197ef.e3iSbxaKaheRe34Sa3yKbhiTahb0n6jAmljGr5XDqQLvpAe HTTP/1.1" 200 2
66.249.64.171 - - [28/Dec/2014:13:06:13 -0500] "GET /BLA/resoluciones/AUTOS%202010/5132.pdf HTTP/1.1" 200 282453
186.84.40.34 - - [28/Dec/2014:13:06:17 -0500] "POST /forms/lservlet;jsessionid=ac16012b30d564bef53d3dc646be8de9f994574197ef.e3iSbxaKaheRe34Sa3yKbhiTahb0n6jAmljGr5XDqQLvpAe HTTP/1.1" 200 136
186.84.40.34 - - [28/Dec/2014:13:06:17 -0500] "POST /forms/lservlet;jsessionid=ac16012b30d564bef53d3dc646be8de9f994574197ef.e3iSbxaKaheRe34Sa3yKbhiTahb0n6jAmljGr5XDqQLvpAe HTTP/1.1" 200 7
186.84.40.34 - - [28/Dec/2014:13:06:21 -0500] "POST /forms/lservlet;jsessionid=ac16012b30d564bef53d3dc646be8de9f994574197ef.e3iSbxaKaheRe34Sa3yKbhiTahb0n6jAmljGr5XDqQLvpAe HTTP/1.1" 200 2
181.207.235.253 - - [28/Dec/2014:13:05:00 -0500] "GET /forest/misactividades.do?_a=0.929541751742363&group_system_actual=3 HTTP/1.1" 200 37503
180.76.5.22 - - [28/Dec/2014:13:06:26 -0500] "GET /BLA/boletinlegal;jsessionid=AC59154EEDA5379C46C5A3E2A0B1F479?/? HTTP/1.1" 404 1018
181.207.235.253 - - [28/Dec/2014:13:06:30 -0500] "GET /forest/session.jsp?a=0.5860193837434053 HTTP/1.1" 200 4
181.207.235.253 - - [28/Dec/2014:13:06:33 -0500] "POST /forest/misactividades.do?ajax=true&a=0.6047534781973809 HTTP/1.1" 200 5100
190.84.185.167 - - [28/Dec/2014:13:00:53 -0500] "GET /ForestMSG_SDA/channelAsync/template_word_17194523?X-Atmosphere-tracking-id=1bb8a463-c63d-35f2-c5f8-da025ff4443d&X-Atmosphere-Framework=1.0.5&X-Atmosphere-Transport=long-polling&tabid=0.3876239031087607&X-Cache-Date=0&Content-Type=application/xml&_=1419789722158 HTTP/1.1" 200 8193
181.54.57.138 - - [28/Dec/2014:13:07:29 -0500] "POST /forms/lservlet;jsessionid=ac16012b30d583ab687cf42045bc85aeb60ace941d75.e3iSbxaKaheRe34Sa3yKbhiTahb0n6jAmljGr5XDqQLvpAe HTTP/1.1" 200 2
186.84.40.34 - - [28/Dec/2014:13:08:01 -0500] "POST /forms/lservlet;jsessionid=ac16012b30d564bef53d3dc646be8de9f994574197ef.e3iSbxaKaheRe34Sa3yKbhiTahb0n6jAmljGr5XDqQLvpAe HTTP/1.1" 200 119
181.207.235.253 - - [28/Dec/2014:13:08:07 -0500] "GET /forest/session.jsp?a=0.3043692782521248 HTTP/1.1" 200 4
181.207.235.253 - - [28/Dec/2014:13:04:20 -0500] "POST /forest/usutareas.do?group_system_actual=3 HTTP/1.1" 200 244
181.207.235.253 - - [28/Dec/2014:13:07:30 -0500] "GET /forest/usutareas.do?_a=0.6901295334100723&group_system_actual=3 HTTP/1.1" 200 111727
181.207.235.253 - - [28/Dec/2014:13:08:14 -0500] "GET /forest/session.jsp?a=0.44278823491185904 HTTP/1.1" 200 4
186.84.40.34 - - [28/Dec/2014:13:08:21 -0500] "POST /forms/lservlet;jsessionid=ac16012b30d564bef53d3dc646be8de9f994574197ef.e3iSbxaKaheRe34Sa3yKbhiTahb0n6jAmljGr5XDqQLvpAe HTTP/1.1" 200 2
181.207.235.253 - - [28/Dec/2014:13:02:39 -0500] "GET /ForestMSG_SDA/channelAsync/template_word_17094693?X-Atmosphere-tracking-id=81b3f83d-1e46-27bd-820e-34622b6582e0&X-Atmosphere-Framework=1.0.5&X-Atmosphere-Transport=long-polling&tabid=0.6502705183811486&X-Cache-Date=0&Content-Type=application/xml&_=1419789911911 HTTP/1.1" 200 8193
181.207.235.253 - - [28/Dec/2014:13:08:12 -0500] "GET /forest/usutareas.do?group_system_actual=3&a=0.7845376147888601 HTTP/1.1" 200 113416
186.154.84.82 - - [28/Dec/2014:13:08:29 -0500] "GET /forest/session.jsp?a=0.36073411884717643 HTTP/1.1" 200 4
181.207.235.253 - - [28/Dec/2014:13:08:35 -0500] "GET /forest/session.jsp?a=0.7488041480537504 HTTP/1.1" 200 4
180.76.6.56 - - [28/Dec/2014:13:08:51 -0500] "GET /BLA/resoluciones/RESOLUCIONES%202007/RES%202007%203301%20AL%203400/RESOLUCION%203336%20%20DE%202007.pdf HTTP/1.1" 200 435226
181.207.235.253 - - [28/Dec/2014:13:08:51 -0500] "POST /forest/usutareas.do? HTTP/1.1" 200 76
181.207.235.253 - - [28/Dec/2014:13:08:54 -0500] "GET /forest/usutareas.do?group_system_actual=3&a=0.7504836698062718 HTTP/1.1" 200 19484
181.207.235.253 - - [28/Dec/2014:13:09:00 -0500] "GET /forest/session.jsp?a=0.9038763649296016 HTTP/1.1" 200 4
181.207.235.253 - - [28/Dec/2014:13:09:04 -0500] "GET /forest/index2.jsp?_a=0.6613032489549369 HTTP/1.1" 200 43554
181.207.235.253 - - [28/Dec/2014:13:09:12 -0500] "GET /forest/session.jsp?a=0.7885240742471069 HTTP/1.1" 200 4
181.207.235.253 - - [28/Dec/2014:13:09:13 -0500] "GET /forest/actions/sgc.getPlantillaByInst?codForm=901&codInst=3024567 HTTP/1.1" 200 102671
181.54.57.138 - - [28/Dec/2014:13:09:29 -0500] "POST /forms/lservlet;jsessionid=ac16012b30d583ab687cf42045bc85aeb60ace941d75.e3iSbxaKaheRe34Sa3yKbhiTahb0n6jAmljGr5XDqQLvpAe HTTP/1.1" 200 2
181.54.57.138 - - [28/Dec/2014:13:10:09 -0500] "POST /forms/lservlet;jsessionid=ac16012b30d583ab687cf42045bc85aeb60ace941d75.e3iSbxaKaheRe34Sa3yKbhiTahb0n6jAmljGr5XDqQLvpAe HTTP/1.1" 200 138
181.54.57.138 - - [28/Dec/2014:13:10:10 -0500] "POST /forms/lservlet;jsessionid=ac16012b30d583ab687cf42045bc85aeb60ace941d75.e3iSbxaKaheRe34Sa3yKbhiTahb0n6jAmljGr5XDqQLvpAe HTTP/1.1" 200 2
181.54.57.138 - - [28/Dec/2014:13:10:10 -0500] "POST /forms/lservlet;jsessionid=ac16012b30d583ab687cf42045bc85aeb60ace941d75.e3iSbxaKaheRe34Sa3yKbhiTahb0n6jAmljGr5XDqQLvpAe HTTP/1.1" 200 2400
181.54.57.138 - - [28/Dec/2014:13:10:10 -0500] "POST /forms/lservlet;jsessionid=ac16012b30d583ab687cf42045bc85aeb60ace941d75.e3iSbxaKaheRe34Sa3yKbhiTahb0n6jAmljGr5XDqQLvpAe HTTP/1.1" 200 10
181.54.57.138 - - [28/Dec/2014:13:10:12 -0500] "POST /forms/lservlet;jsessionid=ac16012b30d583ab687cf42045bc85aeb60ace941d75.e3iSbxaKaheRe34Sa3yKbhiTahb0n6jAmljGr5XDqQLvpAe HTTP/1.1" 200 39
186.84.40.34 - - [28/Dec/2014:13:10:21 -0500] "POST /forms/lservlet;jsessionid=ac16012b30d564bef53d3dc646be8de9f994574197ef.e3iSbxaKaheRe34Sa3yKbhiTahb0n6jAmljGr5XDqQLvpAe HTTP/1.1" 200 2
181.54.57.138 - - [28/Dec/2014:13:10:27 -0500] "POST /forms/lservlet;jsessionid=ac16012b30d583ab687cf42045bc85aeb60ace941d75.e3iSbxaKaheRe34Sa3yKbhiTahb0n6jAmljGr5XDqQLvpAe HTTP/1.1" 200 37
190.85.243.102 - - [28/Dec/2014:13:10:31 -0500] "GET /BLA/resoluciones/RESOLUCIONES%202009/6957.pdf HTTP/1.1" 200 102100
190.85.243.102 - - [28/Dec/2014:13:10:31 -0500] "GET /favicon.ico HTTP/1.1" 200 7782
