186.154.84.82 - - [28/Dec/2014:01:23:56 -0500] "GET /ForestMSG_SDA/channelAsync/template_word_16775828?X-Atmosphere-tracking-id=f0a09280-4597-6810-f177-9c1a9f2df693&X-Atmosphere-Framework=1.0.5&X-Atmosphere-Transport=long-polling&tabid=0.0823647603392601&X-Cache-Date=0&Content-Type=application/xml&_=1419747990761 HTTP/1.1" 200 8193
66.249.73.163 - - [28/Dec/2014:01:30:04 -0500] "GET /BLA/resoluciones/RESOLUCIONES%202005/RES%202005%202701%20-2750/00002750.tif HTTP/1.1" 304 -
66.249.73.155 - - [28/Dec/2014:01:30:10 -0500] "GET /BLA/resoluciones/RESOLUCIONES%202010/2738.pdf HTTP/1.1" 200 392578
152.61.193.99 - - [28/Dec/2014:01:30:21 -0500] "HEAD / HTTP/1.1" 302 -
152.61.193.99 - - [28/Dec/2014:01:30:21 -0500] "GET /arcgis/services/Calidad_del_Agua_WQI/MapServer/WMSServer?request=GetCapabilities&service=WMS HTTP/1.1" 200 32135
152.61.193.99 - - [28/Dec/2014:01:30:22 -0500] "GET /arcgis/services/Calidad_del_Agua_WQI/MapServer/WMSServer?request=GetCapabilities&service=WMS HTTP/1.1" 200 32135
152.61.193.99 - - [28/Dec/2014:01:30:23 -0500] "GET /arcgis/services/Calidad_del_Agua_WQI/MapServer/WMSServer?request=GetCapabilities&service=WMS HTTP/1.1" 200 32135
152.61.193.99 - - [28/Dec/2014:01:30:23 -0500] "GET /arcgis/services/Calidad_del_Agua_WQI/MapServer/WMSServer?request=GetCapabilities&service=WMS HTTP/1.1" 200 32135
152.61.193.99 - - [28/Dec/2014:01:30:24 -0500] "GET /arcgis/services/Calidad_del_Agua_WQI/MapServer/WMSServer?VERSION=1.1.1&REQUEST=GetMap&LAYERS=0&SRS=EPSG:4326&BBOX=-74.473395,3.674381,-73.963300,4.920569&WIDTH=250&HEIGHT=250&FORMAT=image/bmp&STYLES=& HTTP/1.1" 200 188054
66.249.73.155 - - [28/Dec/2014:01:30:26 -0500] "GET /BLA/resoluciones/RESOLUCIONES%202005/RES%202005%202701%20-2750/00002722.tif HTTP/1.1" 304 -
188.165.15.26 - - [28/Dec/2014:01:30:31 -0500] "GET /BLA/resoluciones/RESOLUCIONES%202004/RES%202004%20851-900/00000886.tif HTTP/1.1" 200 194400
188.165.15.78 - - [28/Dec/2014:01:30:33 -0500] "GET /BLA/resoluciones/index.php?dir=RESOLUCIONES%202002/RES%202002%20101-150/&sort=name&order=asc HTTP/1.1" 200 12339
186.154.84.82 - - [28/Dec/2014:01:30:34 -0500] "POST /forest/usutareas.do? HTTP/1.1" 200 76
74.86.158.107 - - [28/Dec/2014:01:30:37 -0500] "HEAD / HTTP/1.1" 302 -
186.154.84.82 - - [28/Dec/2014:01:30:39 -0500] "GET /forest/usutareas.do?group_system_actual=3&a=0.9896015306003392 HTTP/1.1" 200 19879
186.154.84.82 - - [28/Dec/2014:01:30:40 -0500] "GET /forest/session.jsp?a=0.34118758724071085 HTTP/1.1" 200 4
186.154.84.82 - - [28/Dec/2014:01:30:42 -0500] "GET /forest/misactividades.do?_a=0.7379556065425277&group_system_actual=3 HTTP/1.1" 200 37897
186.154.84.82 - - [28/Dec/2014:01:30:44 -0500] "GET /forest/session.jsp?a=0.7122914604842663 HTTP/1.1" 200 4
186.154.84.82 - - [28/Dec/2014:01:30:44 -0500] "POST /forest/misactividades.do?ajax=true&a=0.37881062692031264 HTTP/1.1" 200 10688
66.249.73.163 - - [28/Dec/2014:01:30:49 -0500] "GET /BLA/resoluciones/RESOLUCIONES%202005/RES%202005%202701%20-2750/00002724.tif HTTP/1.1" 304 -
66.249.73.163 - - [28/Dec/2014:01:30:53 -0500] "GET /BLA/resoluciones/RESOLUCIONES%202003/RES%202003%201201-1250/2003RES1207.tif HTTP/1.1" 200 223216
152.61.193.99 - - [28/Dec/2014:01:31:05 -0500] "HEAD / HTTP/1.1" 302 -
152.61.193.99 - - [28/Dec/2014:01:31:05 -0500] "GET /arcgis/services/Calidad_del_Agua_WQI/MapServer/WMSServer?SERVICE=WMS&REQUEST=GetCapabilities HTTP/1.1" 200 32135
188.165.15.85 - - [28/Dec/2014:01:31:06 -0500] "GET /BLA/resoluciones/RESOLUCIONES%202004/RES%202004%201501-1550/00001534.tif HTTP/1.1" 200 56050
152.61.193.99 - - [28/Dec/2014:01:31:06 -0500] "GET /arcgis/services/Calidad_del_Agua_WQI/MapServer/WMSServer?SERVICE=WMS&REQUEST=GetCapabilities HTTP/1.1" 200 32135
152.61.193.99 - - [28/Dec/2014:01:31:07 -0500] "GET /arcgis/services/Calidad_del_Agua_WQI/MapServer/WMSServer?SERVICE=WMS&REQUEST=GetCapabilities HTTP/1.1" 200 32135
152.61.193.99 - - [28/Dec/2014:01:31:07 -0500] "GET /arcgis/services/Calidad_del_Agua_WQI/MapServer/WMSServer?SERVICE=WMS&REQUEST=GetCapabilities HTTP/1.1" 200 32135
152.61.193.99 - - [28/Dec/2014:01:31:08 -0500] "GET /arcgis/services/Calidad_del_Agua_WQI/MapServer/WMSServer?VERSION=1.1.1&REQUEST=GetMap&LAYERS=0&SRS=EPSG:4326&BBOX=-74.473395,3.674381,-73.963300,4.920569&WIDTH=250&HEIGHT=250&FORMAT=image/bmp&STYLES=& HTTP/1.1" 200 188054
66.249.73.171 - - [28/Dec/2014:01:31:11 -0500] "GET /BLA/resoluciones/RESOLUCIONES%202005/RES%202005%202701%20-2750/00002731.tif HTTP/1.1" 304 -
66.249.73.163 - - [28/Dec/2014:01:31:31 -0500] "GET /sig/indicadores/2009/11.NOVIEMBRE/PMR/ HTTP/1.1" 404 1018
66.249.73.155 - - [28/Dec/2014:01:31:34 -0500] "GET /BLA/resoluciones/RESOLUCIONES%202003/RES%202003%20551-600/571.tif HTTP/1.1" 304 -
186.154.84.82 - - [28/Dec/2014:01:31:49 -0500] "GET /forest/usutareas.do?_a=0.006235753884539008&group_system_actual=3 HTTP/1.1" 200 100787
186.154.84.82 - - [28/Dec/2014:01:31:51 -0500] "GET /forest/session.jsp?a=0.8180278080981225 HTTP/1.1" 200 4
66.249.73.171 - - [28/Dec/2014:01:31:56 -0500] "GET /BLA/resoluciones/RESOLUCIONES%202003/RES%202003%20551-600/562.tif HTTP/1.1" 304 -
186.154.84.82 - - [28/Dec/2014:01:31:55 -0500] "GET /forest/borrador/1503827/Oficio%20Salida.docx HTTP/1.1" 200 485316
66.249.73.171 - - [28/Dec/2014:01:32:19 -0500] "GET /BLA/resoluciones/RESOLUCIONES%202003/RES%202003%20551-600/560.tif HTTP/1.1" 304 -
66.249.73.155 - - [28/Dec/2014:01:32:41 -0500] "GET /BLA/resoluciones/RESOLUCIONES%202003/RES%202003%20551-600/553.tif HTTP/1.1" 304 -
190.26.210.162 - - [28/Dec/2014:01:32:55 -0500] "GET / HTTP/1.1" 302 -
66.249.73.155 - - [28/Dec/2014:01:33:03 -0500] "GET /BLA/resoluciones/RESOLUCIONES%202007/RES%202007%202101%20AL%202200/RESOLUCION%202191%20DE%202007.pdf HTTP/1.1" 200 253658
66.249.73.155 - - [28/Dec/2014:01:33:04 -0500] "GET /BLA/resoluciones/RESOLUCIONES%202006/RES%202006%20601-650/00000603.tif HTTP/1.1" 200 384542
66.249.73.171 - - [28/Dec/2014:01:33:27 -0500] "GET /BLA/resoluciones/RESOLUCIONES%202003/RES%202003%20551-600/576.tif HTTP/1.1" 304 -
66.249.73.155 - - [28/Dec/2014:01:33:28 -0500] "GET /BLA/resoluciones/RESOLUCIONES%202009/7650.pdf HTTP/1.1" 200 496305
190.26.210.162 - - [28/Dec/2014:01:33:43 -0500] "GET /BLA/boletinlegal/js/jquery.js HTTP/1.1" 304 -
190.26.210.162 - - [28/Dec/2014:01:33:43 -0500] "GET /BLA/boletinlegal/js/jquery.scrollTo-min.js HTTP/1.1" 304 -
190.26.210.162 - - [28/Dec/2014:01:33:43 -0500] "GET /BLA/boletinlegal/js/jquery.scrollShow.js HTTP/1.1" 304 -
66.249.73.163 - - [28/Dec/2014:01:33:49 -0500] "GET /BLA/resoluciones/RESOLUCIONES%202003/RES%202003%20551-600/567.tif HTTP/1.1" 304 -
190.26.210.162 - - [28/Dec/2014:01:33:51 -0500] "GET /galeria/nivo-slider/demo/demo.html HTTP/1.1" 304 -
190.26.210.162 - - [28/Dec/2014:01:33:51 -0500] "GET /galeria/carrusel/Carrusel/jquery.thumbnailScroller.css HTTP/1.1" 304 -
190.26.210.162 - - [28/Dec/2014:01:33:51 -0500] "GET /galeria/carrusel/Carrusel/jquery-ui- HTTP/1.1" 404 1018
190.26.210.162 - - [28/Dec/2014:01:33:51 -0500] "GET /galeria/carrusel/Carrusel/jquery.thumbnailScroller.js HTTP/1.1" 304 -
66.249.73.171 - - [28/Dec/2014:01:33:54 -0500] "GET /BLA/resoluciones/Autos%202008/1415.pdf HTTP/1.1" 200 109718
190.26.210.162 - - [28/Dec/2014:01:33:55 -0500] "GET /videos/Spot_CambioClimatico.flv HTTP/1.1" 200 4371917
190.26.210.162 - - [28/Dec/2014:01:33:56 -0500] "GET /galeria/nivo-slider/demo/ HTTP/1.1" 200 2278
66.249.73.163 - - [28/Dec/2014:01:34:12 -0500] "GET /BLA/resoluciones/RESOLUCIONES%202003/RES%202003%20551-600/589.tif HTTP/1.1" 304 -
186.154.84.82 - - [28/Dec/2014:01:33:48 -0500] "GET /forest/documentos/1914929/2014ER144552.pdf HTTP/1.1" 200 4106306
190.26.210.162 - - [28/Dec/2014:01:33:51 -0500] "GET /BLA/boletinlegal/index.php? HTTP/1.1" 200 49381
66.249.73.163 - - [28/Dec/2014:01:34:34 -0500] "GET /BLA/resoluciones/RESOLUCIONES%202006/RES%202006%20601-650/00000649.tif HTTP/1.1" 200 110382
66.249.73.171 - - [28/Dec/2014:01:34:40 -0500] "GET /sig/MECI/DOCUMENTOS/Seguimiento%20Politicas%20de%20Talento%20Humano.pdf HTTP/1.1" 404 1018
66.249.73.155 - - [28/Dec/2014:01:34:57 -0500] "GET /BLA/resoluciones/RESOLUCIONES%202003/RES%202003%20551-600/561.tif HTTP/1.1" 304 -
66.249.73.171 - - [28/Dec/2014:01:35:19 -0500] "GET /BLA/resoluciones/RESOLUCIONES%202003/RES%202003%20551-600/577.tif HTTP/1.1" 304 -
188.165.15.188 - - [28/Dec/2014:01:35:19 -0500] "GET /BLA/resoluciones/index.php?dir=RESOLUCIONES+2006%2FRES+2006+2651-2700%2F HTTP/1.1" 200 12365
66.249.73.155 - - [28/Dec/2014:01:35:36 -0500] "GET /BLA/resoluciones/RESOLUCIONES%202005/RES%202005%20451-500/INDEX.DAT HTTP/1.1" 200 2000
74.86.158.107 - - [28/Dec/2014:01:35:37 -0500] "HEAD / HTTP/1.1" 302 -
188.165.15.188 - - [28/Dec/2014:01:35:38 -0500] "GET /BLA/resoluciones/index.php?dir=RESOLUCIONES%202002/RES%202002%201851-1900/&sort=date&order=asc HTTP/1.1" 200 12150
66.249.73.155 - - [28/Dec/2014:01:35:42 -0500] "GET /BLA/resoluciones/RESOLUCIONES%202003/RES%202003%20551-600/596.tif HTTP/1.1" 304 -
66.249.73.163 - - [28/Dec/2014:01:35:52 -0500] "GET /BLA/resoluciones/RESOLUCIONES%202005/RES%202005%20601-650/Thumbs.db HTTP/1.1" 200 190976
186.154.84.82 - - [28/Dec/2014:01:29:56 -0500] "GET /ForestMSG_SDA/channelAsync/template_word_16775828?X-Atmosphere-tracking-id=f0a09280-4597-6810-f177-9c1a9f2df693&X-Atmosphere-Framework=1.0.5&X-Atmosphere-Transport=long-polling&tabid=0.0823647603392601&X-Cache-Date=0&Content-Type=application/xml&_=1419748350992 HTTP/1.1" 200 8193
66.249.73.163 - - [28/Dec/2014:01:36:01 -0500] "GET /BLA/resoluciones/RESOLUCIONES%202005/RES%202005%20751-800/Thumbs.db HTTP/1.1" 200 180736
66.249.73.155 - - [28/Dec/2014:01:36:04 -0500] "GET /BLA/resoluciones/RESOLUCIONES%202003/RES%202003%20551-600/591.tif HTTP/1.1" 304 -
66.249.73.171 - - [28/Dec/2014:01:36:09 -0500] "GET /BLA/resoluciones/RESOLUCIONES%202005/RES%202005%20151-200/Thumbs.db HTTP/1.1" 200 185856
66.249.73.155 - - [28/Dec/2014:01:36:15 -0500] "GET /BLA/resoluciones/RESOLUCIONES%202005/RES%202005%20401-450/Thumbs.db HTTP/1.1" 200 163328
66.249.73.155 - - [28/Dec/2014:01:36:21 -0500] "GET /BLA/resoluciones/RESOLUCIONES%202005/RES%202005%20451-500/Thumbs.db HTTP/1.1" 200 184832
66.249.73.171 - - [28/Dec/2014:01:36:26 -0500] "GET /BLA/resoluciones/RESOLUCIONES%202005/RES%202005%20151-200/INDEX.DAT HTTP/1.1" 200 2000
66.249.73.163 - - [28/Dec/2014:01:36:27 -0500] "GET /BLA/resoluciones/RESOLUCIONES%202003/RES%202003%20551-600/584.tif HTTP/1.1" 304 -
66.249.73.163 - - [28/Dec/2014:01:36:31 -0500] "GET /BLA/resoluciones/RESOLUCIONES%202005/RES%202005%201901-1950/Thumbs.db HTTP/1.1" 200 185344
66.249.73.155 - - [28/Dec/2014:01:36:36 -0500] "GET /BLA/resoluciones/RESOLUCIONES%202005/RES%202005%202051-2100/Thumbs.db HTTP/1.1" 200 180224
66.249.73.171 - - [28/Dec/2014:01:36:42 -0500] "GET /BLA/resoluciones/RESOLUCIONES%202005/RES%202005%202251-2300/Thumbs.db HTTP/1.1" 200 183808
66.249.73.163 - - [28/Dec/2014:01:36:46 -0500] "GET /BLA/resoluciones/RESOLUCIONES%202005/RES%202005%20651-700/Thumbs.db HTTP/1.1" 200 183808
66.249.73.163 - - [28/Dec/2014:01:36:49 -0500] "GET /BLA/resoluciones/RESOLUCIONES%202006/RES%202006%20601-650/00000607.tif HTTP/1.1" 200 186492
66.249.73.171 - - [28/Dec/2014:01:36:50 -0500] "GET /BLA/resoluciones/RESOLUCIONES%202005/RES%202005%20551-600/Thumbs.db HTTP/1.1" 200 185856
186.154.84.82 - - [28/Dec/2014:01:36:51 -0500] "GET /forest/session.jsp?a=0.782754331594333 HTTP/1.1" 200 4
66.249.73.155 - - [28/Dec/2014:01:36:54 -0500] "GET /BLA/resoluciones/RESOLUCIONES%202005/RES%202005%20801-850/INDEX.DAT HTTP/1.1" 200 2000
66.249.73.155 - - [28/Dec/2014:01:36:58 -0500] "GET /BLA/resoluciones/RESOLUCIONES%202005/RES%202005%20351-400/Thumbs.db HTTP/1.1" 200 183808
66.249.73.171 - - [28/Dec/2014:01:37:02 -0500] "GET /BLA/resoluciones/RESOLUCIONES%202005/RES%202005%20851-900/INDEX.DAT HTTP/1.1" 200 2000
66.249.73.155 - - [28/Dec/2014:01:37:06 -0500] "GET /BLA/resoluciones/RESOLUCIONES%202005/RES%202005%20201-250/Thumbs.db HTTP/1.1" 200 175616
66.249.73.155 - - [28/Dec/2014:01:37:10 -0500] "GET /BLA/resoluciones/RESOLUCIONES%202005/RES%202005%20701-750/Thumbs.db HTTP/1.1" 200 177664
66.249.73.155 - - [28/Dec/2014:01:37:12 -0500] "GET /BLA/resoluciones/RESOLUCIONES%202003/RES%202003%20551-600/555.tif HTTP/1.1" 304 -
66.249.73.155 - - [28/Dec/2014:01:37:14 -0500] "GET /BLA/resoluciones/RESOLUCIONES%202005/RES%202005%20551-600/INDEX.DAT HTTP/1.1" 200 2000
66.249.73.171 - - [28/Dec/2014:01:37:18 -0500] "GET /BLA/resoluciones/RESOLUCIONES%202005/RES%202005%202501-2550/INDEX.DAT HTTP/1.1" 200 2000
66.249.73.155 - - [28/Dec/2014:01:37:22 -0500] "GET /BLA/resoluciones/RESOLUCIONES%202005/RES%202005%201101-1150/Thumbs.db HTTP/1.1" 200 178688
66.249.73.155 - - [28/Dec/2014:01:37:26 -0500] "GET /BLA/resoluciones/RESOLUCIONES%202005/RES%202005%202601-2650/Thumbs.db HTTP/1.1" 200 175104
66.249.73.155 - - [28/Dec/2014:01:37:30 -0500] "GET /BLA/resoluciones/RESOLUCIONES%202005/RES%202005%202801-2850/Thumbs.db HTTP/1.1" 200 164864
186.154.84.82 - - [28/Dec/2014:01:37:30 -0500] "GET /forest/actions/forms.getList?codForm=revision_COE&id=field69&text=SA HTTP/1.1" 200 1276
186.154.84.82 - - [28/Dec/2014:01:37:30 -0500] "GET /forest/actions/forms.getList?codForm=revision_COE&id=field69&text=S HTTP/1.1" 200 1258
186.154.84.82 - - [28/Dec/2014:01:37:30 -0500] "GET /forest/actions/forms.getList?codForm=revision_COE&id=field69&text=SAN HTTP/1.1" 200 1261
186.154.84.82 - - [28/Dec/2014:01:37:31 -0500] "GET /forest/actions/forms.getList?codForm=revision_COE&id=field69&text=SAND HTTP/1.1" 200 1315
186.154.84.82 - - [28/Dec/2014:01:37:33 -0500] "GET /forest/actions/forms.getList?codForm=revision_COE&id=field69&text=SANDR HTTP/1.1" 200 1320
186.154.84.82 - - [28/Dec/2014:01:37:33 -0500] "GET /forest/actions/forms.getList?codForm=revision_COE&id=field69&text=SANDRA HTTP/1.1" 200 1320
186.154.84.82 - - [28/Dec/2014:01:37:34 -0500] "GET /forest/actions/forms.getList?codForm=revision_COE&id=field69&text=SANDRA. HTTP/1.1" 200 1326
66.249.73.163 - - [28/Dec/2014:01:37:34 -0500] "GET /BLA/resoluciones/RESOLUCIONES%202006/RES%202006%20601-650/00000647.tif HTTP/1.1" 200 8024
66.249.73.155 - - [28/Dec/2014:01:37:35 -0500] "GET /BLA/resoluciones/RESOLUCIONES%202005/RES%202005%201501-1550/Thumbs.db HTTP/1.1" 200 178176
186.154.84.82 - - [28/Dec/2014:01:37:35 -0500] "GET /forest/actions/forms.getList?codForm=revision_COE&id=field69&text=SANDRA.M HTTP/1.1" 200 409
186.154.84.82 - - [28/Dec/2014:01:37:35 -0500] "GET /forest/actions/forms.getList?codForm=revision_COE&id=field69&text=SANDRA.MO HTTP/1.1" 200 276
186.154.84.82 - - [28/Dec/2014:01:37:35 -0500] "GET /forest/actions/forms.getList?codForm=revision_COE&id=field69&text=SANDRA.MON HTTP/1.1" 200 139
186.154.84.82 - - [28/Dec/2014:01:37:35 -0500] "GET /forest/actions/forms.getList?codForm=revision_COE&id=field69&text=SANDRA.MONT HTTP/1.1" 200 72
186.154.84.82 - - [28/Dec/2014:01:37:36 -0500] "GET /forest/actions/forms.getList?codForm=revision_COE&id=field69&text=SANDRA.MONTO HTTP/1.1" 200 72
66.249.73.163 - - [28/Dec/2014:01:37:38 -0500] "GET /BLA/resoluciones/RESOLUCIONES%202005/RES%202005%203101-3150/INDEX.DAT HTTP/1.1" 200 2000
66.249.73.171 - - [28/Dec/2014:01:37:42 -0500] "GET /BLA/resoluciones/RESOLUCIONES%202005/RES%202005%202451-2500/Thumbs.db HTTP/1.1" 200 168960
186.154.84.82 - - [28/Dec/2014:01:37:41 -0500] "POST /forest/usutareas.do? HTTP/1.1" 200 76
66.249.73.163 - - [28/Dec/2014:01:37:46 -0500] "GET /BLA/resoluciones/RESOLUCIONES%202005/RES%202005%202551-2600/Thumbs.db HTTP/1.1" 200 176640
186.154.84.82 - - [28/Dec/2014:01:37:47 -0500] "GET /forest/usutareas.do?group_system_actual=3&a=0.3340655053034425 HTTP/1.1" 200 19879
186.154.84.82 - - [28/Dec/2014:01:37:47 -0500] "GET /forest/session.jsp?a=0.5532231731340289 HTTP/1.1" 200 4
66.249.73.163 - - [28/Dec/2014:01:37:49 -0500] "GET /sig/CALIDAD/DOCUMENTOS/indicadores/ HTTP/1.1" 404 1018
66.249.73.163 - - [28/Dec/2014:01:37:50 -0500] "GET /BLA/resoluciones/RESOLUCIONES%202005/RES%202005%202151-2200/Thumbs.db HTTP/1.1" 200 172544
66.249.73.163 - - [28/Dec/2014:01:37:55 -0500] "GET /BLA/resoluciones/RESOLUCIONES%202005/RES%202005%203151-3180/Thumbs.db HTTP/1.1" 200 109568
66.249.73.163 - - [28/Dec/2014:01:37:57 -0500] "GET /BLA/resoluciones/RESOLUCIONES%202003/RES%202003%20551-600/563.tif HTTP/1.1" 304 -
66.249.73.171 - - [28/Dec/2014:01:37:59 -0500] "GET /BLA/resoluciones/RESOLUCIONES%202005/RES%202005%202101-2150/Thumbs.db HTTP/1.1" 200 5632
66.249.73.163 - - [28/Dec/2014:01:38:03 -0500] "GET /BLA/resoluciones/RESOLUCIONES%202005/RES%202005%201001-1050/Thumbs.db HTTP/1.1" 200 178688
66.249.73.163 - - [28/Dec/2014:01:38:07 -0500] "GET /BLA/resoluciones/RESOLUCIONES%202005/RES%202005%201851-1900/Thumbs.db HTTP/1.1" 200 180224
66.249.73.171 - - [28/Dec/2014:01:38:11 -0500] "GET /BLA/resoluciones/RESOLUCIONES%202005/RES%202005%201151-1200/Thumbs.db HTTP/1.1" 200 182784
66.249.73.163 - - [28/Dec/2014:01:38:15 -0500] "GET /BLA/resoluciones/RESOLUCIONES%202005/RES%202005%201451-1500/INDEX.DAT HTTP/1.1" 200 2000
66.249.73.163 - - [28/Dec/2014:01:38:19 -0500] "GET /BLA/resoluciones/RESOLUCIONES%202005/RES%202005%202151-2200/INDEX.DAT HTTP/1.1" 200 1880
66.249.73.171 - - [28/Dec/2014:01:38:19 -0500] "GET /BLA/resoluciones/RESOLUCIONES%202006/RES%202006%20601-650/00000626.tif HTTP/1.1" 200 156066
66.249.73.155 - - [28/Dec/2014:01:38:23 -0500] "GET /BLA/resoluciones/RESOLUCIONES%202005/RES%202005%201851-1900/INDEX.DAT HTTP/1.1" 200 2000
66.249.73.171 - - [28/Dec/2014:01:38:27 -0500] "GET /BLA/resoluciones/RESOLUCIONES%202005/RES%202005%203101-3150/Thumbs.db HTTP/1.1" 200 176640
186.154.84.82 - - [28/Dec/2014:01:38:30 -0500] "GET /forest/misactividades.do?_a=0.14353237976320088&group_system_actual=3 HTTP/1.1" 200 37898
66.249.73.163 - - [28/Dec/2014:01:38:31 -0500] "GET /BLA/resoluciones/RESOLUCIONES%202005/RES%202005%202751-2800/Thumbs.db HTTP/1.1" 200 183808
186.154.84.82 - - [28/Dec/2014:01:38:31 -0500] "GET /forest/session.jsp?a=0.3310723884496838 HTTP/1.1" 200 4
186.154.84.82 - - [28/Dec/2014:01:38:32 -0500] "POST /forest/misactividades.do?ajax=true&a=0.06531837629154325 HTTP/1.1" 200 11225
66.249.73.155 - - [28/Dec/2014:01:38:35 -0500] "GET /BLA/resoluciones/RESOLUCIONES%202005/RES%202005%201351-1400/Thumbs.db HTTP/1.1" 200 181248
66.249.73.171 - - [28/Dec/2014:01:38:39 -0500] "GET /BLA/resoluciones/RESOLUCIONES%202005/RES%202005%203001-3050/Thumbs.db HTTP/1.1" 200 180736
66.249.73.171 - - [28/Dec/2014:01:38:42 -0500] "GET /BLA/resoluciones/RESOLUCIONES%202003/RES%202003%20551-600/551.tif HTTP/1.1" 304 -
66.249.73.155 - - [28/Dec/2014:01:38:43 -0500] "GET /BLA/resoluciones/RESOLUCIONES%202005/RES%202005%201751-1800/Thumbs.db HTTP/1.1" 200 177664
66.249.73.155 - - [28/Dec/2014:01:38:47 -0500] "GET /BLA/resoluciones/RESOLUCIONES%202005/RES%202005%201551-1600/Thumbs.db HTTP/1.1" 200 187392
186.154.84.82 - - [28/Dec/2014:01:38:48 -0500] "GET /forest/usutareas.do?_a=0.5528438379988074&group_system_actual=3 HTTP/1.1" 200 110145
186.154.84.82 - - [28/Dec/2014:01:38:51 -0500] "GET /forest/session.jsp?a=0.6474992604926229 HTTP/1.1" 200 4
66.249.73.155 - - [28/Dec/2014:01:38:51 -0500] "GET /BLA/resoluciones/RESOLUCIONES%202005/RES%202005%201201-1250/Thumbs.db HTTP/1.1" 200 165888
66.249.73.171 - - [28/Dec/2014:01:38:56 -0500] "GET /BLA/resoluciones/RESOLUCIONES%202005/RES%202005%202001-2050/Thumbs.db HTTP/1.1" 200 184832
66.249.73.163 - - [28/Dec/2014:01:39:00 -0500] "GET /BLA/resoluciones/RESOLUCIONES%202005/RES%202005%203051-3100/Thumbs.db HTTP/1.1" 200 99840
186.154.84.82 - - [28/Dec/2014:01:39:00 -0500] "GET /forest/borrador/1387916/Concepto%20Tecnico.docx HTTP/1.1" 200 102971
66.249.73.171 - - [28/Dec/2014:01:39:04 -0500] "GET /BLA/resoluciones/RESOLUCIONES%202005/RES%202005%202501-2550/Thumbs.db HTTP/1.1" 200 182272
66.249.73.171 - - [28/Dec/2014:01:39:04 -0500] "GET /BLA/resoluciones/RESOLUCIONES%202006/RES%202006%20601-650/00000616.tif HTTP/1.1" 200 345776
66.249.73.155 - - [28/Dec/2014:01:39:08 -0500] "GET /BLA/resoluciones/RESOLUCIONES%202005/RES%202005%202201-2250/Thumbs.db HTTP/1.1" 200 185344
66.249.65.188 - - [28/Dec/2014:01:39:10 -0500] "GET /PruebasSTORM/StormSDA_pruebas/userFiles/user_files/98/ HTTP/1.1" 200 1756
66.249.73.163 - - [28/Dec/2014:01:39:12 -0500] "GET /BLA/resoluciones/RESOLUCIONES%202005/RES%202005%201301-1350/Thumbs.db HTTP/1.1" 200 175104
188.165.15.85 - - [28/Dec/2014:01:39:13 -0500] "GET /BLA/resoluciones/RESOLUCIONES%202006/RES%202006%201801-1850/00001830.tif HTTP/1.1" 200 167310
66.249.73.171 - - [28/Dec/2014:01:39:16 -0500] "GET /BLA/resoluciones/RESOLUCIONES%202005/RES%202005%202901-2950/INDEX.DAT HTTP/1.1" 200 2000
66.249.73.171 - - [28/Dec/2014:01:39:20 -0500] "GET /BLA/resoluciones/RESOLUCIONES%202005/RES%202005%202851-2900/Thumbs.db HTTP/1.1" 200 160256
66.249.73.171 - - [28/Dec/2014:01:39:24 -0500] "GET /BLA/resoluciones/RESOLUCIONES%202005/RES%202005%201451-1500/Thumbs.db HTTP/1.1" 200 184320
66.249.73.155 - - [28/Dec/2014:01:39:27 -0500] "GET /BLA/resoluciones/RESOLUCIONES%202006/RES%202006%20601-650/00000638.tif HTTP/1.1" 200 163904
181.50.76.121 - - [28/Dec/2014:01:39:27 -0500] "GET /portalsiaccapacitaciones/list.php? HTTP/1.1" 200 4342
66.249.73.163 - - [28/Dec/2014:01:39:29 -0500] "GET /BLA/resoluciones/RESOLUCIONES%202005/RES%202005%202651-2700/Thumbs.db HTTP/1.1" 200 178688
66.249.73.155 - - [28/Dec/2014:01:39:33 -0500] "GET /BLA/resoluciones/RESOLUCIONES%202005/RES%202005%201951-2000/Thumbs.db HTTP/1.1" 200 173568
186.154.84.82 - - [28/Dec/2014:01:39:43 -0500] "GET /forest/misactividades.do?_a=0.7647397506516427&group_system_actual=3 HTTP/1.1" 200 37898
186.154.84.82 - - [28/Dec/2014:01:39:44 -0500] "GET /forest/session.jsp?a=0.2975343018770218 HTTP/1.1" 200 4
186.154.84.82 - - [28/Dec/2014:01:39:44 -0500] "POST /forest/misactividades.do?ajax=true&a=0.23453046451322734 HTTP/1.1" 200 11225
66.249.73.171 - - [28/Dec/2014:01:39:49 -0500] "GET /BLA/resoluciones/RESOLUCIONES%202006/RES%202006%20601-650/00000636.tif HTTP/1.1" 200 251914
181.50.76.121 - - [28/Dec/2014:01:39:54 -0500] "GET /portalsiaccapacitaciones/Soportes%20Capacitaciones%20A%C3%B1o%202014 HTTP/1.1" 301 363
181.50.76.121 - - [28/Dec/2014:01:39:57 -0500] "GET /icons/blank.gif HTTP/1.1" 200 148
181.50.76.121 - - [28/Dec/2014:01:39:57 -0500] "GET /icons/back.gif HTTP/1.1" 200 216
181.50.76.121 - - [28/Dec/2014:01:39:57 -0500] "GET /icons/layout.gif HTTP/1.1" 200 276
181.50.76.121 - - [28/Dec/2014:01:39:57 -0500] "GET /icons/unknown.gif HTTP/1.1" 200 245
181.50.76.121 - - [28/Dec/2014:01:39:57 -0500] "GET /portalsiaccapacitaciones/Soportes%20Capacitaciones%20A%c3%b1o%202014/ HTTP/1.1" 200 18976
66.249.65.196 - - [28/Dec/2014:01:40:08 -0500] "GET /Autoliquidacion/TR%C3%81MITES%20ACEITES-RESIDUOS-ESTACIONES/REG.%20GENERADOR/ANEXO%203.%20CARTA%20PARA%20SOLICITUD%20DE%20INSCRIPCI%C3%93N%20COMO%20GENERADOR%20RESPEL.doc HTTP/1.1" 200 212993
66.249.73.171 - - [28/Dec/2014:01:40:12 -0500] "GET /BLA/resoluciones/RESOLUCIONES%202006/RES%202006%20601-650/00000622.tif HTTP/1.1" 200 226624
66.249.73.155 - - [28/Dec/2014:01:40:22 -0500] "GET /portel_dama/libreria/php/2006/restauracion/22_proye/xtras_in/3a.pdf HTTP/1.1" 404 1018
181.50.76.121 - - [28/Dec/2014:01:40:25 -0500] "GET /portalsiaccapacitaciones/Soportes%20Capacitaciones%20A%c3%b1o%202014/0125.%20Guia%20Compras%20P%c3%bablicas%20Sostenibles%2010,%2012%20y%2015-12-14.pdf HTTP/1.1" 200 9831550
181.50.76.121 - - [28/Dec/2014:01:40:26 -0500] "GET /portalsiaccapacitaciones/Soportes%20Capacitaciones%20A%c3%b1o%202014/0125.%20Guia%20Compras%20P%c3%bablicas%20Sostenibles%2010,%2012%20y%2015-12-14.pdf HTTP/1.1" 206 32768
181.50.76.121 - - [28/Dec/2014:01:40:26 -0500] "GET /portalsiaccapacitaciones/Soportes%20Capacitaciones%20A%c3%b1o%202014/0125.%20Guia%20Compras%20P%c3%bablicas%20Sostenibles%2010,%2012%20y%2015-12-14.pdf HTTP/1.1" 206 1112639
181.50.76.121 - - [28/Dec/2014:01:40:29 -0500] "GET /portalsiaccapacitaciones/Soportes%20Capacitaciones%20A%c3%b1o%202014/0125.%20Guia%20Compras%20P%c3%bablicas%20Sostenibles%2010,%2012%20y%2015-12-14.pdf HTTP/1.1" 206 32768
181.50.76.121 - - [28/Dec/2014:01:40:29 -0500] "GET /portalsiaccapacitaciones/Soportes%20Capacitaciones%20A%c3%b1o%202014/0125.%20Guia%20Compras%20P%c3%bablicas%20Sostenibles%2010,%2012%20y%2015-12-14.pdf HTTP/1.1" 206 32768
181.50.76.121 - - [28/Dec/2014:01:40:29 -0500] "GET /portalsiaccapacitaciones/Soportes%20Capacitaciones%20A%c3%b1o%202014/0125.%20Guia%20Compras%20P%c3%bablicas%20Sostenibles%2010,%2012%20y%2015-12-14.pdf HTTP/1.1" 206 32768
181.50.76.121 - - [28/Dec/2014:01:40:30 -0500] "GET /portalsiaccapacitaciones/Soportes%20Capacitaciones%20A%c3%b1o%202014/0125.%20Guia%20Compras%20P%c3%bablicas%20Sostenibles%2010,%2012%20y%2015-12-14.pdf HTTP/1.1" 206 32768
181.50.76.121 - - [28/Dec/2014:01:40:30 -0500] "GET /portalsiaccapacitaciones/Soportes%20Capacitaciones%20A%c3%b1o%202014/0125.%20Guia%20Compras%20P%c3%bablicas%20Sostenibles%2010,%2012%20y%2015-12-14.pdf HTTP/1.1" 206 32768
181.50.76.121 - - [28/Dec/2014:01:40:30 -0500] "GET /portalsiaccapacitaciones/Soportes%20Capacitaciones%20A%c3%b1o%202014/0125.%20Guia%20Compras%20P%c3%bablicas%20Sostenibles%2010,%2012%20y%2015-12-14.pdf HTTP/1.1" 206 46176
181.50.76.121 - - [28/Dec/2014:01:40:30 -0500] "GET /portalsiaccapacitaciones/Soportes%20Capacitaciones%20A%c3%b1o%202014/0125.%20Guia%20Compras%20P%c3%bablicas%20Sostenibles%2010,%2012%20y%2015-12-14.pdf HTTP/1.1" 206 32768
181.50.76.121 - - [28/Dec/2014:01:40:31 -0500] "GET /portalsiaccapacitaciones/Soportes%20Capacitaciones%20A%c3%b1o%202014/0125.%20Guia%20Compras%20P%c3%bablicas%20Sostenibles%2010,%2012%20y%2015-12-14.pdf HTTP/1.1" 206 35349
181.50.76.121 - - [28/Dec/2014:01:40:31 -0500] "GET /portalsiaccapacitaciones/Soportes%20Capacitaciones%20A%c3%b1o%202014/0125.%20Guia%20Compras%20P%c3%bablicas%20Sostenibles%2010,%2012%20y%2015-12-14.pdf HTTP/1.1" 206 7110733
186.154.84.82 - - [28/Dec/2014:01:40:32 -0500] "GET /forest/usutareas.do?_a=0.7835328467190266&group_system_actual=3 HTTP/1.1" 200 98434
186.154.84.82 - - [28/Dec/2014:01:40:34 -0500] "GET /forest/session.jsp?a=0.4859136240556836 HTTP/1.1" 200 4
66.249.73.155 - - [28/Dec/2014:01:40:34 -0500] "GET /BLA/resoluciones/RESOLUCIONES%202003/RES%202003%20551-600/552.tif HTTP/1.1" 304 -
74.86.158.107 - - [28/Dec/2014:01:40:37 -0500] "HEAD / HTTP/1.1" 302 -
186.154.84.82 - - [28/Dec/2014:01:40:37 -0500] "GET /forest/borrador/1511451/Oficio%20Salida.docx HTTP/1.1" 200 486831
181.50.76.121 - - [28/Dec/2014:01:40:46 -0500] "GET /portalsiaccapacitaciones/Soportes%20Capacitaciones%20A%c3%b1o%202014/0125.%20Guia%20Compras%20P%c3%bablicas%20Sostenibles%2010,%2012%20y%2015-12-14.pdf HTTP/1.1" 206 1185530
181.50.76.121 - - [28/Dec/2014:01:40:48 -0500] "GET /portalsiaccapacitaciones/Soportes%20Capacitaciones%20A%c3%b1o%202014/0125.%20Guia%20Compras%20P%c3%bablicas%20Sostenibles%2010,%2012%20y%2015-12-14.pdf HTTP/1.1" 206 111747
66.249.73.171 - - [28/Dec/2014:01:40:49 -0500] "GET /BLA/resoluciones/RESOLUCIONES%202005/RES%202005%202351-2400/INDEX.DAT HTTP/1.1" 200 2000
66.249.73.171 - - [28/Dec/2014:01:40:57 -0500] "GET /BLA/resoluciones/RESOLUCIONES%202003/RES%202003%20551-600/578.tif HTTP/1.1" 304 -
66.249.73.155 - - [28/Dec/2014:01:40:59 -0500] "GET /resoluciones/RESOLUCIONES%202008/0608.pdf HTTP/1.1" 404 1018
66.249.73.171 - - [28/Dec/2014:01:41:19 -0500] "GET /BLA/resoluciones/RESOLUCIONES%202003/RES%202003%20551-600/557.tif HTTP/1.1" 304 -
66.249.73.163 - - [28/Dec/2014:01:41:33 -0500] "GET /BLA/resoluciones/AUTOS%202009/2847.pdf HTTP/1.1" 200 88344
66.249.73.163 - - [28/Dec/2014:01:41:42 -0500] "GET /BLA/resoluciones/RESOLUCIONES%202002/RES%202002%20801-850/00000831.tif HTTP/1.1" 304 -
181.50.76.121 - - [28/Dec/2014:01:41:57 -0500] "GET /portalsiaccapacitaciones/Listas%20de%20Asistencia%202014 HTTP/1.1" 301 351
181.50.76.121 - - [28/Dec/2014:01:41:57 -0500] "GET /portalsiaccapacitaciones/Listas%20de%20Asistencia%202014/ HTTP/1.1" 200 6277
66.249.73.171 - - [28/Dec/2014:01:42:05 -0500] "GET /BLA/resoluciones/RESOLUCIONES%202002/RES%202002%20801-850/00000808.tif HTTP/1.1" 304 -
188.165.15.192 - - [28/Dec/2014:01:42:14 -0500] "GET /BLA/resoluciones/RESOLUCIONES%202004/RES%202004%20151-200/00000161.tif HTTP/1.1" 200 85810
66.249.73.171 - - [28/Dec/2014:01:42:27 -0500] "GET /BLA/resoluciones/RESOLUCIONES%202002/RES%202002%20801-850/00000847.tif HTTP/1.1" 304 -
188.165.15.208 - - [28/Dec/2014:01:42:28 -0500] "GET /BLA/resoluciones/RESOLUCIONES%202006/RES%202006%20151-200/00000183.tif HTTP/1.1" 200 41324
66.249.73.163 - - [28/Dec/2014:01:42:46 -0500] "GET /BLA/resoluciones/RESOLUCIONES%202002/RES%202002%201001-1050/2002RES1032.tif HTTP/1.1" 200 377596
66.249.73.163 - - [28/Dec/2014:01:42:49 -0500] "GET /BLA/resoluciones/RESOLUCIONES%202005/RES%202005%202351-2400/00002361.tif HTTP/1.1" 304 -
181.50.76.121 - - [28/Dec/2014:01:43:06 -0500] "GET /portalsiaccapacitaciones/Listas%20de%20Asistencia%202014/Lista%20de%20Asisetncia%20Sesi%c3%b3n%2016.%20Compras%20Verdes%2010-12-15.pdf HTTP/1.1" 200 99970
181.50.76.121 - - [28/Dec/2014:01:43:06 -0500] "GET /portalsiaccapacitaciones/Listas%20de%20Asistencia%202014/Lista%20de%20Asisetncia%20Sesi%c3%b3n%2016.%20Compras%20Verdes%2010-12-15.pdf HTTP/1.1" 206 32768
181.50.76.121 - - [28/Dec/2014:01:43:07 -0500] "GET /portalsiaccapacitaciones/Listas%20de%20Asistencia%202014/Lista%20de%20Asisetncia%20Sesi%c3%b3n%2016.%20Compras%20Verdes%2010-12-15.pdf HTTP/1.1" 206 67202
66.249.73.171 - - [28/Dec/2014:01:43:12 -0500] "GET /BLA/resoluciones/RESOLUCIONES%202002/RES%202002%20801-850/00000814.tif HTTP/1.1" 304 -
202.46.63.123 - - [28/Dec/2014:01:43:20 -0500] "GET / HTTP/1.1" 302 -
66.249.73.155 - - [28/Dec/2014:01:43:35 -0500] "GET /BLA/resoluciones/RESOLUCIONES%202002/RES%202002%20801-850/00000823.tif HTTP/1.1" 304 -
66.249.65.196 - - [28/Dec/2014:01:43:38 -0500] "GET /Autoliquidacion/TR%C3%81MITES%20ACEITES-RESIDUOS-ESTACIONES/REGISTRO%20COMO%20ACOPIADOR%20PRIMARIO/FORMATOINSCRIPCIONACOPIADORES%20PRIMARIOS(nOV09DE2011).doc HTTP/1.1" 200 804352
186.154.84.82 - - [28/Dec/2014:01:43:39 -0500] "GET /forest/actions/forms.getList?codForm=revision_COE&id=field69&text=S HTTP/1.1" 200 1258
186.154.84.82 - - [28/Dec/2014:01:43:39 -0500] "GET /forest/actions/forms.getList?codForm=revision_COE&id=field69&text=SA HTTP/1.1" 200 1276
186.154.84.82 - - [28/Dec/2014:01:43:39 -0500] "GET /forest/actions/forms.getList?codForm=revision_COE&id=field69&text=SAN HTTP/1.1" 200 1261
186.154.84.82 - - [28/Dec/2014:01:43:39 -0500] "GET /forest/actions/forms.getList?codForm=revision_COE&id=field69&text=SAND HTTP/1.1" 200 1315
186.154.84.82 - - [28/Dec/2014:01:43:39 -0500] "GET /forest/actions/forms.getList?codForm=revision_COE&id=field69&text=SANDR HTTP/1.1" 200 1320
186.154.84.82 - - [28/Dec/2014:01:43:40 -0500] "GET /forest/actions/forms.getList?codForm=revision_COE&id=field69&text=SANDRA HTTP/1.1" 200 1320
186.154.84.82 - - [28/Dec/2014:01:43:41 -0500] "GET /forest/actions/forms.getList?codForm=revision_COE&id=field69&text=SANDRA. HTTP/1.1" 200 1326
186.154.84.82 - - [28/Dec/2014:01:43:41 -0500] "GET /forest/actions/forms.getList?codForm=revision_COE&id=field69&text=SANDRA.M HTTP/1.1" 200 409
186.154.84.82 - - [28/Dec/2014:01:43:41 -0500] "GET /forest/actions/forms.getList?codForm=revision_COE&id=field69&text=SANDRA.MO HTTP/1.1" 200 276
186.154.84.82 - - [28/Dec/2014:01:43:41 -0500] "GET /forest/actions/forms.getList?codForm=revision_COE&id=field69&text=SANDRA.MON HTTP/1.1" 200 139
186.154.84.82 - - [28/Dec/2014:01:43:42 -0500] "GET /forest/actions/forms.getList?codForm=revision_COE&id=field69&text=SANDRA.MONT HTTP/1.1" 200 72
186.154.84.82 - - [28/Dec/2014:01:43:42 -0500] "GET /forest/actions/forms.getList?codForm=revision_COE&id=field69&text=SANDRA.MONTO HTTP/1.1" 200 72
186.154.84.82 - - [28/Dec/2014:01:43:43 -0500] "GET /forest/actions/forms.getList?codForm=revision_COE&id=field69&text=SANDRA.MONTOY HTTP/1.1" 200 72
186.154.84.82 - - [28/Dec/2014:01:43:43 -0500] "GET /forest/actions/forms.getList?codForm=revision_COE&id=field69&text=SANDRA.MONTOYA HTTP/1.1" 200 72
119.63.193.132 - - [28/Dec/2014:01:43:45 -0500] "GET / HTTP/1.1" 302 -
186.154.84.82 - - [28/Dec/2014:01:43:47 -0500] "POST /forest/usutareas.do? HTTP/1.1" 200 76
186.154.84.82 - - [28/Dec/2014:01:43:54 -0500] "GET /forest/usutareas.do?group_system_actual=3&a=0.014664383605122566 HTTP/1.1" 200 19878
66.249.73.155 - - [28/Dec/2014:01:43:55 -0500] "GET /BLA/resoluciones/AUTOS%202011/3008.pdf HTTP/1.1" 200 156787
186.154.84.82 - - [28/Dec/2014:01:43:55 -0500] "GET /forest/session.jsp?a=0.31762456661090255 HTTP/1.1" 200 4
66.249.73.171 - - [28/Dec/2014:01:43:57 -0500] "GET /BLA/resoluciones/RESOLUCIONES%202002/RES%202002%20801-850/00000848.tif HTTP/1.1" 304 -
186.146.125.85 - - [28/Dec/2014:01:44:03 -0500] "GET /BLA/resoluciones/RESOLUCIONES%202007/RES%202007%202401%20AL%202500/RESOLUCION%202401%20DE%202007.pdf HTTP/1.1" 200 2002833
186.146.125.85 - - [28/Dec/2014:01:44:03 -0500] "GET /BLA/resoluciones/RESOLUCIONES%202007/RES%202007%202401%20AL%202500/RESOLUCION%202401%20DE%202007.pdf HTTP/1.1" 206 32768
186.146.125.85 - - [28/Dec/2014:01:44:03 -0500] "GET /BLA/resoluciones/RESOLUCIONES%202007/RES%202007%202401%20AL%202500/RESOLUCION%202401%20DE%202007.pdf HTTP/1.1" 206 1970065
186.146.125.85 - - [28/Dec/2014:01:44:07 -0500] "GET /favicon.ico HTTP/1.1" 200 7782
66.249.73.163 - - [28/Dec/2014:01:44:20 -0500] "GET /BLA/resoluciones/RESOLUCIONES%202002/RES%202002%20801-850/00000836.tif HTTP/1.1" 304 -
188.165.15.78 - - [28/Dec/2014:01:44:28 -0500] "GET /BLA/resoluciones/RESOLUCIONES%202002/RES%202002%20551-600/00000566.tif HTTP/1.1" 200 333744
66.249.73.155 - - [28/Dec/2014:01:44:42 -0500] "GET /BLA/resoluciones/RESOLUCIONES%202002/RES%202002%20801-850/00000835.tif HTTP/1.1" 304 -
186.154.84.82 - - [28/Dec/2014:01:44:48 -0500] "GET /forest/misactividades.do?_a=0.8016415031161159&group_system_actual=3 HTTP/1.1" 200 37898
186.154.84.82 - - [28/Dec/2014:01:44:49 -0500] "GET /forest/session.jsp?a=0.5748974357265979 HTTP/1.1" 200 4
186.154.84.82 - - [28/Dec/2014:01:44:49 -0500] "POST /forest/misactividades.do?ajax=true&a=0.4908472409006208 HTTP/1.1" 200 8644
186.154.84.82 - - [28/Dec/2014:01:38:51 -0500] "GET /ForestMSG_SDA/channelAsync/template_word_16249189?X-Atmosphere-tracking-id=0a9da807-9e9c-8bf5-270e-d5542bb78cd2&X-Atmosphere-Framework=1.0.5&X-Atmosphere-Transport=long-polling&tabid=0.32978781731799245&X-Cache-Date=0&Content-Type=application/xml&_=1419748885165 HTTP/1.1" 200 8193
66.249.73.155 - - [28/Dec/2014:01:45:05 -0500] "GET /BLA/resoluciones/RESOLUCIONES%202002/RES%202002%20801-850/00000816.tif HTTP/1.1" 304 -
66.249.73.163 - - [28/Dec/2014:01:45:11 -0500] "GET /BLA/resoluciones/RESOLUCIONES%202008/1144.pdf HTTP/1.1" 200 188426
186.154.84.82 - - [28/Dec/2014:01:45:15 -0500] "GET /forest/usutareas.do?_a=0.23618765571154654&group_system_actual=3 HTTP/1.1" 200 121876
186.154.84.82 - - [28/Dec/2014:01:45:18 -0500] "GET /forest/session.jsp?a=0.9468263180460781 HTTP/1.1" 200 4
66.249.73.163 - - [28/Dec/2014:01:45:25 -0500] "GET /BLA/resoluciones/RESOLUCIONES%202002/RES%202002%201001-1050/2002RES1022.tif HTTP/1.1" 200 135248
66.249.73.155 - - [28/Dec/2014:01:45:27 -0500] "GET /BLA/resoluciones/RESOLUCIONES%202002/RES%202002%20801-850/00000810.tif HTTP/1.1" 304 -
74.86.158.107 - - [28/Dec/2014:01:45:37 -0500] "HEAD / HTTP/1.1" 302 -
186.154.84.82 - - [28/Dec/2014:01:45:45 -0500] "GET /forest/borrador/1516607/CONVABISER.docx HTTP/1.1" 200 99999
66.249.73.163 - - [28/Dec/2014:01:45:50 -0500] "GET /BLA/resoluciones/RESOLUCIONES%202002/RES%202002%20801-850/00000821.tif HTTP/1.1" 304 -
66.249.73.163 - - [28/Dec/2014:01:46:12 -0500] "GET /BLA/resoluciones/RESOLUCIONES%202002/RES%202002%20801-850/00000811.tif HTTP/1.1" 304 -
66.249.73.155 - - [28/Dec/2014:01:46:35 -0500] "GET /BLA/resoluciones/RESOLUCIONES%202005/RES%202005%202351-2400/00002370.tif HTTP/1.1" 304 -
100.43.85.25 - - [28/Dec/2014:01:46:41 -0500] "GET /POT-2013/index.php?dir=expediente%2F HTTP/1.1" 200 1903
180.76.5.177 - - [28/Dec/2014:01:46:57 -0500] "GET /BLA/boletinlegal;jsessionid=78DCA8BF041E0998D45B8ADC8180D8EE?/? HTTP/1.1" 404 1018
66.249.73.155 - - [28/Dec/2014:01:46:57 -0500] "GET /BLA/resoluciones/RESOLUCIONES%202005/RES%202005%202351-2400/00002367.tif HTTP/1.1" 304 -
66.249.73.171 - - [28/Dec/2014:01:47:18 -0500] "GET /BLA/resoluciones/AUTOS%202014/1104.pdf HTTP/1.1" 200 335533
66.249.73.163 - - [28/Dec/2014:01:47:20 -0500] "GET /BLA/resoluciones/RESOLUCIONES%202002/RES%202002%20201-250/2002RES207.tif HTTP/1.1" 304 -
66.249.73.155 - - [28/Dec/2014:01:47:42 -0500] "GET /BLA/resoluciones/RESOLUCIONES%202005/RES%202005%201351-1400/00001353.tif HTTP/1.1" 304 -
66.249.73.163 - - [28/Dec/2014:01:48:05 -0500] "GET /BLA/resoluciones/RESOLUCIONES%202005/RES%202005%201351-1400/00001357.tif HTTP/1.1" 304 -
66.249.73.171 - - [28/Dec/2014:01:48:27 -0500] "GET /BLA/resoluciones/RESOLUCIONES%202005/RES%202005%201351-1400/00001373.tif HTTP/1.1" 304 -
180.76.6.28 - - [28/Dec/2014:01:48:33 -0500] "GET /BLA/boletinlegal;jsessionid=D2321ADB28414EE7299A821EB12EBD21?/? HTTP/1.1" 404 1018
66.249.73.171 - - [28/Dec/2014:01:48:50 -0500] "GET /BLA/resoluciones/RESOLUCIONES%202005/RES%202005%201351-1400/00001381.tif HTTP/1.1" 304 -
188.165.15.44 - - [28/Dec/2014:01:49:10 -0500] "GET /BLA/resoluciones/RESOLUCIONES%202002/RES%202002%201301-1350/20021344.tif HTTP/1.1" 200 110372
66.249.73.163 - - [28/Dec/2014:01:49:10 -0500] "GET /BLA/resoluciones/RESOLUCIONES%202006/RES%202006%20%202851-2900/00002861.tif HTTP/1.1" 200 36988
66.249.73.163 - - [28/Dec/2014:01:49:12 -0500] "GET /BLA/resoluciones/RESOLUCIONES%202005/RES%202005%201351-1400/00001371.tif HTTP/1.1" 304 -
66.249.73.155 - - [28/Dec/2014:01:49:28 -0500] "GET /BLA/resoluciones/RESOLUCIONES%202005/RES%202005%20601-650/00000620.tif HTTP/1.1" 200 206114
66.249.73.163 - - [28/Dec/2014:01:49:35 -0500] "GET /BLA/resoluciones/RESOLUCIONES%202005/RES%202005%201351-1400/00001359.tif HTTP/1.1" 304 -
66.249.73.155 - - [28/Dec/2014:01:49:57 -0500] "GET /BLA/resoluciones/RESOLUCIONES%202006/RES%202006%20901-950/00000947.tif HTTP/1.1" 304 -
66.249.73.163 - - [28/Dec/2014:01:50:20 -0500] "GET /BLA/resoluciones/RESOLUCIONES%202005/RES%202005%201351-1400/00001386.tif HTTP/1.1" 304 -
24.152.212.26 - - [28/Dec/2014:01:50:23 -0500] "GET /webdav/x32.php HTTP/1.1" 404 1018
66.249.73.155 - - [28/Dec/2014:01:50:27 -0500] "GET /BLA/resoluciones/RESOLUCIONES%202007/RES%202007%201401%20AL%201500/RESOLUCION%201465%20DE%202007.pdf HTTP/1.1" 200 242471
74.86.158.107 - - [28/Dec/2014:01:50:37 -0500] "HEAD / HTTP/1.1" 302 -
66.249.73.155 - - [28/Dec/2014:01:50:42 -0500] "GET /BLA/resoluciones/RESOLUCIONES%202006/RES%202006%20901-950/00000927.tif HTTP/1.1" 304 -
66.249.73.171 - - [28/Dec/2014:01:51:05 -0500] "GET /BLA/resoluciones/RESOLUCIONES%202005/RES%202005%201351-1400/00001398.tif HTTP/1.1" 304 -
24.152.212.26 - - [28/Dec/2014:01:51:16 -0500] "GET /webdav/x32.php HTTP/1.1" 404 1018
186.154.84.82 - - [28/Dec/2014:01:45:17 -0500] "GET /ForestMSG_SDA/channelAsync/template_word_16918006?X-Atmosphere-tracking-id=010cdbbf-3ca9-184e-e878-643e6e4fd0e2&X-Atmosphere-Framework=1.0.5&X-Atmosphere-Transport=long-polling&tabid=0.47911247587762773&X-Cache-Date=0&Content-Type=application/xml&_=1419749272132 HTTP/1.1" 200 8193
66.249.73.155 - - [28/Dec/2014:01:51:28 -0500] "GET /BLA/resoluciones/RESOLUCIONES%202005/RES%202005%201351-1400/00001374.tif HTTP/1.1" 304 -
66.249.73.171 - - [28/Dec/2014:01:51:31 -0500] "GET /BLA/resoluciones/AUTOS%202011/0749.pdf HTTP/1.1" 200 167261
66.249.73.163 - - [28/Dec/2014:01:51:48 -0500] "GET /BLA/resoluciones/AUTOS%202011/1823.pdf HTTP/1.1" 200 208033
66.249.73.163 - - [28/Dec/2014:01:51:50 -0500] "GET /BLA/resoluciones/RESOLUCIONES%202006/RES%202006%20901-950/00000902.tif HTTP/1.1" 304 -
66.249.73.155 - - [28/Dec/2014:01:52:13 -0500] "GET /BLA/resoluciones/RESOLUCIONES%202006/RES%202006%20901-950/00000939.tif HTTP/1.1" 304 -
66.249.73.163 - - [28/Dec/2014:01:52:13 -0500] "GET /resoluciones/RESOLUCIONES%202009/2853.pdf HTTP/1.1" 404 1192
66.249.73.155 - - [28/Dec/2014:01:52:35 -0500] "GET /BLA/resoluciones/RESOLUCIONES%202005/RES%202005%201351-1400/00001385.tif HTTP/1.1" 304 -
66.249.73.163 - - [28/Dec/2014:01:52:45 -0500] "GET /BLA/resoluciones/RESOLUCIONES%202003/RES%202003%201201-1250/2003RES1249.tif HTTP/1.1" 200 148240
66.249.73.155 - - [28/Dec/2014:01:52:58 -0500] "GET /BLA/resoluciones/RESOLUCIONES%202005/RES%202005%201351-1400/00001383.tif HTTP/1.1" 304 -
188.165.15.188 - - [28/Dec/2014:01:53:05 -0500] "GET /BLA/resoluciones/RESOLUCIONES%202006/RES%202006%202601-2650/00002641.tif HTTP/1.1" 200 191818
66.249.73.171 - - [28/Dec/2014:01:53:20 -0500] "GET /BLA/resoluciones/RESOLUCIONES%202005/RES%202005%201351-1400/00001391.tif HTTP/1.1" 304 -
66.249.73.163 - - [28/Dec/2014:01:53:37 -0500] "GET /BLA/resoluciones/AUTOS%202014/1136.pdf HTTP/1.1" 200 366169
66.249.73.155 - - [28/Dec/2014:01:53:43 -0500] "GET /BLA/resoluciones/RESOLUCIONES%202006/RES%202006%20901-950/00000943.tif HTTP/1.1" 304 -
66.249.73.171 - - [28/Dec/2014:01:54:05 -0500] "GET /BLA/resoluciones/RESOLUCIONES%202006/RES%202006%20901-950/00000926.tif HTTP/1.1" 304 -
66.249.73.171 - - [28/Dec/2014:01:54:22 -0500] "GET / HTTP/1.1" 302 -
66.249.73.155 - - [28/Dec/2014:01:54:28 -0500] "GET /BLA/resoluciones/RESOLUCIONES%202005/RES%202005%201351-1400/00001390.tif HTTP/1.1" 304 -
66.249.73.163 - - [28/Dec/2014:01:54:50 -0500] "GET /BLA/resoluciones/RESOLUCIONES%202005/RES%202005%201351-1400/00001394.tif HTTP/1.1" 304 -
66.249.73.163 - - [28/Dec/2014:01:55:13 -0500] "GET /BLA/resoluciones/RESOLUCIONES%202005/RES%202005%201351-1400/00001372.tif HTTP/1.1" 304 -
66.249.73.171 - - [28/Dec/2014:01:55:35 -0500] "GET /BLA/resoluciones/RESOLUCIONES%202002/RES%202002%201001-1050/2002RES1010.tif HTTP/1.1" 200 320862
188.165.15.23 - - [28/Dec/2014:01:55:36 -0500] "GET /BLA/resoluciones/RESOLUCIONES%202003/RES%202003%20101-150/2003RES142.tif HTTP/1.1" 200 98120
66.249.73.155 - - [28/Dec/2014:01:55:36 -0500] "GET /BLA/resoluciones/RESOLUCIONES%202006/RES%202006%20901-950/00000922.tif HTTP/1.1" 304 -
74.86.158.107 - - [28/Dec/2014:01:55:37 -0500] "HEAD / HTTP/1.1" 302 -
66.249.73.163 - - [28/Dec/2014:01:55:58 -0500] "GET /BLA/resoluciones/RESOLUCIONES%202005/RES%202005%201351-1400/00001354.tif HTTP/1.1" 304 -
180.76.5.175 - - [28/Dec/2014:01:56:10 -0500] "GET /BLA/resoluciones/RESOLUCIONES%202007/RES%202007%20201%20AL%20300/RESOLUCION%200271%20DE%202007.pdf HTTP/1.1" 200 69083
188.165.15.192 - - [28/Dec/2014:01:56:15 -0500] "GET /BLA/resoluciones/RESOLUCIONES%202006/RES%202006%201901-1950/00001924.tif HTTP/1.1" 200 41494
188.165.15.10 - - [28/Dec/2014:01:56:20 -0500] "GET /BLA/resoluciones/RESOLUCIONES%202002/RES%202002%201901-1950/20021934.tif HTTP/1.1" 200 156578
66.249.73.163 - - [28/Dec/2014:01:56:20 -0500] "GET /BLA/resoluciones/RESOLUCIONES%202006/RES%202006%20901-950/00000930.tif HTTP/1.1" 304 -
66.249.73.171 - - [28/Dec/2014:01:56:43 -0500] "GET /BLA/resoluciones/RESOLUCIONES%202005/RES%202005%201351-1400/00001380.tif HTTP/1.1" 304 -
66.249.73.155 - - [28/Dec/2014:01:56:46 -0500] "GET /BLA/resoluciones/RESOLUCIONES%202008/0293.pdf HTTP/1.1" 200 105504
66.249.73.155 - - [28/Dec/2014:01:56:59 -0500] "GET /BLA/resoluciones/AUTOS%202011/1541.pdf HTTP/1.1" 200 89060
66.249.73.171 - - [28/Dec/2014:01:57:05 -0500] "GET /BLA/resoluciones/RESOLUCIONES%202006/RES%202006%20901-950/00000918.tif HTTP/1.1" 304 -
66.249.73.163 - - [28/Dec/2014:01:57:28 -0500] "GET /BLA/resoluciones/RESOLUCIONES%202005/RES%202005%201351-1400/00001363.tif HTTP/1.1" 304 -
66.249.73.171 - - [28/Dec/2014:01:57:50 -0500] "GET /BLA/resoluciones/RESOLUCIONES%202005/RES%202005%201351-1400/00001368.tif HTTP/1.1" 304 -
220.181.108.153 - - [28/Dec/2014:01:58:04 -0500] "GET /phpold/bannerq.gif HTTP/1.1" 404 1019
66.249.73.171 - - [28/Dec/2014:01:58:13 -0500] "GET /BLA/resoluciones/RESOLUCIONES%202005/RES%202005%201351-1400/00001399.tif HTTP/1.1" 304 -
66.249.73.155 - - [28/Dec/2014:01:58:35 -0500] "GET /BLA/resoluciones/RESOLUCIONES%202005/RES%202005%201351-1400/00001356.tif HTTP/1.1" 304 -
66.249.73.163 - - [28/Dec/2014:01:58:58 -0500] "GET /BLA/resoluciones/RESOLUCIONES%202005/RES%202005%201351-1400/00001387.tif HTTP/1.1" 304 -
220.181.108.116 - - [28/Dec/2014:01:59:09 -0500] "GET /BLA/resoluciones/RESOLUCIONES%202009/1787.pdf HTTP/1.1" 200 555417
66.249.73.155 - - [28/Dec/2014:01:59:17 -0500] "GET /BLA/resoluciones/RESOLUCIONES%202003/RES%202003%201201-1250/2003RES1222.tif HTTP/1.1" 200 302004
66.249.73.171 - - [28/Dec/2014:01:59:20 -0500] "GET /BLA/resoluciones/RESOLUCIONES%202003/RES%202003%201301-1350/20031316.tif HTTP/1.1" 200 86070
66.249.73.163 - - [28/Dec/2014:01:59:33 -0500] "GET /BLA/resoluciones/AUTOS%202010/1718.pdf HTTP/1.1" 200 144603
66.249.73.163 - - [28/Dec/2014:01:59:43 -0500] "GET /BLA/resoluciones/RESOLUCIONES%202005/RES%202005%201351-1400/00001375.tif HTTP/1.1" 304 -
66.249.73.171 - - [28/Dec/2014:01:59:56 -0500] "GET /BLA/resoluciones/RESOLUCIONES%202011/4328.pdf HTTP/1.1" 200 615978
66.249.73.155 - - [28/Dec/2014:02:00:06 -0500] "GET /BLA/resoluciones/RESOLUCIONES%202005/RES%202005%201351-1400/00001370.tif HTTP/1.1" 304 -
66.249.73.155 - - [28/Dec/2014:02:00:27 -0500] "GET /BLA/resoluciones/AUTOS%202011/3006.pdf HTTP/1.1" 200 123829
66.249.73.171 - - [28/Dec/2014:02:00:28 -0500] "GET /BLA/resoluciones/RESOLUCIONES%202005/RES%202005%201351-1400/00001395.tif HTTP/1.1" 304 -
157.55.39.156 - - [28/Dec/2014:02:00:32 -0500] "GET /dama/libreria/php/decide.php?patron=03.15 HTTP/1.1" 404 1015
74.86.158.107 - - [28/Dec/2014:02:00:37 -0500] "HEAD / HTTP/1.1" 302 -
66.249.73.171 - - [28/Dec/2014:02:00:40 -0500] "GET /BLA/resoluciones/AUTOS%202011/1628.pdf HTTP/1.1" 200 156527
66.249.73.155 - - [28/Dec/2014:02:00:51 -0500] "GET /BLA/resoluciones/RESOLUCIONES%202002/RES%202002%20801-850/00000845.tif HTTP/1.1" 304 -
66.249.73.163 - - [28/Dec/2014:02:01:13 -0500] "GET /BLA/resoluciones/RESOLUCIONES%202005/RES%202005%201351-1400/00001400.tif HTTP/1.1" 304 -
66.249.73.171 - - [28/Dec/2014:02:01:18 -0500] "GET /BLA/resoluciones/RESOLUCIONES%202009/3811.pdf HTTP/1.1" 200 829541
180.76.5.18 - - [28/Dec/2014:02:01:25 -0500] "GET /BLA/resoluciones/RESOLUCIONES%202010/2285.pdf HTTP/1.1" 200 351182
66.249.73.163 - - [28/Dec/2014:02:01:36 -0500] "GET /BLA/resoluciones/RESOLUCIONES%202005/RES%202005%201351-1400/00001355.tif HTTP/1.1" 304 -
66.249.73.155 - - [28/Dec/2014:02:01:58 -0500] "GET /BLA/resoluciones/RESOLUCIONES%202005/RES%202005%201351-1400/00001389.tif HTTP/1.1" 304 -
180.76.5.188 - - [28/Dec/2014:02:02:14 -0500] "GET /BLA/boletinlegal;jsessionid=8E83AFFCF4709F47816B4ED19B57C83A?/? HTTP/1.1" 404 1018
66.249.73.163 - - [28/Dec/2014:02:02:21 -0500] "GET /BLA/resoluciones/RESOLUCIONES%202005/RES%202005%201351-1400/00001397.tif HTTP/1.1" 304 -
66.249.73.155 - - [28/Dec/2014:02:02:43 -0500] "GET /BLA/resoluciones/RESOLUCIONES%202003/RES%202003%201301-1350/20031342.tif HTTP/1.1" 200 136782
66.249.73.155 - - [28/Dec/2014:02:02:45 -0500] "GET /BLA/resoluciones/RESOLUCIONES%202005/RES%202005%20%201601-1650/00001641.tif HTTP/1.1" 200 215888
66.249.73.155 - - [28/Dec/2014:02:03:05 -0500] "GET /BLA/resoluciones/AUTOS%202008/1078.pdf HTTP/1.1" 200 247085
66.249.73.155 - - [28/Dec/2014:02:03:06 -0500] "GET /BLA/resoluciones/RESOLUCIONES%202003/RES%202003%201301-1350/20031321.tif HTTP/1.1" 200 87220
66.249.73.155 - - [28/Dec/2014:02:03:28 -0500] "GET /BLA/resoluciones/RESOLUCIONES%202003/RES%202003%201301-1350/20031326.tif HTTP/1.1" 200 52422
66.249.73.163 - - [28/Dec/2014:02:03:51 -0500] "GET /BLA/resoluciones/RESOLUCIONES%202003/RES%202003%201301-1350/20031334.tif HTTP/1.1" 200 213868
66.249.73.155 - - [28/Dec/2014:02:04:13 -0500] "GET /BLA/resoluciones/RESOLUCIONES%202003/RES%202003%201301-1350/20031317.tif HTTP/1.1" 200 86812
66.249.73.171 - - [28/Dec/2014:02:04:36 -0500] "GET /BLA/resoluciones/RESOLUCIONES%202003/RES%202003%201301-1350/20031320.tif HTTP/1.1" 200 88300
180.76.5.149 - - [28/Dec/2014:02:04:52 -0500] "GET /POT-2013/index.php?dir=DTS%2F HTTP/1.1" 200 1771
191.67.154.83 - - [28/Dec/2014:02:04:55 -0500] "GET /BLA/boletinlegal/js/jquery.js HTTP/1.1" 200 57254
191.67.154.83 - - [28/Dec/2014:02:04:55 -0500] "GET /BLA/boletinlegal/js/jquery.scrollShow.js HTTP/1.1" 200 4586
191.67.154.83 - - [28/Dec/2014:02:04:55 -0500] "GET /BLA/boletinlegal/js/jquery.scrollTo-min.js HTTP/1.1" 200 1150
66.249.73.163 - - [28/Dec/2014:02:04:58 -0500] "GET /BLA/resoluciones/RESOLUCIONES%202005/RES%202005%201351-1400/00001364.tif HTTP/1.1" 304 -
66.249.73.155 - - [28/Dec/2014:02:05:21 -0500] "GET /BLA/resoluciones/RESOLUCIONES%202003/RES%202003%201301-1350/20031322.tif HTTP/1.1" 200 85604
188.165.15.37 - - [28/Dec/2014:02:05:35 -0500] "GET /BLA/resoluciones/RESOLUCIONES%202004/RES%202004%20451-500/00000475.tif HTTP/1.1" 200 56706
74.86.158.107 - - [28/Dec/2014:02:05:37 -0500] "HEAD / HTTP/1.1" 302 -
66.249.73.163 - - [28/Dec/2014:02:05:43 -0500] "GET /BLA/resoluciones/RESOLUCIONES%202003/RES%202003%201301-1350/20031305.tif HTTP/1.1" 200 114594
66.249.73.171 - - [28/Dec/2014:02:05:44 -0500] "GET /BLA/resoluciones/RESOLUCIONES%202005/RES%202005%20%201651-1700/00001677.tif HTTP/1.1" 200 134264
188.165.15.23 - - [28/Dec/2014:02:06:05 -0500] "GET /BLA/resoluciones/RESOLUCIONES%202004/RES%202004%202001-2050/00002012.tif HTTP/1.1" 200 42482
66.249.73.155 - - [28/Dec/2014:02:06:06 -0500] "GET /BLA/resoluciones/RESOLUCIONES%202005/RES%202005%201351-1400/00001376.tif HTTP/1.1" 304 -
66.249.73.163 - - [28/Dec/2014:02:06:15 -0500] "GET /BLA/resoluciones/RESOLUCIONES%202008/0323.pdf HTTP/1.1" 200 148242
66.249.73.155 - - [28/Dec/2014:02:06:28 -0500] "GET /BLA/resoluciones/RESOLUCIONES%202003/RES%202003%201301-1350/20031302.tif HTTP/1.1" 200 253298
66.249.73.163 - - [28/Dec/2014:02:06:51 -0500] "GET /BLA/resoluciones/RESOLUCIONES%202003/RES%202003%201301-1350/20031350.tif HTTP/1.1" 200 84052
66.249.73.155 - - [28/Dec/2014:02:07:13 -0500] "GET /BLA/resoluciones/RESOLUCIONES%202005/RES%202005%201351-1400/00001378.tif HTTP/1.1" 304 -
