188.165.15.188 - - [29/Dec/2014:02:25:06 -0500] "GET /BLA/resoluciones/RESOLUCIONES%202002/RES%202002%20701-750/00000747.tif HTTP/1.1" 200 40662
66.249.64.171 - - [29/Dec/2014:02:25:08 -0500] "GET /BLA/resoluciones/RESOLUCIONES%202008/2666.pdf HTTP/1.1" 200 164216
74.86.158.107 - - [29/Dec/2014:02:26:49 -0500] "HEAD / HTTP/1.1" 302 -
188.165.15.85 - - [29/Dec/2014:02:27:38 -0500] "GET /BLA/resoluciones/RESOLUCIONES%202002/RES%202002%20101-150/2002RES149.tif HTTP/1.1" 200 138612
66.249.64.167 - - [29/Dec/2014:02:28:18 -0500] "GET /BLA/resoluciones/RESOLUCIONES%202010/1916.pdf HTTP/1.1" 200 599784
188.165.15.85 - - [29/Dec/2014:02:29:24 -0500] "GET /BLA/resoluciones/RESOLUCIONES%202003/RES%202003%201551-1601/20031593.tif HTTP/1.1" 200 528828
66.249.64.43 - - [29/Dec/2014:02:29:51 -0500] "GET /manual_funciones_Listado/1.%20Despacho/Secretario%20Ejecutivo%20425-24.pdf HTTP/1.1" 404 1019
66.249.64.47 - - [29/Dec/2014:02:30:20 -0500] "GET /Anexos%20estudio%20Organizacional%20SDA/index.php?dir=ANEXO%20No.%201-%20NORMAS%20LEGALES%20DE%20ESTRUCTURA%20Y%20PLANTA/Decreto%20562%20de%202006%20-%20Establece%20planta%20de%20cargos%20de%20SDA.jsp_files/&sort=date&order=asc HTTP/1.1" 200 10555
200.89.250.212 - - [29/Dec/2014:02:31:00 -0500] "GET /forest/session.jsp?a=0.8294669757597148 HTTP/1.1" 200 5
200.89.250.212 - - [29/Dec/2014:02:31:00 -0500] "GET /forest/login.jsp?a=0.69939996721223 HTTP/1.1" 200 2996
66.249.64.167 - - [29/Dec/2014:02:31:27 -0500] "GET /BLA/resoluciones/RESOLUCIONES%202009/1884.pdf HTTP/1.1" 200 453986
180.76.6.52 - - [29/Dec/2014:02:31:27 -0500] "GET /BLA/resoluciones/RESOLUCIONES%202007/RES%202007%20201%20AL%20300/RESOLUCION%200229%20DE%202007.pdf HTTP/1.1" 200 275992
74.86.158.107 - - [29/Dec/2014:02:31:49 -0500] "HEAD / HTTP/1.1" 302 -
200.118.67.32 - - [29/Dec/2014:02:32:28 -0500] "GET /BLA/boletinlegal/js/jquery.js HTTP/1.1" 200 57254
200.118.67.32 - - [29/Dec/2014:02:32:28 -0500] "GET /BLA/boletinlegal/js/jquery.scrollTo-min.js HTTP/1.1" 200 1150
200.118.67.32 - - [29/Dec/2014:02:32:28 -0500] "GET /BLA/boletinlegal/js/jquery.scrollShow.js HTTP/1.1" 200 4586
188.165.15.192 - - [29/Dec/2014:02:32:39 -0500] "GET /BLA/resoluciones/RESOLUCIONES%202003/RES%202003%20651-700/690.tif HTTP/1.1" 200 114204
180.76.5.77 - - [29/Dec/2014:02:33:37 -0500] "GET /BLA/resoluciones/RESOLUCIONES%202007/RES%202007%201201%20AL%201300/RESOLUCION%201273%20DE%202007.pdf HTTP/1.1" 200 739487
188.165.15.130 - - [29/Dec/2014:02:33:49 -0500] "GET /BLA/resoluciones/RESOLUCIONES%202003/RES%202003%202101-2150/20032126.tif HTTP/1.1" 200 182316
188.165.15.85 - - [29/Dec/2014:02:34:17 -0500] "GET /BLA/resoluciones/RESOLUCIONES%202005/RES%202005%202101-2150/00002112.tif HTTP/1.1" 200 234858
66.249.64.167 - - [29/Dec/2014:02:34:37 -0500] "GET /BLA/resoluciones/RESOLUCIONES%202010/2642.pdf HTTP/1.1" 200 338530
188.165.15.26 - - [29/Dec/2014:02:34:37 -0500] "GET /BLA/resoluciones/RESOLUCIONES%202006/RES%202006%20251-300/00000282.tif HTTP/1.1" 200 39690
180.76.6.130 - - [29/Dec/2014:02:35:19 -0500] "GET /BLA/resoluciones/RESOLUCIONES%202007/RES%202007%20201%20AL%20300/RESOLUCION%200204%20DE%202007.pdf HTTP/1.1" 200 36263
2.84.217.37 - - [29/Dec/2014:02:36:06 -0500] "GET /webdav/x32.php HTTP/1.1" 404 1018
74.86.158.107 - - [29/Dec/2014:02:36:49 -0500] "HEAD / HTTP/1.1" 302 -
180.76.5.176 - - [29/Dec/2014:02:36:57 -0500] "GET /BLA/resoluciones/RESOLUCIONES%202007/RES%202007%20201%20AL%20300/RESOLUCION%200201%20DE%202007.pdf HTTP/1.1" 200 21900
180.76.5.66 - - [29/Dec/2014:02:37:36 -0500] "GET /BLA/boletinlegal;jsessionid=6DB32180C4762879C836BC9118A03F00?/? HTTP/1.1" 404 1018
188.165.15.78 - - [29/Dec/2014:02:38:42 -0500] "GET /BLA/resoluciones/RESOLUCIONES%202003/RES%202003%202051-2100/00002089.tif HTTP/1.1" 200 83446
180.76.5.152 - - [29/Dec/2014:02:38:54 -0500] "GET /BLA/boletinlegal;jsessionid=C87EDA9F1B677CB01049FBD679B372B2?/? HTTP/1.1" 404 1018
188.165.15.208 - - [29/Dec/2014:02:39:07 -0500] "GET /BLA/resoluciones/RESOLUCIONES%202006/RES%202006%202451-2500/00002499.tif HTTP/1.1" 200 144356
2.84.217.37 - - [29/Dec/2014:02:39:17 -0500] "GET /webdav/x32.php HTTP/1.1" 404 1018
188.165.15.192 - - [29/Dec/2014:02:39:24 -0500] "GET /BLA/resoluciones/RESOLUCIONES%202005/RES%202005%202901-2950/00002916.tif HTTP/1.1" 200 36546
188.165.15.85 - - [29/Dec/2014:02:39:56 -0500] "GET /BLA/resoluciones/RESOLUCIONES%202002/RES%202002%201001-1050/2002RES1002.tif HTTP/1.1" 200 45970
66.249.64.43 - - [29/Dec/2014:02:40:55 -0500] "GET /Autoliquidacion/index.php?dir=Solicitudes+relacionadas+con+calidad+del+aire+auditiva+y+visual%2FRegistro+de+Elementos+de+publicidad+Exterior+Visual%2F HTTP/1.1" 200 4037
180.76.5.65 - - [29/Dec/2014:02:41:27 -0500] "GET /BLA/resoluciones/RESOLUCIONES%202007/RES%202007%203301%20AL%203400/RESOLUCION%203400%20DE%202007.pdf HTTP/1.1" 200 669605
74.86.158.107 - - [29/Dec/2014:02:41:49 -0500] "HEAD / HTTP/1.1" 302 -
2.84.217.37 - - [29/Dec/2014:02:42:01 -0500] "GET /webdav/x32.php HTTP/1.1" 404 1018
201.233.253.109 - - [29/Dec/2014:02:44:02 -0500] "GET /galeria/carrusel/Carrusel/jquery.thumbnailScroller.css HTTP/1.1" 200 2066
201.233.253.109 - - [29/Dec/2014:02:44:02 -0500] "GET /galeria/carrusel/Carrusel/jquery-ui-1.8.13.custom.min.js HTTP/1.1" 200 10800
201.233.253.109 - - [29/Dec/2014:02:44:02 -0500] "GET /galeria/carrusel/Carrusel/jquery.thumbnailScroller.js HTTP/1.1" 200 8157
66.249.64.167 - - [29/Dec/2014:02:44:05 -0500] "GET /BLA/resoluciones/RESOLUCIONES%202010/2956.pdf HTTP/1.1" 200 1148307
201.233.253.109 - - [29/Dec/2014:02:44:05 -0500] "GET /galeria/nivo-slider/demo/demo.html HTTP/1.1" 200 3237
201.233.253.109 - - [29/Dec/2014:02:44:06 -0500] "GET /galeria/nivo-slider/themes/default/default.css HTTP/1.1" 200 1569
201.233.253.109 - - [29/Dec/2014:02:44:06 -0500] "GET /galeria/nivo-slider/themes/pascal/pascal.css HTTP/1.1" 200 2258
201.233.253.109 - - [29/Dec/2014:02:44:06 -0500] "GET /galeria/nivo-slider/themes/orman/orman.css HTTP/1.1" 200 2152
201.233.253.109 - - [29/Dec/2014:02:44:06 -0500] "GET /galeria/nivo-slider/nivo-slider.css HTTP/1.1" 200 1507
201.233.253.109 - - [29/Dec/2014:02:44:06 -0500] "GET /galeria/nivo-slider/demo/images/bolsas-08.jpg HTTP/1.1" 200 85589
201.233.253.109 - - [29/Dec/2014:02:44:06 -0500] "GET /galeria/nivo-slider/demo/style.css HTTP/1.1" 200 2222
201.233.253.109 - - [29/Dec/2014:02:44:06 -0500] "GET /galeria/nivo-slider/demo/images/Ruta-vertimientos-01.jpg HTTP/1.1" 200 130151
201.233.253.109 - - [29/Dec/2014:02:44:06 -0500] "GET /galeria/nivo-slider/demo/images/bolsas-06.jpg HTTP/1.1" 200 90982
201.233.253.109 - - [29/Dec/2014:02:44:06 -0500] "GET /galeria/nivo-slider/demo/images/ecolecta-Dic2014.png HTTP/1.1" 200 288593
201.233.253.109 - - [29/Dec/2014:02:44:06 -0500] "GET /galeria/nivo-slider/demo/images/Banner-GAE3.jpg HTTP/1.1" 200 146354
201.233.253.109 - - [29/Dec/2014:02:44:06 -0500] "GET /galeria/nivo-slider/demo/images/porloshumedales.jpg HTTP/1.1" 200 351238
201.233.253.109 - - [29/Dec/2014:02:44:06 -0500] "GET /galeria/nivo-slider/demo/images/Tingua-azul.jpg HTTP/1.1" 200 307638
201.233.253.109 - - [29/Dec/2014:02:44:06 -0500] "GET /galeria/nivo-slider/demo/images/Banner-Caracol-Africano.jpg HTTP/1.1" 200 331986
201.233.253.109 - - [29/Dec/2014:02:44:06 -0500] "GET /galeria/nivo-slider/demo/images/banner-redes.jpg HTTP/1.1" 200 62209
201.233.253.109 - - [29/Dec/2014:02:44:08 -0500] "GET /galeria/nivo-slider/demo/images/9Signos.jpg HTTP/1.1" 200 93040
201.233.253.109 - - [29/Dec/2014:02:44:13 -0500] "GET /galeria/nivo-slider/demo/scripts/jquery-1.7.1.min.js HTTP/1.1" 200 93868
201.233.253.109 - - [29/Dec/2014:02:44:13 -0500] "GET /galeria/nivo-slider/jquery.nivo.slider.pack.js HTTP/1.1" 200 11561
201.233.253.109 - - [29/Dec/2014:02:44:13 -0500] "GET /galeria/nivo-slider/demo/images/ecolecta-Dic2014.png HTTP/1.1" 206 1
201.233.253.109 - - [29/Dec/2014:02:44:13 -0500] "GET /galeria/nivo-slider/demo/images/Tingua-azul.jpg HTTP/1.1" 206 1
201.233.253.109 - - [29/Dec/2014:02:44:13 -0500] "GET /galeria/nivo-slider/demo/images/porloshumedales.jpg HTTP/1.1" 206 1
201.233.253.109 - - [29/Dec/2014:02:44:13 -0500] "GET /galeria/nivo-slider/demo/images/Banner-Caracol-Africano.jpg HTTP/1.1" 206 1
201.233.253.109 - - [29/Dec/2014:02:44:13 -0500] "GET /galeria/nivo-slider/demo/images/Tingua-azul.jpg HTTP/1.1" 206 15912
201.233.253.109 - - [29/Dec/2014:02:44:13 -0500] "GET /galeria/nivo-slider/demo/images/ecolecta-Dic2014.png HTTP/1.1" 206 141407
201.233.253.109 - - [29/Dec/2014:02:44:13 -0500] "GET /galeria/nivo-slider/demo/images/porloshumedales.jpg HTTP/1.1" 206 206972
201.233.253.109 - - [29/Dec/2014:02:44:13 -0500] "GET /galeria/nivo-slider/demo/images/Banner-Caracol-Africano.jpg HTTP/1.1" 206 262750
201.233.253.109 - - [29/Dec/2014:02:44:14 -0500] "GET /galeria/nivo-slider/demo/images/4Simple_Slider.png HTTP/1.1" 200 11722
201.233.253.109 - - [29/Dec/2014:02:44:14 -0500] "GET /galeria/nivo-slider/themes/default/loading.gif HTTP/1.1" 200 1737
201.233.253.109 - - [29/Dec/2014:02:44:14 -0500] "GET /galeria/nivo-slider/demo/images/banner-redes.jpg HTTP/1.1" 206 1
201.233.253.109 - - [29/Dec/2014:02:44:14 -0500] "GET /galeria/nivo-slider/demo/images/9Signos.jpg HTTP/1.1" 206 1
201.233.253.109 - - [29/Dec/2014:02:44:14 -0500] "GET /galeria/nivo-slider/demo/images/banner-llantas2.jpg HTTP/1.1" 200 73153
201.233.253.109 - - [29/Dec/2014:02:44:14 -0500] "GET /galeria/nivo-slider/demo/images/banner-caballos.png HTTP/1.1" 200 389106
201.233.253.109 - - [29/Dec/2014:02:44:14 -0500] "GET /galeria/nivo-slider/demo/images/banner-redes.jpg HTTP/1.1" 206 2621
201.233.253.109 - - [29/Dec/2014:02:44:14 -0500] "GET /galeria/nivo-slider/demo/images/9Signos.jpg HTTP/1.1" 206 69953
201.233.253.109 - - [29/Dec/2014:02:44:15 -0500] "GET /galeria/nivo-slider/themes/default/arrows.png HTTP/1.1" 200 824
201.233.253.109 - - [29/Dec/2014:02:44:15 -0500] "GET /galeria/nivo-slider/themes/default/bullets.png HTTP/1.1" 200 1281
201.233.253.109 - - [29/Dec/2014:02:44:16 -0500] "GET /videos/Spot_CambioClimatico.flv HTTP/1.1" 200 4371917
142.4.211.98 - - [29/Dec/2014:02:45:25 -0500] "GET /BLA/resoluciones/RESOLUCIONES 2009/0546.pdf HTTP/1.1" 404 1150
200.89.250.212 - - [29/Dec/2014:02:46:14 -0500] "POST /forest/actions/manager.login?group_system_actual= HTTP/1.1" 200 14
200.89.250.212 - - [29/Dec/2014:02:46:15 -0500] "GET /forest/session.jsp?a=0.12255349708721042 HTTP/1.1" 200 4
207.46.13.61 - - [29/Dec/2014:02:46:23 -0500] "GET /robots.txt HTTP/1.1" 404 1018
74.86.158.107 - - [29/Dec/2014:02:46:49 -0500] "HEAD / HTTP/1.1" 302 -
66.249.64.163 - - [29/Dec/2014:02:46:49 -0500] "GET /BLA/resoluciones/RESOLUCIONES%202004/RES%202004%202301-2350/00002332.tif HTTP/1.1" 200 84088
188.165.15.37 - - [29/Dec/2014:02:47:05 -0500] "GET /BLA/resoluciones/RESOLUCIONES%202004/RES%202004%20151-200/00000197.tif HTTP/1.1" 200 362948
157.55.39.166 - - [29/Dec/2014:02:47:09 -0500] "GET /galeria/carrusel/Carrusel/jquery-ui- HTTP/1.1" 404 1018
66.249.64.163 - - [29/Dec/2014:02:47:14 -0500] "GET /BLA/resoluciones/RESOLUCIONES%202009/7966.pdf HTTP/1.1" 200 542647
181.129.11.14 - - [29/Dec/2014:02:47:16 -0500] "GET /BLA/boletinlegal/js/jquery.js HTTP/1.1" 200 57254
181.129.11.14 - - [29/Dec/2014:02:47:16 -0500] "GET /BLA/boletinlegal/js/jquery.scrollTo-min.js HTTP/1.1" 200 1150
181.129.11.14 - - [29/Dec/2014:02:47:16 -0500] "GET /BLA/boletinlegal/js/jquery.scrollShow.js HTTP/1.1" 200 4586
66.249.64.163 - - [29/Dec/2014:02:47:16 -0500] "GET /galeria/nivo-slider/demo/demo.html HTTP/1.1" 200 3237
66.249.64.163 - - [29/Dec/2014:02:47:18 -0500] "GET /galeria/nivo-slider/jquery.nivo.slider.pack.js HTTP/1.1" 200 11561
66.249.64.163 - - [29/Dec/2014:02:47:18 -0500] "GET /galeria/nivo-slider/demo/style.css HTTP/1.1" 200 2222
66.249.64.167 - - [29/Dec/2014:02:47:19 -0500] "GET /galeria/nivo-slider/themes/default/default.css HTTP/1.1" 200 1569
66.249.64.171 - - [29/Dec/2014:02:47:19 -0500] "GET /galeria/nivo-slider/demo/scripts/jquery-1.7.1.min.js HTTP/1.1" 200 93868
66.249.64.171 - - [29/Dec/2014:02:47:20 -0500] "GET /galeria/nivo-slider/themes/pascal/pascal.css HTTP/1.1" 200 2258
66.249.64.163 - - [29/Dec/2014:02:47:20 -0500] "GET /galeria/nivo-slider/nivo-slider.css HTTP/1.1" 200 1507
66.249.64.171 - - [29/Dec/2014:02:47:20 -0500] "GET /galeria/nivo-slider/themes/orman/orman.css HTTP/1.1" 200 2152
188.165.15.37 - - [29/Dec/2014:02:47:51 -0500] "GET /BLA/resoluciones/RESOLUCIONES%202002/RES%202002%201951-1971/20021969.tif HTTP/1.1" 200 35954
180.76.5.21 - - [29/Dec/2014:02:48:57 -0500] "GET /BLA/resoluciones/RESOLUCIONES%202007/RES%202007%203301%20AL%203400/RESOLUCION%203364%20DE%202007.pdf HTTP/1.1" 200 904628
174.129.237.157 - - [29/Dec/2014:02:49:22 -0500] "GET /robots.txt HTTP/1.0" 404 1018
174.129.237.157 - - [29/Dec/2014:02:49:22 -0500] "GET /BLA/resoluciones/index.php?dir=RESOLUCIONES+2010%2F HTTP/1.0" 200 1284744
188.165.15.188 - - [29/Dec/2014:02:49:46 -0500] "GET /BLA/resoluciones/RESOLUCIONES%202004/RES%202004%20301-350/00000329.tif HTTP/1.1" 200 176052
188.165.15.208 - - [29/Dec/2014:02:49:47 -0500] "GET /BLA/resoluciones/RESOLUCIONES%202006/RES%202006%202201-2250/00002240.tif HTTP/1.1" 200 37478
201.184.117.177 - - [29/Dec/2014:02:50:22 -0500] "GET /BLA/boletinlegal/js/jquery.js HTTP/1.1" 200 57254
201.184.117.177 - - [29/Dec/2014:02:50:23 -0500] "GET /BLA/boletinlegal/js/jquery.scrollTo-min.js HTTP/1.1" 200 1150
201.184.117.177 - - [29/Dec/2014:02:50:23 -0500] "GET /BLA/boletinlegal/js/jquery.scrollShow.js HTTP/1.1" 200 4586
66.249.64.163 - - [29/Dec/2014:02:50:24 -0500] "GET /BLA/resoluciones/AUTOS%202013/1083.pdf HTTP/1.1" 304 -
188.165.15.192 - - [29/Dec/2014:02:51:12 -0500] "GET /BLA/resoluciones/RESOLUCIONES%202004/RES%202004%20851-900/00000900.tif HTTP/1.1" 200 103642
200.89.250.212 - - [29/Dec/2014:02:51:16 -0500] "GET /forest/session.jsp?a=0.4293716084212065 HTTP/1.1" 200 4
85.214.127.182 - - [29/Dec/2014:02:51:28 -0500] "GET /wp-admin/ HTTP/1.1" 404 1018
74.86.158.107 - - [29/Dec/2014:02:51:49 -0500] "HEAD / HTTP/1.1" 302 -
188.165.15.23 - - [29/Dec/2014:02:51:52 -0500] "GET /BLA/resoluciones/RESOLUCIONES%202002/RES%202002%20751-800/2002RES773.tif HTTP/1.1" 200 80904
180.76.5.24 - - [29/Dec/2014:02:52:21 -0500] "GET /BLA/boletinlegal/circulares/6-2013-SDA.pdf HTTP/1.1" 200 4210437
188.165.15.192 - - [29/Dec/2014:02:53:12 -0500] "GET /BLA/resoluciones/RESOLUCIONES%202005/RES%202005%202151-2200/00002157.tif HTTP/1.1" 200 121604
207.46.13.61 - - [29/Dec/2014:02:53:12 -0500] "GET /galeria/nivo-slider/demo/demo.html HTTP/1.1" 200 3237
66.249.64.163 - - [29/Dec/2014:02:53:33 -0500] "GET /BLA/resoluciones/RESOLUCIONES%202011/5638.pdf HTTP/1.1" 200 802454
190.25.232.143 - - [29/Dec/2014:02:53:45 -0500] "GET /StormSDA/stormWeb/presentacion.html HTTP/1.1" 304 -
188.165.15.10 - - [29/Dec/2014:02:53:55 -0500] "GET /BLA/resoluciones/RESOLUCIONES%202002/RES%202002%20151-200/2002RES158.tif HTTP/1.1" 200 118524
188.165.15.78 - - [29/Dec/2014:02:54:52 -0500] "GET /BLA/resoluciones/RESOLUCIONES%202005/RES%202005%201-50/00000045.tif HTTP/1.1" 200 242080
188.165.15.192 - - [29/Dec/2014:02:55:02 -0500] "GET /BLA/resoluciones/RESOLUCIONES%202006/RES%202006%201-50/00000050.tif HTTP/1.1" 200 39256
180.76.6.225 - - [29/Dec/2014:02:56:06 -0500] "GET /BLA/resoluciones/RESOLUCIONES%202007/RES%202007%20201%20AL%20300/RESOLUCION%200272%20DE%202007.pdf HTTP/1.1" 200 280658
188.165.15.10 - - [29/Dec/2014:02:56:09 -0500] "GET /BLA/resoluciones/RESOLUCIONES%202006/RES%202006%201451-1500/00001480.tif HTTP/1.1" 200 244170
200.89.250.212 - - [29/Dec/2014:02:56:17 -0500] "GET /forest/session.jsp?a=0.858553120167926 HTTP/1.1" 200 4
66.249.64.171 - - [29/Dec/2014:02:56:43 -0500] "GET /BLA/resoluciones/RESOLUCIONES%202007/RES%202007%202101%20AL%202200/RESOLUCION%202183%20DE%202007.pdf HTTP/1.1" 304 -
74.86.158.107 - - [29/Dec/2014:02:56:49 -0500] "HEAD / HTTP/1.1" 302 -
66.249.64.163 - - [29/Dec/2014:02:57:21 -0500] "GET /BLA/resoluciones/AUTOS%202009/0437.pdf HTTP/1.1" 304 -
180.76.5.173 - - [29/Dec/2014:02:58:09 -0500] "GET /BLA/resoluciones/index.php?dir=RESOLUCIONES+2006%2FRES+2006+1801-1850%2F HTTP/1.1" 200 12357
188.165.15.188 - - [29/Dec/2014:02:58:26 -0500] "GET /BLA/resoluciones/index.php?dir=RESOLUCIONES%202006/RES%202006%20751-800/&sort=name&order=asc HTTP/1.1" 200 12235
180.76.5.177 - - [29/Dec/2014:02:58:39 -0500] "GET /videos/NuestraGente_Entrenubes.flv HTTP/1.1" 200 14783101
188.165.15.10 - - [29/Dec/2014:02:59:49 -0500] "GET /BLA/resoluciones/RESOLUCIONES%202004/RES%202004%201551-1600/00001594.tif HTTP/1.1" 200 46436
85.214.127.182 - - [29/Dec/2014:03:00:30 -0500] "GET /test/wp-admin/ HTTP/1.1" 404 1018
74.86.158.107 - - [29/Dec/2014:03:01:49 -0500] "HEAD / HTTP/1.1" 302 -
66.249.64.163 - - [29/Dec/2014:03:03:02 -0500] "GET /autoliquidacion/index.php?dir=TR%C1MITES%20VERTIMIENTOS/&sort=name&order=desc HTTP/1.1" 200 2470
188.165.15.26 - - [29/Dec/2014:03:03:12 -0500] "GET /BLA/resoluciones/index.php?dir=RESOLUCIONES%202002/RES%202002%201701-1750/&sort=size&order=asc HTTP/1.1" 200 12141
220.181.108.122 - - [29/Dec/2014:03:04:28 -0500] "GET / HTTP/1.1" 302 -
188.165.15.23 - - [29/Dec/2014:03:05:04 -0500] "GET /BLA/resoluciones/RESOLUCIONES%202002/RES%202002%20451-500/00000481.tif HTTP/1.1" 200 44356
188.165.15.37 - - [29/Dec/2014:03:05:09 -0500] "GET /BLA/resoluciones/index.php?dir=RESOLUCIONES%202006/RES%202006%20101-150/&sort=name&order=desc HTTP/1.1" 200 12240
123.125.71.48 - - [29/Dec/2014:03:05:47 -0500] "GET / HTTP/1.1" 302 -
66.249.64.167 - - [29/Dec/2014:03:06:11 -0500] "GET /BLA/resoluciones/AUTOS%202012/1725.pdf HTTP/1.1" 200 1164703
74.86.158.107 - - [29/Dec/2014:03:06:49 -0500] "HEAD / HTTP/1.1" 302 -
66.249.64.47 - - [29/Dec/2014:03:06:59 -0500] "GET /manual_funciones_Listado/2.2.2.%20Subdirecci%C3%B3n%20de%20Silvicultura,%20Flora%20y%20Fauna%20Silvestre/Profesional%20Especializado%20222-19.pdf HTTP/1.1" 404 1019
188.165.15.26 - - [29/Dec/2014:03:07:05 -0500] "GET /BLA/resoluciones/RESOLUCIONES%202006/RES%202006%2051-100/00000057.tif HTTP/1.1" 200 115312
188.165.15.130 - - [29/Dec/2014:03:08:23 -0500] "GET /BLA/resoluciones/RESOLUCIONES%202004/RES%202004%20601-650/00000643.tif HTTP/1.1" 200 173690
66.249.64.171 - - [29/Dec/2014:03:09:21 -0500] "GET /BLA/resoluciones/RESOLUCIONES%202007/RES%202007%202301%20AL%202400/RESOLUCION%202316%20DE%202007.pdf HTTP/1.1" 200 968594
85.214.127.182 - - [29/Dec/2014:03:10:02 -0500] "GET /wordpress/wp-admin/ HTTP/1.1" 404 1018
188.165.15.192 - - [29/Dec/2014:03:10:32 -0500] "GET /BLA/resoluciones/RESOLUCIONES%202003/RES%202003%201101-1150/1115.tif HTTP/1.1" 200 388308
66.249.64.171 - - [29/Dec/2014:03:11:05 -0500] "GET /Anexos%20estudio%20Organizacional%20SDA/ANEXO%20No.%201-%20NORMAS%20LEGALES%20DE%20ESTRUCTURA%20Y%20PLANTA/RESE%C3%91A%20HIST%C3%93RICA%20SDA-NORMAS/Acuerdo%209%20de%201990%20Concejo%20de%20Bogot%C3%A1._files/bs_archive.gif HTTP/1.1" 200 172
188.165.15.85 - - [29/Dec/2014:03:11:38 -0500] "GET /BLA/resoluciones/RESOLUCIONES%202005/RES%202005%202101-2150/00002117.tif HTTP/1.1" 200 91202
74.86.158.107 - - [29/Dec/2014:03:11:49 -0500] "HEAD / HTTP/1.1" 302 -
188.165.15.208 - - [29/Dec/2014:03:12:18 -0500] "GET /BLA/resoluciones/RESOLUCIONES%202005/RES%202005%202601-2650/00002620.tif HTTP/1.1" 200 247138
66.249.64.171 - - [29/Dec/2014:03:12:30 -0500] "GET /BLA/resoluciones/RESOLUCIONES%202008/1194.pdf HTTP/1.1" 200 460635
181.52.229.18 - - [29/Dec/2014:03:13:12 -0500] "GET /BLA/boletinlegal/js/jquery.js HTTP/1.1" 200 57254
181.52.229.18 - - [29/Dec/2014:03:13:12 -0500] "GET /BLA/boletinlegal/js/jquery.scrollTo-min.js HTTP/1.1" 200 1150
181.52.229.18 - - [29/Dec/2014:03:13:12 -0500] "GET /BLA/boletinlegal/js/jquery.scrollShow.js HTTP/1.1" 200 4586
66.249.64.167 - - [29/Dec/2014:03:15:37 -0500] "GET /BLA/resoluciones/RESOLUCIONES%202004/RES%202004%202251-2300/00002255.tif HTTP/1.1" 200 87616
66.249.64.163 - - [29/Dec/2014:03:15:40 -0500] "GET /BLA/resoluciones/RESOLUCIONES%202008/0667.pdf HTTP/1.1" 200 191991
180.76.5.95 - - [29/Dec/2014:03:16:01 -0500] "GET /BLA/resoluciones/RESOLUCIONES%202007/RES%202007%20201%20AL%20300/RESOLUCION%200294%20DE%202007.pdf HTTP/1.1" 200 453484
180.76.5.143 - - [29/Dec/2014:03:16:41 -0500] "GET /BLA/resoluciones/RESOLUCIONES%202008/0657.pdf HTTP/1.1" 200 252436
74.86.158.107 - - [29/Dec/2014:03:16:49 -0500] "HEAD / HTTP/1.1" 302 -
66.249.64.171 - - [29/Dec/2014:03:18:49 -0500] "GET /BLA/resoluciones/RESOLUCIONES%202009/7517.pdf HTTP/1.1" 200 491303
85.214.127.182 - - [29/Dec/2014:03:19:08 -0500] "GET /blog/wp-admin/ HTTP/1.1" 404 1018
66.249.64.43 - - [29/Dec/2014:03:19:26 -0500] "GET /PORTAL_SIAC/swf/Residuos/impresion/files/guia_impresion-lit.pdf HTTP/1.1" 304 -
200.89.250.212 - - [29/Dec/2014:03:19:59 -0500] "GET /forest/session.jsp?a=0.42259819339960814 HTTP/1.1" 200 4
200.89.250.212 - - [29/Dec/2014:03:20:01 -0500] "GET /forest/reportes.do?group_system_actual=5&_a=0.2659808916505426 HTTP/1.1" 302 -
200.89.250.212 - - [29/Dec/2014:03:20:01 -0500] "GET /forest/reportes.do?menu=1&group_system_actual=5 HTTP/1.1" 200 32814
180.76.5.74 - - [29/Dec/2014:03:20:03 -0500] "GET /BLA/boletinlegal;jsessionid=68ECA9607022AEA784659F7834770740?/? HTTP/1.1" 404 1018
180.76.5.23 - - [29/Dec/2014:03:20:42 -0500] "GET /BLA/boletinlegal;jsessionid=9A22FE4AC80A81F6E67958D6221484D1?/? HTTP/1.1" 404 1018
188.165.15.192 - - [29/Dec/2014:03:21:13 -0500] "GET /BLA/resoluciones/RESOLUCIONES%202005/RES%202005%202051-2100/00002070.tif HTTP/1.1" 200 136890
181.52.229.18 - - [29/Dec/2014:03:13:14 -0500] "GET /videos/CRRFFS.mp4 HTTP/1.1" 200 286784363
200.89.250.212 - - [29/Dec/2014:03:21:43 -0500] "GET /forest/reportes.do?menu=1&group_system_actual=5 HTTP/1.1" 200 32814
74.86.158.107 - - [29/Dec/2014:03:21:49 -0500] "HEAD / HTTP/1.1" 302 -
66.249.64.163 - - [29/Dec/2014:03:21:59 -0500] "GET /BLA/resoluciones/RESOLUCIONES%202011/5423.pdf HTTP/1.1" 200 490219
180.76.6.137 - - [29/Dec/2014:03:22:00 -0500] "GET /BLA/resoluciones/RESOLUCIONES%202011/2335.pdf HTTP/1.1" 200 246702
188.165.15.130 - - [29/Dec/2014:03:24:48 -0500] "GET /BLA/resoluciones/RESOLUCIONES%202002/RES%202002%201301-1350/20021319.tif HTTP/1.1" 200 97946
188.165.15.78 - - [29/Dec/2014:03:25:03 -0500] "GET /BLA/resoluciones/index.php?dir=RESOLUCIONES%202005/RES%202005%20901-950/&sort=name&order=asc HTTP/1.1" 200 12245
66.249.64.171 - - [29/Dec/2014:03:25:08 -0500] "GET /BLA/resoluciones/RESOLUCIONES%202008/4599.pdf HTTP/1.1" 200 442147
200.89.250.212 - - [29/Dec/2014:03:24:26 -0500] "GET /forest/ HTTP/1.1" 200 88350
200.89.250.212 - - [29/Dec/2014:03:25:34 -0500] "GET /forest/session.jsp?a=0.3966589467599988 HTTP/1.1" 200 4
200.89.250.212 - - [29/Dec/2014:03:25:38 -0500] "GET /forest/reportes.do?group_system_actual=5&_a=0.18827629159204662 HTTP/1.1" 302 -
200.89.250.212 - - [29/Dec/2014:03:25:38 -0500] "GET /forest/reportes.do?menu=1&group_system_actual=5 HTTP/1.1" 200 32814
200.89.250.212 - - [29/Dec/2014:03:22:03 -0500] "GET /forest/ HTTP/1.1" 200 26578
200.89.250.212 - - [29/Dec/2014:03:23:25 -0500] "GET /forest/ HTTP/1.1" 200 26578
74.86.158.107 - - [29/Dec/2014:03:26:49 -0500] "HEAD / HTTP/1.1" 302 -
85.214.127.182 - - [29/Dec/2014:03:28:08 -0500] "GET /wp/wp-admin/ HTTP/1.1" 404 1018
66.249.64.167 - - [29/Dec/2014:03:28:17 -0500] "GET /BLA/resoluciones/RESOLUCIONES%202008/5017.pdf HTTP/1.1" 200 295828
188.165.15.208 - - [29/Dec/2014:03:28:38 -0500] "GET /BLA/resoluciones/RESOLUCIONES%202003/RES%202003%20651-700/668.tif HTTP/1.1" 200 237140
188.165.15.130 - - [29/Dec/2014:03:29:46 -0500] "GET /BLA/resoluciones/RESOLUCIONES%202006/RES%202006%20351-400/00000362.tif HTTP/1.1" 200 70992
188.165.15.85 - - [29/Dec/2014:03:31:20 -0500] "GET /BLA/resoluciones/RESOLUCIONES%202004/RES%202004%2051-100/00000067.tif HTTP/1.1" 200 100996
66.249.64.167 - - [29/Dec/2014:03:31:27 -0500] "GET /BLA/resoluciones/RESOLUCIONES%202007/RES%202007%202501%20AL%202600/RESOLUCION%202599%20DE%202007.pdf HTTP/1.1" 200 178436
74.86.158.107 - - [29/Dec/2014:03:31:49 -0500] "HEAD / HTTP/1.1" 302 -
66.249.64.167 - - [29/Dec/2014:03:31:53 -0500] "GET /BLA/resoluciones/AUTOS%202010/5132.pdf HTTP/1.1" 200 282453
62.210.167.213 - - [29/Dec/2014:03:33:02 -0500] "GET /Anexos%20estudio%20Organizacional%20SDA/ANEXO%20No.%201-%20NORMAS%20LEGALES%20DE%20ESTRUCTURA%20Y%20PLANTA/Ley%2099%20de%201993%20-%20Crea%20MimAmbiente.htm HTTP/1.1" 200 525976
157.55.39.66 - - [29/Dec/2014:03:33:11 -0500] "GET /logos/pread.jpg HTTP/1.1" 404 1019
66.249.64.163 - - [29/Dec/2014:03:34:36 -0500] "GET /BLA/resoluciones/RESOLUCIONES%202009/7290.pdf HTTP/1.1" 200 292329
188.165.15.130 - - [29/Dec/2014:03:35:21 -0500] "GET /BLA/resoluciones/index.php?dir=AUTOS+2006%2FAUTOS+2006+2301+-+2400%2F HTTP/1.1" 200 22197
200.89.250.212 - - [29/Dec/2014:03:35:42 -0500] "GET /forest/session.jsp?a=0.7741200150921941 HTTP/1.1" 200 4
188.165.15.23 - - [29/Dec/2014:03:35:44 -0500] "GET /BLA/resoluciones/RESOLUCIONES%202003/RES%202003%20751-800/761.tif HTTP/1.1" 200 129664
188.165.15.44 - - [29/Dec/2014:03:36:36 -0500] "GET /BLA/resoluciones/RESOLUCIONES%202003/RES%202003%202101-2150/20032141.tif HTTP/1.1" 200 289476
74.86.158.107 - - [29/Dec/2014:03:36:49 -0500] "HEAD / HTTP/1.1" 302 -
188.165.15.78 - - [29/Dec/2014:03:37:12 -0500] "GET /BLA/resoluciones/RESOLUCIONES%202003/RES%202003%20401-450/411.tif HTTP/1.1" 200 118812
66.249.64.163 - - [29/Dec/2014:03:37:46 -0500] "GET /BLA/resoluciones/AUTOS%202011/4504.pdf HTTP/1.1" 304 -
85.214.127.182 - - [29/Dec/2014:03:37:50 -0500] "GET /old/wp-admin/ HTTP/1.1" 404 1018
188.165.15.130 - - [29/Dec/2014:03:39:04 -0500] "GET /BLA/resoluciones/RESOLUCIONES%202005/RES%202005%203151-3180/INDEX.DAT HTTP/1.1" 200 1200
188.165.15.23 - - [29/Dec/2014:03:39:33 -0500] "GET /BLA/resoluciones/index.php?dir=RESOLUCIONES%202003/RES%202003%20601-650/&sort=name&order=asc HTTP/1.1" 200 11292
66.249.64.171 - - [29/Dec/2014:03:39:53 -0500] "GET /Anexos%20estudio%20Organizacional%20SDA/ANEXO%20No.%201-%20NORMAS%20LEGALES%20DE%20ESTRUCTURA%20Y%20PLANTA/Decreto%20561%20de%202006%20-%20Establece%20estructura%20de%20la%20SDA.jsp_files/FFFFFFtl.gif HTTP/1.1" 200 191
180.76.5.18 - - [29/Dec/2014:03:40:32 -0500] "GET /BLA/resoluciones/AUTOS%202012/0485.pdf HTTP/1.1" 200 424260
200.89.250.212 - - [29/Dec/2014:03:40:43 -0500] "GET /forest/session.jsp?a=0.5369408337865025 HTTP/1.1" 200 4
66.249.64.163 - - [29/Dec/2014:03:40:55 -0500] "GET /BLA/resoluciones/RESOLUCIONES%202007/RES%202007%202401%20AL%202500/RESOLUCION%202434%20DE%202007.pdf HTTP/1.1" 304 -
188.165.15.192 - - [29/Dec/2014:03:41:41 -0500] "GET /BLA/resoluciones/index.php?dir=RESOLUCIONES%202007/RES%202007%201726%20AL%201800/&sort=name&order=desc HTTP/1.1" 200 20644
74.86.158.107 - - [29/Dec/2014:03:41:49 -0500] "HEAD / HTTP/1.1" 302 -
186.151.78.246 - - [29/Dec/2014:03:43:02 -0500] "GET /PORTAL_SIAC/swf/Residuos/impresion/files/guia_impresion-lit.pdf HTTP/1.1" 200 12573981
186.151.78.246 - - [29/Dec/2014:03:43:03 -0500] "GET /PORTAL_SIAC/swf/Residuos/impresion/files/guia_impresion-lit.pdf HTTP/1.1" 206 32768
186.151.78.246 - - [29/Dec/2014:03:43:04 -0500] "GET /PORTAL_SIAC/swf/Residuos/impresion/files/guia_impresion-lit.pdf HTTP/1.1" 206 12541213
188.165.15.44 - - [29/Dec/2014:03:44:03 -0500] "GET /BLA/resoluciones/index.php?dir=RESOLUCIONES+2007%2FRES+2007+4301+AL+4352%2F HTTP/1.1" 200 14905
66.249.64.171 - - [29/Dec/2014:03:44:05 -0500] "GET /BLA/resoluciones/RESOLUCIONES%202007/RES%202007%201%20AL%20100/RESOLUCION%200080%20DE%202007.pdf HTTP/1.1" 304 -
66.249.64.167 - - [29/Dec/2014:03:44:25 -0500] "GET /BLA/resoluciones/RESOLUCIONES%202004/RES%202004%202251-2300/00002264.tif HTTP/1.1" 200 113092
66.249.64.47 - - [29/Dec/2014:03:44:28 -0500] "GET /POT-2013/Cartografia/10_EEP_Urbana.pdf HTTP/1.1" 304 -
188.165.15.10 - - [29/Dec/2014:03:44:39 -0500] "GET /BLA/resoluciones/RESOLUCIONES%202002/RES%202002%20251-300/00000300.tif HTTP/1.1" 200 60754
188.165.15.85 - - [29/Dec/2014:03:44:53 -0500] "GET /BLA/resoluciones/RESOLUCIONES%202002/RES%202002%201301-1350/20021349.tif HTTP/1.1" 200 87294
188.165.15.44 - - [29/Dec/2014:03:45:54 -0500] "GET /BLA/resoluciones/RESOLUCIONES%202002/RES%202002%201201-1250/20021248.tif HTTP/1.1" 200 102520
66.249.64.39 - - [29/Dec/2014:03:46:08 -0500] "GET /Anexos%20estudio%20Organizacional%20SDA/index.php?dir=ANEXO%20No.%201-%20NORMAS%20LEGALES%20DE%20ESTRUCTURA%20Y%20PLANTA/Decreto%20673%20de%201995%20Reestructura%20el%20DAMA_files/&sort=date&order=asc HTTP/1.1" 200 9507
74.86.158.107 - - [29/Dec/2014:03:46:49 -0500] "HEAD / HTTP/1.1" 302 -
66.249.64.171 - - [29/Dec/2014:03:47:14 -0500] "GET /BLA/resoluciones/RESOLUCIONES%202010/6289.pdf HTTP/1.1" 304 -
186.151.78.246 - - [29/Dec/2014:03:47:26 -0500] "GET /favicon.ico HTTP/1.1" 200 7782
157.55.39.171 - - [29/Dec/2014:03:48:37 -0500] "GET /dama/libreria/php/decide.php?patron=03.1305020113&numm=59 HTTP/1.1" 404 1019
188.165.15.44 - - [29/Dec/2014:03:49:52 -0500] "GET /BLA/resoluciones/RESOLUCIONES%202002/RES%202002%2001-50/2002RES2.tif HTTP/1.1" 200 74190
66.249.64.163 - - [29/Dec/2014:03:50:24 -0500] "GET /BLA/resoluciones/RESOLUCIONES%202007/RES%202007%201201%20AL%201300/RESOLUCION%201264%20DE%202007.pdf HTTP/1.1" 304 -
180.76.6.66 - - [29/Dec/2014:03:50:25 -0500] "GET /BLA/boletinlegal;jsessionid=9D56454A5E5A2F31493996C40633E63A?/? HTTP/1.1" 404 1018
188.165.15.192 - - [29/Dec/2014:03:50:42 -0500] "GET /BLA/resoluciones/RESOLUCIONES%202006/RES%202006%201851-1900/00001872.tif HTTP/1.1" 200 84264
180.76.6.139 - - [29/Dec/2014:03:51:33 -0500] "GET /videos/NuestraGenteApagonAmbiental.flv HTTP/1.1" 200 57257933
74.86.158.107 - - [29/Dec/2014:03:51:49 -0500] "HEAD / HTTP/1.1" 302 -
202.46.58.22 - - [29/Dec/2014:03:52:34 -0500] "GET / HTTP/1.1" 302 -
188.165.15.130 - - [29/Dec/2014:03:52:35 -0500] "GET /BLA/resoluciones/RESOLUCIONES%202002/RES%202002%20951-1000/00000984.tif HTTP/1.1" 200 103262
119.63.193.194 - - [29/Dec/2014:03:53:22 -0500] "GET / HTTP/1.1" 302 -
188.165.15.188 - - [29/Dec/2014:03:54:18 -0500] "GET /BLA/resoluciones/RESOLUCIONES%202003/RES%202003%20801-850/829.tif HTTP/1.1" 200 184288
188.165.15.85 - - [29/Dec/2014:03:56:28 -0500] "GET /BLA/resoluciones/RESOLUCIONES%202004/RES%202004%20801-850/00000819.tif HTTP/1.1" 200 135014
66.249.64.43 - - [29/Dec/2014:03:56:43 -0500] "GET /Anexos%20estudio%20Organizacional%20SDA/ANEXO%20No.%203-%20CONTRATACI%C3%93N%20%20OPS%C2%B4s%202008-2012/CONTRATOS%20SDA%202009%20POR%20DEPENDENCIA%20(1).xls HTTP/1.1" 304 -
74.86.158.107 - - [29/Dec/2014:03:56:49 -0500] "HEAD / HTTP/1.1" 302 -
66.249.64.43 - - [29/Dec/2014:03:57:09 -0500] "GET /Anexos%20estudio%20Organizacional%20SDA/index.php?dir=ANEXO+No.+1-+NORMAS+LEGALES+DE+ESTRUCTURA+Y+PLANTA%2FDecreto+distrital+110+de+2009+-+modifica+planta+de+empleos+SDA.jsp_files%2F HTTP/1.1" 200 10815
188.165.15.26 - - [29/Dec/2014:03:58:58 -0500] "GET /BLA/resoluciones/RESOLUCIONES%202006/RES%202006%20201-250/00000249.tif HTTP/1.1" 200 32220
188.165.15.85 - - [29/Dec/2014:04:00:42 -0500] "GET /BLA/resoluciones/AUTOS%202006/AUTOS%202006%201401%20-%201500/00001406.tif HTTP/1.1" 200 241646
180.76.6.63 - - [29/Dec/2014:04:01:12 -0500] "GET /BLA/resoluciones/RESOLUCIONES%202011/4274.pdf HTTP/1.1" 200 383694
74.86.158.107 - - [29/Dec/2014:04:01:49 -0500] "HEAD / HTTP/1.1" 302 -
66.249.64.171 - - [29/Dec/2014:04:03:02 -0500] "GET /autoliquidacion/TR%C3%81MITES%20VERTIMIENTOS/REGISTRO%20DE%20VERTIMIENTOS/formulario%20reg%20de%20vertimientos%20no%20domesticos.doc HTTP/1.1" 404 1018
180.76.5.168 - - [29/Dec/2014:04:04:38 -0500] "GET /resoluciones/RESOLUCIONES%202007/RES%202007%201501%20AL%201600/RESOLUCION%201555%20DE%202007.pdf HTTP/1.1" 404 1018
66.249.64.171 - - [29/Dec/2014:04:06:11 -0500] "GET /BLA/resoluciones/AUTOS%202012/1781.pdf HTTP/1.1" 304 -
74.86.158.107 - - [29/Dec/2014:04:06:49 -0500] "HEAD / HTTP/1.1" 302 -
188.165.15.78 - - [29/Dec/2014:04:07:46 -0500] "GET /BLA/resoluciones/RESOLUCIONES%202002/RES%202002%201051-1100/00001083.tif HTTP/1.1" 200 101160
220.181.108.78 - - [29/Dec/2014:04:07:54 -0500] "GET / HTTP/1.1" 302 -
188.165.15.26 - - [29/Dec/2014:04:08:34 -0500] "GET /BLA/resoluciones/RESOLUCIONES%202004/RES%202004%201001-1050/00001023.tif HTTP/1.1" 200 117328
188.165.15.44 - - [29/Dec/2014:04:08:40 -0500] "GET /BLA/resoluciones/RESOLUCIONES%202002/RES%202002%201651-1700/20021681.tif HTTP/1.1" 200 82896
157.55.39.57 - - [29/Dec/2014:04:09:15 -0500] "GET /videos/galeria-fotografica/index9.html? HTTP/1.1" 200 1971
188.165.15.10 - - [29/Dec/2014:04:09:17 -0500] "GET /BLA/resoluciones/RESOLUCIONES%202002/RES%202002%201151-1200/20021191.tif HTTP/1.1" 200 66380
66.249.64.167 - - [29/Dec/2014:04:09:20 -0500] "GET /BLA/resoluciones/RESOLUCIONES%202013/0880.pdf HTTP/1.1" 304 -
188.165.15.85 - - [29/Dec/2014:04:09:46 -0500] "GET /BLA/resoluciones/RESOLUCIONES%202004/RES%202004%2001-%2050/00000043.tif HTTP/1.1" 200 88606
66.249.64.163 - - [29/Dec/2014:04:09:53 -0500] "GET /BLA/resoluciones/Notificaciones/AUTOS%202014/3282.doc HTTP/1.1" 200 100352
188.165.15.130 - - [29/Dec/2014:04:10:34 -0500] "GET /BLA/resoluciones/RESOLUCIONES%202003/RES%202003%20601-650/647.tif HTTP/1.1" 200 73152
207.46.13.138 - - [29/Dec/2014:04:10:40 -0500] "GET /robots.txt HTTP/1.1" 404 1019
207.46.13.138 - - [29/Dec/2014:04:10:45 -0500] "GET /pga/mapa6.jpg HTTP/1.1" 404 1019
74.86.158.107 - - [29/Dec/2014:04:11:49 -0500] "HEAD / HTTP/1.1" 302 -
157.55.39.187 - - [29/Dec/2014:04:12:08 -0500] "GET /dama/libreria/pdf/pigas/piga_tt/formulacion.pdf HTTP/1.1" 404 1019
66.249.64.167 - - [29/Dec/2014:04:12:30 -0500] "GET /BLA/resoluciones/RESOLUCIONES%202008/3705.pdf HTTP/1.1" 200 149439
66.249.64.163 - - [29/Dec/2014:04:13:13 -0500] "GET /BLA/resoluciones/RESOLUCIONES%202004/RES%202004%201701-1750/00001739.tif HTTP/1.1" 200 35964
188.165.15.85 - - [29/Dec/2014:04:14:36 -0500] "GET /BLA/resoluciones/RESOLUCIONES%202004/RES%202004%20801-850/00000843.tif HTTP/1.1" 200 9222
188.165.15.208 - - [29/Dec/2014:04:14:40 -0500] "GET /BLA/resoluciones/RESOLUCIONES%202004/RES%202004%20801-850/00000817.tif HTTP/1.1" 200 217306
188.165.15.192 - - [29/Dec/2014:04:15:29 -0500] "GET /BLA/resoluciones/RESOLUCIONES%202005/RES%202005%201-50/00000010.tif HTTP/1.1" 200 263136
66.249.64.171 - - [29/Dec/2014:04:15:39 -0500] "GET /BLA/resoluciones/RESOLUCIONES%202008/1124.pdf HTTP/1.1" 200 87819
188.165.15.85 - - [29/Dec/2014:04:16:05 -0500] "GET /BLA/resoluciones/RESOLUCIONES%202002/RES%202002%201601-1650/20021604.tif HTTP/1.1" 200 285936
188.165.15.10 - - [29/Dec/2014:04:16:15 -0500] "GET /BLA/resoluciones/RESOLUCIONES%202005/RES%202005%201551-1600/00001573.tif HTTP/1.1" 200 337582
188.165.15.188 - - [29/Dec/2014:04:16:45 -0500] "GET /BLA/resoluciones/RESOLUCIONES%202004/RES%202004%20701-750/00000706.tif HTTP/1.1" 200 179874
74.86.158.107 - - [29/Dec/2014:04:16:49 -0500] "HEAD / HTTP/1.1" 302 -
66.249.64.167 - - [29/Dec/2014:04:18:49 -0500] "GET /BLA/resoluciones/AUTOS%202011/4314.pdf HTTP/1.1" 304 -
188.165.15.44 - - [29/Dec/2014:04:19:26 -0500] "GET /BLA/resoluciones/RESOLUCIONES%202002/RES%202002%20601-650/00000612.tif HTTP/1.1" 200 85868
74.86.158.107 - - [29/Dec/2014:04:21:49 -0500] "HEAD / HTTP/1.1" 302 -
157.55.39.156 - - [29/Dec/2014:04:21:51 -0500] "GET /dama/libreria/php/frame_detalle.php?h_id=541 HTTP/1.1" 404 1015
66.249.64.163 - - [29/Dec/2014:04:21:58 -0500] "GET /BLA/resoluciones/RESOLUCIONES%202011/1692.pdf HTTP/1.1" 200 379166
66.249.64.171 - - [29/Dec/2014:04:22:31 -0500] "GET /BLA/resoluciones/AUTOS%202011/5218.pdf HTTP/1.1" 200 257193
188.165.15.85 - - [29/Dec/2014:04:24:14 -0500] "GET /BLA/resoluciones/RESOLUCIONES%202006/RES%202006%20351-400/00000381.tif HTTP/1.1" 200 167488
188.165.15.78 - - [29/Dec/2014:04:24:40 -0500] "GET /BLA/resoluciones/RESOLUCIONES%202002/RES%202002%20101-150/2002RES132.tif HTTP/1.1" 200 132268
188.165.15.10 - - [29/Dec/2014:04:24:40 -0500] "GET /BLA/resoluciones/RESOLUCIONES%202006/RES%202006%20%202851-2900/00002879.tif HTTP/1.1" 200 37296
66.249.64.167 - - [29/Dec/2014:04:25:08 -0500] "GET /BLA/resoluciones/RESOLUCIONES%202007/RES%202007%202201%20AL%202300/RESOLUCION%202261%20DE%202007.pdf HTTP/1.1" 304 -
188.165.15.23 - - [29/Dec/2014:04:25:50 -0500] "GET /BLA/resoluciones/RESOLUCIONES%202005/RES%202005%201351-1400/00001369.tif HTTP/1.1" 200 160730
188.165.15.26 - - [29/Dec/2014:04:26:45 -0500] "GET /BLA/resoluciones/RESOLUCIONES%202002/RES%202002%20651-700/00000692.tif HTTP/1.1" 200 89900
74.86.158.107 - - [29/Dec/2014:04:26:49 -0500] "HEAD / HTTP/1.1" 302 -
66.249.64.163 - - [29/Dec/2014:04:28:17 -0500] "GET /BLA/resoluciones/AUTOS%202011/1550.pdf HTTP/1.1" 200 246208
188.165.15.10 - - [29/Dec/2014:04:28:59 -0500] "GET /BLA/resoluciones/RESOLUCIONES%202003/RES%202003%201651-1700/20031670.tif HTTP/1.1" 200 120734
66.249.64.167 - - [29/Dec/2014:04:29:24 -0500] "GET /BLA/resoluciones/RESOLUCIONES%202007/RES%202007%202801%20AL%202900/RESOLUCION%202857%20DE%202007.pdf HTTP/1.1" 304 -
66.249.64.163 - - [29/Dec/2014:04:31:27 -0500] "GET /BLA/resoluciones/AUTOS%202014/1328.pdf HTTP/1.1" 200 1106483
180.76.5.57 - - [29/Dec/2014:04:31:29 -0500] "GET /BLA/resoluciones/RESOLUCIONES%202007/RES%202007%202001%20AL%202100/RESOLUCION%202024%20DE%202007.pdf HTTP/1.1" 200 251452
188.165.15.85 - - [29/Dec/2014:04:31:40 -0500] "GET /BLA/resoluciones/RESOLUCIONES%202004/RES%202004%20851-900/00000856.tif HTTP/1.1" 200 85220
74.86.158.107 - - [29/Dec/2014:04:31:49 -0500] "HEAD / HTTP/1.1" 302 -
180.76.6.63 - - [29/Dec/2014:04:32:08 -0500] "GET /BLA/resoluciones/RESOLUCIONES%202007/RES%202007%203301%20AL%203400/RESOLUCION%203332%20DE%202007.pdf HTTP/1.1" 200 373830
202.46.55.181 - - [29/Dec/2014:04:32:20 -0500] "GET /resoluciones/RESOLUCIONES%202007/RES%202007%204201%20AL%204300/RESOLUCION%204204%20DE%202007.pdf HTTP/1.1" 404 1018
188.165.15.130 - - [29/Dec/2014:04:32:50 -0500] "GET /BLA/resoluciones/RESOLUCIONES%202005/RES%202005%202551-2600/00002558.tif HTTP/1.1" 200 120520
188.165.15.85 - - [29/Dec/2014:04:33:02 -0500] "GET /BLA/resoluciones/RESOLUCIONES%202002/RES%202002%201851-1900/20021861.tif HTTP/1.1" 200 110576
66.249.64.163 - - [29/Dec/2014:04:34:36 -0500] "GET /BLA/resoluciones/RESOLUCIONES%202007/RES%202007%201001%20AL%201100/RESOLUCION%201074%20DE%202007.pdf HTTP/1.1" 304 -
188.165.15.78 - - [29/Dec/2014:04:34:57 -0500] "GET /BLA/resoluciones/index.php?dir=RESOLUCIONES+2003%2FRES+2003+1001-1050%2F HTTP/1.1" 200 11566
66.249.64.163 - - [29/Dec/2014:04:35:12 -0500] "GET /BLA/resoluciones/Notificaciones/AUTOS%202014/3198.doc HTTP/1.1" 200 736256
74.86.158.107 - - [29/Dec/2014:04:36:49 -0500] "HEAD / HTTP/1.1" 302 -
188.165.15.130 - - [29/Dec/2014:04:37:11 -0500] "GET /BLA/resoluciones/RESOLUCIONES%202003/RES%202003%201351-1400/20031365.tif HTTP/1.1" 200 44236
100.43.85.25 - - [29/Dec/2014:04:37:20 -0500] "GET /galeria/mapa/Guaymaral12.jpg HTTP/1.1" 200 53686
66.249.64.171 - - [29/Dec/2014:04:37:46 -0500] "GET /BLA/resoluciones/RESOLUCIONES%202007/RES%202007%20501%20AL%20600/RESOLUCION%200593%20DE%202007.pdf HTTP/1.1" 200 924128
188.165.15.26 - - [29/Dec/2014:04:37:58 -0500] "GET /BLA/resoluciones/index.php?dir=RESOLUCIONES+2004%2FRES+2004+1101-1150%2F HTTP/1.1" 200 12172
66.249.64.167 - - [29/Dec/2014:04:40:55 -0500] "GET /BLA/resoluciones/RESOLUCIONES%202008/0007.pdf HTTP/1.1" 200 1128719
180.76.6.21 - - [29/Dec/2014:04:41:18 -0500] "GET /BLA/resoluciones/RESOLUCIONES%202009/9511.pdf HTTP/1.1" 200 508463
188.165.15.208 - - [29/Dec/2014:04:41:22 -0500] "GET /BLA/resoluciones/RESOLUCIONES%202004/RES%202004%20951-1000/00000960.tif HTTP/1.1" 200 95360
66.249.64.171 - - [29/Dec/2014:04:41:35 -0500] "GET /BLA/resoluciones/RESOLUCIONES%202008/0116.pdf HTTP/1.1" 304 -
74.86.158.107 - - [29/Dec/2014:04:41:49 -0500] "HEAD / HTTP/1.1" 302 -
66.249.64.167 - - [29/Dec/2014:04:42:01 -0500] "GET /BLA/resoluciones/RESOLUCIONES%202004/RES%202004%202351-2401/00002360.tif HTTP/1.1" 200 171278
66.249.64.167 - - [29/Dec/2014:04:42:15 -0500] "GET /BLA/resoluciones/AUTOS%202012/1915.pdf HTTP/1.1" 200 1984098
188.165.15.37 - - [29/Dec/2014:04:42:39 -0500] "GET /BLA/resoluciones/index.php?dir=RESOLUCIONES+2002%2FRES+2002+1251-1301%2F HTTP/1.1" 200 12148
188.165.15.78 - - [29/Dec/2014:04:42:47 -0500] "GET /BLA/resoluciones/RESOLUCIONES%202006/RES%202006%201351-1400/00001396.tif HTTP/1.1" 200 392184
188.165.15.23 - - [29/Dec/2014:04:42:56 -0500] "GET /BLA/resoluciones/RESOLUCIONES%202004/RES%202004%202251-2300/00002251.tif HTTP/1.1" 200 86594
188.165.15.78 - - [29/Dec/2014:04:44:09 -0500] "GET /BLA/resoluciones/index.php?dir=RESOLUCIONES%202002/RES%202002%20101-150/&sort=size&order=desc HTTP/1.1" 200 12338
66.249.64.47 - - [29/Dec/2014:04:44:24 -0500] "GET /Autoliquidacion/index.php?dir=TR%C1MITES+VERTIMIENTOS%2F HTTP/1.1" 200 2471
74.86.158.107 - - [29/Dec/2014:04:46:49 -0500] "HEAD / HTTP/1.1" 302 -
66.249.64.167 - - [29/Dec/2014:04:47:04 -0500] "GET /videos/galeria-fotografica/index18.html HTTP/1.1" 200 1957
188.165.15.188 - - [29/Dec/2014:04:47:13 -0500] "GET /BLA/resoluciones/RESOLUCIONES%202006/RES%202006%20351-400/00000366.tif HTTP/1.1" 200 395300
66.249.64.163 - - [29/Dec/2014:04:48:23 -0500] "GET /BLA/resoluciones/RESOLUCIONES%202009/0507.pdf HTTP/1.1" 200 194257
66.249.64.167 - - [29/Dec/2014:04:49:43 -0500] "GET /BLA/resoluciones/AUTOS%202008/0562.pdf HTTP/1.1" 200 225020
218.30.103.61 - - [29/Dec/2014:04:50:36 -0500] "GET /resoluciones/RESOLUCIONES%202009/0073.pdf HTTP/1.1" 404 1018
66.249.64.167 - - [29/Dec/2014:04:51:03 -0500] "GET /BLA/resoluciones/RESOLUCIONES%202008/0815.pdf HTTP/1.1" 304 -
218.30.103.61 - - [29/Dec/2014:04:51:11 -0500] "GET /resoluciones/RESOLUCIONES%202009/0262.pdf HTTP/1.1" 404 1018
218.30.103.61 - - [29/Dec/2014:04:51:44 -0500] "GET /BLA/ HTTP/1.1" 200 538
74.86.158.107 - - [29/Dec/2014:04:51:49 -0500] "HEAD / HTTP/1.1" 302 -
66.249.64.167 - - [29/Dec/2014:04:52:22 -0500] "GET /BLA/resoluciones/RESOLUCIONES%202012/0332.pdf HTTP/1.1" 200 387004
188.165.15.192 - - [29/Dec/2014:04:52:35 -0500] "GET /BLA/resoluciones/RESOLUCIONES%202004/RES%202004%201101-1150/00001111.tif HTTP/1.1" 200 123070
218.30.103.61 - - [29/Dec/2014:04:52:18 -0500] "GET /BLA/boletinlegal/index.php HTTP/1.1" 200 49381
66.249.64.167 - - [29/Dec/2014:04:53:42 -0500] "GET /BLA/resoluciones/RESOLUCIONES%202009/5481.pdf HTTP/1.1" 200 499241
180.76.5.19 - - [29/Dec/2014:04:54:22 -0500] "GET /BLA/boletinlegal;jsessionid=E86913B9245192AAF3E90AE3B0F2FD6F?/? HTTP/1.1" 404 1018
188.165.15.130 - - [29/Dec/2014:04:54:37 -0500] "GET /BLA/resoluciones/RESOLUCIONES%202001/2001%2001-49.TIF HTTP/1.1" 200 8692410
66.249.64.163 - - [29/Dec/2014:04:55:02 -0500] "GET /BLA/resoluciones/RESOLUCIONES%202009/1553.pdf HTTP/1.1" 200 464720
66.249.64.163 - - [29/Dec/2014:04:56:22 -0500] "GET /BLA/resoluciones/RESOLUCIONES%202009/1605.pdf HTTP/1.1" 200 695018
186.82.82.232 - - [29/Dec/2014:04:56:33 -0500] "GET /BLA/boletinlegal/js/jquery.js HTTP/1.1" 200 57254
186.82.82.232 - - [29/Dec/2014:04:56:33 -0500] "GET /BLA/boletinlegal/js/jquery.scrollTo-min.js HTTP/1.1" 200 1150
186.82.82.232 - - [29/Dec/2014:04:56:33 -0500] "GET /BLA/boletinlegal/js/jquery.scrollShow.js HTTP/1.1" 200 4586
186.82.82.232 - - [29/Dec/2014:04:56:34 -0500] "GET /galeria/carrusel/Carrusel/jquery.thumbnailScroller.css HTTP/1.1" 200 2066
186.82.82.232 - - [29/Dec/2014:04:56:34 -0500] "GET /galeria/carrusel/Carrusel/jquery.thumbnailScroller.js HTTP/1.1" 200 8157
186.82.82.232 - - [29/Dec/2014:04:56:34 -0500] "GET /galeria/carrusel/Carrusel/jquery-ui-1.8.13.custom.min.js HTTP/1.1" 200 10800
186.82.82.232 - - [29/Dec/2014:04:56:37 -0500] "GET /galeria/nivo-slider/demo/demo.html HTTP/1.1" 200 3237
186.82.82.232 - - [29/Dec/2014:04:56:38 -0500] "GET /galeria/nivo-slider/themes/default/default.css HTTP/1.1" 200 1569
186.82.82.232 - - [29/Dec/2014:04:56:38 -0500] "GET /galeria/nivo-slider/themes/orman/orman.css HTTP/1.1" 200 2152
186.82.82.232 - - [29/Dec/2014:04:56:38 -0500] "GET /galeria/nivo-slider/nivo-slider.css HTTP/1.1" 200 1507
186.82.82.232 - - [29/Dec/2014:04:56:38 -0500] "GET /galeria/nivo-slider/themes/pascal/pascal.css HTTP/1.1" 200 2258
186.82.82.232 - - [29/Dec/2014:04:56:38 -0500] "GET /galeria/nivo-slider/demo/scripts/jquery-1.7.1.min.js HTTP/1.1" 200 93868
186.82.82.232 - - [29/Dec/2014:04:56:38 -0500] "GET /galeria/nivo-slider/demo/style.css HTTP/1.1" 200 2222
186.82.82.232 - - [29/Dec/2014:04:56:38 -0500] "GET /galeria/nivo-slider/jquery.nivo.slider.pack.js HTTP/1.1" 200 11561
186.82.82.232 - - [29/Dec/2014:04:56:38 -0500] "GET /galeria/nivo-slider/demo/images/bolsas-08.jpg HTTP/1.1" 200 85589
186.82.82.232 - - [29/Dec/2014:04:56:38 -0500] "GET /galeria/nivo-slider/demo/images/Ruta-vertimientos-01.jpg HTTP/1.1" 200 130151
186.82.82.232 - - [29/Dec/2014:04:56:38 -0500] "GET /galeria/nivo-slider/demo/images/bolsas-06.jpg HTTP/1.1" 200 90982
186.82.82.232 - - [29/Dec/2014:04:56:38 -0500] "GET /galeria/nivo-slider/demo/images/ecolecta-Dic2014.png HTTP/1.1" 200 288593
186.82.82.232 - - [29/Dec/2014:04:56:38 -0500] "GET /galeria/nivo-slider/demo/images/Banner-GAE3.jpg HTTP/1.1" 200 146354
186.82.82.232 - - [29/Dec/2014:04:56:39 -0500] "GET /galeria/nivo-slider/demo/images/porloshumedales.jpg HTTP/1.1" 200 351238
186.82.82.232 - - [29/Dec/2014:04:56:39 -0500] "GET /galeria/nivo-slider/demo/images/Banner-Caracol-Africano.jpg HTTP/1.1" 200 331986
186.82.82.232 - - [29/Dec/2014:04:56:39 -0500] "GET /galeria/nivo-slider/demo/images/Tingua-azul.jpg HTTP/1.1" 200 307638
186.82.82.232 - - [29/Dec/2014:04:56:39 -0500] "GET /galeria/nivo-slider/demo/images/banner-redes.jpg HTTP/1.1" 200 62209
186.82.82.232 - - [29/Dec/2014:04:56:40 -0500] "GET /galeria/nivo-slider/demo/images/9Signos.jpg HTTP/1.1" 200 93040
186.82.82.232 - - [29/Dec/2014:04:56:41 -0500] "GET /galeria/nivo-slider/demo/images/4Simple_Slider.png HTTP/1.1" 200 11722
186.82.82.232 - - [29/Dec/2014:04:56:41 -0500] "GET /galeria/nivo-slider/themes/default/loading.gif HTTP/1.1" 200 1737
186.82.82.232 - - [29/Dec/2014:04:56:41 -0500] "GET /galeria/nivo-slider/demo/images/banner-llantas2.jpg HTTP/1.1" 200 73153
186.82.82.232 - - [29/Dec/2014:04:56:41 -0500] "GET /galeria/nivo-slider/demo/images/banner-caballos.png HTTP/1.1" 200 389106
186.82.82.232 - - [29/Dec/2014:04:56:43 -0500] "GET /galeria/nivo-slider/themes/default/bullets.png HTTP/1.1" 200 1281
186.82.82.232 - - [29/Dec/2014:04:56:43 -0500] "GET /galeria/nivo-slider/themes/default/arrows.png HTTP/1.1" 200 824
186.82.82.232 - - [29/Dec/2014:04:56:44 -0500] "GET /videos/Spot_CambioClimatico.flv HTTP/1.1" 200 4371917
74.86.158.107 - - [29/Dec/2014:04:56:49 -0500] "HEAD / HTTP/1.1" 302 -
188.165.15.44 - - [29/Dec/2014:04:57:26 -0500] "GET /BLA/resoluciones/index.php?dir=RESOLUCIONES+2004%2FRES+2004+2201-2250%2F HTTP/1.1" 200 12358
66.249.64.163 - - [29/Dec/2014:04:57:41 -0500] "GET /BLA/resoluciones/RESOLUCIONES%202009/0781.pdf HTTP/1.1" 200 370188
200.119.63.197 - - [29/Dec/2014:04:58:10 -0500] "GET /BLA/boletinlegal/js/jquery.js HTTP/1.1" 200 57254
200.119.63.197 - - [29/Dec/2014:04:58:10 -0500] "GET /BLA/boletinlegal/js/jquery.scrollTo-min.js HTTP/1.1" 200 1150
200.119.63.197 - - [29/Dec/2014:04:58:10 -0500] "GET /BLA/boletinlegal/js/jquery.scrollShow.js HTTP/1.1" 200 4586
200.119.63.197 - - [29/Dec/2014:04:58:10 -0500] "GET /galeria/carrusel/Carrusel/jquery.thumbnailScroller.js HTTP/1.1" 200 8157
200.119.63.197 - - [29/Dec/2014:04:58:10 -0500] "GET /galeria/carrusel/Carrusel/jquery.thumbnailScroller.css HTTP/1.1" 200 2066
200.119.63.197 - - [29/Dec/2014:04:58:10 -0500] "GET /galeria/carrusel/Carrusel/jquery-ui-1.8.13.custom.min.js HTTP/1.1" 200 10800
200.119.63.197 - - [29/Dec/2014:04:58:13 -0500] "GET /galeria/nivo-slider/demo/demo.html HTTP/1.1" 200 3237
200.119.63.197 - - [29/Dec/2014:04:58:13 -0500] "GET /galeria/nivo-slider/themes/default/default.css HTTP/1.1" 200 1569
200.119.63.197 - - [29/Dec/2014:04:58:13 -0500] "GET /galeria/nivo-slider/themes/pascal/pascal.css HTTP/1.1" 200 2258
200.119.63.197 - - [29/Dec/2014:04:58:13 -0500] "GET /galeria/nivo-slider/themes/orman/orman.css HTTP/1.1" 200 2152
200.119.63.197 - - [29/Dec/2014:04:58:13 -0500] "GET /galeria/nivo-slider/nivo-slider.css HTTP/1.1" 200 1507
200.119.63.197 - - [29/Dec/2014:04:58:13 -0500] "GET /galeria/nivo-slider/demo/style.css HTTP/1.1" 200 2222
200.119.63.197 - - [29/Dec/2014:04:58:13 -0500] "GET /galeria/nivo-slider/demo/images/bolsas-08.jpg HTTP/1.1" 200 85589
200.119.63.197 - - [29/Dec/2014:04:58:13 -0500] "GET /galeria/nivo-slider/demo/scripts/jquery-1.7.1.min.js HTTP/1.1" 200 93868
200.119.63.197 - - [29/Dec/2014:04:58:13 -0500] "GET /galeria/nivo-slider/demo/images/Ruta-vertimientos-01.jpg HTTP/1.1" 200 130151
200.119.63.197 - - [29/Dec/2014:04:58:13 -0500] "GET /galeria/nivo-slider/jquery.nivo.slider.pack.js HTTP/1.1" 200 11561
200.119.63.197 - - [29/Dec/2014:04:58:13 -0500] "GET /galeria/nivo-slider/demo/images/bolsas-06.jpg HTTP/1.1" 200 90982
200.119.63.197 - - [29/Dec/2014:04:58:13 -0500] "GET /galeria/nivo-slider/demo/images/ecolecta-Dic2014.png HTTP/1.1" 200 288593
200.119.63.197 - - [29/Dec/2014:04:58:14 -0500] "GET /galeria/nivo-slider/themes/default/loading.gif HTTP/1.1" 200 1737
200.119.63.197 - - [29/Dec/2014:04:58:14 -0500] "GET /galeria/nivo-slider/demo/images/4Simple_Slider.png HTTP/1.1" 200 11722
200.119.63.197 - - [29/Dec/2014:04:58:14 -0500] "GET /galeria/nivo-slider/demo/images/Banner-GAE3.jpg HTTP/1.1" 200 146354
200.119.63.197 - - [29/Dec/2014:04:58:14 -0500] "GET /galeria/nivo-slider/demo/images/porloshumedales.jpg HTTP/1.1" 200 351238
200.119.63.197 - - [29/Dec/2014:04:58:14 -0500] "GET /galeria/nivo-slider/demo/images/Tingua-azul.jpg HTTP/1.1" 200 307638
200.119.63.197 - - [29/Dec/2014:04:58:15 -0500] "GET /galeria/nivo-slider/demo/images/Banner-Caracol-Africano.jpg HTTP/1.1" 200 331986
200.119.63.197 - - [29/Dec/2014:04:58:15 -0500] "GET /galeria/nivo-slider/demo/images/banner-redes.jpg HTTP/1.1" 200 62209
200.119.63.197 - - [29/Dec/2014:04:58:15 -0500] "GET /galeria/nivo-slider/demo/images/9Signos.jpg HTTP/1.1" 200 93040
200.119.63.197 - - [29/Dec/2014:04:58:17 -0500] "GET /galeria/nivo-slider/demo/images/banner-llantas2.jpg HTTP/1.1" 200 73153
200.119.63.197 - - [29/Dec/2014:04:58:17 -0500] "GET /galeria/nivo-slider/demo/images/banner-caballos.png HTTP/1.1" 200 389106
