188.165.15.208 - - [01/Jan/2015:05:13:05 -0500] "GET /BLA/resoluciones/RESOLUCIONES%202004/RES%202004%202301-2350/00002322.tif HTTP/1.1" 200 150306
188.165.15.78 - - [01/Jan/2015:05:13:16 -0500] "GET /BLA/resoluciones/RESOLUCIONES%202005/RES%202005%201851-1900/00001869.tif HTTP/1.1" 200 481618
100.43.85.25 - - [01/Jan/2015:05:13:20 -0500] "GET /PruebasSTORM/StormSDA_pruebas/userFiles/user_files/formulas/3/544.xml HTTP/1.1" 200 978
66.249.64.163 - - [01/Jan/2015:05:13:35 -0500] "GET /BLA/resoluciones/AUTOS%202006/AUTOS%202006%202201%20-%202300/00002207.tif HTTP/1.1" 200 186868
108.175.159.38 - - [01/Jan/2015:05:13:45 -0500] "GET /webdav/x32.php?host=46.252.199.1&port=80&time=428&type=UDP&key=48849594 HTTP/1.1" 404 1018
100.43.85.25 - - [01/Jan/2015:05:14:55 -0500] "GET /PruebasSTORM/StormSDA_pruebas/userFiles/user_files/formulas/3/360.xml HTTP/1.1" 200 871
89.188.144.9 - - [01/Jan/2015:05:15:48 -0500] "GET /wp-admin/ HTTP/1.1" 404 1018
74.86.158.107 - - [01/Jan/2015:05:16:18 -0500] "HEAD / HTTP/1.1" 302 -
100.43.85.25 - - [01/Jan/2015:05:16:30 -0500] "GET /PruebasSTORM/StormSDA_pruebas/userFiles/user_files/formulas/3/650.xml HTTP/1.1" 200 1034
66.249.64.171 - - [01/Jan/2015:05:17:16 -0500] "GET /BLA/resoluciones/RESOLUCIONES%202013/2300.pdf HTTP/1.1" 200 577988
188.165.15.37 - - [01/Jan/2015:05:17:30 -0500] "GET /BLA/resoluciones/index.php?dir=RESOLUCIONES+2004%2FRES+2004+1251-1300%2F HTTP/1.1" 200 12352
188.165.15.85 - - [01/Jan/2015:05:17:44 -0500] "GET /BLA/resoluciones/index.php?dir=RESOLUCIONES%202005/RES%202005%203101-3150/&sort=name&order=asc HTTP/1.1" 200 12367
100.43.85.25 - - [01/Jan/2015:05:18:05 -0500] "GET /PruebasSTORM/StormSDA_pruebas/userFiles/user_files/formulas/3/512.xml HTTP/1.1" 200 993
188.165.15.188 - - [01/Jan/2015:05:18:06 -0500] "GET /BLA/resoluciones/RESOLUCIONES%202006/RES%202006%201001-1050/00001040.tif HTTP/1.1" 200 247212
104.171.2.30 - - [01/Jan/2015:05:18:48 -0500] "GET /test/wp-admin/ HTTP/1.1" 404 1018
200.106.191.151 - - [01/Jan/2015:05:19:32 -0500] "GET /BLA/boletinlegal/js/jquery.js HTTP/1.1" 200 57254
200.106.191.151 - - [01/Jan/2015:05:19:32 -0500] "GET /galeria/carrusel/Carrusel/jquery.thumbnailScroller.css HTTP/1.1" 200 2066
200.106.191.151 - - [01/Jan/2015:05:19:32 -0500] "GET /BLA/boletinlegal/js/jquery.scrollTo-min.js HTTP/1.1" 200 1150
200.106.191.151 - - [01/Jan/2015:05:19:32 -0500] "GET /BLA/boletinlegal/js/jquery.scrollShow.js HTTP/1.1" 200 4586
200.106.191.151 - - [01/Jan/2015:05:19:32 -0500] "GET /galeria/carrusel/Carrusel/jquery-ui-1.8.13.custom.min.js HTTP/1.1" 200 10800
200.106.191.151 - - [01/Jan/2015:05:19:32 -0500] "GET /galeria/carrusel/Carrusel/jquery.thumbnailScroller.js HTTP/1.1" 200 8157
200.106.191.151 - - [01/Jan/2015:05:19:36 -0500] "GET /galeria/nivo-slider/demo/demo.html HTTP/1.1" 200 3150
200.106.191.151 - - [01/Jan/2015:05:19:36 -0500] "GET /galeria/nivo-slider/themes/default/default.css HTTP/1.1" 200 1569
200.106.191.151 - - [01/Jan/2015:05:19:36 -0500] "GET /galeria/nivo-slider/themes/pascal/pascal.css HTTP/1.1" 200 2258
200.106.191.151 - - [01/Jan/2015:05:19:36 -0500] "GET /galeria/nivo-slider/themes/orman/orman.css HTTP/1.1" 200 2152
200.106.191.151 - - [01/Jan/2015:05:19:36 -0500] "GET /galeria/nivo-slider/nivo-slider.css HTTP/1.1" 200 1507
200.106.191.151 - - [01/Jan/2015:05:19:36 -0500] "GET /galeria/nivo-slider/demo/scripts/jquery-1.7.1.min.js HTTP/1.1" 200 93868
200.106.191.151 - - [01/Jan/2015:05:19:36 -0500] "GET /galeria/nivo-slider/demo/style.css HTTP/1.1" 200 2222
200.106.191.151 - - [01/Jan/2015:05:19:37 -0500] "GET /galeria/nivo-slider/jquery.nivo.slider.pack.js HTTP/1.1" 200 11561
200.106.191.151 - - [01/Jan/2015:05:19:37 -0500] "GET /galeria/nivo-slider/demo/images/4Simple_Slider.png HTTP/1.1" 200 11722
200.106.191.151 - - [01/Jan/2015:05:19:37 -0500] "GET /galeria/nivo-slider/themes/default/loading.gif HTTP/1.1" 200 1737
200.106.191.151 - - [01/Jan/2015:05:19:37 -0500] "GET /galeria/nivo-slider/demo/images/bolsas-08.jpg HTTP/1.1" 200 85589
200.106.191.151 - - [01/Jan/2015:05:19:37 -0500] "GET /galeria/nivo-slider/demo/images/Ruta-vertimientos-01.jpg HTTP/1.1" 200 130151
200.106.191.151 - - [01/Jan/2015:05:19:37 -0500] "GET /galeria/nivo-slider/demo/images/bolsas-06.jpg HTTP/1.1" 200 90982
200.106.191.151 - - [01/Jan/2015:05:19:37 -0500] "GET /galeria/nivo-slider/demo/images/ecolecta-Dic2014.png HTTP/1.1" 200 288593
200.106.191.151 - - [01/Jan/2015:05:19:37 -0500] "GET /galeria/nivo-slider/demo/images/porloshumedales.jpg HTTP/1.1" 200 351238
200.106.191.151 - - [01/Jan/2015:05:19:37 -0500] "GET /galeria/nivo-slider/demo/images/Tingua-azul.jpg HTTP/1.1" 200 307638
200.106.191.151 - - [01/Jan/2015:05:19:37 -0500] "GET /galeria/nivo-slider/demo/images/Banner-Caracol-Africano.jpg HTTP/1.1" 200 331986
200.106.191.151 - - [01/Jan/2015:05:19:38 -0500] "GET /galeria/nivo-slider/demo/images/banner-redes.jpg HTTP/1.1" 200 62209
200.106.191.151 - - [01/Jan/2015:05:19:38 -0500] "GET /galeria/nivo-slider/demo/images/9Signos.jpg HTTP/1.1" 200 93040
200.106.191.151 - - [01/Jan/2015:05:19:39 -0500] "GET /galeria/nivo-slider/demo/images/banner-llantas2.jpg HTTP/1.1" 200 73153
200.106.191.151 - - [01/Jan/2015:05:19:39 -0500] "GET /galeria/nivo-slider/demo/images/banner-caballos.png HTTP/1.1" 200 389106
100.43.85.25 - - [01/Jan/2015:05:19:40 -0500] "GET /PruebasSTORM/StormSDA_pruebas/userFiles/user_files/formulas/3/667.xml HTTP/1.1" 200 996
200.106.191.151 - - [01/Jan/2015:05:19:42 -0500] "GET /videos/Spot_CambioClimatico.flv HTTP/1.1" 200 4371917
200.106.191.151 - - [01/Jan/2015:05:19:42 -0500] "GET /galeria/nivo-slider/themes/default/bullets.png HTTP/1.1" 200 1281
200.106.191.151 - - [01/Jan/2015:05:19:42 -0500] "GET /galeria/nivo-slider/themes/default/arrows.png HTTP/1.1" 200 824
66.249.64.167 - - [01/Jan/2015:05:20:22 -0500] "GET /BLA/resoluciones/AUTOS%202008/0118.pdf HTTP/1.1" 200 138063
66.249.64.171 - - [01/Jan/2015:05:20:34 -0500] "GET /BLA/resoluciones/AUTOS%202006/AUTOS%202006%202201%20-%202300/00002300.tif HTTP/1.1" 200 69238
200.106.191.151 - - [01/Jan/2015:05:20:57 -0500] "GET /stormWeb/ HTTP/1.1" 200 12126
200.106.191.151 - - [01/Jan/2015:05:20:58 -0500] "GET /stormWeb/styles/dialog.css HTTP/1.1" 200 1281
200.106.191.151 - - [01/Jan/2015:05:20:58 -0500] "GET /stormWeb/js/1ibre/jscalendar/calendar-win2k-1.css HTTP/1.1" 200 5986
200.106.191.151 - - [01/Jan/2015:05:20:58 -0500] "GET /stormWeb/js/Logic_CryptoAPI.js HTTP/1.1" 200 13725
200.106.191.151 - - [01/Jan/2015:05:20:58 -0500] "GET /stormWeb/styles/login.css HTTP/1.1" 200 4892
200.106.191.151 - - [01/Jan/2015:05:20:58 -0500] "GET /stormWeb/img/login/calendar.jpg HTTP/1.1" 200 7690
200.106.191.151 - - [01/Jan/2015:05:20:58 -0500] "GET /stormWeb/js/1ibre/protoaculous.js HTTP/1.1" 200 151386
200.106.191.151 - - [01/Jan/2015:05:20:59 -0500] "GET /stormWeb/img/menu/mplogo.gif HTTP/1.1" 200 806
200.106.191.151 - - [01/Jan/2015:05:20:58 -0500] "GET /stormWeb/js/1ibre/1ibre.js HTTP/1.1" 200 185628
200.106.191.151 - - [01/Jan/2015:05:21:01 -0500] "GET /stormWeb/img/login/img3.gif HTTP/1.1" 200 148
200.106.191.151 - - [01/Jan/2015:05:21:01 -0500] "GET /stormWeb/img/login/bg.gif HTTP/1.1" 200 187
200.106.191.151 - - [01/Jan/2015:05:21:01 -0500] "GET /stormWeb/img/login/img2.gif HTTP/1.1" 200 6280
200.106.191.151 - - [01/Jan/2015:05:21:01 -0500] "GET /downloads/textosStormWeb/presentacion.html HTTP/1.1" 404 1264
200.106.191.151 - - [01/Jan/2015:05:21:01 -0500] "GET /stormWeb/img/login/vi.gif HTTP/1.1" 200 302
200.106.191.151 - - [01/Jan/2015:05:21:01 -0500] "GET /stormWeb/img/login/img1.gif HTTP/1.1" 200 29775
200.106.191.151 - - [01/Jan/2015:05:21:01 -0500] "GET /stormWeb/js/1ibre/1ibre.css HTTP/1.1" 200 614
200.106.191.151 - - [01/Jan/2015:05:21:01 -0500] "GET /stormWeb/img/storm.ico HTTP/1.1" 200 2038
66.249.64.171 - - [01/Jan/2015:05:21:13 -0500] "GET /BLA/boletinlegal/Circulares/2012/Circular%20No.%203%20del%2023%20de%20Marzo%20de%202012.pdf HTTP/1.1" 200 572950
100.43.85.25 - - [01/Jan/2015:05:21:15 -0500] "GET /PruebasSTORM/StormSDA_pruebas/userFiles/user_files/formulas/3/466.xml HTTP/1.1" 200 1745
74.86.158.107 - - [01/Jan/2015:05:21:18 -0500] "HEAD / HTTP/1.1" 302 -
200.106.191.151 - - [01/Jan/2015:05:22:10 -0500] "GET /stormWeb/ HTTP/1.1" 200 12034
200.106.191.151 - - [01/Jan/2015:05:22:10 -0500] "GET /downloads/textosStormWeb/presentacion.html HTTP/1.1" 404 1264
200.106.191.151 - - [01/Jan/2015:05:22:24 -0500] "GET /stormWeb/styles/estilos01.css HTTP/1.1" 200 965
200.106.191.151 - - [01/Jan/2015:05:22:24 -0500] "GET /stormWeb/styles/menu.css HTTP/1.1" 200 3191
200.106.191.151 - - [01/Jan/2015:05:22:24 -0500] "GET /stormWeb/styles/estilos.css HTTP/1.1" 200 6743
200.106.191.151 - - [01/Jan/2015:05:22:24 -0500] "POST /stormWeb/login.do HTTP/1.1" 200 22366
200.106.191.151 - - [01/Jan/2015:05:22:24 -0500] "GET /stormWeb/js/1ibre/jscalendar/calendar-setup.js HTTP/1.1" 200 8927
200.106.191.151 - - [01/Jan/2015:05:22:24 -0500] "GET /stormWeb/js/1ibre/jscalendar/lang/calendar-es.js HTTP/1.1" 200 3995
200.106.191.151 - - [01/Jan/2015:05:22:24 -0500] "GET /stormWeb/img/loading.gif HTTP/1.1" 200 6610
200.106.191.151 - - [01/Jan/2015:05:22:24 -0500] "GET /stormWeb/js/1ibre/jscalendar/calendar.js HTTP/1.1" 200 51290
200.106.191.151 - - [01/Jan/2015:05:22:24 -0500] "GET /stormWeb/img/stormLogo.gif HTTP/1.1" 200 2380
200.106.191.151 - - [01/Jan/2015:05:22:24 -0500] "GET /stormWeb/img/menu/salir.gif HTTP/1.1" 200 1271
200.106.191.151 - - [01/Jan/2015:05:22:24 -0500] "GET /stormWeb/img/clock.gif HTTP/1.1" 200 381
200.106.191.151 - - [01/Jan/2015:05:22:24 -0500] "GET /stormWeb/img/user.gif HTTP/1.1" 200 384
200.106.191.151 - - [01/Jan/2015:05:22:24 -0500] "GET /downloads/textosStormWeb/presentacion.html HTTP/1.1" 404 1280
200.106.191.151 - - [01/Jan/2015:05:22:24 -0500] "GET /stormWeb/img/header/banner_r1_c2.gif HTTP/1.1" 200 126
200.106.191.151 - - [01/Jan/2015:05:22:24 -0500] "GET /stormWeb/img/menu/fondo-barra.gif HTTP/1.1" 200 140
200.106.191.151 - - [01/Jan/2015:05:22:24 -0500] "GET /stormWeb/img/header/banner_r1_c1.gif HTTP/1.1" 200 7159
200.106.191.151 - - [01/Jan/2015:05:22:24 -0500] "GET /stormWeb/img/menu/1.gif HTTP/1.1" 200 1186
200.106.191.151 - - [01/Jan/2015:05:22:24 -0500] "GET /stormWeb/img/menu/2200.gif HTTP/1.1" 200 710
200.106.191.151 - - [01/Jan/2015:05:22:24 -0500] "GET /stormWeb/img/menu/2100.gif HTTP/1.1" 200 1161
200.106.191.151 - - [01/Jan/2015:05:22:24 -0500] "GET /stormWeb/img/menu/2500.gif HTTP/1.1" 200 1241
200.106.191.151 - - [01/Jan/2015:05:22:24 -0500] "GET /stormWeb/img/menu/2300.gif HTTP/1.1" 200 1085
200.106.191.151 - - [01/Jan/2015:05:22:24 -0500] "GET /stormWeb/img/menu/2400.gif HTTP/1.1" 200 1152
200.106.191.151 - - [01/Jan/2015:05:22:24 -0500] "GET /stormWeb/img/menu/2600.gif HTTP/1.1" 200 1201
200.106.191.151 - - [01/Jan/2015:05:22:24 -0500] "GET /favicon.ico HTTP/1.1" 200 7782
66.249.64.167 - - [01/Jan/2015:05:21:54 -0500] "GET /BLA/boletinlegal/index.php HTTP/1.1" 200 49381
66.249.64.171 - - [01/Jan/2015:05:22:33 -0500] "GET /BLA/resoluciones/Notificaciones/AUTOS%202014/4083.doc HTTP/1.1" 200 96768
188.165.15.23 - - [01/Jan/2015:05:22:37 -0500] "GET /BLA/resoluciones/RESOLUCIONES%202003/RES%202003%20751-800/793.tif HTTP/1.1" 200 162820
100.43.85.25 - - [01/Jan/2015:05:22:50 -0500] "GET /PruebasSTORM/StormSDA_pruebas/userFiles/user_files/formulas/3/239.xml HTTP/1.1" 200 1861
188.165.15.192 - - [01/Jan/2015:05:23:01 -0500] "GET /BLA/resoluciones/RESOLUCIONES%202002/RES%202002%20751-800/2002RES778.tif HTTP/1.1" 200 107778
100.43.85.25 - - [01/Jan/2015:05:24:25 -0500] "GET /PruebasSTORM/StormSDA_pruebas/userFiles/user_files/formulas/3/349.xml HTTP/1.1" 200 1866
188.165.15.188 - - [01/Jan/2015:05:25:03 -0500] "GET /BLA/resoluciones/RESOLUCIONES%202005/RES%202005%201301-1350/00001338.tif HTTP/1.1" 200 37642
89.188.144.9 - - [01/Jan/2015:05:25:23 -0500] "GET /test/wp-admin/ HTTP/1.1" 404 1018
100.43.85.25 - - [01/Jan/2015:05:26:00 -0500] "GET /PruebasSTORM/StormSDA_pruebas/userFiles/user_files/formulas/3/534.xml HTTP/1.1" 200 981
175.42.93.47 - - [01/Jan/2015:05:26:16 -0500] "GET /BLA/resoluciones/RESOLUCIONES%202012/0317.pdf HTTP/1.1" 200 380151
74.86.158.107 - - [01/Jan/2015:05:26:18 -0500] "HEAD / HTTP/1.1" 302 -
175.42.93.47 - - [01/Jan/2015:05:26:20 -0500] "POST /BLA/resoluciones/RESOLUCIONES%202012/0317.pdf/trackback/ HTTP/1.1" 404 1292
66.249.64.167 - - [01/Jan/2015:05:26:52 -0500] "GET /BLA/resoluciones/RESOLUCIONES%202010/0174.pdf HTTP/1.1" 304 -
66.249.64.167 - - [01/Jan/2015:05:27:13 -0500] "GET /BLA/resoluciones/RESOLUCIONES%202004/RES%202004%201451-1500/00001458.tif HTTP/1.1" 200 154910
66.249.64.171 - - [01/Jan/2015:05:27:29 -0500] "GET /BLA/resoluciones/AUTOS%202006/AUTOS%202006%202201%20-%202300/00002229.tif HTTP/1.1" 200 56442
100.43.85.25 - - [01/Jan/2015:05:27:35 -0500] "GET /PruebasSTORM/StormSDA_pruebas/userFiles/user_files/formulas/3/661.xml HTTP/1.1" 200 1050
66.249.64.167 - - [01/Jan/2015:05:27:36 -0500] "GET /BLA/resoluciones/Notificaciones/AUTOS%202014/6013.doc HTTP/1.1" 200 153088
188.165.15.188 - - [01/Jan/2015:05:27:43 -0500] "GET /BLA/resoluciones/RESOLUCIONES%202004/RES%202004%20301-350/00000327.tif HTTP/1.1" 200 85238
104.171.2.30 - - [01/Jan/2015:05:28:20 -0500] "GET /wordpress/wp-admin/ HTTP/1.1" 404 1018
100.43.85.25 - - [01/Jan/2015:05:29:10 -0500] "GET /PruebasSTORM/StormSDA_pruebas/userFiles/user_files/formulas/3/395.xml HTTP/1.1" 200 867
108.175.159.38 - - [01/Jan/2015:05:30:43 -0500] "GET /webdav/x32.php?host=46.252.199.1&port=80&time=428&type=UDP&key=48849594 HTTP/1.1" 404 1018
100.43.85.25 - - [01/Jan/2015:05:30:44 -0500] "GET /PruebasSTORM/StormSDA_pruebas/userFiles/user_files/formulas/3/383.xml HTTP/1.1" 200 873
74.86.158.107 - - [01/Jan/2015:05:31:18 -0500] "HEAD / HTTP/1.1" 302 -
108.175.159.38 - - [01/Jan/2015:05:32:05 -0500] "GET /webdav/x32.php?host=46.252.199.1&port=80&time=428&type=UDP&key=48849594 HTTP/1.1" 404 1018
100.43.85.25 - - [01/Jan/2015:05:32:19 -0500] "GET /PruebasSTORM/StormSDA_pruebas/userFiles/user_files/formulas/3/279.xml HTTP/1.1" 200 960
66.249.64.163 - - [01/Jan/2015:05:32:33 -0500] "GET /BLA/resoluciones/AUTOS%202006/AUTOS%202006%201-100/00000057.tif HTTP/1.1" 200 95044
66.249.64.163 - - [01/Jan/2015:05:32:46 -0500] "GET /BLA/resoluciones/RESOLUCIONES%202013/0845.pdf HTTP/1.1" 200 3245927
188.165.15.23 - - [01/Jan/2015:05:33:37 -0500] "GET /BLA/resoluciones/RESOLUCIONES%202004/RES%202004%201851-1900/00001883.tif HTTP/1.1" 200 157514
100.43.85.25 - - [01/Jan/2015:05:33:54 -0500] "GET /PruebasSTORM/StormSDA_pruebas/userFiles/user_files/formulas/3/362.xml HTTP/1.1" 200 865
66.249.64.163 - - [01/Jan/2015:05:34:28 -0500] "GET /BLA/resoluciones/AUTOS%202006/AUTOS%202006%202201%20-%202300/00002256.tif HTTP/1.1" 200 73918
89.188.144.9 - - [01/Jan/2015:05:34:55 -0500] "GET /wordpress/wp-admin/ HTTP/1.1" 404 1018
66.249.64.171 - - [01/Jan/2015:05:35:22 -0500] "GET /BLA/resoluciones/RESOLUCIONES%202011/1049.pdf HTTP/1.1" 304 -
100.43.85.25 - - [01/Jan/2015:05:35:29 -0500] "GET /PruebasSTORM/StormSDA_pruebas/userFiles/user_files/formulas/3/575.xml HTTP/1.1" 200 990
74.86.158.107 - - [01/Jan/2015:05:36:21 -0500] "HEAD / HTTP/1.1" 302 -
100.43.85.25 - - [01/Jan/2015:05:37:04 -0500] "GET /PruebasSTORM/StormSDA_pruebas/userFiles/user_files/formulas/3/296.xml HTTP/1.1" 200 1902
104.171.2.30 - - [01/Jan/2015:05:37:35 -0500] "GET /blog/wp-admin/ HTTP/1.1" 404 1018
66.249.64.163 - - [01/Jan/2015:05:37:57 -0500] "GET /BLA/resoluciones/AUTOS%202014/0838.pdf HTTP/1.1" 200 275032
100.43.85.25 - - [01/Jan/2015:05:38:39 -0500] "GET /PruebasSTORM/StormSDA_pruebas/userFiles/user_files/formulas/3/459.xml HTTP/1.1" 200 1761
188.165.15.188 - - [01/Jan/2015:05:38:59 -0500] "GET /BLA/resoluciones/RESOLUCIONES%202002/RES%202002%201951-1971/20021962.tif HTTP/1.1" 200 151618
112.111.188.95 - - [01/Jan/2015:05:39:05 -0500] "GET /BLA/resoluciones/RESOLUCIONES%202012/0317.pdf HTTP/1.1" 200 380151
112.111.188.95 - - [01/Jan/2015:05:39:21 -0500] "POST /BLA/resoluciones/RESOLUCIONES%202012/0317.pdf/trackback/ HTTP/1.1" 404 1292
100.43.85.25 - - [01/Jan/2015:05:40:14 -0500] "GET /PruebasSTORM/StormSDA_pruebas/userFiles/user_files/formulas/3/536.xml HTTP/1.1" 200 989
188.165.15.188 - - [01/Jan/2015:05:40:41 -0500] "GET /BLA/resoluciones/RESOLUCIONES%202003/RES%202003%201601-1650/20031627.tif HTTP/1.1" 200 62514
188.165.15.26 - - [01/Jan/2015:05:41:11 -0500] "GET /BLA/resoluciones/RESOLUCIONES%202004/RES%202004%201901-1950/00001918.tif HTTP/1.1" 200 132414
74.86.158.107 - - [01/Jan/2015:05:41:18 -0500] "HEAD / HTTP/1.1" 302 -
66.249.64.167 - - [01/Jan/2015:05:41:25 -0500] "GET /BLA/resoluciones/AUTOS%202006/AUTOS%202006%202201%20-%202300/00002235.tif HTTP/1.1" 200 54598
100.43.85.25 - - [01/Jan/2015:05:41:49 -0500] "GET /PruebasSTORM/StormSDA_pruebas/userFiles/user_files/formulas/3/483.xml HTTP/1.1" 200 861
188.165.15.44 - - [01/Jan/2015:05:42:43 -0500] "GET /BLA/resoluciones/RESOLUCIONES%202003/RES%202003%20801-850/801.tif HTTP/1.1" 200 196000
66.249.64.163 - - [01/Jan/2015:05:43:07 -0500] "GET /BLA/resoluciones/RESOLUCIONES%202013/1364.pdf HTTP/1.1" 200 664571
190.25.232.143 - - [01/Jan/2015:05:43:19 -0500] "GET /videos/Spot_Tinguas.flv HTTP/1.1" 304 -
100.43.85.25 - - [01/Jan/2015:05:43:24 -0500] "GET /PruebasSTORM/StormSDA_pruebas/userFiles/user_files/formulas/3/659.xml HTTP/1.1" 200 1001
180.76.4.217 - - [01/Jan/2015:05:43:58 -0500] "GET / HTTP/1.1" 302 -
89.188.144.9 - - [01/Jan/2015:05:44:17 -0500] "GET /blog/wp-admin/ HTTP/1.1" 404 1018
188.165.15.78 - - [01/Jan/2015:05:44:30 -0500] "GET /BLA/resoluciones/RESOLUCIONES%202006/RES%202006%201651-1700/00001661.tif HTTP/1.1" 200 219384
188.165.15.208 - - [01/Jan/2015:05:45:31 -0500] "GET /BLA/resoluciones/index.php?dir=RESOLUCIONES%202003/RES%202003%201401-1450/&sort=size&order=asc HTTP/1.1" 200 12156
74.86.158.107 - - [01/Jan/2015:05:46:18 -0500] "HEAD / HTTP/1.1" 302 -
188.165.15.44 - - [01/Jan/2015:05:46:20 -0500] "GET /BLA/resoluciones/RESOLUCIONES%202002/RES%202002%201301-1350/20021343.tif HTTP/1.1" 200 41410
188.165.15.192 - - [01/Jan/2015:05:46:20 -0500] "GET /BLA/resoluciones/index.php?dir=RESOLUCIONES+2007%2FRES+2007+1+AL+100%2F HTTP/1.1" 200 26175
100.43.85.25 - - [01/Jan/2015:05:46:22 -0500] "GET /PruebasSTORM/StormSDA_pruebas/stormWeb/img/descargarPdf.png HTTP/1.1" 200 26955
104.171.2.30 - - [01/Jan/2015:05:47:05 -0500] "GET /wp/wp-admin/ HTTP/1.1" 404 1018
100.43.85.25 - - [01/Jan/2015:05:47:57 -0500] "GET /PruebasSTORM/StormSDA_pruebas/stormWeb/img/nombre.png HTTP/1.1" 200 24401
66.249.64.171 - - [01/Jan/2015:05:48:17 -0500] "GET /BLA/resoluciones/RESOLUCIONES%202013/1091.pdf HTTP/1.1" 200 725640
66.249.64.163 - - [01/Jan/2015:05:48:22 -0500] "GET /BLA/resoluciones/AUTOS%202006/AUTOS%202006%202201%20-%202300/00002246.tif HTTP/1.1" 200 71794
100.43.85.25 - - [01/Jan/2015:05:49:31 -0500] "GET /PruebasSTORM/StormSDA_pruebas/userFiles/user_files/formulas/3/523.xml HTTP/1.1" 200 994
188.165.15.130 - - [01/Jan/2015:05:49:39 -0500] "GET /BLA/resoluciones/RESOLUCIONES%202004/RES%202004%201751-1800/00001752.tif HTTP/1.1" 200 143666
66.249.64.167 - - [01/Jan/2015:05:50:22 -0500] "GET /BLA/boletinlegal/Circulares/2010/Circular%2006%20de%208%20de%20septiembre%20de%202010.pdf HTTP/1.1" 200 4657752
100.43.85.25 - - [01/Jan/2015:05:51:04 -0500] "GET /PruebasSTORM/StormSDA_pruebas/userFiles/user_files/formulas/3/448.xml HTTP/1.1" 200 875
74.86.158.107 - - [01/Jan/2015:05:51:18 -0500] "HEAD / HTTP/1.1" 302 -
66.249.64.163 - - [01/Jan/2015:05:52:31 -0500] "GET /BLA/resoluciones/AUTOS%202006/AUTOS%202006%201-100/00000009.tif HTTP/1.1" 200 225680
100.43.85.25 - - [01/Jan/2015:05:52:38 -0500] "GET /PruebasSTORM/StormSDA_pruebas/userFiles/user_files/formulas/3/481.xml HTTP/1.1" 200 861
188.165.15.192 - - [01/Jan/2015:05:53:25 -0500] "GET /BLA/resoluciones/RESOLUCIONES%202002/RES%202002%20151-200/2002RES168.tif HTTP/1.1" 200 201748
66.249.64.167 - - [01/Jan/2015:05:53:27 -0500] "GET /BLA/resoluciones/AUTOS%202008/2508.pdf HTTP/1.1" 200 100920
188.165.15.44 - - [01/Jan/2015:05:53:49 -0500] "GET /manual_funciones_Listado/index.php?dir=2.2.2.+Subdirecci%F3n+de+Silvicultura%2C+Flora+y+Fauna+Silvestre%2F HTTP/1.1" 404 1018
89.188.144.9 - - [01/Jan/2015:05:53:55 -0500] "GET /wp/wp-admin/ HTTP/1.1" 404 1018
100.43.85.25 - - [01/Jan/2015:05:54:12 -0500] "GET /PruebasSTORM/StormSDA_pruebas/userFiles/user_files/formulas/3/695.xml HTTP/1.1" 200 967
180.76.5.166 - - [01/Jan/2015:05:54:59 -0500] "GET /videos/NuestraGente_EducadoresAmb.flv HTTP/1.1" 200 79832813
66.249.64.171 - - [01/Jan/2015:05:55:22 -0500] "GET /BLA/resoluciones/AUTOS%202006/AUTOS%202006%202201%20-%202300/00002218.tif HTTP/1.1" 200 62068
100.43.85.25 - - [01/Jan/2015:05:55:46 -0500] "GET /PruebasSTORM/StormSDA_pruebas/userFiles/user_files/formulas/3/329.xml HTTP/1.1" 200 1169
188.165.15.44 - - [01/Jan/2015:05:55:47 -0500] "GET /BLA/resoluciones/RESOLUCIONES%202003/RES%202003%201401-1450/20031428.tif HTTP/1.1" 200 116156
66.249.64.171 - - [01/Jan/2015:05:56:01 -0500] "GET /BLA/resoluciones/RESOLUCIONES%202004/RES%202004%202101-2150/00002149.tif HTTP/1.1" 200 179132
74.86.158.107 - - [01/Jan/2015:05:56:18 -0500] "HEAD / HTTP/1.1" 302 -
188.165.15.85 - - [01/Jan/2015:05:56:31 -0500] "GET /BLA/resoluciones/index.php?dir=RESOLUCIONES%202006/RES%202006%202601-2650/&sort=size&order=asc HTTP/1.1" 200 11939
104.171.2.30 - - [01/Jan/2015:05:56:32 -0500] "GET /old/wp-admin/ HTTP/1.1" 404 1018
100.43.85.25 - - [01/Jan/2015:05:57:19 -0500] "GET /PruebasSTORM/StormSDA_pruebas/userFiles/user_files/formulas/3/470.xml HTTP/1.1" 200 1865
66.249.64.167 - - [01/Jan/2015:05:58:15 -0500] "GET /BLA/resoluciones/RESOLUCIONES%202013/0574.pdf HTTP/1.1" 304 -
66.249.64.171 - - [01/Jan/2015:05:58:37 -0500] "GET /BLA/resoluciones/RESOLUCIONES%202013/0176.pdf HTTP/1.1" 200 488319
100.43.85.25 - - [01/Jan/2015:05:58:53 -0500] "GET /PruebasSTORM/StormSDA_pruebas/userFiles/user_files/formulas/3/373.xml HTTP/1.1" 200 871
188.165.15.78 - - [01/Jan/2015:05:59:50 -0500] "GET /BLA/resoluciones/RESOLUCIONES%202002/RES%202002%201501-1550/20021518.tif HTTP/1.1" 200 108422
66.249.64.171 - - [01/Jan/2015:05:59:52 -0500] "GET /BLA/resoluciones/RESOLUCIONES%202009/6886.pdf HTTP/1.1" 200 342353
100.43.85.25 - - [01/Jan/2015:06:00:27 -0500] "GET /PruebasSTORM/StormSDA_pruebas/userFiles/user_files/formulas/3/472.xml HTTP/1.1" 200 1871
188.165.15.44 - - [01/Jan/2015:06:00:48 -0500] "GET /BLA/resoluciones/RESOLUCIONES%202006/RES%202006%201451-1500/00001472.tif HTTP/1.1" 200 199562
74.86.158.107 - - [01/Jan/2015:06:01:18 -0500] "HEAD / HTTP/1.1" 302 -
100.43.85.25 - - [01/Jan/2015:06:02:00 -0500] "GET /PruebasSTORM/StormSDA_pruebas/userFiles/user_files/formulas/3/577.xml HTTP/1.1" 200 1017
66.249.64.167 - - [01/Jan/2015:06:02:16 -0500] "GET /BLA/resoluciones/AUTOS%202006/AUTOS%202006%202201%20-%202300/00002233.tif HTTP/1.1" 200 56052
89.188.144.9 - - [01/Jan/2015:06:03:31 -0500] "GET /old/wp-admin/ HTTP/1.1" 404 1018
100.43.85.25 - - [01/Jan/2015:06:03:34 -0500] "GET /PruebasSTORM/StormSDA_pruebas/userFiles/user_files/formulas/3/601.xml HTTP/1.1" 200 994
66.249.64.163 - - [01/Jan/2015:06:03:47 -0500] "GET /BLA/resoluciones/RESOLUCIONES%202013/2038.pdf HTTP/1.1" 200 3177175
188.165.15.37 - - [01/Jan/2015:06:04:06 -0500] "GET /BLA/resoluciones/index.php?dir=RESOLUCIONES%202003/&sort=size&order=asc HTTP/1.1" 200 12286
100.43.85.25 - - [01/Jan/2015:06:05:08 -0500] "GET /PruebasSTORM/StormSDA_pruebas/userFiles/user_files/formulas/3/685.xml HTTP/1.1" 200 972
66.249.64.39 - - [01/Jan/2015:06:05:22 -0500] "GET /Anexos%20estudio%20Organizacional%20SDA/ANEXO%20No.%203-%20CONTRATACI%C3%93N%20%20OPS%C2%B4s%202008-2012/CONTRATOS%20SDA%202009%20POR%20DEPENDENCIA%20(1).xls HTTP/1.1" 304 -
188.165.15.208 - - [01/Jan/2015:06:06:13 -0500] "GET /BLA/resoluciones/RESOLUCIONES%202005/RES%202005%201001-1050/00001014.tif HTTP/1.1" 200 133584
188.165.15.26 - - [01/Jan/2015:06:06:13 -0500] "GET /BLA/resoluciones/RESOLUCIONES%202006/RES%202006%201801-1850/00001820.tif HTTP/1.1" 200 618340
74.86.158.107 - - [01/Jan/2015:06:06:18 -0500] "HEAD / HTTP/1.1" 302 -
108.175.159.38 - - [01/Jan/2015:06:06:33 -0500] "GET /webdav/x32.php?host=46.252.199.1&port=80&time=428&type=UDP&key=48849594 HTTP/1.1" 404 1018
188.165.15.78 - - [01/Jan/2015:06:06:35 -0500] "GET /BLA/resoluciones/RESOLUCIONES%202006/RES%202006%20901-950/00000908.tif HTTP/1.1" 200 220518
100.43.85.25 - - [01/Jan/2015:06:06:42 -0500] "GET /PruebasSTORM/StormSDA_pruebas/userFiles/user_files/formulas/3/626.xml HTTP/1.1" 200 1001
188.165.15.26 - - [01/Jan/2015:06:06:45 -0500] "GET /BLA/resoluciones/RESOLUCIONES%202003/RES%202003%20751-800/751.tif HTTP/1.1" 200 363400
100.43.85.25 - - [01/Jan/2015:06:08:16 -0500] "GET /PruebasSTORM/StormSDA_pruebas/userFiles/user_files/formulas/3/293.xml HTTP/1.1" 200 933
188.165.15.23 - - [01/Jan/2015:06:08:49 -0500] "GET /BLA/resoluciones/RESOLUCIONES%202003/RES%202003%201201-1250/2003RES1223.tif HTTP/1.1" 200 209000
181.241.207.202 - - [01/Jan/2015:06:09:00 -0500] "GET /BLA/resoluciones/RESOLUCIONES%202010/7268.pdf HTTP/1.1" 200 227836
66.249.64.167 - - [01/Jan/2015:06:09:01 -0500] "GET /BLA/resoluciones/RESOLUCIONES%202013/1095.pdf HTTP/1.1" 200 773644
181.241.207.202 - - [01/Jan/2015:06:09:07 -0500] "GET /BLA/resoluciones/RESOLUCIONES%202010/7268.pdf HTTP/1.1" 200 227836
66.249.64.163 - - [01/Jan/2015:06:09:13 -0500] "GET /BLA/resoluciones/AUTOS%202006/AUTOS%202006%202201%20-%202300/00002254.tif HTTP/1.1" 200 73276
100.43.85.25 - - [01/Jan/2015:06:09:49 -0500] "GET /PruebasSTORM/StormSDA_pruebas/userFiles/user_files/formulas/3/264.xml HTTP/1.1" 200 926
207.46.13.15 - - [01/Jan/2015:06:09:57 -0500] "GET /robots.txt HTTP/1.1" 404 1019
188.165.15.10 - - [01/Jan/2015:06:11:04 -0500] "GET /BLA/resoluciones/RESOLUCIONES%202005/RES%202005%201201-1250/00001246.tif HTTP/1.1" 200 181742
74.86.158.107 - - [01/Jan/2015:06:11:18 -0500] "HEAD / HTTP/1.1" 302 -
188.165.15.26 - - [01/Jan/2015:06:11:23 -0500] "GET /BLA/resoluciones/RESOLUCIONES%202002/RES%202002%201851-1900/20021893.tif HTTP/1.1" 200 75028
100.43.85.25 - - [01/Jan/2015:06:11:23 -0500] "GET /PruebasSTORM/StormSDA_pruebas/userFiles/user_files/formulas/3/628.xml HTTP/1.1" 200 993
66.249.64.171 - - [01/Jan/2015:06:12:30 -0500] "GET /BLA/resoluciones/AUTOS%202006/AUTOS%202006%201-100/00000083.tif HTTP/1.1" 200 57110
100.43.85.25 - - [01/Jan/2015:06:12:57 -0500] "GET /PruebasSTORM/StormSDA_pruebas/userFiles/user_files/formulas/3/683.xml HTTP/1.1" 200 972
188.165.15.37 - - [01/Jan/2015:06:13:05 -0500] "GET /BLA/resoluciones/RESOLUCIONES%202002/RES%202002%201601-1650/20021639.tif HTTP/1.1" 200 109080
207.46.13.133 - - [01/Jan/2015:06:13:31 -0500] "GET /robots.txt HTTP/1.1" 404 1018
220.181.108.104 - - [01/Jan/2015:06:13:37 -0500] "GET / HTTP/1.1" 302 -
66.249.64.171 - - [01/Jan/2015:06:14:07 -0500] "GET /BLA/resoluciones/AUTOS%202014/1122.pdf HTTP/1.1" 200 424126
123.125.71.53 - - [01/Jan/2015:06:14:12 -0500] "GET / HTTP/1.1" 302 -
100.43.85.25 - - [01/Jan/2015:06:14:30 -0500] "GET /PruebasSTORM/StormSDA_pruebas/userFiles/user_files/formulas/3/705.xml HTTP/1.1" 200 970
207.46.13.133 - - [01/Jan/2015:06:15:31 -0500] "GET /videos/galeria-fotografica/index9.html? HTTP/1.1" 200 1971
112.111.188.95 - - [01/Jan/2015:06:16:02 -0500] "GET /BLA/resoluciones/RESOLUCIONES%202012/0317.pdf HTTP/1.1" 200 380151
100.43.85.25 - - [01/Jan/2015:06:16:04 -0500] "GET /PruebasSTORM/StormSDA_pruebas/userFiles/user_files/formulas/3/707.xml HTTP/1.1" 200 960
66.249.64.171 - - [01/Jan/2015:06:16:18 -0500] "GET /robots.txt HTTP/1.1" 404 1018
66.249.64.163 - - [01/Jan/2015:06:16:18 -0500] "GET /BLA/resoluciones/AUTOS%202006/AUTOS%202006%202201%20-%202300/00002231.tif HTTP/1.1" 200 57312
74.86.158.107 - - [01/Jan/2015:06:16:18 -0500] "HEAD / HTTP/1.1" 302 -
112.111.188.95 - - [01/Jan/2015:06:16:27 -0500] "POST /BLA/resoluciones/RESOLUCIONES%202012/0317.pdf/trackback/ HTTP/1.1" 404 1292
66.249.64.163 - - [01/Jan/2015:06:17:32 -0500] "GET /Autoliquidacion/Solicitud%20de%20Licencia%20Ambiental/Aplicativo%20Eval%202014.htm HTTP/1.1" 200 373
100.43.85.25 - - [01/Jan/2015:06:17:38 -0500] "GET /PruebasSTORM/StormSDA_pruebas/userFiles/user_files/formulas/3/318.xml HTTP/1.1" 200 1166
188.165.15.10 - - [01/Jan/2015:06:17:59 -0500] "GET /BLA/resoluciones/RESOLUCIONES%202002/RES%202002%201201-1250/20021232.tif HTTP/1.1" 200 101962
100.43.85.25 - - [01/Jan/2015:06:19:11 -0500] "GET /PruebasSTORM/StormSDA_pruebas/userFiles/user_files/formulas/3/176.xml HTTP/1.1" 200 1022
66.249.64.167 - - [01/Jan/2015:06:19:17 -0500] "GET /BLA/resoluciones/Notificaciones/AUTOS%202014/2002.doc HTTP/1.1" 200 228864
66.249.64.163 - - [01/Jan/2015:06:19:23 -0500] "GET /BLA/resoluciones/RESOLUCIONES%202007/RES%202007%204101%20AL%204200/RESOLUCION%204165%20DE%202007.pdf HTTP/1.1" 304 -
146.0.42.58 - - [01/Jan/2015:06:20:07 -0500] "GET /robots.txt HTTP/1.0" 404 1015
146.0.42.58 - - [01/Jan/2015:06:20:09 -0500] "GET /portalsiaccapacitaciones/Soportes%20Capacitaciones%20A%C3%B1o%202014/?C=D;O=A HTTP/1.0" 200 18973
146.0.42.58 - - [01/Jan/2015:06:20:14 -0500] "GET /portalsiaccapacitaciones/Soportes%20Capacitaciones%20A%C3%B1o%202014/?C=M;O=A HTTP/1.0" 200 18973
66.249.64.163 - - [01/Jan/2015:06:20:22 -0500] "GET /BLA/resoluciones/RESOLUCIONES%202012/1854.pdf HTTP/1.1" 200 834878
146.0.42.58 - - [01/Jan/2015:06:20:21 -0500] "GET /portalsiaccapacitaciones/Soportes%20Capacitaciones%20A%C3%B1o%202014/?C=N;O=D HTTP/1.0" 200 18973
100.43.85.25 - - [01/Jan/2015:06:20:45 -0500] "GET /PruebasSTORM/StormSDA_pruebas/userFiles/user_files/formulas/3/564.xml HTTP/1.1" 200 994
74.86.158.107 - - [01/Jan/2015:06:21:18 -0500] "HEAD / HTTP/1.1" 302 -
100.43.85.25 - - [01/Jan/2015:06:22:19 -0500] "GET /PruebasSTORM/StormSDA_pruebas/userFiles/user_files/formulas/3/552.xml HTTP/1.1" 200 1002
188.165.15.37 - - [01/Jan/2015:06:22:35 -0500] "GET /BLA/resoluciones/RESOLUCIONES%202003/RES%202003%202001-2051/20032004.tif HTTP/1.1" 200 207104
108.175.159.38 - - [01/Jan/2015:06:22:53 -0500] "GET /webdav/x32.php?host=46.252.199.1&port=80&time=428&type=UDP&key=48849594 HTTP/1.1" 404 1018
66.249.64.167 - - [01/Jan/2015:06:23:07 -0500] "GET /BLA/resoluciones/AUTOS%202006/AUTOS%202006%202201%20-%202300/00002273.tif HTTP/1.1" 200 73738
100.43.85.25 - - [01/Jan/2015:06:23:53 -0500] "GET /PruebasSTORM/StormSDA_pruebas/userFiles/user_files/formulas/3/644.xml HTTP/1.1" 200 1034
66.249.64.163 - - [01/Jan/2015:06:24:27 -0500] "GET /BLA/resoluciones/RESOLUCIONES%202013/1361.pdf HTTP/1.1" 200 680558
66.249.64.167 - - [01/Jan/2015:06:24:49 -0500] "GET /BLA/resoluciones/RESOLUCIONES%202004/RES%202004%201251-1300/00001292.tif HTTP/1.1" 200 85440
180.76.5.145 - - [01/Jan/2015:06:24:59 -0500] "GET /POT-2013/index.php?dir=memoria+justificativa%2F HTTP/1.1" 200 2484
100.43.85.25 - - [01/Jan/2015:06:25:26 -0500] "GET /PruebasSTORM/StormSDA_pruebas/userFiles/user_files/formulas/3/490.xml HTTP/1.1" 200 843
188.165.15.192 - - [01/Jan/2015:06:25:31 -0500] "GET /BLA/resoluciones/RESOLUCIONES%202006/RES%202006%201401-1450/00001402.tif HTTP/1.1" 200 213234
74.86.158.107 - - [01/Jan/2015:06:26:18 -0500] "HEAD / HTTP/1.1" 302 -
100.43.85.25 - - [01/Jan/2015:06:27:00 -0500] "GET /PruebasSTORM/StormSDA_pruebas/userFiles/user_files/formulas/3/443.xml HTTP/1.1" 200 871
100.43.85.25 - - [01/Jan/2015:06:28:34 -0500] "GET /PruebasSTORM/StormSDA_pruebas/userFiles/user_files/formulas/3/199.xml HTTP/1.1" 200 979
180.76.5.58 - - [01/Jan/2015:06:29:08 -0500] "GET /BLA/resoluciones/index.php?dir=RESOLUCIONES%202006/RES%202006%201401-1450/&sort=date&order=desc HTTP/1.1" 200 12366
66.249.64.171 - - [01/Jan/2015:06:29:37 -0500] "GET /BLA/resoluciones/Notificaciones/AUTOS%202014/6049.doc HTTP/1.1" 200 154624
66.249.64.171 - - [01/Jan/2015:06:30:05 -0500] "GET /BLA/resoluciones/AUTOS%202006/AUTOS%202006%202201%20-%202300/00002230.tif HTTP/1.1" 200 56204
100.43.85.25 - - [01/Jan/2015:06:30:07 -0500] "GET /PruebasSTORM/StormSDA_pruebas/userFiles/user_files/formulas/3/259.xml HTTP/1.1" 200 942
188.165.15.37 - - [01/Jan/2015:06:31:18 -0500] "GET /BLA/resoluciones/RESOLUCIONES%202003/RES%202003%202101-2150/20032106.tif HTTP/1.1" 200 34590
74.86.158.107 - - [01/Jan/2015:06:31:18 -0500] "HEAD / HTTP/1.1" 302 -
201.184.110.82 - - [01/Jan/2015:06:31:22 -0500] "GET /BLA/boletinlegal/js/jquery.scrollShow.js HTTP/1.1" 200 4586
201.184.110.82 - - [01/Jan/2015:06:31:22 -0500] "GET /BLA/boletinlegal/js/jquery.js HTTP/1.1" 200 57254
201.184.110.82 - - [01/Jan/2015:06:31:22 -0500] "GET /BLA/boletinlegal/js/jquery.scrollTo-min.js HTTP/1.1" 200 1150
100.43.85.25 - - [01/Jan/2015:06:31:41 -0500] "GET /PruebasSTORM/StormSDA_pruebas/userFiles/user_files/formulas/3/630.xml HTTP/1.1" 200 991
66.249.64.167 - - [01/Jan/2015:06:32:29 -0500] "GET /BLA/resoluciones/AUTOS%202006/AUTOS%202006%201-100/00000026.tif HTTP/1.1" 200 96728
188.165.15.10 - - [01/Jan/2015:06:32:57 -0500] "GET /BLA/resoluciones/RESOLUCIONES%202004/RES%202004%201251-1300/INDEX.DAT HTTP/1.1" 200 2000
188.165.15.10 - - [01/Jan/2015:06:33:08 -0500] "GET /BLA/resoluciones/index.php?dir=RESOLUCIONES%202005/RES%202005%202501-2550/&sort=name&order=asc HTTP/1.1" 200 12365
100.43.85.25 - - [01/Jan/2015:06:33:15 -0500] "GET /PruebasSTORM/StormSDA_pruebas/userFiles/user_files/formulas/3/605.xml HTTP/1.1" 200 993
188.165.15.85 - - [01/Jan/2015:06:33:55 -0500] "GET /BLA/resoluciones/RESOLUCIONES%202003/RES%202003%20051-100/2003RES60.tif HTTP/1.1" 200 97960
66.249.64.163 - - [01/Jan/2015:06:34:47 -0500] "GET /BLA/resoluciones/AUTOS%202014/5860.pdf HTTP/1.1" 200 111969
100.43.85.25 - - [01/Jan/2015:06:34:48 -0500] "GET /PruebasSTORM/StormSDA_pruebas/userFiles/user_files/formulas/3/408.xml HTTP/1.1" 200 869
66.249.64.163 - - [01/Jan/2015:06:35:22 -0500] "GET /BLA/resoluciones/RESOLUCIONES%202007/RES%202007%20501%20AL%20600/RESOLUCION%200546%20DE%202007.pdf HTTP/1.1" 304 -
188.165.15.10 - - [01/Jan/2015:06:36:09 -0500] "GET /BLA/resoluciones/RESOLUCIONES%202003/RES%202003%20651-700/653.tif HTTP/1.1" 200 98304
74.86.158.107 - - [01/Jan/2015:06:36:18 -0500] "HEAD / HTTP/1.1" 302 -
100.43.85.25 - - [01/Jan/2015:06:36:22 -0500] "GET /PruebasSTORM/StormSDA_pruebas/userFiles/user_files/formulas/3/446.xml HTTP/1.1" 200 873
188.165.15.192 - - [01/Jan/2015:06:37:10 -0500] "GET /BLA/resoluciones/RESOLUCIONES%202005/RES%202005%201-50/00000019.tif HTTP/1.1" 200 275224
66.249.64.171 - - [01/Jan/2015:06:37:16 -0500] "GET /BLA/resoluciones/AUTOS%202006/AUTOS%202006%202201%20-%202300/00002284.tif HTTP/1.1" 200 72728
185.13.202.230 - - [01/Jan/2015:06:37:27 -0500] "GET /BLA/boletinlegal/js/jquery.js HTTP/1.1" 200 57254
185.13.202.230 - - [01/Jan/2015:06:37:27 -0500] "GET /BLA/boletinlegal/js/jquery.scrollTo-min.js HTTP/1.1" 200 1150
185.13.202.230 - - [01/Jan/2015:06:37:27 -0500] "GET /BLA/boletinlegal/js/jquery.scrollShow.js HTTP/1.1" 200 4586
100.43.85.25 - - [01/Jan/2015:06:37:56 -0500] "GET /PruebasSTORM/StormSDA_pruebas/userFiles/user_files/formulas/3/632.xml HTTP/1.1" 200 983
180.76.5.71 - - [01/Jan/2015:06:38:14 -0500] "GET /BLA/resoluciones/RESOLUCIONES%202011/1430.pdf HTTP/1.1" 200 71543
188.165.15.85 - - [01/Jan/2015:06:39:15 -0500] "GET /BLA/resoluciones/RESOLUCIONES%202003/RES%202003%201951-2000/00001966.tif HTTP/1.1" 200 89840
100.43.85.25 - - [01/Jan/2015:06:39:30 -0500] "GET /PruebasSTORM/StormSDA_pruebas/userFiles/user_files/formulas/3/421.xml HTTP/1.1" 200 873
66.249.64.163 - - [01/Jan/2015:06:39:58 -0500] "GET /BLA/resoluciones/Notificaciones/AUTOS%202014/5724.doc HTTP/1.1" 200 152576
68.180.229.40 - - [01/Jan/2015:06:39:27 -0500] "GET /BLA/boletinlegal/index.php HTTP/1.1" 200 49381
100.43.85.25 - - [01/Jan/2015:06:41:03 -0500] "GET /PruebasSTORM/StormSDA_pruebas/userFiles/user_files/formulas/3/502.xml HTTP/1.1" 200 996
74.86.158.107 - - [01/Jan/2015:06:41:18 -0500] "HEAD / HTTP/1.1" 302 -
180.76.5.170 - - [01/Jan/2015:06:41:24 -0500] "GET /BLA/boletinlegal;jsessionid=236B4E51BCB1998F51EF0C8AD80F0436?/? HTTP/1.1" 404 1018
188.165.15.23 - - [01/Jan/2015:06:42:07 -0500] "GET /BLA/resoluciones/RESOLUCIONES%202005/RES%202005%202601-2650/00002602.tif HTTP/1.1" 200 240194
100.43.85.25 - - [01/Jan/2015:06:42:37 -0500] "GET /PruebasSTORM/StormSDA_pruebas/userFiles/user_files/formulas/3/687.xml HTTP/1.1" 200 967
188.165.15.37 - - [01/Jan/2015:06:43:43 -0500] "GET /BLA/resoluciones/RESOLUCIONES%202005/RES%202005%203001-3050/00003013.tif HTTP/1.1" 200 197700
66.249.64.163 - - [01/Jan/2015:06:43:57 -0500] "GET /BLA/resoluciones/AUTOS%202006/AUTOS%202006%202201%20-%202300/00002211.tif HTTP/1.1" 200 82442
188.165.15.208 - - [01/Jan/2015:06:44:07 -0500] "GET /BLA/resoluciones/index.php?dir=RESOLUCIONES%202003/RES%202003%20101-150/&sort=name&order=asc HTTP/1.1" 200 12355
100.43.85.25 - - [01/Jan/2015:06:44:11 -0500] "GET /PruebasSTORM/StormSDA_pruebas/userFiles/user_files/formulas/3/499.xml HTTP/1.1" 200 977
199.30.24.140 - - [01/Jan/2015:06:44:45 -0500] "GET /galeria/nivo-slider/demo/images/bolsas-06.jpg HTTP/1.1" 200 90982
199.30.24.140 - - [01/Jan/2015:06:44:46 -0500] "GET /galeria/nivo-slider/themes/default/bullets.png HTTP/1.1" 200 1281
199.30.24.140 - - [01/Jan/2015:06:44:47 -0500] "GET /videos/Spot_CambioClimatico.flv HTTP/1.1" 200 4371917
66.249.64.171 - - [01/Jan/2015:06:45:08 -0500] "GET /BLA/resoluciones/AUTOS%202014/5961.pdf HTTP/1.1" 200 3765468
188.165.15.37 - - [01/Jan/2015:06:45:17 -0500] "GET /BLA/resoluciones/RESOLUCIONES%202003/RES%202003%20051-100/2003RES64.tif HTTP/1.1" 200 257064
100.43.85.25 - - [01/Jan/2015:06:45:44 -0500] "GET /PruebasSTORM/StormSDA_pruebas/userFiles/user_files/formulas/3/378.xml HTTP/1.1" 200 875
74.86.158.107 - - [01/Jan/2015:06:46:21 -0500] "HEAD / HTTP/1.1" 302 -
100.43.85.25 - - [01/Jan/2015:06:47:18 -0500] "GET /PruebasSTORM/StormSDA_pruebas/userFiles/user_files/formulas/3/342.xml HTTP/1.1" 200 853
100.43.85.25 - - [01/Jan/2015:06:48:52 -0500] "GET /PruebasSTORM/StormSDA_pruebas/userFiles/user_files/formulas/3/563.xml HTTP/1.1" 200 991
190.25.232.143 - - [01/Jan/2015:06:49:16 -0500] "GET /galeria/nivo-slider/demo/images/Biotaxis-Man.jpg HTTP/1.1" 304 -
66.249.64.167 - - [01/Jan/2015:06:50:18 -0500] "GET /BLA/resoluciones/AUTOS%202014/1700.pdf HTTP/1.1" 200 319178
66.249.64.167 - - [01/Jan/2015:06:50:22 -0500] "GET /galeria/mapa/humedal.html HTTP/1.1" 304 -
100.43.85.25 - - [01/Jan/2015:06:50:25 -0500] "GET /PruebasSTORM/StormSDA_pruebas/userFiles/user_files/formulas/3/619.xml HTTP/1.1" 200 1010
188.165.15.23 - - [01/Jan/2015:06:50:30 -0500] "GET /BLA/resoluciones/index.php?dir=RESOLUCIONES%202005/RES%202005%20801-850/&sort=date&order=asc HTTP/1.1" 200 12246
66.249.64.167 - - [01/Jan/2015:06:50:56 -0500] "GET /BLA/resoluciones/AUTOS%202006/AUTOS%202006%202201%20-%202300/00002208.tif HTTP/1.1" 200 266044
188.165.15.44 - - [01/Jan/2015:06:51:12 -0500] "GET /BLA/resoluciones/RESOLUCIONES%202004/RES%202004%201651-1700/00001666.tif HTTP/1.1" 200 148864
74.86.158.107 - - [01/Jan/2015:06:51:18 -0500] "HEAD / HTTP/1.1" 302 -
66.249.64.163 - - [01/Jan/2015:06:51:50 -0500] "GET /BLA/boletinlegal/js/jquery.scrollTo-min.js HTTP/1.1" 200 1150
66.249.64.163 - - [01/Jan/2015:06:51:51 -0500] "GET /BLA/boletinlegal/js/jquery.scrollShow.js HTTP/1.1" 200 4586
66.249.64.167 - - [01/Jan/2015:06:51:51 -0500] "GET /BLA/boletinlegal/js/jquery.js HTTP/1.1" 200 57254
100.43.85.25 - - [01/Jan/2015:06:51:59 -0500] "GET /PruebasSTORM/StormSDA_pruebas/userFiles/user_files/formulas/3/280.xml HTTP/1.1" 200 965
66.249.64.167 - - [01/Jan/2015:06:52:28 -0500] "GET /BLA/resoluciones/AUTOS%202006/AUTOS%202006%201-100/00000093.tif HTTP/1.1" 200 50954
100.43.85.25 - - [01/Jan/2015:06:53:33 -0500] "GET /PruebasSTORM/StormSDA_pruebas/userFiles/user_files/formulas/3/436.xml HTTP/1.1" 200 879
66.249.64.163 - - [01/Jan/2015:06:53:37 -0500] "GET /BLA/resoluciones/RESOLUCIONES%202004/RES%202004%201701-1750/00001725.tif HTTP/1.1" 200 282828
180.76.5.27 - - [01/Jan/2015:06:54:59 -0500] "GET /StormSDA/ HTTP/1.1" 200 4409
188.165.15.78 - - [01/Jan/2015:06:54:59 -0500] "GET /BLA/resoluciones/RESOLUCIONES%202003/RES%202003%201651-1700/20031672.tif HTTP/1.1" 200 75136
100.43.85.25 - - [01/Jan/2015:06:55:06 -0500] "GET /PruebasSTORM/StormSDA_pruebas/userFiles/user_files/formulas/3/255.xml HTTP/1.1" 200 796
66.249.64.163 - - [01/Jan/2015:06:55:28 -0500] "GET /BLA/resoluciones/RESOLUCIONES%202013/1240.pdf HTTP/1.1" 200 827985
180.76.5.197 - - [01/Jan/2015:06:56:13 -0500] "GET /BLA/boletinlegal;jsessionid=1235A66C912C88AE4FEF1F4BAE7C18D5?/? HTTP/1.1" 404 1018
74.86.158.107 - - [01/Jan/2015:06:56:18 -0500] "HEAD / HTTP/1.1" 302 -
100.43.85.25 - - [01/Jan/2015:06:56:40 -0500] "GET /PruebasSTORM/StormSDA_pruebas/userFiles/user_files/formulas/3/398.xml HTTP/1.1" 200 865
188.165.15.10 - - [01/Jan/2015:06:57:17 -0500] "GET /BLA/resoluciones/RESOLUCIONES%202004/RES%202004%201201-1250/00001249.tif HTTP/1.1" 200 142408
152.61.128.66 - - [01/Jan/2015:06:57:21 -0500] "HEAD / HTTP/1.1" 302 -
152.61.128.66 - - [01/Jan/2015:06:57:21 -0500] "GET /arcgis/services/Calidad_del_Agua_WQI/MapServer/WMSServer?request=GetCapabilities&service=WMS HTTP/1.1" 200 32135
152.61.128.66 - - [01/Jan/2015:06:57:22 -0500] "GET /arcgis/services/Calidad_del_Agua_WQI/MapServer/WMSServer?request=GetCapabilities&service=WMS HTTP/1.0" 200 32135
152.61.128.66 - - [01/Jan/2015:06:57:23 -0500] "GET /arcgis/services/Calidad_del_Agua_WQI/MapServer/WMSServer?request=GetCapabilities&service=WMS HTTP/1.0" 200 32135
152.61.128.66 - - [01/Jan/2015:06:57:24 -0500] "GET /arcgis/services/Calidad_del_Agua_WQI/MapServer/WMSServer?request=GetCapabilities&service=WMS HTTP/1.0" 200 32135
152.61.128.66 - - [01/Jan/2015:06:57:25 -0500] "GET /arcgis/services/Calidad_del_Agua_WQI/MapServer/WMSServer?VERSION=1.1.1&REQUEST=GetMap&LAYERS=0&SRS=EPSG:4326&BBOX=-74.473395,3.674381,-73.963300,4.920569&WIDTH=250&HEIGHT=250&FORMAT=image/bmp&STYLES=& HTTP/1.1" 200 188054
66.249.64.163 - - [01/Jan/2015:06:57:42 -0500] "GET /BLA/resoluciones/AUTOS%202006/AUTOS%202006%202201%20-%202300/00002236.tif HTTP/1.1" 200 54010
188.165.15.37 - - [01/Jan/2015:06:57:56 -0500] "GET /BLA/resoluciones/RESOLUCIONES%202004/RES%202004%202001-2050/00002049.tif HTTP/1.1" 200 135470
188.165.15.130 - - [01/Jan/2015:06:58:02 -0500] "GET /BLA/resoluciones/RESOLUCIONES%202003/RES%202003%20801-850/834.tif HTTP/1.1" 200 114428
100.43.85.25 - - [01/Jan/2015:06:58:14 -0500] "GET /PruebasSTORM/StormSDA_pruebas/userFiles/user_files/formulas/3/194.xml HTTP/1.1" 200 1026
100.43.85.25 - - [01/Jan/2015:06:59:47 -0500] "GET /PruebasSTORM/StormSDA_pruebas/userFiles/user_files/formulas/3/257.xml HTTP/1.1" 200 951
66.249.64.163 - - [01/Jan/2015:07:00:38 -0500] "GET /BLA/resoluciones/RESOLUCIONES%202013/1202.pdf HTTP/1.1" 200 368295
190.25.232.143 - - [01/Jan/2015:07:01:17 -0500] "GET /galeria/nivo-slider/themes/orman/orman.css HTTP/1.1" 304 -
74.86.158.107 - - [01/Jan/2015:07:01:18 -0500] "HEAD / HTTP/1.1" 302 -
100.43.85.25 - - [01/Jan/2015:07:01:21 -0500] "GET /PruebasSTORM/StormSDA_pruebas/userFiles/user_files/formulas/3/603.xml HTTP/1.1" 200 993
188.165.15.37 - - [01/Jan/2015:07:02:48 -0500] "GET /BLA/resoluciones/RESOLUCIONES%202003/RES%202003%201151-1200/1151.tif HTTP/1.1" 200 151572
100.43.85.25 - - [01/Jan/2015:07:02:55 -0500] "GET /PruebasSTORM/StormSDA_pruebas/userFiles/user_files/formulas/3/316.xml HTTP/1.1" 200 1164
180.76.5.196 - - [01/Jan/2015:07:02:56 -0500] "GET /BLA/resoluciones/AUTOS%202011/2470.pdf HTTP/1.1" 200 153077
188.165.15.44 - - [01/Jan/2015:07:03:00 -0500] "GET /BLA/resoluciones/RESOLUCIONES%202003/RES%202003%20701-750/736.tif HTTP/1.1" 200 58652
188.165.15.188 - - [01/Jan/2015:07:03:41 -0500] "GET /BLA/resoluciones/RESOLUCIONES%202006/RES%202006%20101-150/00000115.tif HTTP/1.1" 200 183170
100.43.85.25 - - [01/Jan/2015:07:04:28 -0500] "GET /PruebasSTORM/StormSDA_pruebas/userFiles/user_files/formulas/3/331.xml HTTP/1.1" 200 850
66.249.64.167 - - [01/Jan/2015:07:04:55 -0500] "GET /BLA/resoluciones/AUTOS%202006/AUTOS%202006%202201%20-%202300/00002225.tif HTTP/1.1" 200 56212
188.165.15.130 - - [01/Jan/2015:07:05:46 -0500] "GET /BLA/resoluciones/RESOLUCIONES%202005/RES%202005%201-50/RES%202005%201-50/INDEX.DAT HTTP/1.1" 200 2000
66.249.64.163 - - [01/Jan/2015:07:05:48 -0500] "GET /BLA/resoluciones/RESOLUCIONES%202013/1405.pdf HTTP/1.1" 200 890417
100.43.85.25 - - [01/Jan/2015:07:06:02 -0500] "GET /PruebasSTORM/StormSDA_pruebas/userFiles/user_files/formulas/3/430.xml HTTP/1.1" 200 867
74.86.158.107 - - [01/Jan/2015:07:06:18 -0500] "HEAD / HTTP/1.1" 302 -
188.165.15.10 - - [01/Jan/2015:07:07:19 -0500] "GET /BLA/resoluciones/RESOLUCIONES%202002/RES%202002%20501-550/00000536.tif HTTP/1.1" 200 154498
100.43.85.25 - - [01/Jan/2015:07:07:36 -0500] "GET /PruebasSTORM/StormSDA_pruebas/userFiles/user_files/formulas/3/222.xml HTTP/1.1" 200 984
123.125.71.23 - - [01/Jan/2015:07:07:36 -0500] "GET / HTTP/1.1" 302 -
188.186.41.221 - - [01/Jan/2015:07:07:41 -0500] "GET / HTTP/1.0" 302 -
220.181.108.116 - - [01/Jan/2015:07:07:54 -0500] "GET / HTTP/1.1" 302 -
207.46.13.61 - - [01/Jan/2015:07:08:21 -0500] "GET /webfile/?tramite=2712 HTTP/1.1" 200 361
207.46.13.61 - - [01/Jan/2015:07:08:44 -0500] "GET /webfile/?tramite=2712 HTTP/1.1" 200 361
188.165.15.26 - - [01/Jan/2015:07:09:00 -0500] "GET /BLA/resoluciones/RESOLUCIONES%202006/RES%202006%20%203001-3054/00003048.tif HTTP/1.1" 200 323954
68.180.229.40 - - [01/Jan/2015:07:09:08 -0500] "GET /php/CarreraAdministrativa/HERRAMIENTA_EVALUACION_SDA1_NIVEL_ASISTENCIAL_2010.pdf HTTP/1.1" 404 1018
100.43.85.25 - - [01/Jan/2015:07:09:09 -0500] "GET /PruebasSTORM/StormSDA_pruebas/userFiles/user_files/formulas/3/497.xml HTTP/1.1" 200 969
100.43.85.25 - - [01/Jan/2015:07:10:43 -0500] "GET /PruebasSTORM/StormSDA_pruebas/userFiles/user_files/formulas/3/333.xml HTTP/1.1" 200 895
66.249.67.75 - - [01/Jan/2015:07:10:58 -0500] "GET /BLA/resoluciones/AUTOS%202013/1617.pdf HTTP/1.1" 304 -
74.86.158.107 - - [01/Jan/2015:07:11:18 -0500] "HEAD / HTTP/1.1" 302 -
180.76.5.195 - - [01/Jan/2015:07:11:26 -0500] "GET /BLA/resoluciones/Autos%202008/3445.pdf HTTP/1.1" 200 107785
152.61.128.66 - - [01/Jan/2015:07:11:31 -0500] "HEAD / HTTP/1.1" 302 -
152.61.128.66 - - [01/Jan/2015:07:11:31 -0500] "GET /arcgis/services/Calidad_del_Agua_WQI/MapServer/WMSServer?SERVICE=WMS&REQUEST=GetCapabilities HTTP/1.1" 200 32135
152.61.128.66 - - [01/Jan/2015:07:11:31 -0500] "GET /arcgis/services/Calidad_del_Agua_WQI/MapServer/WMSServer?SERVICE=WMS&REQUEST=GetCapabilities HTTP/1.0" 200 32135
152.61.128.66 - - [01/Jan/2015:07:11:32 -0500] "GET /arcgis/services/Calidad_del_Agua_WQI/MapServer/WMSServer?SERVICE=WMS&REQUEST=GetCapabilities HTTP/1.0" 200 32135
152.61.128.66 - - [01/Jan/2015:07:11:33 -0500] "GET /arcgis/services/Calidad_del_Agua_WQI/MapServer/WMSServer?SERVICE=WMS&REQUEST=GetCapabilities HTTP/1.0" 200 32135
152.61.128.66 - - [01/Jan/2015:07:11:34 -0500] "GET /arcgis/services/Calidad_del_Agua_WQI/MapServer/WMSServer?VERSION=1.1.1&REQUEST=GetMap&LAYERS=0&SRS=EPSG:4326&BBOX=-74.473395,3.674381,-73.963300,4.920569&WIDTH=250&HEIGHT=250&FORMAT=image/bmp&STYLES=& HTTP/1.1" 200 188054
152.61.193.99 - - [01/Jan/2015:07:11:45 -0500] "HEAD / HTTP/1.1" 302 -
152.61.193.99 - - [01/Jan/2015:07:11:45 -0500] "GET /arcgis/services/Calidad_del_Agua_WQI/MapServer/WMSServer?request=GetCapabilities&service=WMS HTTP/1.1" 200 32135
152.61.193.99 - - [01/Jan/2015:07:11:46 -0500] "GET /arcgis/services/Calidad_del_Agua_WQI/MapServer/WMSServer?request=GetCapabilities&service=WMS HTTP/1.1" 200 32135
152.61.193.99 - - [01/Jan/2015:07:11:46 -0500] "GET /arcgis/services/Calidad_del_Agua_WQI/MapServer/WMSServer?request=GetCapabilities&service=WMS HTTP/1.1" 200 32135
152.61.193.99 - - [01/Jan/2015:07:11:47 -0500] "GET /arcgis/services/Calidad_del_Agua_WQI/MapServer/WMSServer?request=GetCapabilities&service=WMS HTTP/1.1" 200 32135
152.61.193.99 - - [01/Jan/2015:07:11:48 -0500] "GET /arcgis/services/Calidad_del_Agua_WQI/MapServer/WMSServer?VERSION=1.1.1&REQUEST=GetMap&LAYERS=0&SRS=EPSG:4326&BBOX=-74.473395,3.674381,-73.963300,4.920569&WIDTH=250&HEIGHT=250&FORMAT=image/bmp&STYLES=& HTTP/1.1" 200 188054
66.249.64.163 - - [01/Jan/2015:07:11:51 -0500] "GET /BLA/resoluciones/AUTOS%202006/AUTOS%202006%202201%20-%202300/00002238.tif HTTP/1.1" 200 117832
100.43.85.25 - - [01/Jan/2015:07:12:17 -0500] "GET /PruebasSTORM/StormSDA_pruebas/userFiles/user_files/formulas/3/276.xml HTTP/1.1" 200 943
66.249.64.171 - - [01/Jan/2015:07:12:28 -0500] "GET /BLA/resoluciones/AUTOS%202006/AUTOS%202006%201-100/00000025.tif HTTP/1.1" 200 94376
100.43.85.25 - - [01/Jan/2015:07:13:50 -0500] "GET /PruebasSTORM/StormSDA_pruebas/userFiles/user_files/formulas/3/190.xml HTTP/1.1" 200 1937
66.249.64.171 - - [01/Jan/2015:07:14:11 -0500] "GET /BLA/resoluciones/RESOLUCIONES%202008/0829.pdf HTTP/1.1" 304 -
188.165.15.10 - - [01/Jan/2015:07:15:23 -0500] "GET /BLA/resoluciones/RESOLUCIONES%202003/RES%202003%20451-500/470.tif HTTP/1.1" 200 146328
100.43.85.25 - - [01/Jan/2015:07:15:24 -0500] "GET /PruebasSTORM/StormSDA_pruebas/userFiles/user_files/formulas/3/175.xml HTTP/1.1" 200 1022
66.249.64.167 - - [01/Jan/2015:07:16:08 -0500] "GET /BLA/resoluciones/Notificaciones/AUTOS%202014/5705.doc HTTP/1.1" 200 153600
188.165.15.85 - - [01/Jan/2015:07:16:12 -0500] "GET /BLA/resoluciones/index.php?dir=RESOLUCIONES%202005/RES%202005%201-50/RES%202005%201-50/&sort=name&order=desc HTTP/1.1" 200 2510
74.86.158.107 - - [01/Jan/2015:07:16:21 -0500] "HEAD / HTTP/1.1" 302 -
190.25.232.143 - - [01/Jan/2015:07:16:47 -0500] "GET /galeria/nivo-slider/demo/images/RdaNegociosFiltros.jpg HTTP/1.1" 304 -
100.43.85.25 - - [01/Jan/2015:07:16:58 -0500] "GET /PruebasSTORM/StormSDA_pruebas/userFiles/user_files/formulas/3/417.xml HTTP/1.1" 200 871
207.46.13.133 - - [01/Jan/2015:07:17:14 -0500] "GET /videos/galeria-fotografica/index9.html? HTTP/1.1" 200 1971
190.7.112.8 - - [01/Jan/2015:07:18:26 -0500] "GET /BLA/boletinlegal/js/jquery.js HTTP/1.1" 304 -
190.7.112.8 - - [01/Jan/2015:07:18:26 -0500] "GET /BLA/boletinlegal/js/jquery.scrollShow.js HTTP/1.1" 304 -
190.7.112.8 - - [01/Jan/2015:07:18:26 -0500] "GET /BLA/boletinlegal/js/jquery.scrollTo-min.js HTTP/1.1" 304 -
