190.26.164.138 - - [04/Jan/2015:20:14:17 -0500] "GET /galeria/nivo-slider/nivo-slider.css HTTP/1.1" 200 1507
190.26.164.138 - - [04/Jan/2015:20:14:17 -0500] "GET /galeria/nivo-slider/demo/style.css HTTP/1.1" 200 2222
190.26.164.138 - - [04/Jan/2015:20:14:17 -0500] "GET /galeria/nivo-slider/demo/images/bolsas-08.jpg HTTP/1.1" 200 85589
190.26.164.138 - - [04/Jan/2015:20:14:17 -0500] "GET /galeria/nivo-slider/demo/images/Ruta-vertimientos-01.jpg HTTP/1.1" 200 130151
190.26.164.138 - - [04/Jan/2015:20:14:17 -0500] "GET /galeria/nivo-slider/demo/images/bolsas-06.jpg HTTP/1.1" 200 90982
190.26.164.138 - - [04/Jan/2015:20:14:17 -0500] "GET /galeria/nivo-slider/demo/images/ecolecta-Dic2014.png HTTP/1.1" 200 288593
190.26.164.138 - - [04/Jan/2015:20:14:17 -0500] "GET /galeria/nivo-slider/demo/images/porloshumedales.jpg HTTP/1.1" 200 351238
190.26.164.138 - - [04/Jan/2015:20:14:18 -0500] "GET /galeria/nivo-slider/demo/images/Tingua-azul.jpg HTTP/1.1" 200 307638
190.26.164.138 - - [04/Jan/2015:20:14:18 -0500] "GET /galeria/nivo-slider/demo/images/Banner-Caracol-Africano.jpg HTTP/1.1" 200 331986
190.26.164.138 - - [04/Jan/2015:20:14:20 -0500] "GET /galeria/nivo-slider/demo/images/banner-redes.jpg HTTP/1.1" 200 62209
190.26.164.138 - - [04/Jan/2015:20:14:24 -0500] "GET /galeria/nivo-slider/demo/images/9Signos.jpg HTTP/1.1" 200 93040
190.26.164.138 - - [04/Jan/2015:20:14:24 -0500] "GET /galeria/nivo-slider/demo/images/banner-llantas2.jpg HTTP/1.1" 200 73153
190.26.164.138 - - [04/Jan/2015:20:14:24 -0500] "GET /galeria/nivo-slider/demo/images/banner-caballos.png HTTP/1.1" 200 389106
190.26.164.138 - - [04/Jan/2015:20:14:25 -0500] "GET /galeria/nivo-slider/demo/scripts/jquery-1.7.1.min.js HTTP/1.1" 200 93868
190.26.164.138 - - [04/Jan/2015:20:14:26 -0500] "GET /galeria/nivo-slider/jquery.nivo.slider.pack.js HTTP/1.1" 200 11561
190.26.164.138 - - [04/Jan/2015:20:14:28 -0500] "GET /galeria/nivo-slider/demo/images/4Simple_Slider.png HTTP/1.1" 200 11722
190.26.164.138 - - [04/Jan/2015:20:14:28 -0500] "GET /galeria/nivo-slider/themes/default/loading.gif HTTP/1.1" 200 1737
190.26.164.138 - - [04/Jan/2015:20:14:30 -0500] "GET /galeria/nivo-slider/themes/default/arrows.png HTTP/1.1" 200 824
190.26.164.138 - - [04/Jan/2015:20:14:30 -0500] "GET /galeria/nivo-slider/themes/default/bullets.png HTTP/1.1" 200 1281
201.184.95.190 - - [04/Jan/2015:20:14:41 -0500] "POST /forms/lservlet;jsessionid=ac16012b30d58d28b9a60e5845da9dca86d0c67c5c46.e3iSbxaKaheRe34Sa3yKbhiTahb0n6jAmljGr5XDqQLvpAe HTTP/1.1" 200 2
180.76.6.62 - - [04/Jan/2015:20:14:42 -0500] "GET /BLA/resoluciones/AUTOS%202014/1319.pdf HTTP/1.1" 200 586880
66.249.64.163 - - [04/Jan/2015:20:14:48 -0500] "GET /BLA/resoluciones/AUTOS%202009/0914.pdf HTTP/1.1" 304 -
66.249.64.167 - - [04/Jan/2015:20:15:25 -0500] "GET /BLA/resoluciones/RESOLUCIONES%202008/3799.pdf HTTP/1.1" 304 -
190.66.77.184 - - [04/Jan/2015:20:15:43 -0500] "GET /BLA/resoluciones/RESOLUCIONES%202011/1013.pdf HTTP/1.1" 200 631400
190.66.77.184 - - [04/Jan/2015:20:15:45 -0500] "GET /favicon.ico HTTP/1.1" 200 7782
66.249.64.163 - - [04/Jan/2015:20:15:48 -0500] "GET /BLA/resoluciones/RESOLUCIONES%202009/1666.pdf HTTP/1.1" 200 493351
181.50.241.109 - - [04/Jan/2015:20:15:56 -0500] "POST /forms/lservlet;jsessionid=ac16012b30d52a185366133943c4afb3b3347df04e04.e3iSbxaKaheRe34Sa3yKbhiTahb0n6jAmljGr5XDqQLvpAe HTTP/1.1" 200 2
66.249.64.167 - - [04/Jan/2015:20:16:03 -0500] "GET /BLA/resoluciones/RESOLUCIONES%202012/0388.pdf HTTP/1.1" 304 -
188.165.15.97 - - [04/Jan/2015:20:16:35 -0500] "GET /BLA/resoluciones/RESOLUCIONES%202003/RES%202003%20401-450/416.tif HTTP/1.1" 200 177424
66.249.64.171 - - [04/Jan/2015:20:16:41 -0500] "GET /BLA/resoluciones/RESOLUCIONES%202007/RES%202007%203901%20AL%204000/RESOLUCION%203935%20DE%202007.pdf HTTP/1.1" 304 -
74.86.158.107 - - [04/Jan/2015:20:16:42 -0500] "HEAD / HTTP/1.1" 302 -
201.184.95.190 - - [04/Jan/2015:20:16:42 -0500] "POST /forms/lservlet;jsessionid=ac16012b30d58d28b9a60e5845da9dca86d0c67c5c46.e3iSbxaKaheRe34Sa3yKbhiTahb0n6jAmljGr5XDqQLvpAe HTTP/1.1" 200 2
66.249.64.171 - - [04/Jan/2015:20:17:18 -0500] "GET /BLA/resoluciones/AUTOS%202011/1249.pdf HTTP/1.1" 304 -
96.22.71.11 - - [04/Jan/2015:20:17:23 -0500] "GET /BLA/resoluciones/AUTOS%202013/0493.pdf HTTP/1.1" 200 141017
96.22.71.11 - - [04/Jan/2015:20:17:24 -0500] "GET /BLA/resoluciones/AUTOS%202013/0493.pdf HTTP/1.1" 206 32768
96.22.71.11 - - [04/Jan/2015:20:17:24 -0500] "GET /BLA/resoluciones/AUTOS%202013/0493.pdf HTTP/1.1" 206 32768
96.22.71.11 - - [04/Jan/2015:20:17:25 -0500] "GET /BLA/resoluciones/AUTOS%202013/0493.pdf HTTP/1.1" 206 32768
96.22.71.11 - - [04/Jan/2015:20:17:25 -0500] "GET /BLA/resoluciones/AUTOS%202013/0493.pdf HTTP/1.1" 206 42713
96.22.71.11 - - [04/Jan/2015:20:17:25 -0500] "GET /favicon.ico HTTP/1.1" 200 7782
186.145.5.112 - - [04/Jan/2015:20:17:34 -0500] "GET /BLA/boletinlegal/js/jquery.js HTTP/1.1" 200 57254
186.145.5.112 - - [04/Jan/2015:20:17:34 -0500] "GET /BLA/boletinlegal/js/jquery.scrollShow.js HTTP/1.1" 200 4586
186.145.5.112 - - [04/Jan/2015:20:17:34 -0500] "GET /BLA/boletinlegal/js/jquery.scrollTo-min.js HTTP/1.1" 200 1150
186.145.5.112 - - [04/Jan/2015:20:17:34 -0500] "GET /galeria/carrusel/Carrusel/jquery.thumbnailScroller.css HTTP/1.1" 200 2066
186.145.5.112 - - [04/Jan/2015:20:17:34 -0500] "GET /galeria/carrusel/Carrusel/jquery-ui-1.8.13.custom.min.js HTTP/1.1" 200 10800
186.145.5.112 - - [04/Jan/2015:20:17:34 -0500] "GET /galeria/carrusel/Carrusel/jquery.thumbnailScroller.js HTTP/1.1" 200 8157
186.145.5.112 - - [04/Jan/2015:20:17:39 -0500] "GET /galeria/nivo-slider/demo/demo.html HTTP/1.1" 200 3150
186.145.5.112 - - [04/Jan/2015:20:17:40 -0500] "GET /galeria/nivo-slider/themes/default/default.css HTTP/1.1" 200 1569
186.145.5.112 - - [04/Jan/2015:20:17:40 -0500] "GET /galeria/nivo-slider/themes/pascal/pascal.css HTTP/1.1" 200 2258
186.145.5.112 - - [04/Jan/2015:20:17:40 -0500] "GET /galeria/nivo-slider/themes/orman/orman.css HTTP/1.1" 200 2152
186.145.5.112 - - [04/Jan/2015:20:17:40 -0500] "GET /galeria/nivo-slider/nivo-slider.css HTTP/1.1" 200 1507
186.145.5.112 - - [04/Jan/2015:20:17:40 -0500] "GET /galeria/nivo-slider/demo/scripts/jquery-1.7.1.min.js HTTP/1.1" 200 93868
186.145.5.112 - - [04/Jan/2015:20:17:40 -0500] "GET /galeria/nivo-slider/demo/style.css HTTP/1.1" 200 2222
186.145.5.112 - - [04/Jan/2015:20:17:40 -0500] "GET /galeria/nivo-slider/jquery.nivo.slider.pack.js HTTP/1.1" 200 11561
186.145.5.112 - - [04/Jan/2015:20:17:40 -0500] "GET /galeria/nivo-slider/demo/images/bolsas-08.jpg HTTP/1.1" 200 85589
186.145.5.112 - - [04/Jan/2015:20:17:40 -0500] "GET /galeria/nivo-slider/demo/images/Ruta-vertimientos-01.jpg HTTP/1.1" 200 130151
186.145.5.112 - - [04/Jan/2015:20:17:40 -0500] "GET /galeria/nivo-slider/demo/images/bolsas-06.jpg HTTP/1.1" 200 90982
186.145.5.112 - - [04/Jan/2015:20:17:40 -0500] "GET /galeria/nivo-slider/demo/images/ecolecta-Dic2014.png HTTP/1.1" 200 288593
186.145.5.112 - - [04/Jan/2015:20:17:42 -0500] "GET /galeria/nivo-slider/demo/images/porloshumedales.jpg HTTP/1.1" 200 351238
186.145.5.112 - - [04/Jan/2015:20:17:42 -0500] "GET /galeria/nivo-slider/demo/images/Tingua-azul.jpg HTTP/1.1" 200 307638
186.145.5.112 - - [04/Jan/2015:20:17:42 -0500] "GET /galeria/nivo-slider/demo/images/Banner-Caracol-Africano.jpg HTTP/1.1" 200 331986
186.145.5.112 - - [04/Jan/2015:20:17:42 -0500] "GET /galeria/nivo-slider/demo/images/banner-redes.jpg HTTP/1.1" 200 62209
186.145.5.112 - - [04/Jan/2015:20:17:42 -0500] "GET /galeria/nivo-slider/demo/images/banner-llantas2.jpg HTTP/1.1" 200 73153
186.145.5.112 - - [04/Jan/2015:20:17:42 -0500] "GET /galeria/nivo-slider/demo/images/9Signos.jpg HTTP/1.1" 200 93040
186.145.5.112 - - [04/Jan/2015:20:17:42 -0500] "GET /galeria/nivo-slider/demo/images/banner-caballos.png HTTP/1.1" 200 389106
186.145.5.112 - - [04/Jan/2015:20:17:45 -0500] "GET /galeria/nivo-slider/demo/images/4Simple_Slider.png HTTP/1.1" 200 11722
186.145.5.112 - - [04/Jan/2015:20:17:49 -0500] "GET /galeria/nivo-slider/themes/default/arrows.png HTTP/1.1" 200 824
186.145.5.112 - - [04/Jan/2015:20:17:50 -0500] "GET /galeria/nivo-slider/themes/default/bullets.png HTTP/1.1" 200 1281
66.249.64.163 - - [04/Jan/2015:20:17:56 -0500] "GET /BLA/resoluciones/RESOLUCIONES%202007/RES%202007%202201%20AL%202300/RESOLUCION%202257%20DE%202007.pdf HTTP/1.1" 304 -
181.50.241.109 - - [04/Jan/2015:20:17:56 -0500] "POST /forms/lservlet;jsessionid=ac16012b30d52a185366133943c4afb3b3347df04e04.e3iSbxaKaheRe34Sa3yKbhiTahb0n6jAmljGr5XDqQLvpAe HTTP/1.1" 200 2
201.244.211.17 - - [04/Jan/2015:20:18:11 -0500] "GET /BLA/boletinlegal/js/jquery.scrollTo-min.js HTTP/1.1" 200 1150
201.244.211.17 - - [04/Jan/2015:20:18:11 -0500] "GET /BLA/boletinlegal/js/jquery.js HTTP/1.1" 200 57254
201.244.211.17 - - [04/Jan/2015:20:18:11 -0500] "GET /BLA/boletinlegal/js/jquery.scrollShow.js HTTP/1.1" 200 4586
66.249.64.163 - - [04/Jan/2015:20:18:33 -0500] "GET /BLA/resoluciones/RESOLUCIONES%202007/RES%202007%204001%20AL%204100/RESOLUCION%204089%20DE%202007.pdf HTTP/1.1" 304 -
66.249.64.167 - - [04/Jan/2015:20:18:36 -0500] "GET /BLA/resoluciones/RESOLUCIONES%202011/1645.pdf HTTP/1.1" 200 70837
201.184.95.190 - - [04/Jan/2015:20:18:42 -0500] "POST /forms/lservlet;jsessionid=ac16012b30d58d28b9a60e5845da9dca86d0c67c5c46.e3iSbxaKaheRe34Sa3yKbhiTahb0n6jAmljGr5XDqQLvpAe HTTP/1.1" 200 2
188.165.15.90 - - [04/Jan/2015:20:18:58 -0500] "GET /BLA/resoluciones/RESOLUCIONES%202003/RES%202003%201751-1800/20031769.tif HTTP/1.1" 200 212796
66.249.64.43 - - [04/Jan/2015:20:19:09 -0500] "GET /ecodirectorio/files/res/pages/page_0001.swf HTTP/1.1" 200 294490
66.249.64.167 - - [04/Jan/2015:20:19:11 -0500] "GET /BLA/resoluciones/RESOLUCIONES%202007/RES%202007%201601%20AL%201725/RESOLUCION%201620%20DE%202007.pdf HTTP/1.1" 304 -
181.50.175.155 - - [04/Jan/2015:20:19:23 -0500] "GET /BLA/boletinlegal/js/jquery.scrollTo-min.js HTTP/1.1" 200 1150
181.50.175.155 - - [04/Jan/2015:20:19:23 -0500] "GET /BLA/boletinlegal/js/jquery.scrollShow.js HTTP/1.1" 200 4586
181.50.175.155 - - [04/Jan/2015:20:19:23 -0500] "GET /BLA/boletinlegal/js/jquery.js HTTP/1.1" 200 57254
188.165.15.177 - - [04/Jan/2015:20:19:26 -0500] "GET /BLA/resoluciones/RESOLUCIONES%202004/RES%202004%20951-1000/00000961.tif HTTP/1.1" 200 275722
181.50.175.155 - - [04/Jan/2015:20:19:40 -0500] "GET /galeria/carrusel/Carrusel/jquery.thumbnailScroller.css HTTP/1.1" 200 2066
181.50.175.155 - - [04/Jan/2015:20:19:40 -0500] "GET /galeria/carrusel/Carrusel/jquery.thumbnailScroller.js HTTP/1.1" 200 8157
181.50.175.155 - - [04/Jan/2015:20:19:40 -0500] "GET /galeria/carrusel/Carrusel/jquery-ui-1.8.13.custom.min.js HTTP/1.1" 200 10800
66.249.64.171 - - [04/Jan/2015:20:19:48 -0500] "GET /BLA/resoluciones/RESOLUCIONES%202008/0352.pdf HTTP/1.1" 200 248853
190.239.245.112 - - [04/Jan/2015:20:19:54 -0500] "GET /BLA/boletinlegal/js/jquery.scrollTo-min.js HTTP/1.1" 200 1150
190.239.245.112 - - [04/Jan/2015:20:19:54 -0500] "GET /BLA/boletinlegal/js/jquery.js HTTP/1.1" 200 57254
190.239.245.112 - - [04/Jan/2015:20:19:54 -0500] "GET /BLA/boletinlegal/js/jquery.scrollShow.js HTTP/1.1" 200 4586
181.50.175.155 - - [04/Jan/2015:20:19:55 -0500] "GET /galeria/nivo-slider/demo/demo.html HTTP/1.1" 200 3150
181.50.241.109 - - [04/Jan/2015:20:19:56 -0500] "POST /forms/lservlet;jsessionid=ac16012b30d52a185366133943c4afb3b3347df04e04.e3iSbxaKaheRe34Sa3yKbhiTahb0n6jAmljGr5XDqQLvpAe HTTP/1.1" 200 2
181.50.175.155 - - [04/Jan/2015:20:19:57 -0500] "GET /galeria/nivo-slider/themes/default/default.css HTTP/1.1" 200 1569
181.50.175.155 - - [04/Jan/2015:20:19:58 -0500] "GET /galeria/nivo-slider/demo/style.css HTTP/1.1" 200 2222
181.50.175.155 - - [04/Jan/2015:20:19:58 -0500] "GET /galeria/nivo-slider/nivo-slider.css HTTP/1.1" 200 1507
181.50.175.155 - - [04/Jan/2015:20:19:58 -0500] "GET /galeria/nivo-slider/themes/pascal/pascal.css HTTP/1.1" 200 2258
181.50.175.155 - - [04/Jan/2015:20:19:58 -0500] "GET /galeria/nivo-slider/themes/orman/orman.css HTTP/1.1" 200 2152
181.50.175.155 - - [04/Jan/2015:20:19:58 -0500] "GET /galeria/nivo-slider/demo/scripts/jquery-1.7.1.min.js HTTP/1.1" 200 93868
181.50.175.155 - - [04/Jan/2015:20:19:59 -0500] "GET /galeria/nivo-slider/jquery.nivo.slider.pack.js HTTP/1.1" 200 11561
181.50.175.155 - - [04/Jan/2015:20:20:01 -0500] "GET /galeria/nivo-slider/demo/images/4Simple_Slider.png HTTP/1.1" 200 11722
181.50.175.155 - - [04/Jan/2015:20:20:01 -0500] "GET /galeria/nivo-slider/themes/default/loading.gif HTTP/1.1" 200 1737
181.50.175.155 - - [04/Jan/2015:20:20:06 -0500] "GET /galeria/nivo-slider/demo/images/bolsas-08.jpg HTTP/1.1" 200 85589
181.50.175.155 - - [04/Jan/2015:20:20:07 -0500] "GET /galeria/nivo-slider/demo/images/Ruta-vertimientos-01.jpg HTTP/1.1" 200 130151
181.50.175.155 - - [04/Jan/2015:20:20:14 -0500] "GET /galeria/nivo-slider/demo/images/bolsas-06.jpg HTTP/1.1" 200 90982
181.50.175.155 - - [04/Jan/2015:20:20:14 -0500] "GET /galeria/nivo-slider/demo/images/ecolecta-Dic2014.png HTTP/1.1" 200 288593
181.50.175.155 - - [04/Jan/2015:20:20:15 -0500] "GET /galeria/nivo-slider/demo/images/porloshumedales.jpg HTTP/1.1" 200 351238
188.165.15.214 - - [04/Jan/2015:20:20:20 -0500] "GET /BLA/resoluciones/RESOLUCIONES%202004/RES%202004%202101-2150/00002108.tif HTTP/1.1" 200 113734
66.249.64.167 - - [04/Jan/2015:20:20:26 -0500] "GET /BLA/circulares/6.pdf HTTP/1.1" 304 -
181.50.175.155 - - [04/Jan/2015:20:20:26 -0500] "GET /galeria/nivo-slider/demo/images/Tingua-azul.jpg HTTP/1.1" 200 307638
181.50.175.155 - - [04/Jan/2015:20:20:27 -0500] "GET /videos/Spot_CambioClimatico.flv HTTP/1.1" 200 4371917
181.50.175.155 - - [04/Jan/2015:20:20:35 -0500] "GET /galeria/nivo-slider/demo/images/Banner-Caracol-Africano.jpg HTTP/1.1" 200 331986
181.50.175.155 - - [04/Jan/2015:20:20:36 -0500] "GET /galeria/nivo-slider/demo/images/banner-redes.jpg HTTP/1.1" 200 62209
181.50.175.155 - - [04/Jan/2015:20:20:36 -0500] "GET /galeria/nivo-slider/demo/images/9Signos.jpg HTTP/1.1" 200 93040
181.50.175.155 - - [04/Jan/2015:20:20:37 -0500] "GET /galeria/nivo-slider/demo/images/banner-llantas2.jpg HTTP/1.1" 200 73153
186.115.69.254 - - [04/Jan/2015:20:20:39 -0500] "GET /galeria/carrusel/Carrusel/jquery.thumbnailScroller.css HTTP/1.1" 200 2066
186.115.69.254 - - [04/Jan/2015:20:20:39 -0500] "GET /BLA/boletinlegal/js/jquery.js HTTP/1.1" 200 57254
186.115.69.254 - - [04/Jan/2015:20:20:39 -0500] "GET /BLA/boletinlegal/js/jquery.scrollShow.js HTTP/1.1" 200 4586
186.115.69.254 - - [04/Jan/2015:20:20:39 -0500] "GET /galeria/carrusel/Carrusel/jquery-ui-1.8.13.custom.min.js HTTP/1.1" 200 10800
186.115.69.254 - - [04/Jan/2015:20:20:39 -0500] "GET /BLA/boletinlegal/js/jquery.scrollTo-min.js HTTP/1.1" 200 1150
186.115.69.254 - - [04/Jan/2015:20:20:39 -0500] "GET /galeria/carrusel/Carrusel/jquery.thumbnailScroller.js HTTP/1.1" 200 8157
201.184.95.190 - - [04/Jan/2015:20:20:42 -0500] "POST /forms/lservlet;jsessionid=ac16012b30d58d28b9a60e5845da9dca86d0c67c5c46.e3iSbxaKaheRe34Sa3yKbhiTahb0n6jAmljGr5XDqQLvpAe HTTP/1.1" 200 2
186.115.69.254 - - [04/Jan/2015:20:20:42 -0500] "GET /galeria/nivo-slider/demo/demo.html HTTP/1.1" 200 3150
186.115.69.254 - - [04/Jan/2015:20:20:42 -0500] "GET /galeria/nivo-slider/themes/default/default.css HTTP/1.1" 200 1569
186.115.69.254 - - [04/Jan/2015:20:20:42 -0500] "GET /galeria/nivo-slider/themes/pascal/pascal.css HTTP/1.1" 200 2258
186.115.69.254 - - [04/Jan/2015:20:20:42 -0500] "GET /galeria/nivo-slider/demo/style.css HTTP/1.1" 200 2222
186.115.69.254 - - [04/Jan/2015:20:20:42 -0500] "GET /galeria/nivo-slider/themes/orman/orman.css HTTP/1.1" 200 2152
186.115.69.254 - - [04/Jan/2015:20:20:42 -0500] "GET /galeria/nivo-slider/nivo-slider.css HTTP/1.1" 200 1507
186.115.69.254 - - [04/Jan/2015:20:20:42 -0500] "GET /galeria/nivo-slider/demo/scripts/jquery-1.7.1.min.js HTTP/1.1" 200 93868
186.115.69.254 - - [04/Jan/2015:20:20:43 -0500] "GET /galeria/nivo-slider/jquery.nivo.slider.pack.js HTTP/1.1" 200 11561
186.115.69.254 - - [04/Jan/2015:20:20:43 -0500] "GET /galeria/nivo-slider/demo/images/bolsas-08.jpg HTTP/1.1" 200 85589
186.115.69.254 - - [04/Jan/2015:20:20:43 -0500] "GET /galeria/nivo-slider/demo/images/Ruta-vertimientos-01.jpg HTTP/1.1" 200 130151
186.115.69.254 - - [04/Jan/2015:20:20:43 -0500] "GET /galeria/nivo-slider/demo/images/4Simple_Slider.png HTTP/1.1" 200 11722
186.115.69.254 - - [04/Jan/2015:20:20:43 -0500] "GET /galeria/nivo-slider/themes/default/loading.gif HTTP/1.1" 200 1737
186.115.69.254 - - [04/Jan/2015:20:20:43 -0500] "GET /galeria/nivo-slider/demo/images/bolsas-06.jpg HTTP/1.1" 200 90982
186.115.69.254 - - [04/Jan/2015:20:20:43 -0500] "GET /galeria/nivo-slider/demo/images/ecolecta-Dic2014.png HTTP/1.1" 200 288593
186.115.69.254 - - [04/Jan/2015:20:20:44 -0500] "GET /galeria/nivo-slider/demo/images/porloshumedales.jpg HTTP/1.1" 200 351238
186.115.69.254 - - [04/Jan/2015:20:20:44 -0500] "GET /galeria/nivo-slider/demo/images/Tingua-azul.jpg HTTP/1.1" 200 307638
181.50.175.155 - - [04/Jan/2015:20:20:45 -0500] "GET /galeria/nivo-slider/demo/images/banner-caballos.png HTTP/1.1" 200 389106
186.115.69.254 - - [04/Jan/2015:20:20:45 -0500] "GET /galeria/nivo-slider/demo/images/Banner-Caracol-Africano.jpg HTTP/1.1" 200 331986
186.115.69.254 - - [04/Jan/2015:20:20:46 -0500] "GET /galeria/nivo-slider/demo/images/banner-redes.jpg HTTP/1.1" 200 62209
186.115.69.254 - - [04/Jan/2015:20:20:46 -0500] "GET /galeria/nivo-slider/demo/images/9Signos.jpg HTTP/1.1" 200 93040
186.115.69.254 - - [04/Jan/2015:20:20:46 -0500] "GET /galeria/nivo-slider/demo/images/banner-llantas2.jpg HTTP/1.1" 200 73153
186.115.69.254 - - [04/Jan/2015:20:20:47 -0500] "GET /galeria/nivo-slider/demo/images/banner-caballos.png HTTP/1.1" 200 389106
186.115.69.254 - - [04/Jan/2015:20:20:50 -0500] "GET /galeria/nivo-slider/themes/default/arrows.png HTTP/1.1" 200 824
186.115.69.254 - - [04/Jan/2015:20:20:50 -0500] "GET /galeria/nivo-slider/themes/default/bullets.png HTTP/1.1" 200 1281
186.115.69.254 - - [04/Jan/2015:20:20:51 -0500] "GET /videos/Spot_CambioClimatico.flv HTTP/1.1" 200 4371917
181.50.175.155 - - [04/Jan/2015:20:20:56 -0500] "GET /galeria/nivo-slider/themes/default/bullets.png HTTP/1.1" 200 1281
181.50.175.155 - - [04/Jan/2015:20:20:56 -0500] "GET /galeria/nivo-slider/themes/default/arrows.png HTTP/1.1" 200 824
66.249.64.171 - - [04/Jan/2015:20:21:03 -0500] "GET /BLA/resoluciones/RESOLUCIONES%202009/8291.pdf HTTP/1.1" 304 -
66.249.64.163 - - [04/Jan/2015:20:21:26 -0500] "GET /BLA/resoluciones/RESOLUCIONES%202007/RES%202007%20401%20AL%20500/RESOLUCION%200422%20DE%202007.pdf HTTP/1.1" 200 342221
66.249.64.163 - - [04/Jan/2015:20:21:41 -0500] "GET /BLA/resoluciones/RESOLUCIONES%202012/1391.pdf HTTP/1.1" 200 1005571
74.86.158.107 - - [04/Jan/2015:20:21:42 -0500] "HEAD / HTTP/1.1" 302 -
181.50.241.109 - - [04/Jan/2015:20:21:56 -0500] "POST /forms/lservlet;jsessionid=ac16012b30d52a185366133943c4afb3b3347df04e04.e3iSbxaKaheRe34Sa3yKbhiTahb0n6jAmljGr5XDqQLvpAe HTTP/1.1" 200 2
66.249.64.163 - - [04/Jan/2015:20:22:19 -0500] "GET /BLA/resoluciones/RESOLUCIONES%202007/RES%202007%201101%20AL%201200/RESOLUCION%201141%20DE%202007.pdf HTTP/1.1" 304 -
201.184.95.190 - - [04/Jan/2015:20:22:42 -0500] "POST /forms/lservlet;jsessionid=ac16012b30d58d28b9a60e5845da9dca86d0c67c5c46.e3iSbxaKaheRe34Sa3yKbhiTahb0n6jAmljGr5XDqQLvpAe HTTP/1.1" 200 2
66.249.64.171 - - [04/Jan/2015:20:22:56 -0500] "GET /BLA/resoluciones/AUTOS%202010/6474.pdf HTTP/1.1" 304 -
180.76.6.41 - - [04/Jan/2015:20:23:25 -0500] "GET /BLA/resoluciones/AUTOS%202007/1191.pdf HTTP/1.1" 200 27657
181.50.241.109 - - [04/Jan/2015:20:23:56 -0500] "POST /forms/lservlet;jsessionid=ac16012b30d52a185366133943c4afb3b3347df04e04.e3iSbxaKaheRe34Sa3yKbhiTahb0n6jAmljGr5XDqQLvpAe HTTP/1.1" 200 2
188.165.15.94 - - [04/Jan/2015:20:24:12 -0500] "GET /BLA/resoluciones/index.php?dir=Notificaciones/AUTOS%202012/&sort=name&order=desc HTTP/1.1" 200 2554
66.249.64.171 - - [04/Jan/2015:20:23:34 -0500] "GET /BLA/boletinlegal/index.php HTTP/1.1" 200 45835
66.249.64.167 - - [04/Jan/2015:20:24:14 -0500] "GET /BLA/resoluciones/RESOLUCIONES%202011/3756.pdf HTTP/1.1" 200 377015
66.249.64.167 - - [04/Jan/2015:20:24:15 -0500] "GET /BLA/resoluciones/RESOLUCIONES%202009/5982.pdf HTTP/1.1" 200 532245
188.165.15.196 - - [04/Jan/2015:20:24:36 -0500] "GET /BLA/resoluciones/RESOLUCIONES%202002/RES%202002%201551-1600/20021586.tif HTTP/1.1" 200 97502
201.184.95.190 - - [04/Jan/2015:20:24:42 -0500] "POST /forms/lservlet;jsessionid=ac16012b30d58d28b9a60e5845da9dca86d0c67c5c46.e3iSbxaKaheRe34Sa3yKbhiTahb0n6jAmljGr5XDqQLvpAe HTTP/1.1" 200 2
66.249.64.39 - - [04/Jan/2015:20:24:49 -0500] "GET /PruebasSTORM/StormSDA_pruebas/userFiles/user_files/formulas/3/601.xml HTTP/1.1" 200 994
190.84.119.212 - - [04/Jan/2015:20:25:12 -0500] "GET /BLA/boletinlegal/js/jquery.js HTTP/1.1" 200 57254
190.84.119.212 - - [04/Jan/2015:20:25:12 -0500] "GET /BLA/boletinlegal/js/jquery.scrollShow.js HTTP/1.1" 200 4586
190.84.119.212 - - [04/Jan/2015:20:25:12 -0500] "GET /BLA/boletinlegal/js/jquery.scrollTo-min.js HTTP/1.1" 200 1150
201.184.95.190 - - [04/Jan/2015:20:25:20 -0500] "GET /forest/session.jsp?a=0.2625924926251173 HTTP/1.1" 200 5
186.83.30.125 - - [04/Jan/2015:20:25:21 -0500] "GET /BLA/boletinlegal/js/jquery.js HTTP/1.1" 200 57254
186.83.30.125 - - [04/Jan/2015:20:25:21 -0500] "GET /BLA/boletinlegal/js/jquery.scrollTo-min.js HTTP/1.1" 200 1150
186.83.30.125 - - [04/Jan/2015:20:25:21 -0500] "GET /BLA/boletinlegal/js/jquery.scrollShow.js HTTP/1.1" 200 4586
66.249.64.47 - - [04/Jan/2015:20:25:26 -0500] "GET /Autoliquidacion/index.php?dir=Solicitudes+relacionadas+con+calidad+del+aire+auditiva+y+visual%2FRegistro+de+Elementos+de+publicidad+Exterior+Visual%2F HTTP/1.1" 200 4037
201.184.95.190 - - [04/Jan/2015:20:25:37 -0500] "POST /forms/lservlet;jsessionid=ac16012b30d58d28b9a60e5845da9dca86d0c67c5c46.e3iSbxaKaheRe34Sa3yKbhiTahb0n6jAmljGr5XDqQLvpAe HTTP/1.1" 200 80
188.165.15.90 - - [04/Jan/2015:20:25:54 -0500] "GET /BLA/resoluciones/RESOLUCIONES%202006/RES%202006%20551-600/00000599.tif HTTP/1.1" 200 290380
181.55.243.203 - - [04/Jan/2015:20:25:53 -0500] "GET /isolucionsda/ HTTP/1.1" 200 739
181.55.243.203 - - [04/Jan/2015:20:25:54 -0500] "GET /favicon.ico HTTP/1.1" 200 7782
181.50.241.109 - - [04/Jan/2015:20:25:56 -0500] "POST /forms/lservlet;jsessionid=ac16012b30d52a185366133943c4afb3b3347df04e04.e3iSbxaKaheRe34Sa3yKbhiTahb0n6jAmljGr5XDqQLvpAe HTTP/1.1" 200 2
188.165.15.94 - - [04/Jan/2015:20:26:02 -0500] "GET /BLA/resoluciones/RESOLUCIONES%202005/RES%202005%201301-1350/00001304.tif HTTP/1.1" 200 107000
66.249.64.39 - - [04/Jan/2015:20:26:04 -0500] "GET /Autoliquidacion/index.php?dir=TR%C1MITES+VERTIMIENTOS%2F HTTP/1.1" 200 2471
181.55.243.203 - - [04/Jan/2015:20:26:10 -0500] "GET /BLA/boletinlegal/js/jquery.js HTTP/1.1" 304 -
181.55.243.203 - - [04/Jan/2015:20:26:10 -0500] "GET /BLA/boletinlegal/js/jquery.scrollShow.js HTTP/1.1" 304 -
181.55.243.203 - - [04/Jan/2015:20:26:10 -0500] "GET /BLA/boletinlegal/js/jquery.scrollTo-min.js HTTP/1.1" 304 -
181.55.243.203 - - [04/Jan/2015:20:26:11 -0500] "GET /galeria/carrusel/Carrusel/jquery.thumbnailScroller.css HTTP/1.1" 304 -
181.55.243.203 - - [04/Jan/2015:20:26:11 -0500] "GET /galeria/carrusel/Carrusel/jquery-ui-1.8.13.custom.min.js HTTP/1.1" 304 -
181.55.243.203 - - [04/Jan/2015:20:26:11 -0500] "GET /galeria/carrusel/Carrusel/jquery.thumbnailScroller.js HTTP/1.1" 304 -
181.55.243.203 - - [04/Jan/2015:20:26:11 -0500] "GET /galeria/nivo-slider/demo/demo.html HTTP/1.1" 304 -
181.55.243.203 - - [04/Jan/2015:20:26:11 -0500] "GET /galeria/nivo-slider/themes/default/default.css HTTP/1.1" 304 -
181.55.243.203 - - [04/Jan/2015:20:26:11 -0500] "GET /galeria/nivo-slider/themes/pascal/pascal.css HTTP/1.1" 304 -
181.55.243.203 - - [04/Jan/2015:20:26:11 -0500] "GET /galeria/nivo-slider/themes/orman/orman.css HTTP/1.1" 304 -
181.55.243.203 - - [04/Jan/2015:20:26:11 -0500] "GET /galeria/nivo-slider/nivo-slider.css HTTP/1.1" 304 -
181.55.243.203 - - [04/Jan/2015:20:26:11 -0500] "GET /galeria/nivo-slider/demo/style.css HTTP/1.1" 304 -
181.55.243.203 - - [04/Jan/2015:20:26:11 -0500] "GET /galeria/nivo-slider/demo/images/bolsas-08.jpg HTTP/1.1" 304 -
181.55.243.203 - - [04/Jan/2015:20:26:11 -0500] "GET /galeria/nivo-slider/demo/images/Ruta-vertimientos-01.jpg HTTP/1.1" 304 -
181.55.243.203 - - [04/Jan/2015:20:26:11 -0500] "GET /galeria/nivo-slider/demo/images/bolsas-06.jpg HTTP/1.1" 304 -
181.55.243.203 - - [04/Jan/2015:20:26:11 -0500] "GET /galeria/nivo-slider/demo/images/ecolecta-Dic2014.png HTTP/1.1" 304 -
181.55.243.203 - - [04/Jan/2015:20:26:11 -0500] "GET /galeria/nivo-slider/demo/images/porloshumedales.jpg HTTP/1.1" 304 -
181.55.243.203 - - [04/Jan/2015:20:26:11 -0500] "GET /galeria/nivo-slider/demo/images/Tingua-azul.jpg HTTP/1.1" 304 -
181.55.243.203 - - [04/Jan/2015:20:26:11 -0500] "GET /galeria/nivo-slider/demo/images/Banner-Caracol-Africano.jpg HTTP/1.1" 304 -
181.55.243.203 - - [04/Jan/2015:20:26:11 -0500] "GET /galeria/nivo-slider/demo/images/banner-redes.jpg HTTP/1.1" 304 -
181.55.243.203 - - [04/Jan/2015:20:26:11 -0500] "GET /galeria/nivo-slider/demo/images/9Signos.jpg HTTP/1.1" 304 -
181.55.243.203 - - [04/Jan/2015:20:26:11 -0500] "GET /galeria/nivo-slider/demo/images/banner-llantas2.jpg HTTP/1.1" 304 -
181.55.243.203 - - [04/Jan/2015:20:26:11 -0500] "GET /galeria/nivo-slider/demo/images/banner-caballos.png HTTP/1.1" 304 -
181.55.243.203 - - [04/Jan/2015:20:26:11 -0500] "GET /galeria/nivo-slider/demo/scripts/jquery-1.7.1.min.js HTTP/1.1" 304 -
181.55.243.203 - - [04/Jan/2015:20:26:11 -0500] "GET /galeria/nivo-slider/jquery.nivo.slider.pack.js HTTP/1.1" 304 -
181.55.243.203 - - [04/Jan/2015:20:26:11 -0500] "GET /galeria/nivo-slider/demo/images/4Simple_Slider.png HTTP/1.1" 304 -
181.55.243.203 - - [04/Jan/2015:20:26:11 -0500] "GET /galeria/nivo-slider/themes/default/loading.gif HTTP/1.1" 304 -
181.55.243.203 - - [04/Jan/2015:20:26:12 -0500] "GET /galeria/nivo-slider/themes/default/bullets.png HTTP/1.1" 304 -
181.55.243.203 - - [04/Jan/2015:20:26:12 -0500] "GET /galeria/nivo-slider/themes/default/arrows.png HTTP/1.1" 304 -
181.55.243.203 - - [04/Jan/2015:20:26:19 -0500] "GET /favicon.ico HTTP/1.1" 200 7782
181.55.243.203 - - [04/Jan/2015:20:26:19 -0500] "GET /isolucionsda/ HTTP/1.1" 200 739
181.55.243.203 - - [04/Jan/2015:20:26:36 -0500] "GET /isolucionsda/ HTTP/1.1" 200 739
74.86.158.107 - - [04/Jan/2015:20:26:42 -0500] "HEAD / HTTP/1.1" 302 -
66.249.64.171 - - [04/Jan/2015:20:26:42 -0500] "GET /BLA/resoluciones/RESOLUCIONES%202011/3781.pdf HTTP/1.1" 200 411559
201.184.95.190 - - [04/Jan/2015:20:26:42 -0500] "POST /forms/lservlet;jsessionid=ac16012b30d58d28b9a60e5845da9dca86d0c67c5c46.e3iSbxaKaheRe34Sa3yKbhiTahb0n6jAmljGr5XDqQLvpAe HTTP/1.1" 200 2
181.55.243.203 - - [04/Jan/2015:20:26:43 -0500] "GET /isolucionsda/ HTTP/1.1" 200 739
181.55.243.203 - - [04/Jan/2015:20:26:51 -0500] "GET /isolucionsda/ HTTP/1.1" 200 739
181.55.243.203 - - [04/Jan/2015:20:26:56 -0500] "GET /isolucionsda/ HTTP/1.1" 200 739
66.249.64.163 - - [04/Jan/2015:20:27:02 -0500] "GET /BLA/resoluciones/RESOLUCIONES%202007/RES%202007%204101%20AL%204200/RESOLUCION%204148%20DE%202007.pdf HTTP/1.1" 200 70659
66.249.64.167 - - [04/Jan/2015:20:27:19 -0500] "GET /BLA/resoluciones/RESOLUCIONES%202010/4708.pdf HTTP/1.1" 304 -
181.50.241.109 - - [04/Jan/2015:20:27:56 -0500] "POST /forms/lservlet;jsessionid=ac16012b30d52a185366133943c4afb3b3347df04e04.e3iSbxaKaheRe34Sa3yKbhiTahb0n6jAmljGr5XDqQLvpAe HTTP/1.1" 200 2
66.249.64.167 - - [04/Jan/2015:20:27:57 -0500] "GET /BLA/resoluciones/AUTOS%202009/2774.pdf HTTP/1.1" 304 -
66.249.64.163 - - [04/Jan/2015:20:28:34 -0500] "GET /BLA/resoluciones/AUTOS%202008/1572.pdf HTTP/1.1" 304 -
180.76.6.61 - - [04/Jan/2015:20:28:42 -0500] "GET /BLA/boletinlegal;jsessionid=5BB9BD92234C47DCB414D33081AA3D63?/? HTTP/1.1" 404 1018
201.184.95.190 - - [04/Jan/2015:20:28:42 -0500] "POST /forms/lservlet;jsessionid=ac16012b30d58d28b9a60e5845da9dca86d0c67c5c46.e3iSbxaKaheRe34Sa3yKbhiTahb0n6jAmljGr5XDqQLvpAe HTTP/1.1" 200 2
186.30.190.49 - - [04/Jan/2015:20:29:02 -0500] "GET /galeria/carrusel/Carrusel/jquery.thumbnailScroller.css HTTP/1.1" 200 2066
186.30.190.49 - - [04/Jan/2015:20:29:02 -0500] "GET /BLA/boletinlegal/js/jquery.js HTTP/1.1" 200 57254
186.30.190.49 - - [04/Jan/2015:20:29:02 -0500] "GET /BLA/boletinlegal/js/jquery.scrollTo-min.js HTTP/1.1" 200 1150
186.30.190.49 - - [04/Jan/2015:20:29:02 -0500] "GET /BLA/boletinlegal/js/jquery.scrollShow.js HTTP/1.1" 200 4586
186.30.190.49 - - [04/Jan/2015:20:29:02 -0500] "GET /galeria/carrusel/Carrusel/jquery-ui-1.8.13.custom.min.js HTTP/1.1" 200 10800
186.30.190.49 - - [04/Jan/2015:20:29:02 -0500] "GET /galeria/carrusel/Carrusel/jquery.thumbnailScroller.js HTTP/1.1" 200 8157
186.30.190.49 - - [04/Jan/2015:20:29:05 -0500] "GET /galeria/nivo-slider/demo/demo.html HTTP/1.1" 200 3150
186.30.190.49 - - [04/Jan/2015:20:29:06 -0500] "GET /galeria/nivo-slider/themes/default/default.css HTTP/1.1" 200 1569
186.30.190.49 - - [04/Jan/2015:20:29:06 -0500] "GET /galeria/nivo-slider/themes/pascal/pascal.css HTTP/1.1" 200 2258
186.30.190.49 - - [04/Jan/2015:20:29:06 -0500] "GET /galeria/nivo-slider/themes/orman/orman.css HTTP/1.1" 200 2152
186.30.190.49 - - [04/Jan/2015:20:29:06 -0500] "GET /galeria/nivo-slider/nivo-slider.css HTTP/1.1" 200 1507
186.30.190.49 - - [04/Jan/2015:20:29:06 -0500] "GET /galeria/nivo-slider/demo/style.css HTTP/1.1" 200 2222
186.30.190.49 - - [04/Jan/2015:20:29:06 -0500] "GET /galeria/nivo-slider/demo/scripts/jquery-1.7.1.min.js HTTP/1.1" 200 93868
186.30.190.49 - - [04/Jan/2015:20:29:07 -0500] "GET /galeria/nivo-slider/jquery.nivo.slider.pack.js HTTP/1.1" 200 11561
186.30.190.49 - - [04/Jan/2015:20:29:08 -0500] "GET /galeria/nivo-slider/demo/images/4Simple_Slider.png HTTP/1.1" 200 11722
186.30.190.49 - - [04/Jan/2015:20:29:08 -0500] "GET /galeria/nivo-slider/themes/default/loading.gif HTTP/1.1" 200 1737
186.30.190.49 - - [04/Jan/2015:20:29:09 -0500] "GET /galeria/nivo-slider/demo/images/bolsas-08.jpg HTTP/1.1" 200 85589
186.30.190.49 - - [04/Jan/2015:20:29:09 -0500] "GET /galeria/nivo-slider/demo/images/Ruta-vertimientos-01.jpg HTTP/1.1" 200 130151
186.30.190.49 - - [04/Jan/2015:20:29:09 -0500] "GET /galeria/nivo-slider/demo/images/bolsas-06.jpg HTTP/1.1" 200 90982
186.30.190.49 - - [04/Jan/2015:20:29:09 -0500] "GET /galeria/nivo-slider/demo/images/ecolecta-Dic2014.png HTTP/1.1" 200 288593
186.30.190.49 - - [04/Jan/2015:20:29:09 -0500] "GET /galeria/nivo-slider/demo/images/porloshumedales.jpg HTTP/1.1" 200 351238
186.30.190.49 - - [04/Jan/2015:20:29:09 -0500] "GET /galeria/nivo-slider/demo/images/Tingua-azul.jpg HTTP/1.1" 200 307638
186.30.190.49 - - [04/Jan/2015:20:29:10 -0500] "GET /galeria/nivo-slider/demo/images/Banner-Caracol-Africano.jpg HTTP/1.1" 200 331986
181.50.241.109 - - [04/Jan/2015:20:29:11 -0500] "POST /forms/lservlet;jsessionid=ac16012b30d52a185366133943c4afb3b3347df04e04.e3iSbxaKaheRe34Sa3yKbhiTahb0n6jAmljGr5XDqQLvpAe HTTP/1.1" 200 86
186.30.190.49 - - [04/Jan/2015:20:29:11 -0500] "GET /galeria/nivo-slider/demo/images/banner-redes.jpg HTTP/1.1" 200 62209
66.249.64.171 - - [04/Jan/2015:20:29:12 -0500] "GET /BLA/resoluciones/RESOLUCIONES%202008/4157.pdf HTTP/1.1" 200 554645
186.30.190.49 - - [04/Jan/2015:20:29:12 -0500] "GET /galeria/nivo-slider/demo/images/9Signos.jpg HTTP/1.1" 200 93040
181.50.241.109 - - [04/Jan/2015:20:29:13 -0500] "POST /forms/lservlet;jsessionid=ac16012b30d52a185366133943c4afb3b3347df04e04.e3iSbxaKaheRe34Sa3yKbhiTahb0n6jAmljGr5XDqQLvpAe HTTP/1.1" 200 2
186.30.190.49 - - [04/Jan/2015:20:29:13 -0500] "GET /galeria/nivo-slider/demo/images/banner-llantas2.jpg HTTP/1.1" 200 73153
186.30.190.49 - - [04/Jan/2015:20:29:13 -0500] "GET /galeria/nivo-slider/demo/images/banner-caballos.png HTTP/1.1" 200 389106
181.50.241.109 - - [04/Jan/2015:20:29:13 -0500] "POST /forms/lservlet;jsessionid=ac16012b30d52a185366133943c4afb3b3347df04e04.e3iSbxaKaheRe34Sa3yKbhiTahb0n6jAmljGr5XDqQLvpAe HTTP/1.1" 200 2532
181.50.241.109 - - [04/Jan/2015:20:29:13 -0500] "POST /forms/lservlet;jsessionid=ac16012b30d52a185366133943c4afb3b3347df04e04.e3iSbxaKaheRe34Sa3yKbhiTahb0n6jAmljGr5XDqQLvpAe HTTP/1.1" 200 10
181.50.241.109 - - [04/Jan/2015:20:29:14 -0500] "POST /forms/lservlet;jsessionid=ac16012b30d52a185366133943c4afb3b3347df04e04.e3iSbxaKaheRe34Sa3yKbhiTahb0n6jAmljGr5XDqQLvpAe HTTP/1.1" 200 26
181.50.241.109 - - [04/Jan/2015:20:29:14 -0500] "POST /forms/lservlet;jsessionid=ac16012b30d52a185366133943c4afb3b3347df04e04.e3iSbxaKaheRe34Sa3yKbhiTahb0n6jAmljGr5XDqQLvpAe HTTP/1.1" 200 4549
181.50.241.109 - - [04/Jan/2015:20:29:15 -0500] "POST /forms/lservlet;jsessionid=ac16012b30d52a185366133943c4afb3b3347df04e04.e3iSbxaKaheRe34Sa3yKbhiTahb0n6jAmljGr5XDqQLvpAe HTTP/1.1" 200 2
181.50.241.109 - - [04/Jan/2015:20:29:16 -0500] "POST /forms/lservlet;jsessionid=ac16012b30d52a185366133943c4afb3b3347df04e04.e3iSbxaKaheRe34Sa3yKbhiTahb0n6jAmljGr5XDqQLvpAe HTTP/1.1" 200 10
181.50.241.109 - - [04/Jan/2015:20:29:16 -0500] "POST /forms/lservlet;jsessionid=ac16012b30d52a185366133943c4afb3b3347df04e04.e3iSbxaKaheRe34Sa3yKbhiTahb0n6jAmljGr5XDqQLvpAe HTTP/1.1" 200 14140
186.30.190.49 - - [04/Jan/2015:20:29:17 -0500] "GET /galeria/nivo-slider/themes/default/arrows.png HTTP/1.1" 200 824
186.30.190.49 - - [04/Jan/2015:20:29:17 -0500] "GET /galeria/nivo-slider/themes/default/bullets.png HTTP/1.1" 200 1281
181.50.241.109 - - [04/Jan/2015:20:29:17 -0500] "GET /imagenes/listval.gif HTTP/1.1" 200 905
181.50.241.109 - - [04/Jan/2015:20:29:17 -0500] "POST /forms/lservlet;jsessionid=ac16012b30d52a185366133943c4afb3b3347df04e04.e3iSbxaKaheRe34Sa3yKbhiTahb0n6jAmljGr5XDqQLvpAe HTTP/1.1" 200 2
181.50.241.109 - - [04/Jan/2015:20:29:17 -0500] "POST /forms/lservlet;jsessionid=ac16012b30d52a185366133943c4afb3b3347df04e04.e3iSbxaKaheRe34Sa3yKbhiTahb0n6jAmljGr5XDqQLvpAe HTTP/1.1" 200 34
181.50.241.109 - - [04/Jan/2015:20:29:18 -0500] "POST /forms/lservlet;jsessionid=ac16012b30d52a185366133943c4afb3b3347df04e04.e3iSbxaKaheRe34Sa3yKbhiTahb0n6jAmljGr5XDqQLvpAe HTTP/1.1" 200 2
181.50.241.109 - - [04/Jan/2015:20:29:19 -0500] "GET /imagenes/listval.gif HTTP/1.1" 200 905
181.50.241.109 - - [04/Jan/2015:20:29:19 -0500] "POST /forms/lservlet;jsessionid=ac16012b30d52a185366133943c4afb3b3347df04e04.e3iSbxaKaheRe34Sa3yKbhiTahb0n6jAmljGr5XDqQLvpAe HTTP/1.1" 200 168
181.50.241.109 - - [04/Jan/2015:20:29:26 -0500] "POST /forms/lservlet;jsessionid=ac16012b30d52a185366133943c4afb3b3347df04e04.e3iSbxaKaheRe34Sa3yKbhiTahb0n6jAmljGr5XDqQLvpAe HTTP/1.1" 200 2
181.50.241.109 - - [04/Jan/2015:20:29:26 -0500] "POST /forms/lservlet;jsessionid=ac16012b30d52a185366133943c4afb3b3347df04e04.e3iSbxaKaheRe34Sa3yKbhiTahb0n6jAmljGr5XDqQLvpAe HTTP/1.1" 200 77
181.50.241.109 - - [04/Jan/2015:20:29:27 -0500] "POST /forms/lservlet;jsessionid=ac16012b30d52a185366133943c4afb3b3347df04e04.e3iSbxaKaheRe34Sa3yKbhiTahb0n6jAmljGr5XDqQLvpAe HTTP/1.1" 200 2
181.50.241.109 - - [04/Jan/2015:20:29:27 -0500] "POST /forms/lservlet;jsessionid=ac16012b30d52a185366133943c4afb3b3347df04e04.e3iSbxaKaheRe34Sa3yKbhiTahb0n6jAmljGr5XDqQLvpAe HTTP/1.1" 200 7819
181.50.241.109 - - [04/Jan/2015:20:29:27 -0500] "POST /forms/lservlet;jsessionid=ac16012b30d52a185366133943c4afb3b3347df04e04.e3iSbxaKaheRe34Sa3yKbhiTahb0n6jAmljGr5XDqQLvpAe HTTP/1.1" 200 2
190.26.164.138 - - [04/Jan/2015:20:29:46 -0500] "GET /videos/Spot_CambioClimatico.flv HTTP/1.1" 200 4371917
66.249.64.163 - - [04/Jan/2015:20:29:49 -0500] "GET /BLA/resoluciones/RESOLUCIONES%202008/0998.pdf HTTP/1.1" 200 669696
66.249.64.167 - - [04/Jan/2015:20:29:51 -0500] "GET /BLA/resoluciones/RESOLUCIONES%202010/0005.pdf HTTP/1.1" 200 350176
181.50.241.109 - - [04/Jan/2015:20:29:56 -0500] "POST /forms/lservlet;jsessionid=ac16012b30d52a185366133943c4afb3b3347df04e04.e3iSbxaKaheRe34Sa3yKbhiTahb0n6jAmljGr5XDqQLvpAe HTTP/1.1" 200 2
201.184.95.190 - - [04/Jan/2015:20:30:43 -0500] "POST /forms/lservlet;jsessionid=ac16012b30d58d28b9a60e5845da9dca86d0c67c5c46.e3iSbxaKaheRe34Sa3yKbhiTahb0n6jAmljGr5XDqQLvpAe HTTP/1.1" 200 2
190.27.129.244 - - [04/Jan/2015:20:30:55 -0500] "GET /BLA/resoluciones/AUTOS%202013/1873.pdf HTTP/1.1" 200 1687649
190.27.129.244 - - [04/Jan/2015:20:30:56 -0500] "GET /favicon.ico HTTP/1.1" 200 7782
190.27.129.244 - - [04/Jan/2015:20:30:56 -0500] "GET /BLA/resoluciones/AUTOS%202013/1873.pdf HTTP/1.1" 206 65536
190.27.129.244 - - [04/Jan/2015:20:30:56 -0500] "GET /BLA/resoluciones/AUTOS%202013/1873.pdf HTTP/1.1" 206 49249
190.27.129.244 - - [04/Jan/2015:20:30:56 -0500] "GET /BLA/resoluciones/AUTOS%202013/1873.pdf HTTP/1.1" 206 65536
190.27.129.244 - - [04/Jan/2015:20:30:56 -0500] "GET /BLA/resoluciones/AUTOS%202013/1873.pdf HTTP/1.1" 206 65536
190.27.129.244 - - [04/Jan/2015:20:30:57 -0500] "GET /BLA/resoluciones/AUTOS%202013/1873.pdf HTTP/1.1" 206 65536
190.27.129.244 - - [04/Jan/2015:20:30:57 -0500] "GET /BLA/resoluciones/AUTOS%202013/1873.pdf HTTP/1.1" 206 131072
190.27.129.244 - - [04/Jan/2015:20:30:58 -0500] "GET /BLA/resoluciones/AUTOS%202013/1873.pdf HTTP/1.1" 206 65536
190.27.129.244 - - [04/Jan/2015:20:30:58 -0500] "GET /BLA/resoluciones/AUTOS%202013/1873.pdf HTTP/1.1" 206 65536
190.27.129.244 - - [04/Jan/2015:20:30:58 -0500] "GET /BLA/resoluciones/AUTOS%202013/1873.pdf HTTP/1.1" 206 65536
190.27.129.244 - - [04/Jan/2015:20:30:58 -0500] "GET /BLA/resoluciones/AUTOS%202013/1873.pdf HTTP/1.1" 206 65536
190.27.129.244 - - [04/Jan/2015:20:30:58 -0500] "GET /BLA/resoluciones/AUTOS%202013/1873.pdf HTTP/1.1" 206 65536
190.27.129.244 - - [04/Jan/2015:20:30:58 -0500] "GET /BLA/resoluciones/AUTOS%202013/1873.pdf HTTP/1.1" 206 65536
190.27.129.244 - - [04/Jan/2015:20:30:59 -0500] "GET /BLA/resoluciones/AUTOS%202013/1873.pdf HTTP/1.1" 206 131072
181.136.128.60 - - [04/Jan/2015:20:30:59 -0500] "GET /BLA/boletinlegal/js/jquery.js HTTP/1.1" 200 57254
181.136.128.60 - - [04/Jan/2015:20:30:59 -0500] "GET /BLA/boletinlegal/js/jquery.scrollTo-min.js HTTP/1.1" 200 1150
190.27.129.244 - - [04/Jan/2015:20:31:00 -0500] "GET /BLA/resoluciones/AUTOS%202013/1873.pdf HTTP/1.1" 206 65536
190.27.129.244 - - [04/Jan/2015:20:31:00 -0500] "GET /BLA/resoluciones/AUTOS%202013/1873.pdf HTTP/1.1" 206 65536
190.27.129.244 - - [04/Jan/2015:20:31:00 -0500] "GET /BLA/resoluciones/AUTOS%202013/1873.pdf HTTP/1.1" 206 65536
190.27.129.244 - - [04/Jan/2015:20:31:01 -0500] "GET /BLA/resoluciones/AUTOS%202013/1873.pdf HTTP/1.1" 206 65536
190.27.129.244 - - [04/Jan/2015:20:31:01 -0500] "GET /BLA/resoluciones/AUTOS%202013/1873.pdf HTTP/1.1" 206 65536
190.27.129.244 - - [04/Jan/2015:20:31:01 -0500] "GET /BLA/resoluciones/AUTOS%202013/1873.pdf HTTP/1.1" 206 65536
190.27.129.244 - - [04/Jan/2015:20:31:01 -0500] "GET /BLA/resoluciones/AUTOS%202013/1873.pdf HTTP/1.1" 206 65536
190.27.129.244 - - [04/Jan/2015:20:31:02 -0500] "GET /BLA/resoluciones/AUTOS%202013/1873.pdf HTTP/1.1" 206 65536
190.27.129.244 - - [04/Jan/2015:20:31:02 -0500] "GET /BLA/resoluciones/AUTOS%202013/1873.pdf HTTP/1.1" 206 65536
181.136.128.60 - - [04/Jan/2015:20:31:02 -0500] "GET /BLA/boletinlegal/js/jquery.scrollShow.js HTTP/1.1" 200 4586
190.27.129.244 - - [04/Jan/2015:20:31:02 -0500] "GET /BLA/resoluciones/AUTOS%202013/1873.pdf HTTP/1.1" 206 65536
190.27.129.244 - - [04/Jan/2015:20:31:02 -0500] "GET /BLA/resoluciones/AUTOS%202013/1873.pdf HTTP/1.1" 206 65536
201.184.142.28 - - [04/Jan/2015:20:31:13 -0500] "GET /galeria/nivo-slider/demo/demo.html HTTP/1.1" 304 -
201.184.142.28 - - [04/Jan/2015:20:31:14 -0500] "GET /galeria/nivo-slider/demo/images/bolsas-08.jpg HTTP/1.1" 304 -
201.184.142.28 - - [04/Jan/2015:20:31:14 -0500] "GET /galeria/nivo-slider/demo/images/Ruta-vertimientos-01.jpg HTTP/1.1" 304 -
201.184.142.28 - - [04/Jan/2015:20:31:14 -0500] "GET /galeria/nivo-slider/demo/images/bolsas-06.jpg HTTP/1.1" 304 -
201.184.142.28 - - [04/Jan/2015:20:31:14 -0500] "GET /galeria/nivo-slider/demo/images/ecolecta-Dic2014.png HTTP/1.1" 304 -
200.118.218.176 - - [04/Jan/2015:20:31:39 -0500] "GET /galeria/nivo-slider/demo/demo.html HTTP/1.1" 304 -
74.86.158.107 - - [04/Jan/2015:20:31:42 -0500] "HEAD / HTTP/1.1" 302 -
166.127.1.188 - - [04/Jan/2015:20:31:52 -0500] "GET /galeria/nivo-slider/demo/images/bannerEcolecta3.jpg HTTP/1.1" 304 -
181.50.241.109 - - [04/Jan/2015:20:31:56 -0500] "POST /forms/lservlet;jsessionid=ac16012b30d52a185366133943c4afb3b3347df04e04.e3iSbxaKaheRe34Sa3yKbhiTahb0n6jAmljGr5XDqQLvpAe HTTP/1.1" 200 2
200.118.218.176 - - [04/Jan/2015:20:31:59 -0500] "GET /galeria/nivo-slider/demo/images/bolsas-08.jpg HTTP/1.1" 304 -
200.118.218.176 - - [04/Jan/2015:20:31:59 -0500] "GET /galeria/nivo-slider/demo/images/Ruta-vertimientos-01.jpg HTTP/1.1" 304 -
200.118.218.176 - - [04/Jan/2015:20:32:00 -0500] "GET /galeria/nivo-slider/demo/images/bolsas-06.jpg HTTP/1.1" 304 -
200.118.218.176 - - [04/Jan/2015:20:32:00 -0500] "GET /galeria/nivo-slider/demo/images/ecolecta-Dic2014.png HTTP/1.1" 304 -
66.249.64.167 - - [04/Jan/2015:20:32:37 -0500] "GET /BLA/resoluciones/RESOLUCIONES%202007/RES%202007%202701%20AL%202800/RESOLUCION%202784%20DE%202007.pdf HTTP/1.1" 200 905337
200.125.209.55 - - [04/Jan/2015:20:32:39 -0500] "GET /BLA/boletinlegal/js/jquery.scrollTo-min.js HTTP/1.1" 200 1150
200.125.209.55 - - [04/Jan/2015:20:32:39 -0500] "GET /BLA/boletinlegal/js/jquery.js HTTP/1.1" 200 57254
200.125.209.55 - - [04/Jan/2015:20:32:39 -0500] "GET /BLA/boletinlegal/js/jquery.scrollShow.js HTTP/1.1" 200 4586
201.184.95.190 - - [04/Jan/2015:20:32:43 -0500] "POST /forms/lservlet;jsessionid=ac16012b30d58d28b9a60e5845da9dca86d0c67c5c46.e3iSbxaKaheRe34Sa3yKbhiTahb0n6jAmljGr5XDqQLvpAe HTTP/1.1" 200 2
66.249.64.167 - - [04/Jan/2015:20:32:43 -0500] "GET /BLA/resoluciones/RESOLUCIONES%202010/1854.pdf HTTP/1.1" 200 538709
191.95.253.190 - - [04/Jan/2015:20:33:34 -0500] "GET /BLA/boletinlegal/js/jquery.js HTTP/1.1" 200 57254
191.95.253.190 - - [04/Jan/2015:20:33:34 -0500] "GET /BLA/boletinlegal/js/jquery.scrollTo-min.js HTTP/1.1" 200 1150
191.95.253.190 - - [04/Jan/2015:20:33:34 -0500] "GET /BLA/boletinlegal/js/jquery.scrollShow.js HTTP/1.1" 200 4586
188.165.15.177 - - [04/Jan/2015:20:33:47 -0500] "GET /BLA/resoluciones/RESOLUCIONES%202002/RES%202002%20601-650/00000649.tif HTTP/1.1" 200 76496
186.81.230.92 - - [04/Jan/2015:20:33:50 -0500] "GET /BLA/boletinlegal/js/jquery.scrollTo-min.js HTTP/1.1" 200 1150
186.81.230.92 - - [04/Jan/2015:20:33:50 -0500] "GET /BLA/boletinlegal/js/jquery.js HTTP/1.1" 200 57254
186.81.230.92 - - [04/Jan/2015:20:33:50 -0500] "GET /BLA/boletinlegal/js/jquery.scrollShow.js HTTP/1.1" 200 4586
181.50.241.109 - - [04/Jan/2015:20:33:56 -0500] "POST /forms/lservlet;jsessionid=ac16012b30d52a185366133943c4afb3b3347df04e04.e3iSbxaKaheRe34Sa3yKbhiTahb0n6jAmljGr5XDqQLvpAe HTTP/1.1" 200 2
190.26.230.117 - - [04/Jan/2015:20:34:05 -0500] "GET /galeria/nivo-slider/demo/demo.html HTTP/1.1" 304 -
190.26.230.117 - - [04/Jan/2015:20:34:05 -0500] "GET /galeria/nivo-slider/demo/images/bolsas-08.jpg HTTP/1.1" 304 -
190.26.230.117 - - [04/Jan/2015:20:34:05 -0500] "GET /galeria/nivo-slider/demo/images/Ruta-vertimientos-01.jpg HTTP/1.1" 304 -
190.26.230.117 - - [04/Jan/2015:20:34:05 -0500] "GET /galeria/nivo-slider/demo/images/bolsas-06.jpg HTTP/1.1" 304 -
190.26.230.117 - - [04/Jan/2015:20:34:08 -0500] "GET /videos/Spot_CambioClimatico.flv HTTP/1.1" 206 1
190.26.230.117 - - [04/Jan/2015:20:34:08 -0500] "GET /videos/Spot_CambioClimatico.flv HTTP/1.1" 206 290130
201.184.95.190 - - [04/Jan/2015:20:34:43 -0500] "POST /forms/lservlet;jsessionid=ac16012b30d58d28b9a60e5845da9dca86d0c67c5c46.e3iSbxaKaheRe34Sa3yKbhiTahb0n6jAmljGr5XDqQLvpAe HTTP/1.1" 200 2
186.80.112.56 - - [04/Jan/2015:20:35:22 -0500] "GET /BLA/resoluciones/RESOLUCIONES%202011/1354.pdf HTTP/1.1" 200 65763
186.80.112.56 - - [04/Jan/2015:20:35:23 -0500] "GET /BLA/resoluciones/RESOLUCIONES%202011/1354.pdf HTTP/1.1" 206 32768
186.80.112.56 - - [04/Jan/2015:20:35:23 -0500] "GET /BLA/resoluciones/RESOLUCIONES%202011/1354.pdf HTTP/1.1" 206 32995
186.80.112.56 - - [04/Jan/2015:20:35:23 -0500] "GET /favicon.ico HTTP/1.1" 200 7782
66.249.64.167 - - [04/Jan/2015:20:35:28 -0500] "GET /BLA/resoluciones/RESOLUCIONES%202011/3849.pdf HTTP/1.1" 200 294271
66.249.64.167 - - [04/Jan/2015:20:35:38 -0500] "GET /BLA/resoluciones/RESOLUCIONES%202008/2387.pdf HTTP/1.1" 200 457604
181.50.241.109 - - [04/Jan/2015:20:35:56 -0500] "POST /forms/lservlet;jsessionid=ac16012b30d52a185366133943c4afb3b3347df04e04.e3iSbxaKaheRe34Sa3yKbhiTahb0n6jAmljGr5XDqQLvpAe HTTP/1.1" 200 2
66.249.64.171 - - [04/Jan/2015:20:36:27 -0500] "GET /BLA/resoluciones/RESOLUCIONES%202008/0333.pdf HTTP/1.1" 200 212185
74.86.158.107 - - [04/Jan/2015:20:36:41 -0500] "HEAD / HTTP/1.1" 302 -
201.184.95.190 - - [04/Jan/2015:20:36:43 -0500] "POST /forms/lservlet;jsessionid=ac16012b30d58d28b9a60e5845da9dca86d0c67c5c46.e3iSbxaKaheRe34Sa3yKbhiTahb0n6jAmljGr5XDqQLvpAe HTTP/1.1" 200 2
66.249.64.163 - - [04/Jan/2015:20:37:05 -0500] "GET /BLA/resoluciones/RESOLUCIONES%202002/RES%202002%20551-600/00000587.tif HTTP/1.1" 200 134188
188.165.15.177 - - [04/Jan/2015:20:37:15 -0500] "GET /BLA/resoluciones/index.php?dir=RESOLUCIONES%202002/RES%202002%201551-1600/&sort=size&order=desc HTTP/1.1" 200 12154
68.180.229.40 - - [04/Jan/2015:20:37:17 -0500] "GET / HTTP/1.1" 302 -
188.165.15.27 - - [04/Jan/2015:20:37:20 -0500] "-" 408 -
66.249.64.167 - - [04/Jan/2015:20:37:40 -0500] "GET /BLA/resoluciones/AUTOS%202010/1282.pdf HTTP/1.1" 200 289359
181.50.241.109 - - [04/Jan/2015:20:37:56 -0500] "POST /forms/lservlet;jsessionid=ac16012b30d52a185366133943c4afb3b3347df04e04.e3iSbxaKaheRe34Sa3yKbhiTahb0n6jAmljGr5XDqQLvpAe HTTP/1.1" 200 2
188.165.15.110 - - [04/Jan/2015:20:37:58 -0500] "GET /BLA/resoluciones/RESOLUCIONES%202003/RES%202003%201801-1850/20031823.tif HTTP/1.1" 200 329436
186.85.54.180 - - [04/Jan/2015:20:38:15 -0500] "GET /forest/login.do HTTP/1.1" 200 12758
186.85.54.180 - - [04/Jan/2015:20:38:16 -0500] "GET /forest/skins/gdocs-jar/css/menu.css?version=1412.231748 HTTP/1.1" 200 4235
186.85.54.180 - - [04/Jan/2015:20:38:16 -0500] "GET /forest/skins/gdocs-jar/css/autocomplete.css?version=1412.231748 HTTP/1.1" 200 1620
186.85.54.180 - - [04/Jan/2015:20:38:16 -0500] "GET /forest/skins/gdocs-jar/css/forest.css?version=1412.231748 HTTP/1.1" 200 51
186.85.54.180 - - [04/Jan/2015:20:38:16 -0500] "GET /forest/css/index.css?version=1412.231748 HTTP/1.1" 200 1900
186.85.54.180 - - [04/Jan/2015:20:38:16 -0500] "GET /forest/1ibre/jscalendar/calendar-win2k-1.css?version=1412.231748 HTTP/1.1" 200 5986
186.85.54.180 - - [04/Jan/2015:20:38:16 -0500] "GET /forest/css/escritorio.css?version=1412.231748 HTTP/1.1" 200 15878
186.85.54.180 - - [04/Jan/2015:20:38:16 -0500] "GET /forest/skins/gdocs-jar/css/dialog.css?version=1412.231748 HTTP/1.1" 200 1430
186.85.54.180 - - [04/Jan/2015:20:38:16 -0500] "GET /forest/skins/gdocs-jar/css/forms.css?version=1412.231748 HTTP/1.1" 200 7180
186.85.54.180 - - [04/Jan/2015:20:38:16 -0500] "GET /forest/img/loading.gif HTTP/1.1" 200 1197
186.85.54.180 - - [04/Jan/2015:20:38:16 -0500] "GET /forest/img/spacer.gif HTTP/1.1" 200 43
186.85.54.180 - - [04/Jan/2015:20:38:16 -0500] "GET /forest/js/json3.js HTTP/1.1" 200 39592
186.85.54.180 - - [04/Jan/2015:20:38:16 -0500] "GET /forest/img/panel/view_icon.gif HTTP/1.1" 200 681
186.85.54.180 - - [04/Jan/2015:20:38:16 -0500] "GET /forest/jsoptimized/gz/js/gdocsall-1412.231748.js HTTP/1.1" 200 99216
186.85.54.180 - - [04/Jan/2015:20:38:16 -0500] "GET /forest/img/inicio/6.gif HTTP/1.1" 200 12239
186.85.54.180 - - [04/Jan/2015:20:38:16 -0500] "GET /forest/img/inicio/1.gif HTTP/1.1" 200 23925
186.85.54.180 - - [04/Jan/2015:20:38:16 -0500] "GET /forest/img/inicio/2.gif HTTP/1.1" 200 42562
186.85.54.180 - - [04/Jan/2015:20:38:16 -0500] "GET /forest/img/inicio/3.gif HTTP/1.1" 200 29737
186.85.54.180 - - [04/Jan/2015:20:38:16 -0500] "GET /forest/img/inicio/4.gif HTTP/1.1" 200 27784
186.85.54.180 - - [04/Jan/2015:20:38:16 -0500] "GET /forest/img/mplogo.gif HTTP/1.1" 200 806
186.85.54.180 - - [04/Jan/2015:20:38:16 -0500] "GET /forest/img/close.gif HTTP/1.1" 200 571
186.85.54.180 - - [04/Jan/2015:20:38:16 -0500] "GET /forest/img/inicio/5.gif HTTP/1.1" 200 25611
186.85.54.180 - - [04/Jan/2015:20:38:16 -0500] "GET /forest/skins/gdocs-jar/img/okey.gif HTTP/1.1" 200 203
186.85.54.180 - - [04/Jan/2015:20:38:16 -0500] "GET /forest/img/inicio/7.gif HTTP/1.1" 200 18547
186.85.54.180 - - [04/Jan/2015:20:38:16 -0500] "GET /forest/img/base/bsc2_r1_c2.gif HTTP/1.1" 200 269
186.85.54.180 - - [04/Jan/2015:20:38:16 -0500] "GET /forest/img/base/bsc2_r1_c3.gif HTTP/1.1" 200 3704
186.85.54.180 - - [04/Jan/2015:20:38:16 -0500] "GET /forest/img/base/bsc2_r1_c1.gif HTTP/1.1" 200 28640
186.85.54.180 - - [04/Jan/2015:20:38:16 -0500] "GET /forest/1ibre/1ibre.css HTTP/1.1" 200 614
186.85.54.180 - - [04/Jan/2015:20:38:16 -0500] "GET /forest/img/forestIcon.gif?version=1412.231748 HTTP/1.1" 200 573
66.249.64.171 - - [04/Jan/2015:20:38:16 -0500] "GET /BLA/resoluciones/RESOLUCIONES%202007/RES%202007%204101%20AL%204200/RESOLUCION%204144%20DE%202007.pdf HTTP/1.1" 200 220544
186.85.54.180 - - [04/Jan/2015:20:38:22 -0500] "POST /forest/login.do HTTP/1.1" 302 -
186.85.54.180 - - [04/Jan/2015:20:38:22 -0500] "GET /forest/img/inicio.jpg HTTP/1.1" 200 897
186.85.54.180 - - [04/Jan/2015:20:38:22 -0500] "GET /forest/img/users/3.gif HTTP/1.1" 200 1513
186.85.54.180 - - [04/Jan/2015:20:38:22 -0500] "GET /forest/img/users/7.gif HTTP/1.1" 200 1631
186.85.54.180 - - [04/Jan/2015:20:38:22 -0500] "GET /forest/img/users/5.gif HTTP/1.1" 200 1507
186.85.54.180 - - [04/Jan/2015:20:38:22 -0500] "GET /forest/img/download_large.gif HTTP/1.1" 200 203
186.85.54.180 - - [04/Jan/2015:20:38:22 -0500] "GET /forest/img/buscar.jpg HTTP/1.1" 200 736
186.85.54.180 - - [04/Jan/2015:20:38:22 -0500] "GET /forest/img/buscar_documentos.gif HTTP/1.1" 200 674
186.85.54.180 - - [04/Jan/2015:20:38:22 -0500] "GET /forest/img/fondo-barra.gif HTTP/1.1" 200 282
186.85.54.180 - - [04/Jan/2015:20:38:27 -0500] "GET /forest/img/buscar_procesos.gif HTTP/1.1" 200 158
186.85.54.180 - - [04/Jan/2015:20:38:27 -0500] "GET /forest/img/notify.gif HTTP/1.1" 200 746
186.85.54.180 - - [04/Jan/2015:20:38:27 -0500] "GET /forest/img/ayuda.gif HTTP/1.1" 200 716
