74.86.158.107 - - [04/Jan/2015:17:26:42 -0500] "HEAD / HTTP/1.1" 302 -
186.29.197.182 - - [04/Jan/2015:17:26:46 -0500] "POST /forms/lservlet;jsessionid=ac16012b30d5cf36b19de3354db794b8b4f4c9bb63e2.e3iSbxaKaheRe34Sa3yKbhiTahb0n6jAmljGr5XDqQLvpAe HTTP/1.1" 200 2
66.249.64.163 - - [04/Jan/2015:17:27:01 -0500] "GET /BLA/resoluciones/RESOLUCIONES%202007/RES%202007%20901%20AL%201000/RESOLUCION%200926%20DE%202007.pdf HTTP/1.1" 200 395388
201.184.95.190 - - [04/Jan/2015:17:27:11 -0500] "GET /forest/session.jsp?a=0.5500819515436888 HTTP/1.1" 200 4
201.184.95.190 - - [04/Jan/2015:17:27:12 -0500] "GET /forest/session.jsp?a=0.6742014961782843 HTTP/1.1" 200 4
66.249.64.167 - - [04/Jan/2015:17:27:12 -0500] "GET /BLA/resoluciones/RESOLUCIONES%202007/RES%202007%204001%20AL%204100/RESOLUCION%204027%20DE%202007.pdf HTTP/1.1" 200 792243
66.249.64.171 - - [04/Jan/2015:17:27:38 -0500] "GET /BLA/resoluciones/RESOLUCIONES%202007/RES%202007%203401%20AL%203500/RESOLUCION%203481%20DE%202007.pdf HTTP/1.1" 200 346050
181.50.241.109 - - [04/Jan/2015:17:27:48 -0500] "POST /forms/lservlet;jsessionid=ac16012b30d52a185366133943c4afb3b3347df04e04.e3iSbxaKaheRe34Sa3yKbhiTahb0n6jAmljGr5XDqQLvpAe HTTP/1.1" 200 2
188.165.15.177 - - [04/Jan/2015:17:27:48 -0500] "GET /BLA/resoluciones/RESOLUCIONES%202004/RES%202004%20501-550/00000528.tif HTTP/1.1" 200 105786
180.76.6.135 - - [04/Jan/2015:17:28:00 -0500] "GET /BLA/resoluciones/Autos%202008/0876.pdf HTTP/1.1" 200 166811
66.249.64.171 - - [04/Jan/2015:17:28:16 -0500] "GET /BLA/resoluciones/RESOLUCIONES%202009/0753.pdf HTTP/1.1" 200 608631
212.22.42.163 - - [04/Jan/2015:17:28:25 -0500] "GET /BLA/boletinlegal/js/jquery.scrollShow.js HTTP/1.1" 200 4586
212.22.42.163 - - [04/Jan/2015:17:28:25 -0500] "GET /BLA/boletinlegal/js/jquery.scrollTo-min.js HTTP/1.1" 200 1150
212.22.42.163 - - [04/Jan/2015:17:28:25 -0500] "GET /BLA/boletinlegal/js/jquery.js HTTP/1.1" 200 57254
186.29.197.182 - - [04/Jan/2015:17:28:46 -0500] "POST /forms/lservlet;jsessionid=ac16012b30d5cf36b19de3354db794b8b4f4c9bb63e2.e3iSbxaKaheRe34Sa3yKbhiTahb0n6jAmljGr5XDqQLvpAe HTTP/1.1" 200 2
180.76.5.155 - - [04/Jan/2015:17:28:49 -0500] "GET /BLA/resoluciones/RESOLUCIONES%202009/1850.pdf HTTP/1.1" 200 522386
66.249.64.163 - - [04/Jan/2015:17:28:53 -0500] "GET /BLA/resoluciones/RESOLUCIONES%202009/5529.pdf HTTP/1.1" 200 561665
66.249.64.171 - - [04/Jan/2015:17:29:31 -0500] "GET /BLA/resoluciones/RESOLUCIONES%202009/5356.pdf HTTP/1.1" 200 443842
188.165.15.177 - - [04/Jan/2015:17:29:41 -0500] "GET /BLA/resoluciones/RESOLUCIONES%202003/RES%202003%20001-050/2003RES42.tif HTTP/1.1" 200 69744
181.50.241.109 - - [04/Jan/2015:17:29:48 -0500] "POST /forms/lservlet;jsessionid=ac16012b30d52a185366133943c4afb3b3347df04e04.e3iSbxaKaheRe34Sa3yKbhiTahb0n6jAmljGr5XDqQLvpAe HTTP/1.1" 200 2
66.249.64.171 - - [04/Jan/2015:17:30:09 -0500] "GET /BLA/resoluciones/AUTOS%202008/0630.pdf HTTP/1.1" 200 95810
186.29.197.182 - - [04/Jan/2015:17:30:46 -0500] "POST /forms/lservlet;jsessionid=ac16012b30d5cf36b19de3354db794b8b4f4c9bb63e2.e3iSbxaKaheRe34Sa3yKbhiTahb0n6jAmljGr5XDqQLvpAe HTTP/1.1" 200 2
66.249.64.163 - - [04/Jan/2015:17:30:46 -0500] "GET /BLA/resoluciones/RESOLUCIONES%202011/2428.pdf HTTP/1.1" 200 305732
181.112.86.58 - - [04/Jan/2015:17:31:14 -0500] "GET /BLA/boletinlegal/js/jquery.js HTTP/1.1" 200 57254
181.112.86.58 - - [04/Jan/2015:17:31:14 -0500] "GET /BLA/boletinlegal/js/jquery.scrollTo-min.js HTTP/1.1" 200 1150
181.112.86.58 - - [04/Jan/2015:17:31:14 -0500] "GET /BLA/boletinlegal/js/jquery.scrollShow.js HTTP/1.1" 200 4586
66.249.64.171 - - [04/Jan/2015:17:31:24 -0500] "GET /BLA/resoluciones/RESOLUCIONES%202009/2825.pdf HTTP/1.1" 200 467816
74.86.158.107 - - [04/Jan/2015:17:31:42 -0500] "HEAD / HTTP/1.1" 302 -
181.50.241.109 - - [04/Jan/2015:17:31:48 -0500] "POST /forms/lservlet;jsessionid=ac16012b30d52a185366133943c4afb3b3347df04e04.e3iSbxaKaheRe34Sa3yKbhiTahb0n6jAmljGr5XDqQLvpAe HTTP/1.1" 200 2
66.249.64.171 - - [04/Jan/2015:17:32:01 -0500] "GET /BLA/resoluciones/RESOLUCIONES%202011/2012.pdf HTTP/1.1" 304 -
201.184.95.190 - - [04/Jan/2015:17:32:12 -0500] "GET /forest/session.jsp?a=0.7064808723516762 HTTP/1.1" 200 4
201.184.95.190 - - [04/Jan/2015:17:32:13 -0500] "GET /forest/session.jsp?a=0.45352305588312447 HTTP/1.1" 200 4
66.249.64.163 - - [04/Jan/2015:17:32:39 -0500] "GET /BLA/resoluciones/RESOLUCIONES%202007/RES%202007%203401%20AL%203500/RESOLUCION%203483%20DE%202007.pdf HTTP/1.1" 200 1785157
186.29.197.182 - - [04/Jan/2015:17:32:46 -0500] "POST /forms/lservlet;jsessionid=ac16012b30d5cf36b19de3354db794b8b4f4c9bb63e2.e3iSbxaKaheRe34Sa3yKbhiTahb0n6jAmljGr5XDqQLvpAe HTTP/1.1" 200 2
66.249.64.167 - - [04/Jan/2015:17:32:48 -0500] "GET /BLA/resoluciones/RESOLUCIONES%202011/0384.pdf HTTP/1.1" 200 83425
188.165.15.97 - - [04/Jan/2015:17:32:55 -0500] "GET /BLA/resoluciones/RESOLUCIONES%202005/RES%202005%201851-1900/00001892.tif HTTP/1.1" 200 124458
188.165.15.90 - - [04/Jan/2015:17:32:56 -0500] "GET /BLA/resoluciones/index.php?dir=RESOLUCIONES%202003/RES%202003%201501-1550/&sort=size&order=asc HTTP/1.1" 200 12137
66.249.64.171 - - [04/Jan/2015:17:32:59 -0500] "GET /BLA/resoluciones/RESOLUCIONES%202007/RES%202007%202901%20AL%203000/RESOLUCION%202968%20DE%202007.pdf HTTP/1.1" 200 672004
66.249.64.163 - - [04/Jan/2015:17:33:16 -0500] "GET /BLA/resoluciones/RESOLUCIONES%202009/6019.pdf HTTP/1.1" 200 646570
181.50.241.109 - - [04/Jan/2015:17:33:48 -0500] "POST /forms/lservlet;jsessionid=ac16012b30d52a185366133943c4afb3b3347df04e04.e3iSbxaKaheRe34Sa3yKbhiTahb0n6jAmljGr5XDqQLvpAe HTTP/1.1" 200 2
66.249.64.163 - - [04/Jan/2015:17:33:54 -0500] "GET /BLA/resoluciones/RESOLUCIONES%202013/0003.pdf HTTP/1.1" 304 -
190.147.214.74 - - [04/Jan/2015:17:34:30 -0500] "GET /BLA/boletinlegal/js/jquery.js HTTP/1.1" 200 57254
190.147.214.74 - - [04/Jan/2015:17:34:30 -0500] "GET /BLA/boletinlegal/js/jquery.scrollShow.js HTTP/1.1" 200 4586
190.147.214.74 - - [04/Jan/2015:17:34:30 -0500] "GET /BLA/boletinlegal/js/jquery.scrollTo-min.js HTTP/1.1" 200 1150
66.249.64.163 - - [04/Jan/2015:17:34:31 -0500] "GET /BLA/resoluciones/AUTOS%202007/0603.pdf HTTP/1.1" 200 32576
181.137.150.156 - - [04/Jan/2015:17:34:36 -0500] "GET /BLA/boletinlegal/js/jquery.scrollShow.js HTTP/1.1" 200 4586
181.137.150.156 - - [04/Jan/2015:17:34:36 -0500] "GET /BLA/boletinlegal/js/jquery.js HTTP/1.1" 200 57254
181.137.150.156 - - [04/Jan/2015:17:34:36 -0500] "GET /BLA/boletinlegal/js/jquery.scrollTo-min.js HTTP/1.1" 200 1150
181.137.150.156 - - [04/Jan/2015:17:34:36 -0500] "GET /galeria/carrusel/Carrusel/jquery.thumbnailScroller.css HTTP/1.1" 200 2066
181.137.150.156 - - [04/Jan/2015:17:34:37 -0500] "GET /galeria/carrusel/Carrusel/jquery-ui-1.8.13.custom.min.js HTTP/1.1" 200 10800
181.137.150.156 - - [04/Jan/2015:17:34:37 -0500] "GET /galeria/carrusel/Carrusel/jquery.thumbnailScroller.js HTTP/1.1" 200 8157
186.29.197.182 - - [04/Jan/2015:17:34:46 -0500] "POST /forms/lservlet;jsessionid=ac16012b30d5cf36b19de3354db794b8b4f4c9bb63e2.e3iSbxaKaheRe34Sa3yKbhiTahb0n6jAmljGr5XDqQLvpAe HTTP/1.1" 200 2
66.249.64.171 - - [04/Jan/2015:17:35:09 -0500] "GET /BLA/resoluciones/AUTOS%202007/2235.pdf HTTP/1.1" 200 161017
181.54.45.113 - - [04/Jan/2015:17:35:20 -0500] "GET /galeria/carrusel/Carrusel/jquery.thumbnailScroller.css HTTP/1.1" 200 2066
181.54.45.113 - - [04/Jan/2015:17:35:20 -0500] "GET /BLA/boletinlegal/js/jquery.js HTTP/1.1" 200 57254
181.54.45.113 - - [04/Jan/2015:17:35:20 -0500] "GET /BLA/boletinlegal/js/jquery.scrollTo-min.js HTTP/1.1" 200 1150
181.54.45.113 - - [04/Jan/2015:17:35:20 -0500] "GET /BLA/boletinlegal/js/jquery.scrollShow.js HTTP/1.1" 200 4586
181.54.45.113 - - [04/Jan/2015:17:35:20 -0500] "GET /galeria/carrusel/Carrusel/jquery.thumbnailScroller.js HTTP/1.1" 200 8157
181.54.45.113 - - [04/Jan/2015:17:35:20 -0500] "GET /galeria/carrusel/Carrusel/jquery-ui-1.8.13.custom.min.js HTTP/1.1" 200 10800
181.54.45.113 - - [04/Jan/2015:17:35:21 -0500] "GET /galeria/nivo-slider/demo/demo.html HTTP/1.1" 200 3150
181.54.45.113 - - [04/Jan/2015:17:35:21 -0500] "GET /galeria/nivo-slider/themes/default/default.css HTTP/1.1" 200 1569
181.54.45.113 - - [04/Jan/2015:17:35:21 -0500] "GET /galeria/nivo-slider/nivo-slider.css HTTP/1.1" 200 1507
181.54.45.113 - - [04/Jan/2015:17:35:21 -0500] "GET /galeria/nivo-slider/themes/pascal/pascal.css HTTP/1.1" 200 2258
181.54.45.113 - - [04/Jan/2015:17:35:21 -0500] "GET /galeria/nivo-slider/themes/orman/orman.css HTTP/1.1" 200 2152
181.54.45.113 - - [04/Jan/2015:17:35:21 -0500] "GET /galeria/nivo-slider/demo/style.css HTTP/1.1" 200 2222
181.54.45.113 - - [04/Jan/2015:17:35:21 -0500] "GET /galeria/nivo-slider/demo/scripts/jquery-1.7.1.min.js HTTP/1.1" 200 93868
181.54.45.113 - - [04/Jan/2015:17:35:21 -0500] "GET /galeria/nivo-slider/jquery.nivo.slider.pack.js HTTP/1.1" 200 11561
181.54.45.113 - - [04/Jan/2015:17:35:21 -0500] "GET /galeria/nivo-slider/demo/images/4Simple_Slider.png HTTP/1.1" 200 11722
181.54.45.113 - - [04/Jan/2015:17:35:21 -0500] "GET /galeria/nivo-slider/themes/default/loading.gif HTTP/1.1" 200 1737
181.54.45.113 - - [04/Jan/2015:17:35:21 -0500] "GET /galeria/nivo-slider/demo/images/bolsas-08.jpg HTTP/1.1" 200 85589
181.54.45.113 - - [04/Jan/2015:17:35:21 -0500] "GET /galeria/nivo-slider/demo/images/Ruta-vertimientos-01.jpg HTTP/1.1" 200 130151
181.54.45.113 - - [04/Jan/2015:17:35:21 -0500] "GET /galeria/nivo-slider/demo/images/ecolecta-Dic2014.png HTTP/1.1" 200 288593
181.54.45.113 - - [04/Jan/2015:17:35:21 -0500] "GET /galeria/nivo-slider/demo/images/bolsas-06.jpg HTTP/1.1" 200 90982
181.54.45.113 - - [04/Jan/2015:17:35:21 -0500] "GET /galeria/nivo-slider/demo/images/porloshumedales.jpg HTTP/1.1" 200 351238
181.54.45.113 - - [04/Jan/2015:17:35:22 -0500] "GET /galeria/nivo-slider/demo/images/Tingua-azul.jpg HTTP/1.1" 200 307638
181.54.45.113 - - [04/Jan/2015:17:35:22 -0500] "GET /galeria/nivo-slider/demo/images/Banner-Caracol-Africano.jpg HTTP/1.1" 200 331986
181.54.45.113 - - [04/Jan/2015:17:35:22 -0500] "GET /galeria/nivo-slider/demo/images/banner-redes.jpg HTTP/1.1" 200 62209
181.54.45.113 - - [04/Jan/2015:17:35:22 -0500] "GET /galeria/nivo-slider/demo/images/9Signos.jpg HTTP/1.1" 200 93040
181.54.45.113 - - [04/Jan/2015:17:35:22 -0500] "GET /galeria/nivo-slider/demo/images/banner-llantas2.jpg HTTP/1.1" 200 73153
181.54.45.113 - - [04/Jan/2015:17:35:23 -0500] "GET /galeria/nivo-slider/demo/images/banner-caballos.png HTTP/1.1" 200 389106
181.54.45.113 - - [04/Jan/2015:17:35:23 -0500] "GET /videos/Spot_CambioClimatico.flv HTTP/1.1" 200 4371917
181.54.45.113 - - [04/Jan/2015:17:35:24 -0500] "GET /galeria/nivo-slider/themes/default/arrows.png HTTP/1.1" 200 824
181.54.45.113 - - [04/Jan/2015:17:35:24 -0500] "GET /galeria/nivo-slider/themes/default/bullets.png HTTP/1.1" 200 1281
181.50.74.154 - - [04/Jan/2015:17:35:32 -0500] "GET /galeria/carrusel/Carrusel/jquery.thumbnailScroller.css HTTP/1.1" 200 2066
181.50.74.154 - - [04/Jan/2015:17:35:32 -0500] "GET /BLA/boletinlegal/js/jquery.scrollTo-min.js HTTP/1.1" 200 1150
181.50.74.154 - - [04/Jan/2015:17:35:32 -0500] "GET /BLA/boletinlegal/js/jquery.js HTTP/1.1" 200 57254
181.50.74.154 - - [04/Jan/2015:17:35:32 -0500] "GET /BLA/boletinlegal/js/jquery.scrollShow.js HTTP/1.1" 200 4586
181.50.74.154 - - [04/Jan/2015:17:35:32 -0500] "GET /galeria/carrusel/Carrusel/jquery.thumbnailScroller.js HTTP/1.1" 200 8157
181.50.74.154 - - [04/Jan/2015:17:35:32 -0500] "GET /galeria/carrusel/Carrusel/jquery-ui-1.8.13.custom.min.js HTTP/1.1" 200 10800
66.249.64.163 - - [04/Jan/2015:17:35:38 -0500] "GET /BLA/resoluciones/RESOLUCIONES%202010/6049.pdf HTTP/1.1" 200 3832483
180.76.6.145 - - [04/Jan/2015:17:35:42 -0500] "GET /BLA/resoluciones/RESOLUCIONES%202014/2063.pdf HTTP/1.1" 200 446803
220.181.108.145 - - [04/Jan/2015:17:35:45 -0500] "GET /BLA/boletinlegal/js/jquery.js HTTP/1.1" 200 57254
181.50.74.154 - - [04/Jan/2015:17:35:45 -0500] "GET /galeria/nivo-slider/demo/demo.html HTTP/1.1" 200 3150
220.181.108.170 - - [04/Jan/2015:17:35:47 -0500] "GET /BLA/boletinlegal/js/jquery.scrollTo-min.js HTTP/1.1" 200 1150
220.181.108.143 - - [04/Jan/2015:17:35:47 -0500] "GET /BLA/boletinlegal/js/jquery.scrollShow.js HTTP/1.1" 200 4586
181.50.241.109 - - [04/Jan/2015:17:35:48 -0500] "POST /forms/lservlet;jsessionid=ac16012b30d52a185366133943c4afb3b3347df04e04.e3iSbxaKaheRe34Sa3yKbhiTahb0n6jAmljGr5XDqQLvpAe HTTP/1.1" 200 2
220.181.108.156 - - [04/Jan/2015:17:35:48 -0500] "GET /galeria/carrusel/Carrusel/jquery.thumbnailScroller.css HTTP/1.1" 200 2066
220.181.108.162 - - [04/Jan/2015:17:35:49 -0500] "GET /galeria/carrusel/Carrusel/jquery-ui-1.8.13.custom.min.js HTTP/1.1" 200 10800
181.50.74.154 - - [04/Jan/2015:17:35:50 -0500] "GET /galeria/nivo-slider/themes/pascal/pascal.css HTTP/1.1" 200 2258
66.249.64.167 - - [04/Jan/2015:17:35:50 -0500] "GET /BLA/resoluciones/RESOLUCIONES%202011/5753.pdf HTTP/1.1" 304 -
220.181.108.165 - - [04/Jan/2015:17:35:50 -0500] "GET /galeria/carrusel/Carrusel/jquery.thumbnailScroller.js HTTP/1.1" 200 8157
181.50.74.154 - - [04/Jan/2015:17:35:50 -0500] "GET /galeria/nivo-slider/themes/default/default.css HTTP/1.1" 200 1569
181.50.74.154 - - [04/Jan/2015:17:35:51 -0500] "GET /galeria/nivo-slider/themes/orman/orman.css HTTP/1.1" 200 2152
181.50.74.154 - - [04/Jan/2015:17:35:51 -0500] "GET /galeria/nivo-slider/nivo-slider.css HTTP/1.1" 200 1507
181.50.74.154 - - [04/Jan/2015:17:35:51 -0500] "GET /galeria/nivo-slider/demo/style.css HTTP/1.1" 200 2222
181.50.74.154 - - [04/Jan/2015:17:35:51 -0500] "GET /galeria/nivo-slider/jquery.nivo.slider.pack.js HTTP/1.1" 200 11561
181.50.74.154 - - [04/Jan/2015:17:35:51 -0500] "GET /galeria/nivo-slider/demo/scripts/jquery-1.7.1.min.js HTTP/1.1" 200 93868
181.50.74.154 - - [04/Jan/2015:17:35:51 -0500] "GET /galeria/nivo-slider/demo/images/bolsas-08.jpg HTTP/1.1" 200 85589
181.50.74.154 - - [04/Jan/2015:17:35:51 -0500] "GET /galeria/nivo-slider/demo/images/4Simple_Slider.png HTTP/1.1" 200 11722
181.50.74.154 - - [04/Jan/2015:17:35:54 -0500] "GET /galeria/nivo-slider/themes/default/loading.gif HTTP/1.1" 200 1737
181.50.74.154 - - [04/Jan/2015:17:35:55 -0500] "GET /galeria/nivo-slider/demo/images/Ruta-vertimientos-01.jpg HTTP/1.1" 200 130151
188.165.15.209 - - [04/Jan/2015:17:36:07 -0500] "GET /BLA/resoluciones/index.php?dir=RESOLUCIONES%202005/RES%202005%202801-2850/&sort=size&order=desc HTTP/1.1" 200 11938
181.50.74.154 - - [04/Jan/2015:17:36:08 -0500] "GET /galeria/nivo-slider/demo/images/bolsas-06.jpg HTTP/1.1" 200 90982
66.249.64.171 - - [04/Jan/2015:17:36:24 -0500] "GET /BLA/resoluciones/RESOLUCIONES%202009/8994.pdf HTTP/1.1" 200 539285
74.86.158.107 - - [04/Jan/2015:17:36:42 -0500] "HEAD / HTTP/1.1" 302 -
181.50.74.154 - - [04/Jan/2015:17:36:55 -0500] "GET /galeria/nivo-slider/demo/images/porloshumedales.jpg HTTP/1.1" 200 351238
181.50.74.154 - - [04/Jan/2015:17:37:01 -0500] "GET /galeria/nivo-slider/demo/images/ecolecta-Dic2014.png HTTP/1.1" 200 288593
181.50.74.154 - - [04/Jan/2015:17:37:01 -0500] "GET /galeria/nivo-slider/demo/images/Tingua-azul.jpg HTTP/1.1" 200 307638
66.249.64.167 - - [04/Jan/2015:17:37:02 -0500] "GET /BLA/resoluciones/AUTOS%202007/0525.pdf HTTP/1.1" 200 185321
201.184.95.190 - - [04/Jan/2015:17:37:12 -0500] "GET /forest/session.jsp?a=0.3995280663948506 HTTP/1.1" 200 4
201.184.95.190 - - [04/Jan/2015:17:37:13 -0500] "GET /forest/session.jsp?a=0.5713917433749884 HTTP/1.1" 200 4
181.50.74.154 - - [04/Jan/2015:17:37:13 -0500] "GET /galeria/nivo-slider/demo/images/Banner-Caracol-Africano.jpg HTTP/1.1" 200 331986
181.50.74.154 - - [04/Jan/2015:17:37:13 -0500] "GET /galeria/nivo-slider/demo/images/banner-redes.jpg HTTP/1.1" 200 62209
181.50.74.154 - - [04/Jan/2015:17:37:15 -0500] "GET /galeria/nivo-slider/demo/images/9Signos.jpg HTTP/1.1" 200 93040
66.249.64.47 - - [04/Jan/2015:17:37:23 -0500] "GET /Autoliquidacion/Solicitudes%20relacionadas%20con%20calidad%20del%20aire%20auditiva%20y%20visual/Registro%20de%20Elementos%20de%20publicidad%20Exterior%20Visual/126pm04-pr16-f-a301%20Formato%20Solicitud%20de%20registro.xls HTTP/1.1" 200 3573248
181.50.74.154 - - [04/Jan/2015:17:37:36 -0500] "GET /galeria/nivo-slider/demo/images/banner-llantas2.jpg HTTP/1.1" 200 73153
181.50.74.154 - - [04/Jan/2015:17:37:37 -0500] "GET /galeria/nivo-slider/demo/images/banner-caballos.png HTTP/1.1" 200 389106
66.249.64.171 - - [04/Jan/2015:17:37:39 -0500] "GET /BLA/resoluciones/AUTOS%202007/3077.pdf HTTP/1.1" 304 -
181.50.241.109 - - [04/Jan/2015:17:37:48 -0500] "POST /forms/lservlet;jsessionid=ac16012b30d52a185366133943c4afb3b3347df04e04.e3iSbxaKaheRe34Sa3yKbhiTahb0n6jAmljGr5XDqQLvpAe HTTP/1.1" 200 2
181.50.74.154 - - [04/Jan/2015:17:37:48 -0500] "GET /videos/Spot_CambioClimatico.flv HTTP/1.1" 200 4371917
66.249.64.163 - - [04/Jan/2015:17:38:17 -0500] "GET /BLA/resoluciones/RESOLUCIONES%202009/3929.pdf HTTP/1.1" 200 76813
201.184.95.190 - - [04/Jan/2015:17:38:43 -0500] "GET /forest/skins/gdocs-jar/popup/popup.jsp?width=1100&height=500&title=Buscar%20documentos&uri=/forest/buscar.do%3Ftype%3Ddocumentos&name=undefined&_a=0.9493794133886695&a=0.021770189749076962 HTTP/1.1" 200 1300
201.184.95.190 - - [04/Jan/2015:17:38:43 -0500] "GET /forest/buscar.do?type=documentos HTTP/1.1" 200 14690
201.184.95.190 - - [04/Jan/2015:17:38:43 -0500] "GET /forest/buscar.do?type=documentos HTTP/1.1" 200 84837
201.184.95.190 - - [04/Jan/2015:17:38:44 -0500] "GET /forest/json.do?query=usersByDep&coddep=2013 HTTP/1.1" 200 6142
201.184.95.190 - - [04/Jan/2015:17:38:44 -0500] "GET /forest/json.do?query=versionListadas HTTP/1.1" 200 15
201.184.95.190 - - [04/Jan/2015:17:38:44 -0500] "GET /forest/json.do?query=usersByDep&coddep=2013 HTTP/1.1" 200 6142
201.184.95.190 - - [04/Jan/2015:17:38:44 -0500] "GET /forest/json.do?query=procesIniciales HTTP/1.1" 200 10001
66.249.64.171 - - [04/Jan/2015:17:38:54 -0500] "GET /BLA/resoluciones/RESOLUCIONES%202009/8826.pdf HTTP/1.1" 200 925086
188.165.15.214 - - [04/Jan/2015:17:39:00 -0500] "GET /BLA/resoluciones/RESOLUCIONES%202004/RES%202004%202101-2150/00002131.tif HTTP/1.1" 200 73694
201.184.95.190 - - [04/Jan/2015:17:39:07 -0500] "POST /forest/buscar.do? HTTP/1.1" 200 5722
201.184.95.190 - - [04/Jan/2015:17:39:17 -0500] "GET /forest/img/candado.gif HTTP/1.1" 200 406
186.30.159.137 - - [04/Jan/2015:17:39:18 -0500] "GET /BLA/boletinlegal/js/jquery.js HTTP/1.1" 200 57254
186.30.159.137 - - [04/Jan/2015:17:39:18 -0500] "GET /BLA/boletinlegal/js/jquery.scrollTo-min.js HTTP/1.1" 200 1150
186.30.159.137 - - [04/Jan/2015:17:39:18 -0500] "GET /BLA/boletinlegal/js/jquery.scrollShow.js HTTP/1.1" 200 4586
66.249.64.167 - - [04/Jan/2015:17:39:32 -0500] "GET /BLA/resoluciones/AUTOS%202012/0395.pdf HTTP/1.1" 200 175705
181.50.241.109 - - [04/Jan/2015:17:39:48 -0500] "POST /forms/lservlet;jsessionid=ac16012b30d52a185366133943c4afb3b3347df04e04.e3iSbxaKaheRe34Sa3yKbhiTahb0n6jAmljGr5XDqQLvpAe HTTP/1.1" 200 2
201.184.95.190 - - [04/Jan/2015:17:40:04 -0500] "GET /forest/skins/gdocs-jar/popup/popup.jsp?width=850&height=380&title=Informaci%F3n%20del%20radicado&uri=/forest/system/document.jsp%3FcodDoc%3D267675&name=undefined&_a=0.8675290276296437&a=0.25738044269382954 HTTP/1.1" 200 1314
201.184.95.190 - - [04/Jan/2015:17:40:04 -0500] "GET /forest/system/document.jsp?codDoc=267675 HTTP/1.1" 200 9227
201.184.95.190 - - [04/Jan/2015:17:40:04 -0500] "GET /forest/system/document.jsp?codDoc=267675 HTTP/1.1" 200 9227
66.249.64.171 - - [04/Jan/2015:17:40:10 -0500] "GET /BLA/resoluciones/RESOLUCIONES%202011/4869.pdf HTTP/1.1" 200 778274
201.184.95.190 - - [04/Jan/2015:17:40:10 -0500] "GET /forest/skins/gdocs-jar/popup/popup.jsp?width=900&height=600&title=Informaci%F3n%20de%20proceso&uri=/forest/system/process.jsp%3FnumPro%3D267468&name=undefined&_a=0.16381238377653062&a=0.24582983343861997 HTTP/1.1" 200 1311
201.184.95.190 - - [04/Jan/2015:17:40:11 -0500] "GET /forest/system/process.jsp?numPro=267468 HTTP/1.1" 200 12841
201.184.95.190 - - [04/Jan/2015:17:40:11 -0500] "GET /forest/system/process.jsp?numPro=267468 HTTP/1.1" 200 12841
181.129.189.176 - - [04/Jan/2015:17:40:43 -0500] "GET /BLA/boletinlegal/js/jquery.js HTTP/1.1" 200 57254
181.129.189.176 - - [04/Jan/2015:17:40:43 -0500] "GET /BLA/boletinlegal/js/jquery.scrollTo-min.js HTTP/1.1" 200 1150
181.129.189.176 - - [04/Jan/2015:17:40:43 -0500] "GET /BLA/boletinlegal/js/jquery.scrollShow.js HTTP/1.1" 200 4586
181.129.189.176 - - [04/Jan/2015:17:40:43 -0500] "GET /galeria/carrusel/Carrusel/jquery.thumbnailScroller.css HTTP/1.1" 200 2066
181.129.189.176 - - [04/Jan/2015:17:40:43 -0500] "GET /galeria/carrusel/Carrusel/jquery-ui-1.8.13.custom.min.js HTTP/1.1" 200 10800
181.129.189.176 - - [04/Jan/2015:17:40:44 -0500] "GET /galeria/carrusel/Carrusel/jquery.thumbnailScroller.js HTTP/1.1" 200 8157
66.249.64.167 - - [04/Jan/2015:17:40:47 -0500] "GET /BLA/resoluciones/RESOLUCIONES%202007/RES%202007%201801%20AL%201900/RESOLUCION%201890%20DE%202007.pdf HTTP/1.1" 200 313878
181.54.218.162 - - [04/Jan/2015:17:41:01 -0500] "GET /BLA/boletinlegal/js/jquery.js HTTP/1.1" 200 57254
181.54.218.162 - - [04/Jan/2015:17:41:01 -0500] "GET /BLA/boletinlegal/js/jquery.scrollTo-min.js HTTP/1.1" 200 1150
181.54.218.162 - - [04/Jan/2015:17:41:01 -0500] "GET /BLA/boletinlegal/js/jquery.scrollShow.js HTTP/1.1" 200 4586
181.54.218.162 - - [04/Jan/2015:17:41:01 -0500] "GET /galeria/carrusel/Carrusel/jquery.thumbnailScroller.css HTTP/1.1" 200 2066
181.54.218.162 - - [04/Jan/2015:17:41:01 -0500] "GET /galeria/carrusel/Carrusel/jquery-ui-1.8.13.custom.min.js HTTP/1.1" 200 10800
181.54.218.162 - - [04/Jan/2015:17:41:01 -0500] "GET /galeria/carrusel/Carrusel/jquery.thumbnailScroller.js HTTP/1.1" 200 8157
181.54.218.162 - - [04/Jan/2015:17:41:02 -0500] "GET /galeria/nivo-slider/demo/demo.html HTTP/1.1" 200 3150
181.54.218.162 - - [04/Jan/2015:17:41:02 -0500] "GET /galeria/nivo-slider/themes/default/default.css HTTP/1.1" 200 1569
181.54.218.162 - - [04/Jan/2015:17:41:02 -0500] "GET /galeria/nivo-slider/themes/pascal/pascal.css HTTP/1.1" 200 2258
181.54.218.162 - - [04/Jan/2015:17:41:02 -0500] "GET /galeria/nivo-slider/themes/orman/orman.css HTTP/1.1" 200 2152
181.54.218.162 - - [04/Jan/2015:17:41:02 -0500] "GET /galeria/nivo-slider/nivo-slider.css HTTP/1.1" 200 1507
181.54.218.162 - - [04/Jan/2015:17:41:02 -0500] "GET /galeria/nivo-slider/demo/style.css HTTP/1.1" 200 2222
181.54.218.162 - - [04/Jan/2015:17:41:02 -0500] "GET /galeria/nivo-slider/demo/scripts/jquery-1.7.1.min.js HTTP/1.1" 200 93868
181.54.218.162 - - [04/Jan/2015:17:41:02 -0500] "GET /galeria/nivo-slider/jquery.nivo.slider.pack.js HTTP/1.1" 200 11561
181.54.218.162 - - [04/Jan/2015:17:41:03 -0500] "GET /galeria/nivo-slider/demo/images/4Simple_Slider.png HTTP/1.1" 200 11722
181.54.218.162 - - [04/Jan/2015:17:41:03 -0500] "GET /galeria/nivo-slider/themes/default/loading.gif HTTP/1.1" 200 1737
181.54.218.162 - - [04/Jan/2015:17:41:03 -0500] "GET /galeria/nivo-slider/demo/images/bolsas-08.jpg HTTP/1.1" 200 85589
181.54.218.162 - - [04/Jan/2015:17:41:03 -0500] "GET /galeria/nivo-slider/demo/images/Ruta-vertimientos-01.jpg HTTP/1.1" 200 130151
181.54.218.162 - - [04/Jan/2015:17:41:03 -0500] "GET /galeria/nivo-slider/demo/images/bolsas-06.jpg HTTP/1.1" 200 90982
181.54.218.162 - - [04/Jan/2015:17:41:03 -0500] "GET /galeria/nivo-slider/demo/images/ecolecta-Dic2014.png HTTP/1.1" 200 288593
181.54.218.162 - - [04/Jan/2015:17:41:04 -0500] "GET /galeria/nivo-slider/demo/images/porloshumedales.jpg HTTP/1.1" 200 351238
181.54.218.162 - - [04/Jan/2015:17:41:05 -0500] "GET /galeria/nivo-slider/demo/images/Tingua-azul.jpg HTTP/1.1" 200 307638
181.54.218.162 - - [04/Jan/2015:17:41:05 -0500] "GET /galeria/nivo-slider/demo/images/Banner-Caracol-Africano.jpg HTTP/1.1" 200 331986
181.54.218.162 - - [04/Jan/2015:17:41:06 -0500] "GET /galeria/nivo-slider/demo/images/banner-redes.jpg HTTP/1.1" 200 62209
181.54.218.162 - - [04/Jan/2015:17:41:06 -0500] "GET /galeria/nivo-slider/demo/images/banner-llantas2.jpg HTTP/1.1" 200 73153
181.54.218.162 - - [04/Jan/2015:17:41:06 -0500] "GET /galeria/nivo-slider/demo/images/9Signos.jpg HTTP/1.1" 200 93040
181.54.218.162 - - [04/Jan/2015:17:41:07 -0500] "GET /galeria/nivo-slider/demo/images/banner-caballos.png HTTP/1.1" 200 389106
181.54.218.162 - - [04/Jan/2015:17:41:08 -0500] "GET /galeria/nivo-slider/themes/default/arrows.png HTTP/1.1" 200 824
181.54.218.162 - - [04/Jan/2015:17:41:08 -0500] "GET /galeria/nivo-slider/themes/default/bullets.png HTTP/1.1" 200 1281
181.54.218.162 - - [04/Jan/2015:17:41:09 -0500] "GET /videos/Spot_CambioClimatico.flv HTTP/1.1" 200 4371917
66.249.64.167 - - [04/Jan/2015:17:41:15 -0500] "GET /BLA/resoluciones/RESOLUCIONES%202010/2511.pdf HTTP/1.1" 200 178515
66.249.64.171 - - [04/Jan/2015:17:41:25 -0500] "GET /BLA/resoluciones/RESOLUCIONES%202008/1251.pdf HTTP/1.1" 304 -
74.86.158.107 - - [04/Jan/2015:17:41:42 -0500] "HEAD / HTTP/1.1" 302 -
181.50.241.109 - - [04/Jan/2015:17:41:48 -0500] "POST /forms/lservlet;jsessionid=ac16012b30d52a185366133943c4afb3b3347df04e04.e3iSbxaKaheRe34Sa3yKbhiTahb0n6jAmljGr5XDqQLvpAe HTTP/1.1" 200 2
66.249.64.171 - - [04/Jan/2015:17:42:02 -0500] "GET /BLA/resoluciones/AUTOS%202011/6439.pdf HTTP/1.1" 200 164814
188.165.15.195 - - [04/Jan/2015:17:42:07 -0500] "GET /BLA/resoluciones/RESOLUCIONES%202005/RES%202005%201101-1150/00001123.tif HTTP/1.1" 200 135644
201.184.95.190 - - [04/Jan/2015:17:42:12 -0500] "GET /forest/session.jsp?a=0.8979369648732245 HTTP/1.1" 200 4
201.184.95.190 - - [04/Jan/2015:17:42:13 -0500] "GET /forest/session.jsp?a=0.015788265271112323 HTTP/1.1" 200 4
66.249.64.163 - - [04/Jan/2015:17:42:40 -0500] "GET /BLA/resoluciones/AUTOS%202007/0255.pdf HTTP/1.1" 200 230247
179.32.152.231 - - [04/Jan/2015:17:42:56 -0500] "GET /galeria/nivo-slider/demo/demo.html HTTP/1.1" 304 -
179.32.152.231 - - [04/Jan/2015:17:42:57 -0500] "GET /galeria/nivo-slider/demo/images/bolsas-08.jpg HTTP/1.1" 304 -
179.32.152.231 - - [04/Jan/2015:17:42:57 -0500] "GET /galeria/nivo-slider/demo/images/bolsas-06.jpg HTTP/1.1" 304 -
179.32.152.231 - - [04/Jan/2015:17:42:57 -0500] "GET /galeria/nivo-slider/demo/images/Ruta-vertimientos-01.jpg HTTP/1.1" 304 -
66.249.64.167 - - [04/Jan/2015:17:43:17 -0500] "GET /BLA/resoluciones/RESOLUCIONES%202013/2130.pdf HTTP/1.1" 200 570351
181.50.241.109 - - [04/Jan/2015:17:43:48 -0500] "POST /forms/lservlet;jsessionid=ac16012b30d52a185366133943c4afb3b3347df04e04.e3iSbxaKaheRe34Sa3yKbhiTahb0n6jAmljGr5XDqQLvpAe HTTP/1.1" 200 2
66.249.64.171 - - [04/Jan/2015:17:43:55 -0500] "GET /BLA/resoluciones/RESOLUCIONES%202007/RES%202007%203601%20AL%203700/RESOLUCION%203683%20DE%202007.pdf HTTP/1.1" 200 732518
157.55.39.156 - - [04/Jan/2015:17:44:05 -0500] "GET /BLA/boletinlegal/actas/acta%20de%20acuerdo%2002%20adop%20regla%20inter%20mesa%20salud%20ambie.pdf HTTP/1.1" 200 479782
66.249.64.163 - - [04/Jan/2015:17:44:18 -0500] "GET /BLA/resoluciones/AUTOS%202006/AUTOS%202006%20501-600/00000501.tif HTTP/1.1" 200 34862
66.249.64.171 - - [04/Jan/2015:17:44:33 -0500] "GET /BLA/resoluciones/RESOLUCIONES%202008/5564.pdf HTTP/1.1" 304 -
123.125.71.92 - - [04/Jan/2015:17:45:09 -0500] "GET /BLA/resoluciones/RESOLUCIONES%202007/RES%202007%20601%20AL%20700/RESOLUCION%200638%20DE%202007.pdf HTTP/1.1" 200 1951370
66.249.64.171 - - [04/Jan/2015:17:45:10 -0500] "GET /BLA/resoluciones/AUTOS%202008/2572.pdf HTTP/1.1" 200 137722
180.76.5.190 - - [04/Jan/2015:17:45:17 -0500] "GET /BLA/boletinlegal;jsessionid=DE07BDC2448922F4A1828DAB88D8985A?/? HTTP/1.1" 404 1018
66.249.64.171 - - [04/Jan/2015:17:45:48 -0500] "GET /BLA/resoluciones/RESOLUCIONES%202010/5703.pdf HTTP/1.1" 200 79374
181.50.241.109 - - [04/Jan/2015:17:45:48 -0500] "POST /forms/lservlet;jsessionid=ac16012b30d52a185366133943c4afb3b3347df04e04.e3iSbxaKaheRe34Sa3yKbhiTahb0n6jAmljGr5XDqQLvpAe HTTP/1.1" 200 2
66.249.64.163 - - [04/Jan/2015:17:46:25 -0500] "GET /BLA/resoluciones/RESOLUCIONES%202010/6810.pdf HTTP/1.1" 304 -
74.86.158.107 - - [04/Jan/2015:17:46:42 -0500] "HEAD / HTTP/1.1" 302 -
66.249.64.171 - - [04/Jan/2015:17:46:44 -0500] "GET /BLA/resoluciones/RESOLUCIONES%202004/RES%202004%202051-2100/00002053.tif HTTP/1.1" 200 152294
66.249.64.171 - - [04/Jan/2015:17:46:52 -0500] "GET /BLA/resoluciones/RESOLUCIONES%202010/3379.pdf HTTP/1.1" 200 298087
188.165.15.27 - - [04/Jan/2015:17:47:00 -0500] "GET /BLA/resoluciones/index.php?dir=AUTOS%202006/&sort=name&order=desc HTTP/1.1" 200 9518
66.249.64.167 - - [04/Jan/2015:17:47:03 -0500] "GET /BLA/resoluciones/AUTOS%202010/6642.pdf HTTP/1.1" 200 155805
201.184.95.190 - - [04/Jan/2015:17:47:12 -0500] "GET /forest/session.jsp?a=0.5542338963132352 HTTP/1.1" 200 4
201.184.95.190 - - [04/Jan/2015:17:47:13 -0500] "GET /forest/session.jsp?a=0.4443696327507496 HTTP/1.1" 200 4
190.84.178.4 - - [04/Jan/2015:17:47:36 -0500] "GET /galeria/carrusel/Carrusel/jquery.thumbnailScroller.css HTTP/1.1" 200 2066
190.84.178.4 - - [04/Jan/2015:17:47:36 -0500] "GET /BLA/boletinlegal/js/jquery.js HTTP/1.1" 200 57254
190.84.178.4 - - [04/Jan/2015:17:47:36 -0500] "GET /BLA/boletinlegal/js/jquery.scrollTo-min.js HTTP/1.1" 200 1150
190.84.178.4 - - [04/Jan/2015:17:47:36 -0500] "GET /BLA/boletinlegal/js/jquery.scrollShow.js HTTP/1.1" 200 4586
190.84.178.4 - - [04/Jan/2015:17:47:36 -0500] "GET /galeria/carrusel/Carrusel/jquery-ui-1.8.13.custom.min.js HTTP/1.1" 200 10800
190.84.178.4 - - [04/Jan/2015:17:47:36 -0500] "GET /galeria/carrusel/Carrusel/jquery.thumbnailScroller.js HTTP/1.1" 200 8157
190.84.178.4 - - [04/Jan/2015:17:47:37 -0500] "GET /galeria/nivo-slider/demo/demo.html HTTP/1.1" 200 3150
190.84.178.4 - - [04/Jan/2015:17:47:39 -0500] "GET /galeria/nivo-slider/themes/pascal/pascal.css HTTP/1.1" 200 2258
190.84.178.4 - - [04/Jan/2015:17:47:39 -0500] "GET /galeria/nivo-slider/themes/default/default.css HTTP/1.1" 200 1569
190.84.178.4 - - [04/Jan/2015:17:47:39 -0500] "GET /galeria/nivo-slider/themes/orman/orman.css HTTP/1.1" 200 2152
190.84.178.4 - - [04/Jan/2015:17:47:39 -0500] "GET /galeria/nivo-slider/nivo-slider.css HTTP/1.1" 200 1507
190.84.178.4 - - [04/Jan/2015:17:47:39 -0500] "GET /galeria/nivo-slider/demo/images/bolsas-08.jpg HTTP/1.1" 200 85589
190.84.178.4 - - [04/Jan/2015:17:47:39 -0500] "GET /galeria/nivo-slider/demo/style.css HTTP/1.1" 200 2222
190.84.178.4 - - [04/Jan/2015:17:47:39 -0500] "GET /galeria/nivo-slider/demo/images/Ruta-vertimientos-01.jpg HTTP/1.1" 200 130151
190.84.178.4 - - [04/Jan/2015:17:47:39 -0500] "GET /galeria/nivo-slider/demo/images/bolsas-06.jpg HTTP/1.1" 200 90982
190.84.178.4 - - [04/Jan/2015:17:47:39 -0500] "GET /galeria/nivo-slider/jquery.nivo.slider.pack.js HTTP/1.1" 200 11561
190.84.178.4 - - [04/Jan/2015:17:47:39 -0500] "GET /galeria/nivo-slider/demo/scripts/jquery-1.7.1.min.js HTTP/1.1" 200 93868
190.84.178.4 - - [04/Jan/2015:17:47:39 -0500] "GET /galeria/nivo-slider/demo/images/ecolecta-Dic2014.png HTTP/1.1" 200 288593
190.84.178.4 - - [04/Jan/2015:17:47:39 -0500] "GET /galeria/nivo-slider/demo/images/porloshumedales.jpg HTTP/1.1" 200 351238
190.84.178.4 - - [04/Jan/2015:17:47:40 -0500] "GET /galeria/nivo-slider/demo/images/Tingua-azul.jpg HTTP/1.1" 200 307638
190.84.178.4 - - [04/Jan/2015:17:47:40 -0500] "GET /galeria/nivo-slider/demo/images/Banner-Caracol-Africano.jpg HTTP/1.1" 200 331986
190.84.178.4 - - [04/Jan/2015:17:47:40 -0500] "GET /galeria/nivo-slider/demo/images/4Simple_Slider.png HTTP/1.1" 200 11722
190.84.178.4 - - [04/Jan/2015:17:47:40 -0500] "GET /galeria/nivo-slider/themes/default/loading.gif HTTP/1.1" 200 1737
66.249.64.167 - - [04/Jan/2015:17:47:40 -0500] "GET /BLA/resoluciones/RESOLUCIONES%202009/0993.pdf HTTP/1.1" 304 -
190.84.178.4 - - [04/Jan/2015:17:47:41 -0500] "GET /galeria/nivo-slider/demo/images/banner-redes.jpg HTTP/1.1" 200 62209
190.84.178.4 - - [04/Jan/2015:17:47:41 -0500] "GET /galeria/nivo-slider/demo/images/9Signos.jpg HTTP/1.1" 200 93040
190.84.178.4 - - [04/Jan/2015:17:47:41 -0500] "GET /galeria/nivo-slider/demo/images/banner-llantas2.jpg HTTP/1.1" 200 73153
190.84.178.4 - - [04/Jan/2015:17:47:41 -0500] "GET /galeria/nivo-slider/demo/images/banner-caballos.png HTTP/1.1" 200 389106
190.84.178.4 - - [04/Jan/2015:17:47:43 -0500] "GET /galeria/nivo-slider/themes/default/arrows.png HTTP/1.1" 200 824
190.84.178.4 - - [04/Jan/2015:17:47:43 -0500] "GET /galeria/nivo-slider/themes/default/bullets.png HTTP/1.1" 200 1281
181.50.241.109 - - [04/Jan/2015:17:47:48 -0500] "POST /forms/lservlet;jsessionid=ac16012b30d52a185366133943c4afb3b3347df04e04.e3iSbxaKaheRe34Sa3yKbhiTahb0n6jAmljGr5XDqQLvpAe HTTP/1.1" 200 2
66.249.64.171 - - [04/Jan/2015:17:48:18 -0500] "GET /BLA/resoluciones/RESOLUCIONES%202008/3433.pdf HTTP/1.1" 200 251966
66.249.64.167 - - [04/Jan/2015:17:48:55 -0500] "GET /BLA/resoluciones/AUTOS%202012/1358.pdf HTTP/1.1" 200 158436
181.135.92.108 - - [04/Jan/2015:17:49:14 -0500] "GET /BLA/boletinlegal/js/jquery.scrollShow.js HTTP/1.1" 200 4586
181.135.92.108 - - [04/Jan/2015:17:49:14 -0500] "GET /BLA/boletinlegal/js/jquery.js HTTP/1.1" 200 57254
181.135.92.108 - - [04/Jan/2015:17:49:14 -0500] "GET /BLA/boletinlegal/js/jquery.scrollTo-min.js HTTP/1.1" 200 1150
66.249.64.171 - - [04/Jan/2015:17:49:33 -0500] "GET /BLA/resoluciones/RESOLUCIONES%202011/5362.pdf HTTP/1.1" 200 459477
180.76.5.25 - - [04/Jan/2015:17:49:39 -0500] "GET /BLA/resoluciones/RESOLUCIONES%202009/9686.pdf HTTP/1.1" 200 315155
66.249.64.163 - - [04/Jan/2015:17:49:40 -0500] "GET /BLA/resoluciones/RESOLUCIONES%202007/RES%202007%203201%20AL%203300/RESOLUCION%203225%20DE%202007.pdf HTTP/1.1" 200 62707
181.50.241.109 - - [04/Jan/2015:17:49:48 -0500] "POST /forms/lservlet;jsessionid=ac16012b30d52a185366133943c4afb3b3347df04e04.e3iSbxaKaheRe34Sa3yKbhiTahb0n6jAmljGr5XDqQLvpAe HTTP/1.1" 200 2
66.249.64.163 - - [04/Jan/2015:17:50:11 -0500] "GET /BLA/resoluciones/RESOLUCIONES%202007/RES%202007%20901%20AL%201000/RESOLUCION%200985%20DE%202007.pdf HTTP/1.1" 200 252238
180.76.5.194 - - [04/Jan/2015:17:50:29 -0500] "GET /BLA/resoluciones/AUTOS%202011/3811.pdf HTTP/1.1" 200 309901
66.249.64.171 - - [04/Jan/2015:17:50:48 -0500] "GET /BLA/resoluciones/RESOLUCIONES%202011/1669.pdf HTTP/1.1" 200 76389
201.184.95.190 - - [04/Jan/2015:17:51:02 -0500] "GET /forest/session.jsp?a=0.06275970838032663 HTTP/1.1" 200 4
201.184.95.190 - - [04/Jan/2015:17:51:06 -0500] "GET /forest/skins/gdocs-jar/popup/popup.jsp?width=1100&height=500&title=Buscar%20documentos&uri=/forest/buscar.do%3Ftype%3Ddocumentos&name=undefined&_a=0.9264172525145113&a=0.25004803156480193 HTTP/1.1" 200 1300
201.184.95.190 - - [04/Jan/2015:17:51:06 -0500] "GET /forest/buscar.do?type=documentos HTTP/1.1" 200 18149
201.184.95.190 - - [04/Jan/2015:17:51:06 -0500] "GET /forest/buscar.do?type=documentos HTTP/1.1" 200 84837
201.184.95.190 - - [04/Jan/2015:17:51:08 -0500] "GET /forest/json.do?query=usersByDep&coddep=2013 HTTP/1.1" 200 6142
201.184.95.190 - - [04/Jan/2015:17:51:08 -0500] "GET /forest/json.do?query=versionListadas HTTP/1.1" 200 15
201.184.95.190 - - [04/Jan/2015:17:51:09 -0500] "GET /forest/json.do?query=usersByDep&coddep=2013 HTTP/1.1" 200 6142
201.184.95.190 - - [04/Jan/2015:17:51:09 -0500] "GET /forest/json.do?query=procesIniciales HTTP/1.1" 200 10001
201.184.95.190 - - [04/Jan/2015:17:51:13 -0500] "POST /forest/buscar.do? HTTP/1.1" 200 8901
201.184.95.190 - - [04/Jan/2015:17:51:15 -0500] "GET /forest/skins/gdocs-jar/popup/popup.jsp?width=900&height=600&title=Informaci%F3n%20de%20proceso&uri=/forest/system/process.jsp%3FnumPro%3D1422989&name=undefined&_a=0.34477657824754715&a=0.09466942958533764 HTTP/1.1" 200 1312
201.184.95.190 - - [04/Jan/2015:17:51:15 -0500] "GET /forest/system/process.jsp?numPro=1422989 HTTP/1.1" 200 12664
201.184.95.190 - - [04/Jan/2015:17:51:15 -0500] "GET /forest/system/process.jsp?numPro=1422989 HTTP/1.1" 200 12664
180.76.6.232 - - [04/Jan/2015:17:51:18 -0500] "GET /BLA/resoluciones/RESOLUCIONES%202008/0244.pdf HTTP/1.1" 200 214381
201.184.95.190 - - [04/Jan/2015:17:51:20 -0500] "GET /forest/documentos/814638/2006ER39200.PDF HTTP/1.1" 200 214
201.184.95.190 - - [04/Jan/2015:17:51:25 -0500] "GET /forest/skins/gdocs-jar/popup/popup.jsp?width=900&height=600&title=Informaci%F3n%20de%20proceso&uri=/forest/system/process.jsp%3FnumPro%3D1422988&name=undefined&_a=0.9193192922975868&a=0.6058584817219526 HTTP/1.1" 200 1312
201.184.95.190 - - [04/Jan/2015:17:51:25 -0500] "GET /forest/system/process.jsp?numPro=1422988 HTTP/1.1" 200 12563
201.184.95.190 - - [04/Jan/2015:17:51:25 -0500] "GET /forest/system/process.jsp?numPro=1422988 HTTP/1.1" 200 12563
66.249.64.171 - - [04/Jan/2015:17:51:26 -0500] "GET /BLA/resoluciones/AUTOS%202012/0951.pdf HTTP/1.1" 200 176424
201.184.95.190 - - [04/Jan/2015:17:51:29 -0500] "GET /forest/documentos/814638/2006ER39200.PDF HTTP/1.1" 200 214
201.184.95.190 - - [04/Jan/2015:17:51:34 -0500] "GET /forest/skins/gdocs-jar/popup/popup.jsp?width=900&height=600&title=Informaci%F3n%20de%20proceso&uri=/forest/system/process.jsp%3FnumPro%3D1422987&name=undefined&_a=0.9573891113977879&a=0.41389522422105074 HTTP/1.1" 200 1312
201.184.95.190 - - [04/Jan/2015:17:51:34 -0500] "GET /forest/system/process.jsp?numPro=1422987 HTTP/1.1" 200 12495
201.184.95.190 - - [04/Jan/2015:17:51:35 -0500] "GET /forest/system/process.jsp?numPro=1422987 HTTP/1.1" 200 12495
201.184.95.190 - - [04/Jan/2015:17:51:38 -0500] "GET /forest/documentos/814638/2006ER39200.PDF HTTP/1.1" 200 214
74.86.158.107 - - [04/Jan/2015:17:51:42 -0500] "HEAD / HTTP/1.1" 302 -
201.184.95.190 - - [04/Jan/2015:17:51:42 -0500] "GET /forest/skins/gdocs-jar/popup/popup.jsp?width=900&height=600&title=Informaci%F3n%20de%20proceso&uri=/forest/system/process.jsp%3FnumPro%3D1422986&name=undefined&_a=0.363943999633193&a=0.3431104568298906 HTTP/1.1" 200 1312
201.184.95.190 - - [04/Jan/2015:17:51:42 -0500] "GET /forest/system/process.jsp?numPro=1422986 HTTP/1.1" 200 12747
201.184.95.190 - - [04/Jan/2015:17:51:42 -0500] "GET /forest/system/process.jsp?numPro=1422986 HTTP/1.1" 200 12747
201.184.95.190 - - [04/Jan/2015:17:51:44 -0500] "GET /forest/skins/gdocs-jar/popup/popup.jsp?width=850&height=380&title=Informaci%F3n%20del%20radicado&uri=/forest/system/document.jsp%3FcodDoc%3D814638&name=undefined&_a=0.7346314494498074&a=0.7912273327820003 HTTP/1.1" 200 1314
201.184.95.190 - - [04/Jan/2015:17:51:44 -0500] "GET /forest/system/document.jsp?codDoc=814638 HTTP/1.1" 200 10836
201.184.95.190 - - [04/Jan/2015:17:51:44 -0500] "GET /forest/system/document.jsp?codDoc=814638 HTTP/1.1" 200 10836
181.50.241.109 - - [04/Jan/2015:17:51:49 -0500] "POST /forms/lservlet;jsessionid=ac16012b30d52a185366133943c4afb3b3347df04e04.e3iSbxaKaheRe34Sa3yKbhiTahb0n6jAmljGr5XDqQLvpAe HTTP/1.1" 200 2
66.249.64.163 - - [04/Jan/2015:17:52:03 -0500] "GET /BLA/resoluciones/RESOLUCIONES%202007/RES%202007%201301%20AL%201400/RESOLUCION%201308%20DE%202007.pdf HTTP/1.1" 200 342640
185.10.104.130 - - [04/Jan/2015:17:52:08 -0500] "GET /BLA/resoluciones/AUTOS%202007/2417.pdf HTTP/1.1" 200 29385
201.184.95.190 - - [04/Jan/2015:17:52:13 -0500] "GET /forest/session.jsp?a=0.05804673093371093 HTTP/1.1" 200 4
201.184.95.190 - - [04/Jan/2015:17:52:14 -0500] "GET /forest/session.jsp?a=0.8665540991351008 HTTP/1.1" 200 4
66.249.64.163 - - [04/Jan/2015:17:52:28 -0500] "GET /BLA/resoluciones/RESOLUCIONES%202010/0724.pdf HTTP/1.1" 200 106414
66.249.64.163 - - [04/Jan/2015:17:52:41 -0500] "GET /BLA/resoluciones/RESOLUCIONES%202007/RES%202007%202801%20AL%202900/RESOLUCION%202873%20DE%202007.pdf HTTP/1.1" 200 351498
186.85.79.140 - - [04/Jan/2015:17:52:51 -0500] "GET /BLA/boletinlegal/js/jquery.scrollTo-min.js HTTP/1.1" 200 1150
186.85.79.140 - - [04/Jan/2015:17:52:51 -0500] "GET /galeria/carrusel/Carrusel/jquery-ui-1.8.13.custom.min.js HTTP/1.1" 200 10800
186.85.79.140 - - [04/Jan/2015:17:52:51 -0500] "GET /galeria/carrusel/Carrusel/jquery.thumbnailScroller.css HTTP/1.1" 200 2066
186.85.79.140 - - [04/Jan/2015:17:52:51 -0500] "GET /BLA/boletinlegal/js/jquery.scrollShow.js HTTP/1.1" 200 4586
186.85.79.140 - - [04/Jan/2015:17:52:51 -0500] "GET /BLA/boletinlegal/js/jquery.js HTTP/1.1" 200 57254
186.85.79.140 - - [04/Jan/2015:17:52:51 -0500] "GET /galeria/carrusel/Carrusel/jquery.thumbnailScroller.js HTTP/1.1" 200 8157
191.102.196.213 - - [04/Jan/2015:17:52:56 -0500] "GET /BLA/boletinlegal/js/jquery.js HTTP/1.1" 200 57254
191.102.196.213 - - [04/Jan/2015:17:52:56 -0500] "GET /BLA/boletinlegal/js/jquery.scrollTo-min.js HTTP/1.1" 200 1150
191.102.196.213 - - [04/Jan/2015:17:52:56 -0500] "GET /BLA/boletinlegal/js/jquery.scrollShow.js HTTP/1.1" 200 4586
186.85.79.140 - - [04/Jan/2015:17:53:01 -0500] "GET /galeria/nivo-slider/demo/demo.html HTTP/1.1" 200 3150
186.85.79.140 - - [04/Jan/2015:17:53:02 -0500] "GET /galeria/nivo-slider/themes/default/default.css HTTP/1.1" 200 1569
186.85.79.140 - - [04/Jan/2015:17:53:03 -0500] "GET /galeria/nivo-slider/themes/pascal/pascal.css HTTP/1.1" 200 2258
186.85.79.140 - - [04/Jan/2015:17:53:03 -0500] "GET /galeria/nivo-slider/nivo-slider.css HTTP/1.1" 200 1507
186.85.79.140 - - [04/Jan/2015:17:53:03 -0500] "GET /galeria/nivo-slider/themes/orman/orman.css HTTP/1.1" 200 2152
186.85.79.140 - - [04/Jan/2015:17:53:03 -0500] "GET /galeria/nivo-slider/demo/style.css HTTP/1.1" 200 2222
186.85.79.140 - - [04/Jan/2015:17:53:03 -0500] "GET /galeria/nivo-slider/demo/scripts/jquery-1.7.1.min.js HTTP/1.1" 200 93868
186.85.79.140 - - [04/Jan/2015:17:53:03 -0500] "GET /galeria/nivo-slider/jquery.nivo.slider.pack.js HTTP/1.1" 200 11561
186.85.79.140 - - [04/Jan/2015:17:53:03 -0500] "GET /galeria/nivo-slider/demo/images/bolsas-06.jpg HTTP/1.1" 200 90982
186.85.79.140 - - [04/Jan/2015:17:53:03 -0500] "GET /galeria/nivo-slider/demo/images/Ruta-vertimientos-01.jpg HTTP/1.1" 200 130151
186.85.79.140 - - [04/Jan/2015:17:53:03 -0500] "GET /galeria/nivo-slider/demo/images/bolsas-08.jpg HTTP/1.1" 200 85589
186.85.79.140 - - [04/Jan/2015:17:53:04 -0500] "GET /galeria/nivo-slider/demo/images/porloshumedales.jpg HTTP/1.1" 200 351238
186.85.79.140 - - [04/Jan/2015:17:53:04 -0500] "GET /galeria/nivo-slider/demo/images/ecolecta-Dic2014.png HTTP/1.1" 200 288593
186.85.79.140 - - [04/Jan/2015:17:53:04 -0500] "GET /galeria/nivo-slider/demo/images/Tingua-azul.jpg HTTP/1.1" 200 307638
186.85.79.140 - - [04/Jan/2015:17:53:05 -0500] "GET /galeria/nivo-slider/demo/images/Banner-Caracol-Africano.jpg HTTP/1.1" 200 331986
186.85.79.140 - - [04/Jan/2015:17:53:15 -0500] "GET /galeria/nivo-slider/demo/images/banner-caballos.png HTTP/1.1" 200 389106
186.85.79.140 - - [04/Jan/2015:17:53:16 -0500] "GET /galeria/nivo-slider/themes/default/loading.gif HTTP/1.1" 200 1737
186.113.135.170 - - [04/Jan/2015:17:53:17 -0500] "GET /BLA/resoluciones/RESOLUCIONES%202007/RES%202007%203901%20AL%204000/RESOLUCION%203957%20DE%202007.pdf HTTP/1.1" 200 522966
186.113.135.170 - - [04/Jan/2015:17:53:17 -0500] "GET /BLA/resoluciones/RESOLUCIONES%202007/RES%202007%203901%20AL%204000/RESOLUCION%203957%20DE%202007.pdf HTTP/1.1" 206 32768
186.113.135.170 - - [04/Jan/2015:17:53:17 -0500] "GET /BLA/resoluciones/RESOLUCIONES%202007/RES%202007%203901%20AL%204000/RESOLUCION%203957%20DE%202007.pdf HTTP/1.1" 206 490198
186.113.135.170 - - [04/Jan/2015:17:53:18 -0500] "GET /favicon.ico HTTP/1.1" 200 7782
66.249.64.171 - - [04/Jan/2015:17:53:18 -0500] "GET /BLA/resoluciones/AUTOS%202014/0438.pdf HTTP/1.1" 200 376616
186.85.79.140 - - [04/Jan/2015:17:53:19 -0500] "GET /galeria/nivo-slider/demo/images/banner-redes.jpg HTTP/1.1" 200 62209
186.85.79.140 - - [04/Jan/2015:17:53:19 -0500] "GET /galeria/nivo-slider/demo/images/9Signos.jpg HTTP/1.1" 200 93040
186.85.79.140 - - [04/Jan/2015:17:53:19 -0500] "GET /galeria/nivo-slider/demo/images/banner-llantas2.jpg HTTP/1.1" 200 73153
186.85.79.140 - - [04/Jan/2015:17:53:24 -0500] "GET /galeria/nivo-slider/demo/images/4Simple_Slider.png HTTP/1.1" 200 11722
186.85.79.140 - - [04/Jan/2015:17:53:31 -0500] "GET /galeria/nivo-slider/themes/default/arrows.png HTTP/1.1" 200 824
186.85.79.140 - - [04/Jan/2015:17:53:31 -0500] "GET /galeria/nivo-slider/themes/default/bullets.png HTTP/1.1" 200 1281
181.50.241.109 - - [04/Jan/2015:17:53:49 -0500] "POST /forms/lservlet;jsessionid=ac16012b30d52a185366133943c4afb3b3347df04e04.e3iSbxaKaheRe34Sa3yKbhiTahb0n6jAmljGr5XDqQLvpAe HTTP/1.1" 200 2
66.249.64.163 - - [04/Jan/2015:17:53:56 -0500] "GET /BLA/resoluciones/RESOLUCIONES%202008/5239.pdf HTTP/1.1" 200 331253
188.165.15.90 - - [04/Jan/2015:17:54:27 -0500] "GET /BLA/resoluciones/index.php?dir=RESOLUCIONES%202006/RES%202006%202701-2750/&sort=name&order=asc HTTP/1.1" 200 12367
186.31.129.109 - - [04/Jan/2015:17:54:30 -0500] "GET /BLA/boletinlegal/js/jquery.js HTTP/1.1" 200 57254
186.31.129.109 - - [04/Jan/2015:17:54:30 -0500] "GET /BLA/boletinlegal/js/jquery.scrollTo-min.js HTTP/1.1" 200 1150
186.31.129.109 - - [04/Jan/2015:17:54:30 -0500] "GET /BLA/boletinlegal/js/jquery.scrollShow.js HTTP/1.1" 200 4586
66.249.64.171 - - [04/Jan/2015:17:54:34 -0500] "GET /BLA/resoluciones/RESOLUCIONES%202008/1534.pdf HTTP/1.1" 200 217207
95.82.251.6 - - [04/Jan/2015:17:54:59 -0500] "GET /webdav/x32.php?act=phptools&host=95.82.251.6&port=80&time=60 HTTP/1.1" 404 1018
186.28.21.137 - - [04/Jan/2015:17:55:02 -0500] "GET /BLA/boletinlegal/js/jquery.scrollTo-min.js HTTP/1.1" 200 1150
186.28.21.137 - - [04/Jan/2015:17:55:02 -0500] "GET /BLA/boletinlegal/js/jquery.scrollShow.js HTTP/1.1" 200 4586
186.28.21.137 - - [04/Jan/2015:17:55:02 -0500] "GET /BLA/boletinlegal/js/jquery.js HTTP/1.1" 200 57254
186.28.21.137 - - [04/Jan/2015:17:55:02 -0500] "GET /galeria/carrusel/Carrusel/jquery.thumbnailScroller.css HTTP/1.1" 200 2066
186.28.21.137 - - [04/Jan/2015:17:55:02 -0500] "GET /galeria/carrusel/Carrusel/jquery-ui-1.8.13.custom.min.js HTTP/1.1" 200 10800
186.28.21.137 - - [04/Jan/2015:17:55:03 -0500] "GET /galeria/carrusel/Carrusel/jquery.thumbnailScroller.js HTTP/1.1" 200 8157
186.28.21.137 - - [04/Jan/2015:17:55:07 -0500] "GET /galeria/nivo-slider/demo/demo.html HTTP/1.1" 200 3150
186.28.21.137 - - [04/Jan/2015:17:55:10 -0500] "GET /galeria/nivo-slider/themes/pascal/pascal.css HTTP/1.1" 200 2258
186.28.21.137 - - [04/Jan/2015:17:55:10 -0500] "GET /galeria/nivo-slider/themes/orman/orman.css HTTP/1.1" 200 2152
186.28.21.137 - - [04/Jan/2015:17:55:10 -0500] "GET /galeria/nivo-slider/nivo-slider.css HTTP/1.1" 200 1507
186.28.21.137 - - [04/Jan/2015:17:55:10 -0500] "GET /galeria/nivo-slider/demo/scripts/jquery-1.7.1.min.js HTTP/1.1" 200 93868
186.28.21.137 - - [04/Jan/2015:17:55:10 -0500] "GET /galeria/nivo-slider/themes/default/default.css HTTP/1.1" 200 1569
186.28.21.137 - - [04/Jan/2015:17:55:10 -0500] "GET /galeria/nivo-slider/demo/style.css HTTP/1.1" 200 2222
186.28.21.137 - - [04/Jan/2015:17:55:10 -0500] "GET /galeria/nivo-slider/jquery.nivo.slider.pack.js HTTP/1.1" 200 11561
186.28.21.137 - - [04/Jan/2015:17:55:11 -0500] "GET /galeria/nivo-slider/demo/images/bolsas-08.jpg HTTP/1.1" 200 85589
186.28.21.137 - - [04/Jan/2015:17:55:11 -0500] "GET /galeria/nivo-slider/demo/images/Ruta-vertimientos-01.jpg HTTP/1.1" 200 130151
186.28.21.137 - - [04/Jan/2015:17:55:11 -0500] "GET /galeria/nivo-slider/demo/images/ecolecta-Dic2014.png HTTP/1.1" 200 288593
186.28.21.137 - - [04/Jan/2015:17:55:11 -0500] "GET /galeria/nivo-slider/demo/images/bolsas-06.jpg HTTP/1.1" 200 90982
186.28.21.137 - - [04/Jan/2015:17:55:11 -0500] "GET /galeria/nivo-slider/demo/images/porloshumedales.jpg HTTP/1.1" 200 351238
66.249.64.163 - - [04/Jan/2015:17:55:11 -0500] "GET /BLA/resoluciones/AUTOS%202012/0963.pdf HTTP/1.1" 200 172746
186.28.21.137 - - [04/Jan/2015:17:55:12 -0500] "GET /galeria/nivo-slider/demo/images/Tingua-azul.jpg HTTP/1.1" 200 307638
186.28.21.137 - - [04/Jan/2015:17:55:14 -0500] "GET /galeria/nivo-slider/themes/default/loading.gif HTTP/1.1" 200 1737
186.28.21.137 - - [04/Jan/2015:17:55:14 -0500] "GET /galeria/nivo-slider/demo/images/4Simple_Slider.png HTTP/1.1" 200 11722
186.28.21.137 - - [04/Jan/2015:17:55:14 -0500] "GET /galeria/nivo-slider/demo/images/Banner-Caracol-Africano.jpg HTTP/1.1" 200 331986
186.28.21.137 - - [04/Jan/2015:17:55:14 -0500] "GET /galeria/nivo-slider/demo/images/banner-redes.jpg HTTP/1.1" 200 62209
186.28.21.137 - - [04/Jan/2015:17:55:15 -0500] "GET /galeria/nivo-slider/demo/images/9Signos.jpg HTTP/1.1" 200 93040
186.28.21.137 - - [04/Jan/2015:17:55:16 -0500] "GET /videos/Spot_CambioClimatico.flv HTTP/1.1" 200 4371917
186.28.21.137 - - [04/Jan/2015:17:55:17 -0500] "GET /galeria/nivo-slider/demo/images/banner-llantas2.jpg HTTP/1.1" 200 73153
66.249.64.163 - - [04/Jan/2015:17:55:18 -0500] "GET /BLA/resoluciones/AUTOS%202008/0409.pdf HTTP/1.1" 200 164729
186.28.21.137 - - [04/Jan/2015:17:55:18 -0500] "GET /galeria/nivo-slider/demo/images/banner-caballos.png HTTP/1.1" 200 389106
186.28.21.137 - - [04/Jan/2015:17:55:25 -0500] "GET /galeria/nivo-slider/themes/default/bullets.png HTTP/1.1" 200 1281
186.28.21.137 - - [04/Jan/2015:17:55:26 -0500] "GET /galeria/nivo-slider/themes/default/arrows.png HTTP/1.1" 200 824
201.184.95.190 - - [04/Jan/2015:17:55:40 -0500] "GET /forest/skins/gdocs-jar/popup/popup.jsp?width=1100&height=500&title=Buscar%20documentos&uri=/forest/buscar.do%3Ftype%3Ddocumentos&name=undefined&_a=0.4227634617127478&a=0.3352761063724756 HTTP/1.1" 200 1300
201.184.95.190 - - [04/Jan/2015:17:55:41 -0500] "GET /forest/buscar.do?type=documentos HTTP/1.1" 200 18149
201.184.95.190 - - [04/Jan/2015:17:55:41 -0500] "GET /forest/buscar.do?type=documentos HTTP/1.1" 200 84837
201.184.95.190 - - [04/Jan/2015:17:55:43 -0500] "GET /forest/json.do?query=usersByDep&coddep=2013 HTTP/1.1" 200 6142
201.184.95.190 - - [04/Jan/2015:17:55:43 -0500] "GET /forest/json.do?query=versionListadas HTTP/1.1" 200 15
201.184.95.190 - - [04/Jan/2015:17:55:44 -0500] "GET /forest/json.do?query=usersByDep&coddep=2013 HTTP/1.1" 200 6142
201.184.95.190 - - [04/Jan/2015:17:55:44 -0500] "GET /forest/json.do?query=procesIniciales HTTP/1.1" 200 10001
201.184.95.190 - - [04/Jan/2015:17:55:46 -0500] "POST /forest/buscar.do? HTTP/1.1" 200 10895
201.184.95.190 - - [04/Jan/2015:17:55:47 -0500] "GET /forest/skins/gdocs-jar/popup/popup.jsp?width=900&height=600&title=Informaci%F3n%20de%20proceso&uri=/forest/system/process.jsp%3FnumPro%3D2023766&name=undefined&_a=0.43556812847964466&a=0.12035077018663287 HTTP/1.1" 200 1312
