186.115.30.193 - - [04/Jan/2015:21:20:07 -0500] "GET /galeria/nivo-slider/demo/images/bolsas-08.jpg HTTP/1.1" 200 85589
186.115.30.193 - - [04/Jan/2015:21:20:07 -0500] "GET /galeria/nivo-slider/demo/images/Ruta-vertimientos-01.jpg HTTP/1.1" 200 130151
186.115.30.193 - - [04/Jan/2015:21:20:07 -0500] "GET /galeria/nivo-slider/demo/images/bolsas-06.jpg HTTP/1.1" 200 90982
186.115.30.193 - - [04/Jan/2015:21:20:07 -0500] "GET /galeria/nivo-slider/demo/images/ecolecta-Dic2014.png HTTP/1.1" 200 288593
186.115.30.193 - - [04/Jan/2015:21:20:07 -0500] "GET /galeria/nivo-slider/demo/images/porloshumedales.jpg HTTP/1.1" 200 351238
186.115.30.193 - - [04/Jan/2015:21:20:08 -0500] "GET /galeria/nivo-slider/demo/images/Tingua-azul.jpg HTTP/1.1" 200 307638
186.115.30.193 - - [04/Jan/2015:21:20:09 -0500] "GET /galeria/nivo-slider/demo/images/Banner-Caracol-Africano.jpg HTTP/1.1" 200 331986
186.115.30.193 - - [04/Jan/2015:21:20:09 -0500] "GET /galeria/nivo-slider/demo/images/banner-redes.jpg HTTP/1.1" 200 62209
186.115.30.193 - - [04/Jan/2015:21:20:09 -0500] "GET /galeria/nivo-slider/demo/images/9Signos.jpg HTTP/1.1" 200 93040
186.115.30.193 - - [04/Jan/2015:21:20:11 -0500] "GET /galeria/nivo-slider/demo/images/banner-llantas2.jpg HTTP/1.1" 200 73153
186.115.30.193 - - [04/Jan/2015:21:20:11 -0500] "GET /galeria/nivo-slider/demo/images/banner-caballos.png HTTP/1.1" 200 389106
186.115.30.193 - - [04/Jan/2015:21:20:14 -0500] "GET /galeria/nivo-slider/demo/images/4Simple_Slider.png HTTP/1.1" 200 11722
186.115.30.193 - - [04/Jan/2015:21:20:14 -0500] "GET /galeria/nivo-slider/themes/default/loading.gif HTTP/1.1" 200 1737
181.50.175.155 - - [04/Jan/2015:21:20:14 -0500] "POST /forms/lservlet;jsessionid=ac16012b30d56181d4e487d348769b84c69d4fba20c3.e3iSbxaKaheRe34Sa3yKbhiTahb0n6jAmljGr5XDqQLvpAe HTTP/1.1" 200 2
186.115.30.193 - - [04/Jan/2015:21:20:15 -0500] "GET /galeria/nivo-slider/themes/default/arrows.png HTTP/1.1" 200 824
186.115.30.193 - - [04/Jan/2015:21:20:15 -0500] "GET /galeria/nivo-slider/themes/default/bullets.png HTTP/1.1" 200 1281
181.50.175.155 - - [04/Jan/2015:21:20:14 -0500] "POST /forms/lservlet;jsessionid=ac16012b30d56181d4e487d348769b84c69d4fba20c3.e3iSbxaKaheRe34Sa3yKbhiTahb0n6jAmljGr5XDqQLvpAe HTTP/1.1" 200 5855
181.50.175.155 - - [04/Jan/2015:21:20:15 -0500] "POST /forms/lservlet;jsessionid=ac16012b30d56181d4e487d348769b84c69d4fba20c3.e3iSbxaKaheRe34Sa3yKbhiTahb0n6jAmljGr5XDqQLvpAe HTTP/1.1" 200 2
186.115.30.193 - - [04/Jan/2015:21:20:25 -0500] "GET /videos/Spot_CambioClimatico.flv HTTP/1.1" 200 4371917
66.249.64.171 - - [04/Jan/2015:21:20:26 -0500] "GET /BLA/resoluciones/RESOLUCIONES%202007/RES%202007%204001%20AL%204100/RESOLUCION%204055%20DE%202007.pdf HTTP/1.1" 200 381625
180.76.6.136 - - [04/Jan/2015:21:20:35 -0500] "GET /BLA/resoluciones/AUTOS%202013/0653.pdf HTTP/1.1" 200 1103843
201.184.95.190 - - [04/Jan/2015:21:20:45 -0500] "POST /forms/lservlet;jsessionid=ac16012b30d58d28b9a60e5845da9dca86d0c67c5c46.e3iSbxaKaheRe34Sa3yKbhiTahb0n6jAmljGr5XDqQLvpAe HTTP/1.1" 200 2
213.251.182.10 - - [04/Jan/2015:21:21:20 -0500] "GET /wp-admin/ HTTP/1.1" 404 1018
186.29.184.89 - - [04/Jan/2015:21:21:22 -0500] "GET /BLA/boletinlegal/js/jquery.js HTTP/1.1" 200 57254
186.29.184.89 - - [04/Jan/2015:21:21:22 -0500] "GET /BLA/boletinlegal/js/jquery.scrollTo-min.js HTTP/1.1" 200 1150
186.29.184.89 - - [04/Jan/2015:21:21:22 -0500] "GET /BLA/boletinlegal/js/jquery.scrollShow.js HTTP/1.1" 200 4586
180.76.5.196 - - [04/Jan/2015:21:21:25 -0500] "GET /BLA/boletinlegal;jsessionid=EA54D33E81AA0AB92630673747DE6915?/? HTTP/1.1" 404 1018
66.249.64.163 - - [04/Jan/2015:21:21:26 -0500] "GET /BLA/resoluciones/RESOLUCIONES%202009/6136.pdf HTTP/1.1" 200 341974
186.112.251.81 - - [04/Jan/2015:21:21:29 -0500] "GET /autoliquidacion/Cobro%20Evaluacion%20Certificaci%C3%B3n%20Para%20La%20Deducci%C3%B3n%20Por%20Inversi%C3%B3n%20En%20Medio%20Ambiente/Formato%20de%20solicitud%20por%20acreditaci%C3%B3n%20ambiental.....pdf HTTP/1.1" 200 35656
186.112.251.81 - - [04/Jan/2015:21:21:30 -0500] "GET /favicon.ico HTTP/1.1" 200 7782
180.76.5.24 - - [04/Jan/2015:21:21:34 -0500] "GET /videos/NuestraGente12.flv HTTP/1.1" 200 66227991
74.86.158.107 - - [04/Jan/2015:21:21:41 -0500] "HEAD / HTTP/1.1" 302 -
181.50.241.109 - - [04/Jan/2015:21:22:01 -0500] "POST /forms/lservlet;jsessionid=ac16012b30d52a185366133943c4afb3b3347df04e04.e3iSbxaKaheRe34Sa3yKbhiTahb0n6jAmljGr5XDqQLvpAe HTTP/1.1" 200 2
180.76.6.134 - - [04/Jan/2015:21:22:14 -0500] "GET /BLA/resoluciones/RESOLUCIONES%202008/1733.pdf HTTP/1.1" 200 412791
181.50.175.155 - - [04/Jan/2015:21:22:16 -0500] "POST /forms/lservlet;jsessionid=ac16012b30d56181d4e487d348769b84c69d4fba20c3.e3iSbxaKaheRe34Sa3yKbhiTahb0n6jAmljGr5XDqQLvpAe HTTP/1.1" 200 2
181.50.241.109 - - [04/Jan/2015:21:22:28 -0500] "POST /forms/lservlet;jsessionid=ac16012b30d52a185366133943c4afb3b3347df04e04.e3iSbxaKaheRe34Sa3yKbhiTahb0n6jAmljGr5XDqQLvpAe HTTP/1.1" 200 56
181.50.241.109 - - [04/Jan/2015:21:22:29 -0500] "POST /forms/lservlet;jsessionid=ac16012b30d52a185366133943c4afb3b3347df04e04.e3iSbxaKaheRe34Sa3yKbhiTahb0n6jAmljGr5XDqQLvpAe HTTP/1.1" 200 7
181.50.241.109 - - [04/Jan/2015:21:22:29 -0500] "POST /forms/lservlet;jsessionid=ac16012b30d52a185366133943c4afb3b3347df04e04.e3iSbxaKaheRe34Sa3yKbhiTahb0n6jAmljGr5XDqQLvpAe HTTP/1.1" 200 29501
181.50.241.109 - - [04/Jan/2015:21:22:30 -0500] "POST /forms/lservlet;jsessionid=ac16012b30d52a185366133943c4afb3b3347df04e04.e3iSbxaKaheRe34Sa3yKbhiTahb0n6jAmljGr5XDqQLvpAe HTTP/1.1" 200 2
181.50.241.109 - - [04/Jan/2015:21:22:30 -0500] "POST /forms/lservlet;jsessionid=ac16012b30d52a185366133943c4afb3b3347df04e04.e3iSbxaKaheRe34Sa3yKbhiTahb0n6jAmljGr5XDqQLvpAe HTTP/1.1" 200 2
181.50.241.109 - - [04/Jan/2015:21:22:30 -0500] "POST /forms/lservlet;jsessionid=ac16012b30d52a185366133943c4afb3b3347df04e04.e3iSbxaKaheRe34Sa3yKbhiTahb0n6jAmljGr5XDqQLvpAe HTTP/1.1" 200 22
181.50.241.109 - - [04/Jan/2015:21:22:33 -0500] "POST /forms/lservlet;jsessionid=ac16012b30d52a185366133943c4afb3b3347df04e04.e3iSbxaKaheRe34Sa3yKbhiTahb0n6jAmljGr5XDqQLvpAe HTTP/1.1" 200 972
181.50.241.109 - - [04/Jan/2015:21:22:33 -0500] "POST /forms/lservlet;jsessionid=ac16012b30d52a185366133943c4afb3b3347df04e04.e3iSbxaKaheRe34Sa3yKbhiTahb0n6jAmljGr5XDqQLvpAe HTTP/1.1" 200 7
181.50.241.109 - - [04/Jan/2015:21:22:33 -0500] "POST /forms/lservlet;jsessionid=ac16012b30d52a185366133943c4afb3b3347df04e04.e3iSbxaKaheRe34Sa3yKbhiTahb0n6jAmljGr5XDqQLvpAe HTTP/1.1" 200 92
181.50.241.109 - - [04/Jan/2015:21:22:35 -0500] "POST /forms/lservlet;jsessionid=ac16012b30d52a185366133943c4afb3b3347df04e04.e3iSbxaKaheRe34Sa3yKbhiTahb0n6jAmljGr5XDqQLvpAe HTTP/1.1" 200 151
181.50.241.109 - - [04/Jan/2015:21:22:36 -0500] "POST /forms/lservlet;jsessionid=ac16012b30d52a185366133943c4afb3b3347df04e04.e3iSbxaKaheRe34Sa3yKbhiTahb0n6jAmljGr5XDqQLvpAe HTTP/1.1" 200 2
181.50.241.109 - - [04/Jan/2015:21:22:37 -0500] "POST /forms/lservlet;jsessionid=ac16012b30d52a185366133943c4afb3b3347df04e04.e3iSbxaKaheRe34Sa3yKbhiTahb0n6jAmljGr5XDqQLvpAe HTTP/1.1" 200 107
181.50.241.109 - - [04/Jan/2015:21:22:37 -0500] "POST /forms/lservlet;jsessionid=ac16012b30d52a185366133943c4afb3b3347df04e04.e3iSbxaKaheRe34Sa3yKbhiTahb0n6jAmljGr5XDqQLvpAe HTTP/1.1" 200 115
181.50.241.109 - - [04/Jan/2015:21:22:39 -0500] "POST /forms/lservlet;jsessionid=ac16012b30d52a185366133943c4afb3b3347df04e04.e3iSbxaKaheRe34Sa3yKbhiTahb0n6jAmljGr5XDqQLvpAe HTTP/1.1" 200 87
181.50.241.109 - - [04/Jan/2015:21:22:40 -0500] "POST /forms/lservlet;jsessionid=ac16012b30d52a185366133943c4afb3b3347df04e04.e3iSbxaKaheRe34Sa3yKbhiTahb0n6jAmljGr5XDqQLvpAe HTTP/1.1" 200 74
181.50.241.109 - - [04/Jan/2015:21:22:41 -0500] "POST /forms/lservlet;jsessionid=ac16012b30d52a185366133943c4afb3b3347df04e04.e3iSbxaKaheRe34Sa3yKbhiTahb0n6jAmljGr5XDqQLvpAe HTTP/1.1" 200 2
181.50.241.109 - - [04/Jan/2015:21:22:41 -0500] "POST /forms/lservlet;jsessionid=ac16012b30d52a185366133943c4afb3b3347df04e04.e3iSbxaKaheRe34Sa3yKbhiTahb0n6jAmljGr5XDqQLvpAe HTTP/1.1" 200 218
181.50.241.109 - - [04/Jan/2015:21:22:41 -0500] "POST /forms/lservlet;jsessionid=ac16012b30d52a185366133943c4afb3b3347df04e04.e3iSbxaKaheRe34Sa3yKbhiTahb0n6jAmljGr5XDqQLvpAe HTTP/1.1" 200 2
181.50.241.109 - - [04/Jan/2015:21:22:42 -0500] "POST /forms/lservlet;jsessionid=ac16012b30d52a185366133943c4afb3b3347df04e04.e3iSbxaKaheRe34Sa3yKbhiTahb0n6jAmljGr5XDqQLvpAe HTTP/1.1" 200 283
201.184.95.190 - - [04/Jan/2015:21:22:45 -0500] "POST /forms/lservlet;jsessionid=ac16012b30d58d28b9a60e5845da9dca86d0c67c5c46.e3iSbxaKaheRe34Sa3yKbhiTahb0n6jAmljGr5XDqQLvpAe HTTP/1.1" 200 2
181.50.241.109 - - [04/Jan/2015:21:22:48 -0500] "POST /forms/lservlet;jsessionid=ac16012b30d52a185366133943c4afb3b3347df04e04.e3iSbxaKaheRe34Sa3yKbhiTahb0n6jAmljGr5XDqQLvpAe HTTP/1.1" 200 2
181.50.241.109 - - [04/Jan/2015:21:22:49 -0500] "POST /forms/lservlet;jsessionid=ac16012b30d52a185366133943c4afb3b3347df04e04.e3iSbxaKaheRe34Sa3yKbhiTahb0n6jAmljGr5XDqQLvpAe HTTP/1.1" 200 77
181.50.241.109 - - [04/Jan/2015:21:22:49 -0500] "POST /forms/lservlet;jsessionid=ac16012b30d52a185366133943c4afb3b3347df04e04.e3iSbxaKaheRe34Sa3yKbhiTahb0n6jAmljGr5XDqQLvpAe HTTP/1.1" 200 2
181.50.241.109 - - [04/Jan/2015:21:22:50 -0500] "POST /forms/lservlet;jsessionid=ac16012b30d52a185366133943c4afb3b3347df04e04.e3iSbxaKaheRe34Sa3yKbhiTahb0n6jAmljGr5XDqQLvpAe HTTP/1.1" 200 2
181.50.241.109 - - [04/Jan/2015:21:22:50 -0500] "POST /forms/lservlet;jsessionid=ac16012b30d52a185366133943c4afb3b3347df04e04.e3iSbxaKaheRe34Sa3yKbhiTahb0n6jAmljGr5XDqQLvpAe HTTP/1.1" 200 1490
181.50.241.109 - - [04/Jan/2015:21:22:50 -0500] "POST /forms/lservlet;jsessionid=ac16012b30d52a185366133943c4afb3b3347df04e04.e3iSbxaKaheRe34Sa3yKbhiTahb0n6jAmljGr5XDqQLvpAe HTTP/1.1" 200 2
181.50.241.109 - - [04/Jan/2015:21:22:51 -0500] "POST /forms/lservlet;jsessionid=ac16012b30d52a185366133943c4afb3b3347df04e04.e3iSbxaKaheRe34Sa3yKbhiTahb0n6jAmljGr5XDqQLvpAe HTTP/1.1" 200 113
181.50.241.109 - - [04/Jan/2015:21:22:54 -0500] "POST /forms/lservlet;jsessionid=ac16012b30d52a185366133943c4afb3b3347df04e04.e3iSbxaKaheRe34Sa3yKbhiTahb0n6jAmljGr5XDqQLvpAe HTTP/1.1" 200 2
181.50.241.109 - - [04/Jan/2015:21:22:54 -0500] "POST /forms/lservlet;jsessionid=ac16012b30d52a185366133943c4afb3b3347df04e04.e3iSbxaKaheRe34Sa3yKbhiTahb0n6jAmljGr5XDqQLvpAe HTTP/1.1" 200 2410
181.50.241.109 - - [04/Jan/2015:21:22:54 -0500] "POST /forms/lservlet;jsessionid=ac16012b30d52a185366133943c4afb3b3347df04e04.e3iSbxaKaheRe34Sa3yKbhiTahb0n6jAmljGr5XDqQLvpAe HTTP/1.1" 200 10
181.50.241.109 - - [04/Jan/2015:21:22:56 -0500] "POST /forms/lservlet;jsessionid=ac16012b30d52a185366133943c4afb3b3347df04e04.e3iSbxaKaheRe34Sa3yKbhiTahb0n6jAmljGr5XDqQLvpAe HTTP/1.1" 200 22
181.50.241.109 - - [04/Jan/2015:21:22:56 -0500] "POST /forms/lservlet;jsessionid=ac16012b30d52a185366133943c4afb3b3347df04e04.e3iSbxaKaheRe34Sa3yKbhiTahb0n6jAmljGr5XDqQLvpAe HTTP/1.1" 200 4046
181.50.241.109 - - [04/Jan/2015:21:22:56 -0500] "POST /forms/lservlet;jsessionid=ac16012b30d52a185366133943c4afb3b3347df04e04.e3iSbxaKaheRe34Sa3yKbhiTahb0n6jAmljGr5XDqQLvpAe HTTP/1.1" 200 2
181.50.241.109 - - [04/Jan/2015:21:22:57 -0500] "POST /forms/lservlet;jsessionid=ac16012b30d52a185366133943c4afb3b3347df04e04.e3iSbxaKaheRe34Sa3yKbhiTahb0n6jAmljGr5XDqQLvpAe HTTP/1.1" 200 141
181.50.241.109 - - [04/Jan/2015:21:22:58 -0500] "POST /forms/lservlet;jsessionid=ac16012b30d52a185366133943c4afb3b3347df04e04.e3iSbxaKaheRe34Sa3yKbhiTahb0n6jAmljGr5XDqQLvpAe HTTP/1.1" 200 87
181.50.241.109 - - [04/Jan/2015:21:23:00 -0500] "POST /forms/lservlet;jsessionid=ac16012b30d52a185366133943c4afb3b3347df04e04.e3iSbxaKaheRe34Sa3yKbhiTahb0n6jAmljGr5XDqQLvpAe HTTP/1.1" 200 7
181.50.241.109 - - [04/Jan/2015:21:23:00 -0500] "POST /forms/lservlet;jsessionid=ac16012b30d52a185366133943c4afb3b3347df04e04.e3iSbxaKaheRe34Sa3yKbhiTahb0n6jAmljGr5XDqQLvpAe HTTP/1.1" 200 29698
181.50.241.109 - - [04/Jan/2015:21:23:01 -0500] "POST /forms/lservlet;jsessionid=ac16012b30d52a185366133943c4afb3b3347df04e04.e3iSbxaKaheRe34Sa3yKbhiTahb0n6jAmljGr5XDqQLvpAe HTTP/1.1" 200 2
181.50.241.109 - - [04/Jan/2015:21:23:01 -0500] "POST /forms/lservlet;jsessionid=ac16012b30d52a185366133943c4afb3b3347df04e04.e3iSbxaKaheRe34Sa3yKbhiTahb0n6jAmljGr5XDqQLvpAe HTTP/1.1" 200 2
181.50.241.109 - - [04/Jan/2015:21:23:02 -0500] "POST /forms/lservlet;jsessionid=ac16012b30d52a185366133943c4afb3b3347df04e04.e3iSbxaKaheRe34Sa3yKbhiTahb0n6jAmljGr5XDqQLvpAe HTTP/1.1" 200 22
181.50.241.109 - - [04/Jan/2015:21:23:03 -0500] "POST /forms/lservlet;jsessionid=ac16012b30d52a185366133943c4afb3b3347df04e04.e3iSbxaKaheRe34Sa3yKbhiTahb0n6jAmljGr5XDqQLvpAe HTTP/1.1" 200 1009
181.50.241.109 - - [04/Jan/2015:21:23:03 -0500] "POST /forms/lservlet;jsessionid=ac16012b30d52a185366133943c4afb3b3347df04e04.e3iSbxaKaheRe34Sa3yKbhiTahb0n6jAmljGr5XDqQLvpAe HTTP/1.1" 200 7
180.76.6.65 - - [04/Jan/2015:21:23:03 -0500] "GET /BLA/boletinlegal;jsessionid=1FF0F4C73526400667111399DEFB9F1F?/? HTTP/1.1" 404 1018
181.50.241.109 - - [04/Jan/2015:21:23:04 -0500] "POST /forms/lservlet;jsessionid=ac16012b30d52a185366133943c4afb3b3347df04e04.e3iSbxaKaheRe34Sa3yKbhiTahb0n6jAmljGr5XDqQLvpAe HTTP/1.1" 200 2
181.50.241.109 - - [04/Jan/2015:21:23:05 -0500] "POST /forms/lservlet;jsessionid=ac16012b30d52a185366133943c4afb3b3347df04e04.e3iSbxaKaheRe34Sa3yKbhiTahb0n6jAmljGr5XDqQLvpAe HTTP/1.1" 200 153
181.50.241.109 - - [04/Jan/2015:21:23:05 -0500] "POST /forms/lservlet;jsessionid=ac16012b30d52a185366133943c4afb3b3347df04e04.e3iSbxaKaheRe34Sa3yKbhiTahb0n6jAmljGr5XDqQLvpAe HTTP/1.1" 200 2
181.50.241.109 - - [04/Jan/2015:21:23:05 -0500] "POST /forms/lservlet;jsessionid=ac16012b30d52a185366133943c4afb3b3347df04e04.e3iSbxaKaheRe34Sa3yKbhiTahb0n6jAmljGr5XDqQLvpAe HTTP/1.1" 200 1490
181.50.241.109 - - [04/Jan/2015:21:23:06 -0500] "POST /forms/lservlet;jsessionid=ac16012b30d52a185366133943c4afb3b3347df04e04.e3iSbxaKaheRe34Sa3yKbhiTahb0n6jAmljGr5XDqQLvpAe HTTP/1.1" 200 2
181.50.241.109 - - [04/Jan/2015:21:23:06 -0500] "POST /forms/lservlet;jsessionid=ac16012b30d52a185366133943c4afb3b3347df04e04.e3iSbxaKaheRe34Sa3yKbhiTahb0n6jAmljGr5XDqQLvpAe HTTP/1.1" 200 2
181.50.241.109 - - [04/Jan/2015:21:23:07 -0500] "POST /forms/lservlet;jsessionid=ac16012b30d52a185366133943c4afb3b3347df04e04.e3iSbxaKaheRe34Sa3yKbhiTahb0n6jAmljGr5XDqQLvpAe HTTP/1.1" 200 2
181.50.241.109 - - [04/Jan/2015:21:23:07 -0500] "POST /forms/lservlet;jsessionid=ac16012b30d52a185366133943c4afb3b3347df04e04.e3iSbxaKaheRe34Sa3yKbhiTahb0n6jAmljGr5XDqQLvpAe HTTP/1.1" 200 14106
181.50.241.109 - - [04/Jan/2015:21:23:08 -0500] "GET /imagenes/listval.gif HTTP/1.1" 200 905
181.50.241.109 - - [04/Jan/2015:21:23:08 -0500] "POST /forms/lservlet;jsessionid=ac16012b30d52a185366133943c4afb3b3347df04e04.e3iSbxaKaheRe34Sa3yKbhiTahb0n6jAmljGr5XDqQLvpAe HTTP/1.1" 200 2
181.50.241.109 - - [04/Jan/2015:21:23:08 -0500] "POST /forms/lservlet;jsessionid=ac16012b30d52a185366133943c4afb3b3347df04e04.e3iSbxaKaheRe34Sa3yKbhiTahb0n6jAmljGr5XDqQLvpAe HTTP/1.1" 200 34
181.50.241.109 - - [04/Jan/2015:21:23:09 -0500] "GET /imagenes/listval.gif HTTP/1.1" 200 905
181.50.241.109 - - [04/Jan/2015:21:23:09 -0500] "POST /forms/lservlet;jsessionid=ac16012b30d52a185366133943c4afb3b3347df04e04.e3iSbxaKaheRe34Sa3yKbhiTahb0n6jAmljGr5XDqQLvpAe HTTP/1.1" 200 109
66.249.64.163 - - [04/Jan/2015:21:23:09 -0500] "GET /BLA/resoluciones/RESOLUCIONES%202014/1265.pdf HTTP/1.1" 304 -
181.50.241.109 - - [04/Jan/2015:21:23:10 -0500] "POST /forms/lservlet;jsessionid=ac16012b30d52a185366133943c4afb3b3347df04e04.e3iSbxaKaheRe34Sa3yKbhiTahb0n6jAmljGr5XDqQLvpAe HTTP/1.1" 200 2
181.50.241.109 - - [04/Jan/2015:21:23:10 -0500] "POST /forms/lservlet;jsessionid=ac16012b30d52a185366133943c4afb3b3347df04e04.e3iSbxaKaheRe34Sa3yKbhiTahb0n6jAmljGr5XDqQLvpAe HTTP/1.1" 200 168
181.50.241.109 - - [04/Jan/2015:21:23:11 -0500] "POST /forms/lservlet;jsessionid=ac16012b30d52a185366133943c4afb3b3347df04e04.e3iSbxaKaheRe34Sa3yKbhiTahb0n6jAmljGr5XDqQLvpAe HTTP/1.1" 200 2
181.50.241.109 - - [04/Jan/2015:21:23:12 -0500] "POST /forms/lservlet;jsessionid=ac16012b30d52a185366133943c4afb3b3347df04e04.e3iSbxaKaheRe34Sa3yKbhiTahb0n6jAmljGr5XDqQLvpAe HTTP/1.1" 200 77
181.50.241.109 - - [04/Jan/2015:21:23:12 -0500] "POST /forms/lservlet;jsessionid=ac16012b30d52a185366133943c4afb3b3347df04e04.e3iSbxaKaheRe34Sa3yKbhiTahb0n6jAmljGr5XDqQLvpAe HTTP/1.1" 200 2
181.50.241.109 - - [04/Jan/2015:21:23:12 -0500] "POST /forms/lservlet;jsessionid=ac16012b30d52a185366133943c4afb3b3347df04e04.e3iSbxaKaheRe34Sa3yKbhiTahb0n6jAmljGr5XDqQLvpAe HTTP/1.1" 200 7769
181.50.241.109 - - [04/Jan/2015:21:23:13 -0500] "POST /forms/lservlet;jsessionid=ac16012b30d52a185366133943c4afb3b3347df04e04.e3iSbxaKaheRe34Sa3yKbhiTahb0n6jAmljGr5XDqQLvpAe HTTP/1.1" 200 2
181.50.241.109 - - [04/Jan/2015:21:23:14 -0500] "POST /forms/lservlet;jsessionid=ac16012b30d52a185366133943c4afb3b3347df04e04.e3iSbxaKaheRe34Sa3yKbhiTahb0n6jAmljGr5XDqQLvpAe HTTP/1.1" 200 82
66.249.64.167 - - [04/Jan/2015:21:23:14 -0500] "GET /BLA/resoluciones/RESOLUCIONES%202009/0041.pdf HTTP/1.1" 200 112972
181.50.241.109 - - [04/Jan/2015:21:23:15 -0500] "POST /forms/lservlet;jsessionid=ac16012b30d52a185366133943c4afb3b3347df04e04.e3iSbxaKaheRe34Sa3yKbhiTahb0n6jAmljGr5XDqQLvpAe HTTP/1.1" 200 33
181.50.241.109 - - [04/Jan/2015:21:23:16 -0500] "POST /forms/lservlet;jsessionid=ac16012b30d52a185366133943c4afb3b3347df04e04.e3iSbxaKaheRe34Sa3yKbhiTahb0n6jAmljGr5XDqQLvpAe HTTP/1.1" 200 69
181.50.241.109 - - [04/Jan/2015:21:23:18 -0500] "POST /forms/lservlet;jsessionid=ac16012b30d52a185366133943c4afb3b3347df04e04.e3iSbxaKaheRe34Sa3yKbhiTahb0n6jAmljGr5XDqQLvpAe HTTP/1.1" 200 58
181.50.241.109 - - [04/Jan/2015:21:23:19 -0500] "POST /forms/lservlet;jsessionid=ac16012b30d52a185366133943c4afb3b3347df04e04.e3iSbxaKaheRe34Sa3yKbhiTahb0n6jAmljGr5XDqQLvpAe HTTP/1.1" 200 2
181.50.241.109 - - [04/Jan/2015:21:23:19 -0500] "POST /forms/lservlet;jsessionid=ac16012b30d52a185366133943c4afb3b3347df04e04.e3iSbxaKaheRe34Sa3yKbhiTahb0n6jAmljGr5XDqQLvpAe HTTP/1.1" 200 218
181.50.241.109 - - [04/Jan/2015:21:23:20 -0500] "POST /forms/lservlet;jsessionid=ac16012b30d52a185366133943c4afb3b3347df04e04.e3iSbxaKaheRe34Sa3yKbhiTahb0n6jAmljGr5XDqQLvpAe HTTP/1.1" 200 2
181.50.241.109 - - [04/Jan/2015:21:23:20 -0500] "POST /forms/lservlet;jsessionid=ac16012b30d52a185366133943c4afb3b3347df04e04.e3iSbxaKaheRe34Sa3yKbhiTahb0n6jAmljGr5XDqQLvpAe HTTP/1.1" 200 134
181.50.241.109 - - [04/Jan/2015:21:23:21 -0500] "POST /forms/lservlet;jsessionid=ac16012b30d52a185366133943c4afb3b3347df04e04.e3iSbxaKaheRe34Sa3yKbhiTahb0n6jAmljGr5XDqQLvpAe HTTP/1.1" 200 2
181.50.241.109 - - [04/Jan/2015:21:23:21 -0500] "POST /forms/lservlet;jsessionid=ac16012b30d52a185366133943c4afb3b3347df04e04.e3iSbxaKaheRe34Sa3yKbhiTahb0n6jAmljGr5XDqQLvpAe HTTP/1.1" 200 108
181.50.241.109 - - [04/Jan/2015:21:23:21 -0500] "POST /forms/lservlet;jsessionid=ac16012b30d52a185366133943c4afb3b3347df04e04.e3iSbxaKaheRe34Sa3yKbhiTahb0n6jAmljGr5XDqQLvpAe HTTP/1.1" 200 2
181.50.241.109 - - [04/Jan/2015:21:23:22 -0500] "POST /forms/lservlet;jsessionid=ac16012b30d52a185366133943c4afb3b3347df04e04.e3iSbxaKaheRe34Sa3yKbhiTahb0n6jAmljGr5XDqQLvpAe HTTP/1.1" 200 116
181.50.241.109 - - [04/Jan/2015:21:23:23 -0500] "POST /forms/lservlet;jsessionid=ac16012b30d52a185366133943c4afb3b3347df04e04.e3iSbxaKaheRe34Sa3yKbhiTahb0n6jAmljGr5XDqQLvpAe HTTP/1.1" 200 2
181.50.241.109 - - [04/Jan/2015:21:23:23 -0500] "POST /forms/lservlet;jsessionid=ac16012b30d52a185366133943c4afb3b3347df04e04.e3iSbxaKaheRe34Sa3yKbhiTahb0n6jAmljGr5XDqQLvpAe HTTP/1.1" 200 52
181.50.241.109 - - [04/Jan/2015:21:23:23 -0500] "POST /forms/lservlet;jsessionid=ac16012b30d52a185366133943c4afb3b3347df04e04.e3iSbxaKaheRe34Sa3yKbhiTahb0n6jAmljGr5XDqQLvpAe HTTP/1.1" 200 2
181.50.241.109 - - [04/Jan/2015:21:23:24 -0500] "POST /forms/lservlet;jsessionid=ac16012b30d52a185366133943c4afb3b3347df04e04.e3iSbxaKaheRe34Sa3yKbhiTahb0n6jAmljGr5XDqQLvpAe HTTP/1.1" 200 1992
181.50.241.109 - - [04/Jan/2015:21:23:24 -0500] "POST /forms/lservlet;jsessionid=ac16012b30d52a185366133943c4afb3b3347df04e04.e3iSbxaKaheRe34Sa3yKbhiTahb0n6jAmljGr5XDqQLvpAe HTTP/1.1" 200 78
181.50.241.109 - - [04/Jan/2015:21:23:42 -0500] "POST /forms/lservlet;jsessionid=ac16012b30d52a185366133943c4afb3b3347df04e04.e3iSbxaKaheRe34Sa3yKbhiTahb0n6jAmljGr5XDqQLvpAe HTTP/1.1" 200 34583
181.50.241.109 - - [04/Jan/2015:21:23:43 -0500] "POST /forms/lservlet;jsessionid=ac16012b30d52a185366133943c4afb3b3347df04e04.e3iSbxaKaheRe34Sa3yKbhiTahb0n6jAmljGr5XDqQLvpAe HTTP/1.1" 200 7
181.50.241.109 - - [04/Jan/2015:21:23:43 -0500] "GET /imagenes/listval.gif HTTP/1.1" 200 905
181.50.241.109 - - [04/Jan/2015:21:23:43 -0500] "POST /forms/lservlet;jsessionid=ac16012b30d52a185366133943c4afb3b3347df04e04.e3iSbxaKaheRe34Sa3yKbhiTahb0n6jAmljGr5XDqQLvpAe HTTP/1.1" 200 34
181.50.241.109 - - [04/Jan/2015:21:23:43 -0500] "POST /forms/lservlet;jsessionid=ac16012b30d52a185366133943c4afb3b3347df04e04.e3iSbxaKaheRe34Sa3yKbhiTahb0n6jAmljGr5XDqQLvpAe HTTP/1.1" 200 2
181.50.241.109 - - [04/Jan/2015:21:23:43 -0500] "POST /forms/lservlet;jsessionid=ac16012b30d52a185366133943c4afb3b3347df04e04.e3iSbxaKaheRe34Sa3yKbhiTahb0n6jAmljGr5XDqQLvpAe HTTP/1.1" 200 2
181.50.241.109 - - [04/Jan/2015:21:23:43 -0500] "POST /forms/lservlet;jsessionid=ac16012b30d52a185366133943c4afb3b3347df04e04.e3iSbxaKaheRe34Sa3yKbhiTahb0n6jAmljGr5XDqQLvpAe HTTP/1.1" 200 662
181.50.241.109 - - [04/Jan/2015:21:23:44 -0500] "POST /forms/lservlet;jsessionid=ac16012b30d52a185366133943c4afb3b3347df04e04.e3iSbxaKaheRe34Sa3yKbhiTahb0n6jAmljGr5XDqQLvpAe HTTP/1.1" 200 10
186.30.66.116 - - [04/Jan/2015:21:23:45 -0500] "GET /videos/galeria-fotografica/index8.html? HTTP/1.1" 200 1971
181.50.241.109 - - [04/Jan/2015:21:23:45 -0500] "POST /forms/lservlet;jsessionid=ac16012b30d52a185366133943c4afb3b3347df04e04.e3iSbxaKaheRe34Sa3yKbhiTahb0n6jAmljGr5XDqQLvpAe HTTP/1.1" 200 26
181.50.241.109 - - [04/Jan/2015:21:23:46 -0500] "POST /forms/lservlet;jsessionid=ac16012b30d52a185366133943c4afb3b3347df04e04.e3iSbxaKaheRe34Sa3yKbhiTahb0n6jAmljGr5XDqQLvpAe HTTP/1.1" 200 4197
186.30.66.116 - - [04/Jan/2015:21:23:46 -0500] "GET /videos/galeria-fotografica/js/jquery-flickr-gallery/jquery-flickr.css HTTP/1.1" 200 711
186.30.66.116 - - [04/Jan/2015:21:23:46 -0500] "GET /videos/galeria-fotografica/js/jquery-flickr-gallery/jquery-flickr-gallery.js HTTP/1.1" 200 9050
181.50.241.109 - - [04/Jan/2015:21:23:46 -0500] "POST /forms/lservlet;jsessionid=ac16012b30d52a185366133943c4afb3b3347df04e04.e3iSbxaKaheRe34Sa3yKbhiTahb0n6jAmljGr5XDqQLvpAe HTTP/1.1" 200 2
186.30.66.116 - - [04/Jan/2015:21:23:47 -0500] "GET /videos/galeria-fotografica/js/jquery-flickr-gallery/loader.gif HTTP/1.1" 200 2129
181.50.241.109 - - [04/Jan/2015:21:23:47 -0500] "POST /forms/lservlet;jsessionid=ac16012b30d52a185366133943c4afb3b3347df04e04.e3iSbxaKaheRe34Sa3yKbhiTahb0n6jAmljGr5XDqQLvpAe HTTP/1.1" 200 133
181.50.175.155 - - [04/Jan/2015:21:23:47 -0500] "POST /forms/lservlet;jsessionid=ac16012b30d56181d4e487d348769b84c69d4fba20c3.e3iSbxaKaheRe34Sa3yKbhiTahb0n6jAmljGr5XDqQLvpAe HTTP/1.1" 200 120
181.50.241.109 - - [04/Jan/2015:21:23:47 -0500] "POST /forms/lservlet;jsessionid=ac16012b30d52a185366133943c4afb3b3347df04e04.e3iSbxaKaheRe34Sa3yKbhiTahb0n6jAmljGr5XDqQLvpAe HTTP/1.1" 200 108
181.50.241.109 - - [04/Jan/2015:21:23:50 -0500] "POST /forms/lservlet;jsessionid=ac16012b30d52a185366133943c4afb3b3347df04e04.e3iSbxaKaheRe34Sa3yKbhiTahb0n6jAmljGr5XDqQLvpAe HTTP/1.1" 200 68
181.50.241.109 - - [04/Jan/2015:21:23:54 -0500] "POST /forms/lservlet;jsessionid=ac16012b30d52a185366133943c4afb3b3347df04e04.e3iSbxaKaheRe34Sa3yKbhiTahb0n6jAmljGr5XDqQLvpAe HTTP/1.1" 200 153
181.50.241.109 - - [04/Jan/2015:21:24:01 -0500] "POST /forms/lservlet;jsessionid=ac16012b30d52a185366133943c4afb3b3347df04e04.e3iSbxaKaheRe34Sa3yKbhiTahb0n6jAmljGr5XDqQLvpAe HTTP/1.1" 200 2
181.50.175.155 - - [04/Jan/2015:21:24:05 -0500] "POST /forms/lservlet;jsessionid=ac16012b30d56181d4e487d348769b84c69d4fba20c3.e3iSbxaKaheRe34Sa3yKbhiTahb0n6jAmljGr5XDqQLvpAe HTTP/1.1" 200 167
181.50.175.155 - - [04/Jan/2015:21:24:05 -0500] "POST /forms/lservlet;jsessionid=ac16012b30d56181d4e487d348769b84c69d4fba20c3.e3iSbxaKaheRe34Sa3yKbhiTahb0n6jAmljGr5XDqQLvpAe HTTP/1.1" 200 7
181.50.175.155 - - [04/Jan/2015:21:24:16 -0500] "POST /forms/lservlet;jsessionid=ac16012b30d56181d4e487d348769b84c69d4fba20c3.e3iSbxaKaheRe34Sa3yKbhiTahb0n6jAmljGr5XDqQLvpAe HTTP/1.1" 200 2
181.50.175.155 - - [04/Jan/2015:21:24:17 -0500] "POST /forms/lservlet;jsessionid=ac16012b30d56181d4e487d348769b84c69d4fba20c3.e3iSbxaKaheRe34Sa3yKbhiTahb0n6jAmljGr5XDqQLvpAe HTTP/1.1" 200 2
181.50.175.155 - - [04/Jan/2015:21:24:18 -0500] "POST /forms/lservlet;jsessionid=ac16012b30d56181d4e487d348769b84c69d4fba20c3.e3iSbxaKaheRe34Sa3yKbhiTahb0n6jAmljGr5XDqQLvpAe HTTP/1.1" 200 8
181.50.175.155 - - [04/Jan/2015:21:24:18 -0500] "POST /forms/lservlet;jsessionid=ac16012b30d56181d4e487d348769b84c69d4fba20c3.e3iSbxaKaheRe34Sa3yKbhiTahb0n6jAmljGr5XDqQLvpAe HTTP/1.1" 200 2
181.50.175.155 - - [04/Jan/2015:21:24:18 -0500] "POST /forms/lservlet;jsessionid=ac16012b30d56181d4e487d348769b84c69d4fba20c3.e3iSbxaKaheRe34Sa3yKbhiTahb0n6jAmljGr5XDqQLvpAe HTTP/1.1" 200 2
181.50.175.155 - - [04/Jan/2015:21:24:18 -0500] "POST /forms/lservlet;jsessionid=ac16012b30d56181d4e487d348769b84c69d4fba20c3.e3iSbxaKaheRe34Sa3yKbhiTahb0n6jAmljGr5XDqQLvpAe HTTP/1.1" 200 8
181.50.175.155 - - [04/Jan/2015:21:24:18 -0500] "POST /forms/lservlet;jsessionid=ac16012b30d56181d4e487d348769b84c69d4fba20c3.e3iSbxaKaheRe34Sa3yKbhiTahb0n6jAmljGr5XDqQLvpAe HTTP/1.1" 200 341
181.50.175.155 - - [04/Jan/2015:21:24:20 -0500] "POST /forms/lservlet;jsessionid=ac16012b30d56181d4e487d348769b84c69d4fba20c3.e3iSbxaKaheRe34Sa3yKbhiTahb0n6jAmljGr5XDqQLvpAe HTTP/1.1" 200 2
181.50.175.155 - - [04/Jan/2015:21:24:22 -0500] "POST /forms/lservlet;jsessionid=ac16012b30d56181d4e487d348769b84c69d4fba20c3.e3iSbxaKaheRe34Sa3yKbhiTahb0n6jAmljGr5XDqQLvpAe HTTP/1.1" 200 73
181.50.175.155 - - [04/Jan/2015:21:24:22 -0500] "POST /forms/lservlet;jsessionid=ac16012b30d56181d4e487d348769b84c69d4fba20c3.e3iSbxaKaheRe34Sa3yKbhiTahb0n6jAmljGr5XDqQLvpAe HTTP/1.1" 200 2
181.50.175.155 - - [04/Jan/2015:21:24:23 -0500] "POST /forms/lservlet;jsessionid=ac16012b30d56181d4e487d348769b84c69d4fba20c3.e3iSbxaKaheRe34Sa3yKbhiTahb0n6jAmljGr5XDqQLvpAe HTTP/1.1" 200 7
181.50.175.155 - - [04/Jan/2015:21:24:29 -0500] "POST /forms/lservlet;jsessionid=ac16012b30d56181d4e487d348769b84c69d4fba20c3.e3iSbxaKaheRe34Sa3yKbhiTahb0n6jAmljGr5XDqQLvpAe HTTP/1.1" 200 37
181.50.175.155 - - [04/Jan/2015:21:24:30 -0500] "POST /forms/lservlet;jsessionid=ac16012b30d56181d4e487d348769b84c69d4fba20c3.e3iSbxaKaheRe34Sa3yKbhiTahb0n6jAmljGr5XDqQLvpAe HTTP/1.1" 200 10
181.50.175.155 - - [04/Jan/2015:21:24:31 -0500] "POST /forms/lservlet;jsessionid=ac16012b30d56181d4e487d348769b84c69d4fba20c3.e3iSbxaKaheRe34Sa3yKbhiTahb0n6jAmljGr5XDqQLvpAe HTTP/1.1" 200 7
181.50.175.155 - - [04/Jan/2015:21:24:32 -0500] "POST /forms/lservlet;jsessionid=ac16012b30d56181d4e487d348769b84c69d4fba20c3.e3iSbxaKaheRe34Sa3yKbhiTahb0n6jAmljGr5XDqQLvpAe HTTP/1.1" 200 151
181.50.175.155 - - [04/Jan/2015:21:24:33 -0500] "POST /forms/lservlet;jsessionid=ac16012b30d56181d4e487d348769b84c69d4fba20c3.e3iSbxaKaheRe34Sa3yKbhiTahb0n6jAmljGr5XDqQLvpAe HTTP/1.1" 200 7
181.50.175.155 - - [04/Jan/2015:21:24:34 -0500] "POST /forms/lservlet;jsessionid=ac16012b30d56181d4e487d348769b84c69d4fba20c3.e3iSbxaKaheRe34Sa3yKbhiTahb0n6jAmljGr5XDqQLvpAe HTTP/1.1" 200 167
181.50.175.155 - - [04/Jan/2015:21:24:34 -0500] "POST /forms/lservlet;jsessionid=ac16012b30d56181d4e487d348769b84c69d4fba20c3.e3iSbxaKaheRe34Sa3yKbhiTahb0n6jAmljGr5XDqQLvpAe HTTP/1.1" 200 11
181.50.175.155 - - [04/Jan/2015:21:24:36 -0500] "POST /forms/lservlet;jsessionid=ac16012b30d56181d4e487d348769b84c69d4fba20c3.e3iSbxaKaheRe34Sa3yKbhiTahb0n6jAmljGr5XDqQLvpAe HTTP/1.1" 200 7
181.50.175.155 - - [04/Jan/2015:21:24:34 -0500] "GET /imagenes/listval.gif HTTP/1.1" 200 905
66.249.64.43 - - [04/Jan/2015:21:24:45 -0500] "GET /Autoliquidacion/Solicitudes%20relacionadas%20con%20calidad%20del%20aire%20auditiva%20y%20visual/Registro%20de%20Elementos%20de%20publicidad%20Exterior%20Visual/126pm04-pr16-f-a20-1%20Lista%20de%20Chequeo.xls HTTP/1.1" 200 114176
201.184.95.190 - - [04/Jan/2015:21:24:46 -0500] "POST /forms/lservlet;jsessionid=ac16012b30d58d28b9a60e5845da9dca86d0c67c5c46.e3iSbxaKaheRe34Sa3yKbhiTahb0n6jAmljGr5XDqQLvpAe HTTP/1.1" 200 2
66.249.64.163 - - [04/Jan/2015:21:24:53 -0500] "GET /BLA/resoluciones/RESOLUCIONES%202009/1611.pdf HTTP/1.1" 200 631741
181.50.175.155 - - [04/Jan/2015:21:25:06 -0500] "POST /forms/lservlet;jsessionid=ac16012b30d56181d4e487d348769b84c69d4fba20c3.e3iSbxaKaheRe34Sa3yKbhiTahb0n6jAmljGr5XDqQLvpAe HTTP/1.1" 200 148
181.50.175.155 - - [04/Jan/2015:21:25:06 -0500] "POST /forms/lservlet;jsessionid=ac16012b30d56181d4e487d348769b84c69d4fba20c3.e3iSbxaKaheRe34Sa3yKbhiTahb0n6jAmljGr5XDqQLvpAe HTTP/1.1" 200 7
181.50.175.155 - - [04/Jan/2015:21:25:07 -0500] "POST /forms/lservlet;jsessionid=ac16012b30d56181d4e487d348769b84c69d4fba20c3.e3iSbxaKaheRe34Sa3yKbhiTahb0n6jAmljGr5XDqQLvpAe HTTP/1.1" 200 7
181.50.241.109 - - [04/Jan/2015:21:25:10 -0500] "POST /forms/lservlet;jsessionid=ac16012b30d52a185366133943c4afb3b3347df04e04.e3iSbxaKaheRe34Sa3yKbhiTahb0n6jAmljGr5XDqQLvpAe HTTP/1.1" 200 75
186.85.246.177 - - [04/Jan/2015:21:25:32 -0500] "GET /BLA/boletinlegal/js/jquery.js HTTP/1.1" 200 57254
186.85.246.177 - - [04/Jan/2015:21:25:32 -0500] "GET /BLA/boletinlegal/js/jquery.scrollTo-min.js HTTP/1.1" 200 1150
186.85.246.177 - - [04/Jan/2015:21:25:32 -0500] "GET /BLA/boletinlegal/js/jquery.scrollShow.js HTTP/1.1" 200 4586
186.85.246.177 - - [04/Jan/2015:21:25:35 -0500] "GET /videos/Comadreja.flv HTTP/1.1" 200 1953549
181.50.175.155 - - [04/Jan/2015:21:25:37 -0500] "POST /forms/lservlet;jsessionid=ac16012b30d56181d4e487d348769b84c69d4fba20c3.e3iSbxaKaheRe34Sa3yKbhiTahb0n6jAmljGr5XDqQLvpAe HTTP/1.1" 200 133
181.50.175.155 - - [04/Jan/2015:21:25:37 -0500] "POST /forms/lservlet;jsessionid=ac16012b30d56181d4e487d348769b84c69d4fba20c3.e3iSbxaKaheRe34Sa3yKbhiTahb0n6jAmljGr5XDqQLvpAe HTTP/1.1" 200 11
181.50.175.155 - - [04/Jan/2015:21:25:39 -0500] "POST /forms/lservlet;jsessionid=ac16012b30d56181d4e487d348769b84c69d4fba20c3.e3iSbxaKaheRe34Sa3yKbhiTahb0n6jAmljGr5XDqQLvpAe HTTP/1.1" 200 128
181.50.175.155 - - [04/Jan/2015:21:25:40 -0500] "POST /forms/lservlet;jsessionid=ac16012b30d56181d4e487d348769b84c69d4fba20c3.e3iSbxaKaheRe34Sa3yKbhiTahb0n6jAmljGr5XDqQLvpAe HTTP/1.1" 200 7
181.50.175.155 - - [04/Jan/2015:21:25:41 -0500] "POST /forms/lservlet;jsessionid=ac16012b30d56181d4e487d348769b84c69d4fba20c3.e3iSbxaKaheRe34Sa3yKbhiTahb0n6jAmljGr5XDqQLvpAe HTTP/1.1" 200 7
181.50.175.155 - - [04/Jan/2015:21:25:42 -0500] "POST /forms/lservlet;jsessionid=ac16012b30d56181d4e487d348769b84c69d4fba20c3.e3iSbxaKaheRe34Sa3yKbhiTahb0n6jAmljGr5XDqQLvpAe HTTP/1.1" 200 191
181.50.175.155 - - [04/Jan/2015:21:25:42 -0500] "POST /forms/lservlet;jsessionid=ac16012b30d56181d4e487d348769b84c69d4fba20c3.e3iSbxaKaheRe34Sa3yKbhiTahb0n6jAmljGr5XDqQLvpAe HTTP/1.1" 200 7
181.50.175.155 - - [04/Jan/2015:21:25:43 -0500] "POST /forms/lservlet;jsessionid=ac16012b30d56181d4e487d348769b84c69d4fba20c3.e3iSbxaKaheRe34Sa3yKbhiTahb0n6jAmljGr5XDqQLvpAe HTTP/1.1" 200 99
181.50.175.155 - - [04/Jan/2015:21:25:43 -0500] "POST /forms/lservlet;jsessionid=ac16012b30d56181d4e487d348769b84c69d4fba20c3.e3iSbxaKaheRe34Sa3yKbhiTahb0n6jAmljGr5XDqQLvpAe HTTP/1.1" 200 2
181.50.175.155 - - [04/Jan/2015:21:25:43 -0500] "GET /imagenes/listval.gif HTTP/1.1" 200 905
181.50.175.155 - - [04/Jan/2015:21:25:43 -0500] "POST /forms/lservlet;jsessionid=ac16012b30d56181d4e487d348769b84c69d4fba20c3.e3iSbxaKaheRe34Sa3yKbhiTahb0n6jAmljGr5XDqQLvpAe HTTP/1.1" 200 79
181.50.175.155 - - [04/Jan/2015:21:25:44 -0500] "POST /forms/lservlet;jsessionid=ac16012b30d56181d4e487d348769b84c69d4fba20c3.e3iSbxaKaheRe34Sa3yKbhiTahb0n6jAmljGr5XDqQLvpAe HTTP/1.1" 200 7
181.50.175.155 - - [04/Jan/2015:21:25:44 -0500] "POST /forms/lservlet;jsessionid=ac16012b30d56181d4e487d348769b84c69d4fba20c3.e3iSbxaKaheRe34Sa3yKbhiTahb0n6jAmljGr5XDqQLvpAe HTTP/1.1" 200 122
181.50.175.155 - - [04/Jan/2015:21:25:45 -0500] "POST /forms/lservlet;jsessionid=ac16012b30d56181d4e487d348769b84c69d4fba20c3.e3iSbxaKaheRe34Sa3yKbhiTahb0n6jAmljGr5XDqQLvpAe HTTP/1.1" 200 11
181.50.175.155 - - [04/Jan/2015:21:25:45 -0500] "POST /forms/lservlet;jsessionid=ac16012b30d56181d4e487d348769b84c69d4fba20c3.e3iSbxaKaheRe34Sa3yKbhiTahb0n6jAmljGr5XDqQLvpAe HTTP/1.1" 200 7
181.50.175.155 - - [04/Jan/2015:21:25:47 -0500] "POST /forms/lservlet;jsessionid=ac16012b30d56181d4e487d348769b84c69d4fba20c3.e3iSbxaKaheRe34Sa3yKbhiTahb0n6jAmljGr5XDqQLvpAe HTTP/1.1" 200 100
181.50.175.155 - - [04/Jan/2015:21:25:49 -0500] "POST /forms/lservlet;jsessionid=ac16012b30d56181d4e487d348769b84c69d4fba20c3.e3iSbxaKaheRe34Sa3yKbhiTahb0n6jAmljGr5XDqQLvpAe HTTP/1.1" 200 60
181.50.175.155 - - [04/Jan/2015:21:25:59 -0500] "POST /forms/lservlet;jsessionid=ac16012b30d56181d4e487d348769b84c69d4fba20c3.e3iSbxaKaheRe34Sa3yKbhiTahb0n6jAmljGr5XDqQLvpAe HTTP/1.1" 200 128
181.50.175.155 - - [04/Jan/2015:21:25:59 -0500] "POST /forms/lservlet;jsessionid=ac16012b30d56181d4e487d348769b84c69d4fba20c3.e3iSbxaKaheRe34Sa3yKbhiTahb0n6jAmljGr5XDqQLvpAe HTTP/1.1" 200 7
181.50.175.155 - - [04/Jan/2015:21:26:00 -0500] "POST /forms/lservlet;jsessionid=ac16012b30d56181d4e487d348769b84c69d4fba20c3.e3iSbxaKaheRe34Sa3yKbhiTahb0n6jAmljGr5XDqQLvpAe HTTP/1.1" 200 7
181.50.241.109 - - [04/Jan/2015:21:26:01 -0500] "POST /forms/lservlet;jsessionid=ac16012b30d52a185366133943c4afb3b3347df04e04.e3iSbxaKaheRe34Sa3yKbhiTahb0n6jAmljGr5XDqQLvpAe HTTP/1.1" 200 2
181.50.175.155 - - [04/Jan/2015:21:26:01 -0500] "POST /forms/lservlet;jsessionid=ac16012b30d56181d4e487d348769b84c69d4fba20c3.e3iSbxaKaheRe34Sa3yKbhiTahb0n6jAmljGr5XDqQLvpAe HTTP/1.1" 200 89
181.50.175.155 - - [04/Jan/2015:21:26:03 -0500] "POST /forms/lservlet;jsessionid=ac16012b30d56181d4e487d348769b84c69d4fba20c3.e3iSbxaKaheRe34Sa3yKbhiTahb0n6jAmljGr5XDqQLvpAe HTTP/1.1" 200 7
66.249.64.163 - - [04/Jan/2015:21:26:03 -0500] "GET /BLA/resoluciones/AUTOS%202010/0876.pdf HTTP/1.1" 200 356004
181.50.175.155 - - [04/Jan/2015:21:26:03 -0500] "POST /forms/lservlet;jsessionid=ac16012b30d56181d4e487d348769b84c69d4fba20c3.e3iSbxaKaheRe34Sa3yKbhiTahb0n6jAmljGr5XDqQLvpAe HTTP/1.1" 200 30059
181.50.175.155 - - [04/Jan/2015:21:26:05 -0500] "GET /imagenes/rt_print.gif HTTP/1.1" 200 916
181.50.175.155 - - [04/Jan/2015:21:26:05 -0500] "POST /forms/lservlet;jsessionid=ac16012b30d56181d4e487d348769b84c69d4fba20c3.e3iSbxaKaheRe34Sa3yKbhiTahb0n6jAmljGr5XDqQLvpAe HTTP/1.1" 200 7
181.50.175.155 - - [04/Jan/2015:21:26:06 -0500] "POST /forms/lservlet;jsessionid=ac16012b30d56181d4e487d348769b84c69d4fba20c3.e3iSbxaKaheRe34Sa3yKbhiTahb0n6jAmljGr5XDqQLvpAe HTTP/1.1" 200 27
181.50.175.155 - - [04/Jan/2015:21:26:06 -0500] "POST /forms/lservlet;jsessionid=ac16012b30d56181d4e487d348769b84c69d4fba20c3.e3iSbxaKaheRe34Sa3yKbhiTahb0n6jAmljGr5XDqQLvpAe HTTP/1.1" 200 2
181.50.175.155 - - [04/Jan/2015:21:26:08 -0500] "POST /forms/lservlet;jsessionid=ac16012b30d56181d4e487d348769b84c69d4fba20c3.e3iSbxaKaheRe34Sa3yKbhiTahb0n6jAmljGr5XDqQLvpAe HTTP/1.1" 200 7
181.50.175.155 - - [04/Jan/2015:21:26:08 -0500] "GET /imagenes/open.gif HTTP/1.1" 200 919
181.50.175.155 - - [04/Jan/2015:21:26:12 -0500] "POST /forms/lservlet;jsessionid=ac16012b30d56181d4e487d348769b84c69d4fba20c3.e3iSbxaKaheRe34Sa3yKbhiTahb0n6jAmljGr5XDqQLvpAe HTTP/1.1" 200 70
181.50.175.155 - - [04/Jan/2015:21:26:12 -0500] "POST /forms/lservlet;jsessionid=ac16012b30d56181d4e487d348769b84c69d4fba20c3.e3iSbxaKaheRe34Sa3yKbhiTahb0n6jAmljGr5XDqQLvpAe HTTP/1.1" 200 8
181.50.175.155 - - [04/Jan/2015:21:26:12 -0500] "POST /forms/lservlet;jsessionid=ac16012b30d56181d4e487d348769b84c69d4fba20c3.e3iSbxaKaheRe34Sa3yKbhiTahb0n6jAmljGr5XDqQLvpAe HTTP/1.1" 200 2
181.50.175.155 - - [04/Jan/2015:21:26:12 -0500] "POST /forms/lservlet;jsessionid=ac16012b30d56181d4e487d348769b84c69d4fba20c3.e3iSbxaKaheRe34Sa3yKbhiTahb0n6jAmljGr5XDqQLvpAe HTTP/1.1" 200 2
181.50.175.155 - - [04/Jan/2015:21:26:12 -0500] "POST /forms/lservlet;jsessionid=ac16012b30d56181d4e487d348769b84c69d4fba20c3.e3iSbxaKaheRe34Sa3yKbhiTahb0n6jAmljGr5XDqQLvpAe HTTP/1.1" 200 8
181.50.175.155 - - [04/Jan/2015:21:26:13 -0500] "POST /forms/lservlet;jsessionid=ac16012b30d56181d4e487d348769b84c69d4fba20c3.e3iSbxaKaheRe34Sa3yKbhiTahb0n6jAmljGr5XDqQLvpAe HTTP/1.1" 200 282
181.50.175.155 - - [04/Jan/2015:21:26:14 -0500] "POST /forms/lservlet;jsessionid=ac16012b30d56181d4e487d348769b84c69d4fba20c3.e3iSbxaKaheRe34Sa3yKbhiTahb0n6jAmljGr5XDqQLvpAe HTTP/1.1" 200 2
181.50.175.155 - - [04/Jan/2015:21:26:16 -0500] "POST /forms/lservlet;jsessionid=ac16012b30d56181d4e487d348769b84c69d4fba20c3.e3iSbxaKaheRe34Sa3yKbhiTahb0n6jAmljGr5XDqQLvpAe HTTP/1.1" 200 2
181.50.175.155 - - [04/Jan/2015:21:26:18 -0500] "POST /forms/lservlet;jsessionid=ac16012b30d56181d4e487d348769b84c69d4fba20c3.e3iSbxaKaheRe34Sa3yKbhiTahb0n6jAmljGr5XDqQLvpAe HTTP/1.1" 200 123
181.50.175.155 - - [04/Jan/2015:21:26:19 -0500] "POST /forms/lservlet;jsessionid=ac16012b30d56181d4e487d348769b84c69d4fba20c3.e3iSbxaKaheRe34Sa3yKbhiTahb0n6jAmljGr5XDqQLvpAe HTTP/1.1" 200 2
181.50.175.155 - - [04/Jan/2015:21:26:23 -0500] "POST /forms/lservlet;jsessionid=ac16012b30d56181d4e487d348769b84c69d4fba20c3.e3iSbxaKaheRe34Sa3yKbhiTahb0n6jAmljGr5XDqQLvpAe HTTP/1.1" 200 176
181.50.175.155 - - [04/Jan/2015:21:26:24 -0500] "POST /forms/lservlet;jsessionid=ac16012b30d56181d4e487d348769b84c69d4fba20c3.e3iSbxaKaheRe34Sa3yKbhiTahb0n6jAmljGr5XDqQLvpAe HTTP/1.1" 200 2
181.50.175.155 - - [04/Jan/2015:21:26:25 -0500] "POST /forms/lservlet;jsessionid=ac16012b30d56181d4e487d348769b84c69d4fba20c3.e3iSbxaKaheRe34Sa3yKbhiTahb0n6jAmljGr5XDqQLvpAe HTTP/1.1" 200 1503
181.50.28.244 - - [04/Jan/2015:21:26:25 -0500] "GET /BLA/boletinlegal/js/jquery.js HTTP/1.1" 200 57254
181.50.28.244 - - [04/Jan/2015:21:26:25 -0500] "GET /BLA/boletinlegal/js/jquery.scrollTo-min.js HTTP/1.1" 200 1150
181.50.28.244 - - [04/Jan/2015:21:26:25 -0500] "GET /BLA/boletinlegal/js/jquery.scrollShow.js HTTP/1.1" 200 4586
181.50.175.155 - - [04/Jan/2015:21:26:26 -0500] "POST /forms/lservlet;jsessionid=ac16012b30d56181d4e487d348769b84c69d4fba20c3.e3iSbxaKaheRe34Sa3yKbhiTahb0n6jAmljGr5XDqQLvpAe HTTP/1.1" 200 2
181.50.28.244 - - [04/Jan/2015:21:26:26 -0500] "GET /galeria/carrusel/Carrusel/jquery.thumbnailScroller.css HTTP/1.1" 200 2066
181.50.28.244 - - [04/Jan/2015:21:26:26 -0500] "GET /galeria/carrusel/Carrusel/jquery-ui-1.8.13.custom.min.js HTTP/1.1" 200 10800
181.50.175.155 - - [04/Jan/2015:21:26:26 -0500] "POST /forms/lservlet;jsessionid=ac16012b30d56181d4e487d348769b84c69d4fba20c3.e3iSbxaKaheRe34Sa3yKbhiTahb0n6jAmljGr5XDqQLvpAe HTTP/1.1" 200 2
181.50.28.244 - - [04/Jan/2015:21:26:26 -0500] "GET /galeria/carrusel/Carrusel/jquery.thumbnailScroller.js HTTP/1.1" 200 8157
181.50.175.155 - - [04/Jan/2015:21:26:28 -0500] "POST /forms/lservlet;jsessionid=ac16012b30d56181d4e487d348769b84c69d4fba20c3.e3iSbxaKaheRe34Sa3yKbhiTahb0n6jAmljGr5XDqQLvpAe HTTP/1.1" 200 133
181.50.28.244 - - [04/Jan/2015:21:26:30 -0500] "GET /galeria/nivo-slider/demo/demo.html HTTP/1.1" 200 3150
181.50.175.155 - - [04/Jan/2015:21:26:30 -0500] "POST /forms/lservlet;jsessionid=ac16012b30d56181d4e487d348769b84c69d4fba20c3.e3iSbxaKaheRe34Sa3yKbhiTahb0n6jAmljGr5XDqQLvpAe HTTP/1.1" 200 7
181.50.175.155 - - [04/Jan/2015:21:26:30 -0500] "POST /forms/lservlet;jsessionid=ac16012b30d56181d4e487d348769b84c69d4fba20c3.e3iSbxaKaheRe34Sa3yKbhiTahb0n6jAmljGr5XDqQLvpAe HTTP/1.1" 200 29965
181.50.28.244 - - [04/Jan/2015:21:26:31 -0500] "GET /galeria/nivo-slider/themes/default/default.css HTTP/1.1" 200 1569
181.50.28.244 - - [04/Jan/2015:21:26:31 -0500] "GET /galeria/nivo-slider/themes/pascal/pascal.css HTTP/1.1" 200 2258
181.50.28.244 - - [04/Jan/2015:21:26:31 -0500] "GET /galeria/nivo-slider/demo/style.css HTTP/1.1" 200 2222
181.50.28.244 - - [04/Jan/2015:21:26:31 -0500] "GET /galeria/nivo-slider/nivo-slider.css HTTP/1.1" 200 1507
181.50.28.244 - - [04/Jan/2015:21:26:31 -0500] "GET /galeria/nivo-slider/demo/scripts/jquery-1.7.1.min.js HTTP/1.1" 200 93868
181.50.28.244 - - [04/Jan/2015:21:26:31 -0500] "GET /galeria/nivo-slider/themes/orman/orman.css HTTP/1.1" 200 2152
181.50.28.244 - - [04/Jan/2015:21:26:31 -0500] "GET /galeria/nivo-slider/jquery.nivo.slider.pack.js HTTP/1.1" 200 11561
181.50.28.244 - - [04/Jan/2015:21:26:31 -0500] "GET /galeria/nivo-slider/demo/images/bolsas-08.jpg HTTP/1.1" 200 85589
181.50.28.244 - - [04/Jan/2015:21:26:31 -0500] "GET /galeria/nivo-slider/demo/images/Ruta-vertimientos-01.jpg HTTP/1.1" 200 130151
181.50.28.244 - - [04/Jan/2015:21:26:31 -0500] "GET /galeria/nivo-slider/demo/images/bolsas-06.jpg HTTP/1.1" 200 90982
181.50.28.244 - - [04/Jan/2015:21:26:31 -0500] "GET /galeria/nivo-slider/demo/images/ecolecta-Dic2014.png HTTP/1.1" 200 288593
181.50.28.244 - - [04/Jan/2015:21:26:31 -0500] "GET /galeria/nivo-slider/demo/images/porloshumedales.jpg HTTP/1.1" 200 351238
181.50.175.155 - - [04/Jan/2015:21:26:32 -0500] "POST /forms/lservlet;jsessionid=ac16012b30d56181d4e487d348769b84c69d4fba20c3.e3iSbxaKaheRe34Sa3yKbhiTahb0n6jAmljGr5XDqQLvpAe HTTP/1.1" 200 7
181.50.175.155 - - [04/Jan/2015:21:26:32 -0500] "POST /forms/lservlet;jsessionid=ac16012b30d56181d4e487d348769b84c69d4fba20c3.e3iSbxaKaheRe34Sa3yKbhiTahb0n6jAmljGr5XDqQLvpAe HTTP/1.1" 200 2
181.50.28.244 - - [04/Jan/2015:21:26:32 -0500] "GET /galeria/nivo-slider/demo/images/4Simple_Slider.png HTTP/1.1" 200 11722
181.50.175.155 - - [04/Jan/2015:21:26:32 -0500] "POST /forms/lservlet;jsessionid=ac16012b30d56181d4e487d348769b84c69d4fba20c3.e3iSbxaKaheRe34Sa3yKbhiTahb0n6jAmljGr5XDqQLvpAe HTTP/1.1" 200 27
181.50.28.244 - - [04/Jan/2015:21:26:32 -0500] "GET /galeria/nivo-slider/themes/default/loading.gif HTTP/1.1" 200 1737
181.50.175.155 - - [04/Jan/2015:21:26:32 -0500] "POST /forms/lservlet;jsessionid=ac16012b30d56181d4e487d348769b84c69d4fba20c3.e3iSbxaKaheRe34Sa3yKbhiTahb0n6jAmljGr5XDqQLvpAe HTTP/1.1" 200 2
181.50.28.244 - - [04/Jan/2015:21:26:32 -0500] "GET /galeria/nivo-slider/demo/images/Tingua-azul.jpg HTTP/1.1" 200 307638
181.50.28.244 - - [04/Jan/2015:21:26:32 -0500] "GET /galeria/nivo-slider/demo/images/Banner-Caracol-Africano.jpg HTTP/1.1" 200 331986
181.50.28.244 - - [04/Jan/2015:21:26:32 -0500] "GET /galeria/nivo-slider/demo/images/banner-redes.jpg HTTP/1.1" 200 62209
181.50.28.244 - - [04/Jan/2015:21:26:33 -0500] "GET /galeria/nivo-slider/demo/images/9Signos.jpg HTTP/1.1" 200 93040
181.50.28.244 - - [04/Jan/2015:21:26:33 -0500] "GET /galeria/nivo-slider/demo/images/banner-llantas2.jpg HTTP/1.1" 200 73153
181.50.175.155 - - [04/Jan/2015:21:26:33 -0500] "POST /forms/lservlet;jsessionid=ac16012b30d56181d4e487d348769b84c69d4fba20c3.e3iSbxaKaheRe34Sa3yKbhiTahb0n6jAmljGr5XDqQLvpAe HTTP/1.1" 200 7
181.50.28.244 - - [04/Jan/2015:21:26:34 -0500] "GET /galeria/nivo-slider/demo/images/banner-caballos.png HTTP/1.1" 200 389106
66.249.64.167 - - [04/Jan/2015:21:26:37 -0500] "GET /BLA/resoluciones/RESOLUCIONES%202011/4762.pdf HTTP/1.1" 200 599722
181.50.28.244 - - [04/Jan/2015:21:26:38 -0500] "GET /galeria/nivo-slider/themes/default/arrows.png HTTP/1.1" 200 824
181.50.28.244 - - [04/Jan/2015:21:26:38 -0500] "GET /galeria/nivo-slider/themes/default/bullets.png HTTP/1.1" 200 1281
181.50.28.244 - - [04/Jan/2015:21:26:39 -0500] "GET /videos/Spot_CambioClimatico.flv HTTP/1.1" 200 4371917
181.50.175.155 - - [04/Jan/2015:21:26:41 -0500] "POST /forms/lservlet;jsessionid=ac16012b30d56181d4e487d348769b84c69d4fba20c3.e3iSbxaKaheRe34Sa3yKbhiTahb0n6jAmljGr5XDqQLvpAe HTTP/1.1" 200 7
74.86.158.107 - - [04/Jan/2015:21:26:41 -0500] "HEAD / HTTP/1.1" 302 -
181.50.175.155 - - [04/Jan/2015:21:26:43 -0500] "POST /forms/lservlet;jsessionid=ac16012b30d56181d4e487d348769b84c69d4fba20c3.e3iSbxaKaheRe34Sa3yKbhiTahb0n6jAmljGr5XDqQLvpAe HTTP/1.1" 200 7
201.184.95.190 - - [04/Jan/2015:21:26:46 -0500] "POST /forms/lservlet;jsessionid=ac16012b30d58d28b9a60e5845da9dca86d0c67c5c46.e3iSbxaKaheRe34Sa3yKbhiTahb0n6jAmljGr5XDqQLvpAe HTTP/1.1" 200 2
181.50.175.155 - - [04/Jan/2015:21:26:47 -0500] "POST /forms/lservlet;jsessionid=ac16012b30d56181d4e487d348769b84c69d4fba20c3.e3iSbxaKaheRe34Sa3yKbhiTahb0n6jAmljGr5XDqQLvpAe HTTP/1.1" 200 1494
181.50.175.155 - - [04/Jan/2015:21:26:47 -0500] "POST /forms/lservlet;jsessionid=ac16012b30d56181d4e487d348769b84c69d4fba20c3.e3iSbxaKaheRe34Sa3yKbhiTahb0n6jAmljGr5XDqQLvpAe HTTP/1.1" 200 2
181.50.175.155 - - [04/Jan/2015:21:26:47 -0500] "POST /forms/lservlet;jsessionid=ac16012b30d56181d4e487d348769b84c69d4fba20c3.e3iSbxaKaheRe34Sa3yKbhiTahb0n6jAmljGr5XDqQLvpAe HTTP/1.1" 200 2
186.112.254.70 - - [04/Jan/2015:21:26:48 -0500] "GET /BLA/boletinlegal/js/jquery.js HTTP/1.1" 200 57254
186.112.254.70 - - [04/Jan/2015:21:26:48 -0500] "GET /BLA/boletinlegal/js/jquery.scrollTo-min.js HTTP/1.1" 200 1150
186.112.254.70 - - [04/Jan/2015:21:26:48 -0500] "GET /BLA/boletinlegal/js/jquery.scrollShow.js HTTP/1.1" 200 4586
181.50.175.155 - - [04/Jan/2015:21:26:49 -0500] "POST /forms/lservlet;jsessionid=ac16012b30d56181d4e487d348769b84c69d4fba20c3.e3iSbxaKaheRe34Sa3yKbhiTahb0n6jAmljGr5XDqQLvpAe HTTP/1.1" 200 133
181.50.175.155 - - [04/Jan/2015:21:26:50 -0500] "POST /forms/lservlet;jsessionid=ac16012b30d56181d4e487d348769b84c69d4fba20c3.e3iSbxaKaheRe34Sa3yKbhiTahb0n6jAmljGr5XDqQLvpAe HTTP/1.1" 200 155
181.50.175.155 - - [04/Jan/2015:21:26:50 -0500] "POST /forms/lservlet;jsessionid=ac16012b30d56181d4e487d348769b84c69d4fba20c3.e3iSbxaKaheRe34Sa3yKbhiTahb0n6jAmljGr5XDqQLvpAe HTTP/1.1" 200 7
181.50.175.155 - - [04/Jan/2015:21:26:51 -0500] "POST /forms/lservlet;jsessionid=ac16012b30d56181d4e487d348769b84c69d4fba20c3.e3iSbxaKaheRe34Sa3yKbhiTahb0n6jAmljGr5XDqQLvpAe HTTP/1.1" 200 7
181.50.175.155 - - [04/Jan/2015:21:27:04 -0500] "POST /forms/lservlet;jsessionid=ac16012b30d56181d4e487d348769b84c69d4fba20c3.e3iSbxaKaheRe34Sa3yKbhiTahb0n6jAmljGr5XDqQLvpAe HTTP/1.1" 200 215
180.76.5.21 - - [04/Jan/2015:21:27:27 -0500] "GET /BLA/resoluciones/AUTOS%202011/4356.pdf HTTP/1.1" 200 625225
181.131.198.111 - - [04/Jan/2015:21:27:29 -0500] "GET /BLA/resoluciones/RESOLUCIONES%202012/1769.pdf HTTP/1.1" 200 422832
186.82.136.205 - - [04/Jan/2015:21:27:31 -0500] "GET /BLA/boletinlegal/js/jquery.scrollTo-min.js HTTP/1.1" 200 1150
186.82.136.205 - - [04/Jan/2015:21:27:31 -0500] "GET /BLA/boletinlegal/js/jquery.js HTTP/1.1" 200 57254
186.82.136.205 - - [04/Jan/2015:21:27:31 -0500] "GET /BLA/boletinlegal/js/jquery.scrollShow.js HTTP/1.1" 200 4586
186.82.136.205 - - [04/Jan/2015:21:27:31 -0500] "GET /galeria/carrusel/Carrusel/jquery.thumbnailScroller.css HTTP/1.1" 200 2066
186.82.136.205 - - [04/Jan/2015:21:27:31 -0500] "GET /galeria/carrusel/Carrusel/jquery.thumbnailScroller.js HTTP/1.1" 200 8157
186.82.136.205 - - [04/Jan/2015:21:27:31 -0500] "GET /galeria/carrusel/Carrusel/jquery-ui-1.8.13.custom.min.js HTTP/1.1" 200 10800
181.131.198.111 - - [04/Jan/2015:21:27:32 -0500] "GET /favicon.ico HTTP/1.1" 200 7782
188.165.15.209 - - [04/Jan/2015:21:27:34 -0500] "GET /BLA/resoluciones/RESOLUCIONES%202004/RES%202004%202101-2150/00002129.tif HTTP/1.1" 200 92570
186.82.136.205 - - [04/Jan/2015:21:27:38 -0500] "GET /galeria/nivo-slider/demo/demo.html HTTP/1.1" 200 3150
186.82.136.205 - - [04/Jan/2015:21:27:39 -0500] "GET /galeria/nivo-slider/themes/default/default.css HTTP/1.1" 200 1569
186.82.136.205 - - [04/Jan/2015:21:27:39 -0500] "GET /galeria/nivo-slider/themes/pascal/pascal.css HTTP/1.1" 200 2258
186.82.136.205 - - [04/Jan/2015:21:27:39 -0500] "GET /galeria/nivo-slider/themes/orman/orman.css HTTP/1.1" 200 2152
186.82.136.205 - - [04/Jan/2015:21:27:39 -0500] "GET /galeria/nivo-slider/nivo-slider.css HTTP/1.1" 200 1507
186.82.136.205 - - [04/Jan/2015:21:27:39 -0500] "GET /galeria/nivo-slider/demo/style.css HTTP/1.1" 200 2222
186.82.136.205 - - [04/Jan/2015:21:27:39 -0500] "GET /galeria/nivo-slider/jquery.nivo.slider.pack.js HTTP/1.1" 200 11561
186.82.136.205 - - [04/Jan/2015:21:27:39 -0500] "GET /galeria/nivo-slider/demo/scripts/jquery-1.7.1.min.js HTTP/1.1" 200 93868
186.82.136.205 - - [04/Jan/2015:21:27:39 -0500] "GET /galeria/nivo-slider/demo/images/Ruta-vertimientos-01.jpg HTTP/1.1" 200 130151
186.82.136.205 - - [04/Jan/2015:21:27:39 -0500] "GET /galeria/nivo-slider/demo/images/bolsas-08.jpg HTTP/1.1" 200 85589
186.82.136.205 - - [04/Jan/2015:21:27:39 -0500] "GET /galeria/nivo-slider/demo/images/bolsas-06.jpg HTTP/1.1" 200 90982
186.82.136.205 - - [04/Jan/2015:21:27:39 -0500] "GET /galeria/nivo-slider/demo/images/ecolecta-Dic2014.png HTTP/1.1" 200 288593
186.82.136.205 - - [04/Jan/2015:21:27:40 -0500] "GET /galeria/nivo-slider/demo/images/porloshumedales.jpg HTTP/1.1" 200 351238
186.82.136.205 - - [04/Jan/2015:21:27:40 -0500] "GET /galeria/nivo-slider/demo/images/Tingua-azul.jpg HTTP/1.1" 200 307638
186.82.136.205 - - [04/Jan/2015:21:27:41 -0500] "GET /galeria/nivo-slider/demo/images/Banner-Caracol-Africano.jpg HTTP/1.1" 200 331986
186.82.136.205 - - [04/Jan/2015:21:27:40 -0500] "GET /galeria/nivo-slider/demo/images/banner-llantas2.jpg HTTP/1.1" 200 73153
186.82.136.205 - - [04/Jan/2015:21:27:42 -0500] "GET /galeria/nivo-slider/demo/images/banner-redes.jpg HTTP/1.1" 200 62209
186.82.136.205 - - [04/Jan/2015:21:27:42 -0500] "GET /galeria/nivo-slider/demo/images/9Signos.jpg HTTP/1.1" 200 93040
186.82.136.205 - - [04/Jan/2015:21:27:42 -0500] "GET /galeria/nivo-slider/demo/images/banner-caballos.png HTTP/1.1" 200 389106
186.82.136.205 - - [04/Jan/2015:21:27:43 -0500] "GET /galeria/nivo-slider/demo/images/4Simple_Slider.png HTTP/1.1" 200 11722
186.82.136.205 - - [04/Jan/2015:21:27:43 -0500] "GET /galeria/nivo-slider/themes/default/loading.gif HTTP/1.1" 200 1737
186.82.136.205 - - [04/Jan/2015:21:27:45 -0500] "GET /galeria/nivo-slider/themes/default/arrows.png HTTP/1.1" 200 824
186.82.136.205 - - [04/Jan/2015:21:27:47 -0500] "GET /galeria/nivo-slider/themes/default/bullets.png HTTP/1.1" 200 1281
186.31.112.211 - - [04/Jan/2015:21:27:52 -0500] "GET /galeria/carrusel/Carrusel/jquery.thumbnailScroller.css HTTP/1.1" 200 2066
186.31.112.211 - - [04/Jan/2015:21:27:52 -0500] "GET /BLA/boletinlegal/js/jquery.js HTTP/1.1" 200 57254
