190.158.28.183 - - [04/Jan/2015:18:53:18 -0500] "GET /galeria/nivo-slider/demo/scripts/jquery-1.7.1.min.js HTTP/1.1" 200 93868
190.158.28.183 - - [04/Jan/2015:18:53:18 -0500] "GET /galeria/nivo-slider/jquery.nivo.slider.pack.js HTTP/1.1" 200 11561
190.158.28.183 - - [04/Jan/2015:18:53:19 -0500] "GET /galeria/nivo-slider/themes/default/loading.gif HTTP/1.1" 200 1737
190.158.28.183 - - [04/Jan/2015:18:53:19 -0500] "GET /galeria/nivo-slider/demo/images/4Simple_Slider.png HTTP/1.1" 200 11722
190.158.28.183 - - [04/Jan/2015:18:53:18 -0500] "GET /galeria/nivo-slider/demo/images/9Signos.jpg HTTP/1.1" 200 93040
190.158.28.183 - - [04/Jan/2015:18:53:22 -0500] "GET /galeria/nivo-slider/themes/default/bullets.png HTTP/1.1" 200 1281
190.158.28.183 - - [04/Jan/2015:18:53:22 -0500] "GET /galeria/nivo-slider/themes/default/arrows.png HTTP/1.1" 200 824
66.249.64.171 - - [04/Jan/2015:18:53:25 -0500] "GET /BLA/resoluciones/RESOLUCIONES%202008/2323.pdf HTTP/1.1" 200 353447
181.50.241.109 - - [04/Jan/2015:18:53:53 -0500] "POST /forms/lservlet;jsessionid=ac16012b30d52a185366133943c4afb3b3347df04e04.e3iSbxaKaheRe34Sa3yKbhiTahb0n6jAmljGr5XDqQLvpAe HTTP/1.1" 200 2
66.249.64.171 - - [04/Jan/2015:18:54:02 -0500] "GET /BLA/resoluciones/RESOLUCIONES%202009/4612.pdf HTTP/1.1" 200 643519
190.156.112.116 - - [04/Jan/2015:18:54:08 -0500] "GET /BLA/boletinlegal/js/jquery.scrollShow.js HTTP/1.1" 200 4586
190.156.112.116 - - [04/Jan/2015:18:54:08 -0500] "GET /BLA/boletinlegal/js/jquery.scrollTo-min.js HTTP/1.1" 200 1150
190.156.112.116 - - [04/Jan/2015:18:54:08 -0500] "GET /BLA/boletinlegal/js/jquery.js HTTP/1.1" 200 57254
66.249.64.167 - - [04/Jan/2015:18:54:18 -0500] "GET /BLA/resoluciones/AUTOS%202009/0822.pdf HTTP/1.1" 200 76993
201.184.95.190 - - [04/Jan/2015:18:54:33 -0500] "POST /forms/lservlet;jsessionid=ac16012b30d58d28b9a60e5845da9dca86d0c67c5c46.e3iSbxaKaheRe34Sa3yKbhiTahb0n6jAmljGr5XDqQLvpAe HTTP/1.1" 200 2
180.76.5.177 - - [04/Jan/2015:18:54:37 -0500] "GET /BLA/resoluciones/AUTOS%202009/1378.pdf HTTP/1.1" 200 117608
66.249.64.167 - - [04/Jan/2015:18:54:40 -0500] "GET /BLA/resoluciones/AUTOS%202013/1380.pdf HTTP/1.1" 200 1651680
66.249.64.171 - - [04/Jan/2015:18:55:17 -0500] "GET /BLA/resoluciones/RESOLUCIONES%202010/1406.pdf HTTP/1.1" 200 840365
181.50.241.109 - - [04/Jan/2015:18:55:53 -0500] "POST /forms/lservlet;jsessionid=ac16012b30d52a185366133943c4afb3b3347df04e04.e3iSbxaKaheRe34Sa3yKbhiTahb0n6jAmljGr5XDqQLvpAe HTTP/1.1" 200 2
188.165.15.90 - - [04/Jan/2015:18:55:54 -0500] "GET /BLA/resoluciones/RESOLUCIONES%202005/RES%202005%202201-2250/00002239.tif HTTP/1.1" 200 154646
66.249.64.163 - - [04/Jan/2015:18:55:55 -0500] "GET /BLA/resoluciones/AUTOS%202008/0709.pdf HTTP/1.1" 304 -
186.28.22.35 - - [04/Jan/2015:18:56:07 -0500] "GET /BLA/boletinlegal/js/jquery.scrollShow.js HTTP/1.1" 200 4586
186.28.22.35 - - [04/Jan/2015:18:56:07 -0500] "GET /galeria/carrusel/Carrusel/jquery.thumbnailScroller.css HTTP/1.1" 200 2066
186.28.22.35 - - [04/Jan/2015:18:56:10 -0500] "GET /BLA/boletinlegal/js/jquery.js HTTP/1.1" 200 57254
186.28.22.35 - - [04/Jan/2015:18:56:10 -0500] "GET /BLA/boletinlegal/js/jquery.scrollTo-min.js HTTP/1.1" 200 1150
186.28.22.35 - - [04/Jan/2015:18:56:10 -0500] "GET /galeria/carrusel/Carrusel/jquery-ui-1.8.13.custom.min.js HTTP/1.1" 200 10800
186.28.22.35 - - [04/Jan/2015:18:56:10 -0500] "GET /galeria/carrusel/Carrusel/jquery.thumbnailScroller.js HTTP/1.1" 200 8157
186.28.22.35 - - [04/Jan/2015:18:56:25 -0500] "GET /galeria/nivo-slider/demo/demo.html HTTP/1.1" 200 3150
186.28.22.35 - - [04/Jan/2015:18:56:26 -0500] "GET /galeria/nivo-slider/themes/default/default.css HTTP/1.1" 200 1569
186.28.22.35 - - [04/Jan/2015:18:56:26 -0500] "GET /galeria/nivo-slider/themes/pascal/pascal.css HTTP/1.1" 200 2258
186.28.22.35 - - [04/Jan/2015:18:56:26 -0500] "GET /galeria/nivo-slider/themes/orman/orman.css HTTP/1.1" 200 2152
186.28.22.35 - - [04/Jan/2015:18:56:26 -0500] "GET /galeria/nivo-slider/nivo-slider.css HTTP/1.1" 200 1507
186.28.22.35 - - [04/Jan/2015:18:56:26 -0500] "GET /galeria/nivo-slider/demo/style.css HTTP/1.1" 200 2222
186.28.22.35 - - [04/Jan/2015:18:56:26 -0500] "GET /galeria/nivo-slider/demo/images/bolsas-08.jpg HTTP/1.1" 200 85589
186.28.22.35 - - [04/Jan/2015:18:56:26 -0500] "GET /galeria/nivo-slider/demo/images/Ruta-vertimientos-01.jpg HTTP/1.1" 200 130151
186.28.22.35 - - [04/Jan/2015:18:56:26 -0500] "GET /galeria/nivo-slider/demo/images/bolsas-06.jpg HTTP/1.1" 200 90982
186.28.22.35 - - [04/Jan/2015:18:56:26 -0500] "GET /galeria/nivo-slider/demo/images/ecolecta-Dic2014.png HTTP/1.1" 200 288593
186.28.22.35 - - [04/Jan/2015:18:56:26 -0500] "GET /galeria/nivo-slider/demo/images/porloshumedales.jpg HTTP/1.1" 200 351238
186.28.22.35 - - [04/Jan/2015:18:56:26 -0500] "GET /galeria/nivo-slider/demo/images/Tingua-azul.jpg HTTP/1.1" 200 307638
186.28.22.35 - - [04/Jan/2015:18:56:27 -0500] "GET /galeria/nivo-slider/demo/images/Banner-Caracol-Africano.jpg HTTP/1.1" 200 331986
186.28.22.35 - - [04/Jan/2015:18:56:27 -0500] "GET /galeria/nivo-slider/demo/images/banner-redes.jpg HTTP/1.1" 200 62209
186.28.22.35 - - [04/Jan/2015:18:56:30 -0500] "GET /galeria/nivo-slider/demo/images/9Signos.jpg HTTP/1.1" 200 93040
186.28.22.35 - - [04/Jan/2015:18:56:30 -0500] "GET /galeria/nivo-slider/demo/images/banner-llantas2.jpg HTTP/1.1" 200 73153
186.28.22.35 - - [04/Jan/2015:18:56:30 -0500] "GET /galeria/nivo-slider/demo/images/banner-caballos.png HTTP/1.1" 200 389106
186.28.22.35 - - [04/Jan/2015:18:56:32 -0500] "GET /galeria/nivo-slider/demo/scripts/jquery-1.7.1.min.js HTTP/1.1" 200 93868
66.249.64.163 - - [04/Jan/2015:18:56:32 -0500] "GET /BLA/resoluciones/RESOLUCIONES%202011/2003.pdf HTTP/1.1" 200 442985
201.184.95.190 - - [04/Jan/2015:18:56:33 -0500] "POST /forms/lservlet;jsessionid=ac16012b30d58d28b9a60e5845da9dca86d0c67c5c46.e3iSbxaKaheRe34Sa3yKbhiTahb0n6jAmljGr5XDqQLvpAe HTTP/1.1" 200 2
186.28.22.35 - - [04/Jan/2015:18:56:33 -0500] "GET /galeria/nivo-slider/demo/images/4Simple_Slider.png HTTP/1.1" 200 11722
186.28.22.35 - - [04/Jan/2015:18:56:34 -0500] "GET /videos/Spot_CambioClimatico.flv HTTP/1.1" 200 4371917
186.28.22.35 - - [04/Jan/2015:18:56:37 -0500] "GET /galeria/nivo-slider/jquery.nivo.slider.pack.js HTTP/1.1" 200 11561
186.28.22.35 - - [04/Jan/2015:18:56:37 -0500] "GET /galeria/nivo-slider/themes/default/loading.gif HTTP/1.1" 200 1737
186.28.22.35 - - [04/Jan/2015:18:56:40 -0500] "GET /galeria/nivo-slider/themes/default/bullets.png HTTP/1.1" 200 1281
186.28.22.35 - - [04/Jan/2015:18:56:41 -0500] "GET /galeria/nivo-slider/themes/default/arrows.png HTTP/1.1" 200 824
74.86.158.107 - - [04/Jan/2015:18:56:42 -0500] "HEAD / HTTP/1.1" 302 -
66.249.64.171 - - [04/Jan/2015:18:57:07 -0500] "GET /BLA/resoluciones/RESOLUCIONES%202010/7430.pdf HTTP/1.1" 200 66213
66.249.64.171 - - [04/Jan/2015:18:57:10 -0500] "GET /BLA/resoluciones/RESOLUCIONES%202012/0171.pdf HTTP/1.1" 200 188742
152.61.128.66 - - [04/Jan/2015:18:57:14 -0500] "HEAD / HTTP/1.1" 302 -
152.61.128.66 - - [04/Jan/2015:18:57:14 -0500] "GET /arcgis/services/Calidad_del_Agua_WQI/MapServer/WMSServer?request=GetCapabilities&service=WMS HTTP/1.1" 200 32135
152.61.128.66 - - [04/Jan/2015:18:57:15 -0500] "GET /arcgis/services/Calidad_del_Agua_WQI/MapServer/WMSServer?request=GetCapabilities&service=WMS HTTP/1.0" 200 32135
152.61.128.66 - - [04/Jan/2015:18:57:16 -0500] "GET /arcgis/services/Calidad_del_Agua_WQI/MapServer/WMSServer?request=GetCapabilities&service=WMS HTTP/1.0" 200 32135
152.61.128.66 - - [04/Jan/2015:18:57:16 -0500] "GET /arcgis/services/Calidad_del_Agua_WQI/MapServer/WMSServer?request=GetCapabilities&service=WMS HTTP/1.0" 200 32135
181.55.217.109 - - [04/Jan/2015:18:57:19 -0500] "GET /BLA/resoluciones/AUTOS%202014/0988.pdf HTTP/1.1" 200 551216
181.55.217.109 - - [04/Jan/2015:18:57:19 -0500] "GET /BLA/resoluciones/AUTOS%202014/0988.pdf HTTP/1.1" 206 32768
181.55.217.109 - - [04/Jan/2015:18:57:20 -0500] "GET /BLA/resoluciones/AUTOS%202014/0988.pdf HTTP/1.1" 206 518448
152.61.128.66 - - [04/Jan/2015:18:57:18 -0500] "GET /arcgis/services/Calidad_del_Agua_WQI/MapServer/WMSServer?VERSION=1.1.1&REQUEST=GetMap&LAYERS=0&SRS=EPSG:4326&BBOX=-74.473395,3.674381,-73.963300,4.920569&WIDTH=250&HEIGHT=250&FORMAT=image/bmp&STYLES=& HTTP/1.1" 200 188054
181.55.217.109 - - [04/Jan/2015:18:57:21 -0500] "GET /favicon.ico HTTP/1.1" 200 7782
152.61.128.66 - - [04/Jan/2015:18:57:28 -0500] "HEAD / HTTP/1.1" 302 -
152.61.128.66 - - [04/Jan/2015:18:57:28 -0500] "GET /arcgis/services/Calidad_del_Agua_WQI/MapServer/WMSServer?SERVICE=WMS&REQUEST=GetCapabilities HTTP/1.1" 200 32135
152.61.128.66 - - [04/Jan/2015:18:57:29 -0500] "GET /arcgis/services/Calidad_del_Agua_WQI/MapServer/WMSServer?SERVICE=WMS&REQUEST=GetCapabilities HTTP/1.0" 200 32135
152.61.128.66 - - [04/Jan/2015:18:57:30 -0500] "GET /arcgis/services/Calidad_del_Agua_WQI/MapServer/WMSServer?SERVICE=WMS&REQUEST=GetCapabilities HTTP/1.0" 200 32135
152.61.128.66 - - [04/Jan/2015:18:57:31 -0500] "GET /arcgis/services/Calidad_del_Agua_WQI/MapServer/WMSServer?SERVICE=WMS&REQUEST=GetCapabilities HTTP/1.0" 200 32135
152.61.128.66 - - [04/Jan/2015:18:57:32 -0500] "GET /arcgis/services/Calidad_del_Agua_WQI/MapServer/WMSServer?VERSION=1.1.1&REQUEST=GetMap&LAYERS=0&SRS=EPSG:4326&BBOX=-74.473395,3.674381,-73.963300,4.920569&WIDTH=250&HEIGHT=250&FORMAT=image/bmp&STYLES=& HTTP/1.1" 200 188054
92.48.105.158 - - [04/Jan/2015:18:57:44 -0500] "GET /wp/wp-admin/ HTTP/1.1" 404 1018
66.249.64.163 - - [04/Jan/2015:18:57:47 -0500] "GET /BLA/resoluciones/RESOLUCIONES%202012/1892.pdf HTTP/1.1" 200 364555
181.50.241.109 - - [04/Jan/2015:18:57:53 -0500] "POST /forms/lservlet;jsessionid=ac16012b30d52a185366133943c4afb3b3347df04e04.e3iSbxaKaheRe34Sa3yKbhiTahb0n6jAmljGr5XDqQLvpAe HTTP/1.1" 200 2
201.184.95.190 - - [04/Jan/2015:18:57:58 -0500] "GET /forest/session.jsp?a=0.7233592460397631 HTTP/1.1" 200 4
188.165.15.94 - - [04/Jan/2015:18:58:03 -0500] "GET /BLA/resoluciones/index.php?dir=RESOLUCIONES%202006/RES%202006%202651-2700/&sort=date&order=asc HTTP/1.1" 200 12365
66.249.64.163 - - [04/Jan/2015:18:58:25 -0500] "GET /BLA/resoluciones/AUTOS%202007/0720.pdf HTTP/1.1" 200 53894
201.184.95.190 - - [04/Jan/2015:18:58:33 -0500] "POST /forms/lservlet;jsessionid=ac16012b30d58d28b9a60e5845da9dca86d0c67c5c46.e3iSbxaKaheRe34Sa3yKbhiTahb0n6jAmljGr5XDqQLvpAe HTTP/1.1" 200 2
190.145.17.27 - - [04/Jan/2015:18:58:49 -0500] "GET /BLA/boletinlegal/js/jquery.scrollShow.js HTTP/1.1" 200 4586
190.145.17.27 - - [04/Jan/2015:18:58:49 -0500] "GET /galeria/carrusel/Carrusel/jquery.thumbnailScroller.css HTTP/1.1" 200 2066
190.145.17.27 - - [04/Jan/2015:18:58:49 -0500] "GET /BLA/boletinlegal/js/jquery.scrollTo-min.js HTTP/1.1" 200 1150
190.145.17.27 - - [04/Jan/2015:18:58:49 -0500] "GET /BLA/boletinlegal/js/jquery.js HTTP/1.1" 200 57254
190.145.17.27 - - [04/Jan/2015:18:58:49 -0500] "GET /galeria/carrusel/Carrusel/jquery-ui-1.8.13.custom.min.js HTTP/1.1" 200 10800
190.145.17.27 - - [04/Jan/2015:18:58:49 -0500] "GET /galeria/carrusel/Carrusel/jquery.thumbnailScroller.js HTTP/1.1" 200 8157
190.145.17.27 - - [04/Jan/2015:18:58:52 -0500] "GET /galeria/nivo-slider/demo/demo.html HTTP/1.1" 200 3150
190.145.17.27 - - [04/Jan/2015:18:58:52 -0500] "GET /galeria/nivo-slider/nivo-slider.css HTTP/1.1" 200 1507
190.145.17.27 - - [04/Jan/2015:18:58:52 -0500] "GET /galeria/nivo-slider/themes/default/default.css HTTP/1.1" 200 1569
190.145.17.27 - - [04/Jan/2015:18:58:52 -0500] "GET /galeria/nivo-slider/themes/pascal/pascal.css HTTP/1.1" 200 2258
190.145.17.27 - - [04/Jan/2015:18:58:52 -0500] "GET /galeria/nivo-slider/themes/orman/orman.css HTTP/1.1" 200 2152
190.145.17.27 - - [04/Jan/2015:18:58:52 -0500] "GET /galeria/nivo-slider/demo/style.css HTTP/1.1" 200 2222
190.145.17.27 - - [04/Jan/2015:18:58:52 -0500] "GET /galeria/nivo-slider/demo/scripts/jquery-1.7.1.min.js HTTP/1.1" 200 93868
190.145.17.27 - - [04/Jan/2015:18:58:52 -0500] "GET /galeria/nivo-slider/jquery.nivo.slider.pack.js HTTP/1.1" 200 11561
190.145.17.27 - - [04/Jan/2015:18:58:52 -0500] "GET /galeria/nivo-slider/demo/images/bolsas-08.jpg HTTP/1.1" 200 85589
190.145.17.27 - - [04/Jan/2015:18:58:52 -0500] "GET /galeria/nivo-slider/demo/images/Ruta-vertimientos-01.jpg HTTP/1.1" 200 130151
190.145.17.27 - - [04/Jan/2015:18:58:52 -0500] "GET /galeria/nivo-slider/demo/images/bolsas-06.jpg HTTP/1.1" 200 90982
190.145.17.27 - - [04/Jan/2015:18:58:53 -0500] "GET /galeria/nivo-slider/themes/default/loading.gif HTTP/1.1" 200 1737
190.145.17.27 - - [04/Jan/2015:18:58:53 -0500] "GET /galeria/nivo-slider/demo/images/4Simple_Slider.png HTTP/1.1" 200 11722
190.145.17.27 - - [04/Jan/2015:18:58:53 -0500] "GET /galeria/nivo-slider/demo/images/ecolecta-Dic2014.png HTTP/1.1" 200 288593
190.145.17.27 - - [04/Jan/2015:18:58:53 -0500] "GET /galeria/nivo-slider/demo/images/porloshumedales.jpg HTTP/1.1" 200 351238
190.145.17.27 - - [04/Jan/2015:18:58:53 -0500] "GET /galeria/nivo-slider/demo/images/Tingua-azul.jpg HTTP/1.1" 200 307638
190.145.17.27 - - [04/Jan/2015:18:58:53 -0500] "GET /galeria/nivo-slider/demo/images/Banner-Caracol-Africano.jpg HTTP/1.1" 200 331986
190.145.17.27 - - [04/Jan/2015:18:58:53 -0500] "GET /galeria/nivo-slider/demo/images/banner-redes.jpg HTTP/1.1" 200 62209
190.145.17.27 - - [04/Jan/2015:18:58:53 -0500] "GET /galeria/nivo-slider/demo/images/9Signos.jpg HTTP/1.1" 200 93040
190.145.17.27 - - [04/Jan/2015:18:58:54 -0500] "GET /galeria/nivo-slider/demo/images/banner-llantas2.jpg HTTP/1.1" 200 73153
190.145.17.27 - - [04/Jan/2015:18:58:54 -0500] "GET /galeria/nivo-slider/demo/images/banner-caballos.png HTTP/1.1" 200 389106
190.145.17.27 - - [04/Jan/2015:18:58:54 -0500] "GET /videos/Spot_CambioClimatico.flv HTTP/1.1" 200 4371917
190.145.17.27 - - [04/Jan/2015:18:58:57 -0500] "GET /galeria/nivo-slider/themes/default/arrows.png HTTP/1.1" 200 824
190.145.17.27 - - [04/Jan/2015:18:58:57 -0500] "GET /galeria/nivo-slider/themes/default/bullets.png HTTP/1.1" 200 1281
66.249.64.167 - - [04/Jan/2015:18:59:03 -0500] "GET /BLA/resoluciones/AUTOS%202008/2757.pdf HTTP/1.1" 200 132935
188.165.15.90 - - [04/Jan/2015:18:59:17 -0500] "GET /BLA/resoluciones/RESOLUCIONES%202002/RES%202002%201901-1950/20021924.tif HTTP/1.1" 200 216380
201.244.119.205 - - [04/Jan/2015:18:59:28 -0500] "GET /BLA/boletinlegal/js/jquery.js HTTP/1.1" 200 57254
201.244.119.205 - - [04/Jan/2015:18:59:28 -0500] "GET /BLA/boletinlegal/js/jquery.scrollTo-min.js HTTP/1.1" 200 1150
201.244.119.205 - - [04/Jan/2015:18:59:28 -0500] "GET /BLA/boletinlegal/js/jquery.scrollShow.js HTTP/1.1" 200 4586
66.249.64.163 - - [04/Jan/2015:18:59:40 -0500] "GET /BLA/resoluciones/RESOLUCIONES%202009/9001.pdf HTTP/1.1" 200 728472
181.50.241.109 - - [04/Jan/2015:18:59:54 -0500] "POST /forms/lservlet;jsessionid=ac16012b30d52a185366133943c4afb3b3347df04e04.e3iSbxaKaheRe34Sa3yKbhiTahb0n6jAmljGr5XDqQLvpAe HTTP/1.1" 200 2
66.249.64.163 - - [04/Jan/2015:18:59:55 -0500] "GET /BLA/resoluciones/AUTOS%202013/0175.pdf HTTP/1.1" 200 3501987
66.249.64.171 - - [04/Jan/2015:19:00:18 -0500] "GET /BLA/resoluciones/AUTOS%202011/3028.pdf HTTP/1.1" 200 160600
201.184.95.190 - - [04/Jan/2015:19:00:33 -0500] "POST /forms/lservlet;jsessionid=ac16012b30d58d28b9a60e5845da9dca86d0c67c5c46.e3iSbxaKaheRe34Sa3yKbhiTahb0n6jAmljGr5XDqQLvpAe HTTP/1.1" 200 2
186.28.117.16 - - [04/Jan/2015:19:00:46 -0500] "GET /galeria/carrusel/Carrusel/jquery.thumbnailScroller.css HTTP/1.1" 200 2066
186.28.117.16 - - [04/Jan/2015:19:00:46 -0500] "GET /BLA/boletinlegal/js/jquery.js HTTP/1.1" 200 57254
186.28.117.16 - - [04/Jan/2015:19:00:46 -0500] "GET /BLA/boletinlegal/js/jquery.scrollTo-min.js HTTP/1.1" 200 1150
186.28.117.16 - - [04/Jan/2015:19:00:46 -0500] "GET /BLA/boletinlegal/js/jquery.scrollShow.js HTTP/1.1" 200 4586
186.28.117.16 - - [04/Jan/2015:19:00:46 -0500] "GET /galeria/carrusel/Carrusel/jquery-ui-1.8.13.custom.min.js HTTP/1.1" 200 10800
186.28.117.16 - - [04/Jan/2015:19:00:46 -0500] "GET /galeria/carrusel/Carrusel/jquery.thumbnailScroller.js HTTP/1.1" 200 8157
188.165.15.209 - - [04/Jan/2015:19:00:48 -0500] "GET /BLA/resoluciones/RESOLUCIONES%202005/RES%202005%202351-2400/00002380.tif HTTP/1.1" 200 209102
66.249.64.163 - - [04/Jan/2015:19:00:55 -0500] "GET /BLA/resoluciones/RESOLUCIONES%202011/4294.pdf HTTP/1.1" 200 577756
66.249.64.163 - - [04/Jan/2015:19:01:33 -0500] "GET /BLA/resoluciones/RESOLUCIONES%202011/4749.pdf HTTP/1.1" 200 552428
74.86.158.107 - - [04/Jan/2015:19:01:42 -0500] "HEAD / HTTP/1.1" 302 -
181.50.241.109 - - [04/Jan/2015:19:01:54 -0500] "POST /forms/lservlet;jsessionid=ac16012b30d52a185366133943c4afb3b3347df04e04.e3iSbxaKaheRe34Sa3yKbhiTahb0n6jAmljGr5XDqQLvpAe HTTP/1.1" 200 2
190.9.246.112 - - [04/Jan/2015:19:02:09 -0500] "GET /BLA/boletinlegal/js/jquery.scrollTo-min.js HTTP/1.1" 200 1150
190.9.246.112 - - [04/Jan/2015:19:02:09 -0500] "GET /BLA/boletinlegal/js/jquery.js HTTP/1.1" 200 57254
190.9.246.112 - - [04/Jan/2015:19:02:09 -0500] "GET /galeria/carrusel/Carrusel/jquery-ui-1.8.13.custom.min.js HTTP/1.1" 200 10800
190.9.246.112 - - [04/Jan/2015:19:02:09 -0500] "GET /galeria/carrusel/Carrusel/jquery.thumbnailScroller.js HTTP/1.1" 200 8157
190.9.246.112 - - [04/Jan/2015:19:02:09 -0500] "GET /BLA/boletinlegal/js/jquery.scrollShow.js HTTP/1.1" 200 4586
190.9.246.112 - - [04/Jan/2015:19:02:09 -0500] "GET /galeria/carrusel/Carrusel/jquery.thumbnailScroller.css HTTP/1.1" 200 2066
66.249.64.171 - - [04/Jan/2015:19:02:10 -0500] "GET /BLA/resoluciones/AUTOS%202007/0688.pdf HTTP/1.1" 200 131996
190.9.246.112 - - [04/Jan/2015:19:02:12 -0500] "GET /galeria/nivo-slider/demo/demo.html HTTP/1.1" 200 3150
190.9.246.112 - - [04/Jan/2015:19:02:13 -0500] "GET /galeria/nivo-slider/demo/style.css HTTP/1.1" 200 2222
190.9.246.112 - - [04/Jan/2015:19:02:13 -0500] "GET /galeria/nivo-slider/themes/default/default.css HTTP/1.1" 200 1569
190.9.246.112 - - [04/Jan/2015:19:02:13 -0500] "GET /galeria/nivo-slider/themes/orman/orman.css HTTP/1.1" 200 2152
190.9.246.112 - - [04/Jan/2015:19:02:13 -0500] "GET /galeria/nivo-slider/themes/pascal/pascal.css HTTP/1.1" 200 2258
190.9.246.112 - - [04/Jan/2015:19:02:13 -0500] "GET /galeria/nivo-slider/nivo-slider.css HTTP/1.1" 200 1507
190.9.246.112 - - [04/Jan/2015:19:02:13 -0500] "GET /galeria/nivo-slider/demo/scripts/jquery-1.7.1.min.js HTTP/1.1" 200 93868
190.9.246.112 - - [04/Jan/2015:19:02:13 -0500] "GET /galeria/nivo-slider/jquery.nivo.slider.pack.js HTTP/1.1" 200 11561
190.9.246.112 - - [04/Jan/2015:19:02:14 -0500] "GET /galeria/nivo-slider/demo/images/4Simple_Slider.png HTTP/1.1" 200 11722
190.9.246.112 - - [04/Jan/2015:19:02:14 -0500] "GET /galeria/nivo-slider/themes/default/loading.gif HTTP/1.1" 200 1737
190.9.246.112 - - [04/Jan/2015:19:02:16 -0500] "GET /galeria/nivo-slider/demo/images/bolsas-08.jpg HTTP/1.1" 200 85589
190.9.246.112 - - [04/Jan/2015:19:02:16 -0500] "GET /galeria/nivo-slider/demo/images/Ruta-vertimientos-01.jpg HTTP/1.1" 200 130151
190.9.246.112 - - [04/Jan/2015:19:02:16 -0500] "GET /galeria/nivo-slider/demo/images/bolsas-06.jpg HTTP/1.1" 200 90982
190.9.246.112 - - [04/Jan/2015:19:02:17 -0500] "GET /galeria/nivo-slider/demo/images/ecolecta-Dic2014.png HTTP/1.1" 200 288593
190.9.246.112 - - [04/Jan/2015:19:02:17 -0500] "GET /galeria/nivo-slider/demo/images/porloshumedales.jpg HTTP/1.1" 200 351238
190.9.246.112 - - [04/Jan/2015:19:02:20 -0500] "GET /galeria/nivo-slider/demo/images/Tingua-azul.jpg HTTP/1.1" 200 307638
190.9.246.112 - - [04/Jan/2015:19:02:20 -0500] "GET /galeria/nivo-slider/demo/images/Banner-Caracol-Africano.jpg HTTP/1.1" 200 331986
188.165.15.90 - - [04/Jan/2015:19:02:21 -0500] "GET /BLA/resoluciones/RESOLUCIONES%202006/RES%202006%20901-950/00000928.tif HTTP/1.1" 200 481410
190.9.246.112 - - [04/Jan/2015:19:02:30 -0500] "GET /galeria/nivo-slider/demo/images/banner-redes.jpg HTTP/1.1" 200 62209
190.9.246.112 - - [04/Jan/2015:19:02:31 -0500] "GET /galeria/nivo-slider/demo/images/9Signos.jpg HTTP/1.1" 200 93040
190.9.246.112 - - [04/Jan/2015:19:02:31 -0500] "GET /galeria/nivo-slider/demo/images/banner-caballos.png HTTP/1.1" 200 389106
190.9.246.112 - - [04/Jan/2015:19:02:32 -0500] "GET /galeria/nivo-slider/demo/images/banner-llantas2.jpg HTTP/1.1" 200 73153
201.184.95.190 - - [04/Jan/2015:19:02:33 -0500] "POST /forms/lservlet;jsessionid=ac16012b30d58d28b9a60e5845da9dca86d0c67c5c46.e3iSbxaKaheRe34Sa3yKbhiTahb0n6jAmljGr5XDqQLvpAe HTTP/1.1" 200 2
190.9.246.112 - - [04/Jan/2015:19:02:41 -0500] "GET /videos/Spot_CambioClimatico.flv HTTP/1.1" 200 4371917
190.9.246.112 - - [04/Jan/2015:19:02:41 -0500] "GET /galeria/nivo-slider/themes/default/bullets.png HTTP/1.1" 200 1281
190.9.246.112 - - [04/Jan/2015:19:02:41 -0500] "GET /galeria/nivo-slider/themes/default/arrows.png HTTP/1.1" 200 824
66.249.64.163 - - [04/Jan/2015:19:02:42 -0500] "GET /BLA/resoluciones/AUTOS%202008/0268.pdf HTTP/1.1" 200 278744
66.249.64.171 - - [04/Jan/2015:19:02:48 -0500] "GET /BLA/resoluciones/RESOLUCIONES%202009/3354.pdf HTTP/1.1" 304 -
188.165.15.27 - - [04/Jan/2015:19:03:18 -0500] "GET /BLA/resoluciones/RESOLUCIONES%202006/RES%202006%20%202801-2850/00002809.tif HTTP/1.1" 200 39254
66.249.64.167 - - [04/Jan/2015:19:03:26 -0500] "GET /BLA/resoluciones/RESOLUCIONES%202007/RES%202007%201001%20AL%201100/RESOLUCION%201024%20DE%202007.pdf HTTP/1.1" 200 630321
191.95.252.161 - - [04/Jan/2015:19:03:52 -0500] "GET /galeria/carrusel/Carrusel/jquery.thumbnailScroller.css HTTP/1.1" 200 2066
191.95.252.161 - - [04/Jan/2015:19:03:52 -0500] "GET /BLA/boletinlegal/js/jquery.js HTTP/1.1" 200 57254
191.95.252.161 - - [04/Jan/2015:19:03:52 -0500] "GET /BLA/boletinlegal/js/jquery.scrollTo-min.js HTTP/1.1" 200 1150
191.95.252.161 - - [04/Jan/2015:19:03:52 -0500] "GET /BLA/boletinlegal/js/jquery.scrollShow.js HTTP/1.1" 200 4586
191.95.252.161 - - [04/Jan/2015:19:03:52 -0500] "GET /galeria/carrusel/Carrusel/jquery-ui-1.8.13.custom.min.js HTTP/1.1" 200 10800
191.95.252.161 - - [04/Jan/2015:19:03:53 -0500] "GET /galeria/carrusel/Carrusel/jquery.thumbnailScroller.js HTTP/1.1" 200 8157
181.50.241.109 - - [04/Jan/2015:19:03:54 -0500] "POST /forms/lservlet;jsessionid=ac16012b30d52a185366133943c4afb3b3347df04e04.e3iSbxaKaheRe34Sa3yKbhiTahb0n6jAmljGr5XDqQLvpAe HTTP/1.1" 200 2
191.95.252.161 - - [04/Jan/2015:19:03:55 -0500] "GET /galeria/nivo-slider/demo/demo.html HTTP/1.1" 200 3150
191.95.252.161 - - [04/Jan/2015:19:03:55 -0500] "GET /galeria/nivo-slider/themes/default/default.css HTTP/1.1" 200 1569
191.95.252.161 - - [04/Jan/2015:19:03:55 -0500] "GET /galeria/nivo-slider/themes/pascal/pascal.css HTTP/1.1" 200 2258
191.95.252.161 - - [04/Jan/2015:19:03:55 -0500] "GET /galeria/nivo-slider/themes/orman/orman.css HTTP/1.1" 200 2152
191.95.252.161 - - [04/Jan/2015:19:03:55 -0500] "GET /galeria/nivo-slider/nivo-slider.css HTTP/1.1" 200 1507
191.95.252.161 - - [04/Jan/2015:19:03:56 -0500] "GET /galeria/nivo-slider/demo/style.css HTTP/1.1" 200 2222
191.95.252.161 - - [04/Jan/2015:19:03:56 -0500] "GET /galeria/nivo-slider/demo/images/bolsas-08.jpg HTTP/1.1" 200 85589
191.95.252.161 - - [04/Jan/2015:19:03:56 -0500] "GET /galeria/nivo-slider/demo/scripts/jquery-1.7.1.min.js HTTP/1.1" 200 93868
191.95.252.161 - - [04/Jan/2015:19:03:56 -0500] "GET /galeria/nivo-slider/jquery.nivo.slider.pack.js HTTP/1.1" 200 11561
191.95.252.161 - - [04/Jan/2015:19:03:56 -0500] "GET /galeria/nivo-slider/demo/images/Ruta-vertimientos-01.jpg HTTP/1.1" 200 130151
191.95.252.161 - - [04/Jan/2015:19:03:56 -0500] "GET /galeria/nivo-slider/demo/images/bolsas-06.jpg HTTP/1.1" 200 90982
191.95.252.161 - - [04/Jan/2015:19:03:56 -0500] "GET /galeria/nivo-slider/demo/images/ecolecta-Dic2014.png HTTP/1.1" 200 288593
191.95.252.161 - - [04/Jan/2015:19:03:56 -0500] "GET /galeria/nivo-slider/demo/images/4Simple_Slider.png HTTP/1.1" 200 11722
191.95.252.161 - - [04/Jan/2015:19:03:57 -0500] "GET /galeria/nivo-slider/themes/default/loading.gif HTTP/1.1" 200 1737
191.95.252.161 - - [04/Jan/2015:19:03:57 -0500] "GET /galeria/nivo-slider/demo/images/porloshumedales.jpg HTTP/1.1" 200 351238
191.95.252.161 - - [04/Jan/2015:19:03:57 -0500] "GET /galeria/nivo-slider/demo/images/Tingua-azul.jpg HTTP/1.1" 200 307638
191.95.252.161 - - [04/Jan/2015:19:03:57 -0500] "GET /galeria/nivo-slider/demo/images/Banner-Caracol-Africano.jpg HTTP/1.1" 200 331986
191.95.252.161 - - [04/Jan/2015:19:03:59 -0500] "GET /galeria/nivo-slider/demo/images/banner-redes.jpg HTTP/1.1" 200 62209
191.95.252.161 - - [04/Jan/2015:19:03:59 -0500] "GET /galeria/nivo-slider/demo/images/9Signos.jpg HTTP/1.1" 200 93040
191.95.252.161 - - [04/Jan/2015:19:04:00 -0500] "GET /galeria/nivo-slider/demo/images/banner-llantas2.jpg HTTP/1.1" 200 73153
191.95.252.161 - - [04/Jan/2015:19:04:00 -0500] "GET /galeria/nivo-slider/demo/images/banner-caballos.png HTTP/1.1" 200 389106
191.95.252.161 - - [04/Jan/2015:19:04:01 -0500] "GET /galeria/nivo-slider/themes/default/bullets.png HTTP/1.1" 200 1281
191.95.252.161 - - [04/Jan/2015:19:04:01 -0500] "GET /galeria/nivo-slider/themes/default/arrows.png HTTP/1.1" 200 824
66.249.64.163 - - [04/Jan/2015:19:04:03 -0500] "GET /BLA/resoluciones/index.php?dir=RESOLUCIONES%202007/RES%202007%201401%20AL%201500/&sort=name&order=desc HTTP/1.1" 200 26853
188.165.15.90 - - [04/Jan/2015:19:04:07 -0500] "GET /BLA/resoluciones/RESOLUCIONES%202003/RES%202003%20651-700/693.tif HTTP/1.1" 200 203588
186.28.149.97 - - [04/Jan/2015:19:04:14 -0500] "GET /BLA/boletinlegal/js/jquery.scrollTo-min.js HTTP/1.1" 200 1150
186.28.149.97 - - [04/Jan/2015:19:04:14 -0500] "GET /BLA/boletinlegal/js/jquery.js HTTP/1.1" 200 57254
186.28.149.97 - - [04/Jan/2015:19:04:14 -0500] "GET /BLA/boletinlegal/js/jquery.scrollShow.js HTTP/1.1" 200 4586
201.184.95.190 - - [04/Jan/2015:19:04:33 -0500] "POST /forms/lservlet;jsessionid=ac16012b30d58d28b9a60e5845da9dca86d0c67c5c46.e3iSbxaKaheRe34Sa3yKbhiTahb0n6jAmljGr5XDqQLvpAe HTTP/1.1" 200 2
181.130.108.185 - - [04/Jan/2015:19:04:35 -0500] "GET /galeria/nivo-slider/demo/demo.html HTTP/1.1" 200 3150
181.130.108.185 - - [04/Jan/2015:19:04:35 -0500] "GET /galeria/nivo-slider/themes/orman/orman.css HTTP/1.1" 200 2152
181.130.108.185 - - [04/Jan/2015:19:04:35 -0500] "GET /galeria/nivo-slider/themes/default/default.css HTTP/1.1" 200 1569
181.130.108.185 - - [04/Jan/2015:19:04:35 -0500] "GET /galeria/nivo-slider/demo/images/bolsas-08.jpg HTTP/1.1" 200 85589
181.130.108.185 - - [04/Jan/2015:19:04:35 -0500] "GET /galeria/nivo-slider/nivo-slider.css HTTP/1.1" 200 1507
181.130.108.185 - - [04/Jan/2015:19:04:35 -0500] "GET /galeria/nivo-slider/themes/pascal/pascal.css HTTP/1.1" 200 2258
181.130.108.185 - - [04/Jan/2015:19:04:35 -0500] "GET /galeria/nivo-slider/demo/style.css HTTP/1.1" 200 2222
181.130.108.185 - - [04/Jan/2015:19:04:35 -0500] "GET /galeria/nivo-slider/demo/scripts/jquery-1.7.1.min.js HTTP/1.1" 200 93868
181.130.108.185 - - [04/Jan/2015:19:04:35 -0500] "GET /galeria/nivo-slider/jquery.nivo.slider.pack.js HTTP/1.1" 200 11561
181.130.108.185 - - [04/Jan/2015:19:04:35 -0500] "GET /galeria/nivo-slider/demo/images/bolsas-06.jpg HTTP/1.1" 200 90982
181.130.108.185 - - [04/Jan/2015:19:04:35 -0500] "GET /galeria/nivo-slider/demo/images/Ruta-vertimientos-01.jpg HTTP/1.1" 200 130151
181.130.108.185 - - [04/Jan/2015:19:04:35 -0500] "GET /galeria/nivo-slider/demo/images/ecolecta-Dic2014.png HTTP/1.1" 200 288593
181.130.108.185 - - [04/Jan/2015:19:04:36 -0500] "GET /galeria/nivo-slider/demo/images/4Simple_Slider.png HTTP/1.1" 200 11722
181.130.108.185 - - [04/Jan/2015:19:04:36 -0500] "GET /galeria/nivo-slider/themes/default/loading.gif HTTP/1.1" 200 1737
181.130.108.185 - - [04/Jan/2015:19:04:36 -0500] "GET /galeria/nivo-slider/demo/images/porloshumedales.jpg HTTP/1.1" 200 351238
181.130.108.185 - - [04/Jan/2015:19:04:36 -0500] "GET /galeria/nivo-slider/demo/images/Tingua-azul.jpg HTTP/1.1" 200 307638
181.130.108.185 - - [04/Jan/2015:19:04:36 -0500] "GET /galeria/nivo-slider/demo/images/Banner-Caracol-Africano.jpg HTTP/1.1" 200 331986
181.130.108.185 - - [04/Jan/2015:19:04:36 -0500] "GET /galeria/nivo-slider/demo/images/banner-redes.jpg HTTP/1.1" 200 62209
181.130.108.185 - - [04/Jan/2015:19:04:38 -0500] "GET /galeria/nivo-slider/demo/images/9Signos.jpg HTTP/1.1" 200 93040
181.130.108.185 - - [04/Jan/2015:19:04:38 -0500] "GET /galeria/nivo-slider/demo/images/banner-llantas2.jpg HTTP/1.1" 200 73153
181.130.108.185 - - [04/Jan/2015:19:04:38 -0500] "GET /galeria/nivo-slider/demo/images/banner-caballos.png HTTP/1.1" 200 389106
181.130.108.185 - - [04/Jan/2015:19:04:40 -0500] "GET /videos/Spot_CambioClimatico.flv HTTP/1.1" 200 4371917
66.249.64.163 - - [04/Jan/2015:19:04:41 -0500] "GET /BLA/resoluciones/RESOLUCIONES%202009/6669.pdf HTTP/1.1" 200 455483
181.130.108.185 - - [04/Jan/2015:19:04:42 -0500] "GET /galeria/nivo-slider/themes/default/arrows.png HTTP/1.1" 200 824
181.130.108.185 - - [04/Jan/2015:19:04:42 -0500] "GET /galeria/nivo-slider/themes/default/bullets.png HTTP/1.1" 200 1281
188.165.15.27 - - [04/Jan/2015:19:04:45 -0500] "GET /BLA/resoluciones/RESOLUCIONES%202006/RES%202006%20451-500/00000500.tif HTTP/1.1" 200 129396
179.49.222.178 - - [04/Jan/2015:19:05:09 -0500] "GET /BLA/boletinlegal/js/jquery.scrollTo-min.js HTTP/1.1" 200 1150
179.49.222.178 - - [04/Jan/2015:19:05:09 -0500] "GET /BLA/boletinlegal/js/jquery.js HTTP/1.1" 200 57254
179.49.222.178 - - [04/Jan/2015:19:05:09 -0500] "GET /BLA/boletinlegal/js/jquery.scrollShow.js HTTP/1.1" 200 4586
66.249.64.171 - - [04/Jan/2015:19:05:18 -0500] "GET /BLA/resoluciones/AUTOS%202013/2362.pdf HTTP/1.1" 304 -
188.165.15.195 - - [04/Jan/2015:19:05:21 -0500] "GET /BLA/resoluciones/RESOLUCIONES%202004/RES%202004%202101-2150/00002130.tif HTTP/1.1" 200 110050
66.249.64.167 - - [04/Jan/2015:19:05:32 -0500] "GET /BLA/resoluciones/RESOLUCIONES%202007/RES%202007%201101%20AL%201200/RESOLUCION%201167%20DE%202007.pdf HTTP/1.1" 200 277043
181.50.241.109 - - [04/Jan/2015:19:05:54 -0500] "POST /forms/lservlet;jsessionid=ac16012b30d52a185366133943c4afb3b3347df04e04.e3iSbxaKaheRe34Sa3yKbhiTahb0n6jAmljGr5XDqQLvpAe HTTP/1.1" 200 2
188.165.15.97 - - [04/Jan/2015:19:05:54 -0500] "GET /BLA/resoluciones/RESOLUCIONES%202004/RES%202004%2001-%2050/00000002.tif HTTP/1.1" 200 493758
66.249.64.171 - - [04/Jan/2015:19:05:56 -0500] "GET /BLA/resoluciones/RESOLUCIONES%202012/0732.pdf HTTP/1.1" 200 744838
123.125.71.38 - - [04/Jan/2015:19:06:30 -0500] "GET / HTTP/1.1" 302 -
201.184.95.190 - - [04/Jan/2015:19:06:33 -0500] "POST /forms/lservlet;jsessionid=ac16012b30d58d28b9a60e5845da9dca86d0c67c5c46.e3iSbxaKaheRe34Sa3yKbhiTahb0n6jAmljGr5XDqQLvpAe HTTP/1.1" 200 2
66.249.64.167 - - [04/Jan/2015:19:06:33 -0500] "GET /BLA/resoluciones/RESOLUCIONES%202010/0634.pdf HTTP/1.1" 200 532051
92.48.105.158 - - [04/Jan/2015:19:06:35 -0500] "GET /old/wp-admin/ HTTP/1.1" 404 1018
190.253.234.28 - - [04/Jan/2015:19:06:40 -0500] "GET /videos/Spot_CambioClimatico.flv HTTP/1.1" 200 4371917
74.86.158.107 - - [04/Jan/2015:19:06:42 -0500] "HEAD / HTTP/1.1" 302 -
66.249.64.171 - - [04/Jan/2015:19:07:11 -0500] "GET /BLA/resoluciones/AUTOS%202011/6837.pdf HTTP/1.1" 304 -
66.249.64.171 - - [04/Jan/2015:19:07:48 -0500] "GET /BLA/resoluciones/RESOLUCIONES%202007/RES%202007%202701%20AL%202800/RESOLUCION%202790%20DE%202007.pdf HTTP/1.1" 200 952921
181.61.221.111 - - [04/Jan/2015:19:07:53 -0500] "GET /BLA/boletinlegal/js/jquery.js HTTP/1.1" 200 57254
181.61.221.111 - - [04/Jan/2015:19:07:53 -0500] "GET /BLA/boletinlegal/js/jquery.scrollTo-min.js HTTP/1.1" 200 1150
181.61.221.111 - - [04/Jan/2015:19:07:53 -0500] "GET /BLA/boletinlegal/js/jquery.scrollShow.js HTTP/1.1" 200 4586
181.50.241.109 - - [04/Jan/2015:19:07:54 -0500] "POST /forms/lservlet;jsessionid=ac16012b30d52a185366133943c4afb3b3347df04e04.e3iSbxaKaheRe34Sa3yKbhiTahb0n6jAmljGr5XDqQLvpAe HTTP/1.1" 200 2
190.253.234.28 - - [04/Jan/2015:19:08:07 -0500] "GET /videos/ArchivoSDA.flv HTTP/1.1" 206 1
190.253.234.28 - - [04/Jan/2015:19:08:07 -0500] "GET /videos/ArchivoSDA.flv HTTP/1.1" 206 27830759
188.165.15.27 - - [04/Jan/2015:19:08:12 -0500] "GET /BLA/resoluciones/RESOLUCIONES%202004/RES%202004%20551-600/00000560.tif HTTP/1.1" 200 94458
66.249.73.163 - - [04/Jan/2015:19:08:21 -0500] "GET /BLA/resoluciones/AUTOS%202012/2182.pdf HTTP/1.1" 200 2287981
66.249.64.171 - - [04/Jan/2015:19:08:26 -0500] "GET /BLA/resoluciones/AUTOS%202008/1935.pdf HTTP/1.1" 304 -
188.165.15.94 - - [04/Jan/2015:19:08:30 -0500] "GET /BLA/resoluciones/RESOLUCIONES%202006/RES%202006%20101-150/00000125.tif HTTP/1.1" 200 500048
201.184.95.190 - - [04/Jan/2015:19:08:33 -0500] "POST /forms/lservlet;jsessionid=ac16012b30d58d28b9a60e5845da9dca86d0c67c5c46.e3iSbxaKaheRe34Sa3yKbhiTahb0n6jAmljGr5XDqQLvpAe HTTP/1.1" 200 2
186.154.139.237 - - [04/Jan/2015:19:08:40 -0500] "GET /galeria/carrusel/Carrusel/jquery.thumbnailScroller.css HTTP/1.1" 200 2066
186.154.139.237 - - [04/Jan/2015:19:08:40 -0500] "GET /BLA/boletinlegal/js/jquery.js HTTP/1.1" 200 57254
186.154.139.237 - - [04/Jan/2015:19:08:40 -0500] "GET /BLA/boletinlegal/js/jquery.scrollTo-min.js HTTP/1.1" 200 1150
186.154.139.237 - - [04/Jan/2015:19:08:40 -0500] "GET /BLA/boletinlegal/js/jquery.scrollShow.js HTTP/1.1" 200 4586
186.154.139.237 - - [04/Jan/2015:19:08:40 -0500] "GET /galeria/carrusel/Carrusel/jquery-ui-1.8.13.custom.min.js HTTP/1.1" 200 10800
186.154.139.237 - - [04/Jan/2015:19:08:40 -0500] "GET /galeria/carrusel/Carrusel/jquery.thumbnailScroller.js HTTP/1.1" 200 8157
186.154.139.237 - - [04/Jan/2015:19:08:42 -0500] "GET /galeria/nivo-slider/demo/demo.html HTTP/1.1" 200 3150
186.154.139.237 - - [04/Jan/2015:19:08:43 -0500] "GET /galeria/nivo-slider/themes/default/default.css HTTP/1.1" 200 1569
186.154.139.237 - - [04/Jan/2015:19:08:43 -0500] "GET /galeria/nivo-slider/themes/pascal/pascal.css HTTP/1.1" 200 2258
186.154.139.237 - - [04/Jan/2015:19:08:43 -0500] "GET /galeria/nivo-slider/themes/orman/orman.css HTTP/1.1" 200 2152
186.154.139.237 - - [04/Jan/2015:19:08:43 -0500] "GET /galeria/nivo-slider/nivo-slider.css HTTP/1.1" 200 1507
186.154.139.237 - - [04/Jan/2015:19:08:43 -0500] "GET /galeria/nivo-slider/demo/style.css HTTP/1.1" 200 2222
186.154.139.237 - - [04/Jan/2015:19:08:43 -0500] "GET /galeria/nivo-slider/demo/scripts/jquery-1.7.1.min.js HTTP/1.1" 200 93868
186.154.139.237 - - [04/Jan/2015:19:08:43 -0500] "GET /galeria/nivo-slider/jquery.nivo.slider.pack.js HTTP/1.1" 200 11561
186.154.139.237 - - [04/Jan/2015:19:08:44 -0500] "GET /galeria/nivo-slider/demo/images/bolsas-08.jpg HTTP/1.1" 200 85589
186.154.139.237 - - [04/Jan/2015:19:08:44 -0500] "GET /galeria/nivo-slider/demo/images/Ruta-vertimientos-01.jpg HTTP/1.1" 200 130151
186.154.139.237 - - [04/Jan/2015:19:08:44 -0500] "GET /galeria/nivo-slider/demo/images/bolsas-06.jpg HTTP/1.1" 200 90982
186.154.139.237 - - [04/Jan/2015:19:08:44 -0500] "GET /galeria/nivo-slider/demo/images/ecolecta-Dic2014.png HTTP/1.1" 200 288593
186.154.139.237 - - [04/Jan/2015:19:08:46 -0500] "GET /galeria/nivo-slider/demo/images/4Simple_Slider.png HTTP/1.1" 200 11722
186.154.139.237 - - [04/Jan/2015:19:08:46 -0500] "GET /galeria/nivo-slider/themes/default/loading.gif HTTP/1.1" 200 1737
186.154.139.237 - - [04/Jan/2015:19:08:47 -0500] "GET /galeria/nivo-slider/demo/images/porloshumedales.jpg HTTP/1.1" 200 351238
186.154.139.237 - - [04/Jan/2015:19:08:47 -0500] "GET /galeria/nivo-slider/demo/images/Tingua-azul.jpg HTTP/1.1" 200 307638
186.154.139.237 - - [04/Jan/2015:19:08:48 -0500] "GET /galeria/nivo-slider/demo/images/Banner-Caracol-Africano.jpg HTTP/1.1" 200 331986
186.154.139.237 - - [04/Jan/2015:19:08:51 -0500] "GET /galeria/nivo-slider/demo/images/banner-redes.jpg HTTP/1.1" 200 62209
186.154.139.237 - - [04/Jan/2015:19:08:52 -0500] "GET /galeria/nivo-slider/demo/images/9Signos.jpg HTTP/1.1" 200 93040
186.154.139.237 - - [04/Jan/2015:19:08:53 -0500] "GET /galeria/nivo-slider/demo/images/banner-caballos.png HTTP/1.1" 200 389106
186.154.139.237 - - [04/Jan/2015:19:08:53 -0500] "GET /galeria/nivo-slider/demo/images/banner-llantas2.jpg HTTP/1.1" 200 73153
186.154.139.237 - - [04/Jan/2015:19:08:59 -0500] "GET /videos/Spot_CambioClimatico.flv HTTP/1.1" 200 4371917
186.154.139.237 - - [04/Jan/2015:19:09:03 -0500] "GET /galeria/nivo-slider/themes/default/arrows.png HTTP/1.1" 200 824
186.154.139.237 - - [04/Jan/2015:19:09:03 -0500] "GET /galeria/nivo-slider/themes/default/bullets.png HTTP/1.1" 200 1281
66.249.64.171 - - [04/Jan/2015:19:09:04 -0500] "GET /BLA/resoluciones/AUTOS%202008/2575.pdf HTTP/1.1" 200 63765
186.84.9.83 - - [04/Jan/2015:19:09:08 -0500] "GET /BLA/boletinlegal/js/jquery.scrollTo-min.js HTTP/1.1" 200 1150
186.84.9.83 - - [04/Jan/2015:19:09:08 -0500] "GET /galeria/carrusel/Carrusel/jquery-ui-1.8.13.custom.min.js HTTP/1.1" 200 10800
186.84.9.83 - - [04/Jan/2015:19:09:08 -0500] "GET /galeria/carrusel/Carrusel/jquery.thumbnailScroller.css HTTP/1.1" 200 2066
186.84.9.83 - - [04/Jan/2015:19:09:08 -0500] "GET /BLA/boletinlegal/js/jquery.js HTTP/1.1" 200 57254
186.84.9.83 - - [04/Jan/2015:19:09:08 -0500] "GET /BLA/boletinlegal/js/jquery.scrollShow.js HTTP/1.1" 200 4586
186.84.9.83 - - [04/Jan/2015:19:09:08 -0500] "GET /galeria/carrusel/Carrusel/jquery.thumbnailScroller.js HTTP/1.1" 200 8157
186.84.9.83 - - [04/Jan/2015:19:09:10 -0500] "GET /galeria/nivo-slider/demo/demo.html HTTP/1.1" 200 3150
186.84.9.83 - - [04/Jan/2015:19:09:11 -0500] "GET /galeria/nivo-slider/demo/style.css HTTP/1.1" 200 2222
186.84.9.83 - - [04/Jan/2015:19:09:11 -0500] "GET /galeria/nivo-slider/themes/pascal/pascal.css HTTP/1.1" 200 2258
186.84.9.83 - - [04/Jan/2015:19:09:11 -0500] "GET /galeria/nivo-slider/themes/orman/orman.css HTTP/1.1" 200 2152
186.84.9.83 - - [04/Jan/2015:19:09:11 -0500] "GET /galeria/nivo-slider/themes/default/default.css HTTP/1.1" 200 1569
186.84.9.83 - - [04/Jan/2015:19:09:11 -0500] "GET /galeria/nivo-slider/nivo-slider.css HTTP/1.1" 200 1507
186.84.9.83 - - [04/Jan/2015:19:09:11 -0500] "GET /galeria/nivo-slider/demo/images/bolsas-08.jpg HTTP/1.1" 200 85589
186.84.9.83 - - [04/Jan/2015:19:09:11 -0500] "GET /galeria/nivo-slider/demo/scripts/jquery-1.7.1.min.js HTTP/1.1" 200 93868
186.84.9.83 - - [04/Jan/2015:19:09:11 -0500] "GET /galeria/nivo-slider/demo/images/Ruta-vertimientos-01.jpg HTTP/1.1" 200 130151
186.84.9.83 - - [04/Jan/2015:19:09:11 -0500] "GET /galeria/nivo-slider/demo/images/bolsas-06.jpg HTTP/1.1" 200 90982
186.84.9.83 - - [04/Jan/2015:19:09:11 -0500] "GET /galeria/nivo-slider/demo/images/ecolecta-Dic2014.png HTTP/1.1" 200 288593
186.84.9.83 - - [04/Jan/2015:19:09:11 -0500] "GET /galeria/nivo-slider/jquery.nivo.slider.pack.js HTTP/1.1" 200 11561
186.84.9.83 - - [04/Jan/2015:19:09:11 -0500] "GET /galeria/nivo-slider/demo/images/porloshumedales.jpg HTTP/1.1" 200 351238
186.84.9.83 - - [04/Jan/2015:19:09:11 -0500] "GET /galeria/nivo-slider/demo/images/Tingua-azul.jpg HTTP/1.1" 200 307638
186.84.9.83 - - [04/Jan/2015:19:09:12 -0500] "GET /galeria/nivo-slider/demo/images/4Simple_Slider.png HTTP/1.1" 200 11722
186.84.9.83 - - [04/Jan/2015:19:09:12 -0500] "GET /galeria/nivo-slider/themes/default/loading.gif HTTP/1.1" 200 1737
186.84.9.83 - - [04/Jan/2015:19:09:12 -0500] "GET /galeria/nivo-slider/demo/images/Banner-Caracol-Africano.jpg HTTP/1.1" 200 331986
186.84.9.83 - - [04/Jan/2015:19:09:12 -0500] "GET /galeria/nivo-slider/demo/images/banner-redes.jpg HTTP/1.1" 200 62209
186.84.9.83 - - [04/Jan/2015:19:09:12 -0500] "GET /galeria/nivo-slider/demo/images/9Signos.jpg HTTP/1.1" 200 93040
186.84.9.83 - - [04/Jan/2015:19:09:12 -0500] "GET /galeria/nivo-slider/demo/images/banner-llantas2.jpg HTTP/1.1" 200 73153
186.84.9.83 - - [04/Jan/2015:19:09:13 -0500] "GET /galeria/nivo-slider/demo/images/banner-caballos.png HTTP/1.1" 200 389106
186.84.9.83 - - [04/Jan/2015:19:09:15 -0500] "GET /galeria/nivo-slider/themes/default/arrows.png HTTP/1.1" 200 824
186.84.9.83 - - [04/Jan/2015:19:09:15 -0500] "GET /galeria/nivo-slider/themes/default/bullets.png HTTP/1.1" 200 1281
66.249.64.163 - - [04/Jan/2015:19:09:41 -0500] "GET /BLA/resoluciones/RESOLUCIONES%202011/5936.pdf HTTP/1.1" 200 841618
181.50.241.109 - - [04/Jan/2015:19:09:54 -0500] "POST /forms/lservlet;jsessionid=ac16012b30d52a185366133943c4afb3b3347df04e04.e3iSbxaKaheRe34Sa3yKbhiTahb0n6jAmljGr5XDqQLvpAe HTTP/1.1" 200 2
66.249.64.163 - - [04/Jan/2015:19:10:19 -0500] "GET /BLA/resoluciones/AUTOS%202008/0071.pdf HTTP/1.1" 200 228142
201.184.95.190 - - [04/Jan/2015:19:10:33 -0500] "POST /forms/lservlet;jsessionid=ac16012b30d58d28b9a60e5845da9dca86d0c67c5c46.e3iSbxaKaheRe34Sa3yKbhiTahb0n6jAmljGr5XDqQLvpAe HTTP/1.1" 200 2
180.76.6.131 - - [04/Jan/2015:19:10:37 -0500] "GET /BLA/resoluciones/RESOLUCIONES%202007/RES%202007%203201%20AL%203300/RESOLUCION%203266%20DE%202007.pdf HTTP/1.1" 200 1396236
66.249.64.167 - - [04/Jan/2015:19:10:41 -0500] "GET /BLA/resoluciones/RESOLUCIONES%202002/RES%202002%20551-600/00000591.tif HTTP/1.1" 200 27836
188.165.15.196 - - [04/Jan/2015:19:10:50 -0500] "GET /BLA/resoluciones/RESOLUCIONES%202002/RES%202002%201351-1400/20021380.tif HTTP/1.1" 200 93132
66.249.64.167 - - [04/Jan/2015:19:10:56 -0500] "GET /BLA/resoluciones/RESOLUCIONES%202009/3229.pdf HTTP/1.1" 200 485176
66.249.64.171 - - [04/Jan/2015:19:11:10 -0500] "GET /BLA/resoluciones/RESOLUCIONES%202007/RES%202007%201101%20AL%201200/RESOLUCION%201114%20DE%202007.pdf HTTP/1.1" 200 232969
66.249.64.167 - - [04/Jan/2015:19:11:34 -0500] "GET /BLA/resoluciones/RESOLUCIONES%202012/1279.pdf HTTP/1.1" 304 -
74.86.158.107 - - [04/Jan/2015:19:11:42 -0500] "HEAD / HTTP/1.1" 302 -
181.50.241.109 - - [04/Jan/2015:19:11:54 -0500] "POST /forms/lservlet;jsessionid=ac16012b30d52a185366133943c4afb3b3347df04e04.e3iSbxaKaheRe34Sa3yKbhiTahb0n6jAmljGr5XDqQLvpAe HTTP/1.1" 200 2
66.249.64.163 - - [04/Jan/2015:19:12:11 -0500] "GET /BLA/resoluciones/RESOLUCIONES%202009/0211.pdf HTTP/1.1" 200 422580
188.165.15.209 - - [04/Jan/2015:19:12:13 -0500] "GET /BLA/resoluciones/RESOLUCIONES%202006/RES%202006%202251-2300/00002296.tif HTTP/1.1" 200 582252
201.184.95.190 - - [04/Jan/2015:19:12:34 -0500] "POST /forms/lservlet;jsessionid=ac16012b30d58d28b9a60e5845da9dca86d0c67c5c46.e3iSbxaKaheRe34Sa3yKbhiTahb0n6jAmljGr5XDqQLvpAe HTTP/1.1" 200 2
66.249.64.171 - - [04/Jan/2015:19:12:49 -0500] "GET /BLA/resoluciones/AUTOS%202011/7604.pdf HTTP/1.1" 200 220604
66.249.64.167 - - [04/Jan/2015:19:13:08 -0500] "GET /BLA/resoluciones/RESOLUCIONES%202004/RES%202004%202151-2200/00002182.tif HTTP/1.1" 200 104268
66.249.64.163 - - [04/Jan/2015:19:13:27 -0500] "GET /BLA/resoluciones/RESOLUCIONES%202010/1022.pdf HTTP/1.1" 200 124704
188.165.15.90 - - [04/Jan/2015:19:13:27 -0500] "GET /BLA/resoluciones/RESOLUCIONES%202005/RES%202005%201801-1850/00001837.tif HTTP/1.1" 200 178534
181.50.241.109 - - [04/Jan/2015:19:13:54 -0500] "POST /forms/lservlet;jsessionid=ac16012b30d52a185366133943c4afb3b3347df04e04.e3iSbxaKaheRe34Sa3yKbhiTahb0n6jAmljGr5XDqQLvpAe HTTP/1.1" 200 2
66.249.64.167 - - [04/Jan/2015:19:13:56 -0500] "GET /BLA/resoluciones/RESOLUCIONES%202007/RES%202007%20101%20AL%20200/RESOLUCION%200179%20DE%202007.pdf HTTP/1.1" 200 231815
66.249.64.167 - - [04/Jan/2015:19:14:04 -0500] "GET /BLA/resoluciones/AUTOS%202013/2201.pdf HTTP/1.1" 304 -
186.85.36.124 - - [04/Jan/2015:19:14:24 -0500] "GET /BLA/resoluciones/RESOLUCIONES%202010/7802.pdf HTTP/1.1" 200 979500
186.85.36.124 - - [04/Jan/2015:19:14:25 -0500] "GET /favicon.ico HTTP/1.1" 200 7782
201.184.95.190 - - [04/Jan/2015:19:14:34 -0500] "POST /forms/lservlet;jsessionid=ac16012b30d58d28b9a60e5845da9dca86d0c67c5c46.e3iSbxaKaheRe34Sa3yKbhiTahb0n6jAmljGr5XDqQLvpAe HTTP/1.1" 200 2
66.249.64.163 - - [04/Jan/2015:19:14:42 -0500] "GET /BLA/resoluciones/AUTOS%202013/0858.pdf HTTP/1.1" 200 1671615
188.165.15.196 - - [04/Jan/2015:19:14:43 -0500] "GET /BLA/resoluciones/RESOLUCIONES%202003/RES%202003%202001-2051/20032018.tif HTTP/1.1" 200 212266
66.249.64.167 - - [04/Jan/2015:19:15:19 -0500] "GET /BLA/resoluciones/RESOLUCIONES%202007/RES%202007%204101%20AL%204200/RESOLUCION%204168%20DE%202007.pdf HTTP/1.1" 200 370592
181.50.241.109 - - [04/Jan/2015:19:15:54 -0500] "POST /forms/lservlet;jsessionid=ac16012b30d52a185366133943c4afb3b3347df04e04.e3iSbxaKaheRe34Sa3yKbhiTahb0n6jAmljGr5XDqQLvpAe HTTP/1.1" 200 2
66.249.64.171 - - [04/Jan/2015:19:15:57 -0500] "GET /BLA/resoluciones/AUTOS%202013/0951.pdf HTTP/1.1" 200 1389484
188.165.15.209 - - [04/Jan/2015:19:16:00 -0500] "GET /BLA/resoluciones/RESOLUCIONES%202004/RES%202004%201101-1150/00001108.tif HTTP/1.1" 200 110874
201.184.95.190 - - [04/Jan/2015:19:16:34 -0500] "POST /forms/lservlet;jsessionid=ac16012b30d58d28b9a60e5845da9dca86d0c67c5c46.e3iSbxaKaheRe34Sa3yKbhiTahb0n6jAmljGr5XDqQLvpAe HTTP/1.1" 200 2
66.249.64.171 - - [04/Jan/2015:19:16:34 -0500] "GET /BLA/resoluciones/RESOLUCIONES%202007/RES%202007%201726%20AL%201800/RESOLUCION%201748%20DE%202007.pdf HTTP/1.1" 200 148852
74.86.158.107 - - [04/Jan/2015:19:16:42 -0500] "HEAD / HTTP/1.1" 302 -
66.249.64.167 - - [04/Jan/2015:19:16:47 -0500] "GET /BLA/resoluciones/RESOLUCIONES%202007/RES%202007%20501%20AL%20600/RESOLUCION%200514%20DE%202007.pdf HTTP/1.1" 200 467859
188.165.15.177 - - [04/Jan/2015:19:17:01 -0500] "GET /BLA/resoluciones/RESOLUCIONES%202002/RES%202002%201601-1650/20021613.tif HTTP/1.1" 200 130172
66.249.64.167 - - [04/Jan/2015:19:17:12 -0500] "GET /BLA/resoluciones/RESOLUCIONES%202007/RES%202007%201901%20AL%202000/RESOLUCION%201966%20DE%202007.pdf HTTP/1.1" 200 254475
66.249.64.167 - - [04/Jan/2015:19:17:49 -0500] "GET /BLA/resoluciones/RESOLUCIONES%202013/1114.pdf HTTP/1.1" 200 2759067
181.50.241.109 - - [04/Jan/2015:19:17:54 -0500] "POST /forms/lservlet;jsessionid=ac16012b30d52a185366133943c4afb3b3347df04e04.e3iSbxaKaheRe34Sa3yKbhiTahb0n6jAmljGr5XDqQLvpAe HTTP/1.1" 200 2
66.249.64.171 - - [04/Jan/2015:19:18:27 -0500] "GET /BLA/resoluciones/RESOLUCIONES%202009/4016.pdf HTTP/1.1" 200 497269
201.184.95.190 - - [04/Jan/2015:19:18:34 -0500] "POST /forms/lservlet;jsessionid=ac16012b30d58d28b9a60e5845da9dca86d0c67c5c46.e3iSbxaKaheRe34Sa3yKbhiTahb0n6jAmljGr5XDqQLvpAe HTTP/1.1" 200 2
66.249.64.171 - - [04/Jan/2015:19:19:05 -0500] "GET /BLA/resoluciones/AUTOS%202011/5716.pdf HTTP/1.1" 200 218425
66.249.64.163 - - [04/Jan/2015:19:19:35 -0500] "GET /BLA/resoluciones/RESOLUCIONES%202007/RES%202007%202301%20AL%202400/RESOLUCION%202342%20DE%202007.pdf HTTP/1.1" 200 316401
66.249.64.163 - - [04/Jan/2015:19:19:42 -0500] "GET /BLA/resoluciones/AUTOS%202012/1614.pdf HTTP/1.1" 200 465650
181.50.241.109 - - [04/Jan/2015:19:19:54 -0500] "POST /forms/lservlet;jsessionid=ac16012b30d52a185366133943c4afb3b3347df04e04.e3iSbxaKaheRe34Sa3yKbhiTahb0n6jAmljGr5XDqQLvpAe HTTP/1.1" 200 2
100.43.85.25 - - [04/Jan/2015:19:20:20 -0500] "GET /phpold/reqibocaliveII.php HTTP/1.1" 404 1019
66.249.64.163 - - [04/Jan/2015:19:20:20 -0500] "GET /BLA/resoluciones/RESOLUCIONES%202007/RES%202007%203201%20AL%203300/RESOLUCION%203243%20DE%202007.pdf HTTP/1.1" 200 220820
201.184.95.190 - - [04/Jan/2015:19:20:37 -0500] "POST /forms/lservlet;jsessionid=ac16012b30d58d28b9a60e5845da9dca86d0c67c5c46.e3iSbxaKaheRe34Sa3yKbhiTahb0n6jAmljGr5XDqQLvpAe HTTP/1.1" 200 2
186.80.139.229 - - [04/Jan/2015:19:20:38 -0500] "GET /BLA/boletinlegal/js/jquery.scrollTo-min.js HTTP/1.1" 200 1150
186.80.139.229 - - [04/Jan/2015:19:20:38 -0500] "GET /BLA/boletinlegal/js/jquery.js HTTP/1.1" 200 57254
186.80.139.229 - - [04/Jan/2015:19:20:38 -0500] "GET /BLA/boletinlegal/js/jquery.scrollShow.js HTTP/1.1" 200 4586
66.249.64.171 - - [04/Jan/2015:19:20:57 -0500] "GET /BLA/resoluciones/RESOLUCIONES%202013/0056.pdf HTTP/1.1" 200 592311
172.56.27.107 - - [04/Jan/2015:19:21:34 -0500] "GET /galeria/nivo-slider/demo/demo.html HTTP/1.1" 200 3150
172.56.27.107 - - [04/Jan/2015:19:21:35 -0500] "GET /galeria/nivo-slider/themes/default/default.css HTTP/1.1" 200 1569
172.56.27.107 - - [04/Jan/2015:19:21:35 -0500] "GET /galeria/nivo-slider/themes/pascal/pascal.css HTTP/1.1" 200 2258
172.56.27.107 - - [04/Jan/2015:19:21:35 -0500] "GET /galeria/nivo-slider/themes/orman/orman.css HTTP/1.1" 200 2152
172.56.27.107 - - [04/Jan/2015:19:21:35 -0500] "GET /galeria/nivo-slider/nivo-slider.css HTTP/1.1" 200 1507
172.56.27.107 - - [04/Jan/2015:19:21:35 -0500] "GET /galeria/nivo-slider/demo/style.css HTTP/1.1" 200 2222
172.56.27.107 - - [04/Jan/2015:19:21:35 -0500] "GET /galeria/nivo-slider/demo/scripts/jquery-1.7.1.min.js HTTP/1.1" 200 93868
172.56.27.107 - - [04/Jan/2015:19:21:35 -0500] "GET /galeria/nivo-slider/jquery.nivo.slider.pack.js HTTP/1.1" 200 11561
172.56.27.107 - - [04/Jan/2015:19:21:35 -0500] "GET /galeria/nivo-slider/demo/images/Ruta-vertimientos-01.jpg HTTP/1.1" 200 130151
172.56.27.107 - - [04/Jan/2015:19:21:35 -0500] "GET /galeria/nivo-slider/demo/images/porloshumedales.jpg HTTP/1.1" 200 351238
172.56.27.107 - - [04/Jan/2015:19:21:35 -0500] "GET /galeria/nivo-slider/demo/images/Tingua-azul.jpg HTTP/1.1" 200 307638
172.56.27.107 - - [04/Jan/2015:19:21:35 -0500] "GET /galeria/nivo-slider/demo/images/ecolecta-Dic2014.png HTTP/1.1" 200 288593
172.56.27.107 - - [04/Jan/2015:19:21:35 -0500] "GET /galeria/nivo-slider/demo/images/banner-redes.jpg HTTP/1.1" 200 62209
172.56.27.107 - - [04/Jan/2015:19:21:35 -0500] "GET /galeria/nivo-slider/demo/images/bolsas-08.jpg HTTP/1.1" 200 85589
172.56.27.107 - - [04/Jan/2015:19:21:35 -0500] "GET /galeria/nivo-slider/demo/images/bolsas-06.jpg HTTP/1.1" 200 90982
172.56.27.107 - - [04/Jan/2015:19:21:35 -0500] "GET /galeria/nivo-slider/demo/images/9Signos.jpg HTTP/1.1" 200 93040
172.56.27.107 - - [04/Jan/2015:19:21:35 -0500] "GET /galeria/nivo-slider/demo/images/Banner-Caracol-Africano.jpg HTTP/1.1" 200 331986
172.56.27.107 - - [04/Jan/2015:19:21:35 -0500] "GET /galeria/nivo-slider/demo/images/banner-llantas2.jpg HTTP/1.1" 200 73153
66.249.64.167 - - [04/Jan/2015:19:21:35 -0500] "GET /BLA/resoluciones/RESOLUCIONES%202011/2826.pdf HTTP/1.1" 304 -
172.56.27.107 - - [04/Jan/2015:19:21:36 -0500] "GET /galeria/nivo-slider/demo/images/banner-caballos.png HTTP/1.1" 200 389106
172.56.27.107 - - [04/Jan/2015:19:21:36 -0500] "GET /galeria/nivo-slider/demo/images/4Simple_Slider.png HTTP/1.1" 200 11722
172.56.27.107 - - [04/Jan/2015:19:21:36 -0500] "GET /galeria/nivo-slider/themes/default/loading.gif HTTP/1.1" 200 1737
172.56.27.107 - - [04/Jan/2015:19:21:41 -0500] "GET /galeria/nivo-slider/themes/default/arrows.png HTTP/1.1" 200 824
