201.184.95.190 - - [04/Jan/2015:18:33:34 -0500] "POST /forms/lservlet;jsessionid=ac16012b30d58d28b9a60e5845da9dca86d0c67c5c46.e3iSbxaKaheRe34Sa3yKbhiTahb0n6jAmljGr5XDqQLvpAe HTTP/1.1" 200 80
201.184.95.190 - - [04/Jan/2015:18:33:41 -0500] "POST /forms/lservlet;jsessionid=ac16012b30d58d28b9a60e5845da9dca86d0c67c5c46.e3iSbxaKaheRe34Sa3yKbhiTahb0n6jAmljGr5XDqQLvpAe HTTP/1.1" 200 77
201.184.95.190 - - [04/Jan/2015:18:33:47 -0500] "POST /forms/lservlet;jsessionid=ac16012b30d58d28b9a60e5845da9dca86d0c67c5c46.e3iSbxaKaheRe34Sa3yKbhiTahb0n6jAmljGr5XDqQLvpAe HTTP/1.1" 200 73
181.50.241.109 - - [04/Jan/2015:18:33:50 -0500] "POST /forms/lservlet;jsessionid=ac16012b30d52a185366133943c4afb3b3347df04e04.e3iSbxaKaheRe34Sa3yKbhiTahb0n6jAmljGr5XDqQLvpAe HTTP/1.1" 200 2
66.249.64.167 - - [04/Jan/2015:18:34:00 -0500] "GET /BLA/resoluciones/AUTOS%202008/1577.pdf HTTP/1.1" 200 132354
186.29.252.40 - - [04/Jan/2015:18:34:03 -0500] "GET /BLA/boletinlegal/js/jquery.js HTTP/1.1" 200 57254
186.29.252.40 - - [04/Jan/2015:18:34:03 -0500] "GET /BLA/boletinlegal/js/jquery.scrollTo-min.js HTTP/1.1" 200 1150
186.29.252.40 - - [04/Jan/2015:18:34:03 -0500] "GET /BLA/boletinlegal/js/jquery.scrollShow.js HTTP/1.1" 200 4586
180.76.5.28 - - [04/Jan/2015:18:34:11 -0500] "GET /BLA/boletinlegal;jsessionid=147A1986738652D385AE21423CDD3E91?/? HTTP/1.1" 404 1018
66.249.64.167 - - [04/Jan/2015:18:34:24 -0500] "GET /BLA/resoluciones/index.php?dir=RESOLUCIONES%202010/&sort=size&order=desc HTTP/1.1" 200 1288156
201.184.95.190 - - [04/Jan/2015:18:34:31 -0500] "POST /forms/lservlet;jsessionid=ac16012b30d58d28b9a60e5845da9dca86d0c67c5c46.e3iSbxaKaheRe34Sa3yKbhiTahb0n6jAmljGr5XDqQLvpAe HTTP/1.1" 200 2
201.184.95.190 - - [04/Jan/2015:18:34:32 -0500] "POST /forms/lservlet;jsessionid=ac16012b30d58d28b9a60e5845da9dca86d0c67c5c46.e3iSbxaKaheRe34Sa3yKbhiTahb0n6jAmljGr5XDqQLvpAe HTTP/1.1" 200 2
201.184.95.190 - - [04/Jan/2015:18:34:32 -0500] "POST /forms/lservlet;jsessionid=ac16012b30d58d28b9a60e5845da9dca86d0c67c5c46.e3iSbxaKaheRe34Sa3yKbhiTahb0n6jAmljGr5XDqQLvpAe HTTP/1.1" 200 60
201.184.95.190 - - [04/Jan/2015:18:34:32 -0500] "POST /forms/lservlet;jsessionid=ac16012b30d58d28b9a60e5845da9dca86d0c67c5c46.e3iSbxaKaheRe34Sa3yKbhiTahb0n6jAmljGr5XDqQLvpAe HTTP/1.1" 200 2
201.184.95.190 - - [04/Jan/2015:18:34:33 -0500] "POST /forms/lservlet;jsessionid=ac16012b30d58d28b9a60e5845da9dca86d0c67c5c46.e3iSbxaKaheRe34Sa3yKbhiTahb0n6jAmljGr5XDqQLvpAe HTTP/1.1" 200 2
201.184.95.190 - - [04/Jan/2015:18:34:34 -0500] "POST /forms/lservlet;jsessionid=ac16012b30d58d28b9a60e5845da9dca86d0c67c5c46.e3iSbxaKaheRe34Sa3yKbhiTahb0n6jAmljGr5XDqQLvpAe HTTP/1.1" 200 37
201.184.95.190 - - [04/Jan/2015:18:34:35 -0500] "POST /forms/lservlet;jsessionid=ac16012b30d58d28b9a60e5845da9dca86d0c67c5c46.e3iSbxaKaheRe34Sa3yKbhiTahb0n6jAmljGr5XDqQLvpAe HTTP/1.1" 200 2
201.184.95.190 - - [04/Jan/2015:18:34:35 -0500] "POST /forms/lservlet;jsessionid=ac16012b30d58d28b9a60e5845da9dca86d0c67c5c46.e3iSbxaKaheRe34Sa3yKbhiTahb0n6jAmljGr5XDqQLvpAe HTTP/1.1" 200 37
201.184.95.190 - - [04/Jan/2015:18:34:36 -0500] "POST /forms/lservlet;jsessionid=ac16012b30d58d28b9a60e5845da9dca86d0c67c5c46.e3iSbxaKaheRe34Sa3yKbhiTahb0n6jAmljGr5XDqQLvpAe HTTP/1.1" 200 7
66.249.64.163 - - [04/Jan/2015:18:34:38 -0500] "GET /BLA/resoluciones/RESOLUCIONES%202007/RES%202007%202901%20AL%203000/RESOLUCION%202984%20%20DE%202007.pdf HTTP/1.1" 304 -
201.184.95.190 - - [04/Jan/2015:18:34:38 -0500] "POST /forms/lservlet;jsessionid=ac16012b30d58d28b9a60e5845da9dca86d0c67c5c46.e3iSbxaKaheRe34Sa3yKbhiTahb0n6jAmljGr5XDqQLvpAe HTTP/1.1" 200 74
66.249.64.163 - - [04/Jan/2015:18:34:38 -0500] "GET /BLA/resoluciones/RESOLUCIONES%202013/0480.pdf HTTP/1.1" 200 2564916
201.184.95.190 - - [04/Jan/2015:18:34:39 -0500] "POST /forms/lservlet;jsessionid=ac16012b30d58d28b9a60e5845da9dca86d0c67c5c46.e3iSbxaKaheRe34Sa3yKbhiTahb0n6jAmljGr5XDqQLvpAe HTTP/1.1" 200 2
201.184.95.190 - - [04/Jan/2015:18:34:39 -0500] "POST /forms/lservlet;jsessionid=ac16012b30d58d28b9a60e5845da9dca86d0c67c5c46.e3iSbxaKaheRe34Sa3yKbhiTahb0n6jAmljGr5XDqQLvpAe HTTP/1.1" 200 2658
201.184.95.190 - - [04/Jan/2015:18:34:39 -0500] "GET /imagenes/Srch_frw.gif HTTP/1.1" 200 925
201.184.95.190 - - [04/Jan/2015:18:34:39 -0500] "POST /forms/lservlet;jsessionid=ac16012b30d58d28b9a60e5845da9dca86d0c67c5c46.e3iSbxaKaheRe34Sa3yKbhiTahb0n6jAmljGr5XDqQLvpAe HTTP/1.1" 200 10
201.184.95.190 - - [04/Jan/2015:18:34:41 -0500] "POST /forms/lservlet;jsessionid=ac16012b30d58d28b9a60e5845da9dca86d0c67c5c46.e3iSbxaKaheRe34Sa3yKbhiTahb0n6jAmljGr5XDqQLvpAe HTTP/1.1" 200 24
201.184.95.190 - - [04/Jan/2015:18:34:41 -0500] "POST /forms/lservlet;jsessionid=ac16012b30d58d28b9a60e5845da9dca86d0c67c5c46.e3iSbxaKaheRe34Sa3yKbhiTahb0n6jAmljGr5XDqQLvpAe HTTP/1.1" 200 4211
201.184.95.190 - - [04/Jan/2015:18:34:42 -0500] "POST /forms/lservlet;jsessionid=ac16012b30d58d28b9a60e5845da9dca86d0c67c5c46.e3iSbxaKaheRe34Sa3yKbhiTahb0n6jAmljGr5XDqQLvpAe HTTP/1.1" 200 2
201.184.95.190 - - [04/Jan/2015:18:34:43 -0500] "POST /forms/lservlet;jsessionid=ac16012b30d58d28b9a60e5845da9dca86d0c67c5c46.e3iSbxaKaheRe34Sa3yKbhiTahb0n6jAmljGr5XDqQLvpAe HTTP/1.1" 200 80
201.184.95.190 - - [04/Jan/2015:18:34:51 -0500] "POST /forms/lservlet;jsessionid=ac16012b30d58d28b9a60e5845da9dca86d0c67c5c46.e3iSbxaKaheRe34Sa3yKbhiTahb0n6jAmljGr5XDqQLvpAe HTTP/1.1" 200 77
186.116.22.113 - - [04/Jan/2015:18:34:57 -0500] "GET /BLA/boletinlegal/js/jquery.js HTTP/1.1" 200 57254
186.116.22.113 - - [04/Jan/2015:18:34:57 -0500] "GET /BLA/boletinlegal/js/jquery.scrollTo-min.js HTTP/1.1" 200 1150
186.116.22.113 - - [04/Jan/2015:18:34:57 -0500] "GET /BLA/boletinlegal/js/jquery.scrollShow.js HTTP/1.1" 200 4586
201.184.95.190 - - [04/Jan/2015:18:34:57 -0500] "POST /forms/lservlet;jsessionid=ac16012b30d58d28b9a60e5845da9dca86d0c67c5c46.e3iSbxaKaheRe34Sa3yKbhiTahb0n6jAmljGr5XDqQLvpAe HTTP/1.1" 200 70
188.165.15.138 - - [04/Jan/2015:18:34:57 -0500] "GET /BLA/resoluciones/RESOLUCIONES%202003/RES%202003%20801-850/812.tif HTTP/1.1" 200 440732
186.47.25.2 - - [04/Jan/2015:18:35:00 -0500] "GET /BLA/boletinlegal/js/jquery.js HTTP/1.1" 200 57254
186.47.25.2 - - [04/Jan/2015:18:35:00 -0500] "GET /BLA/boletinlegal/js/jquery.scrollTo-min.js HTTP/1.1" 200 1150
186.47.25.2 - - [04/Jan/2015:18:35:00 -0500] "GET /BLA/boletinlegal/js/jquery.scrollShow.js HTTP/1.1" 200 4586
180.76.6.49 - - [04/Jan/2015:18:35:01 -0500] "GET /BLA/resoluciones/RESOLUCIONES%202013/1690.pdf HTTP/1.1" 200 2755175
186.116.22.113 - - [04/Jan/2015:18:35:04 -0500] "GET /videos/Comadreja.flv HTTP/1.1" 200 1953549
181.60.141.194 - - [04/Jan/2015:18:35:07 -0500] "GET /galeria/nivo-slider/demo/images/bolsas-08.jpg HTTP/1.1" 200 85589
186.47.25.2 - - [04/Jan/2015:18:35:08 -0500] "GET /hidrico/aguas%20subterraneas/ HTTP/1.1" 404 1296
66.249.64.167 - - [04/Jan/2015:18:35:15 -0500] "GET /autoliquidacion/Solicitudes%20relacionadas%20con%20ocupaci%C3%B3n%20de%20cauce/Solicitud-permiso-ocupacion-cauce.pdf HTTP/1.1" 304 -
188.186.55.85 - - [04/Jan/2015:18:35:30 -0500] "GET / HTTP/1.0" 302 -
186.116.22.113 - - [04/Jan/2015:18:35:32 -0500] "GET /galeria/carrusel/Carrusel/jquery.thumbnailScroller.css HTTP/1.1" 200 2066
186.116.22.113 - - [04/Jan/2015:18:35:32 -0500] "GET /galeria/carrusel/Carrusel/jquery-ui-1.8.13.custom.min.js HTTP/1.1" 200 10800
186.116.22.113 - - [04/Jan/2015:18:35:32 -0500] "GET /galeria/carrusel/Carrusel/jquery.thumbnailScroller.js HTTP/1.1" 200 8157
186.116.22.113 - - [04/Jan/2015:18:35:33 -0500] "GET /galeria/nivo-slider/demo/demo.html HTTP/1.1" 200 3150
186.116.22.113 - - [04/Jan/2015:18:35:33 -0500] "GET /galeria/nivo-slider/themes/default/default.css HTTP/1.1" 200 1569
186.116.22.113 - - [04/Jan/2015:18:35:33 -0500] "GET /galeria/nivo-slider/themes/pascal/pascal.css HTTP/1.1" 200 2258
186.116.22.113 - - [04/Jan/2015:18:35:33 -0500] "GET /galeria/nivo-slider/themes/orman/orman.css HTTP/1.1" 200 2152
186.116.22.113 - - [04/Jan/2015:18:35:33 -0500] "GET /galeria/nivo-slider/nivo-slider.css HTTP/1.1" 200 1507
186.116.22.113 - - [04/Jan/2015:18:35:33 -0500] "GET /galeria/nivo-slider/demo/style.css HTTP/1.1" 200 2222
186.116.22.113 - - [04/Jan/2015:18:35:33 -0500] "GET /galeria/nivo-slider/demo/scripts/jquery-1.7.1.min.js HTTP/1.1" 200 93868
186.116.22.113 - - [04/Jan/2015:18:35:33 -0500] "GET /galeria/nivo-slider/jquery.nivo.slider.pack.js HTTP/1.1" 200 11561
186.116.22.113 - - [04/Jan/2015:18:35:33 -0500] "GET /galeria/nivo-slider/demo/images/4Simple_Slider.png HTTP/1.1" 200 11722
186.116.22.113 - - [04/Jan/2015:18:35:34 -0500] "GET /videos/Spot_CambioClimatico.flv HTTP/1.1" 200 4371917
186.116.22.113 - - [04/Jan/2015:18:35:34 -0500] "GET /galeria/nivo-slider/themes/default/loading.gif HTTP/1.1" 200 1737
181.50.241.109 - - [04/Jan/2015:18:35:50 -0500] "POST /forms/lservlet;jsessionid=ac16012b30d52a185366133943c4afb3b3347df04e04.e3iSbxaKaheRe34Sa3yKbhiTahb0n6jAmljGr5XDqQLvpAe HTTP/1.1" 200 2
66.249.64.171 - - [04/Jan/2015:18:35:53 -0500] "GET /BLA/resoluciones/RESOLUCIONES%202010/7651.pdf HTTP/1.1" 200 400663
66.249.64.163 - - [04/Jan/2015:18:36:30 -0500] "GET /BLA/resoluciones/RESOLUCIONES%202009/1494.pdf HTTP/1.1" 200 472555
201.184.95.190 - - [04/Jan/2015:18:36:31 -0500] "POST /forms/lservlet;jsessionid=ac16012b30d58d28b9a60e5845da9dca86d0c67c5c46.e3iSbxaKaheRe34Sa3yKbhiTahb0n6jAmljGr5XDqQLvpAe HTTP/1.1" 200 2
74.86.158.107 - - [04/Jan/2015:18:36:42 -0500] "HEAD / HTTP/1.1" 302 -
66.249.64.171 - - [04/Jan/2015:18:37:08 -0500] "GET /BLA/resoluciones/RESOLUCIONES%202012/0897.pdf HTTP/1.1" 200 314788
201.184.95.190 - - [04/Jan/2015:18:37:11 -0500] "POST /forms/lservlet;jsessionid=ac16012b30d58d28b9a60e5845da9dca86d0c67c5c46.e3iSbxaKaheRe34Sa3yKbhiTahb0n6jAmljGr5XDqQLvpAe HTTP/1.1" 200 2
201.184.95.190 - - [04/Jan/2015:18:37:11 -0500] "POST /forms/lservlet;jsessionid=ac16012b30d58d28b9a60e5845da9dca86d0c67c5c46.e3iSbxaKaheRe34Sa3yKbhiTahb0n6jAmljGr5XDqQLvpAe HTTP/1.1" 200 14
201.184.95.190 - - [04/Jan/2015:18:37:12 -0500] "POST /forms/lservlet;jsessionid=ac16012b30d58d28b9a60e5845da9dca86d0c67c5c46.e3iSbxaKaheRe34Sa3yKbhiTahb0n6jAmljGr5XDqQLvpAe HTTP/1.1" 200 38
201.184.95.190 - - [04/Jan/2015:18:37:12 -0500] "POST /forms/lservlet;jsessionid=ac16012b30d58d28b9a60e5845da9dca86d0c67c5c46.e3iSbxaKaheRe34Sa3yKbhiTahb0n6jAmljGr5XDqQLvpAe HTTP/1.1" 200 11
201.184.95.190 - - [04/Jan/2015:18:37:14 -0500] "POST /forms/lservlet;jsessionid=ac16012b30d58d28b9a60e5845da9dca86d0c67c5c46.e3iSbxaKaheRe34Sa3yKbhiTahb0n6jAmljGr5XDqQLvpAe HTTP/1.1" 200 71
201.184.95.190 - - [04/Jan/2015:18:37:14 -0500] "POST /forms/lservlet;jsessionid=ac16012b30d58d28b9a60e5845da9dca86d0c67c5c46.e3iSbxaKaheRe34Sa3yKbhiTahb0n6jAmljGr5XDqQLvpAe HTTP/1.1" 200 2
201.184.95.190 - - [04/Jan/2015:18:37:14 -0500] "POST /forms/lservlet;jsessionid=ac16012b30d58d28b9a60e5845da9dca86d0c67c5c46.e3iSbxaKaheRe34Sa3yKbhiTahb0n6jAmljGr5XDqQLvpAe HTTP/1.1" 200 2593
201.184.95.190 - - [04/Jan/2015:18:37:15 -0500] "GET /imagenes/Srch_frw.gif HTTP/1.1" 200 925
201.184.95.190 - - [04/Jan/2015:18:37:16 -0500] "POST /forms/lservlet;jsessionid=ac16012b30d58d28b9a60e5845da9dca86d0c67c5c46.e3iSbxaKaheRe34Sa3yKbhiTahb0n6jAmljGr5XDqQLvpAe HTTP/1.1" 200 10
201.184.95.190 - - [04/Jan/2015:18:37:17 -0500] "POST /forms/lservlet;jsessionid=ac16012b30d58d28b9a60e5845da9dca86d0c67c5c46.e3iSbxaKaheRe34Sa3yKbhiTahb0n6jAmljGr5XDqQLvpAe HTTP/1.1" 200 24
201.184.95.190 - - [04/Jan/2015:18:37:18 -0500] "POST /forms/lservlet;jsessionid=ac16012b30d58d28b9a60e5845da9dca86d0c67c5c46.e3iSbxaKaheRe34Sa3yKbhiTahb0n6jAmljGr5XDqQLvpAe HTTP/1.1" 200 4331
201.184.95.190 - - [04/Jan/2015:18:37:18 -0500] "POST /forms/lservlet;jsessionid=ac16012b30d58d28b9a60e5845da9dca86d0c67c5c46.e3iSbxaKaheRe34Sa3yKbhiTahb0n6jAmljGr5XDqQLvpAe HTTP/1.1" 200 2
201.184.95.190 - - [04/Jan/2015:18:37:20 -0500] "POST /forms/lservlet;jsessionid=ac16012b30d58d28b9a60e5845da9dca86d0c67c5c46.e3iSbxaKaheRe34Sa3yKbhiTahb0n6jAmljGr5XDqQLvpAe HTTP/1.1" 200 80
66.249.64.167 - - [04/Jan/2015:18:37:26 -0500] "GET /BLA/resoluciones/RESOLUCIONES%202011/1921.pdf HTTP/1.1" 200 255928
201.184.95.190 - - [04/Jan/2015:18:37:27 -0500] "POST /forms/lservlet;jsessionid=ac16012b30d58d28b9a60e5845da9dca86d0c67c5c46.e3iSbxaKaheRe34Sa3yKbhiTahb0n6jAmljGr5XDqQLvpAe HTTP/1.1" 200 77
201.184.95.190 - - [04/Jan/2015:18:37:33 -0500] "POST /forms/lservlet;jsessionid=ac16012b30d58d28b9a60e5845da9dca86d0c67c5c46.e3iSbxaKaheRe34Sa3yKbhiTahb0n6jAmljGr5XDqQLvpAe HTTP/1.1" 200 73
66.249.64.163 - - [04/Jan/2015:18:37:45 -0500] "GET /BLA/resoluciones/RESOLUCIONES%202007/RES%202007%20501%20AL%20600/RESOLUCION%200544%20DE%202007.pdf HTTP/1.1" 200 492580
188.165.15.90 - - [04/Jan/2015:18:37:48 -0500] "GET /BLA/resoluciones/RESOLUCIONES%202003/RES%202003%202001-2051/20032014.tif HTTP/1.1" 200 207736
181.50.241.109 - - [04/Jan/2015:18:37:50 -0500] "POST /forms/lservlet;jsessionid=ac16012b30d52a185366133943c4afb3b3347df04e04.e3iSbxaKaheRe34Sa3yKbhiTahb0n6jAmljGr5XDqQLvpAe HTTP/1.1" 200 2
188.165.15.195 - - [04/Jan/2015:18:38:00 -0500] "GET /BLA/resoluciones/index.php?dir=Notificaciones/AUTOS%202013/&sort=size&order=desc HTTP/1.1" 200 16278
186.47.25.2 - - [04/Jan/2015:18:38:08 -0500] "GET /hidrico/aguas%20subterraneas/ HTTP/1.1" 404 1296
66.249.64.167 - - [04/Jan/2015:18:38:23 -0500] "GET /BLA/resoluciones/RESOLUCIONES%202008/2475.pdf HTTP/1.1" 200 210771
180.76.5.24 - - [04/Jan/2015:18:38:29 -0500] "GET /Autoliquidacion/Fauna%20Silvestre/APLICATIVO%20COSTO%20EVALUACION%20SALVOCONDUCTO%202014.xls HTTP/1.1" 200 104960
201.184.95.190 - - [04/Jan/2015:18:38:32 -0500] "POST /forms/lservlet;jsessionid=ac16012b30d58d28b9a60e5845da9dca86d0c67c5c46.e3iSbxaKaheRe34Sa3yKbhiTahb0n6jAmljGr5XDqQLvpAe HTTP/1.1" 200 2
201.184.95.190 - - [04/Jan/2015:18:38:41 -0500] "POST /forms/lservlet;jsessionid=ac16012b30d58d28b9a60e5845da9dca86d0c67c5c46.e3iSbxaKaheRe34Sa3yKbhiTahb0n6jAmljGr5XDqQLvpAe HTTP/1.1" 200 66
201.184.95.190 - - [04/Jan/2015:18:38:42 -0500] "POST /forms/lservlet;jsessionid=ac16012b30d58d28b9a60e5845da9dca86d0c67c5c46.e3iSbxaKaheRe34Sa3yKbhiTahb0n6jAmljGr5XDqQLvpAe HTTP/1.1" 200 2
201.184.95.190 - - [04/Jan/2015:18:38:42 -0500] "POST /forms/lservlet;jsessionid=ac16012b30d58d28b9a60e5845da9dca86d0c67c5c46.e3iSbxaKaheRe34Sa3yKbhiTahb0n6jAmljGr5XDqQLvpAe HTTP/1.1" 200 2217
201.184.95.190 - - [04/Jan/2015:18:38:43 -0500] "GET /imagenes/Srch_frw.gif HTTP/1.1" 200 925
201.184.95.190 - - [04/Jan/2015:18:38:43 -0500] "POST /forms/lservlet;jsessionid=ac16012b30d58d28b9a60e5845da9dca86d0c67c5c46.e3iSbxaKaheRe34Sa3yKbhiTahb0n6jAmljGr5XDqQLvpAe HTTP/1.1" 200 10
201.184.95.190 - - [04/Jan/2015:18:38:45 -0500] "POST /forms/lservlet;jsessionid=ac16012b30d58d28b9a60e5845da9dca86d0c67c5c46.e3iSbxaKaheRe34Sa3yKbhiTahb0n6jAmljGr5XDqQLvpAe HTTP/1.1" 200 24
201.184.95.190 - - [04/Jan/2015:18:38:45 -0500] "POST /forms/lservlet;jsessionid=ac16012b30d58d28b9a60e5845da9dca86d0c67c5c46.e3iSbxaKaheRe34Sa3yKbhiTahb0n6jAmljGr5XDqQLvpAe HTTP/1.1" 200 4374
201.184.95.190 - - [04/Jan/2015:18:38:47 -0500] "POST /forms/lservlet;jsessionid=ac16012b30d58d28b9a60e5845da9dca86d0c67c5c46.e3iSbxaKaheRe34Sa3yKbhiTahb0n6jAmljGr5XDqQLvpAe HTTP/1.1" 200 2
201.184.95.190 - - [04/Jan/2015:18:38:48 -0500] "POST /forms/lservlet;jsessionid=ac16012b30d58d28b9a60e5845da9dca86d0c67c5c46.e3iSbxaKaheRe34Sa3yKbhiTahb0n6jAmljGr5XDqQLvpAe HTTP/1.1" 200 80
201.184.95.190 - - [04/Jan/2015:18:38:54 -0500] "POST /forms/lservlet;jsessionid=ac16012b30d58d28b9a60e5845da9dca86d0c67c5c46.e3iSbxaKaheRe34Sa3yKbhiTahb0n6jAmljGr5XDqQLvpAe HTTP/1.1" 200 77
201.184.95.190 - - [04/Jan/2015:18:39:00 -0500] "POST /forms/lservlet;jsessionid=ac16012b30d58d28b9a60e5845da9dca86d0c67c5c46.e3iSbxaKaheRe34Sa3yKbhiTahb0n6jAmljGr5XDqQLvpAe HTTP/1.1" 200 73
66.249.64.171 - - [04/Jan/2015:18:39:01 -0500] "GET /BLA/resoluciones/RESOLUCIONES%202008/1289.pdf HTTP/1.1" 200 558952
180.76.6.48 - - [04/Jan/2015:18:39:19 -0500] "GET /BLA/resoluciones/RESOLUCIONES%202008/1867.pdf HTTP/1.1" 200 197134
201.184.95.190 - - [04/Jan/2015:18:39:32 -0500] "POST /forms/lservlet;jsessionid=ac16012b30d58d28b9a60e5845da9dca86d0c67c5c46.e3iSbxaKaheRe34Sa3yKbhiTahb0n6jAmljGr5XDqQLvpAe HTTP/1.1" 200 2
201.184.95.190 - - [04/Jan/2015:18:39:32 -0500] "POST /forms/lservlet;jsessionid=ac16012b30d58d28b9a60e5845da9dca86d0c67c5c46.e3iSbxaKaheRe34Sa3yKbhiTahb0n6jAmljGr5XDqQLvpAe HTTP/1.1" 200 78
201.184.95.190 - - [04/Jan/2015:18:39:33 -0500] "POST /forms/lservlet;jsessionid=ac16012b30d58d28b9a60e5845da9dca86d0c67c5c46.e3iSbxaKaheRe34Sa3yKbhiTahb0n6jAmljGr5XDqQLvpAe HTTP/1.1" 200 11
201.184.95.190 - - [04/Jan/2015:18:39:34 -0500] "POST /forms/lservlet;jsessionid=ac16012b30d58d28b9a60e5845da9dca86d0c67c5c46.e3iSbxaKaheRe34Sa3yKbhiTahb0n6jAmljGr5XDqQLvpAe HTTP/1.1" 200 71
201.184.95.190 - - [04/Jan/2015:18:39:36 -0500] "POST /forms/lservlet;jsessionid=ac16012b30d58d28b9a60e5845da9dca86d0c67c5c46.e3iSbxaKaheRe34Sa3yKbhiTahb0n6jAmljGr5XDqQLvpAe HTTP/1.1" 200 2
201.184.95.190 - - [04/Jan/2015:18:39:36 -0500] "POST /forms/lservlet;jsessionid=ac16012b30d58d28b9a60e5845da9dca86d0c67c5c46.e3iSbxaKaheRe34Sa3yKbhiTahb0n6jAmljGr5XDqQLvpAe HTTP/1.1" 200 2645
201.184.95.190 - - [04/Jan/2015:18:39:36 -0500] "GET /imagenes/Srch_frw.gif HTTP/1.1" 200 925
201.184.95.190 - - [04/Jan/2015:18:39:37 -0500] "POST /forms/lservlet;jsessionid=ac16012b30d58d28b9a60e5845da9dca86d0c67c5c46.e3iSbxaKaheRe34Sa3yKbhiTahb0n6jAmljGr5XDqQLvpAe HTTP/1.1" 200 10
66.249.64.167 - - [04/Jan/2015:18:39:38 -0500] "GET /BLA/resoluciones/RESOLUCIONES%202009/9479.pdf HTTP/1.1" 304 -
201.184.95.190 - - [04/Jan/2015:18:39:44 -0500] "POST /forms/lservlet;jsessionid=ac16012b30d58d28b9a60e5845da9dca86d0c67c5c46.e3iSbxaKaheRe34Sa3yKbhiTahb0n6jAmljGr5XDqQLvpAe HTTP/1.1" 200 24
201.184.95.190 - - [04/Jan/2015:18:39:44 -0500] "POST /forms/lservlet;jsessionid=ac16012b30d58d28b9a60e5845da9dca86d0c67c5c46.e3iSbxaKaheRe34Sa3yKbhiTahb0n6jAmljGr5XDqQLvpAe HTTP/1.1" 200 4369
201.184.95.190 - - [04/Jan/2015:18:39:45 -0500] "POST /forms/lservlet;jsessionid=ac16012b30d58d28b9a60e5845da9dca86d0c67c5c46.e3iSbxaKaheRe34Sa3yKbhiTahb0n6jAmljGr5XDqQLvpAe HTTP/1.1" 200 2
201.184.95.190 - - [04/Jan/2015:18:39:46 -0500] "POST /forms/lservlet;jsessionid=ac16012b30d58d28b9a60e5845da9dca86d0c67c5c46.e3iSbxaKaheRe34Sa3yKbhiTahb0n6jAmljGr5XDqQLvpAe HTTP/1.1" 200 80
181.50.241.109 - - [04/Jan/2015:18:39:50 -0500] "POST /forms/lservlet;jsessionid=ac16012b30d52a185366133943c4afb3b3347df04e04.e3iSbxaKaheRe34Sa3yKbhiTahb0n6jAmljGr5XDqQLvpAe HTTP/1.1" 200 2
201.184.95.190 - - [04/Jan/2015:18:39:54 -0500] "POST /forms/lservlet;jsessionid=ac16012b30d58d28b9a60e5845da9dca86d0c67c5c46.e3iSbxaKaheRe34Sa3yKbhiTahb0n6jAmljGr5XDqQLvpAe HTTP/1.1" 200 77
201.184.95.190 - - [04/Jan/2015:18:40:02 -0500] "POST /forms/lservlet;jsessionid=ac16012b30d58d28b9a60e5845da9dca86d0c67c5c46.e3iSbxaKaheRe34Sa3yKbhiTahb0n6jAmljGr5XDqQLvpAe HTTP/1.1" 200 73
92.48.105.158 - - [04/Jan/2015:18:40:03 -0500] "GET /wordpress/wp-admin/ HTTP/1.1" 404 1018
180.76.5.173 - - [04/Jan/2015:18:40:08 -0500] "GET /BLA/resoluciones/RESOLUCIONES%202007/RES%202007%203701%20AL%203800/RESOLUCION%203796%20DE%202007.pdf HTTP/1.1" 200 745815
66.249.64.163 - - [04/Jan/2015:18:40:15 -0500] "GET /BLA/resoluciones/RESOLUCIONES%202008/4220.pdf HTTP/1.1" 200 152950
66.249.64.171 - - [04/Jan/2015:18:40:16 -0500] "GET /BLA/resoluciones/RESOLUCIONES%202008/3793.pdf HTTP/1.1" 200 712544
201.184.95.190 - - [04/Jan/2015:18:40:28 -0500] "POST /forms/lservlet;jsessionid=ac16012b30d58d28b9a60e5845da9dca86d0c67c5c46.e3iSbxaKaheRe34Sa3yKbhiTahb0n6jAmljGr5XDqQLvpAe HTTP/1.1" 200 66
201.184.95.190 - - [04/Jan/2015:18:40:29 -0500] "POST /forms/lservlet;jsessionid=ac16012b30d58d28b9a60e5845da9dca86d0c67c5c46.e3iSbxaKaheRe34Sa3yKbhiTahb0n6jAmljGr5XDqQLvpAe HTTP/1.1" 200 2
201.184.95.190 - - [04/Jan/2015:18:40:29 -0500] "POST /forms/lservlet;jsessionid=ac16012b30d58d28b9a60e5845da9dca86d0c67c5c46.e3iSbxaKaheRe34Sa3yKbhiTahb0n6jAmljGr5XDqQLvpAe HTTP/1.1" 200 2589
201.184.95.190 - - [04/Jan/2015:18:40:29 -0500] "GET /imagenes/Srch_frw.gif HTTP/1.1" 200 925
201.184.95.190 - - [04/Jan/2015:18:40:29 -0500] "POST /forms/lservlet;jsessionid=ac16012b30d58d28b9a60e5845da9dca86d0c67c5c46.e3iSbxaKaheRe34Sa3yKbhiTahb0n6jAmljGr5XDqQLvpAe HTTP/1.1" 200 10
201.184.95.190 - - [04/Jan/2015:18:40:32 -0500] "POST /forms/lservlet;jsessionid=ac16012b30d58d28b9a60e5845da9dca86d0c67c5c46.e3iSbxaKaheRe34Sa3yKbhiTahb0n6jAmljGr5XDqQLvpAe HTTP/1.1" 200 2
201.184.95.190 - - [04/Jan/2015:18:40:36 -0500] "POST /forms/lservlet;jsessionid=ac16012b30d58d28b9a60e5845da9dca86d0c67c5c46.e3iSbxaKaheRe34Sa3yKbhiTahb0n6jAmljGr5XDqQLvpAe HTTP/1.1" 200 24
201.184.95.190 - - [04/Jan/2015:18:40:36 -0500] "POST /forms/lservlet;jsessionid=ac16012b30d58d28b9a60e5845da9dca86d0c67c5c46.e3iSbxaKaheRe34Sa3yKbhiTahb0n6jAmljGr5XDqQLvpAe HTTP/1.1" 200 4064
201.184.95.190 - - [04/Jan/2015:18:40:36 -0500] "POST /forms/lservlet;jsessionid=ac16012b30d58d28b9a60e5845da9dca86d0c67c5c46.e3iSbxaKaheRe34Sa3yKbhiTahb0n6jAmljGr5XDqQLvpAe HTTP/1.1" 200 2
201.184.95.190 - - [04/Jan/2015:18:40:38 -0500] "POST /forms/lservlet;jsessionid=ac16012b30d58d28b9a60e5845da9dca86d0c67c5c46.e3iSbxaKaheRe34Sa3yKbhiTahb0n6jAmljGr5XDqQLvpAe HTTP/1.1" 200 80
201.184.95.190 - - [04/Jan/2015:18:40:45 -0500] "POST /forms/lservlet;jsessionid=ac16012b30d58d28b9a60e5845da9dca86d0c67c5c46.e3iSbxaKaheRe34Sa3yKbhiTahb0n6jAmljGr5XDqQLvpAe HTTP/1.1" 200 77
66.249.64.43 - - [04/Jan/2015:18:40:46 -0500] "GET /ecodirectorio/files/res/pages/page_0107.swf HTTP/1.1" 200 130086
201.184.95.190 - - [04/Jan/2015:18:40:51 -0500] "POST /forms/lservlet;jsessionid=ac16012b30d58d28b9a60e5845da9dca86d0c67c5c46.e3iSbxaKaheRe34Sa3yKbhiTahb0n6jAmljGr5XDqQLvpAe HTTP/1.1" 200 73
66.249.64.167 - - [04/Jan/2015:18:40:53 -0500] "GET /BLA/resoluciones/RESOLUCIONES%202008/4039.pdf HTTP/1.1" 200 528241
180.76.6.231 - - [04/Jan/2015:18:40:58 -0500] "GET /BLA/resoluciones/AUTOS%202009/1671.pdf HTTP/1.1" 200 124364
66.249.64.171 - - [04/Jan/2015:18:41:31 -0500] "GET /BLA/resoluciones/RESOLUCIONES%202012/1316.pdf HTTP/1.1" 200 325393
74.86.158.107 - - [04/Jan/2015:18:41:42 -0500] "HEAD / HTTP/1.1" 302 -
180.76.6.132 - - [04/Jan/2015:18:41:47 -0500] "GET /BLA/resoluciones/AUTOS%202011/4435.pdf HTTP/1.1" 200 651285
181.50.241.109 - - [04/Jan/2015:18:41:50 -0500] "POST /forms/lservlet;jsessionid=ac16012b30d52a185366133943c4afb3b3347df04e04.e3iSbxaKaheRe34Sa3yKbhiTahb0n6jAmljGr5XDqQLvpAe HTTP/1.1" 200 2
201.184.95.190 - - [04/Jan/2015:18:42:07 -0500] "POST /forms/lservlet;jsessionid=ac16012b30d58d28b9a60e5845da9dca86d0c67c5c46.e3iSbxaKaheRe34Sa3yKbhiTahb0n6jAmljGr5XDqQLvpAe HTTP/1.1" 200 66
201.184.95.190 - - [04/Jan/2015:18:42:08 -0500] "POST /forms/lservlet;jsessionid=ac16012b30d58d28b9a60e5845da9dca86d0c67c5c46.e3iSbxaKaheRe34Sa3yKbhiTahb0n6jAmljGr5XDqQLvpAe HTTP/1.1" 200 2
201.184.95.190 - - [04/Jan/2015:18:42:08 -0500] "POST /forms/lservlet;jsessionid=ac16012b30d58d28b9a60e5845da9dca86d0c67c5c46.e3iSbxaKaheRe34Sa3yKbhiTahb0n6jAmljGr5XDqQLvpAe HTTP/1.1" 200 2584
201.184.95.190 - - [04/Jan/2015:18:42:08 -0500] "GET /imagenes/Srch_frw.gif HTTP/1.1" 200 925
66.249.64.171 - - [04/Jan/2015:18:42:08 -0500] "GET /BLA/resoluciones/RESOLUCIONES%202008/1722.pdf HTTP/1.1" 200 58543
66.249.64.167 - - [04/Jan/2015:18:42:14 -0500] "GET /BLA/resoluciones/RESOLUCIONES%202002/RES%202002%20551-600/00000585.tif HTTP/1.1" 200 102778
201.184.95.190 - - [04/Jan/2015:18:42:15 -0500] "POST /forms/lservlet;jsessionid=ac16012b30d58d28b9a60e5845da9dca86d0c67c5c46.e3iSbxaKaheRe34Sa3yKbhiTahb0n6jAmljGr5XDqQLvpAe HTTP/1.1" 200 10
201.184.95.190 - - [04/Jan/2015:18:42:18 -0500] "POST /forms/lservlet;jsessionid=ac16012b30d58d28b9a60e5845da9dca86d0c67c5c46.e3iSbxaKaheRe34Sa3yKbhiTahb0n6jAmljGr5XDqQLvpAe HTTP/1.1" 200 24
201.184.95.190 - - [04/Jan/2015:18:42:18 -0500] "POST /forms/lservlet;jsessionid=ac16012b30d58d28b9a60e5845da9dca86d0c67c5c46.e3iSbxaKaheRe34Sa3yKbhiTahb0n6jAmljGr5XDqQLvpAe HTTP/1.1" 200 4999
201.184.95.190 - - [04/Jan/2015:18:42:19 -0500] "POST /forms/lservlet;jsessionid=ac16012b30d58d28b9a60e5845da9dca86d0c67c5c46.e3iSbxaKaheRe34Sa3yKbhiTahb0n6jAmljGr5XDqQLvpAe HTTP/1.1" 200 2
201.184.95.190 - - [04/Jan/2015:18:42:20 -0500] "POST /forms/lservlet;jsessionid=ac16012b30d58d28b9a60e5845da9dca86d0c67c5c46.e3iSbxaKaheRe34Sa3yKbhiTahb0n6jAmljGr5XDqQLvpAe HTTP/1.1" 200 80
201.184.95.190 - - [04/Jan/2015:18:42:27 -0500] "POST /forms/lservlet;jsessionid=ac16012b30d58d28b9a60e5845da9dca86d0c67c5c46.e3iSbxaKaheRe34Sa3yKbhiTahb0n6jAmljGr5XDqQLvpAe HTTP/1.1" 200 77
201.184.95.190 - - [04/Jan/2015:18:42:32 -0500] "POST /forms/lservlet;jsessionid=ac16012b30d58d28b9a60e5845da9dca86d0c67c5c46.e3iSbxaKaheRe34Sa3yKbhiTahb0n6jAmljGr5XDqQLvpAe HTTP/1.1" 200 2
201.184.95.190 - - [04/Jan/2015:18:42:34 -0500] "POST /forms/lservlet;jsessionid=ac16012b30d58d28b9a60e5845da9dca86d0c67c5c46.e3iSbxaKaheRe34Sa3yKbhiTahb0n6jAmljGr5XDqQLvpAe HTTP/1.1" 200 70
180.76.6.37 - - [04/Jan/2015:18:42:37 -0500] "GET /BLA/resoluciones/AUTOS%202012/2533.pdf HTTP/1.1" 200 409894
66.249.64.171 - - [04/Jan/2015:18:42:46 -0500] "GET /BLA/resoluciones/RESOLUCIONES%202010/1720.pdf HTTP/1.1" 200 409818
66.249.64.163 - - [04/Jan/2015:18:43:02 -0500] "GET /BLA/resoluciones/AUTOS%202009/0914.pdf HTTP/1.1" 200 120748
201.184.95.190 - - [04/Jan/2015:18:43:16 -0500] "POST /forms/lservlet;jsessionid=ac16012b30d58d28b9a60e5845da9dca86d0c67c5c46.e3iSbxaKaheRe34Sa3yKbhiTahb0n6jAmljGr5XDqQLvpAe HTTP/1.1" 200 483
201.184.95.190 - - [04/Jan/2015:18:43:17 -0500] "POST /forms/lservlet;jsessionid=ac16012b30d58d28b9a60e5845da9dca86d0c67c5c46.e3iSbxaKaheRe34Sa3yKbhiTahb0n6jAmljGr5XDqQLvpAe HTTP/1.1" 200 7
201.184.95.190 - - [04/Jan/2015:18:43:17 -0500] "POST /forms/lservlet;jsessionid=ac16012b30d58d28b9a60e5845da9dca86d0c67c5c46.e3iSbxaKaheRe34Sa3yKbhiTahb0n6jAmljGr5XDqQLvpAe HTTP/1.1" 200 419
201.184.95.190 - - [04/Jan/2015:18:43:18 -0500] "POST /forms/lservlet;jsessionid=ac16012b30d58d28b9a60e5845da9dca86d0c67c5c46.e3iSbxaKaheRe34Sa3yKbhiTahb0n6jAmljGr5XDqQLvpAe HTTP/1.1" 200 405
66.249.64.167 - - [04/Jan/2015:18:43:24 -0500] "GET /BLA/resoluciones/AUTOS%202013/2866.pdf HTTP/1.1" 200 212671
190.26.150.40 - - [04/Jan/2015:18:43:24 -0500] "GET /BLA/boletinlegal/js/jquery.js HTTP/1.1" 200 57254
190.26.150.40 - - [04/Jan/2015:18:43:24 -0500] "GET /BLA/boletinlegal/js/jquery.scrollTo-min.js HTTP/1.1" 200 1150
190.26.150.40 - - [04/Jan/2015:18:43:24 -0500] "GET /BLA/boletinlegal/js/jquery.scrollShow.js HTTP/1.1" 200 4586
201.184.95.190 - - [04/Jan/2015:18:43:40 -0500] "POST /forms/lservlet;jsessionid=ac16012b30d58d28b9a60e5845da9dca86d0c67c5c46.e3iSbxaKaheRe34Sa3yKbhiTahb0n6jAmljGr5XDqQLvpAe HTTP/1.1" 200 370
181.50.241.109 - - [04/Jan/2015:18:43:50 -0500] "POST /forms/lservlet;jsessionid=ac16012b30d52a185366133943c4afb3b3347df04e04.e3iSbxaKaheRe34Sa3yKbhiTahb0n6jAmljGr5XDqQLvpAe HTTP/1.1" 200 2
66.249.64.163 - - [04/Jan/2015:18:44:01 -0500] "GET /BLA/resoluciones/AUTOS%202009/2655.pdf HTTP/1.1" 200 157297
188.165.15.195 - - [04/Jan/2015:18:44:09 -0500] "GET /BLA/resoluciones/RESOLUCIONES%202005/RES%202005%201851-1900/00001859.tif HTTP/1.1" 200 4424604
200.89.246.66 - - [04/Jan/2015:18:44:11 -0500] "GET /BLA/boletinlegal/js/jquery.js HTTP/1.1" 200 57254
200.89.246.66 - - [04/Jan/2015:18:44:12 -0500] "GET /BLA/boletinlegal/js/jquery.scrollTo-min.js HTTP/1.1" 200 1150
200.89.246.66 - - [04/Jan/2015:18:44:12 -0500] "GET /BLA/boletinlegal/js/jquery.scrollShow.js HTTP/1.1" 200 4586
188.165.15.209 - - [04/Jan/2015:18:44:13 -0500] "GET /BLA/resoluciones/RESOLUCIONES%202004/RES%202004%202001-2050/00002046.tif HTTP/1.1" 200 126918
201.184.95.190 - - [04/Jan/2015:18:44:18 -0500] "POST /forms/lservlet;jsessionid=ac16012b30d58d28b9a60e5845da9dca86d0c67c5c46.e3iSbxaKaheRe34Sa3yKbhiTahb0n6jAmljGr5XDqQLvpAe HTTP/1.1" 200 2
201.184.95.190 - - [04/Jan/2015:18:44:18 -0500] "POST /forms/lservlet;jsessionid=ac16012b30d58d28b9a60e5845da9dca86d0c67c5c46.e3iSbxaKaheRe34Sa3yKbhiTahb0n6jAmljGr5XDqQLvpAe HTTP/1.1" 200 14
66.249.64.163 - - [04/Jan/2015:18:44:20 -0500] "GET /BLA/resoluciones/RESOLUCIONES%202004/RES%202004%202001-2050/00002015.tif HTTP/1.1" 200 46586
201.184.95.190 - - [04/Jan/2015:18:44:19 -0500] "POST /forms/lservlet;jsessionid=ac16012b30d58d28b9a60e5845da9dca86d0c67c5c46.e3iSbxaKaheRe34Sa3yKbhiTahb0n6jAmljGr5XDqQLvpAe HTTP/1.1" 200 14
201.184.95.190 - - [04/Jan/2015:18:44:20 -0500] "POST /forms/lservlet;jsessionid=ac16012b30d58d28b9a60e5845da9dca86d0c67c5c46.e3iSbxaKaheRe34Sa3yKbhiTahb0n6jAmljGr5XDqQLvpAe HTTP/1.1" 200 14
201.184.95.190 - - [04/Jan/2015:18:44:22 -0500] "POST /forms/lservlet;jsessionid=ac16012b30d58d28b9a60e5845da9dca86d0c67c5c46.e3iSbxaKaheRe34Sa3yKbhiTahb0n6jAmljGr5XDqQLvpAe HTTP/1.1" 200 14
201.184.95.190 - - [04/Jan/2015:18:44:24 -0500] "POST /forms/lservlet;jsessionid=ac16012b30d58d28b9a60e5845da9dca86d0c67c5c46.e3iSbxaKaheRe34Sa3yKbhiTahb0n6jAmljGr5XDqQLvpAe HTTP/1.1" 200 15
201.184.95.190 - - [04/Jan/2015:18:44:27 -0500] "POST /forms/lservlet;jsessionid=ac16012b30d58d28b9a60e5845da9dca86d0c67c5c46.e3iSbxaKaheRe34Sa3yKbhiTahb0n6jAmljGr5XDqQLvpAe HTTP/1.1" 200 15
201.184.95.190 - - [04/Jan/2015:18:44:31 -0500] "POST /forms/lservlet;jsessionid=ac16012b30d58d28b9a60e5845da9dca86d0c67c5c46.e3iSbxaKaheRe34Sa3yKbhiTahb0n6jAmljGr5XDqQLvpAe HTTP/1.1" 200 114
201.184.95.190 - - [04/Jan/2015:18:44:31 -0500] "POST /forms/lservlet;jsessionid=ac16012b30d58d28b9a60e5845da9dca86d0c67c5c46.e3iSbxaKaheRe34Sa3yKbhiTahb0n6jAmljGr5XDqQLvpAe HTTP/1.1" 200 11
201.184.95.190 - - [04/Jan/2015:18:44:32 -0500] "POST /forms/lservlet;jsessionid=ac16012b30d58d28b9a60e5845da9dca86d0c67c5c46.e3iSbxaKaheRe34Sa3yKbhiTahb0n6jAmljGr5XDqQLvpAe HTTP/1.1" 200 2
66.249.64.171 - - [04/Jan/2015:18:44:39 -0500] "GET /BLA/resoluciones/AUTOS%202007/3393.pdf HTTP/1.1" 200 148597
188.165.15.110 - - [04/Jan/2015:18:44:56 -0500] "GET /BLA/resoluciones/RESOLUCIONES%202001/2001%201150-1199.tif HTTP/1.1" 200 4090636
66.249.64.163 - - [04/Jan/2015:18:45:16 -0500] "GET /BLA/resoluciones/RESOLUCIONES%202008/3726.pdf HTTP/1.1" 200 768208
181.50.241.109 - - [04/Jan/2015:18:45:50 -0500] "POST /forms/lservlet;jsessionid=ac16012b30d52a185366133943c4afb3b3347df04e04.e3iSbxaKaheRe34Sa3yKbhiTahb0n6jAmljGr5XDqQLvpAe HTTP/1.1" 200 2
66.249.64.167 - - [04/Jan/2015:18:45:52 -0500] "GET /BLA/resoluciones/AUTOS%202008/0622.pdf HTTP/1.1" 200 161720
66.249.64.163 - - [04/Jan/2015:18:45:54 -0500] "GET /BLA/resoluciones/RESOLUCIONES%202008/1800.pdf HTTP/1.1" 200 662214
66.249.88.211 - - [04/Jan/2015:18:46:05 -0500] "GET /BLA/resoluciones/AUTOS%202013/0058.pdf HTTP/1.1" 200 1380540
190.26.177.239 - - [04/Jan/2015:18:46:07 -0500] "GET /BLA/resoluciones/AUTOS%202013/0058.pdf HTTP/1.1" 200 1380540
180.76.6.20 - - [04/Jan/2015:18:46:15 -0500] "GET /BLA/resoluciones/RESOLUCIONES%202007/RES%202007%20101%20AL%20200/RESOLUCION%200169%20DE%202007.pdf HTTP/1.1" 200 21620
201.184.95.190 - - [04/Jan/2015:18:44:32 -0500] "GET /reports/rwservlet/getjobid339065?server=rep_srvapsda HTTP/1.1" 200 13685519
66.249.64.163 - - [04/Jan/2015:18:46:31 -0500] "GET /BLA/resoluciones/AUTOS%202007/0804.pdf HTTP/1.1" 200 146208
201.184.95.190 - - [04/Jan/2015:18:46:32 -0500] "POST /forms/lservlet;jsessionid=ac16012b30d58d28b9a60e5845da9dca86d0c67c5c46.e3iSbxaKaheRe34Sa3yKbhiTahb0n6jAmljGr5XDqQLvpAe HTTP/1.1" 200 2
190.147.97.52 - - [04/Jan/2015:18:46:41 -0500] "GET /BLA/boletinlegal/js/jquery.js HTTP/1.1" 200 57254
190.147.97.52 - - [04/Jan/2015:18:46:41 -0500] "GET /BLA/boletinlegal/js/jquery.scrollShow.js HTTP/1.1" 200 4586
190.147.97.52 - - [04/Jan/2015:18:46:41 -0500] "GET /BLA/boletinlegal/js/jquery.scrollTo-min.js HTTP/1.1" 200 1150
74.86.158.107 - - [04/Jan/2015:18:46:42 -0500] "HEAD / HTTP/1.1" 302 -
180.76.6.54 - - [04/Jan/2015:18:47:05 -0500] "GET /BLA/resoluciones/AUTOS%202011/2983.pdf HTTP/1.1" 200 141620
66.249.64.163 - - [04/Jan/2015:18:47:09 -0500] "GET /BLA/resoluciones/RESOLUCIONES%202008/4597.pdf HTTP/1.1" 200 344383
188.165.15.97 - - [04/Jan/2015:18:47:26 -0500] "GET /BLA/resoluciones/RESOLUCIONES%202006/RES%202006%20351-400/00000386.tif HTTP/1.1" 200 36922
201.184.95.190 - - [04/Jan/2015:18:47:43 -0500] "POST /forms/lservlet;jsessionid=ac16012b30d58d28b9a60e5845da9dca86d0c67c5c46.e3iSbxaKaheRe34Sa3yKbhiTahb0n6jAmljGr5XDqQLvpAe HTTP/1.1" 200 136
66.249.64.167 - - [04/Jan/2015:18:47:46 -0500] "GET /BLA/resoluciones/RESOLUCIONES%202008/3702.pdf HTTP/1.1" 200 155722
181.50.241.109 - - [04/Jan/2015:18:47:50 -0500] "POST /forms/lservlet;jsessionid=ac16012b30d52a185366133943c4afb3b3347df04e04.e3iSbxaKaheRe34Sa3yKbhiTahb0n6jAmljGr5XDqQLvpAe HTTP/1.1" 200 2
201.184.95.190 - - [04/Jan/2015:18:47:56 -0500] "POST /forms/lservlet;jsessionid=ac16012b30d58d28b9a60e5845da9dca86d0c67c5c46.e3iSbxaKaheRe34Sa3yKbhiTahb0n6jAmljGr5XDqQLvpAe HTTP/1.1" 200 2
201.184.95.190 - - [04/Jan/2015:18:47:56 -0500] "POST /forms/lservlet;jsessionid=ac16012b30d58d28b9a60e5845da9dca86d0c67c5c46.e3iSbxaKaheRe34Sa3yKbhiTahb0n6jAmljGr5XDqQLvpAe HTTP/1.1" 200 2710
201.184.95.190 - - [04/Jan/2015:18:47:56 -0500] "GET /imagenes/Srch_frw.gif HTTP/1.1" 200 925
201.184.95.190 - - [04/Jan/2015:18:47:57 -0500] "POST /forms/lservlet;jsessionid=ac16012b30d58d28b9a60e5845da9dca86d0c67c5c46.e3iSbxaKaheRe34Sa3yKbhiTahb0n6jAmljGr5XDqQLvpAe HTTP/1.1" 200 10
201.184.95.190 - - [04/Jan/2015:18:47:59 -0500] "POST /forms/lservlet;jsessionid=ac16012b30d58d28b9a60e5845da9dca86d0c67c5c46.e3iSbxaKaheRe34Sa3yKbhiTahb0n6jAmljGr5XDqQLvpAe HTTP/1.1" 200 21
201.184.95.190 - - [04/Jan/2015:18:47:59 -0500] "POST /forms/lservlet;jsessionid=ac16012b30d58d28b9a60e5845da9dca86d0c67c5c46.e3iSbxaKaheRe34Sa3yKbhiTahb0n6jAmljGr5XDqQLvpAe HTTP/1.1" 200 4677
201.184.95.190 - - [04/Jan/2015:18:48:00 -0500] "POST /forms/lservlet;jsessionid=ac16012b30d58d28b9a60e5845da9dca86d0c67c5c46.e3iSbxaKaheRe34Sa3yKbhiTahb0n6jAmljGr5XDqQLvpAe HTTP/1.1" 200 2
201.184.95.190 - - [04/Jan/2015:18:48:01 -0500] "POST /forms/lservlet;jsessionid=ac16012b30d58d28b9a60e5845da9dca86d0c67c5c46.e3iSbxaKaheRe34Sa3yKbhiTahb0n6jAmljGr5XDqQLvpAe HTTP/1.1" 200 151
201.184.95.190 - - [04/Jan/2015:18:48:06 -0500] "POST /forms/lservlet;jsessionid=ac16012b30d58d28b9a60e5845da9dca86d0c67c5c46.e3iSbxaKaheRe34Sa3yKbhiTahb0n6jAmljGr5XDqQLvpAe HTTP/1.1" 200 118
201.184.95.190 - - [04/Jan/2015:18:48:12 -0500] "POST /forms/lservlet;jsessionid=ac16012b30d58d28b9a60e5845da9dca86d0c67c5c46.e3iSbxaKaheRe34Sa3yKbhiTahb0n6jAmljGr5XDqQLvpAe HTTP/1.1" 200 93
66.249.64.163 - - [04/Jan/2015:18:48:24 -0500] "GET /BLA/resoluciones/AUTOS%202007/0312.pdf HTTP/1.1" 200 51168
201.184.95.190 - - [04/Jan/2015:18:48:32 -0500] "POST /forms/lservlet;jsessionid=ac16012b30d58d28b9a60e5845da9dca86d0c67c5c46.e3iSbxaKaheRe34Sa3yKbhiTahb0n6jAmljGr5XDqQLvpAe HTTP/1.1" 200 2
66.249.64.167 - - [04/Jan/2015:18:48:41 -0500] "GET /BLA/resoluciones/Notificaciones/REGISTROS%202014/01411.doc HTTP/1.1" 200 153600
92.48.105.158 - - [04/Jan/2015:18:48:57 -0500] "GET /blog/wp-admin/ HTTP/1.1" 404 1018
66.249.64.167 - - [04/Jan/2015:18:49:02 -0500] "GET /BLA/resoluciones/RESOLUCIONES%202013/0800.pdf HTTP/1.1" 304 -
66.249.64.167 - - [04/Jan/2015:18:49:39 -0500] "GET /BLA/resoluciones/RESOLUCIONES%202008/0737.pdf HTTP/1.1" 200 400065
181.50.241.109 - - [04/Jan/2015:18:49:50 -0500] "POST /forms/lservlet;jsessionid=ac16012b30d52a185366133943c4afb3b3347df04e04.e3iSbxaKaheRe34Sa3yKbhiTahb0n6jAmljGr5XDqQLvpAe HTTP/1.1" 200 2
188.165.15.94 - - [04/Jan/2015:18:50:11 -0500] "GET /BLA/resoluciones/RESOLUCIONES%202004/RES%202004%202351-2401/00002378.tif HTTP/1.1" 200 137374
66.249.64.171 - - [04/Jan/2015:18:50:17 -0500] "GET /BLA/resoluciones/RESOLUCIONES%202010/1686.pdf HTTP/1.1" 200 295415
201.184.95.190 - - [04/Jan/2015:18:50:32 -0500] "POST /forms/lservlet;jsessionid=ac16012b30d58d28b9a60e5845da9dca86d0c67c5c46.e3iSbxaKaheRe34Sa3yKbhiTahb0n6jAmljGr5XDqQLvpAe HTTP/1.1" 200 2
66.249.64.167 - - [04/Jan/2015:18:50:54 -0500] "GET /BLA/resoluciones/RESOLUCIONES%202011/0564.pdf HTTP/1.1" 200 342209
66.249.64.171 - - [04/Jan/2015:18:51:30 -0500] "GET /BLA/resoluciones/RESOLUCIONES%202012/0342.pdf HTTP/1.1" 200 364940
66.249.64.171 - - [04/Jan/2015:18:51:32 -0500] "GET /BLA/resoluciones/RESOLUCIONES%202009/4187.pdf HTTP/1.1" 200 1204396
186.31.64.42 - - [04/Jan/2015:18:51:36 -0500] "GET /BLA/boletinlegal/js/jquery.js HTTP/1.1" 200 57254
186.31.64.42 - - [04/Jan/2015:18:51:36 -0500] "GET /BLA/boletinlegal/js/jquery.scrollTo-min.js HTTP/1.1" 200 1150
186.31.64.42 - - [04/Jan/2015:18:51:36 -0500] "GET /BLA/boletinlegal/js/jquery.scrollShow.js HTTP/1.1" 200 4586
186.31.64.42 - - [04/Jan/2015:18:51:36 -0500] "GET /galeria/carrusel/Carrusel/jquery.thumbnailScroller.css HTTP/1.1" 200 2066
186.31.64.42 - - [04/Jan/2015:18:51:36 -0500] "GET /galeria/carrusel/Carrusel/jquery-ui-1.8.13.custom.min.js HTTP/1.1" 200 10800
186.31.64.42 - - [04/Jan/2015:18:51:36 -0500] "GET /galeria/carrusel/Carrusel/jquery.thumbnailScroller.js HTTP/1.1" 200 8157
186.31.64.42 - - [04/Jan/2015:18:51:39 -0500] "GET /galeria/nivo-slider/demo/demo.html HTTP/1.1" 200 3150
186.31.64.42 - - [04/Jan/2015:18:51:39 -0500] "GET /galeria/nivo-slider/themes/default/default.css HTTP/1.1" 200 1569
186.31.64.42 - - [04/Jan/2015:18:51:39 -0500] "GET /galeria/nivo-slider/themes/pascal/pascal.css HTTP/1.1" 200 2258
186.31.64.42 - - [04/Jan/2015:18:51:39 -0500] "GET /galeria/nivo-slider/themes/orman/orman.css HTTP/1.1" 200 2152
186.31.64.42 - - [04/Jan/2015:18:51:39 -0500] "GET /galeria/nivo-slider/nivo-slider.css HTTP/1.1" 200 1507
186.31.64.42 - - [04/Jan/2015:18:51:39 -0500] "GET /galeria/nivo-slider/demo/style.css HTTP/1.1" 200 2222
186.31.64.42 - - [04/Jan/2015:18:51:39 -0500] "GET /galeria/nivo-slider/demo/scripts/jquery-1.7.1.min.js HTTP/1.1" 200 93868
186.31.64.42 - - [04/Jan/2015:18:51:39 -0500] "GET /galeria/nivo-slider/jquery.nivo.slider.pack.js HTTP/1.1" 200 11561
186.31.64.42 - - [04/Jan/2015:18:51:39 -0500] "GET /galeria/nivo-slider/demo/images/bolsas-08.jpg HTTP/1.1" 200 85589
186.31.64.42 - - [04/Jan/2015:18:51:39 -0500] "GET /galeria/nivo-slider/demo/images/4Simple_Slider.png HTTP/1.1" 200 11722
186.31.64.42 - - [04/Jan/2015:18:51:39 -0500] "GET /galeria/nivo-slider/themes/default/loading.gif HTTP/1.1" 200 1737
186.31.64.42 - - [04/Jan/2015:18:51:40 -0500] "GET /galeria/nivo-slider/demo/images/Ruta-vertimientos-01.jpg HTTP/1.1" 200 130151
186.31.64.42 - - [04/Jan/2015:18:51:40 -0500] "GET /galeria/nivo-slider/demo/images/bolsas-06.jpg HTTP/1.1" 200 90982
186.31.64.42 - - [04/Jan/2015:18:51:40 -0500] "GET /galeria/nivo-slider/demo/images/ecolecta-Dic2014.png HTTP/1.1" 200 288593
186.31.64.42 - - [04/Jan/2015:18:51:40 -0500] "GET /galeria/nivo-slider/demo/images/porloshumedales.jpg HTTP/1.1" 200 351238
186.31.64.42 - - [04/Jan/2015:18:51:40 -0500] "GET /galeria/nivo-slider/demo/images/Tingua-azul.jpg HTTP/1.1" 200 307638
188.165.15.27 - - [04/Jan/2015:18:51:41 -0500] "GET /BLA/resoluciones/RESOLUCIONES%202003/RES%202003%20701-750/719.tif HTTP/1.1" 200 340076
186.31.64.42 - - [04/Jan/2015:18:51:41 -0500] "GET /galeria/nivo-slider/demo/images/Banner-Caracol-Africano.jpg HTTP/1.1" 200 331986
186.31.64.42 - - [04/Jan/2015:18:51:41 -0500] "GET /galeria/nivo-slider/demo/images/banner-redes.jpg HTTP/1.1" 200 62209
74.86.158.107 - - [04/Jan/2015:18:51:42 -0500] "HEAD / HTTP/1.1" 302 -
186.31.64.42 - - [04/Jan/2015:18:51:42 -0500] "GET /galeria/nivo-slider/demo/images/9Signos.jpg HTTP/1.1" 200 93040
186.31.64.42 - - [04/Jan/2015:18:51:43 -0500] "GET /galeria/nivo-slider/demo/images/banner-llantas2.jpg HTTP/1.1" 200 73153
186.31.64.42 - - [04/Jan/2015:18:51:44 -0500] "GET /galeria/nivo-slider/demo/images/banner-caballos.png HTTP/1.1" 200 389106
186.31.64.42 - - [04/Jan/2015:18:51:46 -0500] "GET /videos/Spot_CambioClimatico.flv HTTP/1.1" 200 4371917
186.31.64.42 - - [04/Jan/2015:18:51:48 -0500] "GET /galeria/nivo-slider/themes/default/arrows.png HTTP/1.1" 200 824
186.31.64.42 - - [04/Jan/2015:18:51:48 -0500] "GET /galeria/nivo-slider/themes/default/bullets.png HTTP/1.1" 200 1281
220.181.108.119 - - [04/Jan/2015:18:51:49 -0500] "GET /BLA/resoluciones/RESOLUCIONES%202009/1413.pdf HTTP/1.1" 200 538260
190.25.232.143 - - [04/Jan/2015:18:51:49 -0500] "GET /StormSDA/stormWeb/presentacion.html HTTP/1.1" 304 -
181.50.241.109 - - [04/Jan/2015:18:51:50 -0500] "POST /forms/lservlet;jsessionid=ac16012b30d52a185366133943c4afb3b3347df04e04.e3iSbxaKaheRe34Sa3yKbhiTahb0n6jAmljGr5XDqQLvpAe HTTP/1.1" 200 2
66.249.64.171 - - [04/Jan/2015:18:52:09 -0500] "GET /BLA/resoluciones/RESOLUCIONES%202010/4960.pdf HTTP/1.1" 200 279622
190.158.139.139 - - [04/Jan/2015:18:52:18 -0500] "GET /BLA/boletinlegal/js/jquery.js HTTP/1.1" 200 57254
190.158.139.139 - - [04/Jan/2015:18:52:18 -0500] "GET /BLA/boletinlegal/js/jquery.scrollShow.js HTTP/1.1" 200 4586
190.158.139.139 - - [04/Jan/2015:18:52:18 -0500] "GET /BLA/boletinlegal/js/jquery.scrollTo-min.js HTTP/1.1" 200 1150
190.158.139.139 - - [04/Jan/2015:18:52:18 -0500] "GET /galeria/carrusel/Carrusel/jquery.thumbnailScroller.css HTTP/1.1" 200 2066
190.158.139.139 - - [04/Jan/2015:18:52:18 -0500] "GET /galeria/carrusel/Carrusel/jquery.thumbnailScroller.js HTTP/1.1" 200 8157
190.158.139.139 - - [04/Jan/2015:18:52:18 -0500] "GET /galeria/carrusel/Carrusel/jquery-ui-1.8.13.custom.min.js HTTP/1.1" 200 10800
188.165.15.177 - - [04/Jan/2015:18:52:19 -0500] "GET /BLA/resoluciones/RESOLUCIONES%202002/RES%202002%20901-950/00000911.tif HTTP/1.1" 200 95222
190.158.139.139 - - [04/Jan/2015:18:52:20 -0500] "GET /galeria/nivo-slider/demo/demo.html HTTP/1.1" 200 3150
201.184.95.190 - - [04/Jan/2015:18:52:25 -0500] "POST /forms/lservlet;jsessionid=ac16012b30d58d28b9a60e5845da9dca86d0c67c5c46.e3iSbxaKaheRe34Sa3yKbhiTahb0n6jAmljGr5XDqQLvpAe HTTP/1.1" 200 132
190.158.139.139 - - [04/Jan/2015:18:52:27 -0500] "GET /galeria/nivo-slider/themes/default/default.css HTTP/1.1" 200 1569
190.158.139.139 - - [04/Jan/2015:18:52:27 -0500] "GET /galeria/nivo-slider/demo/scripts/jquery-1.7.1.min.js HTTP/1.1" 200 93868
190.158.139.139 - - [04/Jan/2015:18:52:27 -0500] "GET /galeria/nivo-slider/themes/pascal/pascal.css HTTP/1.1" 200 2258
190.158.139.139 - - [04/Jan/2015:18:52:27 -0500] "GET /galeria/nivo-slider/demo/style.css HTTP/1.1" 200 2222
190.158.139.139 - - [04/Jan/2015:18:52:27 -0500] "GET /galeria/nivo-slider/themes/orman/orman.css HTTP/1.1" 200 2152
190.158.139.139 - - [04/Jan/2015:18:52:27 -0500] "GET /galeria/nivo-slider/jquery.nivo.slider.pack.js HTTP/1.1" 200 11561
190.158.139.139 - - [04/Jan/2015:18:52:27 -0500] "GET /galeria/nivo-slider/nivo-slider.css HTTP/1.1" 200 1507
190.158.139.139 - - [04/Jan/2015:18:52:27 -0500] "GET /galeria/nivo-slider/demo/images/bolsas-08.jpg HTTP/1.1" 200 85589
190.158.139.139 - - [04/Jan/2015:18:52:28 -0500] "GET /galeria/nivo-slider/demo/images/ecolecta-Dic2014.png HTTP/1.1" 200 288593
190.158.139.139 - - [04/Jan/2015:18:52:28 -0500] "GET /galeria/nivo-slider/demo/images/Ruta-vertimientos-01.jpg HTTP/1.1" 200 130151
190.158.139.139 - - [04/Jan/2015:18:52:28 -0500] "GET /galeria/nivo-slider/demo/images/bolsas-06.jpg HTTP/1.1" 200 90982
190.158.139.139 - - [04/Jan/2015:18:52:28 -0500] "GET /galeria/nivo-slider/demo/images/porloshumedales.jpg HTTP/1.1" 200 351238
190.158.139.139 - - [04/Jan/2015:18:52:28 -0500] "GET /galeria/nivo-slider/demo/images/4Simple_Slider.png HTTP/1.1" 200 11722
190.158.139.139 - - [04/Jan/2015:18:52:28 -0500] "GET /galeria/nivo-slider/themes/default/loading.gif HTTP/1.1" 200 1737
190.158.139.139 - - [04/Jan/2015:18:52:28 -0500] "GET /galeria/nivo-slider/demo/images/Banner-Caracol-Africano.jpg HTTP/1.1" 200 331986
190.158.139.139 - - [04/Jan/2015:18:52:29 -0500] "GET /galeria/nivo-slider/demo/images/banner-redes.jpg HTTP/1.1" 200 62209
190.158.139.139 - - [04/Jan/2015:18:52:29 -0500] "GET /galeria/nivo-slider/demo/images/9Signos.jpg HTTP/1.1" 200 93040
190.158.139.139 - - [04/Jan/2015:18:52:30 -0500] "GET /galeria/nivo-slider/demo/images/banner-llantas2.jpg HTTP/1.1" 200 73153
190.158.139.139 - - [04/Jan/2015:18:52:30 -0500] "GET /galeria/nivo-slider/demo/images/banner-caballos.png HTTP/1.1" 200 389106
190.158.139.139 - - [04/Jan/2015:18:52:30 -0500] "GET /galeria/nivo-slider/demo/images/Tingua-azul.jpg HTTP/1.1" 200 307638
186.154.154.13 - - [04/Jan/2015:18:52:31 -0500] "GET /BLA/boletinlegal/js/jquery.js HTTP/1.1" 200 57254
186.154.154.13 - - [04/Jan/2015:18:52:31 -0500] "GET /BLA/boletinlegal/js/jquery.scrollTo-min.js HTTP/1.1" 200 1150
186.154.154.13 - - [04/Jan/2015:18:52:31 -0500] "GET /BLA/boletinlegal/js/jquery.scrollShow.js HTTP/1.1" 200 4586
190.158.139.139 - - [04/Jan/2015:18:52:32 -0500] "GET /galeria/nivo-slider/themes/default/arrows.png HTTP/1.1" 200 824
190.158.139.139 - - [04/Jan/2015:18:52:32 -0500] "GET /galeria/nivo-slider/themes/default/bullets.png HTTP/1.1" 200 1281
201.184.95.190 - - [04/Jan/2015:18:52:33 -0500] "POST /forms/lservlet;jsessionid=ac16012b30d58d28b9a60e5845da9dca86d0c67c5c46.e3iSbxaKaheRe34Sa3yKbhiTahb0n6jAmljGr5XDqQLvpAe HTTP/1.1" 200 2
190.158.139.139 - - [04/Jan/2015:18:52:35 -0500] "GET /videos/Spot_CambioClimatico.flv HTTP/1.1" 200 4371917
66.249.64.171 - - [04/Jan/2015:18:52:47 -0500] "GET /BLA/resoluciones/RESOLUCIONES%202010/0225.pdf HTTP/1.1" 200 405651
201.184.95.190 - - [04/Jan/2015:18:52:52 -0500] "POST /forms/lservlet;jsessionid=ac16012b30d58d28b9a60e5845da9dca86d0c67c5c46.e3iSbxaKaheRe34Sa3yKbhiTahb0n6jAmljGr5XDqQLvpAe HTTP/1.1" 200 72
201.184.95.190 - - [04/Jan/2015:18:52:53 -0500] "POST /forms/lservlet;jsessionid=ac16012b30d58d28b9a60e5845da9dca86d0c67c5c46.e3iSbxaKaheRe34Sa3yKbhiTahb0n6jAmljGr5XDqQLvpAe HTTP/1.1" 200 2
201.184.95.190 - - [04/Jan/2015:18:52:53 -0500] "POST /forms/lservlet;jsessionid=ac16012b30d58d28b9a60e5845da9dca86d0c67c5c46.e3iSbxaKaheRe34Sa3yKbhiTahb0n6jAmljGr5XDqQLvpAe HTTP/1.1" 200 2607
201.184.95.190 - - [04/Jan/2015:18:52:53 -0500] "GET /imagenes/Srch_frw.gif HTTP/1.1" 200 925
201.184.95.190 - - [04/Jan/2015:18:52:53 -0500] "POST /forms/lservlet;jsessionid=ac16012b30d58d28b9a60e5845da9dca86d0c67c5c46.e3iSbxaKaheRe34Sa3yKbhiTahb0n6jAmljGr5XDqQLvpAe HTTP/1.1" 200 10
201.184.95.190 - - [04/Jan/2015:18:52:55 -0500] "POST /forms/lservlet;jsessionid=ac16012b30d58d28b9a60e5845da9dca86d0c67c5c46.e3iSbxaKaheRe34Sa3yKbhiTahb0n6jAmljGr5XDqQLvpAe HTTP/1.1" 200 24
201.184.95.190 - - [04/Jan/2015:18:52:55 -0500] "POST /forms/lservlet;jsessionid=ac16012b30d58d28b9a60e5845da9dca86d0c67c5c46.e3iSbxaKaheRe34Sa3yKbhiTahb0n6jAmljGr5XDqQLvpAe HTTP/1.1" 200 4296
190.158.139.139 - - [04/Jan/2015:18:52:57 -0500] "GET /videos/ArchivoSDA.flv HTTP/1.1" 200 31205279
201.184.95.190 - - [04/Jan/2015:18:52:57 -0500] "POST /forms/lservlet;jsessionid=ac16012b30d58d28b9a60e5845da9dca86d0c67c5c46.e3iSbxaKaheRe34Sa3yKbhiTahb0n6jAmljGr5XDqQLvpAe HTTP/1.1" 200 2
201.184.95.190 - - [04/Jan/2015:18:52:57 -0500] "GET /forest/session.jsp?a=0.9998699463903904 HTTP/1.1" 200 4
180.76.6.42 - - [04/Jan/2015:18:52:58 -0500] "GET /BLA/resoluciones/AUTOS%202009/3249.pdf HTTP/1.1" 200 193252
186.28.98.70 - - [04/Jan/2015:18:53:01 -0500] "GET /BLA/boletinlegal/js/jquery.js HTTP/1.1" 200 57254
186.28.98.70 - - [04/Jan/2015:18:53:01 -0500] "GET /BLA/boletinlegal/js/jquery.scrollTo-min.js HTTP/1.1" 200 1150
186.28.98.70 - - [04/Jan/2015:18:53:01 -0500] "GET /BLA/boletinlegal/js/jquery.scrollShow.js HTTP/1.1" 200 4586
66.249.64.39 - - [04/Jan/2015:18:53:11 -0500] "GET /Autoliquidacion/Solicitudes%20relacionadas%20con%20calidad%20del%20aire%20auditiva%20y%20visual/Registro%20de%20Elementos%20de%20publicidad%20Exterior%20Visual/Aplicativo%20PEV%202014.htm HTTP/1.1" 200 327
190.158.28.183 - - [04/Jan/2015:18:53:13 -0500] "GET /galeria/carrusel/Carrusel/jquery-ui-1.8.13.custom.min.js HTTP/1.1" 200 10800
190.158.28.183 - - [04/Jan/2015:18:53:13 -0500] "GET /galeria/carrusel/Carrusel/jquery.thumbnailScroller.css HTTP/1.1" 200 2066
190.158.28.183 - - [04/Jan/2015:18:53:13 -0500] "GET /BLA/boletinlegal/js/jquery.scrollTo-min.js HTTP/1.1" 200 1150
190.158.28.183 - - [04/Jan/2015:18:53:13 -0500] "GET /BLA/boletinlegal/js/jquery.scrollShow.js HTTP/1.1" 200 4586
190.158.28.183 - - [04/Jan/2015:18:53:13 -0500] "GET /galeria/carrusel/Carrusel/jquery.thumbnailScroller.js HTTP/1.1" 200 8157
190.158.28.183 - - [04/Jan/2015:18:53:13 -0500] "GET /BLA/boletinlegal/js/jquery.js HTTP/1.1" 200 57254
190.158.28.183 - - [04/Jan/2015:18:53:16 -0500] "GET /galeria/nivo-slider/demo/demo.html HTTP/1.1" 200 3150
190.158.28.183 - - [04/Jan/2015:18:53:18 -0500] "GET /galeria/nivo-slider/themes/default/default.css HTTP/1.1" 200 1569
190.158.28.183 - - [04/Jan/2015:18:53:18 -0500] "GET /galeria/nivo-slider/themes/pascal/pascal.css HTTP/1.1" 200 2258
190.158.28.183 - - [04/Jan/2015:18:53:18 -0500] "GET /galeria/nivo-slider/demo/images/Ruta-vertimientos-01.jpg HTTP/1.1" 200 130151
190.158.28.183 - - [04/Jan/2015:18:53:18 -0500] "GET /galeria/nivo-slider/nivo-slider.css HTTP/1.1" 200 1507
190.158.28.183 - - [04/Jan/2015:18:53:18 -0500] "GET /galeria/nivo-slider/themes/orman/orman.css HTTP/1.1" 200 2152
190.158.28.183 - - [04/Jan/2015:18:53:18 -0500] "GET /galeria/nivo-slider/demo/style.css HTTP/1.1" 200 2222
190.158.28.183 - - [04/Jan/2015:18:53:18 -0500] "GET /galeria/nivo-slider/demo/images/bolsas-06.jpg HTTP/1.1" 200 90982
190.158.28.183 - - [04/Jan/2015:18:53:18 -0500] "GET /galeria/nivo-slider/demo/images/bolsas-08.jpg HTTP/1.1" 200 85589
190.158.28.183 - - [04/Jan/2015:18:53:18 -0500] "GET /galeria/nivo-slider/demo/images/porloshumedales.jpg HTTP/1.1" 200 351238
190.158.28.183 - - [04/Jan/2015:18:53:18 -0500] "GET /galeria/nivo-slider/demo/images/ecolecta-Dic2014.png HTTP/1.1" 200 288593
190.158.28.183 - - [04/Jan/2015:18:53:18 -0500] "GET /galeria/nivo-slider/demo/images/banner-redes.jpg HTTP/1.1" 200 62209
190.158.28.183 - - [04/Jan/2015:18:53:18 -0500] "GET /galeria/nivo-slider/demo/images/Banner-Caracol-Africano.jpg HTTP/1.1" 200 331986
190.158.28.183 - - [04/Jan/2015:18:53:18 -0500] "GET /galeria/nivo-slider/demo/images/Tingua-azul.jpg HTTP/1.1" 200 307638
190.158.28.183 - - [04/Jan/2015:18:53:18 -0500] "GET /galeria/nivo-slider/demo/images/banner-llantas2.jpg HTTP/1.1" 200 73153
190.158.28.183 - - [04/Jan/2015:18:53:18 -0500] "GET /galeria/nivo-slider/demo/images/banner-caballos.png HTTP/1.1" 200 389106
