201.184.95.190 - - [04/Jan/2015:17:55:48 -0500] "GET /forest/system/process.jsp?numPro=2023766 HTTP/1.1" 200 12585
201.184.95.190 - - [04/Jan/2015:17:55:48 -0500] "GET /forest/system/process.jsp?numPro=2023766 HTTP/1.1" 200 12585
66.249.64.163 - - [04/Jan/2015:17:55:49 -0500] "GET /BLA/resoluciones/RESOLUCIONES%202010/3093.pdf HTTP/1.1" 304 -
181.50.241.109 - - [04/Jan/2015:17:55:49 -0500] "POST /forms/lservlet;jsessionid=ac16012b30d52a185366133943c4afb3b3347df04e04.e3iSbxaKaheRe34Sa3yKbhiTahb0n6jAmljGr5XDqQLvpAe HTTP/1.1" 200 2
201.184.95.190 - - [04/Jan/2015:17:55:51 -0500] "GET /forest/documentos/126477/2007ER1400.PDF HTTP/1.1" 200 214
201.184.95.190 - - [04/Jan/2015:17:55:55 -0500] "GET /forest/skins/gdocs-jar/popup/popup.jsp?width=900&height=600&title=Informaci%F3n%20de%20proceso&uri=/forest/system/process.jsp%3FnumPro%3D2023765&name=undefined&_a=0.20517646009102464&a=0.09908249019645154 HTTP/1.1" 200 1312
201.184.95.190 - - [04/Jan/2015:17:55:56 -0500] "GET /forest/system/process.jsp?numPro=2023765 HTTP/1.1" 200 12635
201.184.95.190 - - [04/Jan/2015:17:55:56 -0500] "GET /forest/system/process.jsp?numPro=2023765 HTTP/1.1" 200 12635
201.184.95.190 - - [04/Jan/2015:17:55:59 -0500] "GET /forest/documentos/126477/2007ER1400.PDF HTTP/1.1" 200 214
201.184.95.190 - - [04/Jan/2015:17:56:02 -0500] "GET /forest/session.jsp?a=0.4604880732949823 HTTP/1.1" 200 4
201.184.95.190 - - [04/Jan/2015:17:56:07 -0500] "GET /forest/skins/gdocs-jar/popup/popup.jsp?width=900&height=600&title=Informaci%F3n%20de%20proceso&uri=/forest/system/process.jsp%3FnumPro%3D2023764&name=undefined&_a=0.37384142563678324&a=0.3127883318811655 HTTP/1.1" 200 1312
201.184.95.190 - - [04/Jan/2015:17:56:07 -0500] "GET /forest/system/process.jsp?numPro=2023764 HTTP/1.1" 200 12540
201.184.95.190 - - [04/Jan/2015:17:56:07 -0500] "GET /forest/system/process.jsp?numPro=2023764 HTTP/1.1" 200 12540
201.184.95.190 - - [04/Jan/2015:17:56:13 -0500] "GET /forest/documentos/126477/2007ER1400.PDF HTTP/1.1" 200 214
201.184.95.190 - - [04/Jan/2015:17:56:19 -0500] "GET /forest/skins/gdocs-jar/popup/popup.jsp?width=900&height=600&title=Informaci%F3n%20de%20proceso&uri=/forest/system/process.jsp%3FnumPro%3D2023762&name=undefined&_a=0.43557178997434676&a=0.1140825639013201 HTTP/1.1" 200 1312
201.184.95.190 - - [04/Jan/2015:17:56:19 -0500] "GET /forest/system/process.jsp?numPro=2023762 HTTP/1.1" 200 12495
201.184.95.190 - - [04/Jan/2015:17:56:19 -0500] "GET /forest/system/process.jsp?numPro=2023762 HTTP/1.1" 200 12495
201.184.95.190 - - [04/Jan/2015:17:56:23 -0500] "GET /forest/skins/gdocs-jar/popup/popup.jsp?width=900&height=600&title=Informaci%F3n%20de%20proceso&uri=/forest/system/process.jsp%3FnumPro%3D126265&name=undefined&_a=0.6085813110694289&a=0.3635169172193855 HTTP/1.1" 200 1311
201.184.95.190 - - [04/Jan/2015:17:56:24 -0500] "GET /forest/system/process.jsp?numPro=126265 HTTP/1.1" 200 12503
201.184.95.190 - - [04/Jan/2015:17:56:25 -0500] "GET /forest/system/process.jsp?numPro=126265 HTTP/1.1" 200 12503
66.249.64.171 - - [04/Jan/2015:17:56:26 -0500] "GET /BLA/resoluciones/RESOLUCIONES%202010/6445.pdf HTTP/1.1" 304 -
186.28.207.57 - - [04/Jan/2015:17:56:33 -0500] "GET /BLA/boletinlegal/js/jquery.js HTTP/1.1" 200 57254
186.28.207.57 - - [04/Jan/2015:17:56:33 -0500] "GET /BLA/boletinlegal/js/jquery.scrollTo-min.js HTTP/1.1" 200 1150
186.28.207.57 - - [04/Jan/2015:17:56:33 -0500] "GET /BLA/boletinlegal/js/jquery.scrollShow.js HTTP/1.1" 200 4586
74.86.158.107 - - [04/Jan/2015:17:56:42 -0500] "HEAD / HTTP/1.1" 302 -
66.249.64.171 - - [04/Jan/2015:17:57:04 -0500] "GET /BLA/resoluciones/RESOLUCIONES%202010/2154.pdf HTTP/1.1" 304 -
201.184.95.190 - - [04/Jan/2015:17:57:13 -0500] "GET /forest/session.jsp?a=0.5903195976279676 HTTP/1.1" 200 4
201.184.95.190 - - [04/Jan/2015:17:57:14 -0500] "GET /forest/session.jsp?a=0.9597330722026527 HTTP/1.1" 200 4
66.249.64.167 - - [04/Jan/2015:17:57:14 -0500] "GET /galeria/nivo-slider/demo/style.css HTTP/1.1" 200 2222
66.249.64.171 - - [04/Jan/2015:17:57:14 -0500] "GET /galeria/nivo-slider/themes/pascal/pascal.css HTTP/1.1" 200 2258
66.249.64.171 - - [04/Jan/2015:17:57:15 -0500] "GET /galeria/nivo-slider/jquery.nivo.slider.pack.js HTTP/1.1" 200 11561
66.249.64.171 - - [04/Jan/2015:17:57:16 -0500] "GET /galeria/nivo-slider/demo/scripts/jquery-1.7.1.min.js HTTP/1.1" 200 93868
66.249.64.171 - - [04/Jan/2015:17:57:17 -0500] "GET /galeria/nivo-slider/themes/orman/orman.css HTTP/1.1" 200 2152
66.249.64.163 - - [04/Jan/2015:17:57:18 -0500] "GET /galeria/nivo-slider/nivo-slider.css HTTP/1.1" 200 1507
66.249.64.167 - - [04/Jan/2015:17:57:18 -0500] "GET /galeria/nivo-slider/themes/default/default.css HTTP/1.1" 200 1569
66.249.64.163 - - [04/Jan/2015:17:57:19 -0500] "GET /galeria/nivo-slider/demo/demo.html HTTP/1.1" 200 3150
188.165.15.94 - - [04/Jan/2015:17:57:31 -0500] "GET /BLA/resoluciones/RESOLUCIONES%202003/RES%202003%20901-950/936.tif HTTP/1.1" 200 177032
66.249.64.163 - - [04/Jan/2015:17:57:41 -0500] "GET /BLA/resoluciones/AUTOS%202014/0988.pdf HTTP/1.1" 200 551216
181.50.241.109 - - [04/Jan/2015:17:57:49 -0500] "POST /forms/lservlet;jsessionid=ac16012b30d52a185366133943c4afb3b3347df04e04.e3iSbxaKaheRe34Sa3yKbhiTahb0n6jAmljGr5XDqQLvpAe HTTP/1.1" 200 2
66.249.64.171 - - [04/Jan/2015:17:58:06 -0500] "GET /BLA/resoluciones/AUTOS%202012/0322.pdf HTTP/1.1" 200 314090
188.165.15.27 - - [04/Jan/2015:17:58:10 -0500] "GET /BLA/resoluciones/index.php?dir=RESOLUCIONES%202006/RES%202006%20751-800/&sort=name&order=desc HTTP/1.1" 200 12234
66.249.64.167 - - [04/Jan/2015:17:58:19 -0500] "GET /BLA/resoluciones/RESOLUCIONES%202010/0025.pdf HTTP/1.1" 200 410648
188.165.15.195 - - [04/Jan/2015:17:58:21 -0500] "GET /BLA/resoluciones/RESOLUCIONES%202006/RES%202006%201251-1300/00001269.tif HTTP/1.1" 200 241618
66.249.64.167 - - [04/Jan/2015:17:58:57 -0500] "GET /BLA/resoluciones/RESOLUCIONES%202011/1654.pdf HTTP/1.1" 200 66919
207.46.13.113 - - [04/Jan/2015:17:59:07 -0500] "GET /BLA/boletinlegal/images/screen_3.png HTTP/1.1" 200 211853
95.82.251.6 - - [04/Jan/2015:17:59:26 -0500] "GET /webdav/x32.php HTTP/1.1" 404 1018
66.249.64.167 - - [04/Jan/2015:17:59:34 -0500] "GET /BLA/resoluciones/AUTOS%202009/2393.pdf HTTP/1.1" 304 -
181.50.241.109 - - [04/Jan/2015:17:59:49 -0500] "POST /forms/lservlet;jsessionid=ac16012b30d52a185366133943c4afb3b3347df04e04.e3iSbxaKaheRe34Sa3yKbhiTahb0n6jAmljGr5XDqQLvpAe HTTP/1.1" 200 2
186.30.159.137 - - [04/Jan/2015:18:00:08 -0500] "GET /BLA/boletinlegal/js/jquery.js HTTP/1.1" 200 57254
186.30.159.137 - - [04/Jan/2015:18:00:08 -0500] "GET /BLA/boletinlegal/js/jquery.scrollTo-min.js HTTP/1.1" 200 1150
186.30.159.137 - - [04/Jan/2015:18:00:08 -0500] "GET /BLA/boletinlegal/js/jquery.scrollShow.js HTTP/1.1" 200 4586
66.249.64.167 - - [04/Jan/2015:18:00:12 -0500] "GET /BLA/resoluciones/RESOLUCIONES%202012/0801.pdf HTTP/1.1" 304 -
181.54.218.162 - - [04/Jan/2015:18:00:18 -0500] "GET /videos/Spot_CambioClimatico.flv HTTP/1.1" 206 1
181.54.218.162 - - [04/Jan/2015:18:00:18 -0500] "GET /videos/Spot_CambioClimatico.flv HTTP/1.1" 206 117754
66.249.64.47 - - [04/Jan/2015:18:00:49 -0500] "GET /ecodirectorio/files/res/pages/page_0001.swf HTTP/1.1" 200 294490
66.249.64.167 - - [04/Jan/2015:18:00:55 -0500] "GET /BLA/resoluciones/RESOLUCIONES%202007/RES%202007%203601%20AL%203700/RESOLUCION%203619%20DE%202007.pdf HTTP/1.1" 200 998334
201.184.95.190 - - [04/Jan/2015:18:01:02 -0500] "GET /forest/session.jsp?a=0.34844931843690574 HTTP/1.1" 200 4
188.165.15.177 - - [04/Jan/2015:18:01:05 -0500] "GET /BLA/resoluciones/RESOLUCIONES%202006/RES%202006%20351-400/00000376.tif HTTP/1.1" 200 35216
66.249.64.163 - - [04/Jan/2015:18:01:27 -0500] "GET /BLA/resoluciones/RESOLUCIONES%202007/RES%202007%201401%20AL%201500/RESOLUCION%201441%20DE%202007.pdf HTTP/1.1" 200 283821
74.86.158.107 - - [04/Jan/2015:18:01:42 -0500] "HEAD / HTTP/1.1" 302 -
181.50.241.109 - - [04/Jan/2015:18:01:49 -0500] "POST /forms/lservlet;jsessionid=ac16012b30d52a185366133943c4afb3b3347df04e04.e3iSbxaKaheRe34Sa3yKbhiTahb0n6jAmljGr5XDqQLvpAe HTTP/1.1" 200 2
95.82.251.6 - - [04/Jan/2015:18:01:59 -0500] "GET /webdav/x32.php HTTP/1.1" 404 1018
66.249.64.171 - - [04/Jan/2015:18:02:04 -0500] "GET /BLA/resoluciones/RESOLUCIONES%202007/RES%202007%202301%20AL%202400/RESOLUCION%202360%20DE%202007.pdf HTTP/1.1" 200 83624
100.43.85.25 - - [04/Jan/2015:18:02:11 -0500] "GET /galeria/juegos/texturesExport/?C=D;O=A HTTP/1.1" 200 796
201.184.95.190 - - [04/Jan/2015:18:02:13 -0500] "GET /forest/session.jsp?a=0.21027452149428427 HTTP/1.1" 200 4
201.184.95.190 - - [04/Jan/2015:18:02:14 -0500] "GET /forest/session.jsp?a=0.28985552210360765 HTTP/1.1" 200 4
181.135.92.108 - - [04/Jan/2015:18:02:26 -0500] "GET /BLA/boletinlegal/js/jquery.js HTTP/1.1" 200 57254
181.135.92.108 - - [04/Jan/2015:18:02:26 -0500] "GET /BLA/boletinlegal/js/jquery.scrollTo-min.js HTTP/1.1" 200 1150
181.135.92.108 - - [04/Jan/2015:18:02:26 -0500] "GET /BLA/boletinlegal/js/jquery.scrollShow.js HTTP/1.1" 200 4586
66.249.64.171 - - [04/Jan/2015:18:02:42 -0500] "GET /BLA/resoluciones/RESOLUCIONES%202007/RES%202007%20801%20AL%20900/RESOLUCION%200850%20DE%202007.pdf HTTP/1.1" 200 369770
186.31.103.84 - - [04/Jan/2015:18:02:43 -0500] "GET /BLA/resoluciones/index.php?dir= HTTP/1.1" 200 6952
180.76.6.136 - - [04/Jan/2015:18:02:43 -0500] "GET /BLA/resoluciones/RESOLUCIONES%202011/1312.pdf HTTP/1.1" 200 71379
201.184.95.190 - - [04/Jan/2015:18:02:43 -0500] "GET /forest/skins/gdocs-jar/popup/popup.jsp?width=1100&height=500&title=Buscar%20documentos&uri=/forest/buscar.do%3Ftype%3Ddocumentos&name=undefined&_a=0.31771191372536123&a=0.47224614256992936 HTTP/1.1" 200 1300
186.31.103.84 - - [04/Jan/2015:18:02:43 -0500] "GET /BLA/resoluciones/dlf/styles.css HTTP/1.1" 200 3049
186.31.103.84 - - [04/Jan/2015:18:02:43 -0500] "GET /BLA/resoluciones/dlf/folder.png HTTP/1.1" 200 410
201.184.95.190 - - [04/Jan/2015:18:02:43 -0500] "GET /forest/buscar.do?type=documentos HTTP/1.1" 200 18149
186.31.103.84 - - [04/Jan/2015:18:02:43 -0500] "GET /BLA/resoluciones/dlf/bg.gif HTTP/1.1" 200 54
186.31.103.84 - - [04/Jan/2015:18:02:44 -0500] "GET /favicon.ico HTTP/1.1" 200 7782
201.184.95.190 - - [04/Jan/2015:18:02:43 -0500] "GET /forest/buscar.do?type=documentos HTTP/1.1" 200 84837
201.184.95.190 - - [04/Jan/2015:18:02:44 -0500] "GET /forest/json.do?query=usersByDep&coddep=2013 HTTP/1.1" 200 6142
201.184.95.190 - - [04/Jan/2015:18:02:45 -0500] "GET /forest/json.do?query=versionListadas HTTP/1.1" 200 15
201.184.95.190 - - [04/Jan/2015:18:02:45 -0500] "GET /forest/json.do?query=usersByDep&coddep=2013 HTTP/1.1" 200 6142
201.184.95.190 - - [04/Jan/2015:18:02:45 -0500] "GET /forest/json.do?query=procesIniciales HTTP/1.1" 200 10001
201.184.95.190 - - [04/Jan/2015:18:02:46 -0500] "POST /forest/buscar.do? HTTP/1.1" 200 15208
201.184.95.190 - - [04/Jan/2015:18:02:49 -0500] "GET /forest/skins/gdocs-jar/popup/popup.jsp?width=900&height=600&title=Informaci%F3n%20de%20proceso&uri=/forest/system/process.jsp%3FnumPro%3D557673&name=undefined&_a=0.40800295025110245&a=0.3238466032780707 HTTP/1.1" 200 1311
201.184.95.190 - - [04/Jan/2015:18:02:49 -0500] "GET /forest/system/process.jsp?numPro=557673 HTTP/1.1" 200 12607
201.184.95.190 - - [04/Jan/2015:18:02:49 -0500] "GET /forest/system/process.jsp?numPro=557673 HTTP/1.1" 200 12607
186.31.103.84 - - [04/Jan/2015:18:02:51 -0500] "GET /BLA/resoluciones/dlf/dirup.png HTTP/1.1" 200 644
186.31.103.84 - - [04/Jan/2015:18:02:51 -0500] "GET /BLA/resoluciones/dlf/pdf.gif HTTP/1.1" 200 272
201.184.95.190 - - [04/Jan/2015:18:02:52 -0500] "GET /forest/skins/gdocs-jar/popup/popup.jsp?width=850&height=380&title=Informaci%F3n%20del%20radicado&uri=/forest/system/document.jsp%3FcodDoc%3D346366&name=undefined&_a=0.5923809260129929&a=0.589895068667829 HTTP/1.1" 200 1314
201.184.95.190 - - [04/Jan/2015:18:02:52 -0500] "GET /forest/system/document.jsp?codDoc=346366 HTTP/1.1" 200 16376
201.184.95.190 - - [04/Jan/2015:18:02:52 -0500] "GET /forest/system/document.jsp?codDoc=346366 HTTP/1.1" 200 28813
201.184.95.190 - - [04/Jan/2015:18:02:54 -0500] "GET /forest/documentos/346366/2004ER43303.pdf HTTP/1.1" 200 214
66.249.64.171 - - [04/Jan/2015:18:02:55 -0500] "GET /BLA/resoluciones/RESOLUCIONES%202011/0604.pdf HTTP/1.1" 200 71427
66.249.64.171 - - [04/Jan/2015:18:02:57 -0500] "GET /BLA/resoluciones/RESOLUCIONES%202010/4236.pdf HTTP/1.1" 200 751553
186.31.103.84 - - [04/Jan/2015:18:02:48 -0500] "GET /BLA/resoluciones/index.php?dir=RESOLUCIONES+2009%2F HTTP/1.1" 200 1672912
66.249.64.171 - - [04/Jan/2015:18:03:19 -0500] "GET /BLA/resoluciones/AUTOS%202007/0719.pdf HTTP/1.1" 200 667047
186.31.103.84 - - [04/Jan/2015:18:03:22 -0500] "GET /BLA/resoluciones/RESOLUCIONES%202009/1849.pdf HTTP/1.1" 200 514946
188.165.15.214 - - [04/Jan/2015:18:03:34 -0500] "GET /BLA/resoluciones/index.php?dir=AUTOS%202005/&sort=size&order=asc HTTP/1.1" 200 1813
201.184.95.190 - - [04/Jan/2015:18:03:40 -0500] "GET /forest/skins/gdocs-jar/popup/popup.jsp?width=900&height=600&title=Informaci%F3n%20de%20proceso&uri=/forest/system/process.jsp%3FnumPro%3D557671&name=undefined&_a=0.21647711214609444&a=0.8384802194777876 HTTP/1.1" 200 1311
66.249.64.171 - - [04/Jan/2015:18:03:42 -0500] "GET /BLA/resoluciones/AUTOS%202008/1210.pdf HTTP/1.1" 200 81124
201.184.95.190 - - [04/Jan/2015:18:03:43 -0500] "GET /forest/system/process.jsp?numPro=557671 HTTP/1.1" 200 12601
201.184.95.190 - - [04/Jan/2015:18:03:43 -0500] "GET /forest/system/process.jsp?numPro=557671 HTTP/1.1" 200 12601
201.184.95.190 - - [04/Jan/2015:18:03:48 -0500] "GET /forest/documentos/346366/2004ER43303.PDF HTTP/1.1" 200 214
181.50.241.109 - - [04/Jan/2015:18:03:49 -0500] "POST /forms/lservlet;jsessionid=ac16012b30d52a185366133943c4afb3b3347df04e04.e3iSbxaKaheRe34Sa3yKbhiTahb0n6jAmljGr5XDqQLvpAe HTTP/1.1" 200 2
201.184.95.190 - - [04/Jan/2015:18:03:53 -0500] "GET /forest/skins/gdocs-jar/popup/popup.jsp?width=900&height=600&title=Informaci%F3n%20de%20proceso&uri=/forest/system/process.jsp%3FnumPro%3D557664&name=undefined&_a=0.43105700705200434&a=0.7287990159820765 HTTP/1.1" 200 1311
201.184.95.190 - - [04/Jan/2015:18:03:53 -0500] "GET /forest/system/process.jsp?numPro=557664 HTTP/1.1" 200 12601
201.184.95.190 - - [04/Jan/2015:18:03:53 -0500] "GET /forest/system/process.jsp?numPro=557664 HTTP/1.1" 200 12601
66.249.64.163 - - [04/Jan/2015:18:03:57 -0500] "GET /BLA/resoluciones/RESOLUCIONES%202010/5520.pdf HTTP/1.1" 304 -
201.184.95.190 - - [04/Jan/2015:18:03:58 -0500] "GET /forest/skins/gdocs-jar/popup/popup.jsp?width=900&height=600&title=Informaci%F3n%20de%20proceso&uri=/forest/system/process.jsp%3FnumPro%3D557665&name=undefined&_a=0.3050263123586774&a=0.8920140923000872 HTTP/1.1" 200 1311
201.184.95.190 - - [04/Jan/2015:18:03:58 -0500] "GET /forest/system/process.jsp?numPro=557665 HTTP/1.1" 200 12331
201.184.95.190 - - [04/Jan/2015:18:03:58 -0500] "GET /forest/system/process.jsp?numPro=557665 HTTP/1.1" 200 12331
201.184.95.190 - - [04/Jan/2015:18:04:01 -0500] "GET /forest/documentos/346366/2004ER43303.PDF HTTP/1.1" 200 214
201.184.95.190 - - [04/Jan/2015:18:04:05 -0500] "GET /forest/skins/gdocs-jar/popup/popup.jsp?width=900&height=600&title=Informaci%F3n%20de%20proceso&uri=/forest/system/process.jsp%3FnumPro%3D557666&name=undefined&_a=0.8486400356050581&a=0.3160882836673409 HTTP/1.1" 200 1311
201.184.95.190 - - [04/Jan/2015:18:04:06 -0500] "GET /forest/system/process.jsp?numPro=557666 HTTP/1.1" 200 12272
201.184.95.190 - - [04/Jan/2015:18:04:06 -0500] "GET /forest/system/process.jsp?numPro=557666 HTTP/1.1" 200 12272
201.184.95.190 - - [04/Jan/2015:18:04:11 -0500] "GET /forest/skins/gdocs-jar/popup/popup.jsp?width=900&height=600&title=Informaci%F3n%20de%20proceso&uri=/forest/system/process.jsp%3FnumPro%3D557667&name=undefined&_a=0.07272818242199719&a=0.9626219312194735 HTTP/1.1" 200 1311
201.184.95.190 - - [04/Jan/2015:18:04:11 -0500] "GET /forest/system/process.jsp?numPro=557667 HTTP/1.1" 200 12553
201.184.95.190 - - [04/Jan/2015:18:04:11 -0500] "GET /forest/system/process.jsp?numPro=557667 HTTP/1.1" 200 12553
201.184.95.190 - - [04/Jan/2015:18:04:16 -0500] "GET /forest/skins/gdocs-jar/popup/popup.jsp?width=900&height=600&title=Informaci%F3n%20de%20proceso&uri=/forest/system/process.jsp%3FnumPro%3D557668&name=undefined&_a=0.9018368923570961&a=0.3157246189657599 HTTP/1.1" 200 1311
201.184.95.190 - - [04/Jan/2015:18:04:16 -0500] "GET /forest/system/process.jsp?numPro=557668 HTTP/1.1" 200 12537
201.184.95.190 - - [04/Jan/2015:18:04:16 -0500] "GET /forest/system/process.jsp?numPro=557668 HTTP/1.1" 200 12537
201.184.95.190 - - [04/Jan/2015:18:04:22 -0500] "GET /forest/skins/gdocs-jar/popup/popup.jsp?width=900&height=600&title=Informaci%F3n%20de%20proceso&uri=/forest/system/process.jsp%3FnumPro%3D557669&name=undefined&_a=0.3957902519032359&a=0.22112243645824492 HTTP/1.1" 200 1311
201.184.95.190 - - [04/Jan/2015:18:04:22 -0500] "GET /forest/system/process.jsp?numPro=557669 HTTP/1.1" 200 12416
201.184.95.190 - - [04/Jan/2015:18:04:22 -0500] "GET /forest/system/process.jsp?numPro=557669 HTTP/1.1" 200 12416
201.184.95.190 - - [04/Jan/2015:18:04:27 -0500] "GET /forest/skins/gdocs-jar/popup/popup.jsp?width=900&height=600&title=Informaci%F3n%20de%20proceso&uri=/forest/system/process.jsp%3FnumPro%3D557670&name=undefined&_a=0.5468025163281709&a=0.7144134952686727 HTTP/1.1" 200 1311
201.184.95.190 - - [04/Jan/2015:18:04:27 -0500] "GET /forest/system/process.jsp?numPro=557670 HTTP/1.1" 200 12580
201.184.95.190 - - [04/Jan/2015:18:04:27 -0500] "GET /forest/system/process.jsp?numPro=557670 HTTP/1.1" 200 12580
201.184.95.190 - - [04/Jan/2015:18:04:29 -0500] "GET /forest/skins/gdocs-jar/popup/popup.jsp?width=850&height=380&title=Informaci%F3n%20del%20radicado&uri=/forest/system/document.jsp%3FcodDoc%3D346366&name=undefined&_a=0.4064149868208915&a=0.39368569757789373 HTTP/1.1" 200 1314
201.184.95.190 - - [04/Jan/2015:18:04:29 -0500] "GET /forest/system/document.jsp?codDoc=346366 HTTP/1.1" 200 28813
201.184.95.190 - - [04/Jan/2015:18:04:31 -0500] "GET /forest/documentos/346366/2004ER43303.pdf HTTP/1.1" 200 214
66.249.64.163 - - [04/Jan/2015:18:04:35 -0500] "GET /BLA/resoluciones/RESOLUCIONES%202013/0495.pdf HTTP/1.1" 304 -
201.184.95.190 - - [04/Jan/2015:18:04:44 -0500] "GET /forest/skins/gdocs-jar/popup/popup.jsp?width=900&height=600&title=Informaci%F3n%20de%20proceso&uri=/forest/system/process.jsp%3FnumPro%3D557670&name=undefined&_a=0.7687183441594243&a=0.697811092948541 HTTP/1.1" 200 1311
201.184.95.190 - - [04/Jan/2015:18:04:44 -0500] "GET /forest/system/process.jsp?numPro=557670 HTTP/1.1" 200 12580
201.184.95.190 - - [04/Jan/2015:18:04:44 -0500] "GET /forest/system/process.jsp?numPro=557670 HTTP/1.1" 200 12580
201.184.95.190 - - [04/Jan/2015:18:04:50 -0500] "GET /forest/skins/gdocs-jar/popup/popup.jsp?width=900&height=600&title=Informaci%F3n%20de%20proceso&uri=/forest/system/process.jsp%3FnumPro%3D557671&name=undefined&_a=0.10793097503483295&a=0.3156766009051353 HTTP/1.1" 200 1311
201.184.95.190 - - [04/Jan/2015:18:04:50 -0500] "GET /forest/system/process.jsp?numPro=557671 HTTP/1.1" 200 12601
201.184.95.190 - - [04/Jan/2015:18:04:51 -0500] "GET /forest/system/process.jsp?numPro=557671 HTTP/1.1" 200 12601
201.184.95.190 - - [04/Jan/2015:18:04:55 -0500] "GET /forest/skins/gdocs-jar/popup/popup.jsp?width=900&height=600&title=Informaci%F3n%20de%20proceso&uri=/forest/system/process.jsp%3FnumPro%3D557672&name=undefined&_a=0.3379531605169177&a=0.4787014299072325 HTTP/1.1" 200 1311
201.184.95.190 - - [04/Jan/2015:18:04:55 -0500] "GET /forest/system/process.jsp?numPro=557672 HTTP/1.1" 200 12597
201.184.95.190 - - [04/Jan/2015:18:04:55 -0500] "GET /forest/system/process.jsp?numPro=557672 HTTP/1.1" 200 12597
201.184.95.190 - - [04/Jan/2015:18:04:59 -0500] "GET /forest/skins/gdocs-jar/popup/popup.jsp?width=900&height=600&title=Informaci%F3n%20de%20proceso&uri=/forest/system/process.jsp%3FnumPro%3D557673&name=undefined&_a=0.35612878506071866&a=0.6033675896469504 HTTP/1.1" 200 1311
201.184.95.190 - - [04/Jan/2015:18:04:59 -0500] "GET /forest/system/process.jsp?numPro=557673 HTTP/1.1" 200 12607
201.184.95.190 - - [04/Jan/2015:18:04:59 -0500] "GET /forest/system/process.jsp?numPro=557673 HTTP/1.1" 200 12607
66.249.64.167 - - [04/Jan/2015:18:05:12 -0500] "GET /BLA/resoluciones/RESOLUCIONES%202008/1576.pdf HTTP/1.1" 304 -
186.31.103.84 - - [04/Jan/2015:18:05:46 -0500] "GET /BLA/resoluciones/RESOLUCIONES%202009/1848.pdf HTTP/1.1" 200 484172
188.165.15.110 - - [04/Jan/2015:18:05:47 -0500] "GET /BLA/resoluciones/RESOLUCIONES%202003/RES%202003%201001-1050/1039.tif HTTP/1.1" 200 144912
181.50.241.109 - - [04/Jan/2015:18:05:49 -0500] "POST /forms/lservlet;jsessionid=ac16012b30d52a185366133943c4afb3b3347df04e04.e3iSbxaKaheRe34Sa3yKbhiTahb0n6jAmljGr5XDqQLvpAe HTTP/1.1" 200 2
66.249.64.171 - - [04/Jan/2015:18:05:50 -0500] "GET /BLA/resoluciones/RESOLUCIONES%202010/2676.pdf HTTP/1.1" 304 -
201.184.95.190 - - [04/Jan/2015:18:06:02 -0500] "GET /forest/session.jsp?a=0.3520665622781962 HTTP/1.1" 200 4
186.31.103.84 - - [04/Jan/2015:18:06:06 -0500] "GET /BLA/resoluciones/RESOLUCIONES%202009/1846.pdf HTTP/1.1" 200 504327
66.249.64.171 - - [04/Jan/2015:18:06:27 -0500] "GET /BLA/resoluciones/AUTOS%202007/0969.pdf HTTP/1.1" 200 110786
66.249.64.171 - - [04/Jan/2015:18:06:32 -0500] "GET /BLA/resoluciones/RESOLUCIONES%202011/5341.pdf HTTP/1.1" 200 986864
74.86.158.107 - - [04/Jan/2015:18:06:42 -0500] "HEAD / HTTP/1.1" 302 -
186.31.103.84 - - [04/Jan/2015:18:06:31 -0500] "GET /BLA/resoluciones/index.php?dir=RESOLUCIONES+2010%2F HTTP/1.1" 200 1288157
186.31.103.84 - - [04/Jan/2015:18:06:50 -0500] "GET /BLA/resoluciones/RESOLUCIONES%202010/1849.pdf HTTP/1.1" 200 441135
188.165.15.110 - - [04/Jan/2015:18:06:53 -0500] "GET /BLA/resoluciones/RESOLUCIONES%202006/RES%202006%202551-2600/00002594.tif HTTP/1.1" 200 64406
66.249.64.163 - - [04/Jan/2015:18:07:05 -0500] "GET /BLA/resoluciones/AUTOS%202009/2762.pdf HTTP/1.1" 200 125585
201.184.95.190 - - [04/Jan/2015:18:07:13 -0500] "GET /forest/session.jsp?a=0.4709846416953951 HTTP/1.1" 200 4
201.184.95.190 - - [04/Jan/2015:18:07:14 -0500] "GET /forest/session.jsp?a=0.27520411694422364 HTTP/1.1" 200 4
186.31.103.84 - - [04/Jan/2015:18:07:24 -0500] "GET /BLA/resoluciones/RESOLUCIONES%202010/1846.pdf HTTP/1.1" 200 373300
95.82.251.6 - - [04/Jan/2015:18:07:40 -0500] "GET /webdav/x32.php?act=phptools&host=92.53.114.85&port=80&time=3600 HTTP/1.1" 404 1018
66.249.64.171 - - [04/Jan/2015:18:07:42 -0500] "GET /BLA/resoluciones/AUTOS%202011/2737.pdf HTTP/1.1" 200 359137
181.50.241.109 - - [04/Jan/2015:18:07:49 -0500] "POST /forms/lservlet;jsessionid=ac16012b30d52a185366133943c4afb3b3347df04e04.e3iSbxaKaheRe34Sa3yKbhiTahb0n6jAmljGr5XDqQLvpAe HTTP/1.1" 200 2
95.82.251.6 - - [04/Jan/2015:18:07:57 -0500] "GET /webdav/x32.php?act=phptools&host=92.53.114.85&port=80&time=3600 HTTP/1.1" 404 1018
220.181.108.102 - - [04/Jan/2015:18:08:12 -0500] "GET / HTTP/1.1" 302 -
66.249.64.171 - - [04/Jan/2015:18:08:20 -0500] "GET /BLA/resoluciones/RESOLUCIONES%202011/6523.pdf HTTP/1.1" 200 4659570
188.165.15.27 - - [04/Jan/2015:18:08:38 -0500] "GET /BLA/resoluciones/RESOLUCIONES%202006/RES%202006%202201-2250/00002208.tif HTTP/1.1" 200 243426
188.165.15.110 - - [04/Jan/2015:18:08:45 -0500] "GET /BLA/resoluciones/RESOLUCIONES%202005/RES%202005%202051-2100/00002059.tif HTTP/1.1" 200 147308
95.82.251.6 - - [04/Jan/2015:18:08:52 -0500] "GET /webdav/x32.php?act=phptools&host=92.53.114.85&port=80&time=3600 HTTP/1.1" 404 1018
95.82.251.6 - - [04/Jan/2015:18:08:52 -0500] "GET /webdav/x32.php?act=phptools&host=92.53.114.85&port=80&time=3600 HTTP/1.1" 404 1018
123.125.71.38 - - [04/Jan/2015:18:08:53 -0500] "GET / HTTP/1.1" 302 -
66.249.64.167 - - [04/Jan/2015:18:08:58 -0500] "GET /BLA/resoluciones/RESOLUCIONES%202009/2745.pdf HTTP/1.1" 200 389092
95.82.251.6 - - [04/Jan/2015:18:08:59 -0500] "GET /webdav/x32.php?act=phptools&host=92.53.114.85&port=80&time=3600 HTTP/1.1" 404 1018
95.82.251.6 - - [04/Jan/2015:18:08:59 -0500] "GET /webdav/x32.php?act=phptools&host=92.53.114.85&port=80&time=3600 HTTP/1.1" 404 1018
95.82.251.6 - - [04/Jan/2015:18:09:02 -0500] "GET /webdav/x32.php?act=phptools&host=92.53.114.85&port=80&time=3600 HTTP/1.1" 404 1018
95.82.251.6 - - [04/Jan/2015:18:09:06 -0500] "GET /webdav/x32.php?act=phptools&host=92.53.114.85&port=80&time=3600 HTTP/1.1" 404 1018
66.249.64.167 - - [04/Jan/2015:18:09:21 -0500] "GET /BLA/resoluciones/RESOLUCIONES%202007/RES%202007%202001%20AL%202100/RESOLUCION%202052%20DE%202007.pdf HTTP/1.1" 200 304965
66.249.64.163 - - [04/Jan/2015:18:09:35 -0500] "GET /BLA/resoluciones/RESOLUCIONES%202013/0852.pdf HTTP/1.1" 200 3113900
181.50.241.109 - - [04/Jan/2015:18:09:49 -0500] "POST /forms/lservlet;jsessionid=ac16012b30d52a185366133943c4afb3b3347df04e04.e3iSbxaKaheRe34Sa3yKbhiTahb0n6jAmljGr5XDqQLvpAe HTTP/1.1" 200 2
201.173.198.3 - - [04/Jan/2015:18:09:54 -0500] "GET /BLA/boletinlegal/js/jquery.js HTTP/1.1" 200 57254
201.173.198.3 - - [04/Jan/2015:18:09:54 -0500] "GET /BLA/boletinlegal/js/jquery.scrollTo-min.js HTTP/1.1" 200 1150
201.173.198.3 - - [04/Jan/2015:18:09:54 -0500] "GET /BLA/boletinlegal/js/jquery.scrollShow.js HTTP/1.1" 200 4586
180.76.5.58 - - [04/Jan/2015:18:09:54 -0500] "GET /BLA/resoluciones/RESOLUCIONES%202008/2982.pdf HTTP/1.1" 200 58502
188.165.15.196 - - [04/Jan/2015:18:10:03 -0500] "GET /BLA/resoluciones/RESOLUCIONES%202005/RES%202005%202901-2950/00002901.tif HTTP/1.1" 200 903056
95.82.251.6 - - [04/Jan/2015:18:10:03 -0500] "GET /webdav/x32.php?act=phptools&host=92.53.114.85&port=80&time=3600 HTTP/1.1" 404 1018
66.249.64.163 - - [04/Jan/2015:18:10:13 -0500] "GET /BLA/resoluciones/RESOLUCIONES%202008/1176.pdf HTTP/1.1" 304 -
186.145.154.105 - - [04/Jan/2015:18:10:17 -0500] "GET /BLA/boletinlegal/js/jquery.js HTTP/1.1" 200 57254
186.145.154.105 - - [04/Jan/2015:18:10:17 -0500] "GET /BLA/boletinlegal/js/jquery.scrollShow.js HTTP/1.1" 200 4586
186.145.154.105 - - [04/Jan/2015:18:10:17 -0500] "GET /galeria/carrusel/Carrusel/jquery.thumbnailScroller.css HTTP/1.1" 200 2066
186.145.154.105 - - [04/Jan/2015:18:10:17 -0500] "GET /BLA/boletinlegal/js/jquery.scrollTo-min.js HTTP/1.1" 200 1150
186.145.154.105 - - [04/Jan/2015:18:10:17 -0500] "GET /galeria/carrusel/Carrusel/jquery-ui-1.8.13.custom.min.js HTTP/1.1" 200 10800
186.145.154.105 - - [04/Jan/2015:18:10:17 -0500] "GET /galeria/carrusel/Carrusel/jquery.thumbnailScroller.js HTTP/1.1" 200 8157
186.145.154.105 - - [04/Jan/2015:18:10:18 -0500] "GET /galeria/nivo-slider/demo/demo.html HTTP/1.1" 200 3150
186.145.154.105 - - [04/Jan/2015:18:10:18 -0500] "GET /galeria/nivo-slider/themes/default/default.css HTTP/1.1" 200 1569
186.145.154.105 - - [04/Jan/2015:18:10:18 -0500] "GET /galeria/nivo-slider/nivo-slider.css HTTP/1.1" 200 1507
186.145.154.105 - - [04/Jan/2015:18:10:18 -0500] "GET /galeria/nivo-slider/themes/pascal/pascal.css HTTP/1.1" 200 2258
186.145.154.105 - - [04/Jan/2015:18:10:18 -0500] "GET /galeria/nivo-slider/themes/orman/orman.css HTTP/1.1" 200 2152
186.145.154.105 - - [04/Jan/2015:18:10:18 -0500] "GET /galeria/nivo-slider/demo/style.css HTTP/1.1" 200 2222
186.145.154.105 - - [04/Jan/2015:18:10:18 -0500] "GET /galeria/nivo-slider/demo/scripts/jquery-1.7.1.min.js HTTP/1.1" 200 93868
186.145.154.105 - - [04/Jan/2015:18:10:18 -0500] "GET /galeria/nivo-slider/demo/images/Ruta-vertimientos-01.jpg HTTP/1.1" 200 130151
186.145.154.105 - - [04/Jan/2015:18:10:18 -0500] "GET /galeria/nivo-slider/demo/images/bolsas-08.jpg HTTP/1.1" 200 85589
186.145.154.105 - - [04/Jan/2015:18:10:18 -0500] "GET /galeria/nivo-slider/jquery.nivo.slider.pack.js HTTP/1.1" 200 11561
186.145.154.105 - - [04/Jan/2015:18:10:19 -0500] "GET /galeria/nivo-slider/demo/images/bolsas-06.jpg HTTP/1.1" 200 90982
186.145.154.105 - - [04/Jan/2015:18:10:19 -0500] "GET /galeria/nivo-slider/demo/images/ecolecta-Dic2014.png HTTP/1.1" 200 288593
186.145.154.105 - - [04/Jan/2015:18:10:19 -0500] "GET /galeria/nivo-slider/demo/images/porloshumedales.jpg HTTP/1.1" 200 351238
186.145.154.105 - - [04/Jan/2015:18:10:19 -0500] "GET /galeria/nivo-slider/demo/images/Tingua-azul.jpg HTTP/1.1" 200 307638
186.145.154.105 - - [04/Jan/2015:18:10:20 -0500] "GET /galeria/nivo-slider/demo/images/Banner-Caracol-Africano.jpg HTTP/1.1" 200 331986
186.145.154.105 - - [04/Jan/2015:18:10:20 -0500] "GET /galeria/nivo-slider/demo/images/banner-redes.jpg HTTP/1.1" 200 62209
186.145.154.105 - - [04/Jan/2015:18:10:21 -0500] "GET /galeria/nivo-slider/demo/images/9Signos.jpg HTTP/1.1" 200 93040
186.145.154.105 - - [04/Jan/2015:18:10:22 -0500] "GET /galeria/nivo-slider/demo/images/banner-caballos.png HTTP/1.1" 200 389106
186.145.154.105 - - [04/Jan/2015:18:10:22 -0500] "GET /galeria/nivo-slider/demo/images/banner-llantas2.jpg HTTP/1.1" 200 73153
186.145.154.105 - - [04/Jan/2015:18:10:22 -0500] "GET /galeria/nivo-slider/demo/images/4Simple_Slider.png HTTP/1.1" 200 11722
186.145.154.105 - - [04/Jan/2015:18:10:22 -0500] "GET /galeria/nivo-slider/themes/default/loading.gif HTTP/1.1" 200 1737
186.145.154.105 - - [04/Jan/2015:18:10:23 -0500] "GET /galeria/nivo-slider/themes/default/arrows.png HTTP/1.1" 200 824
186.145.154.105 - - [04/Jan/2015:18:10:23 -0500] "GET /galeria/nivo-slider/themes/default/bullets.png HTTP/1.1" 200 1281
186.145.154.105 - - [04/Jan/2015:18:10:24 -0500] "GET /videos/Spot_CambioClimatico.flv HTTP/1.1" 200 4371917
201.184.95.190 - - [04/Jan/2015:18:10:49 -0500] "GET /forest/skins/gdocs-jar/popup/popup.jsp?width=1100&height=500&title=Buscar%20documentos&uri=/forest/buscar.do%3Ftype%3Ddocumentos&name=undefined&_a=0.7195047666318715&a=0.45784490718506277 HTTP/1.1" 200 1300
201.184.95.190 - - [04/Jan/2015:18:10:49 -0500] "GET /forest/buscar.do?type=documentos HTTP/1.1" 200 18149
66.249.64.39 - - [04/Jan/2015:18:10:50 -0500] "GET /ecodirectorio/files/res/pages/page_0003.swf HTTP/1.1" 200 232880
201.184.95.190 - - [04/Jan/2015:18:10:50 -0500] "GET /forest/buscar.do?type=documentos HTTP/1.1" 200 84837
201.184.95.190 - - [04/Jan/2015:18:10:51 -0500] "GET /forest/json.do?query=usersByDep&coddep=2013 HTTP/1.1" 200 6142
201.184.95.190 - - [04/Jan/2015:18:10:51 -0500] "GET /forest/json.do?query=versionListadas HTTP/1.1" 200 15
201.184.95.190 - - [04/Jan/2015:18:10:51 -0500] "GET /forest/json.do?query=usersByDep&coddep=2013 HTTP/1.1" 200 6142
201.184.95.190 - - [04/Jan/2015:18:10:51 -0500] "GET /forest/json.do?query=procesIniciales HTTP/1.1" 200 10001
201.184.95.190 - - [04/Jan/2015:18:10:55 -0500] "POST /forest/buscar.do? HTTP/1.1" 200 9953
201.184.95.190 - - [04/Jan/2015:18:10:57 -0500] "GET /forest/skins/gdocs-jar/popup/popup.jsp?width=900&height=600&title=Informaci%F3n%20de%20proceso&uri=/forest/system/process.jsp%3FnumPro%3D515878&name=undefined&_a=0.3103058224078268&a=0.2895335357170552 HTTP/1.1" 200 1311
201.184.95.190 - - [04/Jan/2015:18:10:57 -0500] "GET /forest/system/process.jsp?numPro=515878 HTTP/1.1" 200 12655
201.184.95.190 - - [04/Jan/2015:18:10:57 -0500] "GET /forest/system/process.jsp?numPro=515878 HTTP/1.1" 200 12655
201.184.95.190 - - [04/Jan/2015:18:11:03 -0500] "GET /forest/session.jsp?a=0.49030502792447805 HTTP/1.1" 200 4
188.165.15.195 - - [04/Jan/2015:18:11:27 -0500] "GET /BLA/resoluciones/RESOLUCIONES%202005/RES%202005%20601-650/00000627.tif HTTP/1.1" 200 283488
66.249.64.171 - - [04/Jan/2015:18:11:28 -0500] "GET /BLA/resoluciones/RESOLUCIONES%202007/RES%202007%202801%20AL%202900/RESOLUCION%202879%20%20DE%202007.pdf HTTP/1.1" 200 195868
74.86.158.107 - - [04/Jan/2015:18:11:42 -0500] "HEAD / HTTP/1.1" 302 -
181.50.241.109 - - [04/Jan/2015:18:11:49 -0500] "POST /forms/lservlet;jsessionid=ac16012b30d52a185366133943c4afb3b3347df04e04.e3iSbxaKaheRe34Sa3yKbhiTahb0n6jAmljGr5XDqQLvpAe HTTP/1.1" 200 2
66.249.64.171 - - [04/Jan/2015:18:12:05 -0500] "GET /BLA/resoluciones/RESOLUCIONES%202007/RES%202007%20601%20AL%20700/RESOLUCION%200655%20DE%202007.pdf HTTP/1.1" 200 519280
66.249.64.163 - - [04/Jan/2015:18:12:08 -0500] "GET /BLA/resoluciones/RESOLUCIONES%202007/RES%202007%204001%20AL%204100/RESOLUCION%204089%20DE%202007.pdf HTTP/1.1" 200 902707
201.184.95.190 - - [04/Jan/2015:18:12:14 -0500] "GET /forest/session.jsp?a=0.24875523685477674 HTTP/1.1" 200 4
201.184.95.190 - - [04/Jan/2015:18:12:15 -0500] "GET /forest/session.jsp?a=0.5231587116140872 HTTP/1.1" 200 4
188.165.15.196 - - [04/Jan/2015:18:12:35 -0500] "GET /BLA/resoluciones/RESOLUCIONES%202002/RES%202002%201701-1750/20021707.tif HTTP/1.1" 200 194356
66.249.64.163 - - [04/Jan/2015:18:12:43 -0500] "GET /BLA/resoluciones/RESOLUCIONES%202007/RES%202007%202001%20AL%202100/RESOLUCION%202092%20DE%202007.pdf HTTP/1.1" 304 -
66.249.64.167 - - [04/Jan/2015:18:13:06 -0500] "GET /BLA/resoluciones/AUTOS%202006/AUTOS%202006%20401-500/00000462.tif HTTP/1.1" 200 48296
188.165.15.214 - - [04/Jan/2015:18:13:12 -0500] "GET /BLA/resoluciones/RESOLUCIONES%202003/RES%202003%20551-600/563.tif HTTP/1.1" 200 123256
188.165.15.110 - - [04/Jan/2015:18:13:15 -0500] "GET /BLA/resoluciones/RESOLUCIONES%202005/RES%202005%201401-1450/00001405.tif HTTP/1.1" 200 117946
66.249.64.163 - - [04/Jan/2015:18:13:20 -0500] "GET /BLA/resoluciones/RESOLUCIONES%202007/RES%202007%202101%20AL%202200/RESOLUCION%202155%20DE%202007.pdf HTTP/1.1" 200 702881
42.120.160.21 - - [04/Jan/2015:18:13:25 -0500] "GET / HTTP/1.1" 302 -
190.158.107.78 - - [04/Jan/2015:18:13:36 -0500] "GET /BLA/boletinlegal/styles2.css HTTP/1.1" 200 1838
190.158.107.78 - - [04/Jan/2015:18:13:36 -0500] "GET /BLA/boletinlegal/style.css HTTP/1.1" 200 9406
190.158.107.78 - - [04/Jan/2015:18:13:36 -0500] "GET /BLA/boletinlegal/js/jquery.scrollShow.js HTTP/1.1" 200 4586
190.158.107.78 - - [04/Jan/2015:18:13:36 -0500] "GET /BLA/boletinlegal/js/jquery.scrollTo-min.js HTTP/1.1" 200 1150
190.158.107.78 - - [04/Jan/2015:18:13:36 -0500] "GET /BLA/boletinlegal/js/jquery.js HTTP/1.1" 200 57254
190.158.107.78 - - [04/Jan/2015:18:13:36 -0500] "GET /BLA/boletinlegal/images/cabezote%20BLEGAL.jpg HTTP/1.1" 200 118164
190.158.107.78 - - [04/Jan/2015:18:13:36 -0500] "GET /BLA/boletinlegal/images/historia.png HTTP/1.1" 200 52775
190.158.107.78 - - [04/Jan/2015:18:13:36 -0500] "GET /BLA/boletinlegal/images/arr_l.jpg HTTP/1.1" 200 1979
190.158.107.78 - - [04/Jan/2015:18:13:36 -0500] "GET /BLA/boletinlegal/images/nuevo.gif HTTP/1.1" 200 26475
190.158.107.78 - - [04/Jan/2015:18:13:36 -0500] "GET /BLA/boletinlegal/images/screen_1.png HTTP/1.1" 200 202547
190.158.107.78 - - [04/Jan/2015:18:13:36 -0500] "GET /BLA/boletinlegal/images/subscribe-icon-big.png HTTP/1.1" 200 47702
190.158.107.78 - - [04/Jan/2015:18:13:37 -0500] "GET /BLA/boletinlegal/images/menu_rght.gif HTTP/1.1" 200 1627
190.158.107.78 - - [04/Jan/2015:18:13:37 -0500] "GET /BLA/boletinlegal/images/menu_lft.gif HTTP/1.1" 200 1713
190.158.107.78 - - [04/Jan/2015:18:13:37 -0500] "GET /BLA/boletinlegal/images/body_bg.jpg HTTP/1.1" 200 1601
190.158.107.78 - - [04/Jan/2015:18:13:37 -0500] "GET /BLA/boletinlegal/images/screen_5.png HTTP/1.1" 200 368876
190.158.107.78 - - [04/Jan/2015:18:13:37 -0500] "GET /BLA/boletinlegal/images/bg_top.jpg HTTP/1.1" 200 522
190.158.107.78 - - [04/Jan/2015:18:13:37 -0500] "GET /BLA/boletinlegal/images/menu_bg.jpg HTTP/1.1" 200 620
190.158.107.78 - - [04/Jan/2015:18:13:37 -0500] "GET /BLA/boletinlegal/images/screen_2.png HTTP/1.1" 200 362502
190.158.107.78 - - [04/Jan/2015:18:13:37 -0500] "GET /BLA/boletinlegal/images/screen_3.png HTTP/1.1" 200 211853
190.158.107.78 - - [04/Jan/2015:18:13:37 -0500] "GET /BLA/boletinlegal/images/text.jpg HTTP/1.1" 200 568
190.158.107.78 - - [04/Jan/2015:18:13:37 -0500] "GET /BLA/boletinlegal/images/footer_bg.jpg HTTP/1.1" 200 586
190.158.107.78 - - [04/Jan/2015:18:13:37 -0500] "GET /BLA/boletinlegal/images/arr_r.jpg HTTP/1.1" 200 1998
190.158.107.78 - - [04/Jan/2015:18:13:37 -0500] "GET /BLA/boletinlegal/images/hover.jpg HTTP/1.1" 200 640
190.158.107.78 - - [04/Jan/2015:18:13:37 -0500] "GET /BLA/boletinlegal/images/launch.jpg HTTP/1.1" 200 14577
190.158.107.78 - - [04/Jan/2015:18:13:43 -0500] "GET /BLA/boletinlegal/actos.php HTTP/1.1" 200 7534
190.158.107.78 - - [04/Jan/2015:18:13:43 -0500] "GET /BLA/boletinlegal/js/ajax_actos.js HTTP/1.1" 200 1322
190.158.107.78 - - [04/Jan/2015:18:13:43 -0500] "GET /BLA/boletinlegal/niceforms-default.css HTTP/1.1" 200 6694
190.158.107.78 - - [04/Jan/2015:18:13:43 -0500] "GET /BLA/boletinlegal/js/lib.js HTTP/1.1" 200 6474
190.158.107.78 - - [04/Jan/2015:18:13:43 -0500] "GET /BLA/boletinlegal/niceforms.js HTTP/1.1" 200 22876
190.158.107.78 - - [04/Jan/2015:18:13:43 -0500] "GET /BLA/boletinlegal/js/popup.js HTTP/1.1" 200 1270
190.158.107.78 - - [04/Jan/2015:18:13:43 -0500] "GET /BLA/boletinlegal/js/jquery1.js HTTP/1.1" 200 29846
190.158.107.78 - - [04/Jan/2015:18:13:43 -0500] "GET /BLA/boletinlegal/images/green-yellow-blue-pink-th.png HTTP/1.1" 200 7394
190.158.107.78 - - [04/Jan/2015:18:13:44 -0500] "GET /BLA/boletinlegal/images/abajo.png HTTP/1.1" 200 96676
190.158.107.78 - - [04/Jan/2015:18:13:44 -0500] "GET /BLA/boletinlegal/images/footer_bg_l.jpg HTTP/1.1" 200 776
190.158.107.78 - - [04/Jan/2015:18:13:44 -0500] "GET /BLA/boletinlegal/img/button.png HTTP/1.1" 200 43241
190.158.107.78 - - [04/Jan/2015:18:13:44 -0500] "GET /BLA/boletinlegal/img/button-left.png HTTP/1.1" 200 57071
190.158.107.78 - - [04/Jan/2015:18:13:44 -0500] "GET /BLA/boletinlegal/img/button-right.png HTTP/1.1" 200 57878
190.158.107.78 - - [04/Jan/2015:18:13:44 -0500] "GET /BLA/boletinlegal/img/select-left.png HTTP/1.1" 200 263
190.158.107.78 - - [04/Jan/2015:18:13:44 -0500] "GET /BLA/boletinlegal/img/0.png HTTP/1.1" 200 110
190.158.107.78 - - [04/Jan/2015:18:13:44 -0500] "GET /BLA/boletinlegal/img/select-right.png HTTP/1.1" 200 44019
190.158.107.78 - - [04/Jan/2015:18:13:44 -0500] "GET /favicon.ico HTTP/1.1" 200 7782
181.50.241.109 - - [04/Jan/2015:18:13:49 -0500] "POST /forms/lservlet;jsessionid=ac16012b30d52a185366133943c4afb3b3347df04e04.e3iSbxaKaheRe34Sa3yKbhiTahb0n6jAmljGr5XDqQLvpAe HTTP/1.1" 200 2
66.249.64.163 - - [04/Jan/2015:18:13:58 -0500] "GET /BLA/resoluciones/RESOLUCIONES%202008/1558.pdf HTTP/1.1" 200 121432
190.158.107.78 - - [04/Jan/2015:18:13:36 -0500] "GET /BLA/boletinlegal/index.php HTTP/1.1" 200 37155
190.158.109.50 - - [04/Jan/2015:18:14:22 -0500] "GET /php/reqpot.php HTTP/1.1" 404 1120
190.158.107.78 - - [04/Jan/2015:18:14:30 -0500] "GET /BLA/boletinlegal/consulta_actos.php?tipo=resoluciones&no=4045&usuario=&sector=&fecha=2014&resuelve= HTTP/1.1" 200 623
66.249.64.163 - - [04/Jan/2015:18:14:36 -0500] "GET /BLA/resoluciones/AUTOS%202009/0660.pdf HTTP/1.1" 304 -
190.158.107.78 - - [04/Jan/2015:18:14:55 -0500] "GET /BLA/boletinlegal/consulta_actos.php?tipo=resoluciones&no=4045&usuario=&sector=&fecha=2014&resuelve= HTTP/1.1" 200 623
66.249.64.171 - - [04/Jan/2015:18:14:58 -0500] "GET /BLA/resoluciones/AUTOS%202011/5883.pdf HTTP/1.1" 200 778479
66.249.64.167 - - [04/Jan/2015:18:15:13 -0500] "GET /BLA/resoluciones/AUTOS%202007/1536.pdf HTTP/1.1" 304 -
66.249.64.171 - - [04/Jan/2015:18:15:32 -0500] "GET /BLA/resoluciones/RESOLUCIONES%202004/RES%202004%202351-2401/00002362.tif HTTP/1.1" 200 250242
181.50.241.109 - - [04/Jan/2015:18:15:49 -0500] "POST /forms/lservlet;jsessionid=ac16012b30d52a185366133943c4afb3b3347df04e04.e3iSbxaKaheRe34Sa3yKbhiTahb0n6jAmljGr5XDqQLvpAe HTTP/1.1" 200 2
66.249.64.167 - - [04/Jan/2015:18:15:51 -0500] "GET /BLA/resoluciones/RESOLUCIONES%202009/3082.pdf HTTP/1.1" 304 -
201.184.95.190 - - [04/Jan/2015:18:16:03 -0500] "GET /forest/session.jsp?a=0.5451451153494418 HTTP/1.1" 200 4
186.31.103.84 - - [04/Jan/2015:18:15:56 -0500] "GET /BLA/resoluciones/index.php?dir=RESOLUCIONES+2009%2F HTTP/1.1" 200 1672912
201.184.95.190 - - [04/Jan/2015:18:16:11 -0500] "GET /forms/frmservlet?config=sia HTTP/1.1" 200 4028
201.184.95.190 - - [04/Jan/2015:18:16:18 -0500] "GET /forms/java/frmall_jinit.jar HTTP/1.1" 304 -
201.184.95.190 - - [04/Jan/2015:18:16:19 -0500] "GET /forms/java/icons.jar HTTP/1.1" 304 -
201.184.95.190 - - [04/Jan/2015:18:16:19 -0500] "GET /forms/java/java/awt/KeyboardFocusManager.class HTTP/1.1" 404 352
201.184.95.190 - - [04/Jan/2015:18:16:19 -0500] "GET /forms/java/java/awt/KeyboardFocusManager.class HTTP/1.1" 404 352
201.184.95.190 - - [04/Jan/2015:18:16:23 -0500] "GET /forms/java/java/awt/event/MouseWheelListener.class HTTP/1.1" 404 356
201.184.95.190 - - [04/Jan/2015:18:16:23 -0500] "GET /forms/java/java/awt/event/MouseWheelListener.class HTTP/1.1" 404 356
201.184.95.190 - - [04/Jan/2015:18:16:27 -0500] "GET /forms/java/oracle/forms/registry/Registry.dat HTTP/1.1" 200 4213
66.249.64.167 - - [04/Jan/2015:18:16:28 -0500] "GET /BLA/resoluciones/AUTOS%202007/0164.pdf HTTP/1.1" 200 119021
201.184.95.190 - - [04/Jan/2015:18:16:30 -0500] "GET /forms/java/oracle/forms/registry/default.dat HTTP/1.1" 404 350
201.184.95.190 - - [04/Jan/2015:18:16:30 -0500] "GET /forms/frmservlet?config=sia&acceptLanguage=es-ES&ifcmd=startsession HTTP/1.1" 200 119
201.184.95.190 - - [04/Jan/2015:18:16:30 -0500] "GET /forms/lservlet;jsessionid=ac16012b30d58d28b9a60e5845da9dca86d0c67c5c46.e3iSbxaKaheRe34Sa3yKbhiTahb0n6jAmljGr5XDqQLvpAe?ifcmd=getinfo&ifhost=nury-PC&ifip=192.168.1.4 HTTP/1.1" 200 8
201.184.95.190 - - [04/Jan/2015:18:16:30 -0500] "POST /forms/lservlet;jsessionid=ac16012b30d58d28b9a60e5845da9dca86d0c67c5c46.e3iSbxaKaheRe34Sa3yKbhiTahb0n6jAmljGr5XDqQLvpAe HTTP/1.1" 200 8
201.184.95.190 - - [04/Jan/2015:18:16:31 -0500] "POST /forms/lservlet;jsessionid=ac16012b30d58d28b9a60e5845da9dca86d0c67c5c46.e3iSbxaKaheRe34Sa3yKbhiTahb0n6jAmljGr5XDqQLvpAe HTTP/1.1" 200 64000
186.31.103.84 - - [04/Jan/2015:18:16:36 -0500] "GET /BLA/resoluciones/RESOLUCIONES%202009/9514.pdf HTTP/1.1" 200 679874
201.184.95.190 - - [04/Jan/2015:18:16:36 -0500] "POST /forms/lservlet;jsessionid=ac16012b30d58d28b9a60e5845da9dca86d0c67c5c46.e3iSbxaKaheRe34Sa3yKbhiTahb0n6jAmljGr5XDqQLvpAe HTTP/1.1" 200 64000
201.184.95.190 - - [04/Jan/2015:18:16:37 -0500] "HEAD /imagenes/dama_logo.gif HTTP/1.1" 200 -
201.184.95.190 - - [04/Jan/2015:18:16:37 -0500] "GET /imagenes/dama_logo.gif HTTP/1.1" 200 21482
201.184.95.190 - - [04/Jan/2015:18:16:39 -0500] "POST /forms/lservlet;jsessionid=ac16012b30d58d28b9a60e5845da9dca86d0c67c5c46.e3iSbxaKaheRe34Sa3yKbhiTahb0n6jAmljGr5XDqQLvpAe HTTP/1.1" 200 63623
74.86.158.107 - - [04/Jan/2015:18:16:42 -0500] "HEAD / HTTP/1.1" 302 -
201.184.95.190 - - [04/Jan/2015:18:16:44 -0500] "POST /forms/lservlet;jsessionid=ac16012b30d58d28b9a60e5845da9dca86d0c67c5c46.e3iSbxaKaheRe34Sa3yKbhiTahb0n6jAmljGr5XDqQLvpAe HTTP/1.1" 200 2
201.184.95.190 - - [04/Jan/2015:18:16:44 -0500] "POST /forms/lservlet;jsessionid=ac16012b30d58d28b9a60e5845da9dca86d0c67c5c46.e3iSbxaKaheRe34Sa3yKbhiTahb0n6jAmljGr5XDqQLvpAe HTTP/1.1" 200 2
201.184.95.190 - - [04/Jan/2015:18:16:55 -0500] "POST /forms/lservlet;jsessionid=ac16012b30d58d28b9a60e5845da9dca86d0c67c5c46.e3iSbxaKaheRe34Sa3yKbhiTahb0n6jAmljGr5XDqQLvpAe HTTP/1.1" 200 187
201.184.95.190 - - [04/Jan/2015:18:16:57 -0500] "POST /forms/lservlet;jsessionid=ac16012b30d58d28b9a60e5845da9dca86d0c67c5c46.e3iSbxaKaheRe34Sa3yKbhiTahb0n6jAmljGr5XDqQLvpAe HTTP/1.1" 200 30
66.249.64.171 - - [04/Jan/2015:18:17:06 -0500] "GET /BLA/resoluciones/RESOLUCIONES%202007/RES%202007%204101%20AL%204200/RESOLUCION%204195%20DE%202007.pdf HTTP/1.1" 200 302199
201.184.95.190 - - [04/Jan/2015:18:17:14 -0500] "GET /forest/session.jsp?a=0.40681786742061377 HTTP/1.1" 200 4
201.184.95.190 - - [04/Jan/2015:18:17:15 -0500] "GET /forest/session.jsp?a=0.874736942583695 HTTP/1.1" 200 4
201.184.95.190 - - [04/Jan/2015:18:17:15 -0500] "POST /forms/lservlet;jsessionid=ac16012b30d58d28b9a60e5845da9dca86d0c67c5c46.e3iSbxaKaheRe34Sa3yKbhiTahb0n6jAmljGr5XDqQLvpAe HTTP/1.1" 200 7896
201.184.95.190 - - [04/Jan/2015:18:17:16 -0500] "POST /forms/lservlet;jsessionid=ac16012b30d58d28b9a60e5845da9dca86d0c67c5c46.e3iSbxaKaheRe34Sa3yKbhiTahb0n6jAmljGr5XDqQLvpAe HTTP/1.1" 200 64
201.184.95.190 - - [04/Jan/2015:18:17:17 -0500] "POST /forms/lservlet;jsessionid=ac16012b30d58d28b9a60e5845da9dca86d0c67c5c46.e3iSbxaKaheRe34Sa3yKbhiTahb0n6jAmljGr5XDqQLvpAe HTTP/1.1" 200 2
201.184.95.190 - - [04/Jan/2015:18:17:17 -0500] "POST /forms/lservlet;jsessionid=ac16012b30d58d28b9a60e5845da9dca86d0c67c5c46.e3iSbxaKaheRe34Sa3yKbhiTahb0n6jAmljGr5XDqQLvpAe HTTP/1.1" 200 2
201.184.95.190 - - [04/Jan/2015:18:17:17 -0500] "POST /forms/lservlet;jsessionid=ac16012b30d58d28b9a60e5845da9dca86d0c67c5c46.e3iSbxaKaheRe34Sa3yKbhiTahb0n6jAmljGr5XDqQLvpAe HTTP/1.1" 200 2
201.184.95.190 - - [04/Jan/2015:18:17:20 -0500] "POST /forms/lservlet;jsessionid=ac16012b30d58d28b9a60e5845da9dca86d0c67c5c46.e3iSbxaKaheRe34Sa3yKbhiTahb0n6jAmljGr5XDqQLvpAe HTTP/1.1" 200 34713
201.184.95.190 - - [04/Jan/2015:18:17:23 -0500] "GET /imagenes/listval.gif HTTP/1.1" 200 905
201.184.95.190 - - [04/Jan/2015:18:17:24 -0500] "GET /imagenes/tree1.gif HTTP/1.1" 200 1161
201.184.95.190 - - [04/Jan/2015:18:17:24 -0500] "GET /imagenes/listval.gif HTTP/1.1" 200 905
201.184.95.190 - - [04/Jan/2015:18:17:24 -0500] "GET /imagenes/CAMERA3.gif HTTP/1.1" 200 4150
201.184.95.190 - - [04/Jan/2015:18:17:25 -0500] "GET /imagenes/SLIDE1.gif HTTP/1.1" 200 1111
201.184.95.190 - - [04/Jan/2015:18:17:26 -0500] "GET /imagenes/flexcomb.gif HTTP/1.1" 200 1169
201.184.95.190 - - [04/Jan/2015:18:17:28 -0500] "GET /imagenes/GO.gif HTTP/1.1" 200 904
201.184.95.190 - - [04/Jan/2015:18:17:28 -0500] "GET /imagenes/HRTOOLS.gif HTTP/1.1" 200 2238
201.184.95.190 - - [04/Jan/2015:18:17:29 -0500] "GET /imagenes/rt_rec1.gif HTTP/1.1" 200 867
201.184.95.190 - - [04/Jan/2015:18:17:29 -0500] "GET /imagenes/apply.gif HTTP/1.1" 200 903
201.184.95.190 - - [04/Jan/2015:18:17:29 -0500] "GET /imagenes/exit.gif HTTP/1.1" 200 916
201.184.95.190 - - [04/Jan/2015:18:17:29 -0500] "GET /imagenes/LISTVAL.gif HTTP/1.1" 200 905
201.184.95.190 - - [04/Jan/2015:18:17:29 -0500] "GET /imagenes/edit.gif HTTP/1.1" 200 919
201.184.95.190 - - [04/Jan/2015:18:17:29 -0500] "GET /imagenes/rt_rec4.gif HTTP/1.1" 200 865
201.184.95.190 - - [04/Jan/2015:18:17:29 -0500] "GET /imagenes/rt_rec3.gif HTTP/1.1" 200 844
201.184.95.190 - - [04/Jan/2015:18:17:30 -0500] "GET /imagenes/rt_rec2.gif HTTP/1.1" 200 847
201.184.95.190 - - [04/Jan/2015:18:17:30 -0500] "GET /imagenes/rt_rdel.gif HTTP/1.1" 200 899
201.184.95.190 - - [04/Jan/2015:18:17:30 -0500] "GET /imagenes/rt_radd.gif HTTP/1.1" 200 907
201.184.95.190 - - [04/Jan/2015:18:17:30 -0500] "GET /imagenes/rt_quer3.gif HTTP/1.1" 200 939
201.184.95.190 - - [04/Jan/2015:18:17:30 -0500] "GET /imagenes/rt_quer2.gif HTTP/1.1" 200 936
201.184.95.190 - - [04/Jan/2015:18:17:30 -0500] "GET /imagenes/rt_quer1.gif HTTP/1.1" 200 930
201.184.95.190 - - [04/Jan/2015:18:17:30 -0500] "GET /imagenes/rt_save.gif HTTP/1.1" 200 903
201.184.95.190 - - [04/Jan/2015:18:17:30 -0500] "GET /imagenes/rt_pset.gif HTTP/1.1" 200 914
201.184.95.190 - - [04/Jan/2015:18:17:30 -0500] "GET /imagenes/QUEJA.gif HTTP/1.1" 200 1091
201.184.95.190 - - [04/Jan/2015:18:17:30 -0500] "GET /imagenes/ARBOL.gif HTTP/1.1" 200 1026
201.184.95.190 - - [04/Jan/2015:18:17:30 -0500] "GET /imagenes/Clipboard.gif HTTP/1.1" 200 1466
201.184.95.190 - - [04/Jan/2015:18:17:31 -0500] "GET /imagenes/DINERO.gif HTTP/1.1" 200 1766
201.184.95.190 - - [04/Jan/2015:18:17:31 -0500] "GET /imagenes/URGENTE.gif HTTP/1.1" 200 964
201.184.95.190 - - [04/Jan/2015:18:17:31 -0500] "GET /imagenes/TREE4.gif HTTP/1.1" 200 4150
201.184.95.190 - - [04/Jan/2015:18:17:31 -0500] "POST /forms/lservlet;jsessionid=ac16012b30d58d28b9a60e5845da9dca86d0c67c5c46.e3iSbxaKaheRe34Sa3yKbhiTahb0n6jAmljGr5XDqQLvpAe HTTP/1.1" 200 7
201.184.95.190 - - [04/Jan/2015:18:17:31 -0500] "POST /forms/lservlet;jsessionid=ac16012b30d58d28b9a60e5845da9dca86d0c67c5c46.e3iSbxaKaheRe34Sa3yKbhiTahb0n6jAmljGr5XDqQLvpAe HTTP/1.1" 200 34
201.184.95.190 - - [04/Jan/2015:18:17:31 -0500] "POST /forms/lservlet;jsessionid=ac16012b30d58d28b9a60e5845da9dca86d0c67c5c46.e3iSbxaKaheRe34Sa3yKbhiTahb0n6jAmljGr5XDqQLvpAe HTTP/1.1" 200 2
201.184.95.190 - - [04/Jan/2015:18:17:34 -0500] "POST /forms/lservlet;jsessionid=ac16012b30d58d28b9a60e5845da9dca86d0c67c5c46.e3iSbxaKaheRe34Sa3yKbhiTahb0n6jAmljGr5XDqQLvpAe HTTP/1.1" 200 2
201.184.95.190 - - [04/Jan/2015:18:17:34 -0500] "POST /forms/lservlet;jsessionid=ac16012b30d58d28b9a60e5845da9dca86d0c67c5c46.e3iSbxaKaheRe34Sa3yKbhiTahb0n6jAmljGr5XDqQLvpAe HTTP/1.1" 200 699
201.184.95.190 - - [04/Jan/2015:18:17:34 -0500] "GET /imagenes/Srch_frw.gif HTTP/1.1" 200 925
201.184.95.190 - - [04/Jan/2015:18:17:34 -0500] "POST /forms/lservlet;jsessionid=ac16012b30d58d28b9a60e5845da9dca86d0c67c5c46.e3iSbxaKaheRe34Sa3yKbhiTahb0n6jAmljGr5XDqQLvpAe HTTP/1.1" 200 10
66.249.64.171 - - [04/Jan/2015:18:17:43 -0500] "GET /BLA/resoluciones/RESOLUCIONES%202013/1155.pdf HTTP/1.1" 200 668423
201.184.95.190 - - [04/Jan/2015:18:17:44 -0500] "POST /forms/lservlet;jsessionid=ac16012b30d58d28b9a60e5845da9dca86d0c67c5c46.e3iSbxaKaheRe34Sa3yKbhiTahb0n6jAmljGr5XDqQLvpAe HTTP/1.1" 200 24
201.184.95.190 - - [04/Jan/2015:18:17:44 -0500] "POST /forms/lservlet;jsessionid=ac16012b30d58d28b9a60e5845da9dca86d0c67c5c46.e3iSbxaKaheRe34Sa3yKbhiTahb0n6jAmljGr5XDqQLvpAe HTTP/1.1" 200 234
201.184.95.190 - - [04/Jan/2015:18:17:45 -0500] "POST /forms/lservlet;jsessionid=ac16012b30d58d28b9a60e5845da9dca86d0c67c5c46.e3iSbxaKaheRe34Sa3yKbhiTahb0n6jAmljGr5XDqQLvpAe HTTP/1.1" 200 10
66.249.64.163 - - [04/Jan/2015:18:17:46 -0500] "GET /BLA/resoluciones/AUTOS%202011/0522.pdf HTTP/1.1" 200 242342
201.184.95.190 - - [04/Jan/2015:18:17:47 -0500] "POST /forms/lservlet;jsessionid=ac16012b30d58d28b9a60e5845da9dca86d0c67c5c46.e3iSbxaKaheRe34Sa3yKbhiTahb0n6jAmljGr5XDqQLvpAe HTTP/1.1" 200 24
201.184.95.190 - - [04/Jan/2015:18:17:47 -0500] "POST /forms/lservlet;jsessionid=ac16012b30d58d28b9a60e5845da9dca86d0c67c5c46.e3iSbxaKaheRe34Sa3yKbhiTahb0n6jAmljGr5XDqQLvpAe HTTP/1.1" 200 580
201.184.95.190 - - [04/Jan/2015:18:17:48 -0500] "POST /forms/lservlet;jsessionid=ac16012b30d58d28b9a60e5845da9dca86d0c67c5c46.e3iSbxaKaheRe34Sa3yKbhiTahb0n6jAmljGr5XDqQLvpAe HTTP/1.1" 200 11
181.50.241.109 - - [04/Jan/2015:18:17:49 -0500] "POST /forms/lservlet;jsessionid=ac16012b30d52a185366133943c4afb3b3347df04e04.e3iSbxaKaheRe34Sa3yKbhiTahb0n6jAmljGr5XDqQLvpAe HTTP/1.1" 200 2
