181.50.179.247 - - [04/Jan/2015:15:17:01 -0500] "GET /galeria/nivo-slider/demo/images/banner-redes.jpg HTTP/1.1" 200 62209
181.50.179.247 - - [04/Jan/2015:15:17:01 -0500] "GET /galeria/nivo-slider/demo/images/9Signos.jpg HTTP/1.1" 200 93040
181.50.179.247 - - [04/Jan/2015:15:17:01 -0500] "GET /galeria/nivo-slider/demo/images/banner-llantas2.jpg HTTP/1.1" 200 73153
181.50.179.247 - - [04/Jan/2015:15:17:02 -0500] "GET /galeria/nivo-slider/demo/images/banner-caballos.png HTTP/1.1" 200 389106
181.50.179.247 - - [04/Jan/2015:15:17:03 -0500] "GET /galeria/nivo-slider/themes/default/arrows.png HTTP/1.1" 200 824
181.50.179.247 - - [04/Jan/2015:15:17:03 -0500] "GET /galeria/nivo-slider/themes/default/bullets.png HTTP/1.1" 200 1281
181.50.179.247 - - [04/Jan/2015:15:17:05 -0500] "GET /videos/Spot_CambioClimatico.flv HTTP/1.1" 200 4371917
186.115.45.179 - - [04/Jan/2015:15:17:12 -0500] "GET /forest/actions/forms.getList?codForm=ANEXO_UNO&id=CIIU21016&text=1 HTTP/1.1" 200 2169
186.115.45.179 - - [04/Jan/2015:15:17:12 -0500] "GET /forest/actions/forms.getList?codForm=ANEXO_UNO&id=CIIU21016&text=10 HTTP/1.1" 200 1723
186.115.45.179 - - [04/Jan/2015:15:17:14 -0500] "GET /forest/actions/forms.getList?codForm=ANEXO_UNO&id=CIIU21016&text=1 HTTP/1.1" 200 2169
186.115.45.179 - - [04/Jan/2015:15:17:14 -0500] "GET /forest/actions/forms.getList?codForm=ANEXO_UNO&id=CIIU21016&text= HTTP/1.1" 200 2262
186.115.45.179 - - [04/Jan/2015:15:17:15 -0500] "GET /forest/actions/forms.getList?codForm=ANEXO_UNO&id=CIIU21016&text=e HTTP/1.1" 200 2262
186.115.45.179 - - [04/Jan/2015:15:17:16 -0500] "GET /forest/actions/forms.getList?codForm=ANEXO_UNO&id=CIIU21016&text=el HTTP/1.1" 200 2656
186.115.45.179 - - [04/Jan/2015:15:17:16 -0500] "GET /forest/actions/forms.getList?codForm=ANEXO_UNO&id=CIIU21016&text=ela HTTP/1.1" 200 1856
186.115.45.179 - - [04/Jan/2015:15:17:16 -0500] "GET /forest/actions/forms.getList?codForm=ANEXO_UNO&id=CIIU21016&text=elab HTTP/1.1" 200 1236
186.115.45.179 - - [04/Jan/2015:15:17:16 -0500] "GET /forest/actions/forms.getList?codForm=ANEXO_UNO&id=CIIU21016&text=elabo HTTP/1.1" 200 1236
186.115.45.179 - - [04/Jan/2015:15:17:17 -0500] "GET /forest/actions/forms.getList?codForm=ANEXO_UNO&id=CIIU21016&text=elabor HTTP/1.1" 200 1236
186.115.45.179 - - [04/Jan/2015:15:17:17 -0500] "GET /forest/actions/forms.getList?codForm=ANEXO_UNO&id=CIIU21016&text=elabora HTTP/1.1" 200 1236
186.115.45.179 - - [04/Jan/2015:15:17:17 -0500] "GET /forest/actions/forms.getList?codForm=ANEXO_UNO&id=CIIU21016&text=elaborac HTTP/1.1" 200 1236
186.115.45.179 - - [04/Jan/2015:15:17:17 -0500] "GET /forest/actions/forms.getList?codForm=ANEXO_UNO&id=CIIU21016&text=elaboraci HTTP/1.1" 200 1236
186.115.45.179 - - [04/Jan/2015:15:17:18 -0500] "GET /forest/actions/forms.getList?codForm=ANEXO_UNO&id=CIIU21016&text=elaboraci%F3 HTTP/1.1" 200 1236
186.115.45.179 - - [04/Jan/2015:15:17:18 -0500] "GET /forest/actions/forms.getList?codForm=ANEXO_UNO&id=CIIU21016&text=elaboraci%F3n HTTP/1.1" 200 1236
186.115.45.179 - - [04/Jan/2015:15:17:18 -0500] "GET /forest/actions/forms.getList?codForm=ANEXO_UNO&id=CIIU21016&text=elaboraci%F3n%20 HTTP/1.1" 200 1236
186.115.45.179 - - [04/Jan/2015:15:17:19 -0500] "GET /forest/actions/forms.getList?codForm=ANEXO_UNO&id=CIIU21016&text=elaboraci%F3n%20d HTTP/1.1" 200 1236
186.115.45.179 - - [04/Jan/2015:15:17:19 -0500] "GET /forest/actions/forms.getList?codForm=ANEXO_UNO&id=CIIU21016&text=elaboraci%F3n%20de HTTP/1.1" 200 1236
186.115.45.179 - - [04/Jan/2015:15:17:20 -0500] "GET /forest/actions/forms.getList?codForm=ANEXO_UNO&id=CIIU21016&text=elaboraci%F3n%20de%20 HTTP/1.1" 200 1236
186.115.45.179 - - [04/Jan/2015:15:17:21 -0500] "GET /forest/actions/forms.getList?codForm=ANEXO_UNO&id=CIIU21016&text=elaboraci%F3n%20de%20p HTTP/1.1" 200 1214
186.115.45.179 - - [04/Jan/2015:15:17:21 -0500] "GET /forest/actions/forms.getList?codForm=ANEXO_UNO&id=CIIU21016&text=elaboraci%F3n%20de%20pr HTTP/1.1" 200 1214
186.115.45.179 - - [04/Jan/2015:15:17:21 -0500] "GET /forest/actions/forms.getList?codForm=ANEXO_UNO&id=CIIU21016&text=elaboraci%F3n%20de%20pro HTTP/1.1" 200 1214
186.115.45.179 - - [04/Jan/2015:15:17:21 -0500] "GET /forest/actions/forms.getList?codForm=ANEXO_UNO&id=CIIU21016&text=elaboraci%F3n%20de%20prod HTTP/1.1" 200 1214
186.115.45.179 - - [04/Jan/2015:15:17:21 -0500] "GET /forest/actions/forms.getList?codForm=ANEXO_UNO&id=CIIU21016&text=elaboraci%F3n%20de%20produ HTTP/1.1" 200 1214
186.115.45.179 - - [04/Jan/2015:15:17:22 -0500] "GET /forest/actions/forms.getList?codForm=ANEXO_UNO&id=CIIU21016&text=elaboraci%F3n%20de%20produc HTTP/1.1" 200 1214
186.115.45.179 - - [04/Jan/2015:15:17:22 -0500] "GET /forest/actions/forms.getList?codForm=ANEXO_UNO&id=CIIU21016&text=elaboraci%F3n%20de%20product HTTP/1.1" 200 1214
186.115.45.179 - - [04/Jan/2015:15:17:22 -0500] "GET /forest/actions/forms.getList?codForm=ANEXO_UNO&id=CIIU21016&text=elaboraci%F3n%20de%20producto HTTP/1.1" 200 1214
186.115.45.179 - - [04/Jan/2015:15:17:22 -0500] "GET /forest/actions/forms.getList?codForm=ANEXO_UNO&id=CIIU21016&text=elaboraci%F3n%20de%20productos HTTP/1.1" 200 1214
186.115.45.179 - - [04/Jan/2015:15:17:22 -0500] "GET /forest/actions/forms.getList?codForm=ANEXO_UNO&id=CIIU21016&text=elaboraci%F3n%20de%20productos%20 HTTP/1.1" 200 1214
186.115.45.179 - - [04/Jan/2015:15:17:24 -0500] "GET /forest/actions/forms.getList?codForm=ANEXO_UNO&id=CIIU21016&text=elaboraci%F3n%20de%20productos%20l HTTP/1.1" 200 2
186.115.45.179 - - [04/Jan/2015:15:17:24 -0500] "GET /forest/actions/forms.getList?codForm=ANEXO_UNO&id=CIIU21016&text=elaboraci%F3n%20de%20productos%20la HTTP/1.1" 200 2
186.115.45.179 - - [04/Jan/2015:15:17:25 -0500] "GET /forest/actions/forms.getList?codForm=ANEXO_UNO&id=CIIU21016&text=elaboraci%F3n%20de%20productos%20l HTTP/1.1" 200 2
186.115.45.179 - - [04/Jan/2015:15:17:25 -0500] "GET /forest/actions/forms.getList?codForm=ANEXO_UNO&id=CIIU21016&text=elaboraci%F3n%20de%20productos%20 HTTP/1.1" 200 1214
186.115.45.179 - - [04/Jan/2015:15:17:29 -0500] "GET /forest/actions/forms.getMappedValues?id=CIIU21016&value=1040&codForm=ANEXO_UNO&a=0.1786211324281054 HTTP/1.1" 200 151
186.115.45.179 - - [04/Jan/2015:15:17:41 -0500] "GET /forest/actions/forms.getList?codForm=ANEXO_UNO&id=TipoDoc1993&text=r HTTP/1.1" 200 965
186.115.45.179 - - [04/Jan/2015:15:17:43 -0500] "GET /forest/actions/forms.getList?codForm=ANEXO_UNO&id=TipoDoc1993&text= HTTP/1.1" 200 946
181.50.241.109 - - [04/Jan/2015:15:17:44 -0500] "POST /forms/lservlet;jsessionid=ac16012b30d52a185366133943c4afb3b3347df04e04.e3iSbxaKaheRe34Sa3yKbhiTahb0n6jAmljGr5XDqQLvpAe HTTP/1.1" 200 2
186.115.45.179 - - [04/Jan/2015:15:17:44 -0500] "GET /forest/actions/forms.getList?codForm=ANEXO_UNO&id=TipoDoc1993&text=o HTTP/1.1" 200 957
186.115.45.179 - - [04/Jan/2015:15:17:52 -0500] "GET /forest/actions/forms.getList?codForm=ANEXO_UNO&id=TipoDoc1993&text=of HTTP/1.1" 200 560
186.115.45.179 - - [04/Jan/2015:15:17:52 -0500] "GET /forest/actions/forms.getList?codForm=ANEXO_UNO&id=TipoDoc1993&text=ofi HTTP/1.1" 200 461
66.249.64.163 - - [04/Jan/2015:15:17:59 -0500] "GET /BLA/resoluciones/RESOLUCIONES%202008/2708.pdf HTTP/1.1" 200 314467
181.50.241.109 - - [04/Jan/2015:15:18:08 -0500] "POST /forms/lservlet;jsessionid=ac16012b30d52a185366133943c4afb3b3347df04e04.e3iSbxaKaheRe34Sa3yKbhiTahb0n6jAmljGr5XDqQLvpAe HTTP/1.1" 200 2
181.50.241.109 - - [04/Jan/2015:15:18:08 -0500] "POST /forms/lservlet;jsessionid=ac16012b30d52a185366133943c4afb3b3347df04e04.e3iSbxaKaheRe34Sa3yKbhiTahb0n6jAmljGr5XDqQLvpAe HTTP/1.1" 200 2317
181.50.241.109 - - [04/Jan/2015:15:18:08 -0500] "POST /forms/lservlet;jsessionid=ac16012b30d52a185366133943c4afb3b3347df04e04.e3iSbxaKaheRe34Sa3yKbhiTahb0n6jAmljGr5XDqQLvpAe HTTP/1.1" 200 10
181.50.241.109 - - [04/Jan/2015:15:18:09 -0500] "POST /forms/lservlet;jsessionid=ac16012b30d52a185366133943c4afb3b3347df04e04.e3iSbxaKaheRe34Sa3yKbhiTahb0n6jAmljGr5XDqQLvpAe HTTP/1.1" 200 46
181.50.241.109 - - [04/Jan/2015:15:18:15 -0500] "POST /forms/lservlet;jsessionid=ac16012b30d52a185366133943c4afb3b3347df04e04.e3iSbxaKaheRe34Sa3yKbhiTahb0n6jAmljGr5XDqQLvpAe HTTP/1.1" 200 24
181.50.241.109 - - [04/Jan/2015:15:18:15 -0500] "POST /forms/lservlet;jsessionid=ac16012b30d52a185366133943c4afb3b3347df04e04.e3iSbxaKaheRe34Sa3yKbhiTahb0n6jAmljGr5XDqQLvpAe HTTP/1.1" 200 4692
181.50.241.109 - - [04/Jan/2015:15:18:16 -0500] "POST /forms/lservlet;jsessionid=ac16012b30d52a185366133943c4afb3b3347df04e04.e3iSbxaKaheRe34Sa3yKbhiTahb0n6jAmljGr5XDqQLvpAe HTTP/1.1" 200 10
181.50.241.109 - - [04/Jan/2015:15:18:18 -0500] "POST /forms/lservlet;jsessionid=ac16012b30d52a185366133943c4afb3b3347df04e04.e3iSbxaKaheRe34Sa3yKbhiTahb0n6jAmljGr5XDqQLvpAe HTTP/1.1" 200 2
181.50.241.109 - - [04/Jan/2015:15:18:18 -0500] "POST /forms/lservlet;jsessionid=ac16012b30d52a185366133943c4afb3b3347df04e04.e3iSbxaKaheRe34Sa3yKbhiTahb0n6jAmljGr5XDqQLvpAe HTTP/1.1" 200 3565
181.50.241.109 - - [04/Jan/2015:15:18:18 -0500] "POST /forms/lservlet;jsessionid=ac16012b30d52a185366133943c4afb3b3347df04e04.e3iSbxaKaheRe34Sa3yKbhiTahb0n6jAmljGr5XDqQLvpAe HTTP/1.1" 200 2
181.50.241.109 - - [04/Jan/2015:15:18:20 -0500] "POST /forms/lservlet;jsessionid=ac16012b30d52a185366133943c4afb3b3347df04e04.e3iSbxaKaheRe34Sa3yKbhiTahb0n6jAmljGr5XDqQLvpAe HTTP/1.1" 200 2
181.50.241.109 - - [04/Jan/2015:15:18:20 -0500] "POST /forms/lservlet;jsessionid=ac16012b30d52a185366133943c4afb3b3347df04e04.e3iSbxaKaheRe34Sa3yKbhiTahb0n6jAmljGr5XDqQLvpAe HTTP/1.1" 200 2838
181.50.241.109 - - [04/Jan/2015:15:18:21 -0500] "POST /forms/lservlet;jsessionid=ac16012b30d52a185366133943c4afb3b3347df04e04.e3iSbxaKaheRe34Sa3yKbhiTahb0n6jAmljGr5XDqQLvpAe HTTP/1.1" 200 2
181.50.241.109 - - [04/Jan/2015:15:18:22 -0500] "POST /forms/lservlet;jsessionid=ac16012b30d52a185366133943c4afb3b3347df04e04.e3iSbxaKaheRe34Sa3yKbhiTahb0n6jAmljGr5XDqQLvpAe HTTP/1.1" 200 2
181.50.241.109 - - [04/Jan/2015:15:18:22 -0500] "POST /forms/lservlet;jsessionid=ac16012b30d52a185366133943c4afb3b3347df04e04.e3iSbxaKaheRe34Sa3yKbhiTahb0n6jAmljGr5XDqQLvpAe HTTP/1.1" 200 3063
181.50.241.109 - - [04/Jan/2015:15:18:23 -0500] "POST /forms/lservlet;jsessionid=ac16012b30d52a185366133943c4afb3b3347df04e04.e3iSbxaKaheRe34Sa3yKbhiTahb0n6jAmljGr5XDqQLvpAe HTTP/1.1" 200 2
180.76.5.75 - - [04/Jan/2015:15:18:23 -0500] "GET /BLA/resoluciones/RESOLUCIONES%202007/RES%202007%20201%20AL%20300/RESOLUCION%200259%20DE%202007.pdf HTTP/1.1" 200 267670
181.50.241.109 - - [04/Jan/2015:15:18:25 -0500] "POST /forms/lservlet;jsessionid=ac16012b30d52a185366133943c4afb3b3347df04e04.e3iSbxaKaheRe34Sa3yKbhiTahb0n6jAmljGr5XDqQLvpAe HTTP/1.1" 200 99
186.115.45.179 - - [04/Jan/2015:15:18:30 -0500] "GET /forest/xmlresponse.do?xmlresult=1&lista=getListFest&year=2015&a=0.6133095509402358 HTTP/1.1" 200 1527
186.115.45.179 - - [04/Jan/2015:15:18:34 -0500] "GET /forest/xmlresponse.do?xmlresult=1&lista=getListFest&year=2014&a=0.2624602107043904 HTTP/1.1" 200 1366
186.29.197.182 - - [04/Jan/2015:15:18:40 -0500] "POST /forms/lservlet;jsessionid=ac16012b30d5cf36b19de3354db794b8b4f4c9bb63e2.e3iSbxaKaheRe34Sa3yKbhiTahb0n6jAmljGr5XDqQLvpAe HTTP/1.1" 200 2
181.50.241.109 - - [04/Jan/2015:15:18:41 -0500] "POST /forms/lservlet;jsessionid=ac16012b30d52a185366133943c4afb3b3347df04e04.e3iSbxaKaheRe34Sa3yKbhiTahb0n6jAmljGr5XDqQLvpAe HTTP/1.1" 200 66
181.50.241.109 - - [04/Jan/2015:15:18:43 -0500] "POST /forms/lservlet;jsessionid=ac16012b30d52a185366133943c4afb3b3347df04e04.e3iSbxaKaheRe34Sa3yKbhiTahb0n6jAmljGr5XDqQLvpAe HTTP/1.1" 200 2
181.50.241.109 - - [04/Jan/2015:15:18:43 -0500] "POST /forms/lservlet;jsessionid=ac16012b30d52a185366133943c4afb3b3347df04e04.e3iSbxaKaheRe34Sa3yKbhiTahb0n6jAmljGr5XDqQLvpAe HTTP/1.1" 200 3032
181.50.241.109 - - [04/Jan/2015:15:18:44 -0500] "POST /forms/lservlet;jsessionid=ac16012b30d52a185366133943c4afb3b3347df04e04.e3iSbxaKaheRe34Sa3yKbhiTahb0n6jAmljGr5XDqQLvpAe HTTP/1.1" 200 2
181.50.241.109 - - [04/Jan/2015:15:18:44 -0500] "POST /forms/lservlet;jsessionid=ac16012b30d52a185366133943c4afb3b3347df04e04.e3iSbxaKaheRe34Sa3yKbhiTahb0n6jAmljGr5XDqQLvpAe HTTP/1.1" 200 2
181.50.241.109 - - [04/Jan/2015:15:18:45 -0500] "POST /forms/lservlet;jsessionid=ac16012b30d52a185366133943c4afb3b3347df04e04.e3iSbxaKaheRe34Sa3yKbhiTahb0n6jAmljGr5XDqQLvpAe HTTP/1.1" 200 2234
181.50.241.109 - - [04/Jan/2015:15:18:45 -0500] "POST /forms/lservlet;jsessionid=ac16012b30d52a185366133943c4afb3b3347df04e04.e3iSbxaKaheRe34Sa3yKbhiTahb0n6jAmljGr5XDqQLvpAe HTTP/1.1" 200 10
181.50.241.109 - - [04/Jan/2015:15:18:46 -0500] "POST /forms/lservlet;jsessionid=ac16012b30d52a185366133943c4afb3b3347df04e04.e3iSbxaKaheRe34Sa3yKbhiTahb0n6jAmljGr5XDqQLvpAe HTTP/1.1" 200 2
181.50.241.109 - - [04/Jan/2015:15:18:46 -0500] "POST /forms/lservlet;jsessionid=ac16012b30d52a185366133943c4afb3b3347df04e04.e3iSbxaKaheRe34Sa3yKbhiTahb0n6jAmljGr5XDqQLvpAe HTTP/1.1" 200 3016
181.50.241.109 - - [04/Jan/2015:15:18:47 -0500] "POST /forms/lservlet;jsessionid=ac16012b30d52a185366133943c4afb3b3347df04e04.e3iSbxaKaheRe34Sa3yKbhiTahb0n6jAmljGr5XDqQLvpAe HTTP/1.1" 200 2
181.68.218.235 - - [04/Jan/2015:15:19:13 -0500] "GET /BLA/boletinlegal/js/jquery.js HTTP/1.1" 200 57254
181.68.218.235 - - [04/Jan/2015:15:19:14 -0500] "GET /BLA/boletinlegal/js/jquery.scrollTo-min.js HTTP/1.1" 200 1150
181.68.218.235 - - [04/Jan/2015:15:19:14 -0500] "GET /BLA/boletinlegal/js/jquery.scrollShow.js HTTP/1.1" 200 4586
181.199.168.143 - - [04/Jan/2015:15:19:18 -0500] "GET /BLA/boletinlegal/js/jquery.js HTTP/1.1" 200 57254
181.199.168.143 - - [04/Jan/2015:15:19:18 -0500] "GET /BLA/boletinlegal/js/jquery.scrollTo-min.js HTTP/1.1" 200 1150
181.199.168.143 - - [04/Jan/2015:15:19:18 -0500] "GET /BLA/boletinlegal/js/jquery.scrollShow.js HTTP/1.1" 200 4586
186.85.12.87 - - [04/Jan/2015:15:19:19 -0500] "GET /BLA/boletinlegal/js/jquery.scrollShow.js HTTP/1.1" 200 4586
186.85.12.87 - - [04/Jan/2015:15:19:19 -0500] "GET /BLA/boletinlegal/js/jquery.scrollTo-min.js HTTP/1.1" 200 1150
186.85.12.87 - - [04/Jan/2015:15:19:19 -0500] "GET /BLA/boletinlegal/js/jquery.js HTTP/1.1" 200 57254
186.115.45.179 - - [04/Jan/2015:15:19:22 -0500] "GET /forest/actions/forms.getList?codForm=ANEXO_UNO&id=cuenca1290&text=t HTTP/1.1" 200 68
186.115.45.179 - - [04/Jan/2015:15:19:23 -0500] "GET /forest/actions/forms.getList?codForm=ANEXO_UNO&id=cuenca1290&text=tu HTTP/1.1" 200 31
180.76.6.153 - - [04/Jan/2015:15:19:28 -0500] "GET /BLA/resoluciones/RESOLUCIONES%202009/0087.pdf HTTP/1.1" 200 194108
186.115.45.179 - - [04/Jan/2015:15:19:28 -0500] "GET /forest/actions/forms.getList?codForm=ANEXO_UNO&id=chip264&text=a HTTP/1.1" 200 828
186.115.45.179 - - [04/Jan/2015:15:19:28 -0500] "GET /forest/actions/forms.getList?codForm=ANEXO_UNO&id=chip264&text=aa HTTP/1.1" 200 828
186.115.45.179 - - [04/Jan/2015:15:19:29 -0500] "GET /forest/actions/forms.getList?codForm=ANEXO_UNO&id=chip264&text=a HTTP/1.1" 200 828
186.115.45.179 - - [04/Jan/2015:15:19:29 -0500] "GET /forest/actions/forms.getList?codForm=ANEXO_UNO&id=chip264&text= HTTP/1.1" 200 895
186.115.45.179 - - [04/Jan/2015:15:19:31 -0500] "GET /forest/actions/forms.getList?codForm=ANEXO_UNO&id=chip264&text=A HTTP/1.1" 200 828
186.115.45.179 - - [04/Jan/2015:15:19:31 -0500] "GET /forest/actions/forms.getList?codForm=ANEXO_UNO&id=chip264&text=AA HTTP/1.1" 200 828
186.115.45.179 - - [04/Jan/2015:15:19:31 -0500] "GET /forest/actions/forms.getList?codForm=ANEXO_UNO&id=chip264&text=AAA HTTP/1.1" 200 828
186.115.45.179 - - [04/Jan/2015:15:19:32 -0500] "GET /forest/actions/forms.getList?codForm=ANEXO_UNO&id=chip264&text=AAA0 HTTP/1.1" 200 818
186.115.45.179 - - [04/Jan/2015:15:19:33 -0500] "GET /forest/actions/forms.getList?codForm=ANEXO_UNO&id=chip264&text=AAA00 HTTP/1.1" 200 763
186.115.45.179 - - [04/Jan/2015:15:19:33 -0500] "GET /forest/actions/forms.getList?codForm=ANEXO_UNO&id=chip264&text=AAA004 HTTP/1.1" 200 861
186.115.45.179 - - [04/Jan/2015:15:19:33 -0500] "GET /forest/actions/forms.getList?codForm=ANEXO_UNO&id=chip264&text=AAA0046 HTTP/1.1" 200 202
181.50.241.109 - - [04/Jan/2015:15:19:44 -0500] "POST /forms/lservlet;jsessionid=ac16012b30d52a185366133943c4afb3b3347df04e04.e3iSbxaKaheRe34Sa3yKbhiTahb0n6jAmljGr5XDqQLvpAe HTTP/1.1" 200 2
186.115.45.179 - - [04/Jan/2015:15:19:45 -0500] "GET /forest/actions/forms.getList?codForm=ANEXO_UNO&id=chip264&text=AAA0046 HTTP/1.1" 200 202
186.115.45.179 - - [04/Jan/2015:15:19:46 -0500] "GET /forest/actions/forms.getList?codForm=ANEXO_UNO&id=chip264&text=AAA0046 HTTP/1.1" 200 202
186.115.45.179 - - [04/Jan/2015:15:19:48 -0500] "GET /forest/actions/forms.getList?codForm=ANEXO_UNO&id=chip264&text=AAA0046B HTTP/1.1" 200 2
186.115.45.179 - - [04/Jan/2015:15:19:49 -0500] "GET /forest/actions/forms.getList?codForm=ANEXO_UNO&id=chip264&text=AAA0046BD HTTP/1.1" 200 2
186.115.45.179 - - [04/Jan/2015:15:19:50 -0500] "GET /forest/actions/forms.getList?codForm=ANEXO_UNO&id=chip264&text=AAA0046BDW HTTP/1.1" 200 2
186.115.45.179 - - [04/Jan/2015:15:19:50 -0500] "GET /forest/actions/forms.getList?codForm=ANEXO_UNO&id=chip264&text=AAA0046BDWF HTTP/1.1" 200 2
66.249.64.163 - - [04/Jan/2015:15:20:18 -0500] "GET /BLA/resoluciones/AUTOS%202006/AUTOS%202006%20201-300/00000297.tif HTTP/1.1" 200 51552
186.115.45.179 - - [04/Jan/2015:15:20:20 -0500] "GET /forest/actions/forms.getList?codForm=ANEXO_UNO&id=idupz263&text=b HTTP/1.1" 200 690
186.115.45.179 - - [04/Jan/2015:15:20:20 -0500] "GET /forest/actions/forms.getList?codForm=ANEXO_UNO&id=idupz263&text=bo HTTP/1.1" 200 367
186.29.197.182 - - [04/Jan/2015:15:20:40 -0500] "POST /forms/lservlet;jsessionid=ac16012b30d5cf36b19de3354db794b8b4f4c9bb63e2.e3iSbxaKaheRe34Sa3yKbhiTahb0n6jAmljGr5XDqQLvpAe HTTP/1.1" 200 2
66.249.64.171 - - [04/Jan/2015:15:20:48 -0500] "GET /BLA/resoluciones/RESOLUCIONES%202010/2579.pdf HTTP/1.1" 200 783300
186.115.45.179 - - [04/Jan/2015:15:20:48 -0500] "GET /forest/actions/forms.getList?codForm=ANEXO_UNO&id=ViabTec_Reg670&text=s HTTP/1.1" 200 25
186.115.45.179 - - [04/Jan/2015:15:20:53 -0500] "GET /forest/actions/forms.getList?codForm=ANEXO_UNO&id=ViabTec_Perm671&text=n HTTP/1.1" 200 56
186.115.45.179 - - [04/Jan/2015:15:21:00 -0500] "GET /forest/actions/forms.getList?codForm=ANEXO_UNO&id=AcepReg_MovAceite985&text=n HTTP/1.1" 200 56
186.115.45.179 - - [04/Jan/2015:15:21:19 -0500] "POST /forest/usutareas.do? HTTP/1.1" 200 76
186.115.45.179 - - [04/Jan/2015:15:21:23 -0500] "GET /forest/skins/gdocs-jar/css/menu.css?version=1412.231748 HTTP/1.1" 304 -
186.115.45.179 - - [04/Jan/2015:15:21:23 -0500] "GET /forest/skins/gdocs-jar/css/forest.css?version=1412.231748 HTTP/1.1" 304 -
186.115.45.179 - - [04/Jan/2015:15:21:23 -0500] "GET /forest/skins/gdocs-jar/css/autocomplete.css?version=1412.231748 HTTP/1.1" 304 -
186.115.45.179 - - [04/Jan/2015:15:21:23 -0500] "GET /forest/css/escritorio.css?version=1412.231748 HTTP/1.1" 304 -
186.115.45.179 - - [04/Jan/2015:15:21:23 -0500] "GET /forest/css/index.css?version=1412.231748 HTTP/1.1" 304 -
186.115.45.179 - - [04/Jan/2015:15:21:23 -0500] "GET /forest/1ibre/jscalendar/calendar-win2k-1.css?version=1412.231748 HTTP/1.1" 304 -
186.115.45.179 - - [04/Jan/2015:15:21:23 -0500] "GET /forest/skins/gdocs-jar/css/dialog.css?version=1412.231748 HTTP/1.1" 304 -
186.115.45.179 - - [04/Jan/2015:15:21:23 -0500] "GET /forest/skins/gdocs-jar/css/forms.css?version=1412.231748 HTTP/1.1" 304 -
186.115.45.179 - - [04/Jan/2015:15:21:23 -0500] "GET /forest/img/forestIcon.gif?version=1412.231748 HTTP/1.1" 304 -
186.115.45.179 - - [04/Jan/2015:15:21:23 -0500] "GET /forest/skins/gdocs-jar/js/autocompletar2.js?version=1412.231748 HTTP/1.1" 304 -
186.115.45.179 - - [04/Jan/2015:15:21:23 -0500] "GET /forest/skins/gdocs-jar/js/xml_utilities.js?version=1412.231748 HTTP/1.1" 304 -
186.115.45.179 - - [04/Jan/2015:15:21:23 -0500] "GET /forest/skins/gdocs-jar/js/grid.js?version=1412.231748 HTTP/1.1" 304 -
186.115.45.179 - - [04/Jan/2015:15:21:23 -0500] "GET /forest/skins/gdocs-jar/js/number-functions.js?version=1412.231748 HTTP/1.1" 304 -
186.115.45.179 - - [04/Jan/2015:15:21:23 -0500] "GET /forest/skins/gdocs-jar/js/tareas.js?version=1412.231748 HTTP/1.1" 304 -
186.115.45.179 - - [04/Jan/2015:15:21:23 -0500] "GET /forest/skins/gdocs-jar/js/swfobject.js?version=1412.231748 HTTP/1.1" 304 -
186.115.45.179 - - [04/Jan/2015:15:21:23 -0500] "GET /forest/skins/gdocs-jar/js/formsBase.js?version=1412.231748 HTTP/1.1" 304 -
186.115.45.179 - - [04/Jan/2015:15:21:23 -0500] "GET /forest/skins/gdocs-jar/js/graphicForm.js?version=1412.231748 HTTP/1.1" 304 -
186.115.45.179 - - [04/Jan/2015:15:16:18 -0500] "GET /ForestMSG_SDA/channelAsync/template_word_17226660?X-Atmosphere-tracking-id=91c3bc30-ee81-526d-d86a-5ec2413760f8&X-Atmosphere-Framework=1.0.5&X-Atmosphere-Transport=long-polling&tabid=0.5331898834014263&X-Cache-Date=0&Content-Type=application/xml&_=1420402754615 HTTP/1.1" 200 8193
186.115.45.179 - - [04/Jan/2015:15:21:21 -0500] "GET /forest/usutareas.do?group_system_actual=3&a=0.45761604232477116 HTTP/1.1" 200 997001
186.115.45.179 - - [04/Jan/2015:15:21:37 -0500] "GET /forest/session.jsp?a=0.8881047140034904 HTTP/1.1" 200 4
186.115.45.179 - - [04/Jan/2015:15:21:37 -0500] "GET /forest/actions/forms.getList?codForm=ANEXO_UNO&id=Aguas_Superf984 HTTP/1.1" 200 139
186.115.45.179 - - [04/Jan/2015:15:21:37 -0500] "GET /forest/actions/forms.getList?codForm=ANEXO_UNO&id=Aguas_Subterr1342 HTTP/1.1" 200 139
186.115.45.179 - - [04/Jan/2015:15:21:37 -0500] "GET /forest/actions/forms.getList?codForm=ANEXO_UNO&id=Vertimientos312 HTTP/1.1" 200 139
186.115.45.179 - - [04/Jan/2015:15:21:37 -0500] "GET /forest/actions/forms.getList?codForm=ANEXO_UNO&id=Aceites_Usados626 HTTP/1.1" 200 139
74.86.158.107 - - [04/Jan/2015:15:21:42 -0500] "HEAD / HTTP/1.1" 302 -
186.115.45.179 - - [04/Jan/2015:15:21:44 -0500] "GET /forest/actions/forms.getMappedValues?id=NUMTER1346&value=900364558-4&codForm=ANEXO_UNO&a=0.1206203538029178 HTTP/1.1" 200 219
181.50.241.109 - - [04/Jan/2015:15:21:44 -0500] "POST /forms/lservlet;jsessionid=ac16012b30d52a185366133943c4afb3b3347df04e04.e3iSbxaKaheRe34Sa3yKbhiTahb0n6jAmljGr5XDqQLvpAe HTTP/1.1" 200 2
186.115.45.179 - - [04/Jan/2015:15:21:44 -0500] "GET /forest/actions/forms.getMappedValues?id=CIIU21016&value=1040&codForm=ANEXO_UNO&a=0.20361641397671515 HTTP/1.1" 200 151
186.115.45.179 - - [04/Jan/2015:15:21:51 -0500] "POST /forest/usutareas.do? HTTP/1.1" 200 76
186.115.45.179 - - [04/Jan/2015:15:21:57 -0500] "GET /forest/css/escritorio.css?version=1412.231748 HTTP/1.1" 304 -
186.115.45.179 - - [04/Jan/2015:15:21:57 -0500] "GET /forest/css/index.css?version=1412.231748 HTTP/1.1" 304 -
186.115.45.179 - - [04/Jan/2015:15:21:57 -0500] "GET /forest/skins/gdocs-jar/css/forest.css?version=1412.231748 HTTP/1.1" 304 -
186.115.45.179 - - [04/Jan/2015:15:21:57 -0500] "GET /forest/skins/gdocs-jar/css/autocomplete.css?version=1412.231748 HTTP/1.1" 304 -
186.115.45.179 - - [04/Jan/2015:15:21:57 -0500] "GET /forest/skins/gdocs-jar/css/menu.css?version=1412.231748 HTTP/1.1" 304 -
186.115.45.179 - - [04/Jan/2015:15:21:57 -0500] "GET /forest/1ibre/jscalendar/calendar-win2k-1.css?version=1412.231748 HTTP/1.1" 304 -
186.115.45.179 - - [04/Jan/2015:15:21:57 -0500] "GET /forest/skins/gdocs-jar/css/dialog.css?version=1412.231748 HTTP/1.1" 304 -
186.115.45.179 - - [04/Jan/2015:15:21:57 -0500] "GET /forest/img/forestIcon.gif?version=1412.231748 HTTP/1.1" 304 -
186.115.45.179 - - [04/Jan/2015:15:21:57 -0500] "GET /forest/skins/gdocs-jar/css/forms.css?version=1412.231748 HTTP/1.1" 304 -
186.115.45.179 - - [04/Jan/2015:15:21:58 -0500] "GET /forest/skins/gdocs-jar/js/autocompletar2.js?version=1412.231748 HTTP/1.1" 304 -
186.115.45.179 - - [04/Jan/2015:15:21:58 -0500] "GET /forest/skins/gdocs-jar/js/tareas.js?version=1412.231748 HTTP/1.1" 304 -
186.115.45.179 - - [04/Jan/2015:15:21:58 -0500] "GET /forest/skins/gdocs-jar/js/xml_utilities.js?version=1412.231748 HTTP/1.1" 304 -
186.115.45.179 - - [04/Jan/2015:15:21:58 -0500] "GET /forest/skins/gdocs-jar/js/grid.js?version=1412.231748 HTTP/1.1" 304 -
186.115.45.179 - - [04/Jan/2015:15:21:58 -0500] "GET /forest/skins/gdocs-jar/js/number-functions.js?version=1412.231748 HTTP/1.1" 304 -
186.115.45.179 - - [04/Jan/2015:15:21:58 -0500] "GET /forest/skins/gdocs-jar/js/formsBase.js?version=1412.231748 HTTP/1.1" 304 -
186.115.45.179 - - [04/Jan/2015:15:21:56 -0500] "GET /forest/usutareas.do?group_system_actual=3&a=0.6628982881968114 HTTP/1.1" 200 116632
186.115.45.179 - - [04/Jan/2015:15:21:58 -0500] "GET /forest/skins/gdocs-jar/js/swfobject.js?version=1412.231748 HTTP/1.1" 304 -
186.115.45.179 - - [04/Jan/2015:15:21:58 -0500] "GET /forest/skins/gdocs-jar/js/graphicForm.js?version=1412.231748 HTTP/1.1" 304 -
186.115.45.179 - - [04/Jan/2015:15:21:59 -0500] "GET /forest/actions/forms.getMappedValues?id=tercero46&value=900364558-4&codForm=reporte_ct_registro&a=0.19775340475521064 HTTP/1.1" 200 100
186.115.45.179 - - [04/Jan/2015:15:21:59 -0500] "GET /forest/session.jsp?a=0.139133812913795 HTTP/1.1" 200 4
186.115.45.179 - - [04/Jan/2015:15:21:59 -0500] "GET /forest/actions/forms.getMappedValues?id=ViabTec_Perm1340&value=3&codForm=reporte_ct_registro&a=0.8613051142458668 HTTP/1.1" 200 28
186.115.45.179 - - [04/Jan/2015:15:21:59 -0500] "GET /forest/actions/forms.getMappedValues?id=ViabTec_Perm1340&value=3&codForm=reporte_ct_registro&a=0.9257462441937832 HTTP/1.1" 200 28
100.43.85.25 - - [04/Jan/2015:15:22:11 -0500] "GET /videos/?C=S;O=A HTTP/1.1" 200 47950
186.115.45.179 - - [04/Jan/2015:15:22:18 -0500] "POST /forest/usutareas.do? HTTP/1.1" 200 201
186.29.197.182 - - [04/Jan/2015:15:22:40 -0500] "POST /forms/lservlet;jsessionid=ac16012b30d5cf36b19de3354db794b8b4f4c9bb63e2.e3iSbxaKaheRe34Sa3yKbhiTahb0n6jAmljGr5XDqQLvpAe HTTP/1.1" 200 2
181.137.183.235 - - [04/Jan/2015:15:22:44 -0500] "GET /BLA/boletinlegal/js/jquery.js HTTP/1.1" 200 57254
181.137.183.235 - - [04/Jan/2015:15:22:44 -0500] "GET /BLA/boletinlegal/js/jquery.scrollTo-min.js HTTP/1.1" 200 1150
181.137.183.235 - - [04/Jan/2015:15:22:44 -0500] "GET /BLA/boletinlegal/js/jquery.scrollShow.js HTTP/1.1" 200 4586
66.249.64.167 - - [04/Jan/2015:15:22:44 -0500] "GET /BLA/resoluciones/RESOLUCIONES%202004/RES%202004%201451-1500/00001469.tif HTTP/1.1" 200 34230
180.76.6.46 - - [04/Jan/2015:15:23:08 -0500] "GET /BLA/resoluciones/AUTOS%202009/1380.pdf HTTP/1.1" 200 122490
66.249.64.171 - - [04/Jan/2015:15:23:35 -0500] "GET /BLA/resoluciones/RESOLUCIONES%202009/8485.pdf HTTP/1.1" 200 3387527
181.50.241.109 - - [04/Jan/2015:15:23:44 -0500] "POST /forms/lservlet;jsessionid=ac16012b30d52a185366133943c4afb3b3347df04e04.e3iSbxaKaheRe34Sa3yKbhiTahb0n6jAmljGr5XDqQLvpAe HTTP/1.1" 200 2
180.76.6.134 - - [04/Jan/2015:15:24:12 -0500] "GET /BLA/boletinlegal;jsessionid=F1134247D477681CEF89B405AC09B6D6?/? HTTP/1.1" 404 1018
186.29.197.182 - - [04/Jan/2015:15:24:40 -0500] "POST /forms/lservlet;jsessionid=ac16012b30d5cf36b19de3354db794b8b4f4c9bb63e2.e3iSbxaKaheRe34Sa3yKbhiTahb0n6jAmljGr5XDqQLvpAe HTTP/1.1" 200 2
200.85.83.14 - - [04/Jan/2015:15:25:08 -0500] "GET /BLA/boletinlegal/js/jquery.js HTTP/1.1" 200 57254
200.85.83.14 - - [04/Jan/2015:15:25:08 -0500] "GET /BLA/boletinlegal/js/jquery.scrollTo-min.js HTTP/1.1" 200 1150
200.85.83.14 - - [04/Jan/2015:15:25:08 -0500] "GET /BLA/boletinlegal/js/jquery.scrollShow.js HTTP/1.1" 200 4586
180.76.5.175 - - [04/Jan/2015:15:25:16 -0500] "GET /BLA/resoluciones/AUTOS%202012/2215.pdf HTTP/1.1" 200 364693
191.149.135.92 - - [04/Jan/2015:15:25:18 -0500] "GET /BLA/resoluciones/AUTOS%202013/2053.pdf HTTP/1.1" 200 1808684
191.149.135.92 - - [04/Jan/2015:15:25:31 -0500] "GET /BLA/resoluciones/AUTOS%202013/2053.pdf HTTP/1.1" 200 1808684
191.149.135.92 - - [04/Jan/2015:15:25:39 -0500] "GET /BLA/resoluciones/AUTOS%202013/2053.pdf HTTP/1.1" 200 1808684
181.50.241.109 - - [04/Jan/2015:15:25:44 -0500] "POST /forms/lservlet;jsessionid=ac16012b30d52a185366133943c4afb3b3347df04e04.e3iSbxaKaheRe34Sa3yKbhiTahb0n6jAmljGr5XDqQLvpAe HTTP/1.1" 200 2
181.235.139.212 - - [04/Jan/2015:15:25:55 -0500] "GET /BLA/boletinlegal/js/jquery.js HTTP/1.1" 200 57254
181.235.139.212 - - [04/Jan/2015:15:25:55 -0500] "GET /BLA/boletinlegal/js/jquery.scrollTo-min.js HTTP/1.1" 200 1150
181.235.139.212 - - [04/Jan/2015:15:25:55 -0500] "GET /BLA/boletinlegal/js/jquery.scrollShow.js HTTP/1.1" 200 4586
66.249.64.163 - - [04/Jan/2015:15:26:25 -0500] "GET /BLA/resoluciones/RESOLUCIONES%202011/0027.pdf HTTP/1.1" 200 498695
161.10.123.108 - - [04/Jan/2015:15:26:27 -0500] "GET /BLA/boletinlegal/js/jquery.js HTTP/1.1" 200 57254
161.10.123.108 - - [04/Jan/2015:15:26:27 -0500] "GET /BLA/boletinlegal/js/jquery.scrollTo-min.js HTTP/1.1" 200 1150
161.10.123.108 - - [04/Jan/2015:15:26:27 -0500] "GET /BLA/boletinlegal/js/jquery.scrollShow.js HTTP/1.1" 200 4586
186.29.197.182 - - [04/Jan/2015:15:26:41 -0500] "POST /forms/lservlet;jsessionid=ac16012b30d5cf36b19de3354db794b8b4f4c9bb63e2.e3iSbxaKaheRe34Sa3yKbhiTahb0n6jAmljGr5XDqQLvpAe HTTP/1.1" 200 2
74.86.158.107 - - [04/Jan/2015:15:26:42 -0500] "HEAD / HTTP/1.1" 302 -
186.115.45.179 - - [04/Jan/2015:15:26:59 -0500] "GET /forest/session.jsp?a=0.9534327676426193 HTTP/1.1" 200 4
186.115.45.179 - - [04/Jan/2015:15:21:24 -0500] "GET /ForestMSG_SDA/channelAsync/template_word_17226660?X-Atmosphere-tracking-id=cca7db9e-7c3e-732d-8ee3-a3403cbaa785&X-Atmosphere-Framework=1.0.5&X-Atmosphere-Transport=long-polling&tabid=0.12489374355625682&X-Cache-Date=0&Content-Type=application/xml&_=1420403059890 HTTP/1.1" 200 8193
180.76.5.155 - - [04/Jan/2015:15:27:26 -0500] "GET /BLA/resoluciones/AUTOS%202009/1054.pdf HTTP/1.1" 200 173187
181.50.241.109 - - [04/Jan/2015:15:27:44 -0500] "POST /forms/lservlet;jsessionid=ac16012b30d52a185366133943c4afb3b3347df04e04.e3iSbxaKaheRe34Sa3yKbhiTahb0n6jAmljGr5XDqQLvpAe HTTP/1.1" 200 2
186.115.45.179 - - [04/Jan/2015:15:21:58 -0500] "GET /ForestMSG_SDA/channelAsync/template_word_17226671?X-Atmosphere-tracking-id=d9714133-7ec4-84b2-c72f-c1ab1e445765&X-Atmosphere-Framework=1.0.5&X-Atmosphere-Transport=long-polling&tabid=0.12413501291360762&X-Cache-Date=0&Content-Type=application/xml&_=1420403094160 HTTP/1.1" 200 8193
186.29.197.182 - - [04/Jan/2015:15:28:41 -0500] "POST /forms/lservlet;jsessionid=ac16012b30d5cf36b19de3354db794b8b4f4c9bb63e2.e3iSbxaKaheRe34Sa3yKbhiTahb0n6jAmljGr5XDqQLvpAe HTTP/1.1" 200 2
66.249.64.167 - - [04/Jan/2015:15:29:13 -0500] "GET /BLA/resoluciones/RESOLUCIONES%202009/2863.pdf HTTP/1.1" 200 537674
181.54.223.112 - - [04/Jan/2015:15:29:38 -0500] "GET /crossdomain.xml HTTP/1.1" 404 1280
181.54.223.112 - - [04/Jan/2015:15:29:38 -0500] "GET /arcgis/services/Calidad_del_Agua_WQI/MapServer/WMSServer?HEIGHT=667&STYLES=&WIDTH=1366&LAYERS=3%2C4%2C5%2C6%2C7&BBOX=%2D74%2E20708481285001%2C4%2E629436907680101%2C%2D74%2E14207793817073%2C4%2E661178917497877&FORMAT=image%2Fpng&SERVICE=WMS&SRS=EPSG%3A4686&REQUEST=GetMap&VERSION=1%2E1%2E1&TRANSPARENT=TRUE HTTP/1.1" 200 5157
181.50.241.109 - - [04/Jan/2015:15:29:44 -0500] "POST /forms/lservlet;jsessionid=ac16012b30d52a185366133943c4afb3b3347df04e04.e3iSbxaKaheRe34Sa3yKbhiTahb0n6jAmljGr5XDqQLvpAe HTTP/1.1" 200 2
181.54.223.112 - - [04/Jan/2015:15:29:46 -0500] "GET /arcgis/services/Calidad_del_Agua_WQI/MapServer/WMSServer?HEIGHT=667&STYLES=&WIDTH=1366&LAYERS=3%2C4%2C5%2C6%2C7&BBOX=%2D74%2E21295379630133%2C4%2E63371571497418%2C%2D74%2E14794692162205%2C4%2E665457724791956&FORMAT=image%2Fpng&SERVICE=WMS&SRS=EPSG%3A4686&REQUEST=GetMap&VERSION=1%2E1%2E1&TRANSPARENT=TRUE HTTP/1.1" 200 5840
190.158.142.100 - - [04/Jan/2015:15:30:07 -0500] "GET /galeria/carrusel/Carrusel/jquery.thumbnailScroller.css HTTP/1.1" 200 2066
190.158.142.100 - - [04/Jan/2015:15:30:07 -0500] "GET /BLA/boletinlegal/js/jquery.scrollTo-min.js HTTP/1.1" 200 1150
190.158.142.100 - - [04/Jan/2015:15:30:07 -0500] "GET /BLA/boletinlegal/js/jquery.js HTTP/1.1" 200 57254
190.158.142.100 - - [04/Jan/2015:15:30:07 -0500] "GET /galeria/carrusel/Carrusel/jquery.thumbnailScroller.js HTTP/1.1" 200 8157
190.158.142.100 - - [04/Jan/2015:15:30:07 -0500] "GET /galeria/carrusel/Carrusel/jquery-ui-1.8.13.custom.min.js HTTP/1.1" 200 10800
190.158.142.100 - - [04/Jan/2015:15:30:07 -0500] "GET /BLA/boletinlegal/js/jquery.scrollShow.js HTTP/1.1" 200 4586
190.158.142.100 - - [04/Jan/2015:15:30:14 -0500] "GET /galeria/nivo-slider/demo/demo.html HTTP/1.1" 200 3150
190.158.142.100 - - [04/Jan/2015:15:30:16 -0500] "GET /galeria/nivo-slider/themes/default/default.css HTTP/1.1" 200 1569
190.158.142.100 - - [04/Jan/2015:15:30:16 -0500] "GET /galeria/nivo-slider/themes/orman/orman.css HTTP/1.1" 200 2152
190.158.142.100 - - [04/Jan/2015:15:30:16 -0500] "GET /galeria/nivo-slider/themes/pascal/pascal.css HTTP/1.1" 200 2258
190.158.142.100 - - [04/Jan/2015:15:30:16 -0500] "GET /galeria/nivo-slider/nivo-slider.css HTTP/1.1" 200 1507
190.158.142.100 - - [04/Jan/2015:15:30:16 -0500] "GET /galeria/nivo-slider/demo/images/bolsas-08.jpg HTTP/1.1" 200 85589
190.158.142.100 - - [04/Jan/2015:15:30:16 -0500] "GET /galeria/nivo-slider/demo/style.css HTTP/1.1" 200 2222
190.158.142.100 - - [04/Jan/2015:15:30:16 -0500] "GET /galeria/nivo-slider/demo/images/Ruta-vertimientos-01.jpg HTTP/1.1" 200 130151
190.158.142.100 - - [04/Jan/2015:15:30:16 -0500] "GET /galeria/nivo-slider/demo/scripts/jquery-1.7.1.min.js HTTP/1.1" 200 93868
190.158.142.100 - - [04/Jan/2015:15:30:16 -0500] "GET /galeria/nivo-slider/demo/images/bolsas-06.jpg HTTP/1.1" 200 90982
190.158.142.100 - - [04/Jan/2015:15:30:16 -0500] "GET /galeria/nivo-slider/jquery.nivo.slider.pack.js HTTP/1.1" 200 11561
190.158.142.100 - - [04/Jan/2015:15:30:16 -0500] "GET /galeria/nivo-slider/demo/images/ecolecta-Dic2014.png HTTP/1.1" 200 288593
190.158.142.100 - - [04/Jan/2015:15:30:17 -0500] "GET /galeria/nivo-slider/demo/images/Tingua-azul.jpg HTTP/1.1" 200 307638
190.158.142.100 - - [04/Jan/2015:15:30:18 -0500] "GET /galeria/nivo-slider/demo/images/porloshumedales.jpg HTTP/1.1" 200 351238
190.158.142.100 - - [04/Jan/2015:15:30:18 -0500] "GET /galeria/nivo-slider/demo/images/Banner-Caracol-Africano.jpg HTTP/1.1" 200 331986
190.158.142.100 - - [04/Jan/2015:15:30:18 -0500] "GET /galeria/nivo-slider/demo/images/banner-redes.jpg HTTP/1.1" 200 62209
190.158.142.100 - - [04/Jan/2015:15:30:19 -0500] "GET /galeria/nivo-slider/demo/images/9Signos.jpg HTTP/1.1" 200 93040
190.158.142.100 - - [04/Jan/2015:15:30:20 -0500] "GET /galeria/nivo-slider/demo/images/banner-llantas2.jpg HTTP/1.1" 200 73153
190.158.142.100 - - [04/Jan/2015:15:30:20 -0500] "GET /galeria/nivo-slider/demo/images/banner-caballos.png HTTP/1.1" 200 389106
190.158.142.100 - - [04/Jan/2015:15:30:21 -0500] "GET /galeria/nivo-slider/themes/default/loading.gif HTTP/1.1" 200 1737
190.158.142.100 - - [04/Jan/2015:15:30:21 -0500] "GET /galeria/nivo-slider/demo/images/4Simple_Slider.png HTTP/1.1" 200 11722
190.158.142.100 - - [04/Jan/2015:15:30:23 -0500] "GET /galeria/nivo-slider/themes/default/arrows.png HTTP/1.1" 200 824
190.158.142.100 - - [04/Jan/2015:15:30:23 -0500] "GET /galeria/nivo-slider/themes/default/bullets.png HTTP/1.1" 200 1281
190.158.142.100 - - [04/Jan/2015:15:30:27 -0500] "GET /videos/Spot_CambioClimatico.flv HTTP/1.1" 200 4371917
186.29.197.182 - - [04/Jan/2015:15:30:41 -0500] "POST /forms/lservlet;jsessionid=ac16012b30d5cf36b19de3354db794b8b4f4c9bb63e2.e3iSbxaKaheRe34Sa3yKbhiTahb0n6jAmljGr5XDqQLvpAe HTTP/1.1" 200 2
181.55.181.164 - - [04/Jan/2015:15:31:13 -0500] "GET /BLA/boletinlegal/js/jquery.js HTTP/1.1" 200 57254
181.55.181.164 - - [04/Jan/2015:15:31:13 -0500] "GET /galeria/carrusel/Carrusel/jquery.thumbnailScroller.css HTTP/1.1" 200 2066
181.55.181.164 - - [04/Jan/2015:15:31:13 -0500] "GET /BLA/boletinlegal/js/jquery.scrollShow.js HTTP/1.1" 200 4586
181.55.181.164 - - [04/Jan/2015:15:31:13 -0500] "GET /BLA/boletinlegal/js/jquery.scrollTo-min.js HTTP/1.1" 200 1150
181.55.181.164 - - [04/Jan/2015:15:31:13 -0500] "GET /galeria/carrusel/Carrusel/jquery-ui-1.8.13.custom.min.js HTTP/1.1" 200 10800
181.55.181.164 - - [04/Jan/2015:15:31:13 -0500] "GET /galeria/carrusel/Carrusel/jquery.thumbnailScroller.js HTTP/1.1" 200 8157
181.55.181.164 - - [04/Jan/2015:15:31:17 -0500] "GET /galeria/nivo-slider/demo/demo.html HTTP/1.1" 200 3150
181.55.181.164 - - [04/Jan/2015:15:31:18 -0500] "GET /galeria/nivo-slider/themes/default/default.css HTTP/1.1" 200 1569
181.55.181.164 - - [04/Jan/2015:15:31:18 -0500] "GET /galeria/nivo-slider/themes/pascal/pascal.css HTTP/1.1" 200 2258
181.55.181.164 - - [04/Jan/2015:15:31:18 -0500] "GET /galeria/nivo-slider/demo/images/bolsas-08.jpg HTTP/1.1" 200 85589
181.55.181.164 - - [04/Jan/2015:15:31:18 -0500] "GET /galeria/nivo-slider/themes/orman/orman.css HTTP/1.1" 200 2152
181.55.181.164 - - [04/Jan/2015:15:31:19 -0500] "GET /galeria/nivo-slider/demo/images/Ruta-vertimientos-01.jpg HTTP/1.1" 200 130151
181.55.181.164 - - [04/Jan/2015:15:31:19 -0500] "GET /galeria/nivo-slider/nivo-slider.css HTTP/1.1" 200 1507
181.55.181.164 - - [04/Jan/2015:15:31:19 -0500] "GET /galeria/nivo-slider/demo/style.css HTTP/1.1" 200 2222
181.55.181.164 - - [04/Jan/2015:15:31:19 -0500] "GET /galeria/nivo-slider/demo/scripts/jquery-1.7.1.min.js HTTP/1.1" 200 93868
181.55.181.164 - - [04/Jan/2015:15:31:19 -0500] "GET /galeria/nivo-slider/jquery.nivo.slider.pack.js HTTP/1.1" 200 11561
74.86.158.107 - - [04/Jan/2015:15:31:42 -0500] "HEAD / HTTP/1.1" 302 -
181.50.241.109 - - [04/Jan/2015:15:31:44 -0500] "POST /forms/lservlet;jsessionid=ac16012b30d52a185366133943c4afb3b3347df04e04.e3iSbxaKaheRe34Sa3yKbhiTahb0n6jAmljGr5XDqQLvpAe HTTP/1.1" 200 2
66.249.64.171 - - [04/Jan/2015:15:32:01 -0500] "GET /BLA/resoluciones/RESOLUCIONES%202011/0867.pdf HTTP/1.1" 200 70907
186.85.79.140 - - [04/Jan/2015:15:32:03 -0500] "GET /BLA/boletinlegal/js/jquery.js HTTP/1.1" 200 57254
186.85.79.140 - - [04/Jan/2015:15:32:03 -0500] "GET /BLA/boletinlegal/js/jquery.scrollShow.js HTTP/1.1" 200 4586
186.85.79.140 - - [04/Jan/2015:15:32:03 -0500] "GET /BLA/boletinlegal/js/jquery.scrollTo-min.js HTTP/1.1" 200 1150
186.85.79.140 - - [04/Jan/2015:15:32:03 -0500] "GET /galeria/carrusel/Carrusel/jquery.thumbnailScroller.css HTTP/1.1" 200 2066
186.85.79.140 - - [04/Jan/2015:15:32:03 -0500] "GET /galeria/carrusel/Carrusel/jquery-ui-1.8.13.custom.min.js HTTP/1.1" 200 10800
186.85.79.140 - - [04/Jan/2015:15:32:03 -0500] "GET /galeria/carrusel/Carrusel/jquery.thumbnailScroller.js HTTP/1.1" 200 8157
186.85.79.140 - - [04/Jan/2015:15:32:18 -0500] "GET /galeria/nivo-slider/demo/demo.html HTTP/1.1" 200 3150
66.249.64.171 - - [04/Jan/2015:15:32:29 -0500] "GET /BLA/resoluciones/AUTOS%202014/1718.pdf HTTP/1.1" 200 304655
186.29.197.182 - - [04/Jan/2015:15:32:41 -0500] "POST /forms/lservlet;jsessionid=ac16012b30d5cf36b19de3354db794b8b4f4c9bb63e2.e3iSbxaKaheRe34Sa3yKbhiTahb0n6jAmljGr5XDqQLvpAe HTTP/1.1" 200 2
191.92.252.173 - - [04/Jan/2015:15:33:32 -0500] "GET /BLA/boletinlegal/js/jquery.js HTTP/1.1" 200 57254
191.92.252.173 - - [04/Jan/2015:15:33:32 -0500] "GET /BLA/boletinlegal/js/jquery.scrollTo-min.js HTTP/1.1" 200 1150
191.92.252.173 - - [04/Jan/2015:15:33:32 -0500] "GET /BLA/boletinlegal/js/jquery.scrollShow.js HTTP/1.1" 200 4586
181.50.241.109 - - [04/Jan/2015:15:33:44 -0500] "POST /forms/lservlet;jsessionid=ac16012b30d52a185366133943c4afb3b3347df04e04.e3iSbxaKaheRe34Sa3yKbhiTahb0n6jAmljGr5XDqQLvpAe HTTP/1.1" 200 2
186.115.45.179 - - [04/Jan/2015:15:27:58 -0500] "GET /ForestMSG_SDA/channelAsync/template_word_17226671?X-Atmosphere-tracking-id=d9714133-7ec4-84b2-c72f-c1ab1e445765&X-Atmosphere-Framework=1.0.5&X-Atmosphere-Transport=long-polling&tabid=0.12413501291360762&X-Cache-Date=0&Content-Type=application/xml&_=1420403454268 HTTP/1.1" 200 8193
186.29.197.182 - - [04/Jan/2015:15:34:41 -0500] "POST /forms/lservlet;jsessionid=ac16012b30d5cf36b19de3354db794b8b4f4c9bb63e2.e3iSbxaKaheRe34Sa3yKbhiTahb0n6jAmljGr5XDqQLvpAe HTTP/1.1" 200 2
66.249.64.163 - - [04/Jan/2015:15:34:51 -0500] "GET /BLA/resoluciones/RESOLUCIONES%202009/0905.pdf HTTP/1.1" 200 404065
181.50.241.109 - - [04/Jan/2015:15:35:44 -0500] "POST /forms/lservlet;jsessionid=ac16012b30d52a185366133943c4afb3b3347df04e04.e3iSbxaKaheRe34Sa3yKbhiTahb0n6jAmljGr5XDqQLvpAe HTTP/1.1" 200 2
186.115.45.179 - - [04/Jan/2015:15:36:09 -0500] "GET /forest/session.jsp?a=0.4124176942504305 HTTP/1.1" 200 4
186.115.45.179 - - [04/Jan/2015:15:36:16 -0500] "POST /forest/usutareas.do? HTTP/1.1" 200 153
181.156.60.60 - - [04/Jan/2015:15:36:25 -0500] "GET /BLA/boletinlegal/js/jquery.js HTTP/1.1" 200 57254
181.156.60.60 - - [04/Jan/2015:15:36:25 -0500] "GET /BLA/boletinlegal/js/jquery.scrollTo-min.js HTTP/1.1" 200 1150
181.156.60.60 - - [04/Jan/2015:15:36:25 -0500] "GET /BLA/boletinlegal/js/jquery.scrollShow.js HTTP/1.1" 200 4586
180.76.5.72 - - [04/Jan/2015:15:36:26 -0500] "GET /BLA/boletinlegal;jsessionid=721B699FB1601ABC729D3092C87D6E70?/? HTTP/1.1" 404 1018
186.29.197.182 - - [04/Jan/2015:15:36:41 -0500] "POST /forms/lservlet;jsessionid=ac16012b30d5cf36b19de3354db794b8b4f4c9bb63e2.e3iSbxaKaheRe34Sa3yKbhiTahb0n6jAmljGr5XDqQLvpAe HTTP/1.1" 200 2
74.86.158.107 - - [04/Jan/2015:15:36:42 -0500] "HEAD / HTTP/1.1" 302 -
186.115.45.179 - - [04/Jan/2015:15:36:23 -0500] "POST /forest/usutareas.do? HTTP/1.1" 200 201
66.249.64.167 - - [04/Jan/2015:15:37:22 -0500] "GET /BLA/resoluciones/AUTOS%202011/6088.pdf HTTP/1.1" 200 292160
66.249.64.171 - - [04/Jan/2015:15:37:39 -0500] "GET /BLA/resoluciones/RESOLUCIONES%202009/0946.pdf HTTP/1.1" 200 494864
66.249.64.163 - - [04/Jan/2015:15:37:40 -0500] "GET /BLA/resoluciones/AUTOS%202013/0815.pdf HTTP/1.1" 304 -
201.184.127.195 - - [04/Jan/2015:15:37:43 -0500] "GET /galeria/nivo-slider/demo/images/porloshumedales.jpg HTTP/1.1" 304 -
181.50.241.109 - - [04/Jan/2015:15:37:44 -0500] "POST /forms/lservlet;jsessionid=ac16012b30d52a185366133943c4afb3b3347df04e04.e3iSbxaKaheRe34Sa3yKbhiTahb0n6jAmljGr5XDqQLvpAe HTTP/1.1" 200 2
201.184.127.195 - - [04/Jan/2015:15:37:51 -0500] "GET /forest/index2.jsp?a=0.09461806794964378 HTTP/1.1" 200 12758
66.249.64.163 - - [04/Jan/2015:15:37:59 -0500] "GET /BLA/resoluciones/AUTOS%202014/2040.pdf HTTP/1.1" 200 342221
201.184.127.195 - - [04/Jan/2015:15:38:00 -0500] "POST /forest/login.do HTTP/1.1" 302 -
201.184.127.195 - - [04/Jan/2015:15:38:01 -0500] "GET /forest/index2.jsp?a=0.9265663352556337 HTTP/1.1" 200 65063
201.184.127.195 - - [04/Jan/2015:15:38:03 -0500] "GET /forest/session.jsp?a=0.2640421346295625 HTTP/1.1" 200 4
66.249.64.163 - - [04/Jan/2015:15:38:39 -0500] "GET /BLA/resoluciones/RESOLUCIONES%202011/0418.pdf HTTP/1.1" 200 75739
201.184.127.195 - - [04/Jan/2015:15:38:40 -0500] "GET /forest/misactividades.do?group_system_actual=3&codPro=90&_a=0.7359163573633275 HTTP/1.1" 200 38136
201.184.127.195 - - [04/Jan/2015:15:38:41 -0500] "GET /forest/skins/gdocs-jar/jsp/cookie.jsp?name=grid_numpro&del HTTP/1.1" 200 -
201.184.127.195 - - [04/Jan/2015:15:38:41 -0500] "GET /forest/session.jsp?a=0.27816006215289235 HTTP/1.1" 200 4
201.184.127.195 - - [04/Jan/2015:15:38:41 -0500] "POST /forest/misactividades.do?ajax=true&a=0.8084079942200333 HTTP/1.1" 200 7738
186.29.197.182 - - [04/Jan/2015:15:38:41 -0500] "POST /forms/lservlet;jsessionid=ac16012b30d5cf36b19de3354db794b8b4f4c9bb63e2.e3iSbxaKaheRe34Sa3yKbhiTahb0n6jAmljGr5XDqQLvpAe HTTP/1.1" 200 2
186.115.45.179 - - [04/Jan/2015:15:38:56 -0500] "POST /forest/usutareas.do? HTTP/1.1" 200 153
201.184.127.195 - - [04/Jan/2015:15:39:04 -0500] "POST /forest/misactividades.do?ajax=true&a=0.060168983647599816 HTTP/1.1" 200 1088
201.184.127.195 - - [04/Jan/2015:15:39:07 -0500] "GET /forest/usutareas.do?_a=0.627855719299987&group_system_actual=3 HTTP/1.1" 200 91056
201.184.127.195 - - [04/Jan/2015:15:39:08 -0500] "GET /forest/session.jsp?a=0.7632156896870583 HTTP/1.1" 200 4
66.249.64.171 - - [04/Jan/2015:15:39:10 -0500] "GET /BLA/resoluciones/RESOLUCIONES%202012/1551.pdf HTTP/1.1" 200 1265569
201.184.127.195 - - [04/Jan/2015:15:39:10 -0500] "GET /forest/usugrafico.do?_a=0.4284096860792488&group_system_actual=3 HTTP/1.1" 200 65744
201.184.127.195 - - [04/Jan/2015:15:39:10 -0500] "GET /forest/skins/gdocs-jar/img/activity2.gif HTTP/1.1" 200 374
201.184.127.195 - - [04/Jan/2015:15:39:10 -0500] "GET /forest/session.jsp?a=0.41138763376511633 HTTP/1.1" 200 4
201.184.127.195 - - [04/Jan/2015:15:39:12 -0500] "GET /forest/skins/gdocs-jar/img/contraido.gif HTTP/1.1" 200 195
66.249.64.47 - - [04/Jan/2015:15:39:34 -0500] "GET /PruebasSTORM/StormSDA_pruebas/userFiles/user_files/formulas/3/702.xml HTTP/1.1" 200 977
201.244.161.159 - - [04/Jan/2015:15:39:41 -0500] "GET /favicon.ico HTTP/1.1" 200 7782
181.50.241.109 - - [04/Jan/2015:15:39:44 -0500] "POST /forms/lservlet;jsessionid=ac16012b30d52a185366133943c4afb3b3347df04e04.e3iSbxaKaheRe34Sa3yKbhiTahb0n6jAmljGr5XDqQLvpAe HTTP/1.1" 200 2
186.115.45.179 - - [04/Jan/2015:15:39:03 -0500] "POST /forest/usutareas.do? HTTP/1.1" 200 201
186.115.45.179 - - [04/Jan/2015:15:33:58 -0500] "GET /ForestMSG_SDA/channelAsync/template_word_17226671?X-Atmosphere-tracking-id=d9714133-7ec4-84b2-c72f-c1ab1e445765&X-Atmosphere-Framework=1.0.5&X-Atmosphere-Transport=long-polling&tabid=0.12413501291360762&X-Cache-Date=0&Content-Type=application/xml&_=1420403814298 HTTP/1.1" 200 8193
201.184.95.190 - - [04/Jan/2015:15:40:02 -0500] "GET /forest/skins/gdocs-jar/css/forest.css?version=1412.231748 HTTP/1.1" 200 51
201.184.95.190 - - [04/Jan/2015:15:40:02 -0500] "GET /forest/usutareas.do?group_system_actual=3&codTraEsc=14194309&_a=0.21434692650350418 HTTP/1.1" 200 11196
201.184.95.190 - - [04/Jan/2015:15:40:02 -0500] "GET /forest/skins/gdocs-jar/css/menu.css?version=1412.231748 HTTP/1.1" 200 4235
201.184.95.190 - - [04/Jan/2015:15:40:02 -0500] "GET /forest/skins/gdocs-jar/css/autocomplete.css?version=1412.231748 HTTP/1.1" 200 1620
201.184.95.190 - - [04/Jan/2015:15:40:02 -0500] "GET /forest/css/escritorio.css?version=1412.231748 HTTP/1.1" 200 15878
201.184.95.190 - - [04/Jan/2015:15:40:02 -0500] "GET /forest/css/index.css?version=1412.231748 HTTP/1.1" 200 1900
201.184.95.190 - - [04/Jan/2015:15:40:02 -0500] "GET /forest/1ibre/jscalendar/calendar-win2k-1.css?version=1412.231748 HTTP/1.1" 200 5986
201.184.95.190 - - [04/Jan/2015:15:40:02 -0500] "GET /forest/skins/gdocs-jar/css/dialog.css?version=1412.231748 HTTP/1.1" 200 1430
201.184.95.190 - - [04/Jan/2015:15:40:02 -0500] "GET /forest/skins/gdocs-jar/css/forms.css?version=1412.231748 HTTP/1.1" 200 7180
201.184.95.190 - - [04/Jan/2015:15:40:02 -0500] "GET /forest/img/loading.gif HTTP/1.1" 200 1197
201.184.95.190 - - [04/Jan/2015:15:40:03 -0500] "GET /forest/img/base/login/logo.gif HTTP/1.1" 200 11171
201.184.95.190 - - [04/Jan/2015:15:40:02 -0500] "GET /forest/js/json3.js HTTP/1.1" 200 39592
66.249.64.163 - - [04/Jan/2015:15:40:12 -0500] "GET /BLA/resoluciones/AUTOS%202007/3727.pdf HTTP/1.1" 200 198565
201.184.95.190 - - [04/Jan/2015:15:40:02 -0500] "GET /forest/jsoptimized/gz/js/gdocsall-1412.231748.js HTTP/1.1" 200 99216
201.184.95.190 - - [04/Jan/2015:15:40:13 -0500] "GET /forest/img/base/login/dialog_password.gif HTTP/1.1" 200 5924
201.184.95.190 - - [04/Jan/2015:15:40:13 -0500] "GET /forest/img/mplogo.gif HTTP/1.1" 200 806
201.184.95.190 - - [04/Jan/2015:15:40:13 -0500] "GET /forest/img/close.gif HTTP/1.1" 200 571
201.184.95.190 - - [04/Jan/2015:15:40:13 -0500] "GET /forest/skins/gdocs-jar/img/okey.gif HTTP/1.1" 200 203
201.184.95.190 - - [04/Jan/2015:15:40:13 -0500] "GET /forest/img/base/login/bgLogin2.jpg HTTP/1.1" 200 13960
201.184.95.190 - - [04/Jan/2015:15:40:14 -0500] "GET /forest/img/base/login/bgBtnLogin2.jpg HTTP/1.1" 200 799
201.184.95.190 - - [04/Jan/2015:15:40:14 -0500] "GET /forest/img/base/login/big_seperator.png HTTP/1.1" 200 2878
201.184.95.190 - - [04/Jan/2015:15:40:13 -0500] "GET /forest/img/base/login/bgLogin.png HTTP/1.1" 200 97252
201.184.95.190 - - [04/Jan/2015:15:40:13 -0500] "GET /forest/img/base/login/logoForest.png HTTP/1.1" 200 62521
201.184.95.190 - - [04/Jan/2015:15:40:04 -0500] "GET /forest/img/base/login/nomSistema.png HTTP/1.1" 200 97087
201.184.95.190 - - [04/Jan/2015:15:40:23 -0500] "GET /forest/1ibre/1ibre.css HTTP/1.1" 200 614
66.249.64.171 - - [04/Jan/2015:15:40:28 -0500] "GET /BLA/resoluciones/RESOLUCIONES%202009/2118.pdf HTTP/1.1" 200 542895
186.115.45.179 - - [04/Jan/2015:15:40:40 -0500] "GET /forest/css/index.css?version=1412.231748 HTTP/1.1" 304 -
186.115.45.179 - - [04/Jan/2015:15:40:40 -0500] "GET /forest/skins/gdocs-jar/css/autocomplete.css?version=1412.231748 HTTP/1.1" 304 -
186.115.45.179 - - [04/Jan/2015:15:40:40 -0500] "GET /forest/skins/gdocs-jar/css/forest.css?version=1412.231748 HTTP/1.1" 304 -
186.115.45.179 - - [04/Jan/2015:15:40:40 -0500] "GET /forest/skins/gdocs-jar/css/menu.css?version=1412.231748 HTTP/1.1" 304 -
186.115.45.179 - - [04/Jan/2015:15:40:40 -0500] "GET /forest/css/escritorio.css?version=1412.231748 HTTP/1.1" 304 -
186.115.45.179 - - [04/Jan/2015:15:40:40 -0500] "GET /forest/1ibre/jscalendar/calendar-win2k-1.css?version=1412.231748 HTTP/1.1" 304 -
186.115.45.179 - - [04/Jan/2015:15:40:40 -0500] "GET /forest/skins/gdocs-jar/css/dialog.css?version=1412.231748 HTTP/1.1" 304 -
186.115.45.179 - - [04/Jan/2015:15:40:40 -0500] "GET /forest/skins/gdocs-jar/css/forms.css?version=1412.231748 HTTP/1.1" 304 -
186.115.45.179 - - [04/Jan/2015:15:40:40 -0500] "GET /forest/img/forestIcon.gif?version=1412.231748 HTTP/1.1" 304 -
186.29.197.182 - - [04/Jan/2015:15:40:41 -0500] "POST /forms/lservlet;jsessionid=ac16012b30d5cf36b19de3354db794b8b4f4c9bb63e2.e3iSbxaKaheRe34Sa3yKbhiTahb0n6jAmljGr5XDqQLvpAe HTTP/1.1" 200 2
186.115.45.179 - - [04/Jan/2015:15:40:39 -0500] "GET /forest/index2.jsp?_a=0.3363563557312891 HTTP/1.1" 200 79540
186.115.45.179 - - [04/Jan/2015:15:40:45 -0500] "GET /forest/skins/gdocs-jar/js/autocompletar2.js?version=1412.231748 HTTP/1.1" 304 -
186.115.45.179 - - [04/Jan/2015:15:40:46 -0500] "GET /forest/skins/gdocs-jar/js/xml_utilities.js?version=1412.231748 HTTP/1.1" 304 -
186.115.45.179 - - [04/Jan/2015:15:40:46 -0500] "GET /forest/js/inicio.js?version=1412.231748 HTTP/1.1" 304 -
186.115.45.179 - - [04/Jan/2015:15:40:46 -0500] "GET /forest/skins/gdocs-jar/js/misprocesos.js?version=1412.231748 HTTP/1.1" 304 -
186.115.45.179 - - [04/Jan/2015:15:40:46 -0500] "GET /forest/session.jsp?a=0.6964951531535132 HTTP/1.1" 200 4
