201.184.95.190 - - [04/Jan/2015:16:16:06 -0500] "GET /forest/skins/gdocs-jar/js/documentos.js?version=1412.231748 HTTP/1.1" 200 24262
201.184.95.190 - - [04/Jan/2015:16:16:07 -0500] "GET /forest/skins/gdocs-jar/img/sendmail.gif HTTP/1.1" 200 1297
201.184.95.190 - - [04/Jan/2015:16:16:07 -0500] "GET /forest/skins/gdocs-jar/img/veranexos.gif HTTP/1.1" 200 1130
201.184.95.190 - - [04/Jan/2015:16:16:07 -0500] "GET /forest/skins/gdocs-jar/img/asignar-user.gif HTTP/1.1" 200 1196
201.184.95.190 - - [04/Jan/2015:16:16:07 -0500] "GET /forest/skins/gdocs-jar/img/document_add.gif HTTP/1.1" 200 1109
201.184.95.190 - - [04/Jan/2015:16:16:07 -0500] "GET /forest/skins/gdocs-jar/img/eliminar.gif HTTP/1.1" 200 354
201.184.95.190 - - [04/Jan/2015:16:16:07 -0500] "GET /forest/skins/gdocs-jar/img/historial.gif HTTP/1.1" 200 1341
201.184.95.190 - - [04/Jan/2015:16:16:07 -0500] "GET /forest/skins/gdocs-jar/img/gdocs_rechazar.gif HTTP/1.1" 200 822
201.184.95.190 - - [04/Jan/2015:16:16:07 -0500] "GET /forest/skins/gdocs-jar/img/fondo-barra.gif HTTP/1.1" 200 282
201.184.95.190 - - [04/Jan/2015:16:16:07 -0500] "GET /forest/img/back.gif HTTP/1.1" 200 82
201.184.95.190 - - [04/Jan/2015:16:16:07 -0500] "GET /forest/skins/gdocs-jar/img/grid-first.gif HTTP/1.1" 200 371
201.184.95.190 - - [04/Jan/2015:16:16:03 -0500] "GET /forest/usudocumentos.do?_a=0.8455154192633927&group_system_actual=3 HTTP/1.1" 200 123986
201.184.95.190 - - [04/Jan/2015:16:16:07 -0500] "GET /forest/skins/gdocs-jar/img/grid-prev.gif HTTP/1.1" 200 325
201.184.95.190 - - [04/Jan/2015:16:16:07 -0500] "GET /forest/skins/gdocs-jar/img/grid-next.gif HTTP/1.1" 200 325
201.184.95.190 - - [04/Jan/2015:16:16:07 -0500] "GET /forest/skins/gdocs-jar/img/grid-last.gif HTTP/1.1" 200 371
201.184.95.190 - - [04/Jan/2015:16:16:07 -0500] "GET /forest/skins/gdocs-jar/img/files_exp.png HTTP/1.1" 200 52209
201.184.95.190 - - [04/Jan/2015:16:16:07 -0500] "GET /forest/skins/gdocs-jar/img/eye.gif HTTP/1.1" 200 396
201.184.95.190 - - [04/Jan/2015:16:16:07 -0500] "GET /forest/skins/gdocs-jar/img/more_details.gif HTTP/1.1" 200 617
201.184.95.190 - - [04/Jan/2015:16:16:07 -0500] "GET /forest/skins/gdocs-jar/img/files_numpro.png HTTP/1.1" 200 53724
201.184.95.190 - - [04/Jan/2015:16:16:07 -0500] "GET /forest/skins/gdocs-jar/img/icons/pdf.gif HTTP/1.1" 200 230
201.184.95.190 - - [04/Jan/2015:16:16:08 -0500] "GET /forest/session.jsp?a=0.2784083934966475 HTTP/1.1" 200 4
201.184.95.190 - - [04/Jan/2015:16:16:08 -0500] "GET /forest/1ibre/images/minus.gif HTTP/1.1" 200 80
201.184.95.190 - - [04/Jan/2015:16:16:08 -0500] "GET /forest/skins/gdocs-jar/img/folder.gif HTTP/1.1" 200 622
201.184.95.190 - - [04/Jan/2015:16:16:08 -0500] "GET /forest/1ibre/images/spacer.gif HTTP/1.1" 200 43
201.184.95.190 - - [04/Jan/2015:16:16:08 -0500] "GET /forest/skins/gdocs-jar/img/borrador-tree.gif HTTP/1.1" 200 90
201.184.95.190 - - [04/Jan/2015:16:16:08 -0500] "GET /forest/1ibre/images/plus.gif HTTP/1.1" 200 88
201.184.95.190 - - [04/Jan/2015:16:10:18 -0500] "GET /ForestMSG_SDA/channelAsync/template_word_17225858?X-Atmosphere-tracking-id=7ee86f7d-0cbf-ec75-0ee2-9390ddb6a51a&X-Atmosphere-Framework=1.0.5&X-Atmosphere-Transport=long-polling&tabid=0.02218976174481213&X-Cache-Date=0&Content-Type=application/xml&_=1420405995629 HTTP/1.1" 200 8193
74.86.158.107 - - [04/Jan/2015:16:16:42 -0500] "HEAD / HTTP/1.1" 302 -
186.29.197.182 - - [04/Jan/2015:16:16:43 -0500] "POST /forms/lservlet;jsessionid=ac16012b30d5cf36b19de3354db794b8b4f4c9bb63e2.e3iSbxaKaheRe34Sa3yKbhiTahb0n6jAmljGr5XDqQLvpAe HTTP/1.1" 200 2
66.249.64.163 - - [04/Jan/2015:16:16:57 -0500] "GET /BLA/resoluciones/RESOLUCIONES%202009/9334.pdf HTTP/1.1" 200 1226710
201.184.95.190 - - [04/Jan/2015:16:17:04 -0500] "GET /forest/usudocumentos.do?delVersionesBorrador=&codBorr=499948&a=0.20291215367615223 HTTP/1.1" 200 130
201.184.95.190 - - [04/Jan/2015:16:17:14 -0500] "GET /forest/usudocumentos.do?group_system_actual=3&a=0.8772168061695993 HTTP/1.1" 200 121476
201.184.95.190 - - [04/Jan/2015:16:17:29 -0500] "GET /forest/session.jsp?a=0.2943096498493105 HTTP/1.1" 200 4
181.50.241.109 - - [04/Jan/2015:16:17:46 -0500] "POST /forms/lservlet;jsessionid=ac16012b30d52a185366133943c4afb3b3347df04e04.e3iSbxaKaheRe34Sa3yKbhiTahb0n6jAmljGr5XDqQLvpAe HTTP/1.1" 200 2
201.184.95.190 - - [04/Jan/2015:16:17:49 -0500] "GET /forest/usudocumentos.do?delVersionesBorrador=&codBorr=499949&a=0.9127637601923198 HTTP/1.1" 200 130
186.237.60.132 - - [04/Jan/2015:16:17:54 -0500] "POST /xmlrpc.php HTTP/1.1" 404 1018
66.249.64.171 - - [04/Jan/2015:16:17:54 -0500] "GET /BLA/resoluciones/AUTOS%202006/AUTOS%202006%20501-600/00000581.tif HTTP/1.1" 200 62332
201.184.95.190 - - [04/Jan/2015:16:17:51 -0500] "GET /forest/usudocumentos.do?group_system_actual=3&a=0.7672605905681849 HTTP/1.1" 200 118948
201.184.95.190 - - [04/Jan/2015:16:18:02 -0500] "GET /forest/session.jsp?a=0.015704483725130558 HTTP/1.1" 200 4
186.155.252.20 - - [04/Jan/2015:16:18:02 -0500] "GET /BLA/boletinlegal/js/jquery.js HTTP/1.1" 200 57254
186.155.252.20 - - [04/Jan/2015:16:18:02 -0500] "GET /BLA/boletinlegal/js/jquery.scrollShow.js HTTP/1.1" 200 4586
186.155.252.20 - - [04/Jan/2015:16:18:02 -0500] "GET /BLA/boletinlegal/js/jquery.scrollTo-min.js HTTP/1.1" 200 1150
201.184.95.190 - - [04/Jan/2015:16:18:13 -0500] "GET /forest/usudocumentos.do?delVersionesBorrador=&codBorr=499950&a=0.9200858946423978 HTTP/1.1" 200 130
201.184.95.190 - - [04/Jan/2015:16:18:15 -0500] "GET /forest/usudocumentos.do?group_system_actual=3&a=0.5250392227899283 HTTP/1.1" 200 110575
201.184.95.190 - - [04/Jan/2015:16:18:24 -0500] "GET /forest/session.jsp?a=0.6222847145982087 HTTP/1.1" 200 4
201.184.95.190 - - [04/Jan/2015:16:18:32 -0500] "GET /forest/usutareas.do?_a=0.18492099712602794&group_system_actual=3 HTTP/1.1" 200 150148
201.184.95.190 - - [04/Jan/2015:16:18:39 -0500] "GET /forest/session.jsp?a=0.36963283526711166 HTTP/1.1" 200 4
201.184.95.190 - - [04/Jan/2015:16:18:39 -0500] "GET /forest/actions/forms.getMappedValues?id=NUMTER45&value=899999061-9%20SDA&codForm=contec&a=0.3315333486534655 HTTP/1.1" 200 113
186.29.197.182 - - [04/Jan/2015:16:18:43 -0500] "POST /forms/lservlet;jsessionid=ac16012b30d5cf36b19de3354db794b8b4f4c9bb63e2.e3iSbxaKaheRe34Sa3yKbhiTahb0n6jAmljGr5XDqQLvpAe HTTP/1.1" 200 2
190.25.232.143 - - [04/Jan/2015:16:19:20 -0500] "GET /galeria/nivo-slider/demo/images/expertos-delicias2.jpg HTTP/1.1" 304 -
201.184.95.190 - - [04/Jan/2015:16:19:27 -0500] "GET /forest/actions/forms.getMappedValues?id=localidadvisita402&value=1&codForm=contec&a=0.10891070053912699 HTTP/1.1" 200 23
181.50.241.109 - - [04/Jan/2015:16:19:46 -0500] "POST /forms/lservlet;jsessionid=ac16012b30d52a185366133943c4afb3b3347df04e04.e3iSbxaKaheRe34Sa3yKbhiTahb0n6jAmljGr5XDqQLvpAe HTTP/1.1" 200 2
66.249.64.163 - - [04/Jan/2015:16:19:46 -0500] "GET /BLA/resoluciones/RESOLUCIONES%202008/2157.pdf HTTP/1.1" 200 263435
201.184.95.190 - - [04/Jan/2015:16:19:33 -0500] "POST /forest/usutareas.do? HTTP/1.1" 200 201
201.184.95.190 - - [04/Jan/2015:16:20:17 -0500] "GET /forest/index2.jsp?selected=tab_init&tab=1 HTTP/1.1" 200 43247
201.184.95.190 - - [04/Jan/2015:16:20:18 -0500] "GET /forest/session.jsp?a=0.27124770381487906 HTTP/1.1" 200 4
66.249.64.171 - - [04/Jan/2015:16:20:20 -0500] "GET /BLA/resoluciones/RESOLUCIONES%202004/RES%202004%202251-2300/00002272.tif HTTP/1.1" 200 138134
186.29.197.182 - - [04/Jan/2015:16:20:43 -0500] "POST /forms/lservlet;jsessionid=ac16012b30d5cf36b19de3354db794b8b4f4c9bb63e2.e3iSbxaKaheRe34Sa3yKbhiTahb0n6jAmljGr5XDqQLvpAe HTTP/1.1" 200 2
201.184.95.190 - - [04/Jan/2015:16:20:51 -0500] "GET /forest/misactividades.do?group_system_actual=3&todas=1&codPro=0&_a=0.46444314832753864 HTTP/1.1" 200 38062
201.184.95.190 - - [04/Jan/2015:16:20:52 -0500] "GET /forest/skins/gdocs-jar/jsp/cookie.jsp?name=grid_numrad&del HTTP/1.1" 200 -
201.184.95.190 - - [04/Jan/2015:16:20:52 -0500] "GET /forest/session.jsp?a=0.499179155100137 HTTP/1.1" 200 4
201.184.95.190 - - [04/Jan/2015:16:20:52 -0500] "POST /forest/misactividades.do?ajax=true&a=0.3039451986551285 HTTP/1.1" 200 13419
201.184.95.190 - - [04/Jan/2015:16:21:05 -0500] "GET /forest/img/jquery/ui-icons_217bc0_256x240.png HTTP/1.1" 200 70221
201.184.95.190 - - [04/Jan/2015:16:21:07 -0500] "GET /forest/index2.jsp?selected=tab_init&tab=1 HTTP/1.1" 200 43245
201.184.95.190 - - [04/Jan/2015:16:21:07 -0500] "GET /forest/session.jsp?a=0.1362216374836862 HTTP/1.1" 200 4
201.184.95.190 - - [04/Jan/2015:16:21:09 -0500] "GET /forest/skins/gdocs-jar/popup/popup.jsp?width=1100&height=500&title=Buscar%20documentos&uri=/forest/buscar.do%3Ftype%3Ddocumentos&name=undefined&_a=0.31205836264416575&a=0.2645886584650725 HTTP/1.1" 200 1300
201.184.95.190 - - [04/Jan/2015:16:21:10 -0500] "GET /forest/css/autocomplete.css?version=1412.231748 HTTP/1.1" 200 1662
201.184.95.190 - - [04/Jan/2015:16:21:10 -0500] "GET /forest/skins/gdocs-jar/css/tree.css?version=1412.231748 HTTP/1.1" 200 223
201.184.95.190 - - [04/Jan/2015:16:21:10 -0500] "GET /forest/1ibre/jscalendar/calendar-win2k-1.css HTTP/1.1" 200 5986
201.184.95.190 - - [04/Jan/2015:16:21:10 -0500] "GET /forest/js/load_func.js?version=1412.231748 HTTP/1.1" 200 919
201.184.95.190 - - [04/Jan/2015:16:21:10 -0500] "GET /forest/js/dialog.js?version=1412.231748 HTTP/1.1" 200 4201
201.184.95.190 - - [04/Jan/2015:16:21:10 -0500] "GET /forest/js/escritorio/escritorio.js?version=1412.231748 HTTP/1.1" 200 8096
201.184.95.190 - - [04/Jan/2015:16:21:10 -0500] "GET /forest/js/internJS.js?version=1412.231748 HTTP/1.1" 200 3047
201.184.95.190 - - [04/Jan/2015:16:21:10 -0500] "GET /forest/js/autocompletar2.js?version=1412.231748 HTTP/1.1" 200 24092
201.184.95.190 - - [04/Jan/2015:16:21:10 -0500] "GET /forest/1ibre/jscalendar/lang/calendar-es.js?version=1412.231748 HTTP/1.1" 200 3995
201.184.95.190 - - [04/Jan/2015:16:21:09 -0500] "GET /forest/buscar.do?type=documentos HTTP/1.1" 200 84837
201.184.95.190 - - [04/Jan/2015:16:21:11 -0500] "GET /forest/1ibre/jscalendar/calendar-setup.js?version=1412.231748 HTTP/1.1" 200 8927
201.184.95.190 - - [04/Jan/2015:16:21:10 -0500] "GET /forest/js/sarissa.js?version=1412.231748 HTTP/1.1" 200 27327
201.184.95.190 - - [04/Jan/2015:16:21:11 -0500] "GET /forest/skins/gdocs-jar/img/select.gif HTTP/1.1" 200 335
201.184.95.190 - - [04/Jan/2015:16:21:11 -0500] "GET /forest/js/xml_utilities.js?version=1412.231748 HTTP/1.1" 200 11451
201.184.95.190 - - [04/Jan/2015:16:21:10 -0500] "GET /forest/1ibre/jscalendar/calendar.js?version=1412.231748 HTTP/1.1" 200 51363
201.184.95.190 - - [04/Jan/2015:16:21:12 -0500] "GET /forest/skins/gdocs-jar/img/user_search.gif HTTP/1.1" 200 1491
201.184.95.190 - - [04/Jan/2015:16:21:10 -0500] "GET /forest/1ibre/protoaculous.js?version=1412.231748 HTTP/1.1" 200 151386
201.184.95.190 - - [04/Jan/2015:16:21:11 -0500] "GET /forest/1ibre/1ibre.js?version=1412.231748 HTTP/1.1" 200 197648
201.184.95.190 - - [04/Jan/2015:16:21:14 -0500] "GET /forest/json.do?query=usersByDep&coddep=2013 HTTP/1.1" 200 6142
201.184.95.190 - - [04/Jan/2015:16:21:14 -0500] "GET /forest/1ibre/jscalendar/img.gif HTTP/1.1" 200 223
201.184.95.190 - - [04/Jan/2015:16:21:14 -0500] "GET /forest/skins/gdocs-jar/img/dependencia-tree.gif HTTP/1.1" 200 1039
201.184.95.190 - - [04/Jan/2015:16:21:14 -0500] "GET /forest/json.do?query=versionListadas HTTP/1.1" 200 15
201.184.95.190 - - [04/Jan/2015:16:21:14 -0500] "GET /forest/json.do?query=usersByDep&coddep=2013 HTTP/1.1" 200 6142
201.184.95.190 - - [04/Jan/2015:16:21:14 -0500] "GET /forest/json.do?query=procesIniciales HTTP/1.1" 200 10001
207.46.13.139 - - [04/Jan/2015:16:21:24 -0500] "GET /dama/libreria/php/decide.php?patron=03.1305020113&numm=23 HTTP/1.1" 404 1015
201.184.95.190 - - [04/Jan/2015:16:21:24 -0500] "POST /forest/buscar.do? HTTP/1.1" 200 4640
201.184.95.190 - - [04/Jan/2015:16:21:29 -0500] "GET /forest/img/nav_first.gif HTTP/1.1" 200 89
201.184.95.190 - - [04/Jan/2015:16:21:29 -0500] "GET /forest/img/nav_prev.gif HTTP/1.1" 200 109
201.184.95.190 - - [04/Jan/2015:16:21:29 -0500] "GET /forest/img/nav_next.gif HTTP/1.1" 200 111
201.184.95.190 - - [04/Jan/2015:16:21:29 -0500] "GET /forest/img/nav_last.gif HTTP/1.1" 200 92
201.184.95.190 - - [04/Jan/2015:16:21:29 -0500] "GET /forest/css/escritorio.css HTTP/1.1" 200 15878
181.61.18.237 - - [04/Jan/2015:16:21:31 -0500] "GET /forest/skins/gdocs-jar/css/forest.css?version=1412.231748 HTTP/1.1" 200 51
181.61.18.237 - - [04/Jan/2015:16:21:31 -0500] "GET /forest/skins/gdocs-jar/css/forest.css?version=1412.231748 HTTP/1.1" 200 51
181.61.18.237 - - [04/Jan/2015:16:21:31 -0500] "GET /forest/skins/gdocs-jar/css/menu.css?version=1412.231748 HTTP/1.1" 200 4235
181.61.18.237 - - [04/Jan/2015:16:21:31 -0500] "GET /forest/skins/gdocs-jar/css/autocomplete.css?version=1412.231748 HTTP/1.1" 200 1620
181.61.18.237 - - [04/Jan/2015:16:21:31 -0500] "GET /forest/css/index.css?version=1412.231748 HTTP/1.1" 200 1900
181.61.18.237 - - [04/Jan/2015:16:21:31 -0500] "GET /forest/1ibre/jscalendar/calendar-win2k-1.css?version=1412.231748 HTTP/1.1" 200 5986
181.61.18.237 - - [04/Jan/2015:16:21:31 -0500] "GET /forest/skins/gdocs-jar/css/dialog.css?version=1412.231748 HTTP/1.1" 200 1430
181.61.18.237 - - [04/Jan/2015:16:21:31 -0500] "GET /forest/skins/gdocs-jar/css/forms.css?version=1412.231748 HTTP/1.1" 200 7180
181.61.18.237 - - [04/Jan/2015:16:21:31 -0500] "GET /forest/css/escritorio.css?version=1412.231748 HTTP/1.1" 200 15878
181.61.18.237 - - [04/Jan/2015:16:21:31 -0500] "GET /forest/img/loading.gif HTTP/1.1" 200 1197
181.61.18.237 - - [04/Jan/2015:16:21:31 -0500] "GET /forest/img/spacer.gif HTTP/1.1" 200 43
181.61.18.237 - - [04/Jan/2015:16:21:31 -0500] "GET /forest/login.do HTTP/1.1" 200 12758
181.61.18.237 - - [04/Jan/2015:16:21:31 -0500] "GET /forest/jsoptimized/gz/js/gdocsall-1412.231748.js HTTP/1.1" 200 99216
181.61.18.237 - - [04/Jan/2015:16:21:31 -0500] "GET /forest/img/panel/view_icon.gif HTTP/1.1" 200 681
181.61.18.237 - - [04/Jan/2015:16:21:31 -0500] "GET /forest/img/inicio/3.gif HTTP/1.1" 200 29737
181.61.18.237 - - [04/Jan/2015:16:21:31 -0500] "GET /forest/img/inicio/6.gif HTTP/1.1" 200 12239
181.61.18.237 - - [04/Jan/2015:16:21:31 -0500] "GET /forest/js/json3.js HTTP/1.1" 200 39592
181.61.18.237 - - [04/Jan/2015:16:21:31 -0500] "GET /forest/img/mplogo.gif HTTP/1.1" 200 806
181.61.18.237 - - [04/Jan/2015:16:21:31 -0500] "GET /forest/img/inicio/7.gif HTTP/1.1" 200 18547
181.61.18.237 - - [04/Jan/2015:16:21:31 -0500] "GET /forest/skins/gdocs-jar/img/okey.gif HTTP/1.1" 200 203
181.61.18.237 - - [04/Jan/2015:16:21:31 -0500] "GET /forest/img/close.gif HTTP/1.1" 200 571
181.61.18.237 - - [04/Jan/2015:16:21:31 -0500] "GET /forest/img/inicio/1.gif HTTP/1.1" 200 23925
181.61.18.237 - - [04/Jan/2015:16:21:31 -0500] "GET /forest/img/inicio/5.gif HTTP/1.1" 200 25611
181.61.18.237 - - [04/Jan/2015:16:21:31 -0500] "GET /forest/img/inicio/2.gif HTTP/1.1" 200 42562
181.61.18.237 - - [04/Jan/2015:16:21:31 -0500] "GET /forest/img/base/bsc2_r1_c2.gif HTTP/1.1" 200 269
181.61.18.237 - - [04/Jan/2015:16:21:31 -0500] "GET /forest/img/base/bsc2_r1_c3.gif HTTP/1.1" 200 3704
181.61.18.237 - - [04/Jan/2015:16:21:31 -0500] "GET /forest/img/base/bsc2_r1_c1.gif HTTP/1.1" 200 28640
181.61.18.237 - - [04/Jan/2015:16:21:31 -0500] "GET /forest/img/inicio/4.gif HTTP/1.1" 200 27784
181.61.18.237 - - [04/Jan/2015:16:21:32 -0500] "GET /forest/img/forestIcon.gif?version=1412.231748 HTTP/1.1" 200 573
181.61.18.237 - - [04/Jan/2015:16:21:32 -0500] "GET /forest/1ibre/1ibre.css HTTP/1.1" 200 614
66.249.64.43 - - [04/Jan/2015:16:21:36 -0500] "GET /Autoliquidacion/index.php?dir=Solicitudes%20relacionadas%20con%20calidad%20del%20aire%20auditiva%20y%20visual/Registro%20de%20Elementos%20de%20publicidad%20Exterior%20Visual/&sort=size&order=asc HTTP/1.1" 200 4037
74.86.158.107 - - [04/Jan/2015:16:21:42 -0500] "HEAD / HTTP/1.1" 302 -
201.184.95.190 - - [04/Jan/2015:16:21:39 -0500] "GET /forest/buscar.do HTTP/1.1" 200 84827
181.61.18.237 - - [04/Jan/2015:16:21:45 -0500] "POST /forest/login.do HTTP/1.1" 200 12798
181.61.18.237 - - [04/Jan/2015:16:21:46 -0500] "GET /forest/img/forestIcon.gif?version=1412.231748 HTTP/1.1" 200 573
181.50.241.109 - - [04/Jan/2015:16:21:46 -0500] "POST /forms/lservlet;jsessionid=ac16012b30d52a185366133943c4afb3b3347df04e04.e3iSbxaKaheRe34Sa3yKbhiTahb0n6jAmljGr5XDqQLvpAe HTTP/1.1" 200 2
201.184.95.190 - - [04/Jan/2015:16:21:48 -0500] "GET /forest/json.do?query=usersByDep&coddep=2013 HTTP/1.1" 200 6142
201.184.95.190 - - [04/Jan/2015:16:21:48 -0500] "GET /forest/json.do?query=versionListadas HTTP/1.1" 200 15
201.184.95.190 - - [04/Jan/2015:16:21:48 -0500] "GET /forest/json.do?query=procesIniciales HTTP/1.1" 200 10001
201.184.95.190 - - [04/Jan/2015:16:21:49 -0500] "GET /forest/json.do?query=usersByDep&coddep=2013 HTTP/1.1" 200 6142
201.184.95.190 - - [04/Jan/2015:16:21:49 -0500] "POST /forest/buscar.do? HTTP/1.1" 200 4640
201.184.95.190 - - [04/Jan/2015:16:21:57 -0500] "GET /forest/buscar.do HTTP/1.1" 200 84827
201.184.95.190 - - [04/Jan/2015:16:21:59 -0500] "GET /forest/json.do?query=usersByDep&coddep=2013 HTTP/1.1" 200 6142
201.184.95.190 - - [04/Jan/2015:16:21:59 -0500] "GET /forest/json.do?query=versionListadas HTTP/1.1" 200 15
201.184.95.190 - - [04/Jan/2015:16:21:59 -0500] "GET /forest/json.do?query=usersByDep&coddep=2013 HTTP/1.1" 200 6142
201.184.95.190 - - [04/Jan/2015:16:21:59 -0500] "GET /forest/json.do?query=procesIniciales HTTP/1.1" 200 10001
181.61.18.237 - - [04/Jan/2015:16:22:02 -0500] "POST /forest/login.do HTTP/1.1" 200 12798
181.61.18.237 - - [04/Jan/2015:16:22:03 -0500] "GET /forest/img/forestIcon.gif?version=1412.231748 HTTP/1.1" 200 573
201.184.95.190 - - [04/Jan/2015:16:22:08 -0500] "POST /forest/buscar.do? HTTP/1.1" 200 4640
201.184.95.190 - - [04/Jan/2015:16:22:21 -0500] "GET /forest/buscar.do HTTP/1.1" 200 84827
201.184.95.190 - - [04/Jan/2015:16:22:25 -0500] "GET /forest/json.do?query=usersByDep&coddep=2013 HTTP/1.1" 200 6142
201.184.95.190 - - [04/Jan/2015:16:22:25 -0500] "GET /forest/json.do?query=versionListadas HTTP/1.1" 200 15
201.184.95.190 - - [04/Jan/2015:16:22:25 -0500] "GET /forest/json.do?query=usersByDep&coddep=2013 HTTP/1.1" 200 6142
201.184.95.190 - - [04/Jan/2015:16:22:25 -0500] "GET /forest/json.do?query=procesIniciales HTTP/1.1" 200 10001
66.249.64.167 - - [04/Jan/2015:16:22:33 -0500] "GET /BLA/resoluciones/RESOLUCIONES%202010/7548.pdf HTTP/1.1" 200 339703
201.184.95.190 - - [04/Jan/2015:16:22:28 -0500] "POST /forest/buscar.do? HTTP/1.1" 200 5893
201.184.95.190 - - [04/Jan/2015:16:22:41 -0500] "GET /forest/skins/gdocs-jar/popup/popup.jsp?width=900&height=600&title=Informaci%F3n%20de%20proceso&uri=/forest/system/process.jsp%3FnumPro%3D2716119&name=undefined&_a=0.8926141860429198&a=0.7114983377978206 HTTP/1.1" 200 1312
201.184.95.190 - - [04/Jan/2015:16:22:41 -0500] "GET /forest/system/process.jsp?numPro=2716119 HTTP/1.1" 200 27824
186.29.197.182 - - [04/Jan/2015:16:22:43 -0500] "POST /forms/lservlet;jsessionid=ac16012b30d5cf36b19de3354db794b8b4f4c9bb63e2.e3iSbxaKaheRe34Sa3yKbhiTahb0n6jAmljGr5XDqQLvpAe HTTP/1.1" 200 2
201.184.95.190 - - [04/Jan/2015:16:22:45 -0500] "GET /forest/css/dialog.css HTTP/1.1" 200 1100
201.184.95.190 - - [04/Jan/2015:16:22:45 -0500] "GET /forest/css/index.css HTTP/1.1" 200 1900
201.184.95.190 - - [04/Jan/2015:16:22:45 -0500] "GET /forest/skins/gdocs-jar/img/activity2.gif HTTP/1.1" 200 374
201.184.95.190 - - [04/Jan/2015:16:22:46 -0500] "GET /forest/skins/gdocs-jar/img/itemlist.gif HTTP/1.1" 200 134
201.184.95.190 - - [04/Jan/2015:16:22:46 -0500] "GET /forest/skins/gdocs-jar/img/mueveactividad.gif HTTP/1.1" 200 90
201.184.95.190 - - [04/Jan/2015:16:22:41 -0500] "GET /forest/system/process.jsp?numPro=2716119 HTTP/1.1" 200 38672
201.184.95.190 - - [04/Jan/2015:16:22:45 -0500] "GET /forest/1ibre/1ibre.js HTTP/1.1" 200 197648
201.184.95.190 - - [04/Jan/2015:16:22:45 -0500] "GET /forest/1ibre/protoaculous.js HTTP/1.1" 200 151386
181.50.241.109 - - [04/Jan/2015:16:23:46 -0500] "POST /forms/lservlet;jsessionid=ac16012b30d52a185366133943c4afb3b3347df04e04.e3iSbxaKaheRe34Sa3yKbhiTahb0n6jAmljGr5XDqQLvpAe HTTP/1.1" 200 2
201.184.95.190 - - [04/Jan/2015:16:22:58 -0500] "GET /forest/documentos/1764509/2013IE175746.pdf HTTP/1.1" 200 1660298
186.29.197.182 - - [04/Jan/2015:16:24:43 -0500] "POST /forms/lservlet;jsessionid=ac16012b30d5cf36b19de3354db794b8b4f4c9bb63e2.e3iSbxaKaheRe34Sa3yKbhiTahb0n6jAmljGr5XDqQLvpAe HTTP/1.1" 200 2
207.46.13.139 - - [04/Jan/2015:16:25:20 -0500] "GET / HTTP/1.1" 302 -
66.249.64.163 - - [04/Jan/2015:16:25:23 -0500] "GET /BLA/resoluciones/RESOLUCIONES%202009/1007.pdf HTTP/1.1" 200 318803
181.50.241.109 - - [04/Jan/2015:16:25:46 -0500] "POST /forms/lservlet;jsessionid=ac16012b30d52a185366133943c4afb3b3347df04e04.e3iSbxaKaheRe34Sa3yKbhiTahb0n6jAmljGr5XDqQLvpAe HTTP/1.1" 200 2
201.184.95.190 - - [04/Jan/2015:16:26:08 -0500] "GET /forest/session.jsp?a=0.2474706550128758 HTTP/1.1" 200 4
74.86.158.107 - - [04/Jan/2015:16:26:42 -0500] "HEAD / HTTP/1.1" 302 -
186.29.197.182 - - [04/Jan/2015:16:26:43 -0500] "POST /forms/lservlet;jsessionid=ac16012b30d5cf36b19de3354db794b8b4f4c9bb63e2.e3iSbxaKaheRe34Sa3yKbhiTahb0n6jAmljGr5XDqQLvpAe HTTP/1.1" 200 2
190.26.231.17 - - [04/Jan/2015:16:27:35 -0500] "GET /BLA/boletinlegal/js/jquery.js HTTP/1.1" 200 57254
190.26.231.17 - - [04/Jan/2015:16:27:35 -0500] "GET /BLA/boletinlegal/js/jquery.scrollTo-min.js HTTP/1.1" 200 1150
190.26.231.17 - - [04/Jan/2015:16:27:35 -0500] "GET /galeria/carrusel/Carrusel/jquery.thumbnailScroller.css HTTP/1.1" 200 2066
190.26.231.17 - - [04/Jan/2015:16:27:35 -0500] "GET /galeria/carrusel/Carrusel/jquery-ui-1.8.13.custom.min.js HTTP/1.1" 200 10800
190.26.231.17 - - [04/Jan/2015:16:27:35 -0500] "GET /galeria/carrusel/Carrusel/jquery.thumbnailScroller.js HTTP/1.1" 200 8157
190.26.231.17 - - [04/Jan/2015:16:27:36 -0500] "GET /BLA/boletinlegal/js/jquery.scrollShow.js HTTP/1.1" 200 4586
190.26.231.17 - - [04/Jan/2015:16:27:42 -0500] "GET /galeria/nivo-slider/demo/demo.html HTTP/1.1" 200 3150
190.26.231.17 - - [04/Jan/2015:16:27:43 -0500] "GET /galeria/nivo-slider/themes/default/default.css HTTP/1.1" 200 1569
190.26.231.17 - - [04/Jan/2015:16:27:43 -0500] "GET /galeria/nivo-slider/demo/scripts/jquery-1.7.1.min.js HTTP/1.1" 200 93868
190.26.231.17 - - [04/Jan/2015:16:27:43 -0500] "GET /galeria/nivo-slider/jquery.nivo.slider.pack.js HTTP/1.1" 200 11561
190.26.231.17 - - [04/Jan/2015:16:27:43 -0500] "GET /galeria/nivo-slider/themes/orman/orman.css HTTP/1.1" 200 2152
190.26.231.17 - - [04/Jan/2015:16:27:43 -0500] "GET /galeria/nivo-slider/demo/images/ecolecta-Dic2014.png HTTP/1.1" 200 288593
190.26.231.17 - - [04/Jan/2015:16:27:43 -0500] "GET /galeria/nivo-slider/themes/pascal/pascal.css HTTP/1.1" 200 2258
190.26.231.17 - - [04/Jan/2015:16:27:43 -0500] "GET /galeria/nivo-slider/nivo-slider.css HTTP/1.1" 200 1507
190.26.231.17 - - [04/Jan/2015:16:27:43 -0500] "GET /galeria/nivo-slider/demo/images/Banner-Caracol-Africano.jpg HTTP/1.1" 200 331986
190.26.231.17 - - [04/Jan/2015:16:27:43 -0500] "GET /galeria/nivo-slider/demo/images/9Signos.jpg HTTP/1.1" 200 93040
190.26.231.17 - - [04/Jan/2015:16:27:43 -0500] "GET /galeria/nivo-slider/demo/images/bolsas-08.jpg HTTP/1.1" 200 85589
190.26.231.17 - - [04/Jan/2015:16:27:43 -0500] "GET /galeria/nivo-slider/demo/style.css HTTP/1.1" 200 2222
190.26.231.17 - - [04/Jan/2015:16:27:44 -0500] "GET /galeria/nivo-slider/demo/images/4Simple_Slider.png HTTP/1.1" 200 11722
190.26.231.17 - - [04/Jan/2015:16:27:44 -0500] "GET /galeria/nivo-slider/themes/default/loading.gif HTTP/1.1" 200 1737
190.26.231.17 - - [04/Jan/2015:16:27:43 -0500] "GET /galeria/nivo-slider/demo/images/banner-redes.jpg HTTP/1.1" 200 62209
190.26.231.17 - - [04/Jan/2015:16:27:45 -0500] "GET /galeria/nivo-slider/demo/images/banner-caballos.png HTTP/1.1" 200 389106
181.50.241.109 - - [04/Jan/2015:16:27:46 -0500] "POST /forms/lservlet;jsessionid=ac16012b30d52a185366133943c4afb3b3347df04e04.e3iSbxaKaheRe34Sa3yKbhiTahb0n6jAmljGr5XDqQLvpAe HTTP/1.1" 200 2
190.26.231.17 - - [04/Jan/2015:16:27:43 -0500] "GET /galeria/nivo-slider/demo/images/banner-llantas2.jpg HTTP/1.1" 200 73153
190.26.231.17 - - [04/Jan/2015:16:27:48 -0500] "GET /galeria/nivo-slider/jquery.nivo.slider.pack.js HTTP/1.1" 200 11561
190.26.231.17 - - [04/Jan/2015:16:27:48 -0500] "GET /galeria/nivo-slider/demo/images/Ruta-vertimientos-01.jpg HTTP/1.1" 200 130151
190.26.231.17 - - [04/Jan/2015:16:27:43 -0500] "GET /galeria/nivo-slider/demo/images/porloshumedales.jpg HTTP/1.1" 200 351238
190.26.231.17 - - [04/Jan/2015:16:27:43 -0500] "GET /galeria/nivo-slider/demo/images/Ruta-vertimientos-01.jpg HTTP/1.1" 200 130151
190.26.231.17 - - [04/Jan/2015:16:27:49 -0500] "GET /galeria/nivo-slider/demo/images/porloshumedales.jpg HTTP/1.1" 200 351238
66.249.64.167 - - [04/Jan/2015:16:28:11 -0500] "GET /BLA/resoluciones/RESOLUCIONES%202011/6981.pdf HTTP/1.1" 200 3226680
186.29.197.182 - - [04/Jan/2015:16:28:43 -0500] "POST /forms/lservlet;jsessionid=ac16012b30d5cf36b19de3354db794b8b4f4c9bb63e2.e3iSbxaKaheRe34Sa3yKbhiTahb0n6jAmljGr5XDqQLvpAe HTTP/1.1" 200 2
180.76.6.44 - - [04/Jan/2015:16:29:10 -0500] "GET /BLA/resoluciones/AUTOS%202009/1652.pdf HTTP/1.1" 200 98710
181.50.241.109 - - [04/Jan/2015:16:29:46 -0500] "POST /forms/lservlet;jsessionid=ac16012b30d52a185366133943c4afb3b3347df04e04.e3iSbxaKaheRe34Sa3yKbhiTahb0n6jAmljGr5XDqQLvpAe HTTP/1.1" 200 2
157.55.39.23 - - [04/Jan/2015:16:30:19 -0500] "GET /BLA/boletinlegal/js/jquery.scrollShow.js HTTP/1.1" 200 4586
207.46.13.133 - - [04/Jan/2015:16:30:29 -0500] "GET /BLA/boletinlegal/js/jquery.js HTTP/1.1" 200 57254
186.29.197.182 - - [04/Jan/2015:16:30:43 -0500] "POST /forms/lservlet;jsessionid=ac16012b30d5cf36b19de3354db794b8b4f4c9bb63e2.e3iSbxaKaheRe34Sa3yKbhiTahb0n6jAmljGr5XDqQLvpAe HTTP/1.1" 200 2
66.249.64.167 - - [04/Jan/2015:16:31:00 -0500] "GET /BLA/resoluciones/AUTOS%202011/0770.pdf HTTP/1.1" 200 168713
201.184.95.190 - - [04/Jan/2015:16:31:10 -0500] "GET /forest/session.jsp?a=0.16362640168517828 HTTP/1.1" 200 4
190.24.26.54 - - [04/Jan/2015:16:31:28 -0500] "GET /BLA/boletinlegal/js/jquery.js HTTP/1.1" 200 57254
190.24.26.54 - - [04/Jan/2015:16:31:28 -0500] "GET /BLA/boletinlegal/js/jquery.scrollTo-min.js HTTP/1.1" 200 1150
190.24.26.54 - - [04/Jan/2015:16:31:28 -0500] "GET /BLA/boletinlegal/js/jquery.scrollShow.js HTTP/1.1" 200 4586
74.86.158.107 - - [04/Jan/2015:16:31:42 -0500] "HEAD / HTTP/1.1" 302 -
181.50.241.109 - - [04/Jan/2015:16:31:46 -0500] "POST /forms/lservlet;jsessionid=ac16012b30d52a185366133943c4afb3b3347df04e04.e3iSbxaKaheRe34Sa3yKbhiTahb0n6jAmljGr5XDqQLvpAe HTTP/1.1" 200 2
66.249.64.171 - - [04/Jan/2015:16:32:02 -0500] "GET /BLA/resoluciones/RESOLUCIONES%202008/4191.pdf HTTP/1.1" 200 577550
186.29.197.182 - - [04/Jan/2015:16:32:44 -0500] "POST /forms/lservlet;jsessionid=ac16012b30d5cf36b19de3354db794b8b4f4c9bb63e2.e3iSbxaKaheRe34Sa3yKbhiTahb0n6jAmljGr5XDqQLvpAe HTTP/1.1" 200 2
181.50.241.109 - - [04/Jan/2015:16:33:46 -0500] "POST /forms/lservlet;jsessionid=ac16012b30d52a185366133943c4afb3b3347df04e04.e3iSbxaKaheRe34Sa3yKbhiTahb0n6jAmljGr5XDqQLvpAe HTTP/1.1" 200 2
66.249.64.167 - - [04/Jan/2015:16:33:47 -0500] "GET /BLA/resoluciones/RESOLUCIONES%202009/8962.pdf HTTP/1.1" 200 289793
201.184.127.195 - - [04/Jan/2015:16:34:01 -0500] "GET /forest/session.jsp?a=0.673505546990782 HTTP/1.1" 200 4
201.184.127.195 - - [04/Jan/2015:16:34:02 -0500] "GET /forest/index2.jsp?_a=0.9255842231214046 HTTP/1.1" 200 65064
201.184.127.195 - - [04/Jan/2015:16:34:02 -0500] "GET /forest/session.jsp?a=0.9372170066926628 HTTP/1.1" 200 4
201.184.127.195 - - [04/Jan/2015:16:34:06 -0500] "GET /forest/logout-redirect.jsp HTTP/1.1" 302 -
201.184.127.195 - - [04/Jan/2015:16:34:06 -0500] "GET /forest/login.do HTTP/1.1" 200 12758
66.249.64.163 - - [04/Jan/2015:16:34:17 -0500] "GET /autoliquidacion/Solicitudes%20relacionadas%20con%20calidad%20del%20aire%20auditiva%20y%20visual/Evaluaci%C3%B3n%20certificado%20de%20Intensidad%20Auditiva/Aplicativo%20Evaluacion%20certificado%20intensidad%20auditiva%202014.xlsx HTTP/1.1" 304 -
190.27.187.120 - - [04/Jan/2015:16:34:27 -0500] "GET /galeria/carrusel/Carrusel/jquery.thumbnailScroller.css HTTP/1.1" 200 2066
190.27.187.120 - - [04/Jan/2015:16:34:27 -0500] "GET /BLA/boletinlegal/js/jquery.js HTTP/1.1" 200 57254
190.27.187.120 - - [04/Jan/2015:16:34:27 -0500] "GET /BLA/boletinlegal/js/jquery.scrollTo-min.js HTTP/1.1" 200 1150
190.27.187.120 - - [04/Jan/2015:16:34:27 -0500] "GET /BLA/boletinlegal/js/jquery.scrollShow.js HTTP/1.1" 200 4586
190.27.187.120 - - [04/Jan/2015:16:34:27 -0500] "GET /galeria/carrusel/Carrusel/jquery-ui-1.8.13.custom.min.js HTTP/1.1" 200 10800
190.27.187.120 - - [04/Jan/2015:16:34:27 -0500] "GET /galeria/carrusel/Carrusel/jquery.thumbnailScroller.js HTTP/1.1" 200 8157
190.25.81.183 - - [04/Jan/2015:16:34:29 -0500] "GET /BLA/resoluciones/RESOLUCIONES%202013/0116.pdf HTTP/1.1" 200 3672813
190.25.81.183 - - [04/Jan/2015:16:34:29 -0500] "GET /BLA/resoluciones/RESOLUCIONES%202013/0116.pdf HTTP/1.1" 206 32768
190.25.81.183 - - [04/Jan/2015:16:34:30 -0500] "GET /BLA/resoluciones/RESOLUCIONES%202013/0116.pdf HTTP/1.1" 206 3640045
190.27.187.120 - - [04/Jan/2015:16:34:30 -0500] "GET /galeria/nivo-slider/demo/demo.html HTTP/1.1" 200 3150
190.27.187.120 - - [04/Jan/2015:16:34:30 -0500] "GET /galeria/nivo-slider/themes/pascal/pascal.css HTTP/1.1" 200 2258
190.27.187.120 - - [04/Jan/2015:16:34:30 -0500] "GET /galeria/nivo-slider/nivo-slider.css HTTP/1.1" 200 1507
190.27.187.120 - - [04/Jan/2015:16:34:30 -0500] "GET /galeria/nivo-slider/demo/style.css HTTP/1.1" 200 2222
190.27.187.120 - - [04/Jan/2015:16:34:30 -0500] "GET /galeria/nivo-slider/themes/orman/orman.css HTTP/1.1" 200 2152
190.27.187.120 - - [04/Jan/2015:16:34:30 -0500] "GET /galeria/nivo-slider/themes/default/default.css HTTP/1.1" 200 1569
190.27.187.120 - - [04/Jan/2015:16:34:30 -0500] "GET /galeria/nivo-slider/demo/scripts/jquery-1.7.1.min.js HTTP/1.1" 200 93868
190.27.187.120 - - [04/Jan/2015:16:34:30 -0500] "GET /galeria/nivo-slider/jquery.nivo.slider.pack.js HTTP/1.1" 200 11561
190.27.187.120 - - [04/Jan/2015:16:34:30 -0500] "GET /galeria/nivo-slider/demo/images/bolsas-08.jpg HTTP/1.1" 200 85589
190.27.187.120 - - [04/Jan/2015:16:34:30 -0500] "GET /galeria/nivo-slider/demo/images/Ruta-vertimientos-01.jpg HTTP/1.1" 200 130151
190.27.187.120 - - [04/Jan/2015:16:34:30 -0500] "GET /galeria/nivo-slider/demo/images/bolsas-06.jpg HTTP/1.1" 200 90982
190.27.187.120 - - [04/Jan/2015:16:34:30 -0500] "GET /galeria/nivo-slider/demo/images/ecolecta-Dic2014.png HTTP/1.1" 200 288593
190.27.187.120 - - [04/Jan/2015:16:34:30 -0500] "GET /galeria/nivo-slider/demo/images/porloshumedales.jpg HTTP/1.1" 200 351238
190.27.187.120 - - [04/Jan/2015:16:34:31 -0500] "GET /galeria/nivo-slider/demo/images/Tingua-azul.jpg HTTP/1.1" 200 307638
190.27.187.120 - - [04/Jan/2015:16:34:32 -0500] "GET /galeria/nivo-slider/demo/images/Banner-Caracol-Africano.jpg HTTP/1.1" 200 331986
190.27.187.120 - - [04/Jan/2015:16:34:32 -0500] "GET /galeria/nivo-slider/demo/images/4Simple_Slider.png HTTP/1.1" 200 11722
190.27.187.120 - - [04/Jan/2015:16:34:33 -0500] "GET /galeria/nivo-slider/themes/default/loading.gif HTTP/1.1" 200 1737
190.27.187.120 - - [04/Jan/2015:16:34:33 -0500] "GET /galeria/nivo-slider/demo/images/banner-redes.jpg HTTP/1.1" 200 62209
190.27.187.120 - - [04/Jan/2015:16:34:35 -0500] "GET /galeria/nivo-slider/demo/images/9Signos.jpg HTTP/1.1" 200 93040
190.27.187.120 - - [04/Jan/2015:16:34:35 -0500] "GET /galeria/nivo-slider/demo/images/banner-llantas2.jpg HTTP/1.1" 200 73153
190.27.187.120 - - [04/Jan/2015:16:34:36 -0500] "GET /galeria/nivo-slider/demo/images/banner-caballos.png HTTP/1.1" 200 389106
190.27.187.120 - - [04/Jan/2015:16:34:40 -0500] "GET /galeria/nivo-slider/themes/default/arrows.png HTTP/1.1" 200 824
190.27.187.120 - - [04/Jan/2015:16:34:40 -0500] "GET /galeria/nivo-slider/themes/default/bullets.png HTTP/1.1" 200 1281
186.29.197.182 - - [04/Jan/2015:16:34:44 -0500] "POST /forms/lservlet;jsessionid=ac16012b30d5cf36b19de3354db794b8b4f4c9bb63e2.e3iSbxaKaheRe34Sa3yKbhiTahb0n6jAmljGr5XDqQLvpAe HTTP/1.1" 200 2
190.25.81.183 - - [04/Jan/2015:16:34:44 -0500] "GET /favicon.ico HTTP/1.1" 200 7782
66.249.64.171 - - [04/Jan/2015:16:34:59 -0500] "GET /BLA/resoluciones/RESOLUCIONES%202009/4659.pdf HTTP/1.1" 200 528071
66.249.64.171 - - [04/Jan/2015:16:35:41 -0500] "GET /BLA/resoluciones/RESOLUCIONES%202011/0025.pdf HTTP/1.1" 200 848971
181.50.241.109 - - [04/Jan/2015:16:35:46 -0500] "POST /forms/lservlet;jsessionid=ac16012b30d52a185366133943c4afb3b3347df04e04.e3iSbxaKaheRe34Sa3yKbhiTahb0n6jAmljGr5XDqQLvpAe HTTP/1.1" 200 2
66.249.64.171 - - [04/Jan/2015:16:35:55 -0500] "GET /BLA/resoluciones/AUTOS%202007/3087.pdf HTTP/1.1" 200 275377
66.249.64.171 - - [04/Jan/2015:16:35:59 -0500] "GET /BLA/resoluciones/AUTOS%202007/1048.pdf HTTP/1.1" 200 32958
207.241.226.86 - - [04/Jan/2015:16:36:08 -0500] "GET /robots.txt HTTP/1.0" 404 1018
207.241.226.86 - - [04/Jan/2015:16:36:09 -0500] "GET /galeria/juegos/ear/EARI.swf HTTP/1.0" 200 526915
201.184.95.190 - - [04/Jan/2015:16:36:10 -0500] "GET /forest/session.jsp?a=0.8971858061850071 HTTP/1.1" 200 4
66.249.64.171 - - [04/Jan/2015:16:36:18 -0500] "GET /BLA/resoluciones/AUTOS%202013/2558.pdf HTTP/1.1" 200 2060179
66.249.64.167 - - [04/Jan/2015:16:36:37 -0500] "GET /BLA/resoluciones/AUTOS%202007/0019.pdf HTTP/1.1" 200 380284
66.249.64.171 - - [04/Jan/2015:16:36:38 -0500] "GET /BLA/resoluciones/AUTOS%202008/1966.pdf HTTP/1.1" 200 87411
74.86.158.107 - - [04/Jan/2015:16:36:42 -0500] "HEAD / HTTP/1.1" 302 -
186.29.197.182 - - [04/Jan/2015:16:36:44 -0500] "POST /forms/lservlet;jsessionid=ac16012b30d5cf36b19de3354db794b8b4f4c9bb63e2.e3iSbxaKaheRe34Sa3yKbhiTahb0n6jAmljGr5XDqQLvpAe HTTP/1.1" 200 2
66.249.64.163 - - [04/Jan/2015:16:36:56 -0500] "GET /BLA/resoluciones/RESOLUCIONES%202009/4800.pdf HTTP/1.1" 304 -
190.127.234.76 - - [04/Jan/2015:16:36:58 -0500] "GET /BLA/boletinlegal/js/jquery.js HTTP/1.1" 200 57254
190.127.234.76 - - [04/Jan/2015:16:36:58 -0500] "GET /BLA/boletinlegal/js/jquery.scrollTo-min.js HTTP/1.1" 200 1150
190.127.234.76 - - [04/Jan/2015:16:36:58 -0500] "GET /BLA/boletinlegal/js/jquery.scrollShow.js HTTP/1.1" 200 4586
66.249.64.171 - - [04/Jan/2015:16:37:14 -0500] "GET /BLA/resoluciones/RESOLUCIONES%202013/0399.pdf HTTP/1.1" 304 -
66.249.64.163 - - [04/Jan/2015:16:37:33 -0500] "GET /BLA/resoluciones/AUTOS%202007/2691.pdf HTTP/1.1" 200 167137
181.50.241.109 - - [04/Jan/2015:16:37:46 -0500] "POST /forms/lservlet;jsessionid=ac16012b30d52a185366133943c4afb3b3347df04e04.e3iSbxaKaheRe34Sa3yKbhiTahb0n6jAmljGr5XDqQLvpAe HTTP/1.1" 200 2
66.249.64.171 - - [04/Jan/2015:16:38:11 -0500] "GET /BLA/resoluciones/AUTOS%202009/1111.pdf HTTP/1.1" 200 97651
186.29.197.182 - - [04/Jan/2015:16:38:44 -0500] "POST /forms/lservlet;jsessionid=ac16012b30d5cf36b19de3354db794b8b4f4c9bb63e2.e3iSbxaKaheRe34Sa3yKbhiTahb0n6jAmljGr5XDqQLvpAe HTTP/1.1" 200 2
190.26.30.185 - - [04/Jan/2015:16:38:46 -0500] "GET /BLA/boletinlegal/js/jquery.js HTTP/1.1" 200 57254
190.26.30.185 - - [04/Jan/2015:16:38:46 -0500] "GET /BLA/boletinlegal/js/jquery.scrollTo-min.js HTTP/1.1" 200 1150
190.26.30.185 - - [04/Jan/2015:16:38:46 -0500] "GET /BLA/boletinlegal/js/jquery.scrollShow.js HTTP/1.1" 200 4586
66.249.64.163 - - [04/Jan/2015:16:38:48 -0500] "GET /BLA/resoluciones/AUTOS%202007/3784.pdf HTTP/1.1" 200 97763
66.249.64.171 - - [04/Jan/2015:16:39:26 -0500] "GET /BLA/resoluciones/RESOLUCIONES%202008/0470.pdf HTTP/1.1" 200 356960
66.249.64.167 - - [04/Jan/2015:16:39:26 -0500] "GET /BLA/resoluciones/RESOLUCIONES%202007/RES%202007%201101%20AL%201200/RESOLUCION%201102%20DE%202007.pdf HTTP/1.1" 200 294638
180.76.5.169 - - [04/Jan/2015:16:39:35 -0500] "GET /BLA/resoluciones/RESOLUCIONES%202008/0579.pdf HTTP/1.1" 200 299628
181.50.241.109 - - [04/Jan/2015:16:39:46 -0500] "POST /forms/lservlet;jsessionid=ac16012b30d52a185366133943c4afb3b3347df04e04.e3iSbxaKaheRe34Sa3yKbhiTahb0n6jAmljGr5XDqQLvpAe HTTP/1.1" 200 2
66.249.64.171 - - [04/Jan/2015:16:40:03 -0500] "GET /reports/rwservlet/getjobid224143?server=rep_srvapsda HTTP/1.1" 200 6554
66.249.64.171 - - [04/Jan/2015:16:40:41 -0500] "GET /BLA/resoluciones/AUTOS%202007/2056.pdf HTTP/1.1" 200 259023
186.29.197.182 - - [04/Jan/2015:16:40:44 -0500] "POST /forms/lservlet;jsessionid=ac16012b30d5cf36b19de3354db794b8b4f4c9bb63e2.e3iSbxaKaheRe34Sa3yKbhiTahb0n6jAmljGr5XDqQLvpAe HTTP/1.1" 200 2
201.184.95.190 - - [04/Jan/2015:16:41:10 -0500] "GET /forest/session.jsp?a=0.05168123194016516 HTTP/1.1" 200 4
66.249.64.163 - - [04/Jan/2015:16:41:19 -0500] "GET /BLA/resoluciones/RESOLUCIONES%202009/7649.pdf HTTP/1.1" 200 491031
74.86.158.107 - - [04/Jan/2015:16:41:42 -0500] "HEAD / HTTP/1.1" 302 -
181.50.241.109 - - [04/Jan/2015:16:41:46 -0500] "POST /forms/lservlet;jsessionid=ac16012b30d52a185366133943c4afb3b3347df04e04.e3iSbxaKaheRe34Sa3yKbhiTahb0n6jAmljGr5XDqQLvpAe HTTP/1.1" 200 2
66.249.64.39 - - [04/Jan/2015:16:41:56 -0500] "GET /ecodirectorio/files/res/pages/page_0029.swf HTTP/1.1" 200 178913
66.249.64.171 - - [04/Jan/2015:16:42:13 -0500] "GET /BLA/resoluciones/RESOLUCIONES%202012/0784.pdf HTTP/1.1" 200 443125
66.249.64.163 - - [04/Jan/2015:16:42:34 -0500] "GET /BLA/resoluciones/RESOLUCIONES%202010/7528.pdf HTTP/1.1" 200 391946
186.29.197.182 - - [04/Jan/2015:16:42:44 -0500] "POST /forms/lservlet;jsessionid=ac16012b30d5cf36b19de3354db794b8b4f4c9bb63e2.e3iSbxaKaheRe34Sa3yKbhiTahb0n6jAmljGr5XDqQLvpAe HTTP/1.1" 200 2
186.85.52.85 - - [04/Jan/2015:16:42:50 -0500] "GET /isolucionsda/FrameSetGeneral.asp?Pagina=Menu.asp&IdModulo=4 HTTP/1.1" 200 146
186.85.52.85 - - [04/Jan/2015:16:42:58 -0500] "GET /isolucionsda/ HTTP/1.1" 200 739
186.85.52.85 - - [04/Jan/2015:16:43:00 -0500] "GET /isolucionsda/IdentificaUsuario.asp?Pagina1=FrameSetGeneral.asp& HTTP/1.1" 200 4997
186.85.52.85 - - [04/Jan/2015:16:43:10 -0500] "POST /isolucionsda/IdentificaUsuario.asp?Pagina1=FrameSetGeneral.asp& HTTP/1.1" 302 173
186.85.52.85 - - [04/Jan/2015:16:43:10 -0500] "GET /isolucionsda/FrameSetGeneral.asp?Pagina1=FrameSetGeneral.asp& HTTP/1.1" 200 6613
186.85.52.85 - - [04/Jan/2015:16:43:10 -0500] "GET /isolucionsda/MagazinHome.asp HTTP/1.1" 502 1356
186.85.52.85 - - [04/Jan/2015:16:43:10 -0500] "GET /isolucionsda/Encabezado.asp?Pagina1=FrameSetGeneral.asp&&Pagina=MagazinHome.asp HTTP/1.1" 200 15388
186.85.52.85 - - [04/Jan/2015:16:43:10 -0500] "GET /isolucionsda/BarraFavoritos.asp HTTP/1.1" 200 911
186.85.52.85 - - [04/Jan/2015:16:43:10 -0500] "GET /isolucionsda/BarraTitulos.asp?Pagina1=FrameSetGeneral.asp&&Pagina=MagazinHome.asp HTTP/1.1" 200 6972
186.85.52.85 - - [04/Jan/2015:16:43:10 -0500] "GET /isolucionsda/Session.asp?Continue=1 HTTP/1.1" 200 6324
66.249.64.163 - - [04/Jan/2015:16:43:11 -0500] "GET /BLA/resoluciones/AUTOS%202011/5016.pdf HTTP/1.1" 200 628321
186.85.52.85 - - [04/Jan/2015:16:43:13 -0500] "GET /isolucionsda/FrameSetGeneral.asp?Pagina=Menu.asp&IdModulo=4 HTTP/1.1" 200 6583
186.85.52.85 - - [04/Jan/2015:16:43:13 -0500] "GET /isolucionsda/Encabezado.asp?Pagina=Menu.asp&IdModulo=4 HTTP/1.1" 200 15389
186.85.52.85 - - [04/Jan/2015:16:43:13 -0500] "GET /isolucionsda/BarraFavoritos.asp HTTP/1.1" 200 911
186.85.52.85 - - [04/Jan/2015:16:43:13 -0500] "GET /isolucionsda/BarraTitulos.asp?Pagina=Menu.asp&IdModulo=4 HTTP/1.1" 200 6985
186.85.52.85 - - [04/Jan/2015:16:43:13 -0500] "GET /isolucionsda/Menu.asp?Pagina=Menu.asp&IdModulo=4 HTTP/1.1" 200 9682
186.85.52.85 - - [04/Jan/2015:16:43:13 -0500] "GET /isolucionsda/Session.asp?Continue=1 HTTP/1.1" 200 6324
186.85.52.85 - - [04/Jan/2015:16:43:15 -0500] "GET /isolucionsda/FrameSetGeneral.asp?Pagina=ListadoMaestroDocumentos3.asp HTTP/1.1" 200 6634
186.85.52.85 - - [04/Jan/2015:16:43:15 -0500] "GET /isolucionsda/BarraTitulos.asp?Pagina=ListadoMaestroDocumentos3.asp HTTP/1.1" 200 6985
186.85.52.85 - - [04/Jan/2015:16:43:15 -0500] "GET /isolucionsda/BarraFavoritos.asp HTTP/1.1" 200 911
186.85.52.85 - - [04/Jan/2015:16:43:15 -0500] "GET /isolucionsda/ListadoMaestroDocumentos3.asp?Pagina=ListadoMaestroDocumentos3.asp HTTP/1.1" 200 11467
186.85.52.85 - - [04/Jan/2015:16:43:15 -0500] "GET /isolucionsda/Encabezado.asp?Pagina=ListadoMaestroDocumentos3.asp HTTP/1.1" 200 15364
186.85.52.85 - - [04/Jan/2015:16:43:16 -0500] "GET /isolucionsda/Session.asp?Continue=1 HTTP/1.1" 200 6324
186.85.52.85 - - [04/Jan/2015:16:43:24 -0500] "POST /isolucionsda/ListadoMaestroDocumentos3.asp HTTP/1.1" 200 12539
186.85.52.85 - - [04/Jan/2015:16:43:27 -0500] "GET /isolucionsda/FramesetArticulo.asp?Pagina=bancoconocimiento%2FP%2FPAZYSALVODELCONTRATISTA%5F%5Fv2%2FPAZYSALVODELCONTRATISTA%5F%5Fv2%2Easp&IdArticulo=7269 HTTP/1.1" 200 7309
186.85.52.85 - - [04/Jan/2015:16:43:27 -0500] "GET /isolucionsda/Arriba.asp?Pagina=bancoconocimiento%2FP%2FPAZYSALVODELCONTRATISTA%5F%5Fv2%2FPAZYSALVODELCONTRATISTA%5F%5Fv2%2Easp&IdArticulo=7269 HTTP/1.1" 200 10598
186.85.52.85 - - [04/Jan/2015:16:43:27 -0500] "GET /isolucionsda/bancoconocimiento/P/PAZYSALVODELCONTRATISTA__v2/PAZYSALVODELCONTRATISTA__v2.asp?IdArticulo=7269 HTTP/1.1" 302 141
186.85.52.85 - - [04/Jan/2015:16:43:28 -0500] "GET /isolucionsda/bancoconocimiento/P/PAZYSALVODELCONTRATISTA__v2/paz%20y%20salvo0.doc HTTP/1.1" 200 758272
181.50.241.109 - - [04/Jan/2015:16:43:46 -0500] "POST /forms/lservlet;jsessionid=ac16012b30d52a185366133943c4afb3b3347df04e04.e3iSbxaKaheRe34Sa3yKbhiTahb0n6jAmljGr5XDqQLvpAe HTTP/1.1" 200 2
66.249.64.171 - - [04/Jan/2015:16:43:49 -0500] "GET /BLA/resoluciones/RESOLUCIONES%202008/0813.pdf HTTP/1.1" 200 74146
100.43.85.25 - - [04/Jan/2015:16:44:03 -0500] "GET /galeria/mapa/?C=M;O=A HTTP/1.1" 200 5106
66.249.64.167 - - [04/Jan/2015:16:44:26 -0500] "GET /BLA/resoluciones/AUTOS%202010/1363.pdf HTTP/1.1" 200 248131
186.29.197.182 - - [04/Jan/2015:16:44:44 -0500] "POST /forms/lservlet;jsessionid=ac16012b30d5cf36b19de3354db794b8b4f4c9bb63e2.e3iSbxaKaheRe34Sa3yKbhiTahb0n6jAmljGr5XDqQLvpAe HTTP/1.1" 200 2
120.23.40.251 - - [04/Jan/2015:16:44:59 -0500] "GET /BLA/resoluciones/RESOLUCIONES%202010/5258.pdf HTTP/1.1" 200 327345
66.249.64.167 - - [04/Jan/2015:16:45:03 -0500] "GET /BLA/resoluciones/RESOLUCIONES%202008/5387.pdf HTTP/1.1" 200 224105
66.249.64.171 - - [04/Jan/2015:16:45:04 -0500] "GET /BLA/resoluciones/RESOLUCIONES%202008/1337.pdf HTTP/1.1" 200 207693
180.76.5.69 - - [04/Jan/2015:16:45:32 -0500] "GET /BLA/resoluciones/AUTOS%202011/2808.pdf HTTP/1.1" 200 294325
66.249.64.171 - - [04/Jan/2015:16:45:42 -0500] "GET /BLA/resoluciones/AUTOS%202007/1252.pdf HTTP/1.1" 200 60941
181.50.241.109 - - [04/Jan/2015:16:45:46 -0500] "POST /forms/lservlet;jsessionid=ac16012b30d52a185366133943c4afb3b3347df04e04.e3iSbxaKaheRe34Sa3yKbhiTahb0n6jAmljGr5XDqQLvpAe HTTP/1.1" 200 2
66.249.64.167 - - [04/Jan/2015:16:46:19 -0500] "GET /BLA/resoluciones/RESOLUCIONES%202009/1691.pdf HTTP/1.1" 200 438184
66.249.64.163 - - [04/Jan/2015:16:46:42 -0500] "GET /BLA/resoluciones/AUTOS%202006/AUTOS%202006%20601-700/00000641.tif HTTP/1.1" 200 241824
74.86.158.107 - - [04/Jan/2015:16:46:42 -0500] "HEAD / HTTP/1.1" 302 -
186.29.197.182 - - [04/Jan/2015:16:46:44 -0500] "POST /forms/lservlet;jsessionid=ac16012b30d5cf36b19de3354db794b8b4f4c9bb63e2.e3iSbxaKaheRe34Sa3yKbhiTahb0n6jAmljGr5XDqQLvpAe HTTP/1.1" 200 2
189.132.134.177 - - [04/Jan/2015:16:46:45 -0500] "GET /BLA/boletinlegal/js/jquery.scrollShow.js HTTP/1.1" 200 4586
189.132.134.177 - - [04/Jan/2015:16:46:45 -0500] "GET /BLA/boletinlegal/js/jquery.js HTTP/1.1" 200 57254
189.132.134.177 - - [04/Jan/2015:16:46:45 -0500] "GET /BLA/boletinlegal/js/jquery.scrollTo-min.js HTTP/1.1" 200 1150
66.249.64.167 - - [04/Jan/2015:16:46:57 -0500] "GET /BLA/resoluciones/RESOLUCIONES%202008/2556.pdf HTTP/1.1" 200 97222
66.249.64.171 - - [04/Jan/2015:16:47:34 -0500] "GET /BLA/resoluciones/RESOLUCIONES%202010/5583.pdf HTTP/1.1" 200 359126
181.50.241.109 - - [04/Jan/2015:16:47:46 -0500] "POST /forms/lservlet;jsessionid=ac16012b30d52a185366133943c4afb3b3347df04e04.e3iSbxaKaheRe34Sa3yKbhiTahb0n6jAmljGr5XDqQLvpAe HTTP/1.1" 200 2
66.249.64.171 - - [04/Jan/2015:16:47:52 -0500] "GET /BLA/resoluciones/RESOLUCIONES%202008/2010.pdf HTTP/1.1" 200 268154
191.88.218.198 - - [04/Jan/2015:16:47:53 -0500] "GET /BLA/boletinlegal/js/jquery.js HTTP/1.1" 200 57254
191.88.218.198 - - [04/Jan/2015:16:47:53 -0500] "GET /BLA/boletinlegal/js/jquery.scrollTo-min.js HTTP/1.1" 200 1150
191.88.218.198 - - [04/Jan/2015:16:47:53 -0500] "GET /BLA/boletinlegal/js/jquery.scrollShow.js HTTP/1.1" 200 4586
66.249.64.167 - - [04/Jan/2015:16:48:12 -0500] "GET /BLA/resoluciones/RESOLUCIONES%202010/4120.pdf HTTP/1.1" 200 759803
186.29.197.182 - - [04/Jan/2015:16:48:44 -0500] "POST /forms/lservlet;jsessionid=ac16012b30d5cf36b19de3354db794b8b4f4c9bb63e2.e3iSbxaKaheRe34Sa3yKbhiTahb0n6jAmljGr5XDqQLvpAe HTTP/1.1" 200 2
66.249.64.171 - - [04/Jan/2015:16:48:49 -0500] "GET /BLA/resoluciones/RESOLUCIONES%202008/5541.pdf HTTP/1.1" 200 212699
66.249.64.163 - - [04/Jan/2015:16:49:08 -0500] "GET /BLA/resoluciones/RESOLUCIONES%202004/RES%202004%201051-1100/00001057.tif HTTP/1.1" 200 607318
201.131.150.29 - - [04/Jan/2015:16:49:15 -0500] "GET /BLA/boletinlegal/js/jquery.js HTTP/1.1" 200 57254
201.131.150.29 - - [04/Jan/2015:16:49:15 -0500] "GET /BLA/boletinlegal/js/jquery.scrollTo-min.js HTTP/1.1" 200 1150
201.131.150.29 - - [04/Jan/2015:16:49:15 -0500] "GET /BLA/boletinlegal/js/jquery.scrollShow.js HTTP/1.1" 200 4586
66.249.64.171 - - [04/Jan/2015:16:49:27 -0500] "GET /BLA/resoluciones/RESOLUCIONES%202009/9726.pdf HTTP/1.1" 200 327702
181.50.241.109 - - [04/Jan/2015:16:49:46 -0500] "POST /forms/lservlet;jsessionid=ac16012b30d52a185366133943c4afb3b3347df04e04.e3iSbxaKaheRe34Sa3yKbhiTahb0n6jAmljGr5XDqQLvpAe HTTP/1.1" 200 2
66.249.64.167 - - [04/Jan/2015:16:50:04 -0500] "GET /BLA/resoluciones/RESOLUCIONES%202007/RES%202007%20401%20AL%20500/RESOLUCION%200492%20DE%202007.pdf HTTP/1.1" 200 182070
66.249.64.163 - - [04/Jan/2015:16:50:40 -0500] "GET /BLA/resoluciones/AUTOS%202013/2577.pdf HTTP/1.1" 200 1763550
66.249.64.163 - - [04/Jan/2015:16:50:43 -0500] "GET /BLA/resoluciones/RESOLUCIONES%202011/0313.pdf HTTP/1.1" 200 70105
186.29.197.182 - - [04/Jan/2015:16:50:44 -0500] "POST /forms/lservlet;jsessionid=ac16012b30d5cf36b19de3354db794b8b4f4c9bb63e2.e3iSbxaKaheRe34Sa3yKbhiTahb0n6jAmljGr5XDqQLvpAe HTTP/1.1" 200 2
66.249.64.171 - - [04/Jan/2015:16:51:20 -0500] "GET /BLA/resoluciones/RESOLUCIONES%202010/2756.pdf HTTP/1.1" 200 531815
186.85.79.140 - - [04/Jan/2015:16:51:36 -0500] "GET /galeria/carrusel/Carrusel/jquery.thumbnailScroller.css HTTP/1.1" 200 2066
186.85.79.140 - - [04/Jan/2015:16:51:36 -0500] "GET /BLA/boletinlegal/js/jquery.js HTTP/1.1" 200 57254
186.85.79.140 - - [04/Jan/2015:16:51:36 -0500] "GET /BLA/boletinlegal/js/jquery.scrollTo-min.js HTTP/1.1" 200 1150
186.85.79.140 - - [04/Jan/2015:16:51:36 -0500] "GET /BLA/boletinlegal/js/jquery.scrollShow.js HTTP/1.1" 200 4586
186.85.79.140 - - [04/Jan/2015:16:51:36 -0500] "GET /galeria/carrusel/Carrusel/jquery-ui-1.8.13.custom.min.js HTTP/1.1" 200 10800
186.85.79.140 - - [04/Jan/2015:16:51:36 -0500] "GET /galeria/carrusel/Carrusel/jquery.thumbnailScroller.js HTTP/1.1" 200 8157
180.76.6.151 - - [04/Jan/2015:16:51:37 -0500] "GET /BLA/boletinlegal;jsessionid=ABEE56FD9E6EA2504959145013506364?/? HTTP/1.1" 404 1018
74.86.158.107 - - [04/Jan/2015:16:51:42 -0500] "HEAD / HTTP/1.1" 302 -
186.85.79.140 - - [04/Jan/2015:16:51:44 -0500] "GET /galeria/nivo-slider/demo/demo.html HTTP/1.1" 200 3150
186.85.79.140 - - [04/Jan/2015:16:51:46 -0500] "GET /galeria/nivo-slider/themes/default/default.css HTTP/1.1" 200 1569
181.50.241.109 - - [04/Jan/2015:16:51:46 -0500] "POST /forms/lservlet;jsessionid=ac16012b30d52a185366133943c4afb3b3347df04e04.e3iSbxaKaheRe34Sa3yKbhiTahb0n6jAmljGr5XDqQLvpAe HTTP/1.1" 200 2
186.85.79.140 - - [04/Jan/2015:16:51:48 -0500] "GET /galeria/nivo-slider/themes/pascal/pascal.css HTTP/1.1" 200 2258
186.85.79.140 - - [04/Jan/2015:16:51:48 -0500] "GET /galeria/nivo-slider/demo/scripts/jquery-1.7.1.min.js HTTP/1.1" 200 93868
186.85.79.140 - - [04/Jan/2015:16:51:48 -0500] "GET /galeria/nivo-slider/nivo-slider.css HTTP/1.1" 200 1507
186.85.79.140 - - [04/Jan/2015:16:51:48 -0500] "GET /galeria/nivo-slider/themes/orman/orman.css HTTP/1.1" 200 2152
186.85.79.140 - - [04/Jan/2015:16:51:48 -0500] "GET /galeria/nivo-slider/demo/style.css HTTP/1.1" 200 2222
186.85.79.140 - - [04/Jan/2015:16:51:48 -0500] "GET /galeria/nivo-slider/jquery.nivo.slider.pack.js HTTP/1.1" 200 11561
186.85.79.140 - - [04/Jan/2015:16:51:48 -0500] "GET /galeria/nivo-slider/demo/images/4Simple_Slider.png HTTP/1.1" 200 11722
186.85.79.140 - - [04/Jan/2015:16:51:48 -0500] "GET /galeria/nivo-slider/themes/default/loading.gif HTTP/1.1" 200 1737
186.85.79.140 - - [04/Jan/2015:16:51:48 -0500] "GET /galeria/nivo-slider/demo/images/bolsas-08.jpg HTTP/1.1" 200 85589
186.85.79.140 - - [04/Jan/2015:16:51:48 -0500] "GET /galeria/nivo-slider/demo/images/Ruta-vertimientos-01.jpg HTTP/1.1" 200 130151
186.85.79.140 - - [04/Jan/2015:16:51:49 -0500] "GET /galeria/nivo-slider/demo/images/bolsas-06.jpg HTTP/1.1" 200 90982
186.85.79.140 - - [04/Jan/2015:16:51:49 -0500] "GET /galeria/nivo-slider/demo/images/ecolecta-Dic2014.png HTTP/1.1" 200 288593
186.85.79.140 - - [04/Jan/2015:16:51:50 -0500] "GET /galeria/nivo-slider/demo/images/porloshumedales.jpg HTTP/1.1" 200 351238
66.249.64.171 - - [04/Jan/2015:16:51:57 -0500] "GET /BLA/resoluciones/RESOLUCIONES%202010/3996.pdf HTTP/1.1" 200 426667
186.85.79.140 - - [04/Jan/2015:16:51:58 -0500] "GET /galeria/nivo-slider/demo/images/Tingua-azul.jpg HTTP/1.1" 200 307638
186.85.79.140 - - [04/Jan/2015:16:51:59 -0500] "GET /galeria/nivo-slider/demo/images/Banner-Caracol-Africano.jpg HTTP/1.1" 200 331986
186.85.79.140 - - [04/Jan/2015:16:52:00 -0500] "GET /galeria/nivo-slider/demo/images/banner-redes.jpg HTTP/1.1" 200 62209
186.85.79.140 - - [04/Jan/2015:16:52:00 -0500] "GET /galeria/nivo-slider/demo/images/9Signos.jpg HTTP/1.1" 200 93040
66.249.64.171 - - [04/Jan/2015:16:52:35 -0500] "GET /BLA/resoluciones/RESOLUCIONES%202008/1518.pdf HTTP/1.1" 200 483340
