186.113.10.143 - - [04/Jan/2015:10:19:27 -0500] "GET /galeria/nivo-slider/demo/images/Banner-Ecourbanismo.jpg HTTP/1.1" 304 -
181.48.162.220 - - [04/Jan/2015:10:19:45 -0500] "GET /galeria/nivo-slider/themes/default/arrows.png HTTP/1.1" 200 824
181.48.162.220 - - [04/Jan/2015:10:19:45 -0500] "GET /galeria/nivo-slider/themes/default/bullets.png HTTP/1.1" 200 1281
66.249.64.171 - - [04/Jan/2015:10:19:50 -0500] "GET /BLA/resoluciones/AUTOS%202008/3444.pdf HTTP/1.1" 200 84607
186.29.197.182 - - [04/Jan/2015:10:19:53 -0500] "POST /forms/lservlet;jsessionid=ac16012b30d50b919cf61cd2475fb3a2ed2ee36e06cb.e3iSbxaKaheRe34Sa3yKbhiTahb0n6jAmljGr5XDqQLvpAe HTTP/1.1" 200 2
181.50.241.109 - - [04/Jan/2015:10:21:16 -0500] "POST /forms/lservlet;jsessionid=ac16012b30d52a185366133943c4afb3b3347df04e04.e3iSbxaKaheRe34Sa3yKbhiTahb0n6jAmljGr5XDqQLvpAe HTTP/1.1" 200 2
74.86.158.107 - - [04/Jan/2015:10:21:43 -0500] "HEAD / HTTP/1.1" 302 -
66.249.64.167 - - [04/Jan/2015:10:21:44 -0500] "GET /BLA/resoluciones/RESOLUCIONES%202011/5127.pdf HTTP/1.1" 200 586568
186.29.197.182 - - [04/Jan/2015:10:21:53 -0500] "POST /forms/lservlet;jsessionid=ac16012b30d50b919cf61cd2475fb3a2ed2ee36e06cb.e3iSbxaKaheRe34Sa3yKbhiTahb0n6jAmljGr5XDqQLvpAe HTTP/1.1" 200 2
177.97.35.188 - - [04/Jan/2015:10:22:44 -0500] "POST /xmlrpc.php HTTP/1.1" 404 1018
186.181.139.224 - - [04/Jan/2015:10:23:03 -0500] "GET /galeria/nivo-slider/demo/demo.html HTTP/1.1" 304 -
186.181.139.224 - - [04/Jan/2015:10:23:04 -0500] "GET /galeria/nivo-slider/demo/images/bolsas-08.jpg HTTP/1.1" 304 -
186.181.139.224 - - [04/Jan/2015:10:23:05 -0500] "GET /galeria/nivo-slider/demo/images/Ruta-vertimientos-01.jpg HTTP/1.1" 304 -
186.181.139.224 - - [04/Jan/2015:10:23:05 -0500] "GET /galeria/nivo-slider/demo/images/bolsas-06.jpg HTTP/1.1" 304 -
186.29.135.167 - - [04/Jan/2015:10:23:09 -0500] "GET /BLA/boletinlegal/js/jquery.js HTTP/1.1" 200 57254
186.29.135.167 - - [04/Jan/2015:10:23:09 -0500] "GET /BLA/boletinlegal/js/jquery.scrollTo-min.js HTTP/1.1" 200 1150
186.29.135.167 - - [04/Jan/2015:10:23:09 -0500] "GET /BLA/boletinlegal/js/jquery.scrollShow.js HTTP/1.1" 200 4586
181.50.241.109 - - [04/Jan/2015:10:23:16 -0500] "POST /forms/lservlet;jsessionid=ac16012b30d52a185366133943c4afb3b3347df04e04.e3iSbxaKaheRe34Sa3yKbhiTahb0n6jAmljGr5XDqQLvpAe HTTP/1.1" 200 2
66.249.64.167 - - [04/Jan/2015:10:23:39 -0500] "GET /BLA/resoluciones/RESOLUCIONES%202009/2447.pdf HTTP/1.1" 200 441320
186.29.197.182 - - [04/Jan/2015:10:23:53 -0500] "POST /forms/lservlet;jsessionid=ac16012b30d50b919cf61cd2475fb3a2ed2ee36e06cb.e3iSbxaKaheRe34Sa3yKbhiTahb0n6jAmljGr5XDqQLvpAe HTTP/1.1" 200 2
190.8.199.65 - - [04/Jan/2015:10:25:00 -0500] "GET /BLA/boletinlegal/js/jquery.scrollTo-min.js HTTP/1.1" 200 1150
190.8.199.65 - - [04/Jan/2015:10:25:00 -0500] "GET /BLA/boletinlegal/js/jquery.js HTTP/1.1" 200 57254
190.8.199.65 - - [04/Jan/2015:10:25:00 -0500] "GET /BLA/boletinlegal/js/jquery.scrollShow.js HTTP/1.1" 200 4586
66.102.6.179 - - [04/Jan/2015:10:25:02 -0500] "GET /BLA/boletinlegal/js/jquery.scrollTo-min.js HTTP/1.1" 200 1150
66.102.6.161 - - [04/Jan/2015:10:25:02 -0500] "GET /BLA/boletinlegal/js/jquery.scrollShow.js HTTP/1.1" 200 4586
66.102.6.161 - - [04/Jan/2015:10:25:02 -0500] "GET /BLA/boletinlegal/js/jquery.js HTTP/1.1" 200 57254
186.30.75.65 - - [04/Jan/2015:10:25:04 -0500] "GET /BLA/boletinlegal/js/jquery.js HTTP/1.1" 200 57254
186.30.75.65 - - [04/Jan/2015:10:25:04 -0500] "GET /BLA/boletinlegal/js/jquery.scrollTo-min.js HTTP/1.1" 200 1150
186.30.75.65 - - [04/Jan/2015:10:25:04 -0500] "GET /BLA/boletinlegal/js/jquery.scrollShow.js HTTP/1.1" 200 4586
181.50.241.109 - - [04/Jan/2015:10:25:16 -0500] "POST /forms/lservlet;jsessionid=ac16012b30d52a185366133943c4afb3b3347df04e04.e3iSbxaKaheRe34Sa3yKbhiTahb0n6jAmljGr5XDqQLvpAe HTTP/1.1" 200 2
66.249.64.171 - - [04/Jan/2015:10:25:33 -0500] "GET /BLA/resoluciones/RESOLUCIONES%202009/3594.pdf HTTP/1.1" 200 98775
186.29.197.182 - - [04/Jan/2015:10:25:53 -0500] "POST /forms/lservlet;jsessionid=ac16012b30d50b919cf61cd2475fb3a2ed2ee36e06cb.e3iSbxaKaheRe34Sa3yKbhiTahb0n6jAmljGr5XDqQLvpAe HTTP/1.1" 200 2
74.86.158.107 - - [04/Jan/2015:10:26:43 -0500] "HEAD / HTTP/1.1" 302 -
181.50.241.109 - - [04/Jan/2015:10:27:16 -0500] "POST /forms/lservlet;jsessionid=ac16012b30d52a185366133943c4afb3b3347df04e04.e3iSbxaKaheRe34Sa3yKbhiTahb0n6jAmljGr5XDqQLvpAe HTTP/1.1" 200 2
66.249.64.163 - - [04/Jan/2015:10:27:27 -0500] "GET /BLA/resoluciones/RESOLUCIONES%202007/RES%202007%20601%20AL%20700/RESOLUCION%200668%20DE%202007.pdf HTTP/1.1" 200 834421
186.30.209.96 - - [04/Jan/2015:10:27:30 -0500] "GET /BLA/boletinlegal/js/jquery.js HTTP/1.1" 200 57254
186.30.209.96 - - [04/Jan/2015:10:27:31 -0500] "GET /BLA/boletinlegal/js/jquery.scrollTo-min.js HTTP/1.1" 200 1150
186.30.209.96 - - [04/Jan/2015:10:27:31 -0500] "GET /BLA/boletinlegal/js/jquery.scrollShow.js HTTP/1.1" 200 4586
186.29.197.182 - - [04/Jan/2015:10:27:53 -0500] "POST /forms/lservlet;jsessionid=ac16012b30d50b919cf61cd2475fb3a2ed2ee36e06cb.e3iSbxaKaheRe34Sa3yKbhiTahb0n6jAmljGr5XDqQLvpAe HTTP/1.1" 200 2
181.52.4.205 - - [04/Jan/2015:10:28:52 -0500] "GET /BLA/boletinlegal/js/jquery.js HTTP/1.1" 200 57254
181.52.4.205 - - [04/Jan/2015:10:28:52 -0500] "GET /BLA/boletinlegal/js/jquery.scrollShow.js HTTP/1.1" 200 4586
181.52.4.205 - - [04/Jan/2015:10:28:53 -0500] "GET /BLA/boletinlegal/js/jquery.scrollTo-min.js HTTP/1.1" 200 1150
181.50.241.109 - - [04/Jan/2015:10:29:16 -0500] "POST /forms/lservlet;jsessionid=ac16012b30d52a185366133943c4afb3b3347df04e04.e3iSbxaKaheRe34Sa3yKbhiTahb0n6jAmljGr5XDqQLvpAe HTTP/1.1" 200 2
66.249.64.171 - - [04/Jan/2015:10:29:21 -0500] "GET /BLA/resoluciones/RESOLUCIONES%202009/7492.pdf HTTP/1.1" 200 486947
186.29.197.182 - - [04/Jan/2015:10:29:53 -0500] "POST /forms/lservlet;jsessionid=ac16012b30d50b919cf61cd2475fb3a2ed2ee36e06cb.e3iSbxaKaheRe34Sa3yKbhiTahb0n6jAmljGr5XDqQLvpAe HTTP/1.1" 200 2
66.249.64.171 - - [04/Jan/2015:10:31:15 -0500] "GET /BLA/resoluciones/RESOLUCIONES%202009/0419.pdf HTTP/1.1" 304 -
181.50.241.109 - - [04/Jan/2015:10:31:17 -0500] "POST /forms/lservlet;jsessionid=ac16012b30d52a185366133943c4afb3b3347df04e04.e3iSbxaKaheRe34Sa3yKbhiTahb0n6jAmljGr5XDqQLvpAe HTTP/1.1" 200 2
104.154.22.136 - - [04/Jan/2015:10:31:33 -0500] "GET /galeria/carrusel/Carrusel/jquery.thumbnailScroller.css HTTP/1.1" 200 2066
104.154.22.136 - - [04/Jan/2015:10:31:33 -0500] "GET /BLA/boletinlegal/js/jquery.scrollShow.js HTTP/1.1" 200 4586
104.154.22.136 - - [04/Jan/2015:10:31:33 -0500] "GET /galeria/carrusel/Carrusel/jquery-ui-1.8.13.custom.min.js HTTP/1.1" 200 10800
104.154.22.136 - - [04/Jan/2015:10:31:33 -0500] "GET /BLA/boletinlegal/js/jquery.js HTTP/1.1" 200 57254
104.154.22.136 - - [04/Jan/2015:10:31:33 -0500] "GET /galeria/carrusel/Carrusel/jquery.thumbnailScroller.js HTTP/1.1" 200 8157
104.154.22.136 - - [04/Jan/2015:10:31:33 -0500] "GET /BLA/boletinlegal/js/jquery.scrollTo-min.js HTTP/1.1" 200 1150
104.154.22.136 - - [04/Jan/2015:10:31:36 -0500] "GET /galeria/nivo-slider/demo/demo.html HTTP/1.1" 200 3150
104.154.22.136 - - [04/Jan/2015:10:31:36 -0500] "GET /galeria/nivo-slider/themes/default/default.css HTTP/1.1" 200 1569
104.154.22.136 - - [04/Jan/2015:10:31:36 -0500] "GET /galeria/nivo-slider/themes/pascal/pascal.css HTTP/1.1" 200 2258
104.154.22.136 - - [04/Jan/2015:10:31:36 -0500] "GET /galeria/nivo-slider/nivo-slider.css HTTP/1.1" 200 1507
104.154.22.136 - - [04/Jan/2015:10:31:36 -0500] "GET /galeria/nivo-slider/themes/orman/orman.css HTTP/1.1" 200 2152
104.154.22.136 - - [04/Jan/2015:10:31:36 -0500] "GET /galeria/nivo-slider/demo/images/bolsas-08.jpg HTTP/1.1" 200 85589
104.154.22.136 - - [04/Jan/2015:10:31:36 -0500] "GET /galeria/nivo-slider/demo/style.css HTTP/1.1" 200 2222
104.154.22.136 - - [04/Jan/2015:10:31:36 -0500] "GET /galeria/nivo-slider/demo/scripts/jquery-1.7.1.min.js HTTP/1.1" 200 93868
104.154.22.136 - - [04/Jan/2015:10:31:36 -0500] "GET /galeria/nivo-slider/jquery.nivo.slider.pack.js HTTP/1.1" 200 11561
104.154.22.136 - - [04/Jan/2015:10:31:36 -0500] "GET /galeria/nivo-slider/demo/images/bolsas-06.jpg HTTP/1.1" 200 90982
104.154.22.136 - - [04/Jan/2015:10:31:36 -0500] "GET /galeria/nivo-slider/demo/images/Ruta-vertimientos-01.jpg HTTP/1.1" 200 130151
104.154.22.136 - - [04/Jan/2015:10:31:37 -0500] "GET /galeria/nivo-slider/demo/images/4Simple_Slider.png HTTP/1.1" 200 11722
104.154.22.136 - - [04/Jan/2015:10:31:37 -0500] "GET /galeria/nivo-slider/themes/default/loading.gif HTTP/1.1" 200 1737
104.154.22.136 - - [04/Jan/2015:10:31:37 -0500] "GET /galeria/nivo-slider/demo/images/ecolecta-Dic2014.png HTTP/1.1" 200 288593
104.154.22.136 - - [04/Jan/2015:10:31:37 -0500] "GET /galeria/nivo-slider/demo/images/porloshumedales.jpg HTTP/1.1" 200 351238
104.154.22.136 - - [04/Jan/2015:10:31:37 -0500] "GET /galeria/nivo-slider/demo/images/Tingua-azul.jpg HTTP/1.1" 200 307638
104.154.22.136 - - [04/Jan/2015:10:31:37 -0500] "GET /galeria/nivo-slider/demo/images/Banner-Caracol-Africano.jpg HTTP/1.1" 200 331986
104.154.22.136 - - [04/Jan/2015:10:31:37 -0500] "GET /galeria/nivo-slider/demo/images/banner-redes.jpg HTTP/1.1" 200 62209
104.154.22.136 - - [04/Jan/2015:10:31:38 -0500] "GET /galeria/nivo-slider/demo/images/9Signos.jpg HTTP/1.1" 200 93040
104.154.22.136 - - [04/Jan/2015:10:31:38 -0500] "GET /galeria/nivo-slider/demo/images/banner-llantas2.jpg HTTP/1.1" 200 73153
104.154.22.136 - - [04/Jan/2015:10:31:38 -0500] "GET /galeria/nivo-slider/demo/images/banner-caballos.png HTTP/1.1" 200 389106
104.154.22.136 - - [04/Jan/2015:10:31:40 -0500] "GET /galeria/nivo-slider/themes/default/arrows.png HTTP/1.1" 200 824
104.154.22.136 - - [04/Jan/2015:10:31:40 -0500] "GET /galeria/nivo-slider/themes/default/bullets.png HTTP/1.1" 200 1281
74.86.158.107 - - [04/Jan/2015:10:31:43 -0500] "HEAD / HTTP/1.1" 302 -
186.29.197.182 - - [04/Jan/2015:10:31:53 -0500] "POST /forms/lservlet;jsessionid=ac16012b30d50b919cf61cd2475fb3a2ed2ee36e06cb.e3iSbxaKaheRe34Sa3yKbhiTahb0n6jAmljGr5XDqQLvpAe HTTP/1.1" 200 2
66.249.64.163 - - [04/Jan/2015:10:33:10 -0500] "GET /BLA/resoluciones/AUTOS%202007/1236.pdf HTTP/1.1" 200 120105
181.50.241.109 - - [04/Jan/2015:10:33:17 -0500] "POST /forms/lservlet;jsessionid=ac16012b30d52a185366133943c4afb3b3347df04e04.e3iSbxaKaheRe34Sa3yKbhiTahb0n6jAmljGr5XDqQLvpAe HTTP/1.1" 200 2
66.249.64.39 - - [04/Jan/2015:10:33:36 -0500] "GET /BLA/boletinlegal/jurisprudencia/analisis/Analisis%20Sentencia%20T-1077,%202%20corregida.doc HTTP/1.1" 304 -
186.29.197.182 - - [04/Jan/2015:10:33:53 -0500] "POST /forms/lservlet;jsessionid=ac16012b30d50b919cf61cd2475fb3a2ed2ee36e06cb.e3iSbxaKaheRe34Sa3yKbhiTahb0n6jAmljGr5XDqQLvpAe HTTP/1.1" 200 2
66.249.64.167 - - [04/Jan/2015:10:34:45 -0500] "GET /BLA/resoluciones/RESOLUCIONES%202004/RES%202004%201351-1400/00001388.tif HTTP/1.1" 200 263498
66.249.64.171 - - [04/Jan/2015:10:35:05 -0500] "GET /BLA/resoluciones/RESOLUCIONES%202007/RES%202007%201%20AL%20100/RESOLUCION%200047%20DE%202007.pdf HTTP/1.1" 200 221679
181.50.241.109 - - [04/Jan/2015:10:35:17 -0500] "POST /forms/lservlet;jsessionid=ac16012b30d52a185366133943c4afb3b3347df04e04.e3iSbxaKaheRe34Sa3yKbhiTahb0n6jAmljGr5XDqQLvpAe HTTP/1.1" 200 2
186.29.197.182 - - [04/Jan/2015:10:35:53 -0500] "POST /forms/lservlet;jsessionid=ac16012b30d50b919cf61cd2475fb3a2ed2ee36e06cb.e3iSbxaKaheRe34Sa3yKbhiTahb0n6jAmljGr5XDqQLvpAe HTTP/1.1" 200 2
181.143.216.139 - - [04/Jan/2015:10:36:05 -0500] "GET /BLA/resoluciones/RESOLUCIONES%202013/0817.pdf HTTP/1.1" 200 3023626
74.86.158.107 - - [04/Jan/2015:10:36:43 -0500] "HEAD / HTTP/1.1" 302 -
66.249.64.171 - - [04/Jan/2015:10:37:00 -0500] "GET /BLA/resoluciones/RESOLUCIONES%202009/0886.pdf HTTP/1.1" 200 58175
181.50.241.109 - - [04/Jan/2015:10:37:17 -0500] "POST /forms/lservlet;jsessionid=ac16012b30d52a185366133943c4afb3b3347df04e04.e3iSbxaKaheRe34Sa3yKbhiTahb0n6jAmljGr5XDqQLvpAe HTTP/1.1" 200 2
186.29.197.182 - - [04/Jan/2015:10:37:54 -0500] "POST /forms/lservlet;jsessionid=ac16012b30d50b919cf61cd2475fb3a2ed2ee36e06cb.e3iSbxaKaheRe34Sa3yKbhiTahb0n6jAmljGr5XDqQLvpAe HTTP/1.1" 200 2
66.249.64.163 - - [04/Jan/2015:10:38:04 -0500] "GET /BLA/resoluciones/AUTOS%202006/AUTOS%202006%20401-500/00000411.tif HTTP/1.1" 200 209090
180.76.5.166 - - [04/Jan/2015:10:38:07 -0500] "GET /BLA/resoluciones/RESOLUCIONES%202010/1893.pdf HTTP/1.1" 200 641422
66.249.64.163 - - [04/Jan/2015:10:38:56 -0500] "GET /BLA/resoluciones/RESOLUCIONES%202009/9649.pdf HTTP/1.1" 200 534569
181.143.216.139 - - [04/Jan/2015:10:39:08 -0500] "GET /BLA/resoluciones/RESOLUCIONES%202013/0817.pdf HTTP/1.1" 200 3023626
180.76.6.151 - - [04/Jan/2015:10:39:11 -0500] "GET /BLA/resoluciones/AUTOS%202012/0096.pdf HTTP/1.1" 200 155217
181.50.241.109 - - [04/Jan/2015:10:39:17 -0500] "POST /forms/lservlet;jsessionid=ac16012b30d52a185366133943c4afb3b3347df04e04.e3iSbxaKaheRe34Sa3yKbhiTahb0n6jAmljGr5XDqQLvpAe HTTP/1.1" 200 2
186.29.197.182 - - [04/Jan/2015:10:39:54 -0500] "POST /forms/lservlet;jsessionid=ac16012b30d50b919cf61cd2475fb3a2ed2ee36e06cb.e3iSbxaKaheRe34Sa3yKbhiTahb0n6jAmljGr5XDqQLvpAe HTTP/1.1" 200 2
66.249.64.163 - - [04/Jan/2015:10:40:40 -0500] "GET /BLA/resoluciones/RESOLUCIONES%202010/3281.pdf HTTP/1.1" 200 750273
66.249.64.163 - - [04/Jan/2015:10:40:52 -0500] "GET /BLA/resoluciones/RESOLUCIONES%202009/1004.pdf HTTP/1.1" 200 208543
181.50.241.109 - - [04/Jan/2015:10:41:17 -0500] "POST /forms/lservlet;jsessionid=ac16012b30d52a185366133943c4afb3b3347df04e04.e3iSbxaKaheRe34Sa3yKbhiTahb0n6jAmljGr5XDqQLvpAe HTTP/1.1" 200 2
66.249.88.213 - - [04/Jan/2015:10:41:33 -0500] "GET /forest/ HTTP/1.1" 200 12782
66.249.88.209 - - [04/Jan/2015:10:41:33 -0500] "GET /forest/img/forestIcon.gif?version=1412.231748 HTTP/1.1" 200 573
207.46.13.139 - - [04/Jan/2015:10:41:35 -0500] "GET /robots.txt HTTP/1.1" 404 1015
207.46.13.139 - - [04/Jan/2015:10:41:39 -0500] "GET / HTTP/1.1" 302 -
74.86.158.107 - - [04/Jan/2015:10:41:43 -0500] "HEAD / HTTP/1.1" 302 -
186.29.197.182 - - [04/Jan/2015:10:41:54 -0500] "POST /forms/lservlet;jsessionid=ac16012b30d50b919cf61cd2475fb3a2ed2ee36e06cb.e3iSbxaKaheRe34Sa3yKbhiTahb0n6jAmljGr5XDqQLvpAe HTTP/1.1" 200 2
66.249.64.167 - - [04/Jan/2015:10:42:46 -0500] "GET /autoliquidacion/index.php?dir=Cobro+Evaluacion+Certificaci%F3n+Para+La+Deducci%F3n+Por+Inversi%F3n+En+Medio+Ambiente%2F HTTP/1.1" 200 2987
186.145.151.112 - - [04/Jan/2015:10:43:15 -0500] "GET /BLA/boletinlegal/js/jquery.js HTTP/1.1" 200 57254
186.145.151.112 - - [04/Jan/2015:10:43:15 -0500] "GET /BLA/boletinlegal/js/jquery.scrollTo-min.js HTTP/1.1" 200 1150
186.145.151.112 - - [04/Jan/2015:10:43:15 -0500] "GET /BLA/boletinlegal/js/jquery.scrollShow.js HTTP/1.1" 200 4586
181.50.241.109 - - [04/Jan/2015:10:43:17 -0500] "POST /forms/lservlet;jsessionid=ac16012b30d52a185366133943c4afb3b3347df04e04.e3iSbxaKaheRe34Sa3yKbhiTahb0n6jAmljGr5XDqQLvpAe HTTP/1.1" 200 2
191.89.193.68 - - [04/Jan/2015:10:43:36 -0500] "GET /BLA/boletinlegal/js/jquery.scrollTo-min.js HTTP/1.1" 200 1150
191.89.193.68 - - [04/Jan/2015:10:43:36 -0500] "GET /BLA/boletinlegal/js/jquery.js HTTP/1.1" 200 57254
191.89.193.68 - - [04/Jan/2015:10:43:36 -0500] "GET /BLA/boletinlegal/js/jquery.scrollShow.js HTTP/1.1" 200 4586
191.89.193.68 - - [04/Jan/2015:10:43:36 -0500] "GET /galeria/carrusel/Carrusel/jquery-ui-1.8.13.custom.min.js HTTP/1.1" 200 10800
191.89.193.68 - - [04/Jan/2015:10:43:36 -0500] "GET /galeria/carrusel/Carrusel/jquery.thumbnailScroller.js HTTP/1.1" 200 8157
191.89.193.68 - - [04/Jan/2015:10:43:36 -0500] "GET /galeria/carrusel/Carrusel/jquery.thumbnailScroller.css HTTP/1.1" 200 2066
191.89.193.68 - - [04/Jan/2015:10:43:37 -0500] "GET /galeria/nivo-slider/demo/demo.html HTTP/1.1" 200 3150
191.89.193.68 - - [04/Jan/2015:10:43:37 -0500] "GET /galeria/nivo-slider/themes/default/default.css HTTP/1.1" 200 1569
191.89.193.68 - - [04/Jan/2015:10:43:37 -0500] "GET /galeria/nivo-slider/nivo-slider.css HTTP/1.1" 200 1507
191.89.193.68 - - [04/Jan/2015:10:43:37 -0500] "GET /galeria/nivo-slider/themes/orman/orman.css HTTP/1.1" 200 2152
191.89.193.68 - - [04/Jan/2015:10:43:37 -0500] "GET /galeria/nivo-slider/themes/pascal/pascal.css HTTP/1.1" 200 2258
191.89.193.68 - - [04/Jan/2015:10:43:37 -0500] "GET /galeria/nivo-slider/demo/style.css HTTP/1.1" 200 2222
191.89.193.68 - - [04/Jan/2015:10:43:37 -0500] "GET /galeria/nivo-slider/demo/images/Tingua-azul.jpg HTTP/1.1" 200 307638
191.89.193.68 - - [04/Jan/2015:10:43:37 -0500] "GET /galeria/nivo-slider/demo/images/Ruta-vertimientos-01.jpg HTTP/1.1" 200 130151
191.89.193.68 - - [04/Jan/2015:10:43:37 -0500] "GET /galeria/nivo-slider/demo/images/porloshumedales.jpg HTTP/1.1" 200 351238
191.89.193.68 - - [04/Jan/2015:10:43:37 -0500] "GET /galeria/nivo-slider/demo/images/bolsas-08.jpg HTTP/1.1" 200 85589
191.89.193.68 - - [04/Jan/2015:10:43:37 -0500] "GET /galeria/nivo-slider/demo/images/bolsas-06.jpg HTTP/1.1" 200 90982
191.89.193.68 - - [04/Jan/2015:10:43:37 -0500] "GET /galeria/nivo-slider/demo/images/ecolecta-Dic2014.png HTTP/1.1" 200 288593
191.89.193.68 - - [04/Jan/2015:10:43:37 -0500] "GET /galeria/nivo-slider/demo/images/Banner-Caracol-Africano.jpg HTTP/1.1" 200 331986
191.89.193.68 - - [04/Jan/2015:10:43:37 -0500] "GET /galeria/nivo-slider/demo/images/9Signos.jpg HTTP/1.1" 200 93040
191.89.193.68 - - [04/Jan/2015:10:43:38 -0500] "GET /galeria/nivo-slider/themes/default/loading.gif HTTP/1.1" 200 1737
191.89.193.68 - - [04/Jan/2015:10:43:38 -0500] "GET /galeria/nivo-slider/demo/images/4Simple_Slider.png HTTP/1.1" 200 11722
191.89.193.68 - - [04/Jan/2015:10:43:37 -0500] "GET /galeria/nivo-slider/demo/images/banner-redes.jpg HTTP/1.1" 200 62209
191.89.193.68 - - [04/Jan/2015:10:43:38 -0500] "GET /galeria/nivo-slider/demo/scripts/jquery-1.7.1.min.js HTTP/1.1" 200 93868
191.89.193.68 - - [04/Jan/2015:10:43:38 -0500] "GET /galeria/nivo-slider/jquery.nivo.slider.pack.js HTTP/1.1" 200 11561
191.89.193.68 - - [04/Jan/2015:10:43:37 -0500] "GET /galeria/nivo-slider/demo/images/banner-caballos.png HTTP/1.1" 200 389106
191.89.193.68 - - [04/Jan/2015:10:43:37 -0500] "GET /galeria/nivo-slider/demo/images/banner-llantas2.jpg HTTP/1.1" 200 73153
191.89.193.68 - - [04/Jan/2015:10:43:40 -0500] "GET /galeria/nivo-slider/themes/default/arrows.png HTTP/1.1" 200 824
191.89.193.68 - - [04/Jan/2015:10:43:41 -0500] "GET /galeria/nivo-slider/themes/default/bullets.png HTTP/1.1" 200 1281
186.29.197.182 - - [04/Jan/2015:10:43:54 -0500] "POST /forms/lservlet;jsessionid=ac16012b30d50b919cf61cd2475fb3a2ed2ee36e06cb.e3iSbxaKaheRe34Sa3yKbhiTahb0n6jAmljGr5XDqQLvpAe HTTP/1.1" 200 2
181.132.21.225 - - [04/Jan/2015:10:44:32 -0500] "GET /BLA/boletinlegal/js/jquery.scrollTo-min.js HTTP/1.1" 200 1150
181.132.21.225 - - [04/Jan/2015:10:44:32 -0500] "GET /BLA/boletinlegal/js/jquery.js HTTP/1.1" 200 57254
181.132.21.225 - - [04/Jan/2015:10:44:32 -0500] "GET /BLA/boletinlegal/js/jquery.scrollShow.js HTTP/1.1" 200 4586
66.249.64.167 - - [04/Jan/2015:10:44:42 -0500] "GET /BLA/resoluciones/AUTOS%202013/0124.pdf HTTP/1.1" 304 -
181.50.241.109 - - [04/Jan/2015:10:45:18 -0500] "POST /forms/lservlet;jsessionid=ac16012b30d52a185366133943c4afb3b3347df04e04.e3iSbxaKaheRe34Sa3yKbhiTahb0n6jAmljGr5XDqQLvpAe HTTP/1.1" 200 2
186.29.197.182 - - [04/Jan/2015:10:45:54 -0500] "POST /forms/lservlet;jsessionid=ac16012b30d50b919cf61cd2475fb3a2ed2ee36e06cb.e3iSbxaKaheRe34Sa3yKbhiTahb0n6jAmljGr5XDqQLvpAe HTTP/1.1" 200 2
66.249.64.171 - - [04/Jan/2015:10:46:37 -0500] "GET /BLA/resoluciones/RESOLUCIONES%202007/RES%202007%201001%20AL%201100/RESOLUCION%201027%20DE%202007.pdf HTTP/1.1" 304 -
74.86.158.107 - - [04/Jan/2015:10:46:43 -0500] "HEAD / HTTP/1.1" 302 -
181.50.241.109 - - [04/Jan/2015:10:47:18 -0500] "POST /forms/lservlet;jsessionid=ac16012b30d52a185366133943c4afb3b3347df04e04.e3iSbxaKaheRe34Sa3yKbhiTahb0n6jAmljGr5XDqQLvpAe HTTP/1.1" 200 2
66.249.64.171 - - [04/Jan/2015:10:47:30 -0500] "GET /BLA/resoluciones/RESOLUCIONES%202010/2605.pdf HTTP/1.1" 200 277444
186.29.197.182 - - [04/Jan/2015:10:47:54 -0500] "POST /forms/lservlet;jsessionid=ac16012b30d50b919cf61cd2475fb3a2ed2ee36e06cb.e3iSbxaKaheRe34Sa3yKbhiTahb0n6jAmljGr5XDqQLvpAe HTTP/1.1" 200 2
180.76.6.63 - - [04/Jan/2015:10:48:00 -0500] "GET /BLA/resoluciones/RESOLUCIONES%202007/RES%202007%203601%20AL%203700/RESOLUCION%203603%20DE%202007.pdf HTTP/1.1" 200 492243
66.249.64.171 - - [04/Jan/2015:10:48:54 -0500] "GET /BLA/resoluciones/RESOLUCIONES%202010/7757.pdf HTTP/1.1" 200 38843
190.25.109.224 - - [04/Jan/2015:10:48:58 -0500] "GET /BLA/boletinlegal/js/jquery.js HTTP/1.1" 200 57254
190.25.109.224 - - [04/Jan/2015:10:48:58 -0500] "GET /BLA/boletinlegal/js/jquery.scrollTo-min.js HTTP/1.1" 200 1150
190.25.109.224 - - [04/Jan/2015:10:48:58 -0500] "GET /BLA/boletinlegal/js/jquery.scrollShow.js HTTP/1.1" 200 4586
181.50.241.109 - - [04/Jan/2015:10:49:18 -0500] "POST /forms/lservlet;jsessionid=ac16012b30d52a185366133943c4afb3b3347df04e04.e3iSbxaKaheRe34Sa3yKbhiTahb0n6jAmljGr5XDqQLvpAe HTTP/1.1" 200 2
186.29.197.182 - - [04/Jan/2015:10:49:54 -0500] "POST /forms/lservlet;jsessionid=ac16012b30d50b919cf61cd2475fb3a2ed2ee36e06cb.e3iSbxaKaheRe34Sa3yKbhiTahb0n6jAmljGr5XDqQLvpAe HTTP/1.1" 200 2
161.18.48.0 - - [04/Jan/2015:10:50:15 -0500] "GET /forest/login.do HTTP/1.1" 200 12758
161.18.48.0 - - [04/Jan/2015:10:50:15 -0500] "GET /forest/skins/gdocs-jar/css/forest.css?version=1412.231748 HTTP/1.1" 200 51
161.18.48.0 - - [04/Jan/2015:10:50:15 -0500] "GET /forest/skins/gdocs-jar/css/menu.css?version=1412.231748 HTTP/1.1" 200 4235
161.18.48.0 - - [04/Jan/2015:10:50:15 -0500] "GET /forest/skins/gdocs-jar/css/autocomplete.css?version=1412.231748 HTTP/1.1" 200 1620
161.18.48.0 - - [04/Jan/2015:10:50:15 -0500] "GET /forest/css/index.css?version=1412.231748 HTTP/1.1" 200 1900
161.18.48.0 - - [04/Jan/2015:10:50:15 -0500] "GET /forest/1ibre/jscalendar/calendar-win2k-1.css?version=1412.231748 HTTP/1.1" 200 5986
161.18.48.0 - - [04/Jan/2015:10:50:15 -0500] "GET /forest/skins/gdocs-jar/css/dialog.css?version=1412.231748 HTTP/1.1" 200 1430
161.18.48.0 - - [04/Jan/2015:10:50:15 -0500] "GET /forest/skins/gdocs-jar/css/forms.css?version=1412.231748 HTTP/1.1" 200 7180
161.18.48.0 - - [04/Jan/2015:10:50:15 -0500] "GET /forest/img/forestIcon.gif?version=1412.231748 HTTP/1.1" 200 573
161.18.48.0 - - [04/Jan/2015:10:50:15 -0500] "GET /forest/css/escritorio.css?version=1412.231748 HTTP/1.1" 200 15878
161.18.48.0 - - [04/Jan/2015:10:50:15 -0500] "GET /forest/js/json3.js HTTP/1.1" 200 39592
161.18.48.0 - - [04/Jan/2015:10:50:15 -0500] "GET /forest/img/forestIcon.gif?version=1412.231748 HTTP/1.1" 304 -
161.18.48.0 - - [04/Jan/2015:10:50:15 -0500] "GET /forest/jsoptimized/gz/js/gdocsall-1412.231748.js HTTP/1.1" 200 99216
161.18.48.0 - - [04/Jan/2015:10:50:16 -0500] "GET /forest/img/loading.gif HTTP/1.1" 200 1197
161.18.48.0 - - [04/Jan/2015:10:50:16 -0500] "GET /forest/img/spacer.gif HTTP/1.1" 200 43
161.18.48.0 - - [04/Jan/2015:10:50:16 -0500] "GET /forest/img/panel/view_icon.gif HTTP/1.1" 200 681
161.18.48.0 - - [04/Jan/2015:10:50:16 -0500] "GET /forest/img/inicio/6.gif HTTP/1.1" 200 12239
161.18.48.0 - - [04/Jan/2015:10:50:16 -0500] "GET /forest/img/inicio/1.gif HTTP/1.1" 200 23925
161.18.48.0 - - [04/Jan/2015:10:50:16 -0500] "GET /forest/img/inicio/3.gif HTTP/1.1" 200 29737
161.18.48.0 - - [04/Jan/2015:10:50:16 -0500] "GET /forest/img/mplogo.gif HTTP/1.1" 200 806
161.18.48.0 - - [04/Jan/2015:10:50:16 -0500] "GET /forest/img/close.gif HTTP/1.1" 200 571
161.18.48.0 - - [04/Jan/2015:10:50:16 -0500] "GET /forest/img/inicio/4.gif HTTP/1.1" 200 27784
161.18.48.0 - - [04/Jan/2015:10:50:16 -0500] "GET /forest/img/inicio/5.gif HTTP/1.1" 200 25611
161.18.48.0 - - [04/Jan/2015:10:50:16 -0500] "GET /forest/img/inicio/7.gif HTTP/1.1" 200 18547
161.18.48.0 - - [04/Jan/2015:10:50:16 -0500] "GET /forest/skins/gdocs-jar/img/okey.gif HTTP/1.1" 200 203
161.18.48.0 - - [04/Jan/2015:10:50:16 -0500] "GET /forest/img/inicio/2.gif HTTP/1.1" 200 42562
161.18.48.0 - - [04/Jan/2015:10:50:18 -0500] "GET /forest/img/base/bsc2_r1_c2.gif HTTP/1.1" 200 269
161.18.48.0 - - [04/Jan/2015:10:50:18 -0500] "GET /forest/img/base/bsc2_r1_c3.gif HTTP/1.1" 200 3704
161.18.48.0 - - [04/Jan/2015:10:50:18 -0500] "GET /forest/img/base/bsc2_r1_c1.gif HTTP/1.1" 200 28640
161.18.48.0 - - [04/Jan/2015:10:50:18 -0500] "GET /forest/1ibre/1ibre.css HTTP/1.1" 200 614
66.249.64.171 - - [04/Jan/2015:10:50:19 -0500] "GET /BLA/resoluciones/RESOLUCIONES%202007/RES%202007%202201%20AL%202300/RESOLUCION%202204%20%20DE%202007.pdf HTTP/1.1" 304 -
161.18.48.0 - - [04/Jan/2015:10:50:32 -0500] "POST /forest/login.do HTTP/1.1" 200 12805
161.18.48.0 - - [04/Jan/2015:10:50:33 -0500] "GET /forest/skins/gdocs-jar/css/forest.css?version=1412.231748 HTTP/1.1" 304 -
161.18.48.0 - - [04/Jan/2015:10:50:33 -0500] "GET /forest/skins/gdocs-jar/css/autocomplete.css?version=1412.231748 HTTP/1.1" 304 -
161.18.48.0 - - [04/Jan/2015:10:50:33 -0500] "GET /forest/skins/gdocs-jar/css/menu.css?version=1412.231748 HTTP/1.1" 304 -
161.18.48.0 - - [04/Jan/2015:10:50:33 -0500] "GET /forest/css/escritorio.css?version=1412.231748 HTTP/1.1" 304 -
161.18.48.0 - - [04/Jan/2015:10:50:33 -0500] "GET /forest/css/index.css?version=1412.231748 HTTP/1.1" 304 -
161.18.48.0 - - [04/Jan/2015:10:50:33 -0500] "GET /forest/1ibre/jscalendar/calendar-win2k-1.css?version=1412.231748 HTTP/1.1" 304 -
161.18.48.0 - - [04/Jan/2015:10:50:33 -0500] "GET /forest/skins/gdocs-jar/css/dialog.css?version=1412.231748 HTTP/1.1" 304 -
161.18.48.0 - - [04/Jan/2015:10:50:33 -0500] "GET /forest/skins/gdocs-jar/css/forms.css?version=1412.231748 HTTP/1.1" 304 -
161.18.48.0 - - [04/Jan/2015:10:50:33 -0500] "GET /forest/img/forestIcon.gif?version=1412.231748 HTTP/1.1" 304 -
161.18.48.0 - - [04/Jan/2015:10:50:43 -0500] "POST /forest/login.do HTTP/1.1" 302 -
161.18.48.0 - - [04/Jan/2015:10:50:44 -0500] "GET /forest/skins/gdocs-jar/css/forest.css?version=1412.231748 HTTP/1.1" 304 -
161.18.48.0 - - [04/Jan/2015:10:50:44 -0500] "GET /forest/skins/gdocs-jar/css/menu.css?version=1412.231748 HTTP/1.1" 304 -
161.18.48.0 - - [04/Jan/2015:10:50:44 -0500] "GET /forest/skins/gdocs-jar/css/autocomplete.css?version=1412.231748 HTTP/1.1" 304 -
161.18.48.0 - - [04/Jan/2015:10:50:44 -0500] "GET /forest/css/escritorio.css?version=1412.231748 HTTP/1.1" 304 -
161.18.48.0 - - [04/Jan/2015:10:50:44 -0500] "GET /forest/css/index.css?version=1412.231748 HTTP/1.1" 304 -
161.18.48.0 - - [04/Jan/2015:10:50:44 -0500] "GET /forest/1ibre/jscalendar/calendar-win2k-1.css?version=1412.231748 HTTP/1.1" 304 -
161.18.48.0 - - [04/Jan/2015:10:50:44 -0500] "GET /forest/skins/gdocs-jar/css/dialog.css?version=1412.231748 HTTP/1.1" 304 -
161.18.48.0 - - [04/Jan/2015:10:50:44 -0500] "GET /forest/skins/gdocs-jar/css/forms.css?version=1412.231748 HTTP/1.1" 304 -
161.18.48.0 - - [04/Jan/2015:10:50:44 -0500] "GET /forest/img/forestIcon.gif?version=1412.231748 HTTP/1.1" 304 -
161.18.48.0 - - [04/Jan/2015:10:50:44 -0500] "GET /forest/img/inicio.jpg HTTP/1.1" 200 897
161.18.48.0 - - [04/Jan/2015:10:50:44 -0500] "GET /forest/img/users/3.gif HTTP/1.1" 200 1513
161.18.48.0 - - [04/Jan/2015:10:50:44 -0500] "GET /forest/img/users/5.gif HTTP/1.1" 200 1507
161.18.48.0 - - [04/Jan/2015:10:50:44 -0500] "GET /forest/img/users/7.gif HTTP/1.1" 200 1631
161.18.48.0 - - [04/Jan/2015:10:50:44 -0500] "GET /forest/img/download_large.gif HTTP/1.1" 200 203
161.18.48.0 - - [04/Jan/2015:10:50:44 -0500] "GET /forest/img/buscar.jpg HTTP/1.1" 200 736
161.18.48.0 - - [04/Jan/2015:10:50:44 -0500] "GET /forest/img/buscar_documentos.gif HTTP/1.1" 200 674
161.18.48.0 - - [04/Jan/2015:10:50:44 -0500] "GET /forest/img/fondo-barra.gif HTTP/1.1" 200 282
161.18.48.0 - - [04/Jan/2015:10:50:44 -0500] "GET /forest/img/buscar_procesos.gif HTTP/1.1" 200 158
161.18.48.0 - - [04/Jan/2015:10:50:44 -0500] "GET /forest/img/notify.gif HTTP/1.1" 200 746
161.18.48.0 - - [04/Jan/2015:10:50:44 -0500] "GET /forest/img/ayuda.gif HTTP/1.1" 200 716
161.18.48.0 - - [04/Jan/2015:10:50:44 -0500] "GET /forest/img/pantalla.gif HTTP/1.1" 200 1407
161.18.48.0 - - [04/Jan/2015:10:50:44 -0500] "GET /forest/img/salir3.gif HTTP/1.1" 200 1271
161.18.48.0 - - [04/Jan/2015:10:50:44 -0500] "GET /forest/img/panel/menu/add.png HTTP/1.1" 200 4044
161.18.48.0 - - [04/Jan/2015:10:50:44 -0500] "GET /forest/img/panel/menu/folder.png HTTP/1.1" 200 1382
161.18.48.0 - - [04/Jan/2015:10:50:44 -0500] "GET /forest/img/panel/menu/hoy.png HTTP/1.1" 200 1215
161.18.48.0 - - [04/Jan/2015:10:50:44 -0500] "GET /forest/img/panel/menu/danger2.png HTTP/1.1" 200 1358
161.18.48.0 - - [04/Jan/2015:10:50:44 -0500] "GET /forest/skins/gdocs-jar/css/tree.css HTTP/1.1" 200 223
161.18.48.0 - - [04/Jan/2015:10:50:44 -0500] "GET /forest/skins/gdocs-jar/css/autocomplete.css HTTP/1.1" 200 1620
161.18.48.0 - - [04/Jan/2015:10:50:44 -0500] "GET /forest/skins/gdocs-jar/js/xml_utilities.js?version=1412.231748 HTTP/1.1" 200 2433
161.18.48.0 - - [04/Jan/2015:10:50:44 -0500] "GET /forest/js/inicio.js?version=1412.231748 HTTP/1.1" 200 2303
161.18.48.0 - - [04/Jan/2015:10:50:44 -0500] "GET /forest/skins/gdocs-jar/js/misprocesos.js?version=1412.231748 HTTP/1.1" 200 5890
161.18.48.0 - - [04/Jan/2015:10:50:44 -0500] "GET /forest/img/instanciar.gif HTTP/1.1" 200 1589
161.18.48.0 - - [04/Jan/2015:10:50:45 -0500] "GET /forest/skins/gdocs-jar/img/cancel.gif HTTP/1.1" 200 77
161.18.48.0 - - [04/Jan/2015:10:50:45 -0500] "GET /forest/img/misdocumentos.gif HTTP/1.1" 200 545
161.18.48.0 - - [04/Jan/2015:10:50:44 -0500] "GET /forest/skins/gdocs-jar/js/autocompletar2.js?version=1412.231748 HTTP/1.1" 200 24595
161.18.48.0 - - [04/Jan/2015:10:50:43 -0500] "GET /forest/index2.jsp?a=0.3042330008069378 HTTP/1.1" 200 141995
161.18.48.0 - - [04/Jan/2015:10:50:45 -0500] "GET /forest/session.jsp?a=0.39691378327308036 HTTP/1.1" 200 4
161.18.48.0 - - [04/Jan/2015:10:50:53 -0500] "GET /forest/skins/gdocs-jar/css/forest.css?version=1412.231748 HTTP/1.1" 304 -
161.18.48.0 - - [04/Jan/2015:10:50:53 -0500] "GET /forest/skins/gdocs-jar/css/menu.css?version=1412.231748 HTTP/1.1" 304 -
161.18.48.0 - - [04/Jan/2015:10:50:53 -0500] "GET /forest/skins/gdocs-jar/css/autocomplete.css?version=1412.231748 HTTP/1.1" 304 -
161.18.48.0 - - [04/Jan/2015:10:50:53 -0500] "GET /forest/css/escritorio.css?version=1412.231748 HTTP/1.1" 304 -
161.18.48.0 - - [04/Jan/2015:10:50:53 -0500] "GET /forest/css/index.css?version=1412.231748 HTTP/1.1" 304 -
161.18.48.0 - - [04/Jan/2015:10:50:53 -0500] "GET /forest/1ibre/jscalendar/calendar-win2k-1.css?version=1412.231748 HTTP/1.1" 304 -
161.18.48.0 - - [04/Jan/2015:10:50:53 -0500] "GET /forest/skins/gdocs-jar/css/dialog.css?version=1412.231748 HTTP/1.1" 304 -
161.18.48.0 - - [04/Jan/2015:10:50:53 -0500] "GET /forest/skins/gdocs-jar/css/forms.css?version=1412.231748 HTTP/1.1" 304 -
161.18.48.0 - - [04/Jan/2015:10:50:53 -0500] "GET /forest/img/forestIcon.gif?version=1412.231748 HTTP/1.1" 304 -
161.18.48.0 - - [04/Jan/2015:10:50:52 -0500] "GET /forest/usutareas.do?group_system_actual=3&codTraEsc=17216331&_a=0.40951943722052564 HTTP/1.1" 200 105716
161.18.48.0 - - [04/Jan/2015:10:50:53 -0500] "GET /forest/skins/gdocs-jar/js/autocompletar2.js?version=1412.231748 HTTP/1.1" 304 -
161.18.48.0 - - [04/Jan/2015:10:50:53 -0500] "GET /forest/skins/gdocs-jar/js/xml_utilities.js?version=1412.231748 HTTP/1.1" 304 -
161.18.48.0 - - [04/Jan/2015:10:50:53 -0500] "GET /forest/skins/gdocs-jar/img/desasociarUser.gif HTTP/1.1" 200 1209
161.18.48.0 - - [04/Jan/2015:10:50:53 -0500] "GET /forest/img/asociarUser.gif HTTP/1.1" 200 1227
161.18.48.0 - - [04/Jan/2015:10:50:53 -0500] "GET /forest/skins/gdocs-jar/css/forms.css HTTP/1.1" 200 7180
161.18.48.0 - - [04/Jan/2015:10:50:53 -0500] "GET /forest/skins/gdocs-jar/js/number-functions.js?version=1412.231748 HTTP/1.1" 200 9577
161.18.48.0 - - [04/Jan/2015:10:50:53 -0500] "GET /forest/skins/gdocs-jar/js/swfobject.js?version=1412.231748 HTTP/1.1" 200 6887
161.18.48.0 - - [04/Jan/2015:10:50:53 -0500] "GET /forest/skins/gdocs-jar/img/asociarUserOtraDependencia.gif HTTP/1.1" 200 1217
161.18.48.0 - - [04/Jan/2015:10:50:53 -0500] "GET /forest/skins/gdocs-jar/img/comments.gif HTTP/1.1" 200 672
161.18.48.0 - - [04/Jan/2015:10:50:53 -0500] "GET /forest/skins/gdocs-jar/img/vertodossubprocesos.gif HTTP/1.1" 200 167
161.18.48.0 - - [04/Jan/2015:10:50:53 -0500] "GET /forest/skins/gdocs-jar/img/actividad2.gif HTTP/1.1" 200 1189
161.18.48.0 - - [04/Jan/2015:10:50:53 -0500] "GET /forest/skins/gdocs-jar/img/print.gif HTTP/1.1" 200 1195
161.18.48.0 - - [04/Jan/2015:10:50:53 -0500] "GET /forest/skins/gdocs-jar/img/alert.gif HTTP/1.1" 200 595
161.18.48.0 - - [04/Jan/2015:10:50:53 -0500] "GET /forest/skins/gdocs-jar/js/graphicForm.js?version=1412.231748 HTTP/1.1" 200 16490
161.18.48.0 - - [04/Jan/2015:10:50:53 -0500] "GET /forest/skins/gdocs-jar/img/disk.png HTTP/1.1" 200 22070
161.18.48.0 - - [04/Jan/2015:10:50:53 -0500] "GET /forest/skins/gdocs-jar/img/control-double.png HTTP/1.1" 200 21754
161.18.48.0 - - [04/Jan/2015:10:50:53 -0500] "GET /forest/skins/gdocs-jar/js/tareas.js?version=1412.231748 HTTP/1.1" 200 41572
161.18.48.0 - - [04/Jan/2015:10:50:53 -0500] "GET /forest/skins/gdocs-jar/js/formsBase.js?version=1412.231748 HTTP/1.1" 200 100846
161.18.48.0 - - [04/Jan/2015:10:50:54 -0500] "GET /forest/skins/gdocs-jar/img/close.gif HTTP/1.1" 200 571
161.18.48.0 - - [04/Jan/2015:10:50:54 -0500] "GET /forest/skins/gdocs-jar/img/spacer.gif HTTP/1.1" 200 43
161.18.48.0 - - [04/Jan/2015:10:50:54 -0500] "GET /forest/skins/gdocs-jar/img/prev.gif HTTP/1.1" 200 827
161.18.48.0 - - [04/Jan/2015:10:50:54 -0500] "GET /forest/skins/gdocs-jar/img/icons/pdf.gif HTTP/1.1" 200 230
161.18.48.0 - - [04/Jan/2015:10:50:54 -0500] "GET /forest/img/jquery/ui-bg_glass_75_d0e5f5_1x400.png HTTP/1.1" 200 50253
161.18.48.0 - - [04/Jan/2015:10:50:55 -0500] "GET /forest/session.jsp?a=0.05380733259763815 HTTP/1.1" 200 4
161.18.48.0 - - [04/Jan/2015:10:50:55 -0500] "GET /forest/1ibre/jscalendar/img.gif HTTP/1.1" 200 223
161.18.48.0 - - [04/Jan/2015:10:50:55 -0500] "GET /forest/skins/gdocs-jar/img/bgPanel.jpg HTTP/1.1" 200 430
161.18.48.0 - - [04/Jan/2015:10:50:55 -0500] "GET /forest/skins/gdocs-jar/img/green.gif HTTP/1.1" 200 134
66.249.64.39 - - [04/Jan/2015:10:50:59 -0500] "GET /ecodirectorio/files/res/languages/fr/download.xml HTTP/1.1" 200 401
181.50.241.109 - - [04/Jan/2015:10:51:19 -0500] "POST /forms/lservlet;jsessionid=ac16012b30d52a185366133943c4afb3b3347df04e04.e3iSbxaKaheRe34Sa3yKbhiTahb0n6jAmljGr5XDqQLvpAe HTTP/1.1" 200 2
74.86.158.107 - - [04/Jan/2015:10:51:43 -0500] "HEAD / HTTP/1.1" 302 -
66.249.64.171 - - [04/Jan/2015:10:51:44 -0500] "GET /BLA/resoluciones/AUTOS%202008/0207.pdf HTTP/1.1" 304 -
186.29.197.182 - - [04/Jan/2015:10:51:54 -0500] "POST /forms/lservlet;jsessionid=ac16012b30d50b919cf61cd2475fb3a2ed2ee36e06cb.e3iSbxaKaheRe34Sa3yKbhiTahb0n6jAmljGr5XDqQLvpAe HTTP/1.1" 200 2
180.76.6.53 - - [04/Jan/2015:10:52:39 -0500] "GET /BLA/boletinlegal/circulares/2009IE24690.pdf HTTP/1.1" 200 74941
66.249.64.171 - - [04/Jan/2015:10:53:09 -0500] "GET /BLA/resoluciones/RESOLUCIONES%202007/RES%202007%202001%20AL%202100/RESOLUCION%202067%20DE%202007.pdf HTTP/1.1" 200 52373
181.50.241.109 - - [04/Jan/2015:10:53:19 -0500] "POST /forms/lservlet;jsessionid=ac16012b30d52a185366133943c4afb3b3347df04e04.e3iSbxaKaheRe34Sa3yKbhiTahb0n6jAmljGr5XDqQLvpAe HTTP/1.1" 200 2
180.76.6.139 - - [04/Jan/2015:10:53:44 -0500] "GET /BLA/resoluciones/RESOLUCIONES%202009/2769.pdf HTTP/1.1" 200 496552
186.29.197.182 - - [04/Jan/2015:10:53:54 -0500] "POST /forms/lservlet;jsessionid=ac16012b30d50b919cf61cd2475fb3a2ed2ee36e06cb.e3iSbxaKaheRe34Sa3yKbhiTahb0n6jAmljGr5XDqQLvpAe HTTP/1.1" 200 2
186.30.170.42 - - [04/Jan/2015:10:54:09 -0500] "GET /BLA/boletinlegal/js/jquery.js HTTP/1.1" 200 57254
186.30.170.42 - - [04/Jan/2015:10:54:09 -0500] "GET /BLA/boletinlegal/js/jquery.scrollTo-min.js HTTP/1.1" 200 1150
186.30.170.42 - - [04/Jan/2015:10:54:09 -0500] "GET /BLA/boletinlegal/js/jquery.scrollShow.js HTTP/1.1" 200 4586
66.249.64.171 - - [04/Jan/2015:10:54:34 -0500] "GET /BLA/resoluciones/RESOLUCIONES%202010/4432.pdf HTTP/1.1" 200 459601
181.50.241.109 - - [04/Jan/2015:10:55:20 -0500] "POST /forms/lservlet;jsessionid=ac16012b30d52a185366133943c4afb3b3347df04e04.e3iSbxaKaheRe34Sa3yKbhiTahb0n6jAmljGr5XDqQLvpAe HTTP/1.1" 200 2
186.29.197.182 - - [04/Jan/2015:10:55:54 -0500] "POST /forms/lservlet;jsessionid=ac16012b30d50b919cf61cd2475fb3a2ed2ee36e06cb.e3iSbxaKaheRe34Sa3yKbhiTahb0n6jAmljGr5XDqQLvpAe HTTP/1.1" 200 2
161.18.48.0 - - [04/Jan/2015:10:55:55 -0500] "GET /forest/session.jsp?a=0.12217471921941725 HTTP/1.1" 200 4
66.249.64.171 - - [04/Jan/2015:10:56:00 -0500] "GET /BLA/resoluciones/RESOLUCIONES%202007/RES%202007%201%20AL%20100/RESOLUCION%200005%20DE%202007.pdf HTTP/1.1" 304 -
186.84.47.10 - - [04/Jan/2015:10:56:13 -0500] "GET /BLA/boletinlegal/js/jquery.js HTTP/1.1" 200 57254
186.84.47.10 - - [04/Jan/2015:10:56:13 -0500] "GET /BLA/boletinlegal/js/jquery.scrollTo-min.js HTTP/1.1" 200 1150
186.84.47.10 - - [04/Jan/2015:10:56:13 -0500] "GET /BLA/boletinlegal/js/jquery.scrollShow.js HTTP/1.1" 200 4586
161.18.48.0 - - [04/Jan/2015:10:56:29 -0500] "GET /forest/usugrafico.do?_a=0.8484620484542&group_system_actual=3 HTTP/1.1" 200 44729
161.18.48.0 - - [04/Jan/2015:10:56:30 -0500] "GET /forest/skins/gdocs-jar/css/forest.css?version=1412.231748 HTTP/1.1" 304 -
161.18.48.0 - - [04/Jan/2015:10:56:30 -0500] "GET /forest/skins/gdocs-jar/css/menu.css?version=1412.231748 HTTP/1.1" 304 -
161.18.48.0 - - [04/Jan/2015:10:56:30 -0500] "GET /forest/skins/gdocs-jar/css/autocomplete.css?version=1412.231748 HTTP/1.1" 304 -
161.18.48.0 - - [04/Jan/2015:10:56:30 -0500] "GET /forest/css/escritorio.css?version=1412.231748 HTTP/1.1" 304 -
161.18.48.0 - - [04/Jan/2015:10:56:30 -0500] "GET /forest/css/index.css?version=1412.231748 HTTP/1.1" 304 -
161.18.48.0 - - [04/Jan/2015:10:56:30 -0500] "GET /forest/1ibre/jscalendar/calendar-win2k-1.css?version=1412.231748 HTTP/1.1" 304 -
161.18.48.0 - - [04/Jan/2015:10:56:30 -0500] "GET /forest/skins/gdocs-jar/css/dialog.css?version=1412.231748 HTTP/1.1" 304 -
161.18.48.0 - - [04/Jan/2015:10:56:30 -0500] "GET /forest/skins/gdocs-jar/css/forms.css?version=1412.231748 HTTP/1.1" 304 -
161.18.48.0 - - [04/Jan/2015:10:56:30 -0500] "GET /forest/img/forestIcon.gif?version=1412.231748 HTTP/1.1" 304 -
161.18.48.0 - - [04/Jan/2015:10:56:30 -0500] "GET /forest/skins/gdocs-jar/img/expandido.gif HTTP/1.1" 200 190
161.18.48.0 - - [04/Jan/2015:10:56:30 -0500] "GET /forest/skins/gdocs-jar/img/activity2.gif HTTP/1.1" 200 374
161.18.48.0 - - [04/Jan/2015:10:56:30 -0500] "GET /forest/skins/gdocs-jar/img/itemlist.gif HTTP/1.1" 200 134
161.18.48.0 - - [04/Jan/2015:10:56:30 -0500] "GET /forest/skins/gdocs-jar/img/mueveactividad.gif HTTP/1.1" 200 90
161.18.48.0 - - [04/Jan/2015:10:56:31 -0500] "GET /forest/session.jsp?a=0.0396032350300648 HTTP/1.1" 200 4
161.18.48.0 - - [04/Jan/2015:10:56:33 -0500] "GET /forest/skins/gdocs-jar/img/contraido.gif HTTP/1.1" 200 195
74.86.158.107 - - [04/Jan/2015:10:56:43 -0500] "HEAD / HTTP/1.1" 302 -
161.18.48.0 - - [04/Jan/2015:10:56:55 -0500] "GET /forest/skins/gdocs-jar/css/forest.css?version=1412.231748 HTTP/1.1" 304 -
161.18.48.0 - - [04/Jan/2015:10:56:55 -0500] "GET /forest/skins/gdocs-jar/css/menu.css?version=1412.231748 HTTP/1.1" 304 -
161.18.48.0 - - [04/Jan/2015:10:56:55 -0500] "GET /forest/skins/gdocs-jar/css/autocomplete.css?version=1412.231748 HTTP/1.1" 304 -
161.18.48.0 - - [04/Jan/2015:10:56:55 -0500] "GET /forest/css/escritorio.css?version=1412.231748 HTTP/1.1" 304 -
161.18.48.0 - - [04/Jan/2015:10:56:55 -0500] "GET /forest/css/index.css?version=1412.231748 HTTP/1.1" 304 -
161.18.48.0 - - [04/Jan/2015:10:56:55 -0500] "GET /forest/1ibre/jscalendar/calendar-win2k-1.css?version=1412.231748 HTTP/1.1" 304 -
161.18.48.0 - - [04/Jan/2015:10:56:55 -0500] "GET /forest/skins/gdocs-jar/css/dialog.css?version=1412.231748 HTTP/1.1" 304 -
161.18.48.0 - - [04/Jan/2015:10:56:55 -0500] "GET /forest/skins/gdocs-jar/css/forms.css?version=1412.231748 HTTP/1.1" 304 -
161.18.48.0 - - [04/Jan/2015:10:56:55 -0500] "GET /forest/usutareas.do?_a=0.1960186733868272&group_system_actual=3 HTTP/1.1" 200 105716
161.18.48.0 - - [04/Jan/2015:10:56:55 -0500] "GET /forest/img/forestIcon.gif?version=1412.231748 HTTP/1.1" 304 -
161.18.48.0 - - [04/Jan/2015:10:56:55 -0500] "GET /forest/skins/gdocs-jar/js/tareas.js?version=1412.231748 HTTP/1.1" 304 -
161.18.48.0 - - [04/Jan/2015:10:56:55 -0500] "GET /forest/skins/gdocs-jar/js/autocompletar2.js?version=1412.231748 HTTP/1.1" 304 -
161.18.48.0 - - [04/Jan/2015:10:56:55 -0500] "GET /forest/skins/gdocs-jar/js/xml_utilities.js?version=1412.231748 HTTP/1.1" 304 -
161.18.48.0 - - [04/Jan/2015:10:56:55 -0500] "GET /forest/skins/gdocs-jar/js/number-functions.js?version=1412.231748 HTTP/1.1" 304 -
161.18.48.0 - - [04/Jan/2015:10:56:55 -0500] "GET /forest/skins/gdocs-jar/js/formsBase.js?version=1412.231748 HTTP/1.1" 304 -
161.18.48.0 - - [04/Jan/2015:10:56:55 -0500] "GET /forest/skins/gdocs-jar/js/swfobject.js?version=1412.231748 HTTP/1.1" 304 -
161.18.48.0 - - [04/Jan/2015:10:56:55 -0500] "GET /forest/skins/gdocs-jar/js/graphicForm.js?version=1412.231748 HTTP/1.1" 304 -
161.18.48.0 - - [04/Jan/2015:10:56:56 -0500] "GET /forest/session.jsp?a=0.9024373750297653 HTTP/1.1" 200 4
161.18.48.0 - - [04/Jan/2015:10:56:58 -0500] "GET /forest/documentos/1986654/2014ER216250.pdf HTTP/1.1" 200 715582
181.152.122.112 - - [04/Jan/2015:10:57:11 -0500] "GET /BLA/resoluciones/RESOLUCIONES%202010/4775.pdf HTTP/1.1" 200 862182
181.152.122.112 - - [04/Jan/2015:10:57:12 -0500] "GET /BLA/resoluciones/RESOLUCIONES%202010/4775.pdf HTTP/1.1" 206 32768
181.152.122.112 - - [04/Jan/2015:10:57:14 -0500] "GET /BLA/resoluciones/RESOLUCIONES%202010/4775.pdf HTTP/1.1" 206 829414
181.50.241.109 - - [04/Jan/2015:10:57:20 -0500] "POST /forms/lservlet;jsessionid=ac16012b30d52a185366133943c4afb3b3347df04e04.e3iSbxaKaheRe34Sa3yKbhiTahb0n6jAmljGr5XDqQLvpAe HTTP/1.1" 200 2
181.152.122.112 - - [04/Jan/2015:10:57:20 -0500] "GET /favicon.ico HTTP/1.1" 200 7782
66.249.64.167 - - [04/Jan/2015:10:57:25 -0500] "GET /BLA/resoluciones/RESOLUCIONES%202007/RES%202007%20601%20AL%20700/RESOLUCION%200641%20DE%202007.pdf HTTP/1.1" 200 437655
186.29.197.182 - - [04/Jan/2015:10:57:54 -0500] "POST /forms/lservlet;jsessionid=ac16012b30d50b919cf61cd2475fb3a2ed2ee36e06cb.e3iSbxaKaheRe34Sa3yKbhiTahb0n6jAmljGr5XDqQLvpAe HTTP/1.1" 200 2
123.125.71.13 - - [04/Jan/2015:10:58:41 -0500] "GET / HTTP/1.1" 302 -
66.249.64.163 - - [04/Jan/2015:10:58:50 -0500] "GET /BLA/resoluciones/AUTOS%202007/1289.pdf HTTP/1.1" 200 243497
181.152.122.112 - - [04/Jan/2015:10:59:03 -0500] "GET /BLA/resoluciones/AUTOS%202012/0053.pdf HTTP/1.1" 200 135119
181.152.122.112 - - [04/Jan/2015:10:59:04 -0500] "GET /BLA/resoluciones/AUTOS%202012/0053.pdf HTTP/1.1" 206 32768
181.152.122.112 - - [04/Jan/2015:10:59:05 -0500] "GET /BLA/resoluciones/AUTOS%202012/0053.pdf HTTP/1.1" 206 102351
181.50.241.109 - - [04/Jan/2015:10:59:20 -0500] "POST /forms/lservlet;jsessionid=ac16012b30d52a185366133943c4afb3b3347df04e04.e3iSbxaKaheRe34Sa3yKbhiTahb0n6jAmljGr5XDqQLvpAe HTTP/1.1" 200 2
220.181.108.93 - - [04/Jan/2015:10:59:21 -0500] "GET / HTTP/1.1" 302 -
186.29.197.182 - - [04/Jan/2015:10:59:54 -0500] "POST /forms/lservlet;jsessionid=ac16012b30d50b919cf61cd2475fb3a2ed2ee36e06cb.e3iSbxaKaheRe34Sa3yKbhiTahb0n6jAmljGr5XDqQLvpAe HTTP/1.1" 200 2
66.249.64.163 - - [04/Jan/2015:11:00:16 -0500] "GET /BLA/resoluciones/RESOLUCIONES%202007/RES%202007%202401%20AL%202500/RESOLUCION%202469%20DE%202007.pdf HTTP/1.1" 304 -
181.50.241.109 - - [04/Jan/2015:11:01:20 -0500] "POST /forms/lservlet;jsessionid=ac16012b30d52a185366133943c4afb3b3347df04e04.e3iSbxaKaheRe34Sa3yKbhiTahb0n6jAmljGr5XDqQLvpAe HTTP/1.1" 200 2
180.76.5.143 - - [04/Jan/2015:11:01:34 -0500] "GET /BLA/resoluciones/RESOLUCIONES%202009/8642.pdf HTTP/1.1" 200 55738
66.249.64.163 - - [04/Jan/2015:11:01:42 -0500] "GET /BLA/resoluciones/AUTOS%202007/0826.pdf HTTP/1.1" 200 97461
74.86.158.107 - - [04/Jan/2015:11:01:43 -0500] "HEAD / HTTP/1.1" 302 -
186.29.197.182 - - [04/Jan/2015:11:01:55 -0500] "POST /forms/lservlet;jsessionid=ac16012b30d50b919cf61cd2475fb3a2ed2ee36e06cb.e3iSbxaKaheRe34Sa3yKbhiTahb0n6jAmljGr5XDqQLvpAe HTTP/1.1" 200 2
161.18.48.0 - - [04/Jan/2015:11:01:56 -0500] "GET /forest/session.jsp?a=0.7705856628124703 HTTP/1.1" 200 4
180.76.5.167 - - [04/Jan/2015:11:02:38 -0500] "GET /BLA/resoluciones/AUTOS%202007/1917.pdf HTTP/1.1" 200 298594
190.159.251.129 - - [04/Jan/2015:11:02:55 -0500] "GET /BLA/boletinlegal/js/jquery.js HTTP/1.1" 200 57254
190.159.251.129 - - [04/Jan/2015:11:02:55 -0500] "GET /BLA/boletinlegal/js/jquery.scrollTo-min.js HTTP/1.1" 200 1150
190.159.251.129 - - [04/Jan/2015:11:02:55 -0500] "GET /BLA/boletinlegal/js/jquery.scrollShow.js HTTP/1.1" 200 4586
190.159.251.129 - - [04/Jan/2015:11:02:55 -0500] "GET /galeria/carrusel/Carrusel/jquery-ui-1.8.13.custom.min.js HTTP/1.1" 200 10800
190.159.251.129 - - [04/Jan/2015:11:02:55 -0500] "GET /galeria/carrusel/Carrusel/jquery.thumbnailScroller.css HTTP/1.1" 200 2066
190.159.251.129 - - [04/Jan/2015:11:02:55 -0500] "GET /galeria/carrusel/Carrusel/jquery.thumbnailScroller.js HTTP/1.1" 200 8157
190.159.251.129 - - [04/Jan/2015:11:02:56 -0500] "GET /galeria/nivo-slider/demo/demo.html HTTP/1.1" 200 3150
190.159.251.129 - - [04/Jan/2015:11:02:57 -0500] "GET /galeria/nivo-slider/nivo-slider.css HTTP/1.1" 200 1507
190.159.251.129 - - [04/Jan/2015:11:02:57 -0500] "GET /galeria/nivo-slider/themes/default/default.css HTTP/1.1" 200 1569
190.159.251.129 - - [04/Jan/2015:11:02:57 -0500] "GET /galeria/nivo-slider/themes/pascal/pascal.css HTTP/1.1" 200 2258
190.159.251.129 - - [04/Jan/2015:11:02:57 -0500] "GET /galeria/nivo-slider/themes/orman/orman.css HTTP/1.1" 200 2152
190.159.251.129 - - [04/Jan/2015:11:02:57 -0500] "GET /galeria/nivo-slider/demo/style.css HTTP/1.1" 200 2222
190.159.251.129 - - [04/Jan/2015:11:02:57 -0500] "GET /galeria/nivo-slider/demo/scripts/jquery-1.7.1.min.js HTTP/1.1" 200 93868
190.159.251.129 - - [04/Jan/2015:11:02:57 -0500] "GET /galeria/nivo-slider/jquery.nivo.slider.pack.js HTTP/1.1" 200 11561
190.159.251.129 - - [04/Jan/2015:11:02:57 -0500] "GET /galeria/nivo-slider/themes/default/loading.gif HTTP/1.1" 200 1737
190.159.251.129 - - [04/Jan/2015:11:02:57 -0500] "GET /galeria/nivo-slider/demo/images/4Simple_Slider.png HTTP/1.1" 200 11722
190.159.251.129 - - [04/Jan/2015:11:02:57 -0500] "GET /galeria/nivo-slider/demo/images/bolsas-08.jpg HTTP/1.1" 200 85589
190.159.251.129 - - [04/Jan/2015:11:02:57 -0500] "GET /galeria/nivo-slider/demo/images/Ruta-vertimientos-01.jpg HTTP/1.1" 200 130151
190.159.251.129 - - [04/Jan/2015:11:02:57 -0500] "GET /galeria/nivo-slider/demo/images/bolsas-06.jpg HTTP/1.1" 200 90982
190.159.251.129 - - [04/Jan/2015:11:02:57 -0500] "GET /galeria/nivo-slider/demo/images/ecolecta-Dic2014.png HTTP/1.1" 200 288593
190.159.251.129 - - [04/Jan/2015:11:02:58 -0500] "GET /galeria/nivo-slider/demo/images/porloshumedales.jpg HTTP/1.1" 200 351238
190.159.251.129 - - [04/Jan/2015:11:02:58 -0500] "GET /galeria/nivo-slider/demo/images/Tingua-azul.jpg HTTP/1.1" 200 307638
190.159.251.129 - - [04/Jan/2015:11:02:58 -0500] "GET /galeria/nivo-slider/demo/images/Banner-Caracol-Africano.jpg HTTP/1.1" 200 331986
190.159.251.129 - - [04/Jan/2015:11:02:59 -0500] "GET /galeria/nivo-slider/demo/images/banner-redes.jpg HTTP/1.1" 200 62209
190.159.251.129 - - [04/Jan/2015:11:02:59 -0500] "GET /galeria/nivo-slider/demo/images/9Signos.jpg HTTP/1.1" 200 93040
190.159.251.129 - - [04/Jan/2015:11:02:59 -0500] "GET /galeria/nivo-slider/demo/images/banner-llantas2.jpg HTTP/1.1" 200 73153
190.159.251.129 - - [04/Jan/2015:11:02:59 -0500] "GET /galeria/nivo-slider/demo/images/banner-caballos.png HTTP/1.1" 200 389106
190.159.251.129 - - [04/Jan/2015:11:03:01 -0500] "GET /galeria/nivo-slider/themes/default/arrows.png HTTP/1.1" 200 824
190.159.251.129 - - [04/Jan/2015:11:03:01 -0500] "GET /galeria/nivo-slider/themes/default/bullets.png HTTP/1.1" 200 1281
190.159.251.129 - - [04/Jan/2015:11:03:02 -0500] "GET /videos/Spot_CambioClimatico.flv HTTP/1.1" 200 4371917
66.249.64.171 - - [04/Jan/2015:11:03:08 -0500] "GET /BLA/resoluciones/RESOLUCIONES%202008/1372.pdf HTTP/1.1" 200 1079970
181.50.241.109 - - [04/Jan/2015:11:03:20 -0500] "POST /forms/lservlet;jsessionid=ac16012b30d52a185366133943c4afb3b3347df04e04.e3iSbxaKaheRe34Sa3yKbhiTahb0n6jAmljGr5XDqQLvpAe HTTP/1.1" 200 2
66.249.64.163 - - [04/Jan/2015:11:03:33 -0500] "GET /BLA/resoluciones/RESOLUCIONES%202004/RES%202004%201151-1200/00001196.tif HTTP/1.1" 200 189038
186.29.197.182 - - [04/Jan/2015:11:03:55 -0500] "POST /forms/lservlet;jsessionid=ac16012b30d50b919cf61cd2475fb3a2ed2ee36e06cb.e3iSbxaKaheRe34Sa3yKbhiTahb0n6jAmljGr5XDqQLvpAe HTTP/1.1" 200 2
66.249.64.167 - - [04/Jan/2015:11:04:35 -0500] "GET /BLA/resoluciones/RESOLUCIONES%202008/2547.pdf HTTP/1.1" 304 -
181.50.241.109 - - [04/Jan/2015:11:05:20 -0500] "POST /forms/lservlet;jsessionid=ac16012b30d52a185366133943c4afb3b3347df04e04.e3iSbxaKaheRe34Sa3yKbhiTahb0n6jAmljGr5XDqQLvpAe HTTP/1.1" 200 2
186.29.197.182 - - [04/Jan/2015:11:05:55 -0500] "POST /forms/lservlet;jsessionid=ac16012b30d50b919cf61cd2475fb3a2ed2ee36e06cb.e3iSbxaKaheRe34Sa3yKbhiTahb0n6jAmljGr5XDqQLvpAe HTTP/1.1" 200 2
66.249.64.171 - - [04/Jan/2015:11:06:01 -0500] "GET /BLA/resoluciones/RESOLUCIONES%202010/7750.pdf HTTP/1.1" 200 228179
74.86.158.107 - - [04/Jan/2015:11:06:43 -0500] "HEAD / HTTP/1.1" 302 -
66.249.64.171 - - [04/Jan/2015:11:06:52 -0500] "GET /BLA/resoluciones/AUTOS%202006/AUTOS%202006%20701-800/00000735.tif HTTP/1.1" 200 55570
161.18.48.0 - - [04/Jan/2015:11:06:56 -0500] "GET /forest/session.jsp?a=0.48062679321129287 HTTP/1.1" 200 4
181.50.241.109 - - [04/Jan/2015:11:07:20 -0500] "POST /forms/lservlet;jsessionid=ac16012b30d52a185366133943c4afb3b3347df04e04.e3iSbxaKaheRe34Sa3yKbhiTahb0n6jAmljGr5XDqQLvpAe HTTP/1.1" 200 2
66.249.64.167 - - [04/Jan/2015:11:07:28 -0500] "GET /BLA/resoluciones/RESOLUCIONES%202010/3453.pdf HTTP/1.1" 304 -
186.29.197.182 - - [04/Jan/2015:11:07:55 -0500] "POST /forms/lservlet;jsessionid=ac16012b30d50b919cf61cd2475fb3a2ed2ee36e06cb.e3iSbxaKaheRe34Sa3yKbhiTahb0n6jAmljGr5XDqQLvpAe HTTP/1.1" 200 2
