186.29.197.182 - - [04/Jan/2015:09:41:51 -0500] "POST /forms/lservlet;jsessionid=ac16012b30d50b919cf61cd2475fb3a2ed2ee36e06cb.e3iSbxaKaheRe34Sa3yKbhiTahb0n6jAmljGr5XDqQLvpAe HTTP/1.1" 200 2
66.249.64.43 - - [04/Jan/2015:09:42:41 -0500] "GET /POT-2013/Cartografia/36_Est_Funcional_servicios_Est_Socioeconomica_Espacial%20Area%20.pdf HTTP/1.1" 200 2689602
181.50.241.109 - - [04/Jan/2015:09:43:13 -0500] "POST /forms/lservlet;jsessionid=ac16012b30d52a185366133943c4afb3b3347df04e04.e3iSbxaKaheRe34Sa3yKbhiTahb0n6jAmljGr5XDqQLvpAe HTTP/1.1" 200 2
186.29.197.182 - - [04/Jan/2015:09:43:51 -0500] "POST /forms/lservlet;jsessionid=ac16012b30d50b919cf61cd2475fb3a2ed2ee36e06cb.e3iSbxaKaheRe34Sa3yKbhiTahb0n6jAmljGr5XDqQLvpAe HTTP/1.1" 200 2
66.249.64.163 - - [04/Jan/2015:09:43:59 -0500] "GET /BLA/resoluciones/RESOLUCIONES%202008/2782.pdf HTTP/1.1" 200 253401
190.158.17.237 - - [04/Jan/2015:09:44:30 -0500] "GET /BLA/resoluciones/RESOLUCIONES%202010/7440.pdf HTTP/1.1" 200 442812
190.158.17.237 - - [04/Jan/2015:09:44:30 -0500] "GET /BLA/resoluciones/RESOLUCIONES%202010/7440.pdf HTTP/1.1" 206 32768
190.158.17.237 - - [04/Jan/2015:09:44:30 -0500] "GET /BLA/resoluciones/RESOLUCIONES%202010/7440.pdf HTTP/1.1" 206 410044
190.158.17.237 - - [04/Jan/2015:09:44:31 -0500] "GET /favicon.ico HTTP/1.1" 200 7782
181.50.241.109 - - [04/Jan/2015:09:45:14 -0500] "POST /forms/lservlet;jsessionid=ac16012b30d52a185366133943c4afb3b3347df04e04.e3iSbxaKaheRe34Sa3yKbhiTahb0n6jAmljGr5XDqQLvpAe HTTP/1.1" 200 2
186.29.197.182 - - [04/Jan/2015:09:45:52 -0500] "POST /forms/lservlet;jsessionid=ac16012b30d50b919cf61cd2475fb3a2ed2ee36e06cb.e3iSbxaKaheRe34Sa3yKbhiTahb0n6jAmljGr5XDqQLvpAe HTTP/1.1" 200 2
66.249.64.171 - - [04/Jan/2015:09:46:08 -0500] "GET /BLA/resoluciones/RESOLUCIONES%202011/0768.pdf HTTP/1.1" 200 60847
74.86.158.107 - - [04/Jan/2015:09:46:43 -0500] "HEAD / HTTP/1.1" 302 -
207.46.13.139 - - [04/Jan/2015:09:46:52 -0500] "GET / HTTP/1.1" 302 -
181.50.241.109 - - [04/Jan/2015:09:47:14 -0500] "POST /forms/lservlet;jsessionid=ac16012b30d52a185366133943c4afb3b3347df04e04.e3iSbxaKaheRe34Sa3yKbhiTahb0n6jAmljGr5XDqQLvpAe HTTP/1.1" 200 2
66.249.64.163 - - [04/Jan/2015:09:47:44 -0500] "GET /BLA/resoluciones/RESOLUCIONES%202011/1670.pdf HTTP/1.1" 304 -
181.236.179.195 - - [04/Jan/2015:09:47:50 -0500] "GET /BLA/resoluciones/Resoluciones%202011/6416.pdf HTTP/1.1" 200 3596143
78.10.246.190 - - [04/Jan/2015:09:47:50 -0500] "GET /reports/rwservlet/getjobid224138?server=rep_srvapsda HTTP/1.1" 200 6554
78.10.246.190 - - [04/Jan/2015:09:47:51 -0500] "GET /reports/images/oraclelogo_sizewithprodbrand.gif HTTP/1.1" 200 1232
78.10.246.190 - - [04/Jan/2015:09:47:51 -0500] "GET /reports/images/blaf-en.css HTTP/1.1" 200 16003
78.10.246.190 - - [04/Jan/2015:09:47:51 -0500] "GET /reports/images/c-ghc.gif HTTP/1.1" 200 133
78.10.246.190 - - [04/Jan/2015:09:47:51 -0500] "GET /reports/images/ok.gif HTTP/1.1" 200 538
78.10.246.190 - - [04/Jan/2015:09:47:51 -0500] "GET /reports/images/c-ghse.gif HTTP/1.1" 200 219
78.10.246.190 - - [04/Jan/2015:09:47:51 -0500] "GET /reports/images/erroricon.gif HTTP/1.1" 200 1050
78.10.246.190 - - [04/Jan/2015:09:47:51 -0500] "GET /reports/images/help.gif HTTP/1.1" 200 408
78.10.246.190 - - [04/Jan/2015:09:47:51 -0500] "GET /reports/images/c-ghss.gif HTTP/1.1" 200 97
78.10.246.190 - - [04/Jan/2015:09:47:51 -0500] "GET /reports/images/space.gif HTTP/1.1" 200 43
78.10.246.190 - - [04/Jan/2015:09:47:51 -0500] "GET /reports/images/c-ghe.gif HTTP/1.1" 200 85
78.10.246.190 - - [04/Jan/2015:09:47:51 -0500] "GET /reports/images/c-ghsc.gif HTTP/1.1" 200 72
78.10.246.190 - - [04/Jan/2015:09:47:51 -0500] "GET /reports/images/branding_reports.gif HTTP/1.1" 200 2968
78.10.246.190 - - [04/Jan/2015:09:47:51 -0500] "GET /favicon.ico HTTP/1.1" 200 7782
186.29.197.182 - - [04/Jan/2015:09:47:52 -0500] "POST /forms/lservlet;jsessionid=ac16012b30d50b919cf61cd2475fb3a2ed2ee36e06cb.e3iSbxaKaheRe34Sa3yKbhiTahb0n6jAmljGr5XDqQLvpAe HTTP/1.1" 200 2
181.236.179.195 - - [04/Jan/2015:09:47:53 -0500] "GET /BLA/resoluciones/Resoluciones%202011/6416.pdf HTTP/1.1" 200 3596143
181.236.179.195 - - [04/Jan/2015:09:48:15 -0500] "GET /BLA/resoluciones/Resoluciones%202011/6416.pdf HTTP/1.1" 200 3596143
181.236.179.195 - - [04/Jan/2015:09:48:16 -0500] "GET /BLA/resoluciones/Resoluciones%202011/6416.pdf HTTP/1.1" 200 3596143
181.50.241.109 - - [04/Jan/2015:09:49:14 -0500] "POST /forms/lservlet;jsessionid=ac16012b30d52a185366133943c4afb3b3347df04e04.e3iSbxaKaheRe34Sa3yKbhiTahb0n6jAmljGr5XDqQLvpAe HTTP/1.1" 200 2
186.119.119.194 - - [04/Jan/2015:09:49:24 -0500] "GET /BLA/boletinlegal/js/jquery.scrollShow.js HTTP/1.1" 200 4586
186.119.119.194 - - [04/Jan/2015:09:49:24 -0500] "GET /BLA/boletinlegal/js/jquery.scrollTo-min.js HTTP/1.1" 200 1150
186.119.119.194 - - [04/Jan/2015:09:49:24 -0500] "GET /BLA/boletinlegal/js/jquery.js HTTP/1.1" 200 57254
180.76.6.225 - - [04/Jan/2015:09:49:33 -0500] "GET /BLA/resoluciones/RESOLUCIONES%202009/2875.pdf HTTP/1.1" 200 446971
66.249.64.167 - - [04/Jan/2015:09:49:36 -0500] "GET /BLA/resoluciones/RESOLUCIONES%202008/2977.pdf HTTP/1.1" 200 255721
186.29.197.182 - - [04/Jan/2015:09:49:52 -0500] "POST /forms/lservlet;jsessionid=ac16012b30d50b919cf61cd2475fb3a2ed2ee36e06cb.e3iSbxaKaheRe34Sa3yKbhiTahb0n6jAmljGr5XDqQLvpAe HTTP/1.1" 200 2
150.70.97.99 - - [04/Jan/2015:09:50:12 -0500] "GET /BLA/boletinlegal/js/jquery.scrollTo-min.js HTTP/1.1" 200 1150
181.236.179.195 - - [04/Jan/2015:09:50:27 -0500] "GET /BLA/resoluciones/Resoluciones%202011/6416.pdf HTTP/1.1" 206 2511591
180.76.6.60 - - [04/Jan/2015:09:50:38 -0500] "GET /BLA/resoluciones/RESOLUCIONES%202011/1316.pdf HTTP/1.1" 200 75341
180.76.4.100 - - [04/Jan/2015:09:50:47 -0500] "GET / HTTP/1.1" 302 -
190.68.181.124 - - [04/Jan/2015:09:51:00 -0500] "GET /forest/ HTTP/1.1" 200 12758
190.68.181.124 - - [04/Jan/2015:09:51:01 -0500] "GET /forest/skins/gdocs-jar/css/forest.css?version=1412.231748 HTTP/1.1" 304 -
190.68.181.124 - - [04/Jan/2015:09:51:01 -0500] "GET /forest/skins/gdocs-jar/css/menu.css?version=1412.231748 HTTP/1.1" 304 -
190.68.181.124 - - [04/Jan/2015:09:51:01 -0500] "GET /forest/skins/gdocs-jar/css/autocomplete.css?version=1412.231748 HTTP/1.1" 304 -
190.68.181.124 - - [04/Jan/2015:09:51:01 -0500] "GET /forest/css/escritorio.css?version=1412.231748 HTTP/1.1" 304 -
190.68.181.124 - - [04/Jan/2015:09:51:01 -0500] "GET /forest/css/index.css?version=1412.231748 HTTP/1.1" 304 -
190.68.181.124 - - [04/Jan/2015:09:51:01 -0500] "GET /forest/1ibre/jscalendar/calendar-win2k-1.css?version=1412.231748 HTTP/1.1" 304 -
190.68.181.124 - - [04/Jan/2015:09:51:01 -0500] "GET /forest/skins/gdocs-jar/css/dialog.css?version=1412.231748 HTTP/1.1" 304 -
190.68.181.124 - - [04/Jan/2015:09:51:01 -0500] "GET /forest/skins/gdocs-jar/css/forms.css?version=1412.231748 HTTP/1.1" 304 -
190.68.181.124 - - [04/Jan/2015:09:51:01 -0500] "GET /forest/js/json3.js HTTP/1.1" 304 -
190.68.181.124 - - [04/Jan/2015:09:51:01 -0500] "GET /forest/img/loading.gif HTTP/1.1" 304 -
190.68.181.124 - - [04/Jan/2015:09:51:01 -0500] "GET /forest/img/spacer.gif HTTP/1.1" 304 -
190.68.181.124 - - [04/Jan/2015:09:51:01 -0500] "GET /forest/img/panel/view_icon.gif HTTP/1.1" 304 -
190.68.181.124 - - [04/Jan/2015:09:51:01 -0500] "GET /forest/img/inicio/1.gif HTTP/1.1" 304 -
190.68.181.124 - - [04/Jan/2015:09:51:01 -0500] "GET /forest/img/inicio/2.gif HTTP/1.1" 304 -
190.68.181.124 - - [04/Jan/2015:09:51:01 -0500] "GET /forest/img/inicio/3.gif HTTP/1.1" 304 -
190.68.181.124 - - [04/Jan/2015:09:51:01 -0500] "GET /forest/img/inicio/4.gif HTTP/1.1" 304 -
190.68.181.124 - - [04/Jan/2015:09:51:01 -0500] "GET /forest/img/inicio/6.gif HTTP/1.1" 304 -
190.68.181.124 - - [04/Jan/2015:09:51:01 -0500] "GET /forest/img/inicio/7.gif HTTP/1.1" 304 -
190.68.181.124 - - [04/Jan/2015:09:51:02 -0500] "GET /forest/img/inicio/5.gif HTTP/1.1" 304 -
190.68.181.124 - - [04/Jan/2015:09:51:02 -0500] "GET /forest/img/mplogo.gif HTTP/1.1" 304 -
190.68.181.124 - - [04/Jan/2015:09:51:02 -0500] "GET /forest/img/close.gif HTTP/1.1" 304 -
190.68.181.124 - - [04/Jan/2015:09:51:02 -0500] "GET /forest/skins/gdocs-jar/img/okey.gif HTTP/1.1" 304 -
190.68.181.124 - - [04/Jan/2015:09:51:02 -0500] "GET /forest/img/base/bsc2_r1_c2.gif HTTP/1.1" 304 -
190.68.181.124 - - [04/Jan/2015:09:51:02 -0500] "GET /forest/img/forestIcon.gif?version=1412.231748 HTTP/1.1" 304 -
190.68.181.124 - - [04/Jan/2015:09:51:02 -0500] "GET /forest/img/base/bsc2_r1_c3.gif HTTP/1.1" 304 -
190.68.181.124 - - [04/Jan/2015:09:51:02 -0500] "GET /forest/img/base/bsc2_r1_c1.gif HTTP/1.1" 304 -
190.68.181.124 - - [04/Jan/2015:09:51:02 -0500] "GET /forest/1ibre/1ibre.css HTTP/1.1" 304 -
190.68.181.124 - - [04/Jan/2015:09:51:04 -0500] "POST /forest/login.do HTTP/1.1" 302 -
190.68.181.124 - - [04/Jan/2015:09:51:04 -0500] "GET /forest/skins/gdocs-jar/css/menu.css?version=1412.231748 HTTP/1.1" 304 -
190.68.181.124 - - [04/Jan/2015:09:51:04 -0500] "GET /forest/skins/gdocs-jar/css/forest.css?version=1412.231748 HTTP/1.1" 304 -
190.68.181.124 - - [04/Jan/2015:09:51:04 -0500] "GET /forest/css/escritorio.css?version=1412.231748 HTTP/1.1" 304 -
190.68.181.124 - - [04/Jan/2015:09:51:04 -0500] "GET /forest/skins/gdocs-jar/css/autocomplete.css?version=1412.231748 HTTP/1.1" 304 -
190.68.181.124 - - [04/Jan/2015:09:51:04 -0500] "GET /forest/1ibre/jscalendar/calendar-win2k-1.css?version=1412.231748 HTTP/1.1" 304 -
190.68.181.124 - - [04/Jan/2015:09:51:04 -0500] "GET /forest/css/index.css?version=1412.231748 HTTP/1.1" 304 -
190.68.181.124 - - [04/Jan/2015:09:51:04 -0500] "GET /forest/skins/gdocs-jar/css/dialog.css?version=1412.231748 HTTP/1.1" 304 -
190.68.181.124 - - [04/Jan/2015:09:51:04 -0500] "GET /forest/skins/gdocs-jar/css/forms.css?version=1412.231748 HTTP/1.1" 304 -
190.68.181.124 - - [04/Jan/2015:09:51:04 -0500] "GET /forest/img/forestIcon.gif?version=1412.231748 HTTP/1.1" 304 -
190.68.181.124 - - [04/Jan/2015:09:51:05 -0500] "GET /forest/img/inicio.jpg HTTP/1.1" 304 -
190.68.181.124 - - [04/Jan/2015:09:51:05 -0500] "GET /forest/img/users/3.gif HTTP/1.1" 304 -
190.68.181.124 - - [04/Jan/2015:09:51:05 -0500] "GET /forest/img/users/5.gif HTTP/1.1" 304 -
190.68.181.124 - - [04/Jan/2015:09:51:05 -0500] "GET /forest/img/users/7.gif HTTP/1.1" 304 -
190.68.181.124 - - [04/Jan/2015:09:51:05 -0500] "GET /forest/img/download_large.gif HTTP/1.1" 304 -
190.68.181.124 - - [04/Jan/2015:09:51:05 -0500] "GET /forest/img/buscar.jpg HTTP/1.1" 304 -
190.68.181.124 - - [04/Jan/2015:09:51:05 -0500] "GET /forest/img/buscar_documentos.gif HTTP/1.1" 304 -
190.68.181.124 - - [04/Jan/2015:09:51:05 -0500] "GET /forest/img/fondo-barra.gif HTTP/1.1" 304 -
150.70.97.116 - - [04/Jan/2015:09:51:11 -0500] "GET /BLA/boletinlegal/js/jquery.js HTTP/1.1" 200 57254
181.50.241.109 - - [04/Jan/2015:09:51:14 -0500] "POST /forms/lservlet;jsessionid=ac16012b30d52a185366133943c4afb3b3347df04e04.e3iSbxaKaheRe34Sa3yKbhiTahb0n6jAmljGr5XDqQLvpAe HTTP/1.1" 200 2
190.68.181.124 - - [04/Jan/2015:09:51:16 -0500] "GET /forest/img/buscar_procesos.gif HTTP/1.1" 304 -
190.68.181.124 - - [04/Jan/2015:09:51:16 -0500] "GET /forest/img/notify.gif HTTP/1.1" 304 -
190.68.181.124 - - [04/Jan/2015:09:51:16 -0500] "GET /forest/img/pantalla.gif HTTP/1.1" 304 -
190.68.181.124 - - [04/Jan/2015:09:51:16 -0500] "GET /forest/img/ayuda.gif HTTP/1.1" 304 -
190.68.181.124 - - [04/Jan/2015:09:51:16 -0500] "GET /forest/img/salir3.gif HTTP/1.1" 304 -
190.68.181.124 - - [04/Jan/2015:09:51:04 -0500] "GET /forest/index2.jsp?a=0.9411946643520108 HTTP/1.1" 200 76395
190.68.181.124 - - [04/Jan/2015:09:51:16 -0500] "GET /forest/skins/gdocs-jar/css/tree.css HTTP/1.1" 304 -
190.68.181.124 - - [04/Jan/2015:09:51:16 -0500] "GET /forest/skins/gdocs-jar/css/autocomplete.css HTTP/1.1" 304 -
190.68.181.124 - - [04/Jan/2015:09:51:16 -0500] "GET /forest/img/panel/menu/add.png HTTP/1.1" 304 -
190.68.181.124 - - [04/Jan/2015:09:51:16 -0500] "GET /forest/img/panel/menu/danger2.png HTTP/1.1" 304 -
190.68.181.124 - - [04/Jan/2015:09:51:16 -0500] "GET /forest/img/panel/menu/folder.png HTTP/1.1" 304 -
190.68.181.124 - - [04/Jan/2015:09:51:16 -0500] "GET /forest/img/panel/menu/hoy.png HTTP/1.1" 304 -
190.68.181.124 - - [04/Jan/2015:09:51:16 -0500] "GET /forest/img/mireparto.gif HTTP/1.1" 304 -
190.68.181.124 - - [04/Jan/2015:09:51:16 -0500] "GET /forest/skins/gdocs-jar/js/autocompletar2.js?version=1412.231748 HTTP/1.1" 304 -
190.68.181.124 - - [04/Jan/2015:09:51:16 -0500] "GET /forest/skins/gdocs-jar/js/xml_utilities.js?version=1412.231748 HTTP/1.1" 304 -
190.68.181.124 - - [04/Jan/2015:09:51:16 -0500] "GET /forest/js/inicio.js?version=1412.231748 HTTP/1.1" 304 -
190.68.181.124 - - [04/Jan/2015:09:51:16 -0500] "GET /forest/skins/gdocs-jar/js/misprocesos.js?version=1412.231748 HTTP/1.1" 304 -
190.68.181.124 - - [04/Jan/2015:09:51:16 -0500] "GET /forest/skins/gdocs-jar/img/cancel.gif HTTP/1.1" 304 -
190.68.181.124 - - [04/Jan/2015:09:51:16 -0500] "GET /forest/img/instanciar.gif HTTP/1.1" 304 -
190.68.181.124 - - [04/Jan/2015:09:51:16 -0500] "GET /forest/img/misdocumentos.gif HTTP/1.1" 304 -
190.68.181.124 - - [04/Jan/2015:09:51:17 -0500] "GET /forest/session.jsp?a=0.46814408296693966 HTTP/1.1" 200 4
150.70.97.98 - - [04/Jan/2015:09:51:18 -0500] "GET /BLA/boletinlegal/js/jquery.scrollShow.js HTTP/1.1" 200 4586
66.249.64.163 - - [04/Jan/2015:09:51:29 -0500] "GET /BLA/resoluciones/RESOLUCIONES%202008/3099.pdf HTTP/1.1" 200 485658
220.181.108.179 - - [04/Jan/2015:09:51:40 -0500] "GET /BLA/boletinlegal/js/jquery.js HTTP/1.1" 200 57254
74.86.158.107 - - [04/Jan/2015:09:51:43 -0500] "HEAD / HTTP/1.1" 302 -
100.43.85.25 - - [04/Jan/2015:09:51:43 -0500] "GET /robots.txt HTTP/1.1" 404 1019
186.29.197.182 - - [04/Jan/2015:09:51:52 -0500] "POST /forms/lservlet;jsessionid=ac16012b30d50b919cf61cd2475fb3a2ed2ee36e06cb.e3iSbxaKaheRe34Sa3yKbhiTahb0n6jAmljGr5XDqQLvpAe HTTP/1.1" 200 2
186.116.189.201 - - [04/Jan/2015:09:51:55 -0500] "GET /galeria/nivo-slider/demo/demo.html HTTP/1.1" 200 3150
186.116.189.201 - - [04/Jan/2015:09:51:56 -0500] "GET /galeria/nivo-slider/demo/images/Ruta-vertimientos-01.jpg HTTP/1.1" 304 -
186.116.189.201 - - [04/Jan/2015:09:51:56 -0500] "GET /galeria/nivo-slider/demo/images/bolsas-06.jpg HTTP/1.1" 304 -
186.116.189.201 - - [04/Jan/2015:09:51:56 -0500] "GET /galeria/nivo-slider/demo/images/ecolecta-Dic2014.png HTTP/1.1" 304 -
186.116.189.201 - - [04/Jan/2015:09:51:56 -0500] "GET /galeria/nivo-slider/demo/images/porloshumedales.jpg HTTP/1.1" 304 -
186.116.189.201 - - [04/Jan/2015:09:51:56 -0500] "GET /galeria/nivo-slider/demo/images/bolsas-08.jpg HTTP/1.1" 304 -
186.116.189.201 - - [04/Jan/2015:09:51:56 -0500] "GET /galeria/nivo-slider/demo/images/banner-redes.jpg HTTP/1.1" 304 -
186.116.189.201 - - [04/Jan/2015:09:51:56 -0500] "GET /galeria/nivo-slider/demo/images/banner-caballos.png HTTP/1.1" 206 1
186.116.189.201 - - [04/Jan/2015:09:51:56 -0500] "GET /galeria/nivo-slider/demo/images/banner-caballos.png HTTP/1.1" 206 944
186.116.189.201 - - [04/Jan/2015:09:51:56 -0500] "GET /galeria/nivo-slider/themes/default/arrows.png HTTP/1.1" 200 824
186.116.189.201 - - [04/Jan/2015:09:51:56 -0500] "GET /galeria/nivo-slider/themes/default/bullets.png HTTP/1.1" 200 1281
190.174.144.197 - - [04/Jan/2015:09:52:11 -0500] "GET /BLA/resoluciones/RESOLUCIONES%202009/8681.pdf HTTP/1.1" 200 512446
190.174.144.197 - - [04/Jan/2015:09:52:13 -0500] "GET /BLA/resoluciones/RESOLUCIONES%202009/8681.pdf HTTP/1.1" 206 32768
190.174.144.197 - - [04/Jan/2015:09:52:14 -0500] "GET /BLA/resoluciones/RESOLUCIONES%202009/8681.pdf HTTP/1.1" 206 479678
190.174.144.197 - - [04/Jan/2015:09:52:17 -0500] "GET /favicon.ico HTTP/1.1" 200 7782
186.116.189.201 - - [04/Jan/2015:09:52:17 -0500] "GET /videos/ArchivoSDA.flv HTTP/1.1" 304 -
68.180.229.40 - - [04/Jan/2015:09:52:44 -0500] "GET /BLA/boletinlegal/Circulares/2013/Circular%20No.%207%20del%201%20de%20Agosto%20de%202013.pdf HTTP/1.1" 304 -
190.68.181.124 - - [04/Jan/2015:09:52:54 -0500] "GET /forest/skins/gdocs-jar/css/forest.css?version=1412.231748 HTTP/1.1" 304 -
190.68.181.124 - - [04/Jan/2015:09:52:54 -0500] "GET /forest/css/index.css?version=1412.231748 HTTP/1.1" 304 -
190.68.181.124 - - [04/Jan/2015:09:52:54 -0500] "GET /forest/skins/gdocs-jar/css/menu.css?version=1412.231748 HTTP/1.1" 304 -
190.68.181.124 - - [04/Jan/2015:09:52:54 -0500] "GET /forest/skins/gdocs-jar/css/autocomplete.css?version=1412.231748 HTTP/1.1" 304 -
190.68.181.124 - - [04/Jan/2015:09:52:54 -0500] "GET /forest/css/escritorio.css?version=1412.231748 HTTP/1.1" 304 -
190.68.181.124 - - [04/Jan/2015:09:52:54 -0500] "GET /forest/1ibre/jscalendar/calendar-win2k-1.css?version=1412.231748 HTTP/1.1" 304 -
190.68.181.124 - - [04/Jan/2015:09:52:54 -0500] "GET /forest/skins/gdocs-jar/css/dialog.css?version=1412.231748 HTTP/1.1" 304 -
190.68.181.124 - - [04/Jan/2015:09:52:54 -0500] "GET /forest/img/forestIcon.gif?version=1412.231748 HTTP/1.1" 304 -
190.68.181.124 - - [04/Jan/2015:09:52:54 -0500] "GET /forest/skins/gdocs-jar/css/forms.css?version=1412.231748 HTTP/1.1" 304 -
190.68.181.124 - - [04/Jan/2015:09:52:59 -0500] "GET /forest/skins/gdocs-jar/js/xml_utilities.js?version=1412.231748 HTTP/1.1" 304 -
190.68.181.124 - - [04/Jan/2015:09:52:59 -0500] "GET /forest/skins/gdocs-jar/js/autocompletar2.js?version=1412.231748 HTTP/1.1" 304 -
190.68.181.124 - - [04/Jan/2015:09:52:59 -0500] "GET /forest/skins/gdocs-jar/js/tareas.js?version=1412.231748 HTTP/1.1" 304 -
190.68.181.124 - - [04/Jan/2015:09:52:59 -0500] "GET /forest/skins/gdocs-jar/img/desasociarUser.gif HTTP/1.1" 304 -
190.68.181.124 - - [04/Jan/2015:09:52:59 -0500] "GET /forest/img/asociarUser.gif HTTP/1.1" 304 -
190.68.181.124 - - [04/Jan/2015:09:52:59 -0500] "GET /forest/skins/gdocs-jar/img/asociarUserOtraDependencia.gif HTTP/1.1" 304 -
190.68.181.124 - - [04/Jan/2015:09:52:59 -0500] "GET /forest/skins/gdocs-jar/img/comments.gif HTTP/1.1" 304 -
190.68.181.124 - - [04/Jan/2015:09:52:59 -0500] "GET /forest/skins/gdocs-jar/img/vertodossubprocesos.gif HTTP/1.1" 304 -
190.68.181.124 - - [04/Jan/2015:09:53:00 -0500] "GET /forest/skins/gdocs-jar/img/actividad2.gif HTTP/1.1" 304 -
190.68.181.124 - - [04/Jan/2015:09:53:00 -0500] "GET /forest/skins/gdocs-jar/img/print.gif HTTP/1.1" 304 -
190.68.181.124 - - [04/Jan/2015:09:53:00 -0500] "GET /forest/js/usutareas-docs.js HTTP/1.1" 304 -
190.68.181.124 - - [04/Jan/2015:09:53:00 -0500] "GET /forest/skins/gdocs-jar/js/grid.js?version=1412.231748 HTTP/1.1" 304 -
190.68.181.124 - - [04/Jan/2015:09:53:00 -0500] "GET /forest/js/jquery/jquery-1.5.2.min.js HTTP/1.1" 304 -
190.68.181.124 - - [04/Jan/2015:09:53:00 -0500] "GET /forest/skins/gdocs-jar/img/bola.gif HTTP/1.1" 304 -
190.68.181.124 - - [04/Jan/2015:09:53:00 -0500] "GET /forest/skins/gdocs-jar/img/clip.gif HTTP/1.1" 304 -
190.68.181.124 - - [04/Jan/2015:09:53:00 -0500] "GET /forest/js/socketConnection.js HTTP/1.1" 304 -
190.68.181.124 - - [04/Jan/2015:09:53:00 -0500] "GET /forest/js/jquery/jquery.atmosphere.js HTTP/1.1" 304 -
190.68.181.124 - - [04/Jan/2015:09:53:00 -0500] "GET /forest/skins/gdocs-jar/img/ok.gif HTTP/1.1" 304 -
190.68.181.124 - - [04/Jan/2015:09:53:00 -0500] "GET /forest/skins/gdocs-jar/css/forms.css HTTP/1.1" 304 -
190.68.181.124 - - [04/Jan/2015:09:53:00 -0500] "GET /forest/skins/gdocs-jar/js/number-functions.js?version=1412.231748 HTTP/1.1" 304 -
190.68.181.124 - - [04/Jan/2015:09:53:00 -0500] "GET /forest/skins/gdocs-jar/js/swfobject.js?version=1412.231748 HTTP/1.1" 304 -
190.68.181.124 - - [04/Jan/2015:09:53:01 -0500] "GET /forest/skins/gdocs-jar/js/formsBase.js?version=1412.231748 HTTP/1.1" 304 -
190.68.181.124 - - [04/Jan/2015:09:53:01 -0500] "GET /forest/skins/gdocs-jar/js/graphicForm.js?version=1412.231748 HTTP/1.1" 304 -
190.68.181.124 - - [04/Jan/2015:09:53:01 -0500] "GET /forest/skins/gdocs-jar/img/alert.gif HTTP/1.1" 304 -
190.68.181.124 - - [04/Jan/2015:09:53:01 -0500] "GET /forest/skins/gdocs-jar/img/control-double.png HTTP/1.1" 304 -
190.68.181.124 - - [04/Jan/2015:09:53:01 -0500] "GET /forest/skins/gdocs-jar/img/disk.png HTTP/1.1" 304 -
190.68.181.124 - - [04/Jan/2015:09:53:01 -0500] "GET /forest/skins/gdocs-jar/img/spacer.gif HTTP/1.1" 304 -
190.68.181.124 - - [04/Jan/2015:09:53:01 -0500] "GET /forest/skins/gdocs-jar/img/prev.gif HTTP/1.1" 304 -
190.68.181.124 - - [04/Jan/2015:09:53:01 -0500] "GET /forest/skins/gdocs-jar/img/icons/pdf.gif HTTP/1.1" 304 -
190.68.181.124 - - [04/Jan/2015:09:52:51 -0500] "GET /forest/usutareas.do?group_system_actual=3&codTraEsc=17226367&_a=0.5536449741022995 HTTP/1.1" 200 116334
190.68.181.124 - - [04/Jan/2015:09:53:01 -0500] "GET /forest/img/jquery/ui-bg_glass_75_d0e5f5_1x400.png HTTP/1.1" 304 -
190.68.181.124 - - [04/Jan/2015:09:53:02 -0500] "GET /forest/session.jsp?a=0.5016047247711501 HTTP/1.1" 200 4
190.68.181.124 - - [04/Jan/2015:09:53:02 -0500] "GET /forest/actions/forms.getMappedValues?id=tercero46&value=900265329-1&codForm=reporte_ct_registro&a=0.14881131846272044 HTTP/1.1" 200 82
190.68.181.124 - - [04/Jan/2015:09:53:02 -0500] "GET /forest/skins/gdocs-jar/img/green.gif HTTP/1.1" 304 -
190.68.181.124 - - [04/Jan/2015:09:53:02 -0500] "GET /forest/skins/gdocs-jar/img/bgPanel.jpg HTTP/1.1" 304 -
190.68.181.124 - - [04/Jan/2015:09:53:03 -0500] "GET /forest/actions/forms.getMappedValues?id=ViabTec_Perm1340&value=3&codForm=reporte_ct_registro&a=0.8565225010381499 HTTP/1.1" 200 28
190.68.181.124 - - [04/Jan/2015:09:53:04 -0500] "GET /forest/actions/forms.getMappedValues?id=ViabTec_Perm1340&value=3&codForm=reporte_ct_registro&a=0.20771730884409023 HTTP/1.1" 200 28
181.50.241.109 - - [04/Jan/2015:09:53:14 -0500] "POST /forms/lservlet;jsessionid=ac16012b30d52a185366133943c4afb3b3347df04e04.e3iSbxaKaheRe34Sa3yKbhiTahb0n6jAmljGr5XDqQLvpAe HTTP/1.1" 200 2
190.68.181.124 - - [04/Jan/2015:09:53:16 -0500] "POST /forest/usutareas.do? HTTP/1.1" 200 201
190.68.181.124 - - [04/Jan/2015:09:53:20 -0500] "GET /forest/skins/gdocs-jar/img/error.gif HTTP/1.1" 304 -
66.249.64.167 - - [04/Jan/2015:09:53:22 -0500] "GET /BLA/resoluciones/RESOLUCIONES%202009/3188.pdf HTTP/1.1" 304 -
186.29.197.182 - - [04/Jan/2015:09:53:52 -0500] "POST /forms/lservlet;jsessionid=ac16012b30d50b919cf61cd2475fb3a2ed2ee36e06cb.e3iSbxaKaheRe34Sa3yKbhiTahb0n6jAmljGr5XDqQLvpAe HTTP/1.1" 200 2
181.50.241.109 - - [04/Jan/2015:09:55:14 -0500] "POST /forms/lservlet;jsessionid=ac16012b30d52a185366133943c4afb3b3347df04e04.e3iSbxaKaheRe34Sa3yKbhiTahb0n6jAmljGr5XDqQLvpAe HTTP/1.1" 200 2
66.249.64.163 - - [04/Jan/2015:09:55:14 -0500] "GET /BLA/resoluciones/RESOLUCIONES%202010/7009.pdf HTTP/1.1" 200 476556
186.29.197.182 - - [04/Jan/2015:09:55:52 -0500] "POST /forms/lservlet;jsessionid=ac16012b30d50b919cf61cd2475fb3a2ed2ee36e06cb.e3iSbxaKaheRe34Sa3yKbhiTahb0n6jAmljGr5XDqQLvpAe HTTP/1.1" 200 2
74.86.158.107 - - [04/Jan/2015:09:56:43 -0500] "HEAD / HTTP/1.1" 302 -
201.216.21.158 - - [04/Jan/2015:09:57:07 -0500] "GET /BLA/boletinlegal/js/jquery.scrollTo-min.js HTTP/1.1" 200 1150
201.216.21.158 - - [04/Jan/2015:09:57:07 -0500] "GET /galeria/carrusel/Carrusel/jquery.thumbnailScroller.css HTTP/1.1" 200 2066
201.216.21.158 - - [04/Jan/2015:09:57:07 -0500] "GET /BLA/boletinlegal/js/jquery.js HTTP/1.1" 200 57254
201.216.21.158 - - [04/Jan/2015:09:57:07 -0500] "GET /BLA/boletinlegal/js/jquery.scrollShow.js HTTP/1.1" 200 4586
201.216.21.158 - - [04/Jan/2015:09:57:07 -0500] "GET /galeria/carrusel/Carrusel/jquery.thumbnailScroller.js HTTP/1.1" 200 8157
201.216.21.158 - - [04/Jan/2015:09:57:08 -0500] "GET /galeria/carrusel/Carrusel/jquery-ui-1.8.13.custom.min.js HTTP/1.1" 200 10800
66.249.64.163 - - [04/Jan/2015:09:57:08 -0500] "GET /BLA/resoluciones/RESOLUCIONES%202009/7800.pdf HTTP/1.1" 200 537620
201.216.21.158 - - [04/Jan/2015:09:57:08 -0500] "GET /galeria/nivo-slider/demo/demo.html HTTP/1.1" 200 3150
201.216.21.158 - - [04/Jan/2015:09:57:09 -0500] "GET /galeria/nivo-slider/themes/pascal/pascal.css HTTP/1.1" 200 2258
201.216.21.158 - - [04/Jan/2015:09:57:09 -0500] "GET /galeria/nivo-slider/themes/default/default.css HTTP/1.1" 200 1569
201.216.21.158 - - [04/Jan/2015:09:57:09 -0500] "GET /galeria/nivo-slider/themes/orman/orman.css HTTP/1.1" 200 2152
201.216.21.158 - - [04/Jan/2015:09:57:09 -0500] "GET /galeria/nivo-slider/nivo-slider.css HTTP/1.1" 200 1507
201.216.21.158 - - [04/Jan/2015:09:57:09 -0500] "GET /galeria/nivo-slider/demo/style.css HTTP/1.1" 200 2222
201.216.21.158 - - [04/Jan/2015:09:57:09 -0500] "GET /galeria/nivo-slider/demo/scripts/jquery-1.7.1.min.js HTTP/1.1" 200 93868
201.216.21.158 - - [04/Jan/2015:09:57:09 -0500] "GET /galeria/nivo-slider/jquery.nivo.slider.pack.js HTTP/1.1" 200 11561
201.216.21.158 - - [04/Jan/2015:09:57:09 -0500] "GET /galeria/nivo-slider/demo/images/bolsas-08.jpg HTTP/1.1" 200 85589
201.216.21.158 - - [04/Jan/2015:09:57:09 -0500] "GET /galeria/nivo-slider/demo/images/Ruta-vertimientos-01.jpg HTTP/1.1" 200 130151
201.216.21.158 - - [04/Jan/2015:09:57:09 -0500] "GET /galeria/nivo-slider/demo/images/bolsas-06.jpg HTTP/1.1" 200 90982
201.216.21.158 - - [04/Jan/2015:09:57:09 -0500] "GET /galeria/nivo-slider/demo/images/ecolecta-Dic2014.png HTTP/1.1" 200 288593
201.216.21.158 - - [04/Jan/2015:09:57:09 -0500] "GET /galeria/nivo-slider/demo/images/porloshumedales.jpg HTTP/1.1" 200 351238
201.216.21.158 - - [04/Jan/2015:09:57:10 -0500] "GET /galeria/nivo-slider/themes/default/loading.gif HTTP/1.1" 200 1737
201.216.21.158 - - [04/Jan/2015:09:57:10 -0500] "GET /galeria/nivo-slider/demo/images/4Simple_Slider.png HTTP/1.1" 200 11722
201.216.21.158 - - [04/Jan/2015:09:57:10 -0500] "GET /galeria/nivo-slider/demo/images/Tingua-azul.jpg HTTP/1.1" 200 307638
201.216.21.158 - - [04/Jan/2015:09:57:10 -0500] "GET /galeria/nivo-slider/demo/images/Banner-Caracol-Africano.jpg HTTP/1.1" 200 331986
201.216.21.158 - - [04/Jan/2015:09:57:10 -0500] "GET /galeria/nivo-slider/demo/images/banner-redes.jpg HTTP/1.1" 200 62209
201.216.21.158 - - [04/Jan/2015:09:57:11 -0500] "GET /galeria/nivo-slider/demo/images/9Signos.jpg HTTP/1.1" 200 93040
201.216.21.158 - - [04/Jan/2015:09:57:11 -0500] "GET /galeria/nivo-slider/demo/images/banner-llantas2.jpg HTTP/1.1" 200 73153
201.216.21.158 - - [04/Jan/2015:09:57:11 -0500] "GET /galeria/nivo-slider/demo/images/banner-caballos.png HTTP/1.1" 200 389106
181.50.241.109 - - [04/Jan/2015:09:57:14 -0500] "POST /forms/lservlet;jsessionid=ac16012b30d52a185366133943c4afb3b3347df04e04.e3iSbxaKaheRe34Sa3yKbhiTahb0n6jAmljGr5XDqQLvpAe HTTP/1.1" 200 2
201.216.21.158 - - [04/Jan/2015:09:57:15 -0500] "GET /videos/Spot_CambioClimatico.flv HTTP/1.1" 200 4371917
201.216.21.158 - - [04/Jan/2015:09:57:16 -0500] "GET /galeria/nivo-slider/themes/default/arrows.png HTTP/1.1" 200 824
201.216.21.158 - - [04/Jan/2015:09:57:16 -0500] "GET /galeria/nivo-slider/themes/default/bullets.png HTTP/1.1" 200 1281
186.29.197.182 - - [04/Jan/2015:09:57:52 -0500] "POST /forms/lservlet;jsessionid=ac16012b30d50b919cf61cd2475fb3a2ed2ee36e06cb.e3iSbxaKaheRe34Sa3yKbhiTahb0n6jAmljGr5XDqQLvpAe HTTP/1.1" 200 2
190.68.181.124 - - [04/Jan/2015:09:53:01 -0500] "GET /ForestMSG_SDA/channelAsync/template_word_17226367?X-Atmosphere-tracking-id=b51450ed-c59d-d5a5-2d2e-7e9ba6874876&X-Atmosphere-Framework=1.0.5&X-Atmosphere-Transport=long-polling&tabid=0.6284344752237758&X-Cache-Date=0&Content-Type=application/xml&_=1420383354144 HTTP/1.1" 200 8193
66.249.64.163 - - [04/Jan/2015:09:59:01 -0500] "GET /BLA/resoluciones/RESOLUCIONES%202009/1285.pdf HTTP/1.1" 200 310125
181.50.241.109 - - [04/Jan/2015:09:59:14 -0500] "POST /forms/lservlet;jsessionid=ac16012b30d52a185366133943c4afb3b3347df04e04.e3iSbxaKaheRe34Sa3yKbhiTahb0n6jAmljGr5XDqQLvpAe HTTP/1.1" 200 2
66.249.64.47 - - [04/Jan/2015:09:59:36 -0500] "GET /BLA/boletinlegal/jurisprudencia/analisis/CUADRO%20SENTENCIA%20C-222%20DE%202011.doc HTTP/1.1" 200 34816
186.29.197.182 - - [04/Jan/2015:09:59:52 -0500] "POST /forms/lservlet;jsessionid=ac16012b30d50b919cf61cd2475fb3a2ed2ee36e06cb.e3iSbxaKaheRe34Sa3yKbhiTahb0n6jAmljGr5XDqQLvpAe HTTP/1.1" 200 2
66.249.64.167 - - [04/Jan/2015:10:00:55 -0500] "GET /BLA/resoluciones/RESOLUCIONES%202008/3377.pdf HTTP/1.1" 200 368714
181.50.241.109 - - [04/Jan/2015:10:01:14 -0500] "POST /forms/lservlet;jsessionid=ac16012b30d52a185366133943c4afb3b3347df04e04.e3iSbxaKaheRe34Sa3yKbhiTahb0n6jAmljGr5XDqQLvpAe HTTP/1.1" 200 2
74.86.158.107 - - [04/Jan/2015:10:01:43 -0500] "HEAD / HTTP/1.1" 302 -
186.29.197.182 - - [04/Jan/2015:10:01:52 -0500] "POST /forms/lservlet;jsessionid=ac16012b30d50b919cf61cd2475fb3a2ed2ee36e06cb.e3iSbxaKaheRe34Sa3yKbhiTahb0n6jAmljGr5XDqQLvpAe HTTP/1.1" 200 2
66.249.64.171 - - [04/Jan/2015:10:02:47 -0500] "GET /BLA/resoluciones/RESOLUCIONES%202009/1154.pdf HTTP/1.1" 200 533464
181.50.241.109 - - [04/Jan/2015:10:03:14 -0500] "POST /forms/lservlet;jsessionid=ac16012b30d52a185366133943c4afb3b3347df04e04.e3iSbxaKaheRe34Sa3yKbhiTahb0n6jAmljGr5XDqQLvpAe HTTP/1.1" 200 2
201.184.127.195 - - [04/Jan/2015:10:03:17 -0500] "GET /galeria/nivo-slider/demo/demo.html HTTP/1.1" 200 3150
201.184.127.195 - - [04/Jan/2015:10:03:18 -0500] "GET /galeria/nivo-slider/demo/images/bolsas-08.jpg HTTP/1.1" 304 -
201.184.127.195 - - [04/Jan/2015:10:03:18 -0500] "GET /galeria/nivo-slider/demo/images/Ruta-vertimientos-01.jpg HTTP/1.1" 304 -
201.184.127.195 - - [04/Jan/2015:10:03:18 -0500] "GET /galeria/nivo-slider/demo/images/bolsas-06.jpg HTTP/1.1" 304 -
201.184.127.195 - - [04/Jan/2015:10:03:18 -0500] "GET /galeria/nivo-slider/demo/images/ecolecta-Dic2014.png HTTP/1.1" 304 -
201.184.127.195 - - [04/Jan/2015:10:03:18 -0500] "GET /galeria/nivo-slider/demo/images/9Signos.jpg HTTP/1.1" 304 -
201.184.127.195 - - [04/Jan/2015:10:03:19 -0500] "GET /videos/Spot_CambioClimatico.flv HTTP/1.1" 304 -
186.29.197.182 - - [04/Jan/2015:10:03:52 -0500] "POST /forms/lservlet;jsessionid=ac16012b30d50b919cf61cd2475fb3a2ed2ee36e06cb.e3iSbxaKaheRe34Sa3yKbhiTahb0n6jAmljGr5XDqQLvpAe HTTP/1.1" 200 2
66.249.64.163 - - [04/Jan/2015:10:04:40 -0500] "GET /BLA/resoluciones/RESOLUCIONES%202011/1445.pdf HTTP/1.1" 200 62345
181.50.241.109 - - [04/Jan/2015:10:05:14 -0500] "POST /forms/lservlet;jsessionid=ac16012b30d52a185366133943c4afb3b3347df04e04.e3iSbxaKaheRe34Sa3yKbhiTahb0n6jAmljGr5XDqQLvpAe HTTP/1.1" 200 2
186.154.165.73 - - [04/Jan/2015:10:05:22 -0500] "GET /galeria/carrusel/Carrusel/jquery.thumbnailScroller.css HTTP/1.1" 200 2066
186.154.165.73 - - [04/Jan/2015:10:05:22 -0500] "GET /BLA/boletinlegal/js/jquery.js HTTP/1.1" 200 57254
186.154.165.73 - - [04/Jan/2015:10:05:22 -0500] "GET /BLA/boletinlegal/js/jquery.scrollTo-min.js HTTP/1.1" 200 1150
186.154.165.73 - - [04/Jan/2015:10:05:22 -0500] "GET /BLA/boletinlegal/js/jquery.scrollShow.js HTTP/1.1" 200 4586
186.154.165.73 - - [04/Jan/2015:10:05:22 -0500] "GET /galeria/carrusel/Carrusel/jquery-ui-1.8.13.custom.min.js HTTP/1.1" 200 10800
186.154.165.73 - - [04/Jan/2015:10:05:22 -0500] "GET /galeria/carrusel/Carrusel/jquery.thumbnailScroller.js HTTP/1.1" 200 8157
186.154.165.73 - - [04/Jan/2015:10:05:26 -0500] "GET /galeria/nivo-slider/demo/demo.html HTTP/1.1" 200 3150
186.154.165.73 - - [04/Jan/2015:10:05:26 -0500] "GET /galeria/nivo-slider/themes/default/default.css HTTP/1.1" 200 1569
186.154.165.73 - - [04/Jan/2015:10:05:26 -0500] "GET /galeria/nivo-slider/themes/pascal/pascal.css HTTP/1.1" 200 2258
186.154.165.73 - - [04/Jan/2015:10:05:26 -0500] "GET /galeria/nivo-slider/themes/orman/orman.css HTTP/1.1" 200 2152
186.154.165.73 - - [04/Jan/2015:10:05:26 -0500] "GET /galeria/nivo-slider/nivo-slider.css HTTP/1.1" 200 1507
186.154.165.73 - - [04/Jan/2015:10:05:26 -0500] "GET /galeria/nivo-slider/demo/style.css HTTP/1.1" 200 2222
186.154.165.73 - - [04/Jan/2015:10:05:26 -0500] "GET /galeria/nivo-slider/demo/scripts/jquery-1.7.1.min.js HTTP/1.1" 200 93868
186.154.165.73 - - [04/Jan/2015:10:05:26 -0500] "GET /galeria/nivo-slider/jquery.nivo.slider.pack.js HTTP/1.1" 200 11561
186.154.165.73 - - [04/Jan/2015:10:05:26 -0500] "GET /galeria/nivo-slider/demo/images/4Simple_Slider.png HTTP/1.1" 200 11722
186.154.165.73 - - [04/Jan/2015:10:05:26 -0500] "GET /galeria/nivo-slider/themes/default/loading.gif HTTP/1.1" 200 1737
186.154.165.73 - - [04/Jan/2015:10:05:27 -0500] "GET /galeria/nivo-slider/demo/images/bolsas-08.jpg HTTP/1.1" 200 85589
186.154.165.73 - - [04/Jan/2015:10:05:27 -0500] "GET /galeria/nivo-slider/demo/images/Ruta-vertimientos-01.jpg HTTP/1.1" 200 130151
186.154.165.73 - - [04/Jan/2015:10:05:28 -0500] "GET /galeria/nivo-slider/demo/images/bolsas-06.jpg HTTP/1.1" 200 90982
186.154.165.73 - - [04/Jan/2015:10:05:28 -0500] "GET /galeria/nivo-slider/demo/images/ecolecta-Dic2014.png HTTP/1.1" 200 288593
186.154.165.73 - - [04/Jan/2015:10:05:28 -0500] "GET /galeria/nivo-slider/demo/images/porloshumedales.jpg HTTP/1.1" 200 351238
186.154.165.73 - - [04/Jan/2015:10:05:29 -0500] "GET /galeria/nivo-slider/demo/images/Tingua-azul.jpg HTTP/1.1" 200 307638
186.154.165.73 - - [04/Jan/2015:10:05:33 -0500] "GET /galeria/nivo-slider/demo/images/Banner-Caracol-Africano.jpg HTTP/1.1" 200 331986
186.154.165.73 - - [04/Jan/2015:10:05:35 -0500] "GET /galeria/nivo-slider/demo/images/banner-redes.jpg HTTP/1.1" 200 62209
186.154.165.73 - - [04/Jan/2015:10:05:36 -0500] "GET /galeria/nivo-slider/demo/images/9Signos.jpg HTTP/1.1" 200 93040
186.154.165.73 - - [04/Jan/2015:10:05:36 -0500] "GET /galeria/nivo-slider/demo/images/banner-llantas2.jpg HTTP/1.1" 200 73153
186.154.165.73 - - [04/Jan/2015:10:05:37 -0500] "GET /galeria/nivo-slider/demo/images/banner-caballos.png HTTP/1.1" 200 389106
186.154.165.73 - - [04/Jan/2015:10:05:40 -0500] "GET /videos/Spot_CambioClimatico.flv HTTP/1.1" 200 4371917
186.154.165.73 - - [04/Jan/2015:10:05:42 -0500] "GET /galeria/nivo-slider/themes/default/arrows.png HTTP/1.1" 200 824
186.154.165.73 - - [04/Jan/2015:10:05:42 -0500] "GET /galeria/nivo-slider/themes/default/bullets.png HTTP/1.1" 200 1281
186.29.197.182 - - [04/Jan/2015:10:05:52 -0500] "POST /forms/lservlet;jsessionid=ac16012b30d50b919cf61cd2475fb3a2ed2ee36e06cb.e3iSbxaKaheRe34Sa3yKbhiTahb0n6jAmljGr5XDqQLvpAe HTTP/1.1" 200 2
66.249.64.163 - - [04/Jan/2015:10:05:57 -0500] "GET /BLA/resoluciones/RESOLUCIONES%202004/RES%202004%202351-2401/00002367.tif HTTP/1.1" 200 128820
66.249.64.167 - - [04/Jan/2015:10:06:33 -0500] "GET /BLA/resoluciones/RESOLUCIONES%202010/1586.pdf HTTP/1.1" 200 454991
74.86.158.107 - - [04/Jan/2015:10:06:43 -0500] "HEAD / HTTP/1.1" 302 -
181.50.241.109 - - [04/Jan/2015:10:07:16 -0500] "POST /forms/lservlet;jsessionid=ac16012b30d52a185366133943c4afb3b3347df04e04.e3iSbxaKaheRe34Sa3yKbhiTahb0n6jAmljGr5XDqQLvpAe HTTP/1.1" 200 2
186.29.197.182 - - [04/Jan/2015:10:07:52 -0500] "POST /forms/lservlet;jsessionid=ac16012b30d50b919cf61cd2475fb3a2ed2ee36e06cb.e3iSbxaKaheRe34Sa3yKbhiTahb0n6jAmljGr5XDqQLvpAe HTTP/1.1" 200 2
66.249.64.171 - - [04/Jan/2015:10:08:27 -0500] "GET /BLA/resoluciones/RESOLUCIONES%202011/3190.pdf HTTP/1.1" 200 855038
123.125.71.56 - - [04/Jan/2015:10:08:53 -0500] "GET / HTTP/1.1" 302 -
181.50.241.109 - - [04/Jan/2015:10:09:16 -0500] "POST /forms/lservlet;jsessionid=ac16012b30d52a185366133943c4afb3b3347df04e04.e3iSbxaKaheRe34Sa3yKbhiTahb0n6jAmljGr5XDqQLvpAe HTTP/1.1" 200 2
66.249.64.167 - - [04/Jan/2015:10:09:16 -0500] "GET /BLA/resoluciones/AUTOS%202006/AUTOS%202006%20301-400/00000331.tif HTTP/1.1" 200 54558
186.29.197.182 - - [04/Jan/2015:10:09:52 -0500] "POST /forms/lservlet;jsessionid=ac16012b30d50b919cf61cd2475fb3a2ed2ee36e06cb.e3iSbxaKaheRe34Sa3yKbhiTahb0n6jAmljGr5XDqQLvpAe HTTP/1.1" 200 2
66.249.64.167 - - [04/Jan/2015:10:10:20 -0500] "GET /BLA/resoluciones/RESOLUCIONES%202010/7851.pdf HTTP/1.1" 304 -
181.50.241.109 - - [04/Jan/2015:10:11:16 -0500] "POST /forms/lservlet;jsessionid=ac16012b30d52a185366133943c4afb3b3347df04e04.e3iSbxaKaheRe34Sa3yKbhiTahb0n6jAmljGr5XDqQLvpAe HTTP/1.1" 200 2
188.165.15.64 - - [04/Jan/2015:10:11:38 -0500] "GET /_private/ts47.htm HTTP/1.1" 404 1019
181.245.187.35 - - [04/Jan/2015:10:11:40 -0500] "GET /BLA/boletinlegal/js/jquery.js HTTP/1.1" 200 57254
181.245.187.35 - - [04/Jan/2015:10:11:40 -0500] "GET /BLA/boletinlegal/js/jquery.scrollTo-min.js HTTP/1.1" 200 1150
181.245.187.35 - - [04/Jan/2015:10:11:40 -0500] "GET /BLA/boletinlegal/js/jquery.scrollShow.js HTTP/1.1" 200 4586
74.86.158.107 - - [04/Jan/2015:10:11:43 -0500] "HEAD / HTTP/1.1" 302 -
123.125.71.34 - - [04/Jan/2015:10:11:49 -0500] "GET /Ifweb/Image30.gif HTTP/1.1" 404 1019
191.95.243.82 - - [04/Jan/2015:10:11:52 -0500] "GET /BLA/boletinlegal/js/jquery.js HTTP/1.1" 200 57254
191.95.243.82 - - [04/Jan/2015:10:11:52 -0500] "GET /BLA/boletinlegal/js/jquery.scrollTo-min.js HTTP/1.1" 200 1150
191.95.243.82 - - [04/Jan/2015:10:11:52 -0500] "GET /BLA/boletinlegal/js/jquery.scrollShow.js HTTP/1.1" 200 4586
186.29.197.182 - - [04/Jan/2015:10:11:53 -0500] "POST /forms/lservlet;jsessionid=ac16012b30d50b919cf61cd2475fb3a2ed2ee36e06cb.e3iSbxaKaheRe34Sa3yKbhiTahb0n6jAmljGr5XDqQLvpAe HTTP/1.1" 200 2
66.249.64.167 - - [04/Jan/2015:10:12:15 -0500] "GET /BLA/resoluciones/RESOLUCIONES%202009/7071.pdf HTTP/1.1" 200 437059
186.86.210.162 - - [04/Jan/2015:10:12:20 -0500] "GET / HTTP/1.1" 302 -
186.86.210.162 - - [04/Jan/2015:10:12:22 -0500] "GET /galeria/carrusel/Carrusel/jquery.thumbnailScroller.css HTTP/1.1" 200 2066
186.86.210.162 - - [04/Jan/2015:10:12:22 -0500] "GET /BLA/boletinlegal/js/jquery.js HTTP/1.1" 200 57254
186.86.210.162 - - [04/Jan/2015:10:12:22 -0500] "GET /BLA/boletinlegal/js/jquery.scrollShow.js HTTP/1.1" 200 4586
186.86.210.162 - - [04/Jan/2015:10:12:22 -0500] "GET /galeria/carrusel/Carrusel/jquery-ui-1.8.13.custom.min.js HTTP/1.1" 200 10800
186.86.210.162 - - [04/Jan/2015:10:12:22 -0500] "GET /BLA/boletinlegal/js/jquery.scrollTo-min.js HTTP/1.1" 200 1150
186.86.210.162 - - [04/Jan/2015:10:12:22 -0500] "GET /galeria/carrusel/Carrusel/jquery.thumbnailScroller.js HTTP/1.1" 200 8157
186.86.210.162 - - [04/Jan/2015:10:12:27 -0500] "GET /galeria/nivo-slider/demo/demo.html HTTP/1.1" 200 3150
186.86.210.162 - - [04/Jan/2015:10:12:33 -0500] "GET /galeria/nivo-slider/themes/default/default.css HTTP/1.1" 200 1569
186.86.210.162 - - [04/Jan/2015:10:12:33 -0500] "GET /galeria/nivo-slider/themes/pascal/pascal.css HTTP/1.1" 200 2258
186.86.210.162 - - [04/Jan/2015:10:12:33 -0500] "GET /galeria/nivo-slider/themes/orman/orman.css HTTP/1.1" 200 2152
186.86.210.162 - - [04/Jan/2015:10:12:33 -0500] "GET /galeria/nivo-slider/nivo-slider.css HTTP/1.1" 200 1507
186.86.210.162 - - [04/Jan/2015:10:12:33 -0500] "GET /galeria/nivo-slider/demo/style.css HTTP/1.1" 200 2222
186.86.210.162 - - [04/Jan/2015:10:12:33 -0500] "GET /galeria/nivo-slider/demo/scripts/jquery-1.7.1.min.js HTTP/1.1" 200 93868
186.86.210.162 - - [04/Jan/2015:10:12:33 -0500] "GET /galeria/nivo-slider/jquery.nivo.slider.pack.js HTTP/1.1" 200 11561
186.86.210.162 - - [04/Jan/2015:10:12:34 -0500] "GET /galeria/nivo-slider/demo/images/bolsas-08.jpg HTTP/1.1" 200 85589
186.86.210.162 - - [04/Jan/2015:10:12:34 -0500] "GET /galeria/nivo-slider/demo/images/bolsas-06.jpg HTTP/1.1" 200 90982
186.86.210.162 - - [04/Jan/2015:10:12:34 -0500] "GET /galeria/nivo-slider/demo/images/ecolecta-Dic2014.png HTTP/1.1" 200 288593
186.86.210.162 - - [04/Jan/2015:10:12:34 -0500] "GET /galeria/nivo-slider/demo/images/Ruta-vertimientos-01.jpg HTTP/1.1" 200 130151
186.86.210.162 - - [04/Jan/2015:10:12:34 -0500] "GET /galeria/nivo-slider/demo/images/porloshumedales.jpg HTTP/1.1" 200 351238
186.86.210.162 - - [04/Jan/2015:10:12:34 -0500] "GET /galeria/nivo-slider/demo/images/Tingua-azul.jpg HTTP/1.1" 200 307638
186.86.210.162 - - [04/Jan/2015:10:12:34 -0500] "GET /galeria/nivo-slider/themes/default/loading.gif HTTP/1.1" 200 1737
186.86.210.162 - - [04/Jan/2015:10:12:34 -0500] "GET /galeria/nivo-slider/demo/images/4Simple_Slider.png HTTP/1.1" 200 11722
186.86.210.162 - - [04/Jan/2015:10:12:34 -0500] "GET /galeria/nivo-slider/demo/images/Banner-Caracol-Africano.jpg HTTP/1.1" 200 331986
186.86.210.162 - - [04/Jan/2015:10:12:34 -0500] "GET /galeria/nivo-slider/demo/images/banner-redes.jpg HTTP/1.1" 200 62209
186.86.210.162 - - [04/Jan/2015:10:12:34 -0500] "GET /galeria/nivo-slider/demo/images/9Signos.jpg HTTP/1.1" 200 93040
186.86.210.162 - - [04/Jan/2015:10:12:35 -0500] "GET /galeria/nivo-slider/demo/images/banner-llantas2.jpg HTTP/1.1" 200 73153
186.86.210.162 - - [04/Jan/2015:10:12:35 -0500] "GET /galeria/nivo-slider/demo/images/banner-caballos.png HTTP/1.1" 200 389106
186.86.210.162 - - [04/Jan/2015:10:12:36 -0500] "GET /videos/Spot_CambioClimatico.flv HTTP/1.1" 200 4371917
186.86.210.162 - - [04/Jan/2015:10:12:36 -0500] "GET /galeria/nivo-slider/themes/default/arrows.png HTTP/1.1" 200 824
186.86.210.162 - - [04/Jan/2015:10:12:36 -0500] "GET /galeria/nivo-slider/themes/default/bullets.png HTTP/1.1" 200 1281
66.249.64.167 - - [04/Jan/2015:10:13:15 -0500] "GET /reports/images/blaf-en.css HTTP/1.1" 200 16003
181.50.241.109 - - [04/Jan/2015:10:13:16 -0500] "POST /forms/lservlet;jsessionid=ac16012b30d52a185366133943c4afb3b3347df04e04.e3iSbxaKaheRe34Sa3yKbhiTahb0n6jAmljGr5XDqQLvpAe HTTP/1.1" 200 2
186.29.197.182 - - [04/Jan/2015:10:13:53 -0500] "POST /forms/lservlet;jsessionid=ac16012b30d50b919cf61cd2475fb3a2ed2ee36e06cb.e3iSbxaKaheRe34Sa3yKbhiTahb0n6jAmljGr5XDqQLvpAe HTTP/1.1" 200 2
66.249.64.171 - - [04/Jan/2015:10:14:09 -0500] "GET /BLA/resoluciones/RESOLUCIONES%202011/4947.pdf HTTP/1.1" 200 358349
66.249.64.163 - - [04/Jan/2015:10:15:00 -0500] "GET /galeria/nivo-slider/themes/default/default.css HTTP/1.1" 200 1569
66.249.64.167 - - [04/Jan/2015:10:15:00 -0500] "GET /galeria/nivo-slider/jquery.nivo.slider.pack.js HTTP/1.1" 200 11561
66.249.64.163 - - [04/Jan/2015:10:15:00 -0500] "GET /galeria/nivo-slider/nivo-slider.css HTTP/1.1" 200 1507
66.249.64.163 - - [04/Jan/2015:10:15:01 -0500] "GET /galeria/nivo-slider/demo/scripts/jquery-1.7.1.min.js HTTP/1.1" 304 -
66.249.64.171 - - [04/Jan/2015:10:15:01 -0500] "GET /galeria/nivo-slider/themes/orman/orman.css HTTP/1.1" 200 2152
66.249.64.171 - - [04/Jan/2015:10:15:02 -0500] "GET /galeria/nivo-slider/demo/style.css HTTP/1.1" 200 2222
66.249.64.167 - - [04/Jan/2015:10:15:02 -0500] "GET /galeria/nivo-slider/themes/pascal/pascal.css HTTP/1.1" 200 2258
181.50.241.109 - - [04/Jan/2015:10:15:16 -0500] "POST /forms/lservlet;jsessionid=ac16012b30d52a185366133943c4afb3b3347df04e04.e3iSbxaKaheRe34Sa3yKbhiTahb0n6jAmljGr5XDqQLvpAe HTTP/1.1" 200 2
186.29.197.182 - - [04/Jan/2015:10:15:53 -0500] "POST /forms/lservlet;jsessionid=ac16012b30d50b919cf61cd2475fb3a2ed2ee36e06cb.e3iSbxaKaheRe34Sa3yKbhiTahb0n6jAmljGr5XDqQLvpAe HTTP/1.1" 200 2
66.249.64.163 - - [04/Jan/2015:10:16:03 -0500] "GET /BLA/resoluciones/RESOLUCIONES%202011/0232.pdf HTTP/1.1" 304 -
66.249.64.39 - - [04/Jan/2015:10:16:36 -0500] "GET /POT-2013/memoria%20justificativa/ANEXOS_2,3,4.pdf HTTP/1.1" 200 617731
74.86.158.107 - - [04/Jan/2015:10:16:43 -0500] "HEAD / HTTP/1.1" 302 -
181.50.241.109 - - [04/Jan/2015:10:17:16 -0500] "POST /forms/lservlet;jsessionid=ac16012b30d52a185366133943c4afb3b3347df04e04.e3iSbxaKaheRe34Sa3yKbhiTahb0n6jAmljGr5XDqQLvpAe HTTP/1.1" 200 2
190.0.28.210 - - [04/Jan/2015:10:17:32 -0500] "GET /BLA/boletinlegal/js/jquery.js HTTP/1.1" 200 57254
190.0.28.210 - - [04/Jan/2015:10:17:32 -0500] "GET /BLA/boletinlegal/js/jquery.scrollTo-min.js HTTP/1.1" 200 1150
190.0.28.210 - - [04/Jan/2015:10:17:33 -0500] "GET /galeria/carrusel/Carrusel/jquery.thumbnailScroller.css HTTP/1.1" 200 2066
190.0.28.210 - - [04/Jan/2015:10:17:33 -0500] "GET /BLA/boletinlegal/js/jquery.scrollShow.js HTTP/1.1" 200 4586
190.0.28.210 - - [04/Jan/2015:10:17:33 -0500] "GET /galeria/carrusel/Carrusel/jquery.thumbnailScroller.js HTTP/1.1" 200 8157
190.0.28.210 - - [04/Jan/2015:10:17:34 -0500] "GET /galeria/carrusel/Carrusel/jquery-ui-1.8.13.custom.min.js HTTP/1.1" 200 10800
186.29.197.182 - - [04/Jan/2015:10:17:53 -0500] "POST /forms/lservlet;jsessionid=ac16012b30d50b919cf61cd2475fb3a2ed2ee36e06cb.e3iSbxaKaheRe34Sa3yKbhiTahb0n6jAmljGr5XDqQLvpAe HTTP/1.1" 200 2
66.249.64.167 - - [04/Jan/2015:10:17:56 -0500] "GET /BLA/resoluciones/RESOLUCIONES%202009/0083.pdf HTTP/1.1" 200 163984
190.0.28.210 - - [04/Jan/2015:10:18:00 -0500] "GET /galeria/nivo-slider/demo/demo.html HTTP/1.1" 200 3150
190.0.28.210 - - [04/Jan/2015:10:18:01 -0500] "GET /galeria/nivo-slider/themes/default/default.css HTTP/1.1" 200 1569
190.0.28.210 - - [04/Jan/2015:10:18:01 -0500] "GET /galeria/nivo-slider/nivo-slider.css HTTP/1.1" 200 1507
190.0.28.210 - - [04/Jan/2015:10:18:01 -0500] "GET /galeria/nivo-slider/demo/style.css HTTP/1.1" 200 2222
190.0.28.210 - - [04/Jan/2015:10:18:02 -0500] "GET /galeria/nivo-slider/themes/orman/orman.css HTTP/1.1" 200 2152
190.0.28.210 - - [04/Jan/2015:10:18:03 -0500] "GET /galeria/nivo-slider/themes/pascal/pascal.css HTTP/1.1" 200 2258
190.0.28.210 - - [04/Jan/2015:10:18:03 -0500] "GET /galeria/nivo-slider/demo/scripts/jquery-1.7.1.min.js HTTP/1.1" 200 93868
190.0.28.210 - - [04/Jan/2015:10:18:03 -0500] "GET /galeria/nivo-slider/jquery.nivo.slider.pack.js HTTP/1.1" 200 11561
190.0.28.210 - - [04/Jan/2015:10:18:03 -0500] "GET /galeria/nivo-slider/demo/images/bolsas-08.jpg HTTP/1.1" 200 85589
190.0.28.210 - - [04/Jan/2015:10:18:03 -0500] "GET /galeria/nivo-slider/demo/images/Ruta-vertimientos-01.jpg HTTP/1.1" 200 130151
190.0.28.210 - - [04/Jan/2015:10:18:03 -0500] "GET /galeria/nivo-slider/demo/images/ecolecta-Dic2014.png HTTP/1.1" 200 288593
190.0.28.210 - - [04/Jan/2015:10:18:03 -0500] "GET /galeria/nivo-slider/demo/images/bolsas-06.jpg HTTP/1.1" 200 90982
190.0.28.210 - - [04/Jan/2015:10:18:03 -0500] "GET /galeria/nivo-slider/demo/images/Tingua-azul.jpg HTTP/1.1" 200 307638
190.0.28.210 - - [04/Jan/2015:10:18:03 -0500] "GET /galeria/nivo-slider/demo/images/porloshumedales.jpg HTTP/1.1" 200 351238
190.0.28.210 - - [04/Jan/2015:10:18:03 -0500] "GET /galeria/nivo-slider/demo/images/banner-caballos.png HTTP/1.1" 200 389106
190.0.28.210 - - [04/Jan/2015:10:18:03 -0500] "GET /galeria/nivo-slider/demo/images/banner-llantas2.jpg HTTP/1.1" 200 73153
190.0.28.210 - - [04/Jan/2015:10:18:05 -0500] "GET /galeria/nivo-slider/demo/images/banner-redes.jpg HTTP/1.1" 200 62209
190.0.28.210 - - [04/Jan/2015:10:18:06 -0500] "GET /galeria/nivo-slider/themes/default/loading.gif HTTP/1.1" 200 1737
190.0.28.210 - - [04/Jan/2015:10:18:06 -0500] "GET /galeria/nivo-slider/demo/images/Banner-Caracol-Africano.jpg HTTP/1.1" 200 331986
190.0.28.210 - - [04/Jan/2015:10:18:06 -0500] "GET /galeria/nivo-slider/demo/images/9Signos.jpg HTTP/1.1" 200 93040
190.0.28.210 - - [04/Jan/2015:10:18:07 -0500] "GET /galeria/nivo-slider/demo/images/4Simple_Slider.png HTTP/1.1" 200 11722
190.0.28.210 - - [04/Jan/2015:10:18:08 -0500] "GET /galeria/nivo-slider/themes/default/bullets.png HTTP/1.1" 200 1281
190.0.28.210 - - [04/Jan/2015:10:18:08 -0500] "GET /galeria/nivo-slider/themes/default/arrows.png HTTP/1.1" 200 824
181.48.162.220 - - [04/Jan/2015:10:18:29 -0500] "GET /galeria/carrusel/Carrusel/jquery.thumbnailScroller.css HTTP/1.1" 200 2066
181.48.162.220 - - [04/Jan/2015:10:18:29 -0500] "GET /BLA/boletinlegal/js/jquery.js HTTP/1.1" 200 57254
181.48.162.220 - - [04/Jan/2015:10:18:29 -0500] "GET /BLA/boletinlegal/js/jquery.scrollTo-min.js HTTP/1.1" 200 1150
181.48.162.220 - - [04/Jan/2015:10:18:29 -0500] "GET /BLA/boletinlegal/js/jquery.scrollShow.js HTTP/1.1" 200 4586
181.48.162.220 - - [04/Jan/2015:10:18:35 -0500] "GET /galeria/carrusel/Carrusel/jquery.thumbnailScroller.js HTTP/1.1" 200 8157
181.48.162.220 - - [04/Jan/2015:10:18:35 -0500] "GET /galeria/carrusel/Carrusel/jquery-ui-1.8.13.custom.min.js HTTP/1.1" 200 10800
181.48.162.220 - - [04/Jan/2015:10:18:50 -0500] "GET /galeria/nivo-slider/demo/demo.html HTTP/1.1" 200 3150
181.48.162.220 - - [04/Jan/2015:10:18:50 -0500] "GET /galeria/nivo-slider/themes/pascal/pascal.css HTTP/1.1" 200 2258
181.48.162.220 - - [04/Jan/2015:10:18:50 -0500] "GET /galeria/nivo-slider/themes/default/default.css HTTP/1.1" 200 1569
181.48.162.220 - - [04/Jan/2015:10:18:50 -0500] "GET /galeria/nivo-slider/nivo-slider.css HTTP/1.1" 200 1507
181.48.162.220 - - [04/Jan/2015:10:18:50 -0500] "GET /galeria/nivo-slider/themes/orman/orman.css HTTP/1.1" 200 2152
181.48.162.220 - - [04/Jan/2015:10:18:50 -0500] "GET /galeria/nivo-slider/demo/style.css HTTP/1.1" 200 2222
181.48.162.220 - - [04/Jan/2015:10:18:53 -0500] "GET /galeria/nivo-slider/demo/scripts/jquery-1.7.1.min.js HTTP/1.1" 200 93868
181.48.162.220 - - [04/Jan/2015:10:18:53 -0500] "GET /galeria/nivo-slider/jquery.nivo.slider.pack.js HTTP/1.1" 200 11561
181.48.162.220 - - [04/Jan/2015:10:18:54 -0500] "GET /galeria/nivo-slider/demo/images/bolsas-06.jpg HTTP/1.1" 200 90982
181.48.162.220 - - [04/Jan/2015:10:18:54 -0500] "GET /galeria/nivo-slider/demo/images/ecolecta-Dic2014.png HTTP/1.1" 200 288593
181.48.162.220 - - [04/Jan/2015:10:18:54 -0500] "GET /galeria/nivo-slider/demo/images/bolsas-08.jpg HTTP/1.1" 200 85589
181.48.162.220 - - [04/Jan/2015:10:18:56 -0500] "GET /galeria/nivo-slider/demo/images/Ruta-vertimientos-01.jpg HTTP/1.1" 200 130151
181.48.162.220 - - [04/Jan/2015:10:18:56 -0500] "GET /galeria/nivo-slider/demo/images/porloshumedales.jpg HTTP/1.1" 200 351238
181.48.162.220 - - [04/Jan/2015:10:18:56 -0500] "GET /galeria/nivo-slider/demo/images/Tingua-azul.jpg HTTP/1.1" 200 307638
181.48.162.220 - - [04/Jan/2015:10:18:56 -0500] "GET /galeria/nivo-slider/demo/images/Banner-Caracol-Africano.jpg HTTP/1.1" 200 331986
181.48.162.220 - - [04/Jan/2015:10:19:02 -0500] "GET /galeria/nivo-slider/demo/images/banner-redes.jpg HTTP/1.1" 200 62209
181.48.162.220 - - [04/Jan/2015:10:19:14 -0500] "GET /galeria/nivo-slider/demo/images/banner-llantas2.jpg HTTP/1.1" 200 73153
181.50.241.109 - - [04/Jan/2015:10:19:16 -0500] "POST /forms/lservlet;jsessionid=ac16012b30d52a185366133943c4afb3b3347df04e04.e3iSbxaKaheRe34Sa3yKbhiTahb0n6jAmljGr5XDqQLvpAe HTTP/1.1" 200 2
181.48.162.220 - - [04/Jan/2015:10:19:17 -0500] "GET /galeria/nivo-slider/demo/images/banner-caballos.png HTTP/1.1" 200 389106
181.48.162.220 - - [04/Jan/2015:10:19:21 -0500] "GET /galeria/nivo-slider/demo/images/4Simple_Slider.png HTTP/1.1" 200 11722
181.48.162.220 - - [04/Jan/2015:10:19:22 -0500] "GET /galeria/nivo-slider/themes/default/loading.gif HTTP/1.1" 200 1737
181.48.162.220 - - [04/Jan/2015:10:19:22 -0500] "GET /galeria/nivo-slider/demo/images/9Signos.jpg HTTP/1.1" 200 93040
