186.29.197.182 - - [04/Jan/2015:16:52:44 -0500] "POST /forms/lservlet;jsessionid=ac16012b30d5cf36b19de3354db794b8b4f4c9bb63e2.e3iSbxaKaheRe34Sa3yKbhiTahb0n6jAmljGr5XDqQLvpAe HTTP/1.1" 200 2
66.249.64.163 - - [04/Jan/2015:16:53:12 -0500] "GET /BLA/resoluciones/RESOLUCIONES%202008/0891.pdf HTTP/1.1" 200 188990
180.76.6.150 - - [04/Jan/2015:16:53:13 -0500] "GET /BLA/resoluciones/AUTOS%202013/0434.pdf HTTP/1.1" 200 1522788
66.249.64.163 - - [04/Jan/2015:16:53:27 -0500] "GET /BLA/resoluciones/RESOLUCIONES%202009/4077.pdf HTTP/1.1" 200 777812
181.50.241.109 - - [04/Jan/2015:16:53:46 -0500] "POST /forms/lservlet;jsessionid=ac16012b30d52a185366133943c4afb3b3347df04e04.e3iSbxaKaheRe34Sa3yKbhiTahb0n6jAmljGr5XDqQLvpAe HTTP/1.1" 200 2
66.249.64.163 - - [04/Jan/2015:16:53:50 -0500] "GET /BLA/resoluciones/RESOLUCIONES%202010/2171.pdf HTTP/1.1" 200 489445
200.118.22.115 - - [04/Jan/2015:16:54:18 -0500] "GET /BLA/boletinlegal/js/jquery.js HTTP/1.1" 200 57254
200.118.22.115 - - [04/Jan/2015:16:54:18 -0500] "GET /BLA/boletinlegal/js/jquery.scrollShow.js HTTP/1.1" 200 4586
200.118.22.115 - - [04/Jan/2015:16:54:18 -0500] "GET /BLA/boletinlegal/js/jquery.scrollTo-min.js HTTP/1.1" 200 1150
200.118.22.115 - - [04/Jan/2015:16:54:18 -0500] "GET /galeria/carrusel/Carrusel/jquery.thumbnailScroller.css HTTP/1.1" 200 2066
200.118.22.115 - - [04/Jan/2015:16:54:18 -0500] "GET /galeria/carrusel/Carrusel/jquery-ui-1.8.13.custom.min.js HTTP/1.1" 200 10800
200.118.22.115 - - [04/Jan/2015:16:54:18 -0500] "GET /galeria/carrusel/Carrusel/jquery.thumbnailScroller.js HTTP/1.1" 200 8157
200.118.22.115 - - [04/Jan/2015:16:54:23 -0500] "GET /galeria/nivo-slider/demo/demo.html HTTP/1.1" 200 3150
200.118.22.115 - - [04/Jan/2015:16:54:23 -0500] "GET /galeria/nivo-slider/themes/default/default.css HTTP/1.1" 200 1569
200.118.22.115 - - [04/Jan/2015:16:54:23 -0500] "GET /galeria/nivo-slider/themes/pascal/pascal.css HTTP/1.1" 200 2258
200.118.22.115 - - [04/Jan/2015:16:54:23 -0500] "GET /galeria/nivo-slider/nivo-slider.css HTTP/1.1" 200 1507
200.118.22.115 - - [04/Jan/2015:16:54:23 -0500] "GET /galeria/nivo-slider/demo/style.css HTTP/1.1" 200 2222
200.118.22.115 - - [04/Jan/2015:16:54:23 -0500] "GET /galeria/nivo-slider/themes/orman/orman.css HTTP/1.1" 200 2152
200.118.22.115 - - [04/Jan/2015:16:54:23 -0500] "GET /galeria/nivo-slider/demo/scripts/jquery-1.7.1.min.js HTTP/1.1" 200 93868
200.118.22.115 - - [04/Jan/2015:16:54:23 -0500] "GET /galeria/nivo-slider/jquery.nivo.slider.pack.js HTTP/1.1" 200 11561
200.118.22.115 - - [04/Jan/2015:16:54:23 -0500] "GET /galeria/nivo-slider/demo/images/bolsas-08.jpg HTTP/1.1" 200 85589
200.118.22.115 - - [04/Jan/2015:16:54:23 -0500] "GET /galeria/nivo-slider/demo/images/ecolecta-Dic2014.png HTTP/1.1" 200 288593
200.118.22.115 - - [04/Jan/2015:16:54:23 -0500] "GET /galeria/nivo-slider/demo/images/Ruta-vertimientos-01.jpg HTTP/1.1" 200 130151
200.118.22.115 - - [04/Jan/2015:16:54:23 -0500] "GET /galeria/nivo-slider/demo/images/bolsas-06.jpg HTTP/1.1" 200 90982
200.118.22.115 - - [04/Jan/2015:16:54:23 -0500] "GET /galeria/nivo-slider/demo/images/porloshumedales.jpg HTTP/1.1" 200 351238
200.118.22.115 - - [04/Jan/2015:16:54:23 -0500] "GET /galeria/nivo-slider/demo/images/Tingua-azul.jpg HTTP/1.1" 200 307638
200.118.22.115 - - [04/Jan/2015:16:54:24 -0500] "GET /galeria/nivo-slider/demo/images/Banner-Caracol-Africano.jpg HTTP/1.1" 200 331986
200.118.22.115 - - [04/Jan/2015:16:54:24 -0500] "GET /galeria/nivo-slider/demo/images/4Simple_Slider.png HTTP/1.1" 200 11722
200.118.22.115 - - [04/Jan/2015:16:54:24 -0500] "GET /galeria/nivo-slider/themes/default/loading.gif HTTP/1.1" 200 1737
200.118.22.115 - - [04/Jan/2015:16:54:24 -0500] "GET /galeria/nivo-slider/demo/images/banner-redes.jpg HTTP/1.1" 200 62209
200.118.22.115 - - [04/Jan/2015:16:54:24 -0500] "GET /galeria/nivo-slider/demo/images/9Signos.jpg HTTP/1.1" 200 93040
200.118.22.115 - - [04/Jan/2015:16:54:25 -0500] "GET /galeria/nivo-slider/demo/images/banner-caballos.png HTTP/1.1" 200 389106
200.118.22.115 - - [04/Jan/2015:16:54:25 -0500] "GET /galeria/nivo-slider/demo/images/banner-llantas2.jpg HTTP/1.1" 200 73153
200.118.22.115 - - [04/Jan/2015:16:54:26 -0500] "GET /galeria/nivo-slider/themes/default/arrows.png HTTP/1.1" 200 824
200.118.22.115 - - [04/Jan/2015:16:54:26 -0500] "GET /galeria/nivo-slider/themes/default/bullets.png HTTP/1.1" 200 1281
200.118.22.115 - - [04/Jan/2015:16:54:27 -0500] "GET /videos/Spot_CambioClimatico.flv HTTP/1.1" 200 4371917
66.249.64.163 - - [04/Jan/2015:16:54:27 -0500] "GET /BLA/resoluciones/RESOLUCIONES%202010/0105.pdf HTTP/1.1" 200 500485
186.29.197.182 - - [04/Jan/2015:16:54:45 -0500] "POST /forms/lservlet;jsessionid=ac16012b30d5cf36b19de3354db794b8b4f4c9bb63e2.e3iSbxaKaheRe34Sa3yKbhiTahb0n6jAmljGr5XDqQLvpAe HTTP/1.1" 200 2
66.249.64.171 - - [04/Jan/2015:16:55:05 -0500] "GET /BLA/resoluciones/AUTOS%202010/0702.pdf HTTP/1.1" 200 179547
66.249.64.167 - - [04/Jan/2015:16:55:43 -0500] "GET /BLA/resoluciones/RESOLUCIONES%202007/RES%202007%202201%20AL%202300/RESOLUCION%202290%20DE%202007.pdf HTTP/1.1" 200 1053960
181.50.241.109 - - [04/Jan/2015:16:55:46 -0500] "POST /forms/lservlet;jsessionid=ac16012b30d52a185366133943c4afb3b3347df04e04.e3iSbxaKaheRe34Sa3yKbhiTahb0n6jAmljGr5XDqQLvpAe HTTP/1.1" 200 2
66.249.64.171 - - [04/Jan/2015:16:56:17 -0500] "GET /BLA/resoluciones/RESOLUCIONES%202008/3349.pdf HTTP/1.1" 200 215674
66.249.64.171 - - [04/Jan/2015:16:56:20 -0500] "GET /BLA/resoluciones/AUTOS%202011/5214.pdf HTTP/1.1" 304 -
74.86.158.107 - - [04/Jan/2015:16:56:42 -0500] "HEAD / HTTP/1.1" 302 -
186.29.197.182 - - [04/Jan/2015:16:56:45 -0500] "POST /forms/lservlet;jsessionid=ac16012b30d5cf36b19de3354db794b8b4f4c9bb63e2.e3iSbxaKaheRe34Sa3yKbhiTahb0n6jAmljGr5XDqQLvpAe HTTP/1.1" 200 2
66.249.64.163 - - [04/Jan/2015:16:56:58 -0500] "GET /BLA/resoluciones/AUTOS%202008/3257.pdf HTTP/1.1" 200 87318
186.85.79.140 - - [04/Jan/2015:16:57:03 -0500] "GET /BLA/boletinlegal/js/jquery.js HTTP/1.1" 200 57254
186.85.79.140 - - [04/Jan/2015:16:57:03 -0500] "GET /BLA/boletinlegal/js/jquery.scrollShow.js HTTP/1.1" 200 4586
186.85.79.140 - - [04/Jan/2015:16:57:03 -0500] "GET /BLA/boletinlegal/js/jquery.scrollTo-min.js HTTP/1.1" 200 1150
186.85.79.140 - - [04/Jan/2015:16:57:03 -0500] "GET /galeria/carrusel/Carrusel/jquery.thumbnailScroller.css HTTP/1.1" 200 2066
186.85.79.140 - - [04/Jan/2015:16:57:03 -0500] "GET /galeria/carrusel/Carrusel/jquery-ui-1.8.13.custom.min.js HTTP/1.1" 200 10800
186.85.79.140 - - [04/Jan/2015:16:57:03 -0500] "GET /galeria/carrusel/Carrusel/jquery.thumbnailScroller.js HTTP/1.1" 200 8157
186.85.79.140 - - [04/Jan/2015:16:57:16 -0500] "GET /galeria/nivo-slider/demo/demo.html HTTP/1.1" 200 3150
186.85.79.140 - - [04/Jan/2015:16:57:17 -0500] "GET /galeria/nivo-slider/themes/default/default.css HTTP/1.1" 200 1569
186.85.79.140 - - [04/Jan/2015:16:57:17 -0500] "GET /galeria/nivo-slider/nivo-slider.css HTTP/1.1" 200 1507
186.85.79.140 - - [04/Jan/2015:16:57:17 -0500] "GET /galeria/nivo-slider/themes/pascal/pascal.css HTTP/1.1" 200 2258
186.85.79.140 - - [04/Jan/2015:16:57:17 -0500] "GET /galeria/nivo-slider/themes/orman/orman.css HTTP/1.1" 200 2152
186.85.79.140 - - [04/Jan/2015:16:57:17 -0500] "GET /galeria/nivo-slider/demo/style.css HTTP/1.1" 200 2222
186.85.79.140 - - [04/Jan/2015:16:57:17 -0500] "GET /galeria/nivo-slider/demo/scripts/jquery-1.7.1.min.js HTTP/1.1" 200 93868
186.85.79.140 - - [04/Jan/2015:16:57:17 -0500] "GET /galeria/nivo-slider/jquery.nivo.slider.pack.js HTTP/1.1" 200 11561
186.85.79.140 - - [04/Jan/2015:16:57:17 -0500] "GET /galeria/nivo-slider/demo/images/bolsas-08.jpg HTTP/1.1" 200 85589
186.85.79.140 - - [04/Jan/2015:16:57:17 -0500] "GET /galeria/nivo-slider/demo/images/Ruta-vertimientos-01.jpg HTTP/1.1" 200 130151
186.85.79.140 - - [04/Jan/2015:16:57:17 -0500] "GET /galeria/nivo-slider/demo/images/bolsas-06.jpg HTTP/1.1" 200 90982
186.85.79.140 - - [04/Jan/2015:16:57:18 -0500] "GET /galeria/nivo-slider/demo/images/ecolecta-Dic2014.png HTTP/1.1" 200 288593
186.85.79.140 - - [04/Jan/2015:16:57:18 -0500] "GET /galeria/nivo-slider/demo/images/porloshumedales.jpg HTTP/1.1" 200 351238
186.85.79.140 - - [04/Jan/2015:16:57:18 -0500] "GET /galeria/nivo-slider/demo/images/Tingua-azul.jpg HTTP/1.1" 200 307638
186.85.79.140 - - [04/Jan/2015:16:57:19 -0500] "GET /galeria/nivo-slider/demo/images/Banner-Caracol-Africano.jpg HTTP/1.1" 200 331986
181.204.191.85 - - [04/Jan/2015:16:57:26 -0500] "GET /BLA/boletinlegal/js/jquery.js HTTP/1.1" 200 57254
181.204.191.85 - - [04/Jan/2015:16:57:26 -0500] "GET /BLA/boletinlegal/js/jquery.scrollTo-min.js HTTP/1.1" 200 1150
181.204.191.85 - - [04/Jan/2015:16:57:26 -0500] "GET /BLA/boletinlegal/js/jquery.scrollShow.js HTTP/1.1" 200 4586
181.204.191.85 - - [04/Jan/2015:16:57:26 -0500] "GET /galeria/carrusel/Carrusel/jquery.thumbnailScroller.css HTTP/1.1" 200 2066
186.85.79.140 - - [04/Jan/2015:16:57:28 -0500] "GET /galeria/nivo-slider/demo/images/banner-llantas2.jpg HTTP/1.1" 200 73153
186.85.79.140 - - [04/Jan/2015:16:57:28 -0500] "GET /galeria/nivo-slider/demo/images/banner-caballos.png HTTP/1.1" 200 389106
181.204.191.85 - - [04/Jan/2015:16:57:29 -0500] "GET /galeria/carrusel/Carrusel/jquery-ui-1.8.13.custom.min.js HTTP/1.1" 200 10800
181.204.191.85 - - [04/Jan/2015:16:57:29 -0500] "GET /galeria/carrusel/Carrusel/jquery.thumbnailScroller.js HTTP/1.1" 200 8157
181.204.191.85 - - [04/Jan/2015:16:57:30 -0500] "GET /galeria/nivo-slider/demo/demo.html HTTP/1.1" 200 3150
181.204.191.85 - - [04/Jan/2015:16:57:31 -0500] "GET /galeria/nivo-slider/themes/default/default.css HTTP/1.1" 200 1569
181.204.191.85 - - [04/Jan/2015:16:57:31 -0500] "GET /galeria/nivo-slider/themes/pascal/pascal.css HTTP/1.1" 200 2258
181.204.191.85 - - [04/Jan/2015:16:57:31 -0500] "GET /galeria/nivo-slider/nivo-slider.css HTTP/1.1" 200 1507
181.204.191.85 - - [04/Jan/2015:16:57:31 -0500] "GET /galeria/nivo-slider/themes/orman/orman.css HTTP/1.1" 200 2152
181.204.191.85 - - [04/Jan/2015:16:57:31 -0500] "GET /galeria/nivo-slider/demo/style.css HTTP/1.1" 200 2222
181.204.191.85 - - [04/Jan/2015:16:57:31 -0500] "GET /galeria/nivo-slider/demo/scripts/jquery-1.7.1.min.js HTTP/1.1" 200 93868
181.204.191.85 - - [04/Jan/2015:16:57:31 -0500] "GET /galeria/nivo-slider/jquery.nivo.slider.pack.js HTTP/1.1" 200 11561
181.204.191.85 - - [04/Jan/2015:16:57:33 -0500] "GET /galeria/nivo-slider/demo/images/bolsas-08.jpg HTTP/1.1" 200 85589
181.204.191.85 - - [04/Jan/2015:16:57:33 -0500] "GET /galeria/nivo-slider/demo/images/Ruta-vertimientos-01.jpg HTTP/1.1" 200 130151
181.204.191.85 - - [04/Jan/2015:16:57:33 -0500] "GET /galeria/nivo-slider/demo/images/bolsas-06.jpg HTTP/1.1" 200 90982
181.204.191.85 - - [04/Jan/2015:16:57:33 -0500] "GET /galeria/nivo-slider/demo/images/ecolecta-Dic2014.png HTTP/1.1" 200 288593
181.204.191.85 - - [04/Jan/2015:16:57:33 -0500] "GET /galeria/nivo-slider/demo/images/porloshumedales.jpg HTTP/1.1" 200 351238
181.204.191.85 - - [04/Jan/2015:16:57:33 -0500] "GET /galeria/nivo-slider/demo/images/Tingua-azul.jpg HTTP/1.1" 200 307638
186.85.79.140 - - [04/Jan/2015:16:57:33 -0500] "GET /galeria/nivo-slider/themes/default/loading.gif HTTP/1.1" 200 1737
186.85.79.140 - - [04/Jan/2015:16:57:33 -0500] "GET /galeria/nivo-slider/demo/images/4Simple_Slider.png HTTP/1.1" 200 11722
66.249.64.163 - - [04/Jan/2015:16:57:35 -0500] "GET /BLA/resoluciones/RESOLUCIONES%202008/5729.pdf HTTP/1.1" 200 464554
181.204.191.85 - - [04/Jan/2015:16:57:37 -0500] "GET /galeria/nivo-slider/demo/images/Banner-Caracol-Africano.jpg HTTP/1.1" 200 331986
181.204.191.85 - - [04/Jan/2015:16:57:33 -0500] "GET /galeria/nivo-slider/demo/images/banner-llantas2.jpg HTTP/1.1" 200 73153
181.204.191.85 - - [04/Jan/2015:16:57:44 -0500] "GET /galeria/nivo-slider/demo/images/banner-redes.jpg HTTP/1.1" 200 62209
181.204.191.85 - - [04/Jan/2015:16:57:44 -0500] "GET /galeria/nivo-slider/demo/images/4Simple_Slider.png HTTP/1.1" 200 11722
181.204.191.85 - - [04/Jan/2015:16:57:45 -0500] "GET /galeria/nivo-slider/demo/images/9Signos.jpg HTTP/1.1" 200 93040
181.204.191.85 - - [04/Jan/2015:16:57:46 -0500] "GET /galeria/nivo-slider/themes/default/loading.gif HTTP/1.1" 200 1737
181.50.241.109 - - [04/Jan/2015:16:57:47 -0500] "POST /forms/lservlet;jsessionid=ac16012b30d52a185366133943c4afb3b3347df04e04.e3iSbxaKaheRe34Sa3yKbhiTahb0n6jAmljGr5XDqQLvpAe HTTP/1.1" 200 2
181.204.191.85 - - [04/Jan/2015:16:57:47 -0500] "GET /galeria/nivo-slider/demo/images/banner-caballos.png HTTP/1.1" 200 389106
181.204.191.85 - - [04/Jan/2015:16:57:51 -0500] "GET /galeria/nivo-slider/themes/default/arrows.png HTTP/1.1" 200 824
181.204.191.85 - - [04/Jan/2015:16:57:52 -0500] "GET /galeria/nivo-slider/themes/default/bullets.png HTTP/1.1" 200 1281
66.249.64.167 - - [04/Jan/2015:16:58:13 -0500] "GET /BLA/resoluciones/RESOLUCIONES%202008/4951.pdf HTTP/1.1" 200 216002
186.29.197.182 - - [04/Jan/2015:16:58:45 -0500] "POST /forms/lservlet;jsessionid=ac16012b30d5cf36b19de3354db794b8b4f4c9bb63e2.e3iSbxaKaheRe34Sa3yKbhiTahb0n6jAmljGr5XDqQLvpAe HTTP/1.1" 200 2
66.249.64.163 - - [04/Jan/2015:16:58:50 -0500] "GET /BLA/resoluciones/RESOLUCIONES%202009/7295.pdf HTTP/1.1" 200 356834
66.249.64.171 - - [04/Jan/2015:16:59:06 -0500] "GET /BLA/resoluciones/AUTOS%202011/3825.pdf HTTP/1.1" 200 360246
180.76.5.27 - - [04/Jan/2015:16:59:06 -0500] "GET /BLA/resoluciones/RESOLUCIONES%202011/1219.pdf HTTP/1.1" 200 516730
66.249.64.167 - - [04/Jan/2015:16:59:28 -0500] "GET /BLA/resoluciones/RESOLUCIONES%202009/5227.pdf HTTP/1.1" 200 489847
181.50.241.109 - - [04/Jan/2015:16:59:47 -0500] "POST /forms/lservlet;jsessionid=ac16012b30d52a185366133943c4afb3b3347df04e04.e3iSbxaKaheRe34Sa3yKbhiTahb0n6jAmljGr5XDqQLvpAe HTTP/1.1" 200 2
66.249.64.167 - - [04/Jan/2015:17:00:05 -0500] "GET /BLA/resoluciones/RESOLUCIONES%202009/5619.pdf HTTP/1.1" 200 447413
190.69.142.234 - - [04/Jan/2015:17:00:12 -0500] "GET /BLA/resoluciones/RESOLUCIONES%202014/0870.pdf HTTP/1.1" 200 765864
190.69.142.234 - - [04/Jan/2015:17:00:13 -0500] "GET /BLA/resoluciones/RESOLUCIONES%202014/0870.pdf HTTP/1.1" 200 765864
182.118.55.113 - - [04/Jan/2015:17:00:36 -0500] "GET / HTTP/1.1" 302 -
190.69.142.234 - - [04/Jan/2015:17:00:39 -0500] "GET /BLA/resoluciones/RESOLUCIONES%202014/0870.pdf HTTP/1.1" 206 1
66.249.64.167 - - [04/Jan/2015:17:00:43 -0500] "GET /BLA/resoluciones/RESOLUCIONES%202010/0217.pdf HTTP/1.1" 200 559845
186.29.197.182 - - [04/Jan/2015:17:00:45 -0500] "POST /forms/lservlet;jsessionid=ac16012b30d5cf36b19de3354db794b8b4f4c9bb63e2.e3iSbxaKaheRe34Sa3yKbhiTahb0n6jAmljGr5XDqQLvpAe HTTP/1.1" 200 2
190.69.142.234 - - [04/Jan/2015:17:00:46 -0500] "GET /BLA/resoluciones/RESOLUCIONES%202014/0870.pdf HTTP/1.1" 200 765864
190.69.142.234 - - [04/Jan/2015:17:00:46 -0500] "GET /BLA/resoluciones/RESOLUCIONES%202014/0870.pdf HTTP/1.1" 206 1
190.69.142.234 - - [04/Jan/2015:17:00:48 -0500] "GET /BLA/resoluciones/RESOLUCIONES%202014/0870.pdf HTTP/1.1" 200 765864
66.249.64.163 - - [04/Jan/2015:17:01:21 -0500] "GET /BLA/resoluciones/RESOLUCIONES%202011/3808.pdf HTTP/1.1" 200 433637
74.86.158.107 - - [04/Jan/2015:17:01:42 -0500] "HEAD / HTTP/1.1" 302 -
87.111.90.137 - - [04/Jan/2015:17:01:43 -0500] "GET /BLA/boletinlegal/js/jquery.scrollShow.js HTTP/1.1" 200 4586
87.111.90.137 - - [04/Jan/2015:17:01:43 -0500] "GET /BLA/boletinlegal/js/jquery.js HTTP/1.1" 200 57254
87.111.90.137 - - [04/Jan/2015:17:01:43 -0500] "GET /BLA/boletinlegal/js/jquery.scrollTo-min.js HTTP/1.1" 200 1150
181.50.241.109 - - [04/Jan/2015:17:01:47 -0500] "POST /forms/lservlet;jsessionid=ac16012b30d52a185366133943c4afb3b3347df04e04.e3iSbxaKaheRe34Sa3yKbhiTahb0n6jAmljGr5XDqQLvpAe HTTP/1.1" 200 2
66.249.64.171 - - [04/Jan/2015:17:01:53 -0500] "GET /BLA/resoluciones/RESOLUCIONES%202007/RES%202007%204101%20AL%204200/RESOLUCION%204159%20DE%202007.pdf HTTP/1.1" 200 1234672
66.249.64.163 - - [04/Jan/2015:17:01:58 -0500] "GET /BLA/resoluciones/RESOLUCIONES%202011/5770.pdf HTTP/1.1" 304 -
66.249.64.163 - - [04/Jan/2015:17:02:36 -0500] "GET /BLA/resoluciones/RESOLUCIONES%202010/2370.pdf HTTP/1.1" 200 496555
186.29.197.182 - - [04/Jan/2015:17:02:45 -0500] "POST /forms/lservlet;jsessionid=ac16012b30d5cf36b19de3354db794b8b4f4c9bb63e2.e3iSbxaKaheRe34Sa3yKbhiTahb0n6jAmljGr5XDqQLvpAe HTTP/1.1" 200 2
66.249.64.163 - - [04/Jan/2015:17:03:13 -0500] "GET /BLA/resoluciones/RESOLUCIONES%202009/5104.pdf HTTP/1.1" 200 1254689
181.50.241.109 - - [04/Jan/2015:17:03:47 -0500] "POST /forms/lservlet;jsessionid=ac16012b30d52a185366133943c4afb3b3347df04e04.e3iSbxaKaheRe34Sa3yKbhiTahb0n6jAmljGr5XDqQLvpAe HTTP/1.1" 200 2
66.249.64.171 - - [04/Jan/2015:17:03:51 -0500] "GET /BLA/resoluciones/RESOLUCIONES%202007/RES%202007%203401%20AL%203500/RESOLUCION%203462%20%20DE%202007.pdf HTTP/1.1" 200 331625
161.10.167.55 - - [04/Jan/2015:17:04:13 -0500] "GET /BLA/boletinlegal/js/jquery.js HTTP/1.1" 200 57254
161.10.167.55 - - [04/Jan/2015:17:04:13 -0500] "GET /BLA/boletinlegal/js/jquery.scrollTo-min.js HTTP/1.1" 200 1150
161.10.167.55 - - [04/Jan/2015:17:04:13 -0500] "GET /BLA/boletinlegal/js/jquery.scrollShow.js HTTP/1.1" 200 4586
161.10.167.55 - - [04/Jan/2015:17:04:13 -0500] "GET /galeria/carrusel/Carrusel/jquery.thumbnailScroller.css HTTP/1.1" 200 2066
161.10.167.55 - - [04/Jan/2015:17:04:13 -0500] "GET /galeria/carrusel/Carrusel/jquery-ui-1.8.13.custom.min.js HTTP/1.1" 200 10800
161.10.167.55 - - [04/Jan/2015:17:04:13 -0500] "GET /galeria/carrusel/Carrusel/jquery.thumbnailScroller.js HTTP/1.1" 200 8157
190.158.161.206 - - [04/Jan/2015:17:04:17 -0500] "GET /BLA/boletinlegal/js/jquery.scrollTo-min.js HTTP/1.1" 200 1150
190.158.161.206 - - [04/Jan/2015:17:04:17 -0500] "GET /BLA/boletinlegal/js/jquery.js HTTP/1.1" 200 57254
190.158.161.206 - - [04/Jan/2015:17:04:17 -0500] "GET /BLA/boletinlegal/js/jquery.scrollShow.js HTTP/1.1" 200 4586
161.10.167.55 - - [04/Jan/2015:17:04:18 -0500] "GET /galeria/nivo-slider/demo/demo.html HTTP/1.1" 200 3150
161.10.167.55 - - [04/Jan/2015:17:04:18 -0500] "GET /galeria/nivo-slider/themes/default/default.css HTTP/1.1" 200 1569
161.10.167.55 - - [04/Jan/2015:17:04:18 -0500] "GET /galeria/nivo-slider/themes/pascal/pascal.css HTTP/1.1" 200 2258
161.10.167.55 - - [04/Jan/2015:17:04:18 -0500] "GET /galeria/nivo-slider/themes/orman/orman.css HTTP/1.1" 200 2152
161.10.167.55 - - [04/Jan/2015:17:04:18 -0500] "GET /galeria/nivo-slider/nivo-slider.css HTTP/1.1" 200 1507
161.10.167.55 - - [04/Jan/2015:17:04:18 -0500] "GET /galeria/nivo-slider/demo/style.css HTTP/1.1" 200 2222
161.10.167.55 - - [04/Jan/2015:17:04:19 -0500] "GET /galeria/nivo-slider/demo/images/4Simple_Slider.png HTTP/1.1" 200 11722
161.10.167.55 - - [04/Jan/2015:17:04:19 -0500] "GET /galeria/nivo-slider/demo/scripts/jquery-1.7.1.min.js HTTP/1.1" 200 93868
161.10.167.55 - - [04/Jan/2015:17:04:19 -0500] "GET /galeria/nivo-slider/themes/default/loading.gif HTTP/1.1" 200 1737
161.10.167.55 - - [04/Jan/2015:17:04:19 -0500] "GET /galeria/nivo-slider/jquery.nivo.slider.pack.js HTTP/1.1" 200 11561
161.10.167.55 - - [04/Jan/2015:17:04:19 -0500] "GET /galeria/nivo-slider/demo/images/bolsas-08.jpg HTTP/1.1" 200 85589
161.10.167.55 - - [04/Jan/2015:17:04:19 -0500] "GET /galeria/nivo-slider/demo/images/Ruta-vertimientos-01.jpg HTTP/1.1" 200 130151
161.10.167.55 - - [04/Jan/2015:17:04:19 -0500] "GET /galeria/nivo-slider/demo/images/bolsas-06.jpg HTTP/1.1" 200 90982
161.10.167.55 - - [04/Jan/2015:17:04:19 -0500] "GET /galeria/nivo-slider/demo/images/ecolecta-Dic2014.png HTTP/1.1" 200 288593
161.10.167.55 - - [04/Jan/2015:17:04:19 -0500] "GET /galeria/nivo-slider/demo/images/porloshumedales.jpg HTTP/1.1" 200 351238
161.10.167.55 - - [04/Jan/2015:17:04:23 -0500] "GET /galeria/nivo-slider/demo/images/Tingua-azul.jpg HTTP/1.1" 200 307638
161.10.167.55 - - [04/Jan/2015:17:04:23 -0500] "GET /galeria/nivo-slider/demo/images/Banner-Caracol-Africano.jpg HTTP/1.1" 200 331986
161.10.167.55 - - [04/Jan/2015:17:04:23 -0500] "GET /galeria/nivo-slider/demo/images/banner-redes.jpg HTTP/1.1" 200 62209
161.10.167.55 - - [04/Jan/2015:17:04:23 -0500] "GET /galeria/nivo-slider/demo/images/9Signos.jpg HTTP/1.1" 200 93040
161.10.167.55 - - [04/Jan/2015:17:04:25 -0500] "GET /galeria/nivo-slider/demo/images/banner-llantas2.jpg HTTP/1.1" 200 73153
161.10.167.55 - - [04/Jan/2015:17:04:28 -0500] "GET /galeria/nivo-slider/demo/images/banner-caballos.png HTTP/1.1" 200 389106
66.249.64.167 - - [04/Jan/2015:17:04:28 -0500] "GET /BLA/resoluciones/AUTOS%202011/1248.pdf HTTP/1.1" 200 208257
161.10.167.55 - - [04/Jan/2015:17:04:36 -0500] "GET /videos/Spot_CambioClimatico.flv HTTP/1.1" 200 4371917
161.10.167.55 - - [04/Jan/2015:17:04:41 -0500] "GET /galeria/nivo-slider/themes/default/arrows.png HTTP/1.1" 200 824
161.10.167.55 - - [04/Jan/2015:17:04:41 -0500] "GET /galeria/nivo-slider/themes/default/bullets.png HTTP/1.1" 200 1281
66.249.64.171 - - [04/Jan/2015:17:04:43 -0500] "GET /BLA/resoluciones/RESOLUCIONES%202011/3863.pdf HTTP/1.1" 200 282419
186.29.197.182 - - [04/Jan/2015:17:04:45 -0500] "POST /forms/lservlet;jsessionid=ac16012b30d5cf36b19de3354db794b8b4f4c9bb63e2.e3iSbxaKaheRe34Sa3yKbhiTahb0n6jAmljGr5XDqQLvpAe HTTP/1.1" 200 2
66.249.64.171 - - [04/Jan/2015:17:05:06 -0500] "GET /BLA/resoluciones/AUTOS%202012/1493.pdf HTTP/1.1" 200 2041941
66.249.64.167 - - [04/Jan/2015:17:05:44 -0500] "GET /BLA/resoluciones/RESOLUCIONES%202008/3425.pdf HTTP/1.1" 200 317625
181.50.241.109 - - [04/Jan/2015:17:05:47 -0500] "POST /forms/lservlet;jsessionid=ac16012b30d52a185366133943c4afb3b3347df04e04.e3iSbxaKaheRe34Sa3yKbhiTahb0n6jAmljGr5XDqQLvpAe HTTP/1.1" 200 2
66.249.64.163 - - [04/Jan/2015:17:06:21 -0500] "GET /BLA/resoluciones/AUTOS%202009/0185.pdf HTTP/1.1" 304 -
161.10.167.55 - - [04/Jan/2015:17:06:24 -0500] "GET /videos/Spot_CambioClimatico.flv HTTP/1.1" 206 1
161.10.167.55 - - [04/Jan/2015:17:06:24 -0500] "GET /videos/Spot_CambioClimatico.flv HTTP/1.1" 206 292595
74.86.158.107 - - [04/Jan/2015:17:06:42 -0500] "HEAD / HTTP/1.1" 302 -
186.29.197.182 - - [04/Jan/2015:17:06:45 -0500] "POST /forms/lservlet;jsessionid=ac16012b30d5cf36b19de3354db794b8b4f4c9bb63e2.e3iSbxaKaheRe34Sa3yKbhiTahb0n6jAmljGr5XDqQLvpAe HTTP/1.1" 200 2
186.101.155.134 - - [04/Jan/2015:17:06:46 -0500] "GET /BLA/boletinlegal/js/jquery.scrollTo-min.js HTTP/1.1" 200 1150
186.101.155.134 - - [04/Jan/2015:17:06:46 -0500] "GET /BLA/boletinlegal/js/jquery.scrollShow.js HTTP/1.1" 200 4586
186.101.155.134 - - [04/Jan/2015:17:06:46 -0500] "GET /BLA/boletinlegal/js/jquery.js HTTP/1.1" 200 57254
186.101.155.134 - - [04/Jan/2015:17:06:48 -0500] "GET /hidrico/aguas%20subterraneas/ HTTP/1.1" 404 1296
66.249.64.167 - - [04/Jan/2015:17:06:59 -0500] "GET /BLA/resoluciones/RESOLUCIONES%202010/1097.pdf HTTP/1.1" 200 118040
66.249.64.171 - - [04/Jan/2015:17:07:32 -0500] "GET /BLA/resoluciones/RESOLUCIONES%202009/2864.pdf HTTP/1.1" 200 391719
66.249.64.167 - - [04/Jan/2015:17:07:36 -0500] "GET /BLA/resoluciones/AUTOS%202007/2053.pdf HTTP/1.1" 200 69637
181.50.241.109 - - [04/Jan/2015:17:07:47 -0500] "POST /forms/lservlet;jsessionid=ac16012b30d52a185366133943c4afb3b3347df04e04.e3iSbxaKaheRe34Sa3yKbhiTahb0n6jAmljGr5XDqQLvpAe HTTP/1.1" 200 2
181.58.127.195 - - [04/Jan/2015:17:07:55 -0500] "GET /BLA/resoluciones/AUTOS%202013/0024.pdf HTTP/1.1" 200 1912747
181.58.127.195 - - [04/Jan/2015:17:07:55 -0500] "GET /favicon.ico HTTP/1.1" 200 7782
181.58.127.195 - - [04/Jan/2015:17:07:56 -0500] "GET /BLA/resoluciones/AUTOS%202013/0024.pdf HTTP/1.1" 206 65536
181.58.127.195 - - [04/Jan/2015:17:07:56 -0500] "GET /BLA/resoluciones/AUTOS%202013/0024.pdf HTTP/1.1" 206 12203
181.58.127.195 - - [04/Jan/2015:17:07:56 -0500] "GET /BLA/resoluciones/AUTOS%202013/0024.pdf HTTP/1.1" 206 65536
181.58.127.195 - - [04/Jan/2015:17:07:56 -0500] "GET /BLA/resoluciones/AUTOS%202013/0024.pdf HTTP/1.1" 206 65536
181.58.127.195 - - [04/Jan/2015:17:07:56 -0500] "GET /BLA/resoluciones/AUTOS%202013/0024.pdf HTTP/1.1" 206 65536
181.58.127.195 - - [04/Jan/2015:17:07:57 -0500] "GET /BLA/resoluciones/AUTOS%202013/0024.pdf HTTP/1.1" 206 65536
181.58.127.195 - - [04/Jan/2015:17:07:57 -0500] "GET /BLA/resoluciones/AUTOS%202013/0024.pdf HTTP/1.1" 206 65536
181.58.127.195 - - [04/Jan/2015:17:07:57 -0500] "GET /BLA/resoluciones/AUTOS%202013/0024.pdf HTTP/1.1" 206 65536
181.58.127.195 - - [04/Jan/2015:17:07:57 -0500] "GET /BLA/resoluciones/AUTOS%202013/0024.pdf HTTP/1.1" 206 65536
181.58.127.195 - - [04/Jan/2015:17:07:57 -0500] "GET /BLA/resoluciones/AUTOS%202013/0024.pdf HTTP/1.1" 206 65536
181.58.127.195 - - [04/Jan/2015:17:07:57 -0500] "GET /BLA/resoluciones/AUTOS%202013/0024.pdf HTTP/1.1" 206 65536
181.58.127.195 - - [04/Jan/2015:17:07:57 -0500] "GET /BLA/resoluciones/AUTOS%202013/0024.pdf HTTP/1.1" 206 65536
181.58.127.195 - - [04/Jan/2015:17:07:57 -0500] "GET /BLA/resoluciones/AUTOS%202013/0024.pdf HTTP/1.1" 206 65536
181.58.127.195 - - [04/Jan/2015:17:07:57 -0500] "GET /BLA/resoluciones/AUTOS%202013/0024.pdf HTTP/1.1" 206 65536
181.58.127.195 - - [04/Jan/2015:17:07:58 -0500] "GET /BLA/resoluciones/AUTOS%202013/0024.pdf HTTP/1.1" 206 65536
181.58.127.195 - - [04/Jan/2015:17:07:58 -0500] "GET /BLA/resoluciones/AUTOS%202013/0024.pdf HTTP/1.1" 206 65536
181.58.127.195 - - [04/Jan/2015:17:07:58 -0500] "GET /BLA/resoluciones/AUTOS%202013/0024.pdf HTTP/1.1" 206 65536
181.58.127.195 - - [04/Jan/2015:17:07:59 -0500] "GET /BLA/resoluciones/AUTOS%202013/0024.pdf HTTP/1.1" 206 65536
181.58.127.195 - - [04/Jan/2015:17:07:59 -0500] "GET /BLA/resoluciones/AUTOS%202013/0024.pdf HTTP/1.1" 206 65536
181.58.127.195 - - [04/Jan/2015:17:07:59 -0500] "GET /BLA/resoluciones/AUTOS%202013/0024.pdf HTTP/1.1" 206 65536
181.58.127.195 - - [04/Jan/2015:17:07:59 -0500] "GET /BLA/resoluciones/AUTOS%202013/0024.pdf HTTP/1.1" 206 65536
181.58.127.195 - - [04/Jan/2015:17:07:59 -0500] "GET /BLA/resoluciones/AUTOS%202013/0024.pdf HTTP/1.1" 206 65536
181.58.127.195 - - [04/Jan/2015:17:08:00 -0500] "GET /BLA/resoluciones/AUTOS%202013/0024.pdf HTTP/1.1" 206 65536
181.58.127.195 - - [04/Jan/2015:17:08:00 -0500] "GET /BLA/resoluciones/AUTOS%202013/0024.pdf HTTP/1.1" 206 65536
181.58.127.195 - - [04/Jan/2015:17:08:00 -0500] "GET /BLA/resoluciones/AUTOS%202013/0024.pdf HTTP/1.1" 206 65536
181.58.127.195 - - [04/Jan/2015:17:08:00 -0500] "GET /BLA/resoluciones/AUTOS%202013/0024.pdf HTTP/1.1" 206 65536
181.58.127.195 - - [04/Jan/2015:17:08:00 -0500] "GET /BLA/resoluciones/AUTOS%202013/0024.pdf HTTP/1.1" 206 65536
181.58.127.195 - - [04/Jan/2015:17:08:00 -0500] "GET /BLA/resoluciones/AUTOS%202013/0024.pdf HTTP/1.1" 206 65536
181.58.127.195 - - [04/Jan/2015:17:08:01 -0500] "GET /BLA/resoluciones/AUTOS%202013/0024.pdf HTTP/1.1" 206 65536
181.58.127.195 - - [04/Jan/2015:17:08:01 -0500] "GET /BLA/resoluciones/AUTOS%202013/0024.pdf HTTP/1.1" 206 65536
190.157.33.223 - - [04/Jan/2015:17:08:12 -0500] "GET /BLA/resoluciones/RESOLUCIONES%202007/RES%202007%204201%20AL%204300/RESOLUCION%204236%20DE%202007.pdf HTTP/1.1" 200 351918
190.157.33.223 - - [04/Jan/2015:17:08:12 -0500] "GET /BLA/resoluciones/RESOLUCIONES%202007/RES%202007%204201%20AL%204300/RESOLUCION%204236%20DE%202007.pdf HTTP/1.1" 206 32768
190.157.33.223 - - [04/Jan/2015:17:08:12 -0500] "GET /BLA/resoluciones/RESOLUCIONES%202007/RES%202007%204201%20AL%204300/RESOLUCION%204236%20DE%202007.pdf HTTP/1.1" 206 319150
190.157.33.223 - - [04/Jan/2015:17:08:12 -0500] "GET /favicon.ico HTTP/1.1" 200 7782
66.249.64.167 - - [04/Jan/2015:17:08:14 -0500] "GET /BLA/resoluciones/RESOLUCIONES%202010/6434.pdf HTTP/1.1" 200 664797
186.29.197.182 - - [04/Jan/2015:17:08:45 -0500] "POST /forms/lservlet;jsessionid=ac16012b30d5cf36b19de3354db794b8b4f4c9bb63e2.e3iSbxaKaheRe34Sa3yKbhiTahb0n6jAmljGr5XDqQLvpAe HTTP/1.1" 200 2
66.249.64.171 - - [04/Jan/2015:17:08:51 -0500] "GET /BLA/resoluciones/RESOLUCIONES%202008/0108.pdf HTTP/1.1" 200 63961
66.249.64.167 - - [04/Jan/2015:17:09:29 -0500] "GET /BLA/resoluciones/RESOLUCIONES%202009/6590.pdf HTTP/1.1" 200 597512
181.50.241.109 - - [04/Jan/2015:17:09:47 -0500] "POST /forms/lservlet;jsessionid=ac16012b30d52a185366133943c4afb3b3347df04e04.e3iSbxaKaheRe34Sa3yKbhiTahb0n6jAmljGr5XDqQLvpAe HTTP/1.1" 200 2
66.249.64.167 - - [04/Jan/2015:17:10:06 -0500] "GET /BLA/resoluciones/RESOLUCIONES%202009/4514.pdf HTTP/1.1" 304 -
181.198.122.162 - - [04/Jan/2015:17:10:09 -0500] "GET /BLA/boletinlegal/js/jquery.js HTTP/1.1" 200 57254
181.198.122.162 - - [04/Jan/2015:17:10:09 -0500] "GET /BLA/boletinlegal/js/jquery.scrollShow.js HTTP/1.1" 200 4586
181.198.122.162 - - [04/Jan/2015:17:10:09 -0500] "GET /BLA/boletinlegal/js/jquery.scrollTo-min.js HTTP/1.1" 200 1150
66.249.64.167 - - [04/Jan/2015:17:10:20 -0500] "GET /BLA/resoluciones/RESOLUCIONES%202010/2615.pdf HTTP/1.1" 200 54934
66.249.64.167 - - [04/Jan/2015:17:10:44 -0500] "GET /autoliquidacion/index.php?dir=Solicitud%20de%20Licencia%20Ambiental/&sort=name&order=desc HTTP/1.1" 200 2641
186.29.197.182 - - [04/Jan/2015:17:10:45 -0500] "POST /forms/lservlet;jsessionid=ac16012b30d5cf36b19de3354db794b8b4f4c9bb63e2.e3iSbxaKaheRe34Sa3yKbhiTahb0n6jAmljGr5XDqQLvpAe HTTP/1.1" 200 2
123.125.71.58 - - [04/Jan/2015:17:11:18 -0500] "GET / HTTP/1.1" 302 -
66.249.64.171 - - [04/Jan/2015:17:11:22 -0500] "GET /BLA/resoluciones/RESOLUCIONES%202009/9619.pdf HTTP/1.1" 200 382223
141.0.8.106 - - [04/Jan/2015:17:11:22 -0500] "GET /BLA/boletinlegal/js/jquery.js HTTP/1.1" 200 57254
141.0.8.106 - - [04/Jan/2015:17:11:24 -0500] "GET /BLA/boletinlegal/js/jquery.scrollTo-min.js HTTP/1.1" 200 1150
141.0.8.106 - - [04/Jan/2015:17:11:24 -0500] "GET /BLA/boletinlegal/js/jquery.scrollShow.js HTTP/1.1" 200 4586
74.86.158.107 - - [04/Jan/2015:17:11:42 -0500] "HEAD / HTTP/1.1" 302 -
191.103.178.46 - - [04/Jan/2015:17:11:42 -0500] "GET /BLA/boletinlegal/js/jquery.scrollShow.js HTTP/1.1" 200 4586
191.103.178.46 - - [04/Jan/2015:17:11:42 -0500] "GET /BLA/boletinlegal/js/jquery.js HTTP/1.1" 200 57254
191.103.178.46 - - [04/Jan/2015:17:11:42 -0500] "GET /BLA/boletinlegal/js/jquery.scrollTo-min.js HTTP/1.1" 200 1150
181.50.241.109 - - [04/Jan/2015:17:11:47 -0500] "POST /forms/lservlet;jsessionid=ac16012b30d52a185366133943c4afb3b3347df04e04.e3iSbxaKaheRe34Sa3yKbhiTahb0n6jAmljGr5XDqQLvpAe HTTP/1.1" 200 2
123.125.71.47 - - [04/Jan/2015:17:11:49 -0500] "GET /BLA/resoluciones/RESOLUCIONES%202007/RES%202007%201301%20AL%201400/RESOLUCION%201331%20DE%202007.pdf HTTP/1.1" 200 462236
66.249.64.163 - - [04/Jan/2015:17:11:59 -0500] "GET /BLA/resoluciones/AUTOS%202012/0542.pdf HTTP/1.1" 200 257038
201.184.95.190 - - [04/Jan/2015:17:12:10 -0500] "GET /forest/session.jsp?a=0.34771937294863164 HTTP/1.1" 200 4
180.76.6.231 - - [04/Jan/2015:17:12:19 -0500] "GET /BLA/boletinlegal;jsessionid=0C025A55325E35DCAFA1C6E686A955AF?/? HTTP/1.1" 404 1018
220.181.108.77 - - [04/Jan/2015:17:12:30 -0500] "GET / HTTP/1.1" 302 -
66.249.64.163 - - [04/Jan/2015:17:12:37 -0500] "GET /BLA/resoluciones/AUTOS%202007/0809.pdf HTTP/1.1" 200 90807
201.216.31.141 - - [04/Jan/2015:17:12:45 -0500] "GET /BLA/resoluciones/RESOLUCIONES%202009/2009.pdf HTTP/1.1" 200 809084
186.29.197.182 - - [04/Jan/2015:17:12:45 -0500] "POST /forms/lservlet;jsessionid=ac16012b30d5cf36b19de3354db794b8b4f4c9bb63e2.e3iSbxaKaheRe34Sa3yKbhiTahb0n6jAmljGr5XDqQLvpAe HTTP/1.1" 200 2
201.216.31.141 - - [04/Jan/2015:17:12:45 -0500] "GET /BLA/resoluciones/RESOLUCIONES%202009/2009.pdf HTTP/1.1" 206 32768
201.245.227.51 - - [04/Jan/2015:17:12:45 -0500] "GET /BLA/boletinlegal/js/jquery.js HTTP/1.1" 200 57254
201.245.227.51 - - [04/Jan/2015:17:12:45 -0500] "GET /BLA/boletinlegal/js/jquery.scrollTo-min.js HTTP/1.1" 200 1150
201.245.227.51 - - [04/Jan/2015:17:12:45 -0500] "GET /BLA/boletinlegal/js/jquery.scrollShow.js HTTP/1.1" 200 4586
201.216.31.141 - - [04/Jan/2015:17:12:46 -0500] "GET /BLA/resoluciones/RESOLUCIONES%202009/2009.pdf HTTP/1.1" 206 776316
201.216.31.141 - - [04/Jan/2015:17:12:47 -0500] "GET /favicon.ico HTTP/1.1" 200 7782
66.249.64.163 - - [04/Jan/2015:17:13:08 -0500] "GET /BLA/resoluciones/AUTOS%202011/0018.pdf HTTP/1.1" 200 183429
66.249.64.167 - - [04/Jan/2015:17:13:14 -0500] "GET /BLA/resoluciones/RESOLUCIONES%202009/7325.pdf HTTP/1.1" 200 416460
181.130.72.9 - - [04/Jan/2015:17:13:37 -0500] "GET /galeria/carrusel/Carrusel/jquery-ui-1.8.13.custom.min.js HTTP/1.1" 200 10800
181.130.72.9 - - [04/Jan/2015:17:13:37 -0500] "GET /galeria/carrusel/Carrusel/jquery.thumbnailScroller.css HTTP/1.1" 200 2066
181.130.72.9 - - [04/Jan/2015:17:13:37 -0500] "GET /BLA/boletinlegal/js/jquery.js HTTP/1.1" 200 57254
181.130.72.9 - - [04/Jan/2015:17:13:37 -0500] "GET /BLA/boletinlegal/js/jquery.scrollShow.js HTTP/1.1" 200 4586
181.130.72.9 - - [04/Jan/2015:17:13:37 -0500] "GET /galeria/carrusel/Carrusel/jquery.thumbnailScroller.js HTTP/1.1" 200 8157
181.130.72.9 - - [04/Jan/2015:17:13:38 -0500] "GET /BLA/boletinlegal/js/jquery.scrollTo-min.js HTTP/1.1" 200 1150
188.165.15.27 - - [04/Jan/2015:17:13:38 -0500] "GET /BLA/resoluciones/RESOLUCIONES%202004/RES%202004%20751-800/00000783.tif HTTP/1.1" 200 129660
181.130.72.9 - - [04/Jan/2015:17:13:38 -0500] "GET /galeria/nivo-slider/demo/demo.html HTTP/1.1" 200 3150
181.130.72.9 - - [04/Jan/2015:17:13:39 -0500] "GET /galeria/nivo-slider/demo/scripts/jquery-1.7.1.min.js HTTP/1.1" 200 93868
181.130.72.9 - - [04/Jan/2015:17:13:39 -0500] "GET /galeria/nivo-slider/themes/default/default.css HTTP/1.1" 200 1569
181.130.72.9 - - [04/Jan/2015:17:13:39 -0500] "GET /galeria/nivo-slider/nivo-slider.css HTTP/1.1" 200 1507
181.130.72.9 - - [04/Jan/2015:17:13:39 -0500] "GET /galeria/nivo-slider/demo/style.css HTTP/1.1" 200 2222
181.130.72.9 - - [04/Jan/2015:17:13:39 -0500] "GET /galeria/nivo-slider/themes/pascal/pascal.css HTTP/1.1" 200 2258
181.130.72.9 - - [04/Jan/2015:17:13:39 -0500] "GET /galeria/nivo-slider/themes/orman/orman.css HTTP/1.1" 200 2152
181.130.72.9 - - [04/Jan/2015:17:13:39 -0500] "GET /galeria/nivo-slider/jquery.nivo.slider.pack.js HTTP/1.1" 200 11561
181.130.72.9 - - [04/Jan/2015:17:13:39 -0500] "GET /galeria/nivo-slider/demo/images/bolsas-08.jpg HTTP/1.1" 200 85589
181.130.72.9 - - [04/Jan/2015:17:13:39 -0500] "GET /galeria/nivo-slider/demo/images/Ruta-vertimientos-01.jpg HTTP/1.1" 200 130151
181.130.72.9 - - [04/Jan/2015:17:13:39 -0500] "GET /galeria/nivo-slider/demo/images/bolsas-06.jpg HTTP/1.1" 200 90982
181.130.72.9 - - [04/Jan/2015:17:13:39 -0500] "GET /galeria/nivo-slider/demo/images/ecolecta-Dic2014.png HTTP/1.1" 200 288593
181.130.72.9 - - [04/Jan/2015:17:13:40 -0500] "GET /galeria/nivo-slider/demo/images/porloshumedales.jpg HTTP/1.1" 200 351238
181.130.72.9 - - [04/Jan/2015:17:13:40 -0500] "GET /galeria/nivo-slider/demo/images/4Simple_Slider.png HTTP/1.1" 200 11722
181.130.72.9 - - [04/Jan/2015:17:13:40 -0500] "GET /galeria/nivo-slider/themes/default/loading.gif HTTP/1.1" 200 1737
181.130.72.9 - - [04/Jan/2015:17:13:40 -0500] "GET /galeria/nivo-slider/demo/images/Tingua-azul.jpg HTTP/1.1" 200 307638
181.130.72.9 - - [04/Jan/2015:17:13:41 -0500] "GET /galeria/nivo-slider/demo/images/Banner-Caracol-Africano.jpg HTTP/1.1" 200 331986
181.130.72.9 - - [04/Jan/2015:17:13:41 -0500] "GET /galeria/nivo-slider/demo/images/banner-redes.jpg HTTP/1.1" 200 62209
181.130.72.9 - - [04/Jan/2015:17:13:42 -0500] "GET /galeria/nivo-slider/demo/images/9Signos.jpg HTTP/1.1" 200 93040
181.130.72.9 - - [04/Jan/2015:17:13:42 -0500] "GET /galeria/nivo-slider/demo/images/banner-llantas2.jpg HTTP/1.1" 200 73153
181.130.72.9 - - [04/Jan/2015:17:13:42 -0500] "GET /galeria/nivo-slider/demo/images/banner-caballos.png HTTP/1.1" 200 389106
181.130.72.9 - - [04/Jan/2015:17:13:44 -0500] "GET /galeria/nivo-slider/themes/default/arrows.png HTTP/1.1" 200 824
181.130.72.9 - - [04/Jan/2015:17:13:44 -0500] "GET /galeria/nivo-slider/themes/default/bullets.png HTTP/1.1" 200 1281
181.130.72.9 - - [04/Jan/2015:17:13:44 -0500] "GET /videos/Spot_CambioClimatico.flv HTTP/1.1" 200 4371917
181.50.241.109 - - [04/Jan/2015:17:13:47 -0500] "POST /forms/lservlet;jsessionid=ac16012b30d52a185366133943c4afb3b3347df04e04.e3iSbxaKaheRe34Sa3yKbhiTahb0n6jAmljGr5XDqQLvpAe HTTP/1.1" 200 2
66.249.64.171 - - [04/Jan/2015:17:13:52 -0500] "GET /BLA/resoluciones/RESOLUCIONES%202009/5974.pdf HTTP/1.1" 304 -
180.76.6.50 - - [04/Jan/2015:17:13:58 -0500] "GET /BLA/resoluciones/AUTOS%202012/0705.pdf HTTP/1.1" 200 326081
66.249.64.171 - - [04/Jan/2015:17:14:29 -0500] "GET /BLA/resoluciones/RESOLUCIONES%202009/3907.pdf HTTP/1.1" 304 -
186.29.197.182 - - [04/Jan/2015:17:14:45 -0500] "POST /forms/lservlet;jsessionid=ac16012b30d5cf36b19de3354db794b8b4f4c9bb63e2.e3iSbxaKaheRe34Sa3yKbhiTahb0n6jAmljGr5XDqQLvpAe HTTP/1.1" 200 2
66.249.64.167 - - [04/Jan/2015:17:15:07 -0500] "GET /BLA/resoluciones/RESOLUCIONES%202007/RES%202007%201101%20AL%201200/RESOLUCION%201161%20DE%202007.pdf HTTP/1.1" 200 413759
66.249.64.163 - - [04/Jan/2015:17:15:30 -0500] "GET /BLA/resoluciones/AUTOS%202006/AUTOS%202006%20501-600/00000532.tif HTTP/1.1" 200 48060
66.249.64.167 - - [04/Jan/2015:17:15:45 -0500] "GET /BLA/resoluciones/RESOLUCIONES%202009/6838.pdf HTTP/1.1" 200 328666
181.50.241.109 - - [04/Jan/2015:17:15:47 -0500] "POST /forms/lservlet;jsessionid=ac16012b30d52a185366133943c4afb3b3347df04e04.e3iSbxaKaheRe34Sa3yKbhiTahb0n6jAmljGr5XDqQLvpAe HTTP/1.1" 200 2
188.165.15.214 - - [04/Jan/2015:17:15:55 -0500] "GET /BLA/resoluciones/RESOLUCIONES%202005/RES%202005%2051-100/00000056.tif HTTP/1.1" 200 122446
66.249.64.163 - - [04/Jan/2015:17:16:22 -0500] "GET /BLA/resoluciones/AUTOS%202008/0892.pdf HTTP/1.1" 304 -
74.86.158.107 - - [04/Jan/2015:17:16:42 -0500] "HEAD / HTTP/1.1" 302 -
186.144.254.21 - - [04/Jan/2015:17:16:45 -0500] "GET /galeria/carrusel/Carrusel/jquery.thumbnailScroller.css HTTP/1.1" 304 -
186.144.254.21 - - [04/Jan/2015:17:16:45 -0500] "GET /galeria/carrusel/Carrusel/jquery-ui-1.8.13.custom.min.js HTTP/1.1" 304 -
186.144.254.21 - - [04/Jan/2015:17:16:45 -0500] "GET /galeria/carrusel/Carrusel/jquery.thumbnailScroller.js HTTP/1.1" 304 -
186.29.197.182 - - [04/Jan/2015:17:16:45 -0500] "POST /forms/lservlet;jsessionid=ac16012b30d5cf36b19de3354db794b8b4f4c9bb63e2.e3iSbxaKaheRe34Sa3yKbhiTahb0n6jAmljGr5XDqQLvpAe HTTP/1.1" 200 2
186.144.254.21 - - [04/Jan/2015:17:16:48 -0500] "GET /galeria/nivo-slider/demo/demo.html HTTP/1.1" 200 3150
186.144.254.21 - - [04/Jan/2015:17:16:49 -0500] "GET /galeria/nivo-slider/demo/images/bolsas-08.jpg HTTP/1.1" 304 -
186.144.254.21 - - [04/Jan/2015:17:16:49 -0500] "GET /galeria/nivo-slider/demo/images/Ruta-vertimientos-01.jpg HTTP/1.1" 304 -
186.144.254.21 - - [04/Jan/2015:17:16:49 -0500] "GET /galeria/nivo-slider/demo/images/bolsas-06.jpg HTTP/1.1" 304 -
186.144.254.21 - - [04/Jan/2015:17:16:49 -0500] "GET /galeria/nivo-slider/demo/images/porloshumedales.jpg HTTP/1.1" 304 -
186.144.254.21 - - [04/Jan/2015:17:16:49 -0500] "GET /galeria/nivo-slider/demo/images/ecolecta-Dic2014.png HTTP/1.1" 304 -
186.144.254.21 - - [04/Jan/2015:17:16:51 -0500] "GET /galeria/nivo-slider/demo/images/banner-redes.jpg HTTP/1.1" 304 -
186.144.254.21 - - [04/Jan/2015:17:16:51 -0500] "GET /galeria/nivo-slider/demo/images/9Signos.jpg HTTP/1.1" 304 -
186.144.254.21 - - [04/Jan/2015:17:16:53 -0500] "GET /videos/Spot_CambioClimatico.flv HTTP/1.1" 304 -
190.67.239.68 - - [04/Jan/2015:17:16:54 -0500] "GET /BLA/resoluciones/RESOLUCIONES%202007/RES%202007%201726%20AL%201800/RESOLUCION%201740%20DE%202007.pdf HTTP/1.1" 200 65201
66.249.64.171 - - [04/Jan/2015:17:17:00 -0500] "GET /BLA/resoluciones/RESOLUCIONES%202009/0340.pdf HTTP/1.1" 304 -
190.67.239.68 - - [04/Jan/2015:17:17:03 -0500] "GET /BLA/resoluciones/RESOLUCIONES%202007/RES%202007%201726%20AL%201800/RESOLUCION%201740%20DE%202007.pdf HTTP/1.1" 200 65201
201.184.95.190 - - [04/Jan/2015:17:17:11 -0500] "GET /forest/session.jsp?a=0.8523690444417298 HTTP/1.1" 200 4
66.249.64.163 - - [04/Jan/2015:17:17:37 -0500] "GET /BLA/resoluciones/AUTOS%202013/2209.pdf HTTP/1.1" 304 -
181.50.241.109 - - [04/Jan/2015:17:17:48 -0500] "POST /forms/lservlet;jsessionid=ac16012b30d52a185366133943c4afb3b3347df04e04.e3iSbxaKaheRe34Sa3yKbhiTahb0n6jAmljGr5XDqQLvpAe HTTP/1.1" 200 2
190.66.87.153 - - [04/Jan/2015:17:17:50 -0500] "GET /BLA/resoluciones/RESOLUCIONES%202008/1824.pdf HTTP/1.1" 200 207865
190.66.87.153 - - [04/Jan/2015:17:17:51 -0500] "GET /BLA/resoluciones/RESOLUCIONES%202008/1824.pdf HTTP/1.1" 200 207865
190.66.87.153 - - [04/Jan/2015:17:18:04 -0500] "GET /BLA/resoluciones/RESOLUCIONES%202008/1824.pdf HTTP/1.1" 200 207865
190.66.87.153 - - [04/Jan/2015:17:18:05 -0500] "GET /BLA/resoluciones/RESOLUCIONES%202008/1824.pdf HTTP/1.1" 200 207865
66.249.64.163 - - [04/Jan/2015:17:18:15 -0500] "GET /BLA/resoluciones/AUTOS%202009/2927.pdf HTTP/1.1" 200 169909
188.165.15.138 - - [04/Jan/2015:17:18:16 -0500] "GET /BLA/resoluciones/RESOLUCIONES%202005/RES%202005%201451-1500/00001462.tif HTTP/1.1" 200 1809432
66.249.64.163 - - [04/Jan/2015:17:18:39 -0500] "GET /BLA/resoluciones/RESOLUCIONES%202002/RES%202002%201751-1800/20021758.tif HTTP/1.1" 200 39106
186.29.197.182 - - [04/Jan/2015:17:18:46 -0500] "POST /forms/lservlet;jsessionid=ac16012b30d5cf36b19de3354db794b8b4f4c9bb63e2.e3iSbxaKaheRe34Sa3yKbhiTahb0n6jAmljGr5XDqQLvpAe HTTP/1.1" 200 2
66.249.64.171 - - [04/Jan/2015:17:18:46 -0500] "GET /BLA/resoluciones/AUTOS%202013/0489.pdf HTTP/1.1" 200 1615039
66.249.64.171 - - [04/Jan/2015:17:18:52 -0500] "GET /autoliquidacion/index.php?dir=TR%C1MITES+MINER%CDA%2F HTTP/1.1" 200 2829
66.249.64.171 - - [04/Jan/2015:17:19:24 -0500] "GET /autoliquidacion/TR%C3%81MITES%20MINER%C3%8DA/126PM04PR39FA2ListaChequeoMineria1-guia-.xls HTTP/1.1" 200 208384
188.165.15.94 - - [04/Jan/2015:17:19:28 -0500] "GET /BLA/resoluciones/RESOLUCIONES%202006/RES%202006%202601-2650/00002630.tif HTTP/1.1" 200 85172
66.249.64.171 - - [04/Jan/2015:17:19:30 -0500] "GET /BLA/resoluciones/AUTOS%202007/0810.pdf HTTP/1.1" 200 245567
181.50.241.109 - - [04/Jan/2015:17:19:48 -0500] "POST /forms/lservlet;jsessionid=ac16012b30d52a185366133943c4afb3b3347df04e04.e3iSbxaKaheRe34Sa3yKbhiTahb0n6jAmljGr5XDqQLvpAe HTTP/1.1" 200 2
186.47.219.223 - - [04/Jan/2015:17:20:00 -0500] "GET /BLA/boletinlegal/js/jquery.js HTTP/1.1" 200 57254
186.47.219.223 - - [04/Jan/2015:17:20:00 -0500] "GET /BLA/boletinlegal/js/jquery.scrollTo-min.js HTTP/1.1" 200 1150
186.47.219.223 - - [04/Jan/2015:17:20:00 -0500] "GET /BLA/boletinlegal/js/jquery.scrollShow.js HTTP/1.1" 200 4586
66.249.64.171 - - [04/Jan/2015:17:20:08 -0500] "GET /BLA/resoluciones/RESOLUCIONES%202009/6915.pdf HTTP/1.1" 304 -
66.249.64.167 - - [04/Jan/2015:17:20:45 -0500] "GET /BLA/resoluciones/RESOLUCIONES%202009/0352.pdf HTTP/1.1" 200 364844
186.29.197.182 - - [04/Jan/2015:17:20:46 -0500] "POST /forms/lservlet;jsessionid=ac16012b30d5cf36b19de3354db794b8b4f4c9bb63e2.e3iSbxaKaheRe34Sa3yKbhiTahb0n6jAmljGr5XDqQLvpAe HTTP/1.1" 200 2
180.76.6.20 - - [04/Jan/2015:17:20:50 -0500] "GET /BLA/resoluciones/RESOLUCIONES%202011/1977.pdf HTTP/1.1" 200 200591
88.3.153.29 - - [04/Jan/2015:17:21:22 -0500] "GET /BLA/boletinlegal/js/jquery.scrollShow.js HTTP/1.1" 200 4586
88.3.153.29 - - [04/Jan/2015:17:21:22 -0500] "GET /BLA/boletinlegal/js/jquery.scrollTo-min.js HTTP/1.1" 200 1150
88.3.153.29 - - [04/Jan/2015:17:21:22 -0500] "GET /BLA/boletinlegal/js/jquery.js HTTP/1.1" 200 57254
66.249.64.167 - - [04/Jan/2015:17:21:23 -0500] "GET /BLA/resoluciones/RESOLUCIONES%202012/0717.pdf HTTP/1.1" 200 176594
66.249.64.163 - - [04/Jan/2015:17:21:35 -0500] "GET /BLA/resoluciones/RESOLUCIONES%202007/RES%202007%201801%20AL%201900/RESOLUCION%201801%20DE%202007.pdf HTTP/1.1" 200 854873
187.240.218.42 - - [04/Jan/2015:17:21:36 -0500] "GET /galeria/nivo-slider/demo/demo.html HTTP/1.1" 200 3150
187.240.218.42 - - [04/Jan/2015:17:21:37 -0500] "GET /galeria/nivo-slider/themes/default/default.css HTTP/1.1" 200 1569
187.240.218.42 - - [04/Jan/2015:17:21:37 -0500] "GET /galeria/nivo-slider/themes/pascal/pascal.css HTTP/1.1" 200 2258
187.240.218.42 - - [04/Jan/2015:17:21:37 -0500] "GET /galeria/nivo-slider/themes/orman/orman.css HTTP/1.1" 200 2152
187.240.218.42 - - [04/Jan/2015:17:21:37 -0500] "GET /galeria/nivo-slider/nivo-slider.css HTTP/1.1" 200 1507
187.240.218.42 - - [04/Jan/2015:17:21:37 -0500] "GET /galeria/nivo-slider/demo/style.css HTTP/1.1" 200 2222
187.240.218.42 - - [04/Jan/2015:17:21:37 -0500] "GET /galeria/nivo-slider/demo/scripts/jquery-1.7.1.min.js HTTP/1.1" 200 93868
187.240.218.42 - - [04/Jan/2015:17:21:37 -0500] "GET /galeria/nivo-slider/jquery.nivo.slider.pack.js HTTP/1.1" 200 11561
187.240.218.42 - - [04/Jan/2015:17:21:37 -0500] "GET /galeria/nivo-slider/demo/images/bolsas-08.jpg HTTP/1.1" 200 85589
187.240.218.42 - - [04/Jan/2015:17:21:37 -0500] "GET /galeria/nivo-slider/demo/images/Ruta-vertimientos-01.jpg HTTP/1.1" 200 130151
187.240.218.42 - - [04/Jan/2015:17:21:37 -0500] "GET /galeria/nivo-slider/demo/images/bolsas-06.jpg HTTP/1.1" 200 90982
187.240.218.42 - - [04/Jan/2015:17:21:37 -0500] "GET /galeria/nivo-slider/demo/images/ecolecta-Dic2014.png HTTP/1.1" 200 288593
187.240.218.42 - - [04/Jan/2015:17:21:37 -0500] "GET /galeria/nivo-slider/demo/images/porloshumedales.jpg HTTP/1.1" 200 351238
187.240.218.42 - - [04/Jan/2015:17:21:39 -0500] "GET /galeria/nivo-slider/demo/images/4Simple_Slider.png HTTP/1.1" 200 11722
187.240.218.42 - - [04/Jan/2015:17:21:39 -0500] "GET /galeria/nivo-slider/themes/default/loading.gif HTTP/1.1" 200 1737
187.240.218.42 - - [04/Jan/2015:17:21:39 -0500] "GET /galeria/nivo-slider/demo/images/Banner-Caracol-Africano.jpg HTTP/1.1" 200 331986
187.240.218.42 - - [04/Jan/2015:17:21:39 -0500] "GET /galeria/nivo-slider/demo/images/Tingua-azul.jpg HTTP/1.1" 200 307638
187.240.218.42 - - [04/Jan/2015:17:21:39 -0500] "GET /galeria/nivo-slider/demo/images/banner-redes.jpg HTTP/1.1" 200 62209
187.240.218.42 - - [04/Jan/2015:17:21:40 -0500] "GET /galeria/nivo-slider/demo/images/9Signos.jpg HTTP/1.1" 200 93040
180.76.6.142 - - [04/Jan/2015:17:21:40 -0500] "GET /BLA/resoluciones/RESOLUCIONES%202008/2053.pdf HTTP/1.1" 200 67355
187.240.218.42 - - [04/Jan/2015:17:21:41 -0500] "GET /galeria/nivo-slider/demo/images/banner-llantas2.jpg HTTP/1.1" 200 73153
187.240.218.42 - - [04/Jan/2015:17:21:41 -0500] "GET /galeria/nivo-slider/demo/images/banner-caballos.png HTTP/1.1" 200 389106
74.86.158.107 - - [04/Jan/2015:17:21:42 -0500] "HEAD / HTTP/1.1" 302 -
190.145.92.18 - - [04/Jan/2015:17:21:44 -0500] "GET /galeria/juegos/ear/EARI.swf HTTP/1.1" 200 526915
190.145.92.18 - - [04/Jan/2015:17:21:45 -0500] "GET /galeria/juegos/ear/cab_ear.flv HTTP/1.1" 200 2172365
187.240.218.42 - - [04/Jan/2015:17:21:46 -0500] "GET /galeria/nivo-slider/themes/default/arrows.png HTTP/1.1" 200 824
187.240.218.42 - - [04/Jan/2015:17:21:46 -0500] "GET /galeria/nivo-slider/themes/default/bullets.png HTTP/1.1" 200 1281
181.50.241.109 - - [04/Jan/2015:17:21:48 -0500] "POST /forms/lservlet;jsessionid=ac16012b30d52a185366133943c4afb3b3347df04e04.e3iSbxaKaheRe34Sa3yKbhiTahb0n6jAmljGr5XDqQLvpAe HTTP/1.1" 200 2
66.249.64.163 - - [04/Jan/2015:17:22:00 -0500] "GET /BLA/resoluciones/RESOLUCIONES%202007/RES%202007%203701%20AL%203800/RESOLUCION%203770%20DE%202007.pdf HTTP/1.1" 200 27968
201.184.95.190 - - [04/Jan/2015:17:22:10 -0500] "GET /forest/session.jsp?a=0.19734589103609324 HTTP/1.1" 200 4
201.184.95.190 - - [04/Jan/2015:17:22:11 -0500] "GET /forest/session.jsp?a=0.2665415480732918 HTTP/1.1" 200 4
66.249.64.163 - - [04/Jan/2015:17:22:38 -0500] "GET /BLA/resoluciones/AUTOS%202012/0041.pdf HTTP/1.1" 200 166444
186.29.197.182 - - [04/Jan/2015:17:22:46 -0500] "POST /forms/lservlet;jsessionid=ac16012b30d5cf36b19de3354db794b8b4f4c9bb63e2.e3iSbxaKaheRe34Sa3yKbhiTahb0n6jAmljGr5XDqQLvpAe HTTP/1.1" 200 2
152.200.80.225 - - [04/Jan/2015:17:22:48 -0500] "GET /BLA/boletinlegal/js/jquery.js HTTP/1.1" 200 57254
152.200.80.225 - - [04/Jan/2015:17:22:48 -0500] "GET /BLA/boletinlegal/js/jquery.scrollShow.js HTTP/1.1" 200 4586
152.200.80.225 - - [04/Jan/2015:17:22:48 -0500] "GET /BLA/boletinlegal/js/jquery.scrollTo-min.js HTTP/1.1" 200 1150
188.165.15.110 - - [04/Jan/2015:17:23:01 -0500] "GET /BLA/resoluciones/RESOLUCIONES%202002/RES%202002%20201-250/2002RES214.tif HTTP/1.1" 200 79900
66.249.64.163 - - [04/Jan/2015:17:23:15 -0500] "GET /BLA/resoluciones/RESOLUCIONES%202011/4951.pdf HTTP/1.1" 200 351151
188.165.15.196 - - [04/Jan/2015:17:23:22 -0500] "GET /BLA/resoluciones/RESOLUCIONES%202006/RES%202006%201201-1250/00001203.tif HTTP/1.1" 200 491220
188.165.15.214 - - [04/Jan/2015:17:23:24 -0500] "GET /BLA/resoluciones/RESOLUCIONES%202003/RES%202003%20801-850/831.tif HTTP/1.1" 200 2902908
181.50.241.109 - - [04/Jan/2015:17:23:48 -0500] "POST /forms/lservlet;jsessionid=ac16012b30d52a185366133943c4afb3b3347df04e04.e3iSbxaKaheRe34Sa3yKbhiTahb0n6jAmljGr5XDqQLvpAe HTTP/1.1" 200 2
66.249.64.163 - - [04/Jan/2015:17:23:53 -0500] "GET /BLA/resoluciones/RESOLUCIONES%202007/RES%202007%20401%20AL%20500/RESOLUCION%200455%20DE%202007.pdf HTTP/1.1" 200 688316
188.165.15.138 - - [04/Jan/2015:17:23:58 -0500] "GET /BLA/resoluciones/RESOLUCIONES%202005/RES%202005%202751-2800/00002785.tif HTTP/1.1" 200 40602
66.249.64.167 - - [04/Jan/2015:17:24:23 -0500] "GET /BLA/resoluciones/RESOLUCIONES%202007/RES%202007%201501%20AL%201600/RESOLUCION%201554%20DE%202007.pdf HTTP/1.1" 200 814708
66.249.64.163 - - [04/Jan/2015:17:24:30 -0500] "GET /BLA/resoluciones/RESOLUCIONES%202013/0244.pdf HTTP/1.1" 304 -
186.29.197.182 - - [04/Jan/2015:17:24:46 -0500] "POST /forms/lservlet;jsessionid=ac16012b30d5cf36b19de3354db794b8b4f4c9bb63e2.e3iSbxaKaheRe34Sa3yKbhiTahb0n6jAmljGr5XDqQLvpAe HTTP/1.1" 200 2
188.165.15.195 - - [04/Jan/2015:17:25:04 -0500] "GET /BLA/resoluciones/RESOLUCIONES%202003/RES%202003%201651-1700/20031678.tif HTTP/1.1" 200 81080
66.249.64.167 - - [04/Jan/2015:17:25:08 -0500] "GET /BLA/resoluciones/AUTOS%202013/0356.pdf HTTP/1.1" 304 -
66.249.64.167 - - [04/Jan/2015:17:25:46 -0500] "GET /BLA/resoluciones/AUTOS%202011/2719.pdf HTTP/1.1" 200 201335
181.50.241.109 - - [04/Jan/2015:17:25:48 -0500] "POST /forms/lservlet;jsessionid=ac16012b30d52a185366133943c4afb3b3347df04e04.e3iSbxaKaheRe34Sa3yKbhiTahb0n6jAmljGr5XDqQLvpAe HTTP/1.1" 200 2
188.165.15.195 - - [04/Jan/2015:17:25:52 -0500] "GET /BLA/resoluciones/RESOLUCIONES%202006/RES%202006%20501-550/00000526.tif HTTP/1.1" 200 207342
66.249.64.167 - - [04/Jan/2015:17:26:23 -0500] "GET /BLA/resoluciones/RESOLUCIONES%202010/6096.pdf HTTP/1.1" 200 658872
