66.249.64.171 - - [17/Jan/2015:00:56:33 -0500] "GET /BLA/resoluciones/RESOLUCIONES%202007/RES%202007%20501%20AL%20600/RESOLUCION%200556%20DE%202007.pdf HTTP/1.1" 200 1609616
74.86.158.107 - - [17/Jan/2015:00:57:26 -0500] "HEAD / HTTP/1.1" 302 -
66.249.64.167 - - [17/Jan/2015:00:57:44 -0500] "GET /BLA/resoluciones/AUTOS%202011/4355.pdf HTTP/1.1" 200 316785
180.76.6.230 - - [17/Jan/2015:00:58:18 -0500] "GET /BLA/resoluciones/AUTOS%202011/0026.pdf HTTP/1.1" 200 134077
66.249.64.47 - - [17/Jan/2015:00:58:38 -0500] "GET /galeria/nivo-slider/themes/pascal/ribbon.png HTTP/1.1" 200 10973
66.249.64.167 - - [17/Jan/2015:00:58:54 -0500] "GET /BLA/resoluciones/RESOLUCIONES%202009/7774.pdf HTTP/1.1" 200 492289
66.249.64.171 - - [17/Jan/2015:00:59:00 -0500] "GET /BLA/resoluciones/index.php?dir=RESOLUCIONES+2005%2FRES+2005+451-500%2F HTTP/1.1" 200 12244
66.249.64.163 - - [17/Jan/2015:00:59:22 -0500] "GET /BLA/resoluciones/RESOLUCIONES%202014/0452.pdf HTTP/1.1" 304 -
23.235.205.188 - - [17/Jan/2015:00:59:30 -0500] "GET /old/wp-admin/ HTTP/1.1" 404 1018
66.249.64.163 - - [17/Jan/2015:01:00:04 -0500] "GET /BLA/resoluciones/AUTOS%202007/0027.pdf HTTP/1.1" 200 117079
66.249.64.171 - - [17/Jan/2015:01:00:47 -0500] "GET /BLA/resoluciones/RESOLUCIONES%202008/0569.pdf HTTP/1.1" 200 115575
66.249.64.171 - - [17/Jan/2015:01:01:15 -0500] "GET /BLA/resoluciones/RESOLUCIONES%202009/7590.pdf HTTP/1.1" 200 494483
188.165.15.44 - - [17/Jan/2015:01:01:19 -0500] "GET /BLA/resoluciones/RESOLUCIONES%202004/RES%202004%201551-1600/00001581.tif HTTP/1.1" 200 219868
201.245.192.253 - - [17/Jan/2015:00:55:25 -0500] "GET /ForestMSG_SDA/channelAsync/template_word_17276338?X-Atmosphere-tracking-id=288ab1dd-bb0a-d661-55e7-d94dc92051b6&X-Atmosphere-Framework=1.0.5&X-Atmosphere-Transport=long-polling&tabid=0.0928294702898711&X-Cache-Date=0&Content-Type=application/xml&_=1421474590277 HTTP/1.1" 200 8193
66.249.64.163 - - [17/Jan/2015:01:01:32 -0500] "GET /BLA/resoluciones/index.php?dir=RESOLUCIONES+2005%2FRES+2005+201-250%2F HTTP/1.1" 200 12248
188.165.15.66 - - [17/Jan/2015:01:02:18 -0500] "GET /BLA/resoluciones/RESOLUCIONES%202006/RES%202006%20901-950/00000925.tif HTTP/1.1" 200 67322
66.249.64.167 - - [17/Jan/2015:01:02:21 -0500] "GET /BLA/resoluciones/AUTOS%202010/5310.pdf HTTP/1.1" 200 1201166
188.165.15.130 - - [17/Jan/2015:01:02:23 -0500] "GET /BLA/resoluciones/RESOLUCIONES%202006/RES%202006%20251-300/00000256.tif HTTP/1.1" 200 217168
66.249.64.163 - - [17/Jan/2015:01:02:25 -0500] "GET /BLA/resoluciones/RESOLUCIONES%202007/RES%202007%203001%20AL%203100/RESOLUCION%203068%20DE%202007.pdf HTTP/1.1" 200 667948
74.86.158.107 - - [17/Jan/2015:01:02:26 -0500] "HEAD / HTTP/1.1" 302 -
66.249.64.171 - - [17/Jan/2015:01:03:35 -0500] "GET /BLA/resoluciones/RESOLUCIONES%202012/1326.pdf HTTP/1.1" 200 430612
66.249.64.163 - - [17/Jan/2015:01:03:55 -0500] "GET /BLA/resoluciones/RESOLUCIONES%202004/RES%202004%2051-100/00000099.tif HTTP/1.1" 200 166736
66.249.64.167 - - [17/Jan/2015:01:04:06 -0500] "GET /BLA/resoluciones/index.php?dir=RESOLUCIONES+2006%2FRES+2006+1751-1800%2F HTTP/1.1" 200 12368
66.249.64.163 - - [17/Jan/2015:01:04:46 -0500] "GET /BLA/resoluciones/RESOLUCIONES%202011/0561.pdf HTTP/1.1" 200 328336
66.249.64.163 - - [17/Jan/2015:01:05:03 -0500] "GET /BLA/resoluciones/RESOLUCIONES%202010/6112.pdf HTTP/1.1" 200 692059
188.165.15.239 - - [17/Jan/2015:01:05:20 -0500] "GET /BLA/resoluciones/RESOLUCIONES%202004/RES%202004%2051-100/00000077.tif HTTP/1.1" 200 61052
188.186.142.123 - - [17/Jan/2015:01:05:27 -0500] "GET / HTTP/1.0" 302 -
66.249.64.167 - - [17/Jan/2015:01:05:56 -0500] "GET /BLA/resoluciones/AUTOS%202012/1173.pdf HTTP/1.1" 200 152600
66.249.64.163 - - [17/Jan/2015:01:06:38 -0500] "GET /StormSDA/userFiles/user_files/85/ HTTP/1.1" 200 816
66.249.64.167 - - [17/Jan/2015:01:07:06 -0500] "GET /BLA/resoluciones/RESOLUCIONES%202011/1240.pdf HTTP/1.1" 200 276767
74.86.158.107 - - [17/Jan/2015:01:07:26 -0500] "HEAD / HTTP/1.1" 302 -
152.61.128.66 - - [17/Jan/2015:01:07:29 -0500] "HEAD / HTTP/1.1" 302 -
152.61.128.66 - - [17/Jan/2015:01:07:29 -0500] "GET /arcgis/services/Calidad_del_Agua_WQI/MapServer/WMSServer?request=GetCapabilities&service=WMS HTTP/1.1" 200 32135
152.61.128.66 - - [17/Jan/2015:01:07:29 -0500] "GET /arcgis/services/Calidad_del_Agua_WQI/MapServer/WMSServer?request=GetCapabilities&service=WMS HTTP/1.0" 200 32135
152.61.128.66 - - [17/Jan/2015:01:07:30 -0500] "GET /arcgis/services/Calidad_del_Agua_WQI/MapServer/WMSServer?request=GetCapabilities&service=WMS HTTP/1.0" 200 32135
152.61.128.66 - - [17/Jan/2015:01:07:31 -0500] "GET /arcgis/services/Calidad_del_Agua_WQI/MapServer/WMSServer?request=GetCapabilities&service=WMS HTTP/1.0" 200 32135
152.61.128.66 - - [17/Jan/2015:01:07:32 -0500] "GET /arcgis/services/Calidad_del_Agua_WQI/MapServer/WMSServer?VERSION=1.1.1&REQUEST=GetMap&LAYERS=0&SRS=EPSG:4326&BBOX=-74.473395,3.674381,-73.963300,4.920569&WIDTH=250&HEIGHT=250&FORMAT=image/bmp&STYLES=& HTTP/1.1" 200 188054
66.249.64.167 - - [17/Jan/2015:01:08:17 -0500] "GET /autoliquidacion/index.php?dir=TR%C1MITES%20MINER%CDA/&sort=date&order=desc HTTP/1.1" 200 2828
66.249.64.163 - - [17/Jan/2015:01:08:20 -0500] "GET /BLA/resoluciones/AUTOS%202010/6927.pdf HTTP/1.1" 200 257878
201.245.192.253 - - [17/Jan/2015:01:02:25 -0500] "GET /ForestMSG_SDA/channelAsync/template_word_17276338?X-Atmosphere-tracking-id=a80a8892-6c2c-56c0-3ce9-cb79b8d40d0f&X-Atmosphere-Framework=1.0.5&X-Atmosphere-Transport=long-polling&tabid=0.0928294702898711&X-Cache-Date=0&Content-Type=application/xml&_=1421475010314 HTTP/1.1" 200 8193
180.76.6.55 - - [17/Jan/2015:01:09:05 -0500] "GET /BLA/resoluciones/AUTOS%202010/6676.pdf HTTP/1.1" 200 233608
66.249.64.59 - - [17/Jan/2015:01:09:27 -0500] "GET /BLA/resoluciones/AUTOS%202008/1659.pdf HTTP/1.1" 200 108170
66.249.64.163 - - [17/Jan/2015:01:09:31 -0500] "GET /BLA/resoluciones/RESOLUCIONES%202009/3957.pdf HTTP/1.1" 304 -
186.113.72.112 - - [17/Jan/2015:01:10:27 -0500] "GET /hidrico/aguas%20subterraneas/ HTTP/1.1" 404 1296
66.249.64.167 - - [17/Jan/2015:01:10:37 -0500] "GET /BLA/resoluciones/RESOLUCIONES%202012/1833.pdf HTTP/1.1" 200 1005329
186.113.83.213 - - [17/Jan/2015:01:11:34 -0500] "GET /BLA/boletinlegal/js/jquery.js HTTP/1.1" 200 57254
186.113.83.213 - - [17/Jan/2015:01:11:34 -0500] "GET /galeria/carrusel/Carrusel/jquery.thumbnailScroller.css HTTP/1.1" 200 2066
186.113.83.213 - - [17/Jan/2015:01:11:34 -0500] "GET /BLA/boletinlegal/js/jquery.scrollTo-min.js HTTP/1.1" 200 1150
186.113.83.213 - - [17/Jan/2015:01:11:34 -0500] "GET /BLA/boletinlegal/js/jquery.scrollShow.js HTTP/1.1" 200 4586
186.113.83.213 - - [17/Jan/2015:01:11:34 -0500] "GET /galeria/carrusel/Carrusel/jquery-ui-1.8.13.custom.min.js HTTP/1.1" 200 10800
186.113.83.213 - - [17/Jan/2015:01:11:34 -0500] "GET /galeria/carrusel/Carrusel/jquery.thumbnailScroller.js HTTP/1.1" 200 8157
186.113.83.213 - - [17/Jan/2015:01:11:35 -0500] "GET /galeria/nivo-slider/demo/demo.html HTTP/1.1" 200 3150
186.113.83.213 - - [17/Jan/2015:01:11:36 -0500] "GET /galeria/nivo-slider/themes/default/default.css HTTP/1.1" 200 1569
186.113.83.213 - - [17/Jan/2015:01:11:36 -0500] "GET /galeria/nivo-slider/themes/pascal/pascal.css HTTP/1.1" 200 2258
186.113.83.213 - - [17/Jan/2015:01:11:36 -0500] "GET /galeria/nivo-slider/themes/orman/orman.css HTTP/1.1" 200 2152
186.113.83.213 - - [17/Jan/2015:01:11:36 -0500] "GET /galeria/nivo-slider/nivo-slider.css HTTP/1.1" 200 1507
186.113.83.213 - - [17/Jan/2015:01:11:36 -0500] "GET /galeria/nivo-slider/demo/style.css HTTP/1.1" 200 2222
186.113.83.213 - - [17/Jan/2015:01:11:36 -0500] "GET /galeria/nivo-slider/demo/scripts/jquery-1.7.1.min.js HTTP/1.1" 200 93868
186.113.83.213 - - [17/Jan/2015:01:11:36 -0500] "GET /galeria/nivo-slider/jquery.nivo.slider.pack.js HTTP/1.1" 200 11561
186.113.83.213 - - [17/Jan/2015:01:11:36 -0500] "GET /galeria/nivo-slider/demo/images/bolsas-08.jpg HTTP/1.1" 200 85589
186.113.83.213 - - [17/Jan/2015:01:11:36 -0500] "GET /galeria/nivo-slider/demo/images/Ruta-vertimientos-01.jpg HTTP/1.1" 200 130151
186.113.83.213 - - [17/Jan/2015:01:11:36 -0500] "GET /galeria/nivo-slider/demo/images/bolsas-06.jpg HTTP/1.1" 200 90982
186.113.83.213 - - [17/Jan/2015:01:11:36 -0500] "GET /galeria/nivo-slider/demo/images/ecolecta-Dic2014.png HTTP/1.1" 200 288593
186.113.83.213 - - [17/Jan/2015:01:11:36 -0500] "GET /galeria/nivo-slider/demo/images/porloshumedales.jpg HTTP/1.1" 200 351238
186.113.83.213 - - [17/Jan/2015:01:11:37 -0500] "GET /galeria/nivo-slider/demo/images/4Simple_Slider.png HTTP/1.1" 200 11722
186.113.83.213 - - [17/Jan/2015:01:11:37 -0500] "GET /galeria/nivo-slider/themes/default/loading.gif HTTP/1.1" 200 1737
186.113.83.213 - - [17/Jan/2015:01:11:37 -0500] "GET /galeria/nivo-slider/demo/images/Tingua-azul.jpg HTTP/1.1" 200 307638
186.113.83.213 - - [17/Jan/2015:01:11:37 -0500] "GET /galeria/nivo-slider/demo/images/Banner-Caracol-Africano.jpg HTTP/1.1" 200 331986
186.113.83.213 - - [17/Jan/2015:01:11:37 -0500] "GET /galeria/nivo-slider/demo/images/banner-redes.jpg HTTP/1.1" 200 62209
186.113.83.213 - - [17/Jan/2015:01:11:38 -0500] "GET /galeria/nivo-slider/demo/images/9Signos.jpg HTTP/1.1" 200 93040
186.113.83.213 - - [17/Jan/2015:01:11:39 -0500] "GET /galeria/nivo-slider/demo/images/banner-llantas2.jpg HTTP/1.1" 200 73153
186.113.83.213 - - [17/Jan/2015:01:11:39 -0500] "GET /galeria/nivo-slider/demo/images/banner-caballos.png HTTP/1.1" 200 389106
186.113.83.213 - - [17/Jan/2015:01:11:40 -0500] "GET /galeria/nivo-slider/themes/default/arrows.png HTTP/1.1" 200 824
186.113.83.213 - - [17/Jan/2015:01:11:40 -0500] "GET /galeria/nivo-slider/themes/default/bullets.png HTTP/1.1" 200 1281
66.249.64.171 - - [17/Jan/2015:01:11:48 -0500] "GET /BLA/resoluciones/RESOLUCIONES%202012/1766.pdf HTTP/1.1" 200 1322120
66.249.64.167 - - [17/Jan/2015:01:11:49 -0500] "GET /BLA/resoluciones/AUTOS%202010/2491.pdf HTTP/1.1" 200 223318
74.86.158.107 - - [17/Jan/2015:01:12:26 -0500] "HEAD / HTTP/1.1" 302 -
188.165.15.79 - - [17/Jan/2015:01:12:48 -0500] "GET /BLA/resoluciones/RESOLUCIONES%202006/RES%202006%202501-2550/00002526.tif HTTP/1.1" 200 122462
66.249.64.167 - - [17/Jan/2015:01:12:56 -0500] "GET /BLA/resoluciones/AUTOS%202010/2285.pdf HTTP/1.1" 200 308181
66.249.64.167 - - [17/Jan/2015:01:12:58 -0500] "GET /BLA/resoluciones/RESOLUCIONES%202012/1804.pdf HTTP/1.1" 200 1121256
186.113.72.112 - - [17/Jan/2015:01:13:15 -0500] "GET /videos/galeria-fotografica/index19.html? HTTP/1.1" 200 1972
186.113.72.112 - - [17/Jan/2015:01:13:15 -0500] "GET /videos/galeria-fotografica/js/jquery-flickr-gallery/jquery-flickr.css HTTP/1.1" 200 711
186.113.72.112 - - [17/Jan/2015:01:13:15 -0500] "GET /videos/galeria-fotografica/js/jquery-flickr-gallery/jquery-flickr-gallery.js HTTP/1.1" 200 9050
186.113.72.112 - - [17/Jan/2015:01:13:16 -0500] "GET /videos/galeria-fotografica/js/jquery-flickr-gallery/loader.gif HTTP/1.1" 200 2129
188.165.15.15 - - [17/Jan/2015:01:13:17 -0500] "GET /BLA/resoluciones/RESOLUCIONES%202004/RES%202004%20201-250/00000233.tif HTTP/1.1" 200 99326
188.165.15.66 - - [17/Jan/2015:01:13:18 -0500] "GET /BLA/resoluciones/RESOLUCIONES%202005/RES%202005%201051-1100/00001057.tif HTTP/1.1" 200 130928
180.76.5.195 - - [17/Jan/2015:01:13:52 -0500] "GET /BLA/resoluciones/AUTOS%202011/3287.pdf HTTP/1.1" 200 218615
66.249.64.163 - - [17/Jan/2015:01:14:09 -0500] "GET /BLA/resoluciones/RESOLUCIONES%202012/1908.pdf HTTP/1.1" 200 2395489
66.249.64.39 - - [17/Jan/2015:01:14:16 -0500] "GET /publi/Avisos.xls HTTP/1.1" 404 1019
180.76.6.50 - - [17/Jan/2015:01:14:32 -0500] "GET /BLA/boletinlegal;jsessionid=6B37AF6F003C18BDA80B4C72AC81D982?/? HTTP/1.1" 404 1018
180.76.6.158 - - [17/Jan/2015:01:15:10 -0500] "GET /Autoliquidacion/index.php?dir=Grupo%20Forestal%20-%20Silvicultura/&sort=date&order=asc HTTP/1.1" 200 5777
201.245.192.253 - - [17/Jan/2015:01:09:25 -0500] "GET /ForestMSG_SDA/channelAsync/template_word_17276338?X-Atmosphere-tracking-id=4f388fdc-9c72-0d4e-d82d-67c25ac8fab6&X-Atmosphere-Framework=1.0.5&X-Atmosphere-Transport=long-polling&tabid=0.0928294702898711&X-Cache-Date=0&Content-Type=application/xml&_=1421475430457 HTTP/1.1" 200 8193
188.165.15.138 - - [17/Jan/2015:01:15:36 -0500] "GET /BLA/resoluciones/RESOLUCIONES%202004/RES%202004%20351-400/00000369.tif HTTP/1.1" 200 196816
66.249.64.171 - - [17/Jan/2015:01:15:43 -0500] "GET /BLA/resoluciones/AUTOS%202010/2364.pdf HTTP/1.1" 200 311232
66.249.64.171 - - [17/Jan/2015:01:15:50 -0500] "GET /BLA/resoluciones/AUTOS%202010/2905.pdf HTTP/1.1" 200 741488
66.249.64.171 - - [17/Jan/2015:01:16:29 -0500] "GET /BLA/resoluciones/RESOLUCIONES%202012/0580.pdf HTTP/1.1" 200 1097980
188.165.15.239 - - [17/Jan/2015:01:16:45 -0500] "GET /BLA/resoluciones/RESOLUCIONES%202006/RES%202006%201-50/00000015.tif HTTP/1.1" 200 38772
66.249.64.163 - - [17/Jan/2015:01:16:45 -0500] "GET /BLA/resoluciones/AUTOS%202010/3851.pdf HTTP/1.1" 200 153680
188.165.15.21 - - [17/Jan/2015:01:16:46 -0500] "GET /BLA/resoluciones/RESOLUCIONES%202002/RES%202002%201601-1650/20021650.tif HTTP/1.1" 200 80124
180.76.5.145 - - [17/Jan/2015:01:16:56 -0500] "GET / HTTP/1.1" 302 -
66.249.64.171 - - [17/Jan/2015:01:16:58 -0500] "GET /BLA/resoluciones/AUTOS%202010/6677.pdf HTTP/1.1" 200 199243
180.76.6.230 - - [17/Jan/2015:01:17:22 -0500] "GET /BLA/resoluciones/AUTOS%202009/0914.pdf HTTP/1.1" 200 120748
74.86.158.107 - - [17/Jan/2015:01:17:26 -0500] "HEAD / HTTP/1.1" 302 -
66.249.64.163 - - [17/Jan/2015:01:17:40 -0500] "GET /BLA/resoluciones/RESOLUCIONES%202007/RES%202007%201726%20AL%201800/RESOLUCION%201749%20DE%202007.pdf HTTP/1.1" 200 245588
66.249.64.163 - - [17/Jan/2015:01:17:46 -0500] "GET /BLA/resoluciones/AUTOS%202010/3310.pdf HTTP/1.1" 200 141636
123.125.71.57 - - [17/Jan/2015:01:17:53 -0500] "GET / HTTP/1.1" 302 -
66.249.64.163 - - [17/Jan/2015:01:18:10 -0500] "GET /BLA/resoluciones/AUTOS%202010/2289.pdf HTTP/1.1" 200 575280
66.249.64.171 - - [17/Jan/2015:01:18:12 -0500] "GET /BLA/resoluciones/RESOLUCIONES%202008/5071.pdf HTTP/1.1" 200 387277
66.249.64.167 - - [17/Jan/2015:01:18:50 -0500] "GET /BLA/resoluciones/RESOLUCIONES%202009/8437.pdf HTTP/1.1" 200 557306
66.249.64.167 - - [17/Jan/2015:01:19:15 -0500] "GET /BLA/resoluciones/AUTOS%202011/3009.pdf HTTP/1.1" 200 110462
220.181.108.163 - - [17/Jan/2015:01:19:17 -0500] "GET / HTTP/1.1" 302 -
66.249.64.163 - - [17/Jan/2015:01:19:21 -0500] "GET /BLA/resoluciones/AUTOS%202008/1628.pdf HTTP/1.1" 200 66657
66.249.64.171 - - [17/Jan/2015:01:19:25 -0500] "GET /BLA/resoluciones/AUTOS%202010/4742.pdf HTTP/1.1" 200 904379
180.76.5.76 - - [17/Jan/2015:01:19:27 -0500] "GET /BLA/resoluciones/AUTOS%202007/1222.pdf HTTP/1.1" 200 169689
181.148.12.241 - - [17/Jan/2015:01:19:38 -0500] "GET /BLA/boletinlegal/js/jquery.js HTTP/1.1" 200 57254
181.148.12.241 - - [17/Jan/2015:01:19:38 -0500] "GET /BLA/boletinlegal/js/jquery.scrollTo-min.js HTTP/1.1" 200 1150
181.148.12.241 - - [17/Jan/2015:01:19:38 -0500] "GET /BLA/boletinlegal/js/jquery.scrollShow.js HTTP/1.1" 200 4586
66.249.64.171 - - [17/Jan/2015:01:20:00 -0500] "GET /BLA/resoluciones/AUTOS%202010/5896.pdf HTTP/1.1" 200 239563
66.249.64.163 - - [17/Jan/2015:01:21:11 -0500] "GET /BLA/resoluciones/AUTOS%202008/2301.pdf HTTP/1.1" 200 115338
188.165.15.237 - - [17/Jan/2015:01:21:18 -0500] "GET /BLA/resoluciones/RESOLUCIONES%202005/RES%202005%202251-2300/00002269.tif HTTP/1.1" 200 34668
66.249.64.43 - - [17/Jan/2015:01:21:53 -0500] "GET /siac/documentos/Bases%20concertacion%20Salud.doc HTTP/1.1" 404 1019
202.46.50.37 - - [17/Jan/2015:01:21:54 -0500] "GET /BLA/resoluciones/AUTOS%202011/3287.pdf HTTP/1.1" 200 218615
66.249.64.167 - - [17/Jan/2015:01:22:02 -0500] "GET /BLA/resoluciones/AUTOS%202010/4427.pdf HTTP/1.1" 200 1160288
66.249.64.163 - - [17/Jan/2015:01:22:17 -0500] "GET /BLA/resoluciones/RESOLUCIONES%202007/RES%202007%201401%20AL%201500/RESOLUCION%201423%20DE%202007.pdf HTTP/1.1" 200 365475
66.249.64.163 - - [17/Jan/2015:01:22:21 -0500] "GET /BLA/resoluciones/AUTOS%202007/2278.pdf HTTP/1.1" 200 328296
201.245.192.253 - - [17/Jan/2015:01:16:25 -0500] "GET /ForestMSG_SDA/channelAsync/template_word_17276338?X-Atmosphere-tracking-id=9245d50c-3654-1d3b-7f81-1f07d6349e5a&X-Atmosphere-Framework=1.0.5&X-Atmosphere-Transport=long-polling&tabid=0.0928294702898711&X-Cache-Date=0&Content-Type=application/xml&_=1421475850588 HTTP/1.1" 200 8193
74.86.158.107 - - [17/Jan/2015:01:22:26 -0500] "HEAD / HTTP/1.1" 302 -
180.76.6.140 - - [17/Jan/2015:01:22:32 -0500] "GET /BLA/resoluciones/AUTOS%202007/2736.pdf HTTP/1.1" 200 97687
188.165.15.138 - - [17/Jan/2015:01:22:36 -0500] "GET /BLA/resoluciones/RESOLUCIONES%202004/RES%202004%201301-1350/00001326.tif HTTP/1.1" 200 88716
188.165.15.239 - - [17/Jan/2015:01:23:09 -0500] "GET /BLA/resoluciones/RESOLUCIONES%202006/RES%202006%201-50/00000029.tif HTTP/1.1" 200 744276
188.165.15.130 - - [17/Jan/2015:01:23:30 -0500] "GET /BLA/resoluciones/RESOLUCIONES%202006/RES%202006%20101-150/00000140.tif HTTP/1.1" 200 221248
66.249.64.171 - - [17/Jan/2015:01:23:31 -0500] "GET /BLA/resoluciones/RESOLUCIONES%202010/7038.pdf HTTP/1.1" 304 -
66.249.64.167 - - [17/Jan/2015:01:24:10 -0500] "GET /BLA/resoluciones/RESOLUCIONES%202004/RES%202004%2051-100/00000064.tif HTTP/1.1" 200 115708
66.249.64.39 - - [17/Jan/2015:01:24:27 -0500] "GET /MANUALFUNC/Administrativa%20y%20Financiera/440-17%20Secretario.pdf HTTP/1.1" 404 1019
188.165.15.79 - - [17/Jan/2015:01:24:41 -0500] "GET /BLA/resoluciones/RESOLUCIONES%202006/RES%202006%20651-700/00000696.tif HTTP/1.1" 200 255196
66.249.64.167 - - [17/Jan/2015:01:24:42 -0500] "GET /BLA/resoluciones/RESOLUCIONES%202010/6545.pdf HTTP/1.1" 304 -
66.249.64.171 - - [17/Jan/2015:01:25:52 -0500] "GET /BLA/resoluciones/AUTOS%202012/1995.pdf HTTP/1.1" 304 -
186.155.137.75 - - [17/Jan/2015:01:26:03 -0500] "GET /BLA/boletinlegal/js/jquery.js HTTP/1.1" 200 57254
186.155.137.75 - - [17/Jan/2015:01:26:03 -0500] "GET /BLA/boletinlegal/js/jquery.scrollTo-min.js HTTP/1.1" 200 1150
186.155.137.75 - - [17/Jan/2015:01:26:03 -0500] "GET /BLA/boletinlegal/js/jquery.scrollShow.js HTTP/1.1" 200 4586
66.249.64.167 - - [17/Jan/2015:01:26:29 -0500] "GET /BLA/resoluciones/AUTOS%202010/3123.pdf HTTP/1.1" 200 154649
66.249.64.167 - - [17/Jan/2015:01:26:45 -0500] "GET /BLA/resoluciones/Autos%202008/0191.pdf HTTP/1.1" 200 254436
66.249.64.167 - - [17/Jan/2015:01:27:02 -0500] "GET /BLA/resoluciones/AUTOS%202013/0962.pdf HTTP/1.1" 304 -
188.165.15.138 - - [17/Jan/2015:01:27:25 -0500] "GET /BLA/resoluciones/RESOLUCIONES%202004/RES%202004%201851-1900/00001875.tif HTTP/1.1" 200 159134
74.86.158.107 - - [17/Jan/2015:01:27:26 -0500] "HEAD / HTTP/1.1" 302 -
66.249.64.167 - - [17/Jan/2015:01:28:13 -0500] "GET /BLA/resoluciones/RESOLUCIONES%202011/2590.pdf HTTP/1.1" 200 173143
66.249.64.39 - - [17/Jan/2015:01:28:21 -0500] "GET /galeria/nivo-slider/themes/orman/loading.gif HTTP/1.1" 200 1737
66.249.64.167 - - [17/Jan/2015:01:28:32 -0500] "GET /BLA/resoluciones/AUTOS%202010/3086.pdf HTTP/1.1" 200 201492
66.249.64.167 - - [17/Jan/2015:01:29:23 -0500] "GET /BLA/resoluciones/RESOLUCIONES%202010/6083.pdf HTTP/1.1" 304 -
190.26.210.162 - - [17/Jan/2015:01:29:24 -0500] "GET / HTTP/1.1" 302 -
201.245.192.253 - - [17/Jan/2015:01:23:25 -0500] "GET /ForestMSG_SDA/channelAsync/template_word_17276338?X-Atmosphere-tracking-id=31d3921a-9fbe-61ba-ca04-c2c31936bdc4&X-Atmosphere-Framework=1.0.5&X-Atmosphere-Transport=long-polling&tabid=0.0928294702898711&X-Cache-Date=0&Content-Type=application/xml&_=1421476270744 HTTP/1.1" 200 8193
66.249.64.47 - - [17/Jan/2015:01:29:32 -0500] "GET /manual_funciones_Listado/2.3.%20Direcci%C3%B3n%20de%20Gesti%C3%B3n%20Ambiental/Profesional%20Especializado%20222-20.pdf HTTP/1.1" 404 1019
152.61.193.99 - - [17/Jan/2015:01:30:05 -0500] "HEAD / HTTP/1.1" 302 -
152.61.193.99 - - [17/Jan/2015:01:30:05 -0500] "GET /arcgis/services/Calidad_del_Agua_WQI/MapServer/WMSServer?request=GetCapabilities&service=WMS HTTP/1.1" 200 32135
152.61.193.99 - - [17/Jan/2015:01:30:06 -0500] "GET /arcgis/services/Calidad_del_Agua_WQI/MapServer/WMSServer?request=GetCapabilities&service=WMS HTTP/1.1" 200 32135
152.61.193.99 - - [17/Jan/2015:01:30:07 -0500] "GET /arcgis/services/Calidad_del_Agua_WQI/MapServer/WMSServer?request=GetCapabilities&service=WMS HTTP/1.1" 200 32135
152.61.193.99 - - [17/Jan/2015:01:30:08 -0500] "GET /arcgis/services/Calidad_del_Agua_WQI/MapServer/WMSServer?request=GetCapabilities&service=WMS HTTP/1.1" 200 32135
152.61.193.99 - - [17/Jan/2015:01:30:08 -0500] "GET /arcgis/services/Calidad_del_Agua_WQI/MapServer/WMSServer?VERSION=1.1.1&REQUEST=GetMap&LAYERS=0&SRS=EPSG:4326&BBOX=-74.473395,3.674381,-73.963300,4.920569&WIDTH=250&HEIGHT=250&FORMAT=image/bmp&STYLES=& HTTP/1.1" 200 188054
180.76.6.16 - - [17/Jan/2015:01:30:19 -0500] "GET /BLA/boletinlegal;jsessionid=2C1533DDB2E76FD33D94026BF1A7BD61?/? HTTP/1.1" 404 1018
66.249.64.163 - - [17/Jan/2015:01:30:34 -0500] "GET /BLA/resoluciones/RESOLUCIONES%202013/0880.pdf HTTP/1.1" 200 565879
152.61.193.99 - - [17/Jan/2015:01:30:39 -0500] "HEAD / HTTP/1.1" 302 -
152.61.193.99 - - [17/Jan/2015:01:30:39 -0500] "GET /arcgis/services/Calidad_del_Agua_WQI/MapServer/WMSServer?SERVICE=WMS&REQUEST=GetCapabilities HTTP/1.1" 200 32135
152.61.193.99 - - [17/Jan/2015:01:30:40 -0500] "GET /arcgis/services/Calidad_del_Agua_WQI/MapServer/WMSServer?SERVICE=WMS&REQUEST=GetCapabilities HTTP/1.1" 200 32135
152.61.193.99 - - [17/Jan/2015:01:30:41 -0500] "GET /arcgis/services/Calidad_del_Agua_WQI/MapServer/WMSServer?SERVICE=WMS&REQUEST=GetCapabilities HTTP/1.1" 200 32135
152.61.193.99 - - [17/Jan/2015:01:30:41 -0500] "GET /arcgis/services/Calidad_del_Agua_WQI/MapServer/WMSServer?SERVICE=WMS&REQUEST=GetCapabilities HTTP/1.1" 200 32135
152.61.193.99 - - [17/Jan/2015:01:30:42 -0500] "GET /arcgis/services/Calidad_del_Agua_WQI/MapServer/WMSServer?VERSION=1.1.1&REQUEST=GetMap&LAYERS=0&SRS=EPSG:4326&BBOX=-74.473395,3.674381,-73.963300,4.920569&WIDTH=250&HEIGHT=250&FORMAT=image/bmp&STYLES=& HTTP/1.1" 200 188054
66.249.64.171 - - [17/Jan/2015:01:31:44 -0500] "GET /BLA/resoluciones/RESOLUCIONES%202011/4639.pdf HTTP/1.1" 304 -
180.76.5.67 - - [17/Jan/2015:01:31:49 -0500] "GET /BLA/resoluciones/AUTOS%202010/6408.pdf HTTP/1.1" 200 160488
188.165.15.15 - - [17/Jan/2015:01:32:14 -0500] "GET /BLA/resoluciones/RESOLUCIONES%202005/RES%202005%202051-2100/00002095.tif HTTP/1.1" 200 243994
74.86.158.107 - - [17/Jan/2015:01:32:26 -0500] "HEAD / HTTP/1.1" 302 -
66.249.64.171 - - [17/Jan/2015:01:32:54 -0500] "GET /BLA/resoluciones/RESOLUCIONES%202007/RES%202007%202501%20AL%202600/RESOLUCION%202518%20DE%202007.pdf HTTP/1.1" 304 -
66.249.64.47 - - [17/Jan/2015:01:34:05 -0500] "GET /PruebasSTORM/silvicultura2Pruebas/ HTTP/1.1" 200 1235
66.249.64.167 - - [17/Jan/2015:01:34:37 -0500] "GET /BLA/resoluciones/AUTOS%202007/0793.pdf HTTP/1.1" 200 66933
188.165.15.237 - - [17/Jan/2015:01:35:12 -0500] "GET /BLA/resoluciones/RESOLUCIONES%202004/RES%202004%201651-1700/00001691.tif HTTP/1.1" 200 143788
66.249.64.167 - - [17/Jan/2015:01:35:15 -0500] "GET /BLA/resoluciones/AUTOS%202013/1282.pdf HTTP/1.1" 304 -
201.245.192.253 - - [17/Jan/2015:01:30:25 -0500] "GET /ForestMSG_SDA/channelAsync/template_word_17276338?X-Atmosphere-tracking-id=4a4b2854-a88b-74e9-1a47-c680bdd3a94b&X-Atmosphere-Framework=1.0.5&X-Atmosphere-Transport=long-polling&tabid=0.0928294702898711&X-Cache-Date=0&Content-Type=application/xml&_=1421476690869 HTTP/1.1" 200 8193
66.249.64.163 - - [17/Jan/2015:01:36:25 -0500] "GET /BLA/resoluciones/RESOLUCIONES%202007/RES%202007%202001%20AL%202100/RESOLUCION%202080%20DE%202007.pdf HTTP/1.1" 304 -
188.165.15.239 - - [17/Jan/2015:01:36:41 -0500] "GET /BLA/resoluciones/RESOLUCIONES%202004/RES%202004%201351-1400/00001372.tif HTTP/1.1" 200 202646
66.249.64.47 - - [17/Jan/2015:01:37:10 -0500] "GET /pot/pot2.htm HTTP/1.1" 404 1019
188.165.15.99 - - [17/Jan/2015:01:37:19 -0500] "GET /BLA/resoluciones/RESOLUCIONES%202006/RES%202006%201551-1600/00001567.tif HTTP/1.1" 200 185878
74.86.158.107 - - [17/Jan/2015:01:37:26 -0500] "HEAD / HTTP/1.1" 302 -
66.249.64.167 - - [17/Jan/2015:01:37:36 -0500] "GET /BLA/resoluciones/RESOLUCIONES%202007/RES%202007%201001%20AL%201100/RESOLUCION%201052%20DE%202007.pdf HTTP/1.1" 200 792126
191.102.216.76 - - [17/Jan/2015:01:38:02 -0500] "GET /BLA/boletinlegal/js/jquery.js HTTP/1.1" 200 57254
191.102.216.76 - - [17/Jan/2015:01:38:02 -0500] "GET /BLA/boletinlegal/js/jquery.scrollTo-min.js HTTP/1.1" 200 1150
191.102.216.76 - - [17/Jan/2015:01:38:02 -0500] "GET /BLA/boletinlegal/js/jquery.scrollShow.js HTTP/1.1" 200 4586
66.249.64.167 - - [17/Jan/2015:01:38:46 -0500] "GET /BLA/resoluciones/RESOLUCIONES%202011/1013.pdf HTTP/1.1" 304 -
66.249.64.39 - - [17/Jan/2015:01:39:43 -0500] "GET /phpold/AjaxPhpCode/Chapter01/ HTTP/1.1" 404 1019
66.249.64.171 - - [17/Jan/2015:01:39:56 -0500] "GET /BLA/resoluciones/RESOLUCIONES%202007/RES%202007%201101%20AL%201200/RESOLUCION%201117%20DE%202007.pdf HTTP/1.1" 200 347464
188.165.15.44 - - [17/Jan/2015:01:40:51 -0500] "GET /BLA/resoluciones/RESOLUCIONES%202004/RES%202004%201951-2000/00001956.tif HTTP/1.1" 200 86188
66.249.64.171 - - [17/Jan/2015:01:41:07 -0500] "GET /BLA/resoluciones/AUTOS%202007/0395.pdf HTTP/1.1" 200 16760
66.249.64.163 - - [17/Jan/2015:01:42:09 -0500] "GET /BLA/resoluciones/AUTOS%202010/3715.pdf HTTP/1.1" 200 201728
190.24.73.118 - - [17/Jan/2015:01:42:14 -0500] "GET /BLA/resoluciones/AUTOS%202010/6936.pdf HTTP/1.1" 200 170565
190.24.73.118 - - [17/Jan/2015:01:42:14 -0500] "GET /BLA/resoluciones/AUTOS%202010/6936.pdf HTTP/1.1" 206 32768
190.24.73.118 - - [17/Jan/2015:01:42:14 -0500] "GET /BLA/resoluciones/AUTOS%202010/6936.pdf HTTP/1.1" 206 137797
190.24.73.118 - - [17/Jan/2015:01:42:15 -0500] "GET /favicon.ico HTTP/1.1" 200 7782
66.249.64.163 - - [17/Jan/2015:01:42:17 -0500] "GET /BLA/resoluciones/RESOLUCIONES%202009/8052.pdf HTTP/1.1" 200 418420
74.86.158.107 - - [17/Jan/2015:01:42:26 -0500] "HEAD / HTTP/1.1" 302 -
180.76.5.61 - - [17/Jan/2015:01:43:01 -0500] "GET /BLA/resoluciones/RESOLUCIONES%202010/6612.pdf HTTP/1.1" 200 298272
201.245.192.253 - - [17/Jan/2015:01:37:25 -0500] "GET /ForestMSG_SDA/channelAsync/template_word_17276338?X-Atmosphere-tracking-id=27587f8c-3304-9414-b5cd-e6f6efe6f08b&X-Atmosphere-Framework=1.0.5&X-Atmosphere-Transport=long-polling&tabid=0.0928294702898711&X-Cache-Date=0&Content-Type=application/xml&_=1421477110931 HTTP/1.1" 200 8193
66.249.64.167 - - [17/Jan/2015:01:43:28 -0500] "GET /BLA/resoluciones/AUTOS%202007/2219.pdf HTTP/1.1" 200 72188
220.181.108.115 - - [17/Jan/2015:01:43:38 -0500] "GET /BLA/resoluciones/RESOLUCIONES%202009/6716.pdf HTTP/1.1" 200 344580
180.76.5.72 - - [17/Jan/2015:01:43:39 -0500] "GET /BLA/resoluciones/AUTOS%202009/2714.pdf HTTP/1.1" 200 108953
66.249.64.167 - - [17/Jan/2015:01:44:38 -0500] "GET /BLA/resoluciones/AUTOS%202007/0622.pdf HTTP/1.1" 200 68468
66.249.83.191 - - [17/Jan/2015:01:44:48 -0500] "GET /BLA/resoluciones/AUTOS%202013/0196.pdf HTTP/1.1" 200 3055501
66.249.64.163 - - [17/Jan/2015:01:44:48 -0500] "GET /BLA/resoluciones/RESOLUCIONES%202014/1321.pdf HTTP/1.1" 200 399971
188.165.15.66 - - [17/Jan/2015:01:45:45 -0500] "GET /BLA/resoluciones/RESOLUCIONES%202003/RES%202003%202101-2150/20032112.tif HTTP/1.1" 200 193216
66.249.64.171 - - [17/Jan/2015:01:45:48 -0500] "GET /BLA/resoluciones/AUTOS%202007/2609.pdf HTTP/1.1" 200 40331
180.76.4.207 - - [17/Jan/2015:01:46:17 -0500] "GET / HTTP/1.1" 302 -
66.249.64.171 - - [17/Jan/2015:01:46:59 -0500] "GET /BLA/resoluciones/AUTOS%202007/3413.pdf HTTP/1.1" 200 246477
74.86.158.107 - - [17/Jan/2015:01:47:26 -0500] "HEAD / HTTP/1.1" 302 -
66.249.64.167 - - [17/Jan/2015:01:47:26 -0500] "GET /BLA/boletinlegal/js/jquery.js HTTP/1.1" 200 57254
66.249.64.163 - - [17/Jan/2015:01:47:27 -0500] "GET /BLA/boletinlegal/js/jquery.scrollTo-min.js HTTP/1.1" 200 1150
66.249.64.167 - - [17/Jan/2015:01:47:27 -0500] "GET /BLA/boletinlegal/js/jquery.scrollShow.js HTTP/1.1" 200 4586
188.165.15.15 - - [17/Jan/2015:01:47:28 -0500] "GET /BLA/resoluciones/RESOLUCIONES%202005/RES%202005%202851-2900/INDEX.DAT HTTP/1.1" 200 1960
66.249.64.39 - - [17/Jan/2015:01:47:35 -0500] "GET /BLA/boletinlegal/Directivas/2015/Directiva%20No.%2001%20del%2014%20de%20Enero%20de%202015.pdf HTTP/1.1" 200 1416322
66.249.64.171 - - [17/Jan/2015:01:48:09 -0500] "GET /BLA/resoluciones/AUTOS%202007/3689.pdf HTTP/1.1" 200 65317
66.249.64.171 - - [17/Jan/2015:01:49:19 -0500] "GET /BLA/resoluciones/RESOLUCIONES%202010/4276.pdf HTTP/1.1" 200 627462
201.245.192.253 - - [17/Jan/2015:01:44:25 -0500] "GET /ForestMSG_SDA/channelAsync/template_word_17276338?X-Atmosphere-tracking-id=f48e4edf-ffaf-804c-f816-3e1b4a67d358&X-Atmosphere-Framework=1.0.5&X-Atmosphere-Transport=long-polling&tabid=0.0928294702898711&X-Cache-Date=0&Content-Type=application/xml&_=1421477530938 HTTP/1.1" 200 8193
66.249.64.167 - - [17/Jan/2015:01:50:30 -0500] "GET /BLA/resoluciones/AUTOS%202007/1388.pdf HTTP/1.1" 200 27086
66.249.64.167 - - [17/Jan/2015:01:51:40 -0500] "GET /BLA/resoluciones/AUTOS%202007/2116.pdf HTTP/1.1" 200 547550
65.55.210.150 - - [17/Jan/2015:01:52:18 -0500] "GET /BLA/boletinlegal/js/jquery.js HTTP/1.1" 200 57254
66.249.64.43 - - [17/Jan/2015:01:52:25 -0500] "GET /gestor/g2.htm HTTP/1.1" 404 1019
74.86.158.107 - - [17/Jan/2015:01:52:26 -0500] "HEAD / HTTP/1.1" 302 -
188.165.15.15 - - [17/Jan/2015:01:52:29 -0500] "GET /BLA/resoluciones/RESOLUCIONES%202002/RES%202002%201551-1600/20021555.tif HTTP/1.1" 200 141082
66.249.64.47 - - [17/Jan/2015:01:52:43 -0500] "GET /phpold/autoliquidacion/18964.txt HTTP/1.1" 404 1019
66.249.64.171 - - [17/Jan/2015:01:52:50 -0500] "GET /BLA/resoluciones/AUTOS%202007/3342.pdf HTTP/1.1" 200 180857
188.165.15.239 - - [17/Jan/2015:01:52:58 -0500] "GET /BLA/resoluciones/RESOLUCIONES%202006/RES%202006%20101-150/00000139.tif HTTP/1.1" 200 201690
66.249.64.39 - - [17/Jan/2015:01:53:39 -0500] "GET /ecodirectorio/files/res/pages/page_0126.swf HTTP/1.1" 200 187631
66.249.64.171 - - [17/Jan/2015:01:54:01 -0500] "GET /BLA/resoluciones/AUTOS%202007/2246.pdf HTTP/1.1" 200 353668
66.249.64.171 - - [17/Jan/2015:01:54:58 -0500] "GET /BLA/resoluciones/AUTOS%202011/7438.pdf HTTP/1.1" 200 138905
66.249.64.163 - - [17/Jan/2015:01:55:11 -0500] "GET /BLA/resoluciones/AUTOS%202008/2288.pdf HTTP/1.1" 200 86094
66.249.64.167 - - [17/Jan/2015:01:55:31 -0500] "GET /BLA/resoluciones/AUTOS%202010/6664.pdf HTTP/1.1" 200 247890
66.249.64.47 - - [17/Jan/2015:01:55:36 -0500] "GET /galeria/nivo-slider/themes/pascal/loading.gif HTTP/1.1" 200 1737
207.46.13.12 - - [17/Jan/2015:01:56:03 -0500] "GET /BLA/boletinlegal/js/jquery.scrollTo-min.js HTTP/1.1" 200 1150
66.249.64.171 - - [17/Jan/2015:01:56:21 -0500] "GET /BLA/resoluciones/AUTOS%202007/0215.pdf HTTP/1.1" 200 16795
190.9.192.172 - - [17/Jan/2015:01:57:08 -0500] "GET /BLA/boletinlegal/js/jquery.js HTTP/1.1" 200 57254
190.9.192.172 - - [17/Jan/2015:01:57:09 -0500] "GET /BLA/boletinlegal/js/jquery.scrollTo-min.js HTTP/1.1" 200 1150
190.9.192.172 - - [17/Jan/2015:01:57:09 -0500] "GET /BLA/boletinlegal/js/jquery.scrollShow.js HTTP/1.1" 200 4586
201.245.192.253 - - [17/Jan/2015:01:51:25 -0500] "GET /ForestMSG_SDA/channelAsync/template_word_17276338?X-Atmosphere-tracking-id=91164e43-64d7-ec49-e2c6-18e7bfc27d73&X-Atmosphere-Framework=1.0.5&X-Atmosphere-Transport=long-polling&tabid=0.0928294702898711&X-Cache-Date=0&Content-Type=application/xml&_=1421477950987 HTTP/1.1" 200 8193
74.86.158.107 - - [17/Jan/2015:01:57:26 -0500] "HEAD / HTTP/1.1" 302 -
66.249.64.163 - - [17/Jan/2015:01:57:31 -0500] "GET /BLA/resoluciones/AUTOS%202014/1055.pdf HTTP/1.1" 200 1050540
66.249.64.171 - - [17/Jan/2015:01:57:33 -0500] "GET /BLA/resoluciones/RESOLUCIONES%202009/8943.pdf HTTP/1.1" 200 294643
207.46.13.133 - - [17/Jan/2015:01:58:41 -0500] "GET /BLA/boletinlegal/js/jquery.js HTTP/1.1" 200 57254
66.249.64.167 - - [17/Jan/2015:01:58:42 -0500] "GET /BLA/resoluciones/RESOLUCIONES%202009/9743.pdf HTTP/1.1" 200 322316
66.249.64.39 - - [17/Jan/2015:01:58:51 -0500] "GET /ecodirectorio/files/res/pages/page_0126.swf HTTP/1.1" 200 187631
113.200.255.235 - - [17/Jan/2015:01:59:16 -0500] "GET /BLA/resoluciones/RESOLUCIONES HTTP/1.1" 404 1018
207.46.13.12 - - [17/Jan/2015:01:59:33 -0500] "GET /videos/galeria-fotografica/index21.html? HTTP/1.1" 200 1967
66.249.64.171 - - [17/Jan/2015:01:59:52 -0500] "GET /BLA/resoluciones/RESOLUCIONES%202007/RES%202007%202701%20AL%202800/RESOLUCION%202704%20DE%202007.pdf HTTP/1.1" 200 478294
188.165.15.138 - - [17/Jan/2015:01:59:59 -0500] "GET /BLA/resoluciones/RESOLUCIONES%202002/RES%202002%201501-1550/20021532.tif HTTP/1.1" 200 82350
66.249.64.167 - - [17/Jan/2015:02:00:04 -0500] "GET /BLA/resoluciones/RESOLUCIONES%202009/1234.pdf HTTP/1.1" 200 90029
180.76.5.172 - - [17/Jan/2015:02:00:18 -0500] "GET /BLA/resoluciones/AUTOS%202010/4597.pdf HTTP/1.1" 200 26280
66.249.64.167 - - [17/Jan/2015:02:00:37 -0500] "GET /BLA/resoluciones/Autos%202008/1565.pdf HTTP/1.1" 200 131890
66.249.64.163 - - [17/Jan/2015:02:01:03 -0500] "GET /BLA/resoluciones/AUTOS%202007/0089.pdf HTTP/1.1" 200 47474
66.249.64.171 - - [17/Jan/2015:02:01:03 -0500] "GET /BLA/resoluciones/AUTOS%202010/4400.pdf HTTP/1.1" 200 224454
66.249.64.171 - - [17/Jan/2015:02:01:19 -0500] "GET /BLA/resoluciones/RESOLUCIONES%202007/RES%202007%203701%20AL%203800/RESOLUCION%203715%20DE%202007.pdf HTTP/1.1" 200 550008
66.249.64.163 - - [17/Jan/2015:02:01:25 -0500] "GET /BLA/resoluciones/RESOLUCIONES%202007/RES%202007%203201%20AL%203300/RESOLUCION%203257%20DE%202007.pdf HTTP/1.1" 200 2739877
66.249.64.171 - - [17/Jan/2015:02:02:13 -0500] "GET /BLA/resoluciones/RESOLUCIONES%202009/7932.pdf HTTP/1.1" 200 530243
180.76.5.78 - - [17/Jan/2015:02:02:24 -0500] "GET /BLA/boletinlegal;jsessionid=04E60494748B0B5DBD7A7108215986DF?/? HTTP/1.1" 404 1018
74.86.158.107 - - [17/Jan/2015:02:02:26 -0500] "HEAD / HTTP/1.1" 302 -
66.249.64.39 - - [17/Jan/2015:02:02:35 -0500] "GET /guia/leer.htm HTTP/1.1" 404 1019
188.165.15.66 - - [17/Jan/2015:02:03:01 -0500] "GET /BLA/resoluciones/RESOLUCIONES%202006/RES%202006%201351-1400/00001383.tif HTTP/1.1" 200 191438
66.249.64.167 - - [17/Jan/2015:02:03:10 -0500] "GET /Residuos/pinturas/pinturas.html HTTP/1.1" 404 1018
66.249.64.171 - - [17/Jan/2015:02:03:24 -0500] "GET /BLA/resoluciones/AUTOS%202007/1597.pdf HTTP/1.1" 200 46849
206.53.226.251 - - [17/Jan/2015:02:03:40 -0500] "GET /galeria/nivo-slider/demo/images/banner-redes.jpg HTTP/1.1" 304 -
180.76.5.71 - - [17/Jan/2015:02:04:23 -0500] "GET /BLA/boletinlegal;jsessionid=89ACD6F6172F07DB5254518357F3BF9A?/? HTTP/1.1" 404 1018
201.245.192.253 - - [17/Jan/2015:01:58:25 -0500] "GET /ForestMSG_SDA/channelAsync/template_word_17276338?X-Atmosphere-tracking-id=a30aafc4-22b9-a81b-38e9-5e28d5067b86&X-Atmosphere-Framework=1.0.5&X-Atmosphere-Transport=long-polling&tabid=0.0928294702898711&X-Cache-Date=0&Content-Type=application/xml&_=1421478371031 HTTP/1.1" 200 8193
188.165.15.239 - - [17/Jan/2015:02:04:27 -0500] "GET /BLA/resoluciones/RESOLUCIONES%202005/RES%202005%202251-2300/00002290.tif HTTP/1.1" 200 187268
66.249.64.171 - - [17/Jan/2015:02:04:34 -0500] "GET /BLA/resoluciones/RESOLUCIONES%202010/0349.pdf HTTP/1.1" 200 348708
66.249.64.39 - - [17/Jan/2015:02:05:09 -0500] "GET /palma/ HTTP/1.1" 404 1019
207.46.13.133 - - [17/Jan/2015:02:05:42 -0500] "GET /BLA/boletinlegal/js/jquery.js HTTP/1.1" 200 57254
66.249.64.171 - - [17/Jan/2015:02:05:44 -0500] "GET /BLA/resoluciones/AUTOS%202007/1057.pdf HTTP/1.1" 200 61747
66.249.64.163 - - [17/Jan/2015:02:06:55 -0500] "GET /BLA/resoluciones/AUTOS%202007/3535.pdf HTTP/1.1" 200 155069
207.46.13.12 - - [17/Jan/2015:02:07:06 -0500] "GET /BLA/boletinlegal/js/jquery.scrollTo-min.js HTTP/1.1" 200 1150
207.46.13.12 - - [17/Jan/2015:02:07:06 -0500] "GET /BLA/boletinlegal/js/jquery.scrollTo-min.js HTTP/1.1" 200 1150
66.249.64.163 - - [17/Jan/2015:02:07:17 -0500] "GET /BLA/resoluciones/RESOLUCIONES%202007/RES%202007%202401%20AL%202500/RESOLUCION%202459%20DE%202007.pdf HTTP/1.1" 200 858374
74.86.158.107 - - [17/Jan/2015:02:07:26 -0500] "HEAD / HTTP/1.1" 302 -
66.249.64.163 - - [17/Jan/2015:02:08:05 -0500] "GET /BLA/resoluciones/RESOLUCIONES%202009/9351.pdf HTTP/1.1" 200 500493
188.165.15.21 - - [17/Jan/2015:02:08:38 -0500] "GET /BLA/resoluciones/RESOLUCIONES%202002/RES%202002%201551-1600/20021566.tif HTTP/1.1" 200 123050
66.249.64.171 - - [17/Jan/2015:02:08:42 -0500] "GET /BLA/resoluciones/AUTOS%202010/3780.pdf HTTP/1.1" 200 205601
66.249.64.167 - - [17/Jan/2015:02:08:58 -0500] "GET /BLA/resoluciones/AUTOS%202010/4429.pdf HTTP/1.1" 200 1321802
66.249.64.171 - - [17/Jan/2015:02:09:15 -0500] "GET /BLA/resoluciones/AUTOS%202009/0015.pdf HTTP/1.1" 200 124598
220.181.108.152 - - [17/Jan/2015:02:09:19 -0500] "GET /BLA/resoluciones/RESOLUCIONES%202009/1657.pdf HTTP/1.1" 200 430435
66.249.64.47 - - [17/Jan/2015:02:10:14 -0500] "GET /vallashop/ HTTP/1.1" 404 1019
66.249.64.171 - - [17/Jan/2015:02:10:26 -0500] "GET /BLA/resoluciones/RESOLUCIONES%202011/1966.pdf HTTP/1.1" 200 533045
188.165.15.66 - - [17/Jan/2015:02:10:52 -0500] "GET /BLA/resoluciones/RESOLUCIONES%202006/RES%202006%201451-1500/00001452.tif HTTP/1.1" 200 221220
188.165.15.237 - - [17/Jan/2015:02:10:54 -0500] "GET /BLA/resoluciones/RESOLUCIONES%202002/RES%202002%201051-1100/00001073.tif HTTP/1.1" 200 38990
201.245.192.253 - - [17/Jan/2015:02:05:25 -0500] "GET /ForestMSG_SDA/channelAsync/template_word_17276338?X-Atmosphere-tracking-id=332b72bc-ab80-9b7d-c52e-a3c8bdc2e22c&X-Atmosphere-Framework=1.0.5&X-Atmosphere-Transport=long-polling&tabid=0.0928294702898711&X-Cache-Date=0&Content-Type=application/xml&_=1421478791118 HTTP/1.1" 200 8193
66.249.64.163 - - [17/Jan/2015:02:11:36 -0500] "GET /BLA/resoluciones/RESOLUCIONES%202009/7953.pdf HTTP/1.1" 200 233625
66.249.64.171 - - [17/Jan/2015:02:12:14 -0500] "GET /BLA/resoluciones/Autos%202008/3168.pdf HTTP/1.1" 200 176468
74.86.158.107 - - [17/Jan/2015:02:12:29 -0500] "HEAD / HTTP/1.1" 302 -
66.249.64.39 - - [17/Jan/2015:02:12:46 -0500] "GET /portalsiaccapacitaciones/Soportes%20Capacitaciones%20A%C3%B1o%202014/0082.%20TALLER%20-%20CASO%20I%20Mantenimiento%20Infraestructura%20F%C3%ADsica%20SLN%2027-05-2014.pdf HTTP/1.1" 200 286037
66.249.64.167 - - [17/Jan/2015:02:12:46 -0500] "GET /BLA/resoluciones/AUTOS%202007/0014.pdf HTTP/1.1" 200 180336
74.86.158.107 - - [17/Jan/2015:02:13:06 -0500] "GET / HTTP/1.1" 302 -
66.249.64.171 - - [17/Jan/2015:02:13:57 -0500] "GET /BLA/resoluciones/RESOLUCIONES%202007/RES%202007%202601%20AL%202700/RESOLUCION%202693%20DE%202007.pdf HTTP/1.1" 200 360674
66.249.64.171 - - [17/Jan/2015:02:15:07 -0500] "GET /BLA/resoluciones/AUTOS%202007/3360.pdf HTTP/1.1" 200 81871
66.249.64.163 - - [17/Jan/2015:02:15:20 -0500] "GET /BLA/resoluciones/AUTOS%202008/2946.pdf HTTP/1.1" 200 50270
66.249.64.163 - - [17/Jan/2015:02:16:17 -0500] "GET /BLA/resoluciones/AUTOS%202007/1787.pdf HTTP/1.1" 200 45771
66.249.64.171 - - [17/Jan/2015:02:17:28 -0500] "GET /BLA/resoluciones/AUTOS%202007/0055.pdf HTTP/1.1" 200 47532
201.245.192.253 - - [17/Jan/2015:02:12:25 -0500] "GET /ForestMSG_SDA/channelAsync/template_word_17276338?X-Atmosphere-tracking-id=1b94be24-0f54-4fd8-2d1e-80a170951f52&X-Atmosphere-Framework=1.0.5&X-Atmosphere-Transport=long-polling&tabid=0.0928294702898711&X-Cache-Date=0&Content-Type=application/xml&_=1421479211153 HTTP/1.1" 200 8193
66.249.64.171 - - [17/Jan/2015:02:18:38 -0500] "GET /BLA/resoluciones/RESOLUCIONES%202010/1946.pdf HTTP/1.1" 200 71924
66.249.64.163 - - [17/Jan/2015:02:18:57 -0500] "GET /BLA/resoluciones/AUTOS%202010/5885.pdf HTTP/1.1" 200 261697
66.249.64.171 - - [17/Jan/2015:02:19:13 -0500] "GET /BLA/resoluciones/RESOLUCIONES%202007/RES%202007%204301%20AL%204352/RESOLUCION%204351%20DE%202007.pdf HTTP/1.1" 200 243291
46.137.190.132 - - [17/Jan/2015:02:19:19 -0500] "GET / HTTP/1.1" 302 -
54.79.28.129 - - [17/Jan/2015:02:19:21 -0500] "GET / HTTP/1.1" 302 -
66.249.64.163 - - [17/Jan/2015:02:19:48 -0500] "GET /BLA/resoluciones/AUTOS%202007/1043.pdf HTTP/1.1" 200 26073
66.249.64.163 - - [17/Jan/2015:02:20:59 -0500] "GET /BLA/resoluciones/RESOLUCIONES%202010/6543.pdf HTTP/1.1" 200 342475
66.249.64.163 - - [17/Jan/2015:02:21:35 -0500] "GET /BLA/resoluciones/AUTOS%202010/2885.pdf HTTP/1.1" 200 209312
66.249.64.171 - - [17/Jan/2015:02:22:09 -0500] "GET /BLA/resoluciones/RESOLUCIONES%202010/3162.pdf HTTP/1.1" 200 365250
66.249.64.171 - - [17/Jan/2015:02:22:35 -0500] "GET /BLA/resoluciones/AUTOS%202010/6662.pdf HTTP/1.1" 200 374724
66.249.64.163 - - [17/Jan/2015:02:22:56 -0500] "GET /BLA/resoluciones/RESOLUCIONES%202009/1727.pdf HTTP/1.1" 200 576806
66.249.64.167 - - [17/Jan/2015:02:23:20 -0500] "GET /BLA/resoluciones/RESOLUCIONES%202010/7366.pdf HTTP/1.1" 200 339250
66.249.64.167 - - [17/Jan/2015:02:23:30 -0500] "GET /BLA/resoluciones/AUTOS%202010/1942.pdf HTTP/1.1" 200 286227
66.249.64.171 - - [17/Jan/2015:02:23:33 -0500] "GET /BLA/resoluciones/RESOLUCIONES%202009/3052.pdf HTTP/1.1" 200 326804
74.86.158.107 - - [17/Jan/2015:02:23:42 -0500] "HEAD / HTTP/1.1" 302 -
180.76.6.230 - - [17/Jan/2015:02:23:50 -0500] "GET /BLA/resoluciones/RESOLUCIONES%202007/RES%202007%202601%20AL%202700/RESOLUCION%202677%20DE%202007.pdf HTTP/1.1" 200 194774
66.249.64.47 - - [17/Jan/2015:02:24:20 -0500] "GET /POT-2013/dlf/folder.png HTTP/1.1" 304 -
66.249.64.43 - - [17/Jan/2015:02:24:24 -0500] "GET /galeria/nivo-slider/themes/pascal/bullets.png HTTP/1.1" 200 3306
180.76.6.64 - - [17/Jan/2015:02:24:28 -0500] "GET /BLA/resoluciones/AUTOS%202009/0912.pdf HTTP/1.1" 200 118929
66.249.64.167 - - [17/Jan/2015:02:24:30 -0500] "GET /BLA/resoluciones/AUTOS%202007/1609.pdf HTTP/1.1" 200 29123
123.125.71.42 - - [17/Jan/2015:02:25:04 -0500] "GET / HTTP/1.1" 302 -
180.76.5.148 - - [17/Jan/2015:02:25:07 -0500] "GET /BLA/resoluciones/AUTOS%202013/0151.pdf HTTP/1.1" 200 1922765
66.249.64.167 - - [17/Jan/2015:02:25:17 -0500] "GET /BLA/resoluciones/AUTOS%202010/1721.pdf HTTP/1.1" 200 190658
201.245.192.253 - - [17/Jan/2015:02:19:25 -0500] "GET /ForestMSG_SDA/channelAsync/template_word_17276338?X-Atmosphere-tracking-id=bb76ca71-4015-5367-3ce5-ad064a40127e&X-Atmosphere-Framework=1.0.5&X-Atmosphere-Transport=long-polling&tabid=0.0928294702898711&X-Cache-Date=0&Content-Type=application/xml&_=1421479631206 HTTP/1.1" 200 8193
66.249.64.171 - - [17/Jan/2015:02:25:30 -0500] "GET /BLA/resoluciones/AUTOS%202011/1523.pdf HTTP/1.1" 200 141620
188.165.15.99 - - [17/Jan/2015:02:25:32 -0500] "GET /BLA/resoluciones/RESOLUCIONES%202006/RES%202006%20%202801-2850/00002821.tif HTTP/1.1" 200 255454
66.249.64.171 - - [17/Jan/2015:02:25:33 -0500] "GET /BLA/resoluciones/Autos%202008/0040.pdf HTTP/1.1" 200 82842
66.249.64.163 - - [17/Jan/2015:02:25:40 -0500] "GET /BLA/resoluciones/RESOLUCIONES%202010/1249.pdf HTTP/1.1" 200 105300
66.249.64.167 - - [17/Jan/2015:02:26:19 -0500] "GET /BLA/resoluciones/AUTOS%202014/4952.pdf HTTP/1.1" 200 385100
220.181.108.103 - - [17/Jan/2015:02:26:36 -0500] "GET / HTTP/1.1" 302 -
66.249.64.167 - - [17/Jan/2015:02:26:51 -0500] "GET /BLA/resoluciones/AUTOS%202007/1209.pdf HTTP/1.1" 200 42513
66.249.64.171 - - [17/Jan/2015:02:27:09 -0500] "GET /BLA/resoluciones/AUTOS%202010/6679.pdf HTTP/1.1" 200 377251
66.249.64.167 - - [17/Jan/2015:02:28:01 -0500] "GET /BLA/resoluciones/RESOLUCIONES%202009/6398.pdf HTTP/1.1" 200 483077
66.249.64.163 - - [17/Jan/2015:02:28:08 -0500] "GET /BLA/resoluciones/AUTOS%202010/2315.pdf HTTP/1.1" 200 201417
74.86.158.107 - - [17/Jan/2015:02:28:42 -0500] "HEAD / HTTP/1.1" 302 -
66.249.64.167 - - [17/Jan/2015:02:29:10 -0500] "GET /BLA/resoluciones/AUTOS%202007/2566.pdf HTTP/1.1" 200 27896
66.249.64.167 - - [17/Jan/2015:02:29:11 -0500] "GET /BLA/resoluciones/RESOLUCIONES%202009/7636.pdf HTTP/1.1" 200 612619
66.249.64.171 - - [17/Jan/2015:02:29:41 -0500] "GET /BLA/resoluciones/RESOLUCIONES%202010/5180.pdf HTTP/1.1" 200 1435192
66.249.64.167 - - [17/Jan/2015:02:30:22 -0500] "GET /BLA/resoluciones/AUTOS%202012/0273.pdf HTTP/1.1" 200 158332
157.55.39.66 - - [17/Jan/2015:02:30:36 -0500] "GET /dama/libreria/pdf/pigas/PIGA_ETB/PRELIMINARES_PIGA_ETB.pdf HTTP/1.1" 404 1019
66.249.64.43 - - [17/Jan/2015:02:30:39 -0500] "GET /Residuos/pinturas/pinturas.html HTTP/1.1" 404 1019
188.165.15.237 - - [17/Jan/2015:02:30:41 -0500] "GET /BLA/resoluciones/RESOLUCIONES%202004/RES%202004%201451-1500/00001456.tif HTTP/1.1" 200 174650
66.249.64.171 - - [17/Jan/2015:02:30:46 -0500] "GET /BLA/resoluciones/AUTOS%202010/5866.pdf HTTP/1.1" 200 2166947
66.249.64.163 - - [17/Jan/2015:02:31:32 -0500] "GET /BLA/resoluciones/AUTOS%202010/0480.pdf HTTP/1.1" 200 193977
202.46.62.36 - - [17/Jan/2015:02:31:33 -0500] "GET /BLA/boletinlegal/circulares/6-2013-SDA.pdf HTTP/1.1" 200 4210437
66.249.64.171 - - [17/Jan/2015:02:32:04 -0500] "GET /BLA/resoluciones/AUTOS%202010/4445.pdf HTTP/1.1" 200 1238817
66.249.64.163 - - [17/Jan/2015:02:32:18 -0500] "GET /BLA/resoluciones/index.php?dir=RESOLUCIONES+2010%2F HTTP/1.1" 200 1288157
201.245.192.253 - - [17/Jan/2015:02:26:25 -0500] "GET /ForestMSG_SDA/channelAsync/template_word_17276338?X-Atmosphere-tracking-id=0872d65a-3074-c3b8-3e3a-e08cfa6521e0&X-Atmosphere-Framework=1.0.5&X-Atmosphere-Transport=long-polling&tabid=0.0928294702898711&X-Cache-Date=0&Content-Type=application/xml&_=1421480051235 HTTP/1.1" 200 8193
66.249.64.163 - - [17/Jan/2015:02:32:42 -0500] "GET /BLA/resoluciones/RESOLUCIONES%202012/0434.pdf HTTP/1.1" 200 412578
66.249.64.171 - - [17/Jan/2015:02:33:08 -0500] "GET /BLA/resoluciones/RESOLUCIONES%202010/4616.pdf HTTP/1.1" 200 395082
66.249.64.163 - - [17/Jan/2015:02:33:12 -0500] "GET /BLA/resoluciones/AUTOS%202010/2482.pdf HTTP/1.1" 200 226015
74.86.158.107 - - [17/Jan/2015:02:33:42 -0500] "HEAD / HTTP/1.1" 302 -
188.165.15.138 - - [17/Jan/2015:02:33:48 -0500] "GET /BLA/resoluciones/RESOLUCIONES%202003/RES%202003%20151-200/2003RES163.tif HTTP/1.1" 200 155864
66.249.64.171 - - [17/Jan/2015:02:33:53 -0500] "GET /BLA/resoluciones/RESOLUCIONES%202012/1174.pdf HTTP/1.1" 200 4966914
188.165.15.99 - - [17/Jan/2015:02:33:56 -0500] "GET /BLA/resoluciones/RESOLUCIONES%202005/RES%202005%202901-2950/00002918.tif HTTP/1.1" 200 36658
188.165.15.15 - - [17/Jan/2015:02:34:11 -0500] "GET /BLA/resoluciones/RESOLUCIONES%202006/RES%202006%202151-2200/00002170.tif HTTP/1.1" 200 240648
66.249.64.167 - - [17/Jan/2015:02:35:03 -0500] "GET /BLA/resoluciones/AUTOS%202011/6827.pdf HTTP/1.1" 200 153102
180.76.6.155 - - [17/Jan/2015:02:35:19 -0500] "GET /BLA/resoluciones/index.php?dir=RESOLUCIONES%202005/RES%202005%202251-2300/&sort=date&order=asc HTTP/1.1" 200 12353
66.249.64.163 - - [17/Jan/2015:02:35:41 -0500] "GET /BLA/resoluciones/RESOLUCIONES%202010/7652.pdf HTTP/1.1" 200 309878
66.249.64.167 - - [17/Jan/2015:02:36:13 -0500] "GET /BLA/resoluciones/AUTOS%202007/0169.pdf HTTP/1.1" 200 48252
66.249.64.171 - - [17/Jan/2015:02:36:18 -0500] "GET /BLA/resoluciones/AUTOS%202010/6680.pdf HTTP/1.1" 200 377550
66.249.64.163 - - [17/Jan/2015:02:36:34 -0500] "GET /BLA/resoluciones/AUTOS%202011/1950.pdf HTTP/1.1" 200 128471
66.249.64.167 - - [17/Jan/2015:02:36:47 -0500] "GET /BLA/resoluciones/AUTOS%202011/2637.pdf HTTP/1.1" 200 160597
188.165.15.239 - - [17/Jan/2015:02:37:02 -0500] "GET /BLA/resoluciones/RESOLUCIONES%202006/RES%202006%201101-1150/00001145.tif HTTP/1.1" 200 121374
180.76.5.71 - - [17/Jan/2015:02:37:10 -0500] "GET /BLA/boletinlegal;jsessionid=7A396EC3EF82F907268B31F59B8054EB?/? HTTP/1.1" 404 1018
66.249.64.171 - - [17/Jan/2015:02:37:24 -0500] "GET /BLA/resoluciones/RESOLUCIONES%202012/1808.pdf HTTP/1.1" 200 1297301
66.249.64.167 - - [17/Jan/2015:02:37:47 -0500] "GET /BLA/resoluciones/AUTOS%202010/2316.pdf HTTP/1.1" 200 334549
66.249.64.171 - - [17/Jan/2015:02:37:56 -0500] "GET /BLA/resoluciones/AUTOS%202010/2568.pdf HTTP/1.1" 200 206872
66.249.64.167 - - [17/Jan/2015:02:38:12 -0500] "GET /BLA/resoluciones/AUTOS%202010/6586.pdf HTTP/1.1" 200 203684
66.249.64.171 - - [17/Jan/2015:02:38:13 -0500] "GET /BLA/resoluciones/Notificaciones/AUTOS%202014/3125.doc HTTP/1.1" 200 752640
188.165.15.99 - - [17/Jan/2015:02:38:17 -0500] "GET /BLA/resoluciones/RESOLUCIONES%202004/RES%202004%201951-2000/00001954.tif HTTP/1.1" 200 113438
181.54.178.230 - - [17/Jan/2015:02:38:33 -0500] "GET /BLA/boletinlegal/js/jquery.js HTTP/1.1" 200 57254
181.54.178.230 - - [17/Jan/2015:02:38:33 -0500] "GET /BLA/boletinlegal/js/jquery.scrollTo-min.js HTTP/1.1" 200 1150
181.54.178.230 - - [17/Jan/2015:02:38:33 -0500] "GET /BLA/boletinlegal/js/jquery.scrollShow.js HTTP/1.1" 200 4586
66.249.64.171 - - [17/Jan/2015:02:38:34 -0500] "GET /BLA/resoluciones/RESOLUCIONES%202012/1188.pdf HTTP/1.1" 200 1472650
74.86.158.107 - - [17/Jan/2015:02:38:42 -0500] "HEAD / HTTP/1.1" 302 -
188.165.15.212 - - [17/Jan/2015:02:39:01 -0500] "GET /BLA/resoluciones/RESOLUCIONES%202005/RES%202005%202851-2900/00002864.tif HTTP/1.1" 200 128842
201.245.192.253 - - [17/Jan/2015:02:33:25 -0500] "GET /ForestMSG_SDA/channelAsync/template_word_17276338?X-Atmosphere-tracking-id=3bb1be83-9547-7605-4484-b2ec5286a0a9&X-Atmosphere-Framework=1.0.5&X-Atmosphere-Transport=long-polling&tabid=0.0928294702898711&X-Cache-Date=0&Content-Type=application/xml&_=1421480471274 HTTP/1.1" 200 8193
188.165.15.66 - - [17/Jan/2015:02:39:39 -0500] "GET /BLA/resoluciones/RESOLUCIONES%202002/RES%202002%201901-1950/20021910.tif HTTP/1.1" 200 55212
66.249.64.167 - - [17/Jan/2015:02:39:45 -0500] "GET /BLA/resoluciones/RESOLUCIONES%202012/1862.pdf HTTP/1.1" 200 470426
66.249.64.163 - - [17/Jan/2015:02:40:32 -0500] "GET /BLA/resoluciones/AUTOS%202010/4435.pdf HTTP/1.1" 200 1224063
66.249.64.167 - - [17/Jan/2015:02:40:34 -0500] "GET /BLA/resoluciones/Autos%202008/2423.pdf HTTP/1.1" 200 101743
66.249.64.163 - - [17/Jan/2015:02:40:42 -0500] "GET /BLA/resoluciones/AUTOS%202011/0249.pdf HTTP/1.1" 200 155697
66.249.64.163 - - [17/Jan/2015:02:40:47 -0500] "GET /BLA/resoluciones/RESOLUCIONES%202010/6907.pdf HTTP/1.1" 200 454786
66.249.64.47 - - [17/Jan/2015:02:40:48 -0500] "GET /siac/ HTTP/1.1" 404 1019
66.249.64.167 - - [17/Jan/2015:02:40:55 -0500] "GET /BLA/resoluciones/RESOLUCIONES%202012/1848.pdf HTTP/1.1" 200 534833
66.249.64.171 - - [17/Jan/2015:02:41:35 -0500] "GET /BLA/resoluciones/AUTOS%202010/2302.pdf HTTP/1.1" 200 367141
