66.249.64.171 - - [17/Jan/2015:04:15:44 -0500] "GET /BLA/resoluciones/RESOLUCIONES%202009/5605.pdf HTTP/1.1" 200 685970
66.249.64.163 - - [17/Jan/2015:04:15:54 -0500] "GET /BLA/resoluciones/RESOLUCIONES%202009/7402.pdf HTTP/1.1" 200 712967
180.76.5.167 - - [17/Jan/2015:04:16:15 -0500] "GET /BLA/resoluciones/RESOLUCIONES%202007/RES%202007%202301%20AL%202400/RESOLUCION%202378%20DE%202007.pdf HTTP/1.1" 200 252691
123.125.71.13 - - [17/Jan/2015:04:16:16 -0500] "GET / HTTP/1.1" 302 -
66.249.64.163 - - [17/Jan/2015:04:17:04 -0500] "GET /BLA/resoluciones/RESOLUCIONES%202010/3029.pdf HTTP/1.1" 200 289965
66.249.64.171 - - [17/Jan/2015:04:17:24 -0500] "GET /BLA/resoluciones/RESOLUCIONES%202010/4525.pdf HTTP/1.1" 200 331967
201.245.192.253 - - [17/Jan/2015:04:11:27 -0500] "GET /ForestMSG_SDA/channelAsync/template_word_17276338?X-Atmosphere-tracking-id=4e6f8d14-1672-4688-77ca-7d34fe1aa0c2&X-Atmosphere-Framework=1.0.5&X-Atmosphere-Transport=long-polling&tabid=0.0928294702898711&X-Cache-Date=0&Content-Type=application/xml&_=1421486353382 HTTP/1.1" 200 8193
220.181.108.82 - - [17/Jan/2015:04:17:39 -0500] "GET / HTTP/1.1" 302 -
66.249.64.163 - - [17/Jan/2015:04:18:14 -0500] "GET /BLA/resoluciones/AUTOS%202007/0473.pdf HTTP/1.1" 200 126621
74.86.158.107 - - [17/Jan/2015:04:18:42 -0500] "HEAD / HTTP/1.1" 302 -
188.165.15.66 - - [17/Jan/2015:04:18:42 -0500] "GET /BLA/resoluciones/RESOLUCIONES%202002/RES%202002%20251-300/00000287.tif HTTP/1.1" 200 87804
66.249.64.171 - - [17/Jan/2015:04:19:25 -0500] "GET /BLA/resoluciones/RESOLUCIONES%202009/4698.pdf HTTP/1.1" 304 -
66.249.64.47 - - [17/Jan/2015:04:19:36 -0500] "GET /Anexos%20estudio%20Organizacional%20SDA/ANEXO%20No.%201-%20NORMAS%20LEGALES%20DE%20ESTRUCTURA%20Y%20PLANTA/images/arrowr.png HTTP/1.1" 404 1019
66.249.64.163 - - [17/Jan/2015:04:19:46 -0500] "GET /BLA/boletinlegal/js/jquery.js HTTP/1.1" 200 57254
66.249.64.163 - - [17/Jan/2015:04:19:46 -0500] "GET /galeria/carrusel/Carrusel/jquery-ui-1.8.13.custom.min.js HTTP/1.1" 200 10800
66.249.64.167 - - [17/Jan/2015:04:19:46 -0500] "GET /BLA/boletinlegal/js/jquery.scrollShow.js HTTP/1.1" 200 4586
66.249.64.167 - - [17/Jan/2015:04:19:47 -0500] "GET /galeria/carrusel/Carrusel/jquery.thumbnailScroller.js HTTP/1.1" 200 8157
66.249.64.163 - - [17/Jan/2015:04:19:48 -0500] "GET /galeria/carrusel/Carrusel/jquery.thumbnailScroller.css HTTP/1.1" 200 2066
66.249.64.163 - - [17/Jan/2015:04:19:49 -0500] "GET /BLA/boletinlegal/js/jquery.scrollTo-min.js HTTP/1.1" 200 1150
66.249.64.163 - - [17/Jan/2015:04:19:57 -0500] "GET /BLA/resoluciones/RESOLUCIONES%202009/3656.pdf HTTP/1.1" 200 105842
66.249.64.167 - - [17/Jan/2015:04:20:05 -0500] "GET /galeria/nivo-slider/demo/demo.html HTTP/1.1" 200 3150
66.249.64.163 - - [17/Jan/2015:04:20:06 -0500] "GET /galeria/nivo-slider/themes/default/default.css HTTP/1.1" 200 1569
66.249.64.163 - - [17/Jan/2015:04:20:06 -0500] "GET /galeria/nivo-slider/themes/pascal/pascal.css HTTP/1.1" 200 2258
66.249.64.163 - - [17/Jan/2015:04:20:07 -0500] "GET /galeria/nivo-slider/nivo-slider.css HTTP/1.1" 200 1507
66.249.64.167 - - [17/Jan/2015:04:20:08 -0500] "GET /galeria/nivo-slider/jquery.nivo.slider.pack.js HTTP/1.1" 200 11561
66.249.64.163 - - [17/Jan/2015:04:20:09 -0500] "GET /galeria/nivo-slider/demo/scripts/jquery-1.7.1.min.js HTTP/1.1" 200 93868
66.249.64.167 - - [17/Jan/2015:04:20:09 -0500] "GET /galeria/nivo-slider/themes/orman/orman.css HTTP/1.1" 200 2152
66.249.64.171 - - [17/Jan/2015:04:20:10 -0500] "GET /galeria/nivo-slider/demo/style.css HTTP/1.1" 200 2222
180.76.5.66 - - [17/Jan/2015:04:20:25 -0500] "GET /BLA/resoluciones/RESOLUCIONES%202010/7849.pdf HTTP/1.1" 200 71953
66.249.64.167 - - [17/Jan/2015:04:20:35 -0500] "GET /BLA/resoluciones/RESOLUCIONES%202014/0076.pdf HTTP/1.1" 200 540821
66.249.64.171 - - [17/Jan/2015:04:21:45 -0500] "GET /BLA/resoluciones/RESOLUCIONES%202011/4789.pdf HTTP/1.1" 304 -
66.249.64.167 - - [17/Jan/2015:04:22:27 -0500] "GET /BLA/resoluciones/RESOLUCIONES%202007/RES%202007%20801%20AL%20900/RESOLUCION%200871%20DE%202007.pdf HTTP/1.1" 200 559590
66.249.64.167 - - [17/Jan/2015:04:22:56 -0500] "GET /BLA/resoluciones/AUTOS%202012/0303.pdf HTTP/1.1" 200 171958
188.165.15.130 - - [17/Jan/2015:04:23:18 -0500] "GET /BLA/resoluciones/RESOLUCIONES%202003/RES%202003%20651-700/661.tif HTTP/1.1" 200 135312
74.86.158.107 - - [17/Jan/2015:04:23:42 -0500] "HEAD / HTTP/1.1" 302 -
188.165.15.130 - - [17/Jan/2015:04:23:48 -0500] "GET /BLA/resoluciones/RESOLUCIONES%202003/RES%202003%201251-1300/20031285.tif HTTP/1.1" 200 115920
188.165.15.239 - - [17/Jan/2015:04:24:01 -0500] "GET /BLA/resoluciones/RESOLUCIONES%202004/RES%202004%201451-1500/00001451.tif HTTP/1.1" 200 109180
66.249.64.167 - - [17/Jan/2015:04:24:06 -0500] "GET /BLA/resoluciones/RESOLUCIONES%202007/RES%202007%201401%20AL%201500/RESOLUCION%201438%20DE%202007.pdf HTTP/1.1" 304 -
201.245.192.253 - - [17/Jan/2015:04:18:27 -0500] "GET /ForestMSG_SDA/channelAsync/template_word_17276338?X-Atmosphere-tracking-id=fe5bca4d-4918-9280-16e1-3b1aa13b84d5&X-Atmosphere-Framework=1.0.5&X-Atmosphere-Transport=long-polling&tabid=0.0928294702898711&X-Cache-Date=0&Content-Type=application/xml&_=1421486773425 HTTP/1.1" 200 8193
188.165.15.212 - - [17/Jan/2015:04:24:46 -0500] "GET /BLA/resoluciones/RESOLUCIONES%202002/RES%202002%201201-1250/20021203.tif HTTP/1.1" 200 108136
66.249.64.167 - - [17/Jan/2015:04:25:02 -0500] "GET /BLA/resoluciones/AUTOS%202007/0665.pdf HTTP/1.1" 200 68863
66.249.64.167 - - [17/Jan/2015:04:25:17 -0500] "GET /BLA/resoluciones/AUTOS%202009/0729.pdf HTTP/1.1" 304 -
66.249.64.171 - - [17/Jan/2015:04:26:27 -0500] "GET /BLA/resoluciones/RESOLUCIONES%202010/6613.pdf HTTP/1.1" 200 294469
188.165.15.138 - - [17/Jan/2015:04:27:01 -0500] "GET /BLA/resoluciones/RESOLUCIONES%202003/RES%202003%201301-1350/20031330.tif HTTP/1.1" 200 121522
188.165.15.79 - - [17/Jan/2015:04:27:25 -0500] "GET /BLA/resoluciones/RESOLUCIONES%202006/RES%202006%202701-2750/00002750.tif HTTP/1.1" 200 204168
66.249.64.163 - - [17/Jan/2015:04:27:35 -0500] "GET /BLA/resoluciones/AUTOS%202007/1973.pdf HTTP/1.1" 200 31988
66.249.64.163 - - [17/Jan/2015:04:27:37 -0500] "GET /BLA/resoluciones/RESOLUCIONES%202010/4614.pdf HTTP/1.1" 304 -
188.165.15.21 - - [17/Jan/2015:04:27:53 -0500] "GET /BLA/resoluciones/RESOLUCIONES%202002/RES%202002%201001-1050/2002RES1025.tif HTTP/1.1" 200 380820
207.46.13.139 - - [17/Jan/2015:04:28:34 -0500] "GET /dama/libreria/php/frame_detalle.php?h_id=763 HTTP/1.1" 404 1019
74.86.158.107 - - [17/Jan/2015:04:28:42 -0500] "HEAD / HTTP/1.1" 302 -
66.249.64.171 - - [17/Jan/2015:04:28:48 -0500] "GET /BLA/resoluciones/RESOLUCIONES%202011/4521.pdf HTTP/1.1" 304 -
66.249.64.47 - - [17/Jan/2015:04:29:38 -0500] "GET /PruebasSTORM/StormSDA_pruebas/stormWeb/img/version.gif HTTP/1.1" 304 -
66.249.64.171 - - [17/Jan/2015:04:29:58 -0500] "GET /BLA/resoluciones/RESOLUCIONES%202014/0319.pdf HTTP/1.1" 200 486230
66.249.64.163 - - [17/Jan/2015:04:30:07 -0500] "GET /BLA/resoluciones/AUTOS%202007/3787.pdf HTTP/1.1" 200 187740
180.76.6.42 - - [17/Jan/2015:04:30:18 -0500] "GET /BLA/resoluciones/RESOLUCIONES%202008/2159.pdf HTTP/1.1" 200 288219
66.249.64.171 - - [17/Jan/2015:04:31:08 -0500] "GET /BLA/resoluciones/RESOLUCIONES%202011/5102.pdf HTTP/1.1" 304 -
201.245.192.253 - - [17/Jan/2015:04:25:27 -0500] "GET /ForestMSG_SDA/channelAsync/template_word_17276338?X-Atmosphere-tracking-id=94a95812-8645-1bb3-4943-5f1ce2093eed&X-Atmosphere-Framework=1.0.5&X-Atmosphere-Transport=long-polling&tabid=0.0928294702898711&X-Cache-Date=0&Content-Type=application/xml&_=1421487193500 HTTP/1.1" 200 8193
180.76.5.155 - - [17/Jan/2015:04:31:58 -0500] "GET /BLA/boletinlegal;jsessionid=F009BA5DBE09A393B49969FA97FCD5F1?/? HTTP/1.1" 404 1018
66.249.64.167 - - [17/Jan/2015:04:32:19 -0500] "GET /BLA/resoluciones/RESOLUCIONES%202009/4574.pdf HTTP/1.1" 304 -
66.249.64.171 - - [17/Jan/2015:04:32:34 -0500] "GET /BLA/resoluciones/RESOLUCIONES%202008/5525.pdf HTTP/1.1" 200 36133
66.249.64.171 - - [17/Jan/2015:04:32:38 -0500] "GET /BLA/resoluciones/RESOLUCIONES%202009/1723.pdf HTTP/1.1" 200 275340
188.165.15.15 - - [17/Jan/2015:04:32:52 -0500] "GET /BLA/resoluciones/index.php?dir=RESOLUCIONES%202006/RES%202006%202251-2300/&sort=date&order=desc HTTP/1.1" 200 12360
180.76.5.80 - - [17/Jan/2015:04:33:24 -0500] "GET /BLA/resoluciones/AUTOS%202007/0941.pdf HTTP/1.1" 200 55087
66.249.64.163 - - [17/Jan/2015:04:33:29 -0500] "GET /BLA/resoluciones/AUTOS%202009/1825.pdf HTTP/1.1" 304 -
188.165.15.66 - - [17/Jan/2015:04:33:36 -0500] "GET /BLA/resoluciones/RESOLUCIONES%202006/RES%202006%201251-1300/00001291.tif HTTP/1.1" 200 159402
74.86.158.107 - - [17/Jan/2015:04:33:42 -0500] "HEAD / HTTP/1.1" 302 -
66.249.64.171 - - [17/Jan/2015:04:34:39 -0500] "GET /BLA/resoluciones/AUTOS%202013/1425.pdf HTTP/1.1" 304 -
66.249.64.167 - - [17/Jan/2015:04:35:13 -0500] "GET /BLA/resoluciones/RESOLUCIONES%202008/5127.pdf HTTP/1.1" 200 540219
66.249.64.163 - - [17/Jan/2015:04:35:34 -0500] "GET /BLA/resoluciones/RESOLUCIONES%202003/RES%202003%20651-700/664.tif HTTP/1.1" 200 164856
66.249.64.163 - - [17/Jan/2015:04:35:50 -0500] "GET /BLA/resoluciones/RESOLUCIONES%202011/1452.pdf HTTP/1.1" 200 70707
66.249.64.163 - - [17/Jan/2015:04:37:00 -0500] "GET /BLA/resoluciones/RESOLUCIONES%202007/RES%202007%204101%20AL%204200/RESOLUCION%204122%20DE%202007.pdf HTTP/1.1" 304 -
188.165.15.99 - - [17/Jan/2015:04:37:01 -0500] "GET /BLA/resoluciones/index.php?dir=RESOLUCIONES%202003/RES%202003%201051-1100/&sort=name&order=asc HTTP/1.1" 200 11571
66.249.64.43 - - [17/Jan/2015:04:37:42 -0500] "GET /pread5/pread/pread.htm HTTP/1.1" 404 1019
188.165.15.66 - - [17/Jan/2015:04:37:42 -0500] "GET /BLA/resoluciones/RESOLUCIONES%202005/RES%202005%202001-2050/00002044.tif HTTP/1.1" 200 138210
66.249.64.167 - - [17/Jan/2015:04:38:10 -0500] "GET /BLA/resoluciones/RESOLUCIONES%202009/1938.pdf HTTP/1.1" 304 -
201.245.192.253 - - [17/Jan/2015:04:32:28 -0500] "GET /ForestMSG_SDA/channelAsync/template_word_17276338?X-Atmosphere-tracking-id=d1d3177e-133f-ca6c-ac49-bf1987829b8a&X-Atmosphere-Framework=1.0.5&X-Atmosphere-Transport=long-polling&tabid=0.0928294702898711&X-Cache-Date=0&Content-Type=application/xml&_=1421487613543 HTTP/1.1" 200 8193
74.86.158.107 - - [17/Jan/2015:04:38:42 -0500] "HEAD / HTTP/1.1" 302 -
188.165.15.79 - - [17/Jan/2015:04:39:19 -0500] "GET /BLA/resoluciones/index.php?dir=RESOLUCIONES%202005/RES%202005%20701-750/&sort=size&order=desc HTTP/1.1" 200 12246
66.249.64.163 - - [17/Jan/2015:04:39:21 -0500] "GET /BLA/resoluciones/RESOLUCIONES%202009/5687.pdf HTTP/1.1" 200 439683
188.165.15.138 - - [17/Jan/2015:04:39:42 -0500] "GET /BLA/resoluciones/RESOLUCIONES%202004/RES%202004%201851-1900/00001881.tif HTTP/1.1" 200 156970
188.165.15.66 - - [17/Jan/2015:04:39:57 -0500] "GET /BLA/resoluciones/index.php?dir=RESOLUCIONES%202006/RES%202006%202601-2650/&sort=name&order=asc HTTP/1.1" 200 11939
66.249.64.167 - - [17/Jan/2015:04:40:14 -0500] "GET /BLA/resoluciones/AUTOS%202007/1309.pdf HTTP/1.1" 200 187515
66.249.64.163 - - [17/Jan/2015:04:40:31 -0500] "GET /BLA/resoluciones/AUTOS%202011/2178.pdf HTTP/1.1" 200 124564
66.249.64.163 - - [17/Jan/2015:04:41:42 -0500] "GET /BLA/resoluciones/RESOLUCIONES%202010/1895.pdf HTTP/1.1" 304 -
66.249.64.163 - - [17/Jan/2015:04:42:42 -0500] "GET /BLA/resoluciones/RESOLUCIONES%202010/7045.pdf HTTP/1.1" 200 64902
66.249.64.163 - - [17/Jan/2015:04:42:52 -0500] "GET /BLA/boletinlegal/index.php HTTP/1.1" 200 43612
74.86.158.107 - - [17/Jan/2015:04:43:42 -0500] "HEAD / HTTP/1.1" 302 -
66.249.64.43 - - [17/Jan/2015:04:44:02 -0500] "GET /Autoliquidacion/index.php?dir=Solicitudes+relacionadas+con+calidad+del+aire+auditiva+y+visual%2FRegistro+de+Elementos+de+publicidad+Exterior+Visual%2F HTTP/1.1" 200 4037
157.55.39.40 - - [17/Jan/2015:04:44:26 -0500] "GET /Metadatos_final_2014/Punto_Capt_Agua_Subte.xml HTTP/1.1" 200 32896
66.249.64.167 - - [17/Jan/2015:04:45:13 -0500] "GET /BLA/resoluciones/index.php?dir=RESOLUCIONES%202007/RES%202007%20801%20AL%20900/&sort=name&order=desc HTTP/1.1" 200 26641
66.249.64.171 - - [17/Jan/2015:04:45:17 -0500] "GET /BLA/resoluciones/RESOLUCIONES%202010/6137.pdf HTTP/1.1" 200 610909
201.245.192.253 - - [17/Jan/2015:04:39:28 -0500] "GET /ForestMSG_SDA/channelAsync/template_word_17276338?X-Atmosphere-tracking-id=5b12ab30-4694-f9cf-241c-b8437074fb54&X-Atmosphere-Framework=1.0.5&X-Atmosphere-Transport=long-polling&tabid=0.0928294702898711&X-Cache-Date=0&Content-Type=application/xml&_=1421488034183 HTTP/1.1" 200 8193
188.165.15.237 - - [17/Jan/2015:04:45:31 -0500] "GET /BLA/resoluciones/RESOLUCIONES%202004/RES%202004%20351-400/00000358.tif HTTP/1.1" 200 117826
66.249.64.163 - - [17/Jan/2015:04:46:23 -0500] "GET /autoliquidacion/Solicitud%20de%20Clasificaci%C3%B3n%20de%20Impacto%20Ambiental/Formulario%20de%20solicitud%20clasificaci%C3%B3n%20impacto............pdf HTTP/1.1" 404 1018
66.249.64.171 - - [17/Jan/2015:04:47:33 -0500] "GET /BLA/resoluciones/AUTOS%202013/0254.pdf HTTP/1.1" 200 964056
66.249.64.163 - - [17/Jan/2015:04:47:45 -0500] "GET /BLA/resoluciones/RESOLUCIONES%202008/3900.pdf HTTP/1.1" 200 280995
66.249.64.163 - - [17/Jan/2015:04:48:24 -0500] "GET /videos/ambiente-ciudad/skin/pink.flag/jplayer.pink.flag.jpg HTTP/1.1" 200 18426
74.86.158.107 - - [17/Jan/2015:04:48:42 -0500] "HEAD / HTTP/1.1" 302 -
66.249.64.171 - - [17/Jan/2015:04:48:44 -0500] "GET /BLA/resoluciones/RESOLUCIONES%202010/1029.pdf HTTP/1.1" 200 1279050
91.236.75.92 - - [17/Jan/2015:04:49:03 -0500] "GET / HTTP/1.1" 302 -
188.165.15.44 - - [17/Jan/2015:04:49:34 -0500] "GET /BLA/resoluciones/RESOLUCIONES%202006/RES%202006%20601-650/00000611.tif HTTP/1.1" 200 185284
66.249.64.171 - - [17/Jan/2015:04:49:54 -0500] "GET /BLA/resoluciones/RESOLUCIONES%202010/0220.pdf HTTP/1.1" 304 -
66.249.64.171 - - [17/Jan/2015:04:50:16 -0500] "GET /BLA/resoluciones/RESOLUCIONES%202008/1308.pdf HTTP/1.1" 200 430019
66.249.64.167 - - [17/Jan/2015:04:51:04 -0500] "GET /BLA/resoluciones/AUTOS%202007/2543.pdf HTTP/1.1" 200 228112
66.249.64.163 - - [17/Jan/2015:04:51:05 -0500] "GET /BLA/resoluciones/RESOLUCIONES%202010/2001.pdf HTTP/1.1" 304 -
188.165.15.237 - - [17/Jan/2015:04:51:21 -0500] "GET /BLA/resoluciones/RESOLUCIONES%202005/RES%202005%203051-3100/00003054.tif HTTP/1.1" 200 188100
66.249.64.167 - - [17/Jan/2015:04:52:15 -0500] "GET /BLA/resoluciones/AUTOS%202009/0302.pdf HTTP/1.1" 304 -
201.245.192.253 - - [17/Jan/2015:04:46:29 -0500] "GET /ForestMSG_SDA/channelAsync/template_word_17276338?X-Atmosphere-tracking-id=a62eff81-c536-fab3-d9cf-365565f03f16&X-Atmosphere-Framework=1.0.5&X-Atmosphere-Transport=long-polling&tabid=0.0928294702898711&X-Cache-Date=0&Content-Type=application/xml&_=1421488455483 HTTP/1.1" 200 8193
188.165.15.21 - - [17/Jan/2015:04:52:44 -0500] "GET /BLA/resoluciones/RESOLUCIONES%202003/RES%202003%202001-2051/20032032.tif HTTP/1.1" 200 64056
66.249.64.167 - - [17/Jan/2015:04:52:44 -0500] "GET /BLA/resoluciones/RESOLUCIONES%202009/1010.pdf HTTP/1.1" 200 277443
188.165.15.239 - - [17/Jan/2015:04:53:01 -0500] "GET /BLA/resoluciones/RESOLUCIONES%202006/RES%202006%202701-2750/00002738.tif HTTP/1.1" 200 166606
66.249.64.163 - - [17/Jan/2015:04:53:25 -0500] "GET /BLA/resoluciones/AUTOS%202014/1610.pdf HTTP/1.1" 304 -
74.86.158.107 - - [17/Jan/2015:04:53:42 -0500] "HEAD / HTTP/1.1" 302 -
66.249.64.167 - - [17/Jan/2015:04:54:13 -0500] "GET /BLA/boletinlegal/js/jquery.js HTTP/1.1" 200 57254
66.249.64.163 - - [17/Jan/2015:04:54:13 -0500] "GET /BLA/boletinlegal/js/jquery.scrollShow.js HTTP/1.1" 200 4586
66.249.64.163 - - [17/Jan/2015:04:54:13 -0500] "GET /BLA/boletinlegal/js/jquery.scrollTo-min.js HTTP/1.1" 200 1150
180.76.5.80 - - [17/Jan/2015:04:54:14 -0500] "GET /BLA/boletinlegal;jsessionid=06EEBD8274A5308CCA9D1B7ADE86D778?/? HTTP/1.1" 404 1018
66.249.64.163 - - [17/Jan/2015:04:54:35 -0500] "GET /BLA/resoluciones/AUTOS%202013/0043.pdf HTTP/1.1" 304 -
188.165.15.130 - - [17/Jan/2015:04:54:42 -0500] "GET /BLA/resoluciones/RESOLUCIONES%202006/RES%202006%202751-2800/00002788.tif HTTP/1.1" 200 84784
220.181.108.143 - - [17/Jan/2015:04:54:53 -0500] "GET /BLA/resoluciones/AUTOS%202009/3009.pdf HTTP/1.1" 200 185607
66.249.64.167 - - [17/Jan/2015:04:55:17 -0500] "GET /BLA/resoluciones/RESOLUCIONES%202007/RES%202007%202201%20AL%202300/RESOLUCION%202219%20DE%202007.pdf HTTP/1.1" 200 142122
66.249.64.163 - - [17/Jan/2015:04:55:46 -0500] "GET /BLA/resoluciones/AUTOS%202011/3595.pdf HTTP/1.1" 200 206003
180.76.5.170 - - [17/Jan/2015:04:56:07 -0500] "GET /BLA/resoluciones/RESOLUCIONES%202007/RES%202007%20701%20AL%20800/RESOLUCION%200798%20DE%202007.pdf HTTP/1.1" 200 422460
188.165.15.66 - - [17/Jan/2015:04:56:23 -0500] "GET /BLA/resoluciones/RESOLUCIONES%202004/RES%202004%201901-1950/00001940.tif HTTP/1.1" 200 44810
66.249.64.171 - - [17/Jan/2015:04:56:56 -0500] "GET /BLA/circulares/7-2011.pdf HTTP/1.1" 200 1107785
66.249.64.167 - - [17/Jan/2015:04:57:47 -0500] "GET /BLA/resoluciones/RESOLUCIONES%202009/3430.pdf HTTP/1.1" 200 476693
66.249.64.163 - - [17/Jan/2015:04:58:06 -0500] "GET /BLA/resoluciones/RESOLUCIONES%202007/RES%202007%20401%20AL%20500/RESOLUCION%200412%20DE%202007.pdf HTTP/1.1" 304 -
74.86.158.107 - - [17/Jan/2015:04:58:42 -0500] "HEAD / HTTP/1.1" 302 -
66.249.64.167 - - [17/Jan/2015:04:58:52 -0500] "GET /BLA/resoluciones/AUTOS%202006/AUTOS%202006%20501-600/00000583.tif HTTP/1.1" 200 148676
66.249.64.163 - - [17/Jan/2015:04:59:17 -0500] "GET /BLA/resoluciones/AUTOS%202012/2977.pdf HTTP/1.1" 304 -
201.245.192.253 - - [17/Jan/2015:04:53:29 -0500] "GET /ForestMSG_SDA/channelAsync/template_word_17276338?X-Atmosphere-tracking-id=1dc22619-66c5-9e44-f06b-f1ab41d3b955&X-Atmosphere-Framework=1.0.5&X-Atmosphere-Transport=long-polling&tabid=0.0928294702898711&X-Cache-Date=0&Content-Type=application/xml&_=1421488875513 HTTP/1.1" 200 8193
66.249.64.167 - - [17/Jan/2015:05:00:27 -0500] "GET /BLA/resoluciones/AUTOS%202010/5364.pdf HTTP/1.1" 304 -
207.46.13.12 - - [17/Jan/2015:05:00:54 -0500] "GET / HTTP/1.1" 302 -
180.76.6.140 - - [17/Jan/2015:05:00:57 -0500] "GET /BLA/resoluciones/AUTOS%202011/6245.pdf HTTP/1.1" 200 238485
188.165.15.212 - - [17/Jan/2015:05:01:31 -0500] "GET /BLA/resoluciones/RESOLUCIONES%202006/RES%202006%202551-2600/00002565.tif HTTP/1.1" 200 207860
180.76.5.65 - - [17/Jan/2015:05:01:36 -0500] "GET /BLA/boletinlegal;jsessionid=2160DB6604208FADC36168746AC12B15?/? HTTP/1.1" 404 1018
66.249.64.163 - - [17/Jan/2015:05:01:38 -0500] "GET /BLA/resoluciones/RESOLUCIONES%202010/3391.pdf HTTP/1.1" 304 -
188.165.15.130 - - [17/Jan/2015:05:01:43 -0500] "GET /BLA/resoluciones/RESOLUCIONES%202005/RES%202005%20151-200/00000173.tif HTTP/1.1" 200 180578
188.165.15.212 - - [17/Jan/2015:05:02:00 -0500] "GET /BLA/resoluciones/RESOLUCIONES%202004/RES%202004%201451-1500/00001497.tif HTTP/1.1" 200 88280
180.76.5.172 - - [17/Jan/2015:05:02:15 -0500] "GET /BLA/boletinlegal;jsessionid=2DF8C107B568BEA8B4AC7329CBE5A124?/? HTTP/1.1" 404 1018
66.249.64.167 - - [17/Jan/2015:05:02:46 -0500] "GET /BLA/resoluciones/RESOLUCIONES%202009/7477.pdf HTTP/1.1" 200 533399
66.249.64.163 - - [17/Jan/2015:05:02:48 -0500] "GET /BLA/resoluciones/RESOLUCIONES%202011/0343.pdf HTTP/1.1" 304 -
190.26.237.45 - - [17/Jan/2015:05:03:41 -0500] "GET /BLA/boletinlegal/js/jquery.js HTTP/1.1" 200 57254
190.26.237.45 - - [17/Jan/2015:05:03:41 -0500] "GET /BLA/boletinlegal/js/jquery.scrollTo-min.js HTTP/1.1" 200 1150
190.26.237.45 - - [17/Jan/2015:05:03:41 -0500] "GET /BLA/boletinlegal/js/jquery.scrollShow.js HTTP/1.1" 200 4586
74.86.158.107 - - [17/Jan/2015:05:03:42 -0500] "HEAD / HTTP/1.1" 302 -
92.232.53.54 - - [17/Jan/2015:05:04:40 -0500] "GET /robots.txt HTTP/1.0" 404 1015
92.232.53.54 - - [17/Jan/2015:05:04:41 -0500] "GET /Anexos%20estudio%20Organizacional%20SDA/index.php?dir=ANEXO%20No.%201-%20NORMAS%20LEGALES%20DE%20ESTRUCTURA%20Y%20PLANTA/Decreto%20175%20de%202009%20_files/&sort=name&order=asc HTTP/1.0" 200 9181
92.232.53.54 - - [17/Jan/2015:05:04:44 -0500] "GET /Anexos%20estudio%20Organizacional%20SDA/index.php?dir=ANEXO%20No.%201-%20NORMAS%20LEGALES%20DE%20ESTRUCTURA%20Y%20PLANTA/Decreto%20561%20de%202006%20-%20Establece%20estructura%20de%20la%20SDA.jsp_files/&sort=name&order=asc HTTP/1.0" 200 10435
92.232.53.54 - - [17/Jan/2015:05:04:46 -0500] "GET /PORTAL_SIAC/swf/Residuos/curtiembres/curtiembres.html HTTP/1.0" 200 1965
92.232.53.54 - - [17/Jan/2015:05:04:48 -0500] "GET /PORTAL_SIAC/swf/Residuos/farmaceutica/farmaceutica.html HTTP/1.0" 200 1967
92.232.53.54 - - [17/Jan/2015:05:04:49 -0500] "GET /PORTAL_SIAC/swf/Residuos/impresion/impresion.html HTTP/1.0" 200 1961
92.232.53.54 - - [17/Jan/2015:05:04:51 -0500] "GET /PORTAL_SIAC/swf/Residuos/lavanderias/lavanderias.html HTTP/1.0" 200 1965
92.232.53.54 - - [17/Jan/2015:05:05:03 -0500] "GET /PORTAL_SIAC/swf/Residuos/maderas/maderas.html HTTP/1.0" 200 1957
92.232.53.54 - - [17/Jan/2015:05:05:04 -0500] "GET /PORTAL_SIAC/swf/Residuos/pinturas/pinturas.html HTTP/1.0" 200 1959
92.232.53.54 - - [17/Jan/2015:05:05:06 -0500] "GET /PruebasSTORM/StormSDA_pruebas/?C=D;O=A HTTP/1.0" 200 3555
66.249.64.171 - - [17/Jan/2015:05:05:09 -0500] "GET /BLA/resoluciones/AUTOS%202013/1593.pdf HTTP/1.1" 304 -
92.232.53.54 - - [17/Jan/2015:05:05:11 -0500] "GET /PruebasSTORM/StormSDA_pruebas/?C=M;O=A HTTP/1.0" 200 3555
142.4.214.124 - - [17/Jan/2015:05:05:13 -0500] "GET /robots.txt HTTP/1.0" 404 1015
92.232.53.54 - - [17/Jan/2015:05:05:13 -0500] "GET /PruebasSTORM/StormSDA_pruebas/?C=N;O=A HTTP/1.0" 200 3555
142.4.214.124 - - [17/Jan/2015:05:05:15 -0500] "GET /Autoliquidacion/index.php?dir=Grupo%20Forestal%20-%20Industria%20de%20la%20Madera/&sort=name&order=asc HTTP/1.0" 200 7201
66.249.64.171 - - [17/Jan/2015:05:05:19 -0500] "GET /BLA/resoluciones/RESOLUCIONES%202009/2711.pdf HTTP/1.1" 200 697420
142.4.214.124 - - [17/Jan/2015:05:05:19 -0500] "GET /Autoliquidacion/index.php?dir=Grupo%20Forestal%20-%20Silvicultura/&sort=name&order=asc HTTP/1.0" 200 5777
92.232.53.54 - - [17/Jan/2015:05:05:20 -0500] "GET /PruebasSTORM/StormSDA_pruebas/?C=N;O=D HTTP/1.0" 200 3555
188.165.15.44 - - [17/Jan/2015:05:05:20 -0500] "GET /BLA/resoluciones/RESOLUCIONES%202006/RES%202006%20151-200/00000159.tif HTTP/1.1" 200 145702
142.4.214.124 - - [17/Jan/2015:05:05:21 -0500] "GET /StormSDA/stormWeb/img/?C=D;O=A HTTP/1.0" 200 2921
92.232.53.54 - - [17/Jan/2015:05:05:25 -0500] "GET /PruebasSTORM/StormSDA_pruebas/?C=S;O=A HTTP/1.0" 200 3555
92.232.53.54 - - [17/Jan/2015:05:05:29 -0500] "GET /PruebasSTORM/silvicultura2Pruebas/?C=D;O=A HTTP/1.0" 200 1231
92.232.53.54 - - [17/Jan/2015:05:05:31 -0500] "GET /StormSDA/lib/?C=N;O=D HTTP/1.0" 200 6375
142.4.214.124 - - [17/Jan/2015:05:05:32 -0500] "GET /StormSDA/stormWeb/img/?C=M;O=A HTTP/1.0" 200 2921
92.232.53.54 - - [17/Jan/2015:05:05:33 -0500] "GET /StormSDA/lib/?C=S;O=A HTTP/1.0" 200 6375
142.4.214.124 - - [17/Jan/2015:05:05:35 -0500] "GET /StormSDA/stormWeb/img/?C=N;O=A HTTP/1.0" 200 2921
92.232.53.54 - - [17/Jan/2015:05:05:37 -0500] "GET /StormSDA/lib/myKeystore HTTP/1.0" 200 1254
142.4.214.124 - - [17/Jan/2015:05:05:40 -0500] "GET /galeria/carrusel/Carrusel/?C=N;O=D HTTP/1.0" 200 2896
92.232.53.54 - - [17/Jan/2015:05:05:41 -0500] "GET /StormSDA/stormWeb/img/?C=N;O=D HTTP/1.0" 200 2921
142.4.214.124 - - [17/Jan/2015:05:05:43 -0500] "GET /galeria/carrusel/Carrusel/?C=S;O=A HTTP/1.0" 200 2896
92.232.53.54 - - [17/Jan/2015:05:05:44 -0500] "GET /StormSDA/stormWeb/img/?C=S;O=A HTTP/1.0" 200 2921
142.4.214.124 - - [17/Jan/2015:05:05:46 -0500] "GET /galeria/carrusel/Carrusel/jquery-ui-1.8.13.custom.min.js HTTP/1.0" 200 10800
92.232.53.54 - - [17/Jan/2015:05:05:46 -0500] "GET /StormSDA/storm_silv/?C=D;O=A HTTP/1.0" 200 5784
92.232.53.54 - - [17/Jan/2015:05:05:52 -0500] "GET /StormSDA/storm_silv/?C=M;O=A HTTP/1.0" 200 5784
92.232.53.54 - - [17/Jan/2015:05:05:55 -0500] "GET /StormSDA/storm_silv/?C=N;O=A HTTP/1.0" 200 5784
92.232.53.54 - - [17/Jan/2015:05:05:58 -0500] "GET /StormSDA/storm_silv/?C=N;O=D HTTP/1.0" 200 5784
180.76.5.192 - - [17/Jan/2015:05:05:59 -0500] "GET /BLA/boletinlegal;jsessionid=6637F98970A7BF5C536D18A7845B5DA0?/? HTTP/1.1" 404 1018
92.232.53.54 - - [17/Jan/2015:05:06:01 -0500] "GET /StormSDA/storm_silv/?C=S;O=A HTTP/1.0" 200 5784
92.232.53.54 - - [17/Jan/2015:05:06:05 -0500] "GET /StormSDA/userFiles%20-%20Copy%2019-07-2012/update.txt HTTP/1.0" 200 33
92.232.53.54 - - [17/Jan/2015:05:06:08 -0500] "GET /galeria/nivo-slider/?C=D;O=A HTTP/1.0" 200 2703
92.232.53.54 - - [17/Jan/2015:05:06:11 -0500] "GET /galeria/nivo-slider/?C=M;O=A HTTP/1.0" 200 2703
92.232.53.54 - - [17/Jan/2015:05:06:14 -0500] "GET /galeria/nivo-slider/?C=N;O=A HTTP/1.0" 200 2703
92.232.53.54 - - [17/Jan/2015:05:06:18 -0500] "GET /galeria/nivo-slider/?C=N;O=D HTTP/1.0" 200 2703
66.249.64.171 - - [17/Jan/2015:05:06:19 -0500] "GET /BLA/resoluciones/RESOLUCIONES%202007/RES%202007%203801%20AL%203900/RESOLUCION%203888%20DE%202007.pdf HTTP/1.1" 304 -
92.232.53.54 - - [17/Jan/2015:05:06:21 -0500] "GET /galeria/nivo-slider/?C=S;O=A HTTP/1.0" 200 2703
92.232.53.54 - - [17/Jan/2015:05:06:23 -0500] "GET /galeria/nivo-slider/config.php HTTP/1.0" 200 37
142.4.214.124 - - [17/Jan/2015:05:06:26 -0500] "GET /galeria/carrusel/Carrusel/jquery.thumbnailScroller.css HTTP/1.0" 200 2066
92.232.53.54 - - [17/Jan/2015:05:06:26 -0500] "GET /galeria/nivo-slider/jquery.nivo.slider.js HTTP/1.0" 200 24996
142.4.214.124 - - [17/Jan/2015:05:06:28 -0500] "GET /galeria/carrusel/Carrusel/jquery.thumbnailScroller.js HTTP/1.0" 200 8157
201.245.192.253 - - [17/Jan/2015:05:00:30 -0500] "GET /ForestMSG_SDA/channelAsync/template_word_17276338?X-Atmosphere-tracking-id=de8f30db-7e09-4e08-ec2c-c66dac26fbb9&X-Atmosphere-Framework=1.0.5&X-Atmosphere-Transport=long-polling&tabid=0.0928294702898711&X-Cache-Date=0&Content-Type=application/xml&_=1421489295613 HTTP/1.1" 200 8193
92.232.53.54 - - [17/Jan/2015:05:06:31 -0500] "GET /galeria/nivo-slider/jquery.nivo.slider.pack.js HTTP/1.0" 200 11561
142.4.214.124 - - [17/Jan/2015:05:06:32 -0500] "GET /galeria/mapa/?C=M;O=A HTTP/1.0" 200 5102
188.165.15.66 - - [17/Jan/2015:05:06:32 -0500] "GET /BLA/resoluciones/index.php?dir=RESOLUCIONES%202014/&sort=name&order=desc HTTP/1.1" 200 78258
92.232.53.54 - - [17/Jan/2015:05:06:34 -0500] "GET /galeria/nivo-slider/license.txt HTTP/1.0" 200 1102
142.4.214.124 - - [17/Jan/2015:05:06:34 -0500] "GET /galeria/nivo-slider/themes/?C=D;O=A HTTP/1.0" 200 1421
142.4.214.124 - - [17/Jan/2015:05:06:36 -0500] "GET /galeria/nivo-slider/themes/?C=M;O=A HTTP/1.0" 200 1421
92.232.53.54 - - [17/Jan/2015:05:06:36 -0500] "GET /galeria/nivo-slider/nivo-slider.css HTTP/1.0" 200 1507
92.232.53.54 - - [17/Jan/2015:05:06:38 -0500] "GET /galeria/nivo-slider/style.css HTTP/1.0" 200 2104
142.4.214.124 - - [17/Jan/2015:05:06:46 -0500] "GET /galeria/nivo-slider/themes/?C=N;O=D HTTP/1.0" 200 1421
142.4.214.124 - - [17/Jan/2015:05:06:48 -0500] "GET /galeria/nivo-slider/themes/?C=S;O=A HTTP/1.0" 200 1421
142.4.214.124 - - [17/Jan/2015:05:06:52 -0500] "GET /robots.txt HTTP/1.0" 404 1019
142.4.214.124 - - [17/Jan/2015:05:06:58 -0500] "GET /Autoliquidacion/index.php HTTP/1.0" 200 6375
142.4.214.124 - - [17/Jan/2015:05:07:00 -0500] "GET /Autoliquidacion/index.php?dir=Solicitudes%20relacionadas%20con%20calidad%20del%20aire%20auditiva%20y%20visual/ HTTP/1.0" 200 5748
66.249.64.171 - - [17/Jan/2015:05:07:29 -0500] "GET /BLA/resoluciones/RESOLUCIONES%202010/5315.pdf HTTP/1.1" 304 -
66.249.64.171 - - [17/Jan/2015:05:07:49 -0500] "GET /BLA/resoluciones/RESOLUCIONES%202009/8864.pdf HTTP/1.1" 200 346017
66.249.64.163 - - [17/Jan/2015:05:08:40 -0500] "GET /BLA/resoluciones/RESOLUCIONES%202011/3011.pdf HTTP/1.1" 200 355703
74.86.158.107 - - [17/Jan/2015:05:08:42 -0500] "HEAD / HTTP/1.1" 302 -
66.249.64.43 - - [17/Jan/2015:05:09:50 -0500] "GET /ecodirectorio/files/res/other/search.txt HTTP/1.1" 304 -
66.249.64.171 - - [17/Jan/2015:05:09:50 -0500] "GET /BLA/resoluciones/AUTOS%202008/2753.pdf HTTP/1.1" 200 87832
180.76.5.26 - - [17/Jan/2015:05:10:11 -0500] "GET /BLA/resoluciones/AUTOS%202007/0530.pdf HTTP/1.1" 200 46406
66.249.64.167 - - [17/Jan/2015:05:10:20 -0500] "GET /BLA/resoluciones/RESOLUCIONES%202008/5725.pdf HTTP/1.1" 200 251708
188.165.15.15 - - [17/Jan/2015:05:10:49 -0500] "GET /BLA/resoluciones/index.php?dir=RESOLUCIONES+2005%2FRES+2005+2801-2850%2F HTTP/1.1" 200 11939
66.249.64.163 - - [17/Jan/2015:05:11:00 -0500] "GET /BLA/resoluciones/AUTOS%202012/2171.pdf HTTP/1.1" 200 609580
66.249.64.171 - - [17/Jan/2015:05:12:11 -0500] "GET /BLA/resoluciones/RESOLUCIONES%202012/0638.pdf HTTP/1.1" 200 812260
180.76.6.63 - - [17/Jan/2015:05:12:39 -0500] "GET /BLA/resoluciones/RESOLUCIONES%202007/RES%202007%20201%20AL%20300/RESOLUCION%200223%20DE%202007.pdf HTTP/1.1" 200 292652
66.249.64.167 - - [17/Jan/2015:05:12:47 -0500] "GET /BLA/resoluciones/RESOLUCIONES%202009/8037.pdf HTTP/1.1" 200 414554
188.165.15.66 - - [17/Jan/2015:05:13:12 -0500] "GET /BLA/resoluciones/RESOLUCIONES%202004/RES%202004%20251-300/00000267.tif HTTP/1.1" 200 183754
200.114.15.176 - - [17/Jan/2015:05:13:12 -0500] "GET /Anexos%20estudio%20Organizacional%20SDA/ANEXO%20No.%208%20-%20MATRICES%20DE%20REGISTRO%20Y%20DE%20SALIDA%20MEDICI%C3%93N%20CARGAS%20LABORALES%20SDA/4.%20Direcci%C3%B3n%20de%20Control/Control.xls HTTP/1.1" 200 2417664
66.249.64.167 - - [17/Jan/2015:05:13:21 -0500] "GET /BLA/resoluciones/RESOLUCIONES%202007/RES%202007%201726%20AL%201800/RESOLUCION%201795%20DE%202007.pdf HTTP/1.1" 304 -
201.245.192.253 - - [17/Jan/2015:05:07:30 -0500] "GET /ForestMSG_SDA/channelAsync/template_word_17276338?X-Atmosphere-tracking-id=e018d747-8162-7028-bb3b-6da01dd437e5&X-Atmosphere-Framework=1.0.5&X-Atmosphere-Transport=long-polling&tabid=0.0928294702898711&X-Cache-Date=0&Content-Type=application/xml&_=1421489715648 HTTP/1.1" 200 8193
200.114.15.176 - - [17/Jan/2015:05:13:30 -0500] "GET /Anexos%20estudio%20Organizacional%20SDA/ANEXO%20No.%208%20-%20MATRICES%20DE%20REGISTRO%20Y%20DE%20SALIDA%20MEDICI%C3%93N%20CARGAS%20LABORALES%20SDA/4.%20Direcci%C3%B3n%20de%20Control/Control.xls HTTP/1.1" 206 1
200.114.15.176 - - [17/Jan/2015:05:13:30 -0500] "GET /Anexos%20estudio%20Organizacional%20SDA/ANEXO%20No.%208%20-%20MATRICES%20DE%20REGISTRO%20Y%20DE%20SALIDA%20MEDICI%C3%93N%20CARGAS%20LABORALES%20SDA/4.%20Direcci%C3%B3n%20de%20Control/Control.xls HTTP/1.1" 206 2413859
74.86.158.107 - - [17/Jan/2015:05:13:42 -0500] "HEAD / HTTP/1.1" 302 -
66.249.64.167 - - [17/Jan/2015:05:14:31 -0500] "GET /BLA/resoluciones/RESOLUCIONES%202011/5538.pdf HTTP/1.1" 304 -
186.119.223.26 - - [17/Jan/2015:05:14:43 -0500] "GET /BLA/boletinlegal/js/jquery.js HTTP/1.1" 200 57254
186.119.223.26 - - [17/Jan/2015:05:14:47 -0500] "GET /BLA/boletinlegal/js/jquery.scrollTo-min.js HTTP/1.1" 200 1150
186.119.223.26 - - [17/Jan/2015:05:14:47 -0500] "GET /BLA/boletinlegal/js/jquery.scrollShow.js HTTP/1.1" 200 4586
66.249.64.167 - - [17/Jan/2015:05:15:20 -0500] "GET /BLA/resoluciones/RESOLUCIONES%202009/8425.pdf HTTP/1.1" 200 557992
66.249.64.167 - - [17/Jan/2015:05:15:42 -0500] "GET /BLA/resoluciones/RESOLUCIONES%202010/7315.pdf HTTP/1.1" 304 -
188.165.15.66 - - [17/Jan/2015:05:16:23 -0500] "GET /BLA/resoluciones/index.php?dir=RESOLUCIONES%202006/RES%202006%202651-2700/&sort=name&order=desc HTTP/1.1" 200 12364
123.125.71.52 - - [17/Jan/2015:05:16:24 -0500] "GET / HTTP/1.1" 302 -
188.165.15.212 - - [17/Jan/2015:05:16:27 -0500] "GET /BLA/resoluciones/RESOLUCIONES%202002/RES%202002%20851-900/00000879.tif HTTP/1.1" 200 38716
66.249.64.167 - - [17/Jan/2015:05:16:52 -0500] "GET /BLA/resoluciones/AUTOS%202013/0537.pdf HTTP/1.1" 304 -
66.249.64.171 - - [17/Jan/2015:05:17:51 -0500] "GET /BLA/resoluciones/RESOLUCIONES%202007/RES%202007%20801%20AL%20900/RESOLUCION%200875%20DE%202007.pdf HTTP/1.1" 200 372226
220.181.108.116 - - [17/Jan/2015:05:17:51 -0500] "GET / HTTP/1.1" 302 -
66.249.64.167 - - [17/Jan/2015:05:17:56 -0500] "GET /BLA/resoluciones/Notificaciones/AUTOS%202013/02357.doc HTTP/1.1" 200 235520
66.249.64.167 - - [17/Jan/2015:05:18:03 -0500] "GET /BLA/resoluciones/RESOLUCIONES%202010/4775.pdf HTTP/1.1" 200 862182
180.76.6.61 - - [17/Jan/2015:05:18:03 -0500] "GET /BLA/boletinlegal;jsessionid=1F9CE868FC87D2972DEC2985614FB3BD?/? HTTP/1.1" 404 1018
66.249.64.39 - - [17/Jan/2015:05:18:14 -0500] "GET /Anexos%20estudio%20Organizacional%20SDA/ANEXO%20No.%201-%20NORMAS%20LEGALES%20DE%20ESTRUCTURA%20Y%20PLANTA/images/arrowl.png HTTP/1.1" 404 1019
66.249.64.171 - - [17/Jan/2015:05:18:30 -0500] "GET /BLA/resoluciones/RESOLUCIONES%202008/0458.pdf HTTP/1.1" 200 354508
188.186.142.123 - - [17/Jan/2015:05:18:40 -0500] "GET / HTTP/1.0" 302 -
74.86.158.107 - - [17/Jan/2015:05:18:42 -0500] "HEAD / HTTP/1.1" 302 -
83.149.19.217 - - [17/Jan/2015:05:19:00 -0500] "GET / HTTP/1.1" 302 -
83.149.19.217 - - [17/Jan/2015:05:19:03 -0500] "GET /BLA/boletinlegal/js/jquery.js HTTP/1.1" 200 57254
83.149.19.217 - - [17/Jan/2015:05:19:04 -0500] "GET /BLA/boletinlegal/js/jquery.scrollTo-min.js HTTP/1.1" 200 1150
83.149.19.217 - - [17/Jan/2015:05:19:04 -0500] "GET /galeria/carrusel/Carrusel/jquery.thumbnailScroller.css HTTP/1.1" 200 2066
83.149.19.217 - - [17/Jan/2015:05:19:04 -0500] "GET /BLA/boletinlegal/js/jquery.scrollShow.js HTTP/1.1" 200 4586
83.149.19.217 - - [17/Jan/2015:05:19:05 -0500] "GET /galeria/carrusel/Carrusel/jquery-ui-1.8.13.custom.min.js HTTP/1.1" 200 10800
83.149.19.217 - - [17/Jan/2015:05:19:05 -0500] "GET /galeria/carrusel/Carrusel/jquery.thumbnailScroller.js HTTP/1.1" 200 8157
66.249.64.167 - - [17/Jan/2015:05:19:13 -0500] "GET /BLA/resoluciones/RESOLUCIONES%202007/RES%202007%203801%20AL%203900/RESOLUCION%203886%20DE%202007.pdf HTTP/1.1" 304 -
83.149.19.217 - - [17/Jan/2015:05:19:15 -0500] "GET /galeria/nivo-slider/demo/demo.html HTTP/1.1" 200 3150
83.149.19.217 - - [17/Jan/2015:05:19:15 -0500] "GET /galeria/nivo-slider/themes/default/default.css HTTP/1.1" 200 1569
83.149.19.217 - - [17/Jan/2015:05:19:16 -0500] "GET /galeria/nivo-slider/themes/pascal/pascal.css HTTP/1.1" 200 2258
83.149.19.217 - - [17/Jan/2015:05:19:16 -0500] "GET /galeria/nivo-slider/themes/orman/orman.css HTTP/1.1" 200 2152
83.149.19.217 - - [17/Jan/2015:05:19:16 -0500] "GET /galeria/nivo-slider/nivo-slider.css HTTP/1.1" 200 1507
83.149.19.217 - - [17/Jan/2015:05:19:16 -0500] "GET /galeria/nivo-slider/demo/style.css HTTP/1.1" 200 2222
83.149.19.217 - - [17/Jan/2015:05:19:16 -0500] "GET /galeria/nivo-slider/demo/scripts/jquery-1.7.1.min.js HTTP/1.1" 200 93868
83.149.19.217 - - [17/Jan/2015:05:19:17 -0500] "GET /galeria/nivo-slider/jquery.nivo.slider.pack.js HTTP/1.1" 200 11561
188.165.15.79 - - [17/Jan/2015:05:19:17 -0500] "GET /BLA/resoluciones/RESOLUCIONES%202002/RES%202002%201201-1250/20021250.tif HTTP/1.1" 200 106484
83.149.19.217 - - [17/Jan/2015:05:19:17 -0500] "GET /galeria/nivo-slider/demo/images/4Simple_Slider.png HTTP/1.1" 200 11722
83.149.19.217 - - [17/Jan/2015:05:19:18 -0500] "GET /galeria/nivo-slider/themes/default/loading.gif HTTP/1.1" 200 1737
83.149.19.217 - - [17/Jan/2015:05:19:18 -0500] "GET /galeria/nivo-slider/demo/images/bolsas-08.jpg HTTP/1.1" 200 85589
83.149.19.217 - - [17/Jan/2015:05:19:19 -0500] "GET /galeria/nivo-slider/demo/images/Ruta-vertimientos-01.jpg HTTP/1.1" 200 130151
83.149.19.217 - - [17/Jan/2015:05:19:21 -0500] "GET /galeria/nivo-slider/demo/images/bolsas-06.jpg HTTP/1.1" 200 90982
83.149.19.217 - - [17/Jan/2015:05:19:22 -0500] "GET /galeria/nivo-slider/demo/images/ecolecta-Dic2014.png HTTP/1.1" 200 288593
83.149.19.217 - - [17/Jan/2015:05:19:23 -0500] "GET /galeria/nivo-slider/demo/images/porloshumedales.jpg HTTP/1.1" 200 351238
188.165.15.15 - - [17/Jan/2015:05:19:32 -0500] "GET /BLA/resoluciones/RESOLUCIONES%202006/RES%202006%201101-1150/00001131.tif HTTP/1.1" 200 176634
188.165.15.130 - - [17/Jan/2015:05:19:47 -0500] "GET /BLA/resoluciones/RESOLUCIONES%202002/RES%202002%20101-150/2002RES139.tif HTTP/1.1" 200 84496
66.249.64.163 - - [17/Jan/2015:05:20:22 -0500] "GET /BLA/resoluciones/RESOLUCIONES%202010/1333.pdf HTTP/1.1" 200 353310
66.249.64.171 - - [17/Jan/2015:05:20:23 -0500] "GET /BLA/resoluciones/RESOLUCIONES%202010/7579.pdf HTTP/1.1" 304 -
201.245.192.253 - - [17/Jan/2015:05:14:30 -0500] "GET /ForestMSG_SDA/channelAsync/template_word_17276338?X-Atmosphere-tracking-id=b9164aeb-c3a6-40c9-81b6-b20642706e13&X-Atmosphere-Framework=1.0.5&X-Atmosphere-Transport=long-polling&tabid=0.0928294702898711&X-Cache-Date=0&Content-Type=application/xml&_=1421490135696 HTTP/1.1" 200 8193
157.55.39.38 - - [17/Jan/2015:05:20:53 -0500] "GET /dama/libreria/pdf/pigas/PIGA_alcaldia_santafe/PIGA_LOC_Santa_fe.pdf HTTP/1.1" 404 1019
188.165.15.21 - - [17/Jan/2015:05:21:02 -0500] "GET /BLA/resoluciones/RESOLUCIONES%202004/RES%202004%202251-2300/00002294.tif HTTP/1.1" 200 455046
66.249.64.163 - - [17/Jan/2015:05:21:34 -0500] "GET /BLA/resoluciones/AUTOS%202007/0973.pdf HTTP/1.1" 304 -
66.249.64.171 - - [17/Jan/2015:05:22:08 -0500] "GET /BLA/resoluciones/AUTOS%202006/AUTOS%202006%20401-500/00000494.tif HTTP/1.1" 200 40042
188.165.15.66 - - [17/Jan/2015:05:22:27 -0500] "GET /BLA/resoluciones/RESOLUCIONES%202005/RES%202005%20601-650/00000606.tif HTTP/1.1" 200 270166
180.76.5.194 - - [17/Jan/2015:05:22:49 -0500] "GET /BLA/resoluciones/RESOLUCIONES%202007/RES%202007%20601%20AL%20700/RESOLUCION%200675%20DE%202007.pdf HTTP/1.1" 200 229185
66.249.64.163 - - [17/Jan/2015:05:22:52 -0500] "GET /BLA/resoluciones/RESOLUCIONES%202008/0053.pdf HTTP/1.1" 200 78834
74.86.158.107 - - [17/Jan/2015:05:23:42 -0500] "HEAD / HTTP/1.1" 302 -
66.249.64.171 - - [17/Jan/2015:05:23:54 -0500] "GET /BLA/resoluciones/AUTOS%202013/1083.pdf HTTP/1.1" 304 -
216.107.155.114 - - [17/Jan/2015:05:24:25 -0500] "GET /robots.txt HTTP/1.0" 404 1015
216.107.155.114 - - [17/Jan/2015:05:24:26 -0500] "GET / HTTP/1.0" 302 -
180.76.6.58 - - [17/Jan/2015:05:24:59 -0500] "GET /BLA/resoluciones/AUTOS%202012/1534.pdf HTTP/1.1" 200 608791
66.249.64.163 - - [17/Jan/2015:05:25:05 -0500] "GET /BLA/resoluciones/RESOLUCIONES%202010/0828.pdf HTTP/1.1" 304 -
220.181.108.181 - - [17/Jan/2015:05:25:18 -0500] "GET /BLA/resoluciones/RESOLUCIONES%202012/1769.pdf HTTP/1.1" 200 422832
66.249.64.171 - - [17/Jan/2015:05:25:22 -0500] "GET /BLA/resoluciones/AUTOS%202008/1819.pdf HTTP/1.1" 200 87636
66.249.64.167 - - [17/Jan/2015:05:25:56 -0500] "GET /BLA/resoluciones/AUTOS%202007/0158.pdf HTTP/1.1" 200 118819
66.249.64.171 - - [17/Jan/2015:05:26:15 -0500] "GET /BLA/resoluciones/RESOLUCIONES%202012/0641.pdf HTTP/1.1" 304 -
66.249.64.171 - - [17/Jan/2015:05:26:33 -0500] "GET /BLA/resoluciones/AUTOS%202011/4892.pdf HTTP/1.1" 200 293219
180.76.6.145 - - [17/Jan/2015:05:26:59 -0500] "GET /BLA/resoluciones/RESOLUCIONES%202009/1620.pdf HTTP/1.1" 200 693274
201.245.192.253 - - [17/Jan/2015:05:21:30 -0500] "GET /ForestMSG_SDA/channelAsync/template_word_17276338?X-Atmosphere-tracking-id=0cb93fca-3516-491f-5c8c-f96f65dce1e8&X-Atmosphere-Framework=1.0.5&X-Atmosphere-Transport=long-polling&tabid=0.0928294702898711&X-Cache-Date=0&Content-Type=application/xml&_=1421490555730 HTTP/1.1" 200 8193
66.249.64.163 - - [17/Jan/2015:05:27:53 -0500] "GET /BLA/resoluciones/RESOLUCIONES%202009/6484.pdf HTTP/1.1" 200 109232
66.249.64.163 - - [17/Jan/2015:05:28:36 -0500] "GET /BLA/resoluciones/RESOLUCIONES%202008/0933.pdf HTTP/1.1" 304 -
74.86.158.107 - - [17/Jan/2015:05:28:42 -0500] "HEAD / HTTP/1.1" 302 -
202.46.62.56 - - [17/Jan/2015:05:29:13 -0500] "GET /BLA/resoluciones/RESOLUCIONES%202007/RES%202007%20601%20AL%20700/RESOLUCION%200675%20DE%202007.pdf HTTP/1.1" 200 229185
195.235.207.210 - - [17/Jan/2015:05:29:27 -0500] "GET /BLA/resoluciones/AUTOS%202011/7383.pdf HTTP/1.1" 200 142755
195.235.207.210 - - [17/Jan/2015:05:29:27 -0500] "GET /BLA/resoluciones/AUTOS%202011/7383.pdf HTTP/1.1" 206 32768
195.235.207.210 - - [17/Jan/2015:05:29:28 -0500] "GET /BLA/resoluciones/AUTOS%202011/7383.pdf HTTP/1.1" 206 109987
66.249.64.167 - - [17/Jan/2015:05:29:46 -0500] "GET /BLA/resoluciones/RESOLUCIONES%202014/0933.pdf HTTP/1.1" 200 527407
66.249.64.163 - - [17/Jan/2015:05:30:24 -0500] "GET /BLA/resoluciones/RESOLUCIONES%202009/2285.pdf HTTP/1.1" 200 345981
180.76.6.132 - - [17/Jan/2015:05:30:30 -0500] "GET /BLA/resoluciones/AUTOS%202012/0098.pdf HTTP/1.1" 200 327523
188.165.25.173 - - [17/Jan/2015:05:30:51 -0500] "GET /robots.txt HTTP/1.0" 404 1015
188.165.25.173 - - [17/Jan/2015:05:30:56 -0500] "GET /StormSDA/lib/?C=D;O=A HTTP/1.0" 200 6375
66.249.64.59 - - [17/Jan/2015:05:30:56 -0500] "GET /BLA/resoluciones/RESOLUCIONES%202012/1898.pdf HTTP/1.1" 304 -
188.165.25.173 - - [17/Jan/2015:05:31:03 -0500] "GET /StormSDA/lib/?C=M;O=A HTTP/1.0" 200 6375
188.165.25.173 - - [17/Jan/2015:05:31:07 -0500] "GET /StormSDA/lib/?C=N;O=A HTTP/1.0" 200 6375
188.165.25.173 - - [17/Jan/2015:05:31:09 -0500] "GET /galeria/juegos/objects/?C=N;O=A HTTP/1.0" 200 778
188.165.25.173 - - [17/Jan/2015:05:31:15 -0500] "GET /galeria/juegos/s/?C=N;O=A HTTP/1.0" 200 766
188.165.25.173 - - [17/Jan/2015:05:31:22 -0500] "GET /galeria/juegos/texturesExport/?C=N;O=A HTTP/1.0" 200 792
188.165.25.173 - - [17/Jan/2015:05:31:27 -0500] "GET /robots.txt HTTP/1.0" 404 1019
188.165.15.130 - - [17/Jan/2015:05:31:30 -0500] "GET /BLA/resoluciones/RESOLUCIONES%202006/RES%202006%20751-800/00000800.tif HTTP/1.1" 200 35466
188.165.25.173 - - [17/Jan/2015:05:31:30 -0500] "GET /Anexos%20estudio%20Organizacional%20SDA/index.php?dir=&sort=date&order=asc HTTP/1.0" 200 5840
188.165.25.173 - - [17/Jan/2015:05:31:36 -0500] "GET /Anexos%20estudio%20Organizacional%20SDA/index.php?dir=&sort=size&order=asc HTTP/1.0" 200 5840
188.165.25.173 - - [17/Jan/2015:05:31:43 -0500] "GET /Anexos%20estudio%20Organizacional%20SDA/index.php?dir=ANEXO%20No.%201-%20NORMAS%20LEGALES%20DE%20ESTRUCTURA%20Y%20PLANTA/ HTTP/1.0" 200 11016
188.165.25.173 - - [17/Jan/2015:05:31:49 -0500] "GET /Anexos%20estudio%20Organizacional%20SDA/index.php?dir=ANEXO%20No.%2010%20-%20COSTO%20DETALLADO%20PLANTA%20DE%20CARGOS%20ACTUAL/ HTTP/1.0" 200 2421
188.165.25.173 - - [17/Jan/2015:05:31:52 -0500] "GET /Anexos%20estudio%20Organizacional%20SDA/index.php?dir=ANEXO%20No.%202%20-%20EJECUCIONES%20PRESUPUESTALES%202008-2011%20Y%20PRESUPUESTO%202012/ HTTP/1.0" 200 3708
188.165.25.173 - - [17/Jan/2015:05:32:00 -0500] "GET /Anexos%20estudio%20Organizacional%20SDA/index.php?dir=ANEXO%20No.%205%20-%20ESTUDIO%20Y%20PROPUESTA%20SERAMB%20IENTE/ HTTP/1.0" 200 3623
188.165.25.173 - - [17/Jan/2015:05:32:06 -0500] "GET /Anexos%20estudio%20Organizacional%20SDA/index.php?dir=ANEXO%20No.%207%20-%20PROYECTO%20DE%20DECRETO%20MODIFICATORIO%20DE%20ESTRUCTURA%20DE%20LA%20SDA/ HTTP/1.0" 200 2594
66.249.64.167 - - [17/Jan/2015:05:32:07 -0500] "GET /autoliquidacion/TR%C3%81MITES%20VERTIMIENTOS/PERMISOS%20DE%20VERTIMIENTOS/ANEXO%20%205.%20%20MATRIZ%20PAR%C3%81METRSO%20ACTIVDADES%20PRODUCTIVAS.xls HTTP/1.1" 304 -
66.249.64.39 - - [17/Jan/2015:05:32:09 -0500] "GET /cyber/ecour/15.jpg HTTP/1.1" 404 1019
188.165.25.173 - - [17/Jan/2015:05:32:10 -0500] "GET /Anexos%20estudio%20Organizacional%20SDA/index.php?dir=ANEXO%20No.11-PROYECTO%20DE%20DECRETO%20MODIFICATORIO%20PLANTA%20DE%20CARGOS%20SDA/ HTTP/1.0" 200 2569
188.165.25.173 - - [17/Jan/2015:05:32:24 -0500] "GET /Anexos%20estudio%20Organizacional%20SDA/index.php?dir=ANEXO%20No.12-PROYECTO%20ACTUALIZACION%20MANUAL%20DE%20FUNCIONES%20SDA/ HTTP/1.0" 200 2515
188.165.25.173 - - [17/Jan/2015:05:32:29 -0500] "GET /Autoliquidacion/index.php?dir=&sort=date&order=asc HTTP/1.0" 200 6375
188.165.25.173 - - [17/Jan/2015:05:32:34 -0500] "GET /Autoliquidacion/index.php?dir=&sort=name&order=desc HTTP/1.0" 200 6374
188.165.25.173 - - [17/Jan/2015:05:32:37 -0500] "GET /Autoliquidacion/index.php?dir=&sort=size&order=asc HTTP/1.0" 200 6375
188.165.25.173 - - [17/Jan/2015:05:32:42 -0500] "GET /Autoliquidacion/index.php?dir=Cobro%20Clasificacion%20Uso%20De%20Vivenda%20En%20Suelo%20Restringido/ HTTP/1.0" 200 3195
188.165.25.173 - - [17/Jan/2015:05:32:50 -0500] "GET /Autoliquidacion/index.php?dir=Fauna%20Silvestre/ HTTP/1.0" 200 3502
66.249.64.171 - - [17/Jan/2015:05:32:54 -0500] "GET /BLA/resoluciones/RESOLUCIONES%202008/2476.pdf HTTP/1.1" 200 209979
188.165.25.173 - - [17/Jan/2015:05:32:55 -0500] "GET /Autoliquidacion/index.php?dir=Grupo%20Forestal%20-%20Industria%20de%20la%20Madera/ HTTP/1.0" 200 7201
188.165.25.173 - - [17/Jan/2015:05:33:00 -0500] "GET /Autoliquidacion/index.php?dir=Grupo%20Forestal%20-%20Silvicultura/ HTTP/1.0" 200 5777
188.165.25.173 - - [17/Jan/2015:05:33:08 -0500] "GET /Autoliquidacion/index.php?dir=PERMISO%20DE%20OCUPACION%20DE%20SUELO/ HTTP/1.0" 200 2394
66.249.64.163 - - [17/Jan/2015:05:33:17 -0500] "GET /BLA/resoluciones/RESOLUCIONES%202007/RES%202007%203901%20AL%204000/RESOLUCION%203948%20DE%202007.pdf HTTP/1.1" 304 -
188.165.25.173 - - [17/Jan/2015:05:33:20 -0500] "GET /Autoliquidacion/index.php?dir=Plan%20de%20manejo%20ambiental%20para%20sitios%20de%20aprovechamiento%20y%20o%20disposicion%20final%20de%20escombros/ HTTP/1.0" 200 2523
188.165.25.173 - - [17/Jan/2015:05:33:25 -0500] "GET /Metadatos_final_2014/?C=D;O=A HTTP/1.0" 200 3490
188.165.25.173 - - [17/Jan/2015:05:33:31 -0500] "GET /Metadatos_final_2014/?C=M;O=A HTTP/1.0" 200 3490
188.165.15.138 - - [17/Jan/2015:05:33:40 -0500] "GET /BLA/resoluciones/RESOLUCIONES%202003/RES%202003%202101-2150/20032144.tif HTTP/1.1" 200 301498
188.165.25.173 - - [17/Jan/2015:05:33:40 -0500] "GET /Metadatos_final_2014/?C=N;O=D HTTP/1.0" 200 3490
74.86.158.107 - - [17/Jan/2015:05:33:42 -0500] "HEAD / HTTP/1.1" 302 -
220.181.108.153 - - [17/Jan/2015:05:33:52 -0500] "GET /BLA/resoluciones/RESOLUCIONES%202010/5752.pdf HTTP/1.1" 200 75552
188.165.25.173 - - [17/Jan/2015:05:33:56 -0500] "GET /Metadatos_final_2014/?C=S;O=A HTTP/1.0" 200 3490
188.165.25.173 - - [17/Jan/2015:05:34:10 -0500] "GET /Metadatos_final_2014/Agente_Part_Amb.xml HTTP/1.0" 200 32407
188.165.15.237 - - [17/Jan/2015:05:34:11 -0500] "GET /BLA/resoluciones/RESOLUCIONES%202002/RES%202002%20401-450/00000448.tif HTTP/1.1" 200 152010
188.165.25.173 - - [17/Jan/2015:05:34:19 -0500] "GET /Metadatos_final_2014/Estacion_CalAgua.xml HTTP/1.0" 200 29752
188.165.25.173 - - [17/Jan/2015:05:34:26 -0500] "GET /Metadatos_final_2014/Gen_Respel_Hosp.xml HTTP/1.0" 200 32839
66.249.64.167 - - [17/Jan/2015:05:34:27 -0500] "GET /BLA/resoluciones/RESOLUCIONES%202011/5794.pdf HTTP/1.1" 304 -
201.245.192.253 - - [17/Jan/2015:05:28:30 -0500] "GET /ForestMSG_SDA/channelAsync/template_word_17276338?X-Atmosphere-tracking-id=0d4eeb8b-d060-d60c-a8a5-e5332c587540&X-Atmosphere-Framework=1.0.5&X-Atmosphere-Transport=long-polling&tabid=0.0928294702898711&X-Cache-Date=0&Content-Type=application/xml&_=1421490975766 HTTP/1.1" 200 8193
188.165.25.173 - - [17/Jan/2015:05:34:36 -0500] "GET /Metadatos_final_2014/Gen_Respel_Indust.xml HTTP/1.0" 200 33121
188.165.25.173 - - [17/Jan/2015:05:34:44 -0500] "GET /Metadatos_final_2014/Proy_Const_Gen_RCD.xml HTTP/1.0" 200 31240
188.165.15.138 - - [17/Jan/2015:05:34:47 -0500] "GET /BLA/resoluciones/RESOLUCIONES%202005/RES%202005%202701%20-2750/00002701.tif HTTP/1.1" 200 88954
188.165.25.173 - - [17/Jan/2015:05:34:55 -0500] "GET /Metadatos_final_2014/Punto_Capt_Agua_Subte.xml HTTP/1.0" 200 32896
188.165.25.173 - - [17/Jan/2015:05:35:02 -0500] "GET /Metadatos_final_2014/Punto_Capt_Agua_Superf.xml HTTP/1.0" 200 32481
188.165.25.173 - - [17/Jan/2015:05:35:10 -0500] "GET /Metadatos_final_2014/Punto_Descarga_Directa_Fuentes_Hidricas.xml HTTP/1.0" 200 33047
188.165.25.173 - - [17/Jan/2015:05:35:20 -0500] "GET /Metadatos_final_2014/Rio_Tramo_WQI.xml HTTP/1.0" 200 31554
188.165.25.173 - - [17/Jan/2015:05:35:24 -0500] "GET /Metadatos_final_2014/Servicio_WMS_WQI.xml HTTP/1.0" 200 22438
66.249.64.167 - - [17/Jan/2015:05:35:24 -0500] "GET /BLA/resoluciones/RESOLUCIONES%202009/9476.pdf HTTP/1.1" 200 353356
188.165.25.173 - - [17/Jan/2015:05:35:30 -0500] "GET /Metadatos_final_2014/Situacion_Amb_Conflict.xml HTTP/1.0" 200 33244
188.165.25.173 - - [17/Jan/2015:05:35:35 -0500] "GET /Metadatos_final_2014/Valla.xml HTTP/1.0" 200 34071
66.249.64.47 - - [17/Jan/2015:05:35:38 -0500] "GET /Anexos%20estudio%20Organizacional%20SDA/ANEXO%20No.%203-%20CONTRATACI%C3%93N%20%20OPS%C2%B4s%202008-2012/CONTRATOS%20SDA%202009%20POR%20DEPENDENCIA%20(1).xls HTTP/1.1" 304 -
188.165.25.173 - - [17/Jan/2015:05:35:42 -0500] "GET /PORTAL_SIAC/?C=D;O=A HTTP/1.0" 200 1219
188.165.25.173 - - [17/Jan/2015:05:35:48 -0500] "GET /PORTAL_SIAC/?C=M;O=A HTTP/1.0" 200 1219
188.165.25.173 - - [17/Jan/2015:05:35:58 -0500] "GET /PORTAL_SIAC/?C=N;O=D HTTP/1.0" 200 1219
188.165.25.173 - - [17/Jan/2015:05:36:05 -0500] "GET /PORTAL_SIAC/?C=S;O=A HTTP/1.0" 200 1219
188.165.25.173 - - [17/Jan/2015:05:36:10 -0500] "GET /POT-2013/index.php HTTP/1.0" 200 2679
188.165.25.173 - - [17/Jan/2015:05:36:17 -0500] "GET /POT-2013/index.php?dir=&sort=date&order=asc HTTP/1.0" 200 2679
188.165.25.173 - - [17/Jan/2015:05:36:26 -0500] "GET /POT-2013/index.php?dir=&sort=name&order=desc HTTP/1.0" 200 2678
188.165.25.173 - - [17/Jan/2015:05:36:32 -0500] "GET /POT-2013/index.php?dir=&sort=size&order=asc HTTP/1.0" 200 2679
188.165.25.173 - - [17/Jan/2015:05:36:40 -0500] "GET /POT-2013/index.php?dir=Articulado/ HTTP/1.0" 200 1857
188.165.25.173 - - [17/Jan/2015:05:36:46 -0500] "GET /POT-2013/index.php?dir=Cartografia/ HTTP/1.0" 200 11465
66.249.64.167 - - [17/Jan/2015:05:36:48 -0500] "GET /BLA/resoluciones/AUTOS%202011/0136.pdf HTTP/1.1" 304 -
188.165.25.173 - - [17/Jan/2015:05:36:55 -0500] "GET /POT-2013/index.php?dir=DTS/ HTTP/1.0" 200 1771
188.165.25.173 - - [17/Jan/2015:05:37:00 -0500] "GET /POT-2013/index.php?dir=SEGUIMIENTO/ HTTP/1.0" 200 2147
188.165.25.173 - - [17/Jan/2015:05:37:10 -0500] "GET /POT-2013/index.php?dir=expediente/ HTTP/1.0" 200 1903
188.165.25.173 - - [17/Jan/2015:05:37:18 -0500] "GET /POT-2013/index.php?dir=memoria%20justificativa/ HTTP/1.0" 200 2484
188.165.25.173 - - [17/Jan/2015:05:37:24 -0500] "GET /PruebasSTORM/?C=N;O=D HTTP/1.0" 200 1843
188.165.25.173 - - [17/Jan/2015:05:37:30 -0500] "GET /PruebasSTORM/?C=S;O=A HTTP/1.0" 200 1843
188.165.25.173 - - [17/Jan/2015:05:37:34 -0500] "GET /formularios/?C=D;O=A HTTP/1.0" 200 965
188.165.15.44 - - [17/Jan/2015:05:37:37 -0500] "GET /BLA/resoluciones/RESOLUCIONES%202005/RES%202005%20601-650/00000617.tif HTTP/1.1" 200 229448
