190.68.216.149 - - [23/Jan/2015:08:43:43 -0500] "GET /dama/libreria/jpg/sec_amb.jpg HTTP/1.1" 404 1019
190.68.216.149 - - [23/Jan/2015:08:43:43 -0500] "GET /dama/libreria/jpg/sec_amb.jpg HTTP/1.1" 404 1019
190.68.216.149 - - [23/Jan/2015:08:43:43 -0500] "GET /dama/libreria/jpg/sec_amb.jpg HTTP/1.1" 404 1019
190.68.216.149 - - [23/Jan/2015:08:43:43 -0500] "GET /dama/libreria/jpg/sec_amb.jpg HTTP/1.1" 404 1019
190.68.216.149 - - [23/Jan/2015:08:43:43 -0500] "GET /dama/libreria/jpg/sec_amb.jpg HTTP/1.1" 404 1019
190.68.216.149 - - [23/Jan/2015:08:43:44 -0500] "GET /dama/libreria/jpg/sec_amb.jpg HTTP/1.1" 404 1019
181.143.131.18 - - [23/Jan/2015:08:43:49 -0500] "GET /BLA/boletinlegal/js/jquery.scrollTo-min.js HTTP/1.1" 200 1150
181.143.131.18 - - [23/Jan/2015:08:43:49 -0500] "GET /BLA/boletinlegal/js/jquery.js HTTP/1.1" 200 57254
181.143.131.18 - - [23/Jan/2015:08:43:49 -0500] "GET /BLA/boletinlegal/js/jquery.scrollShow.js HTTP/1.1" 200 4586
181.143.131.18 - - [23/Jan/2015:08:43:49 -0500] "GET /galeria/carrusel/Carrusel/jquery.thumbnailScroller.js HTTP/1.1" 200 8157
181.143.131.18 - - [23/Jan/2015:08:43:49 -0500] "GET /galeria/carrusel/Carrusel/jquery.thumbnailScroller.css HTTP/1.1" 200 2066
181.143.131.18 - - [23/Jan/2015:08:43:49 -0500] "GET /galeria/carrusel/Carrusel/jquery-ui-1.8.13.custom.min.js HTTP/1.1" 200 10800
181.143.131.18 - - [23/Jan/2015:08:43:49 -0500] "GET /videos/flowplayer-3.2.6.min.js HTTP/1.1" 200 16815
181.143.131.18 - - [23/Jan/2015:08:43:49 -0500] "GET /galeria/nivo-slider/demo/demo.html HTTP/1.1" 200 3150
181.143.131.18 - - [23/Jan/2015:08:43:49 -0500] "GET /galeria/nivo-slider/themes/default/default.css HTTP/1.1" 200 1569
181.143.131.18 - - [23/Jan/2015:08:43:49 -0500] "GET /galeria/nivo-slider/themes/pascal/pascal.css HTTP/1.1" 200 2258
181.143.131.18 - - [23/Jan/2015:08:43:49 -0500] "GET /galeria/nivo-slider/demo/scripts/jquery-1.7.1.min.js HTTP/1.1" 200 93868
201.245.192.253 - - [23/Jan/2015:08:43:49 -0500] "GET /forest/forms/showform.jsp?codPro=117&codForm=Asociaciondocs&a=0.8397767776623368 HTTP/1.1" 200 15362
181.143.131.18 - - [23/Jan/2015:08:43:49 -0500] "GET /galeria/nivo-slider/jquery.nivo.slider.pack.js HTTP/1.1" 200 11561
181.143.131.18 - - [23/Jan/2015:08:43:49 -0500] "GET /galeria/nivo-slider/demo/images/bolsas-08.jpg HTTP/1.1" 200 85589
181.143.131.18 - - [23/Jan/2015:08:43:49 -0500] "GET /galeria/nivo-slider/demo/images/Ruta-vertimientos-01.jpg HTTP/1.1" 200 130151
181.143.131.18 - - [23/Jan/2015:08:43:49 -0500] "GET /galeria/nivo-slider/nivo-slider.css HTTP/1.1" 200 1507
181.143.131.18 - - [23/Jan/2015:08:43:49 -0500] "GET /galeria/nivo-slider/themes/orman/orman.css HTTP/1.1" 200 2152
181.143.131.18 - - [23/Jan/2015:08:43:49 -0500] "GET /galeria/nivo-slider/demo/style.css HTTP/1.1" 200 2222
181.143.131.18 - - [23/Jan/2015:08:43:49 -0500] "GET /galeria/nivo-slider/demo/images/bolsas-06.jpg HTTP/1.1" 200 90982
181.143.131.18 - - [23/Jan/2015:08:43:49 -0500] "GET /galeria/nivo-slider/demo/images/ecolecta-Dic2014.png HTTP/1.1" 200 288593
181.143.131.18 - - [23/Jan/2015:08:43:49 -0500] "GET /galeria/nivo-slider/demo/images/porloshumedales.jpg HTTP/1.1" 200 351238
201.245.192.253 - - [23/Jan/2015:08:43:49 -0500] "GET /autoliquidacion/index.php?dir= HTTP/1.1" 200 6375
181.143.131.18 - - [23/Jan/2015:08:43:50 -0500] "GET /galeria/nivo-slider/demo/images/4Simple_Slider.png HTTP/1.1" 200 11722
181.143.131.18 - - [23/Jan/2015:08:43:50 -0500] "GET /galeria/nivo-slider/themes/default/loading.gif HTTP/1.1" 200 1737
181.143.131.18 - - [23/Jan/2015:08:43:50 -0500] "GET /galeria/nivo-slider/demo/images/Tingua-azul.jpg HTTP/1.1" 200 307638
181.143.131.18 - - [23/Jan/2015:08:43:50 -0500] "GET /galeria/nivo-slider/demo/images/Banner-Caracol-Africano.jpg HTTP/1.1" 200 331986
181.143.131.18 - - [23/Jan/2015:08:43:50 -0500] "GET /galeria/nivo-slider/demo/images/banner-redes.jpg HTTP/1.1" 200 62209
181.143.131.18 - - [23/Jan/2015:08:43:50 -0500] "GET /galeria/nivo-slider/demo/images/9Signos.jpg HTTP/1.1" 200 93040
181.143.131.18 - - [23/Jan/2015:08:43:50 -0500] "GET /galeria/nivo-slider/demo/images/banner-llantas2.jpg HTTP/1.1" 200 73153
181.143.131.18 - - [23/Jan/2015:08:43:50 -0500] "GET /galeria/nivo-slider/demo/images/banner-caballos.png HTTP/1.1" 200 389106
201.245.192.253 - - [23/Jan/2015:08:43:51 -0500] "GET /autoliquidacion/index.php?dir=Grupo+Forestal+-+Silvicultura%2F HTTP/1.1" 200 5777
201.245.192.253 - - [23/Jan/2015:08:43:51 -0500] "GET /autoliquidacion/dlf/unknown.png HTTP/1.1" 304 -
201.245.192.253 - - [23/Jan/2015:08:43:51 -0500] "GET /autoliquidacion/dlf/xls.gif HTTP/1.1" 304 -
181.143.131.18 - - [23/Jan/2015:08:43:51 -0500] "GET /galeria/nivo-slider/themes/default/arrows.png HTTP/1.1" 200 824
181.143.131.18 - - [23/Jan/2015:08:43:51 -0500] "GET /galeria/nivo-slider/themes/default/bullets.png HTTP/1.1" 200 1281
201.245.192.253 - - [23/Jan/2015:08:43:54 -0500] "GET /autoliquidacion/Grupo%20Forestal%20-%20Silvicultura/Solicitud%20y%20lista%20de%20chequeo%20Evaluaci%C3%B3n%20Silvicultural.xlsx HTTP/1.1" 304 -
201.245.192.253 - - [23/Jan/2015:08:43:54 -0500] "GET /forest/actions/forms.getList?codForm=Asociaciondocs&id=numcarpeta&text=S HTTP/1.1" 200 819
181.55.224.205 - - [23/Jan/2015:08:43:55 -0500] "POST /forms/lservlet;jsessionid=ac16012b30d51f7e8710b6f44b8bbb66e0f7ae613820.e3iSbxaKaheRe38RbNmLa3mSc41ynknvrkLOlQzNp65In0 HTTP/1.1" 200 2
201.245.192.253 - - [23/Jan/2015:08:43:54 -0500] "GET /forest/actions/forms.getList?codForm=Asociaciondocs&id=numcarpeta&text=SD HTTP/1.1" 200 822
201.245.192.253 - - [23/Jan/2015:08:43:55 -0500] "GET /forest/actions/forms.getList?codForm=Asociaciondocs&id=numcarpeta&text=SDA HTTP/1.1" 200 822
201.245.192.253 - - [23/Jan/2015:08:43:56 -0500] "GET /forest/actions/forms.getList?codForm=Asociaciondocs&id=numcarpeta&text=SDA- HTTP/1.1" 200 822
201.245.192.253 - - [23/Jan/2015:08:43:56 -0500] "GET /forest/actions/forms.getList?codForm=Asociaciondocs&id=numcarpeta&text=SDA-1 HTTP/1.1" 200 826
201.245.192.253 - - [23/Jan/2015:08:43:57 -0500] "GET /forest/actions/forms.getList?codForm=Asociaciondocs&id=numcarpeta&text=SDA-17 HTTP/1.1" 200 861
201.245.192.253 - - [23/Jan/2015:08:43:57 -0500] "GET /forest/actions/forms.getList?codForm=Asociaciondocs&id=numcarpeta&text=SDA-17- HTTP/1.1" 200 861
201.245.192.253 - - [23/Jan/2015:08:43:57 -0500] "GET /forest/actions/forms.getList?codForm=Asociaciondocs&id=numcarpeta&text=SDA-17-2 HTTP/1.1" 200 861
201.245.192.253 - - [23/Jan/2015:08:43:57 -0500] "GET /forest/actions/forms.getList?codForm=Asociaciondocs&id=numcarpeta&text=SDA-17-20 HTTP/1.1" 200 861
201.245.192.253 - - [23/Jan/2015:08:43:58 -0500] "GET /forest/actions/forms.getList?codForm=Asociaciondocs&id=numcarpeta&text=SDA-17-201 HTTP/1.1" 200 861
201.245.192.253 - - [23/Jan/2015:08:43:58 -0500] "GET /forest/actions/forms.getList?codForm=Asociaciondocs&id=numcarpeta&text=SDA-17-2012 HTTP/1.1" 200 833
201.245.192.253 - - [23/Jan/2015:08:43:58 -0500] "GET /forest/actions/forms.getList?codForm=Asociaciondocs&id=numcarpeta&text=SDA-17-2012- HTTP/1.1" 200 833
201.245.192.253 - - [23/Jan/2015:08:43:59 -0500] "GET /forest/actions/forms.getList?codForm=Asociaciondocs&id=numcarpeta&text=SDA-17-2012-1 HTTP/1.1" 200 833
201.245.192.253 - - [23/Jan/2015:08:43:59 -0500] "GET /forest/actions/forms.getList?codForm=Asociaciondocs&id=numcarpeta&text=SDA-17-2012-11 HTTP/1.1" 200 715
201.245.192.253 - - [23/Jan/2015:08:43:59 -0500] "GET /forest/actions/forms.getList?codForm=Asociaciondocs&id=numcarpeta&text=SDA-17-2012-117 HTTP/1.1" 200 85
201.245.192.253 - - [23/Jan/2015:08:44:00 -0500] "GET /forest/actions/forms.getList?codForm=Asociaciondocs&id=numcarpeta&text=SDA-17-2012-1175 HTTP/1.1" 200 43
190.25.167.137 - - [23/Jan/2015:08:44:07 -0500] "GET /BLA/resoluciones/RESOLUCIONES%202009/2840.pdf HTTP/1.1" 200 657380
201.245.192.253 - - [23/Jan/2015:08:44:08 -0500] "GET /BLA/boletinlegal/js/jquery.scrollTo-min.js HTTP/1.1" 304 -
181.55.126.174 - - [23/Jan/2015:08:44:09 -0500] "GET /BLA/resoluciones/RESOLUCIONES%202013/1279.pdf HTTP/1.1" 200 353528
181.55.126.174 - - [23/Jan/2015:08:44:09 -0500] "GET /BLA/resoluciones/RESOLUCIONES%202013/1279.pdf HTTP/1.1" 206 65536
181.55.126.174 - - [23/Jan/2015:08:44:09 -0500] "GET /BLA/resoluciones/RESOLUCIONES%202013/1279.pdf HTTP/1.1" 206 25848
181.55.126.174 - - [23/Jan/2015:08:44:10 -0500] "GET /favicon.ico HTTP/1.1" 200 7782
181.55.126.174 - - [23/Jan/2015:08:44:27 -0500] "GET /BLA/resoluciones/RESOLUCIONES%202009/4663.pdf HTTP/1.1" 200 499118
181.55.224.205 - - [23/Jan/2015:08:44:33 -0500] "POST /forms/lservlet;jsessionid=ac16012b30d51f7e8710b6f44b8bbb66e0f7ae613820.e3iSbxaKaheRe38RbNmLa3mSc41ynknvrkLOlQzNp65In0 HTTP/1.1" 200 46
190.216.133.36 - - [23/Jan/2015:08:44:34 -0500] "GET /BLA/boletinlegal/conceptos/2014/166.pdf HTTP/1.1" 200 312934
181.55.224.205 - - [23/Jan/2015:08:44:34 -0500] "POST /forms/lservlet;jsessionid=ac16012b30d51f7e8710b6f44b8bbb66e0f7ae613820.e3iSbxaKaheRe38RbNmLa3mSc41ynknvrkLOlQzNp65In0 HTTP/1.1" 200 7
181.55.224.205 - - [23/Jan/2015:08:44:34 -0500] "POST /forms/lservlet;jsessionid=ac16012b30d51f7e8710b6f44b8bbb66e0f7ae613820.e3iSbxaKaheRe38RbNmLa3mSc41ynknvrkLOlQzNp65In0 HTTP/1.1" 200 181
181.55.224.205 - - [23/Jan/2015:08:44:34 -0500] "POST /forms/lservlet;jsessionid=ac16012b30d51f7e8710b6f44b8bbb66e0f7ae613820.e3iSbxaKaheRe38RbNmLa3mSc41ynknvrkLOlQzNp65In0 HTTP/1.1" 200 46
181.55.224.205 - - [23/Jan/2015:08:44:35 -0500] "POST /forms/lservlet;jsessionid=ac16012b30d51f7e8710b6f44b8bbb66e0f7ae613820.e3iSbxaKaheRe38RbNmLa3mSc41ynknvrkLOlQzNp65In0 HTTP/1.1" 200 16
181.55.224.205 - - [23/Jan/2015:08:44:36 -0500] "POST /forms/lservlet;jsessionid=ac16012b30d51f7e8710b6f44b8bbb66e0f7ae613820.e3iSbxaKaheRe38RbNmLa3mSc41ynknvrkLOlQzNp65In0 HTTP/1.1" 200 2
201.245.192.253 - - [23/Jan/2015:08:44:37 -0500] "GET /isolucionsda/FrameSetGeneral.asp?Pagina=SucursalSeleccion.asp&CargaPagina=ModuloProcesos&IdModulo=3 HTTP/1.1" 200 205
181.55.224.205 - - [23/Jan/2015:08:44:43 -0500] "POST /forms/lservlet;jsessionid=ac16012b30d51f7e8710b6f44b8bbb66e0f7ae613820.e3iSbxaKaheRe38RbNmLa3mSc41ynknvrkLOlQzNp65In0 HTTP/1.1" 200 21
181.55.224.205 - - [23/Jan/2015:08:44:54 -0500] "POST /forms/lservlet;jsessionid=ac16012b30d51f7e8710b6f44b8bbb66e0f7ae613820.e3iSbxaKaheRe38RbNmLa3mSc41ynknvrkLOlQzNp65In0 HTTP/1.1" 200 64
181.55.224.205 - - [23/Jan/2015:08:44:55 -0500] "POST /forms/lservlet;jsessionid=ac16012b30d51f7e8710b6f44b8bbb66e0f7ae613820.e3iSbxaKaheRe38RbNmLa3mSc41ynknvrkLOlQzNp65In0 HTTP/1.1" 200 88
190.216.133.36 - - [23/Jan/2015:08:44:58 -0500] "GET /BLA/boletinlegal/actos.php HTTP/1.1" 200 7588
190.216.133.36 - - [23/Jan/2015:08:44:58 -0500] "GET /BLA/boletinlegal/styles2.css HTTP/1.1" 304 -
190.216.133.36 - - [23/Jan/2015:08:44:58 -0500] "GET /BLA/boletinlegal/style.css HTTP/1.1" 304 -
190.216.133.36 - - [23/Jan/2015:08:44:58 -0500] "GET /BLA/boletinlegal/js/ajax_actos.js HTTP/1.1" 304 -
190.216.133.36 - - [23/Jan/2015:08:44:58 -0500] "GET /BLA/boletinlegal/niceforms.js HTTP/1.1" 304 -
190.216.133.36 - - [23/Jan/2015:08:44:58 -0500] "GET /BLA/boletinlegal/niceforms-default.css HTTP/1.1" 304 -
190.216.133.36 - - [23/Jan/2015:08:44:58 -0500] "GET /BLA/boletinlegal/js/popup.js HTTP/1.1" 304 -
190.216.133.36 - - [23/Jan/2015:08:44:58 -0500] "GET /BLA/boletinlegal/js/lib.js HTTP/1.1" 304 -
190.216.133.36 - - [23/Jan/2015:08:44:58 -0500] "GET /BLA/boletinlegal/js/jquery1.js HTTP/1.1" 304 -
190.216.133.36 - - [23/Jan/2015:08:44:58 -0500] "GET /BLA/boletinlegal/images/cabezote%20BLEGAL.jpg HTTP/1.1" 304 -
190.216.133.36 - - [23/Jan/2015:08:44:58 -0500] "GET /BLA/boletinlegal/images/historia.png HTTP/1.1" 304 -
190.216.133.36 - - [23/Jan/2015:08:44:58 -0500] "GET /BLA/boletinlegal/images/subscribe-icon-big.png HTTP/1.1" 304 -
190.216.133.36 - - [23/Jan/2015:08:44:58 -0500] "GET /BLA/boletinlegal/images/body_bg.jpg HTTP/1.1" 304 -
190.216.133.36 - - [23/Jan/2015:08:44:58 -0500] "GET /BLA/boletinlegal/images/abajo.png HTTP/1.1" 304 -
190.216.133.36 - - [23/Jan/2015:08:44:58 -0500] "GET /BLA/boletinlegal/images/menu_lft.gif HTTP/1.1" 304 -
190.216.133.36 - - [23/Jan/2015:08:44:58 -0500] "GET /BLA/boletinlegal/images/green-yellow-blue-pink-th.png HTTP/1.1" 304 -
190.216.133.36 - - [23/Jan/2015:08:44:58 -0500] "GET /BLA/boletinlegal/images/menu_rght.gif HTTP/1.1" 304 -
190.216.133.36 - - [23/Jan/2015:08:44:58 -0500] "GET /BLA/boletinlegal/images/menu_bg.jpg HTTP/1.1" 304 -
190.216.133.36 - - [23/Jan/2015:08:44:58 -0500] "GET /BLA/boletinlegal/images/footer_bg.jpg HTTP/1.1" 304 -
190.216.133.36 - - [23/Jan/2015:08:44:58 -0500] "GET /BLA/boletinlegal/images/bg_top.jpg HTTP/1.1" 304 -
190.216.133.36 - - [23/Jan/2015:08:44:58 -0500] "GET /BLA/boletinlegal/images/hover.jpg HTTP/1.1" 304 -
190.216.133.36 - - [23/Jan/2015:08:44:58 -0500] "GET /BLA/boletinlegal/images/footer_bg_l.jpg HTTP/1.1" 304 -
190.216.133.36 - - [23/Jan/2015:08:44:58 -0500] "GET /BLA/boletinlegal/images/text.jpg HTTP/1.1" 304 -
190.216.133.36 - - [23/Jan/2015:08:44:58 -0500] "GET /BLA/boletinlegal/img/0.png HTTP/1.1" 304 -
190.216.133.36 - - [23/Jan/2015:08:44:58 -0500] "GET /BLA/boletinlegal/img/button.png HTTP/1.1" 304 -
190.216.133.36 - - [23/Jan/2015:08:44:58 -0500] "GET /BLA/boletinlegal/img/select-left.png HTTP/1.1" 304 -
190.216.133.36 - - [23/Jan/2015:08:44:58 -0500] "GET /BLA/boletinlegal/img/select-right.png HTTP/1.1" 304 -
190.216.133.36 - - [23/Jan/2015:08:44:58 -0500] "GET /BLA/boletinlegal/img/button-left.png HTTP/1.1" 304 -
190.216.133.36 - - [23/Jan/2015:08:44:58 -0500] "GET /BLA/boletinlegal/img/button-right.png HTTP/1.1" 304 -
190.111.94.6 - - [23/Jan/2015:08:45:00 -0500] "GET /BLA/boletinlegal/js/jquery.js HTTP/1.1" 304 -
181.55.224.205 - - [23/Jan/2015:08:45:00 -0500] "POST /forms/lservlet;jsessionid=ac16012b30d51f7e8710b6f44b8bbb66e0f7ae613820.e3iSbxaKaheRe38RbNmLa3mSc41ynknvrkLOlQzNp65In0 HTTP/1.1" 200 179
190.111.94.6 - - [23/Jan/2015:08:45:00 -0500] "GET /BLA/boletinlegal/js/jquery.scrollTo-min.js HTTP/1.1" 304 -
190.111.94.6 - - [23/Jan/2015:08:45:00 -0500] "GET /BLA/boletinlegal/js/jquery.scrollShow.js HTTP/1.1" 304 -
186.82.78.180 - - [23/Jan/2015:08:45:01 -0500] "POST /forms/lservlet;jsessionid=ac16012b30d5e73089ab559c4469bd8fbf5cccca14b6.e3iSbxaKaheRe38RbNmLa3mSc41ynknvrkLOlQzNp65In0 HTTP/1.1" 200 2
181.55.224.205 - - [23/Jan/2015:08:45:03 -0500] "POST /forms/lservlet;jsessionid=ac16012b30d51f7e8710b6f44b8bbb66e0f7ae613820.e3iSbxaKaheRe38RbNmLa3mSc41ynknvrkLOlQzNp65In0 HTTP/1.1" 200 149
190.216.133.36 - - [23/Jan/2015:08:45:05 -0500] "GET /BLA/boletinlegal/norma_menu.php HTTP/1.1" 200 5286
190.216.133.36 - - [23/Jan/2015:08:45:05 -0500] "GET /BLA/boletinlegal/js/ajax.js HTTP/1.1" 200 772
190.216.133.36 - - [23/Jan/2015:08:45:05 -0500] "GET /BLA/boletinlegal/swfobject.js HTTP/1.1" 200 9763
186.155.229.114 - - [23/Jan/2015:08:45:05 -0500] "GET /galeria/carrusel/Carrusel/jquery.thumbnailScroller.css HTTP/1.1" 200 2066
190.216.133.36 - - [23/Jan/2015:08:45:05 -0500] "GET /BLA/boletinlegal/images/signo-mas.gif HTTP/1.1" 200 13689
190.216.133.36 - - [23/Jan/2015:08:45:05 -0500] "GET /BLA/boletinlegal/images/signo-menos.gif HTTP/1.1" 200 13454
190.216.133.36 - - [23/Jan/2015:08:45:05 -0500] "GET /BLA/boletinlegal/images/nuevo.gif HTTP/1.1" 304 -
186.155.229.114 - - [23/Jan/2015:08:45:05 -0500] "GET /galeria/carrusel/Carrusel/jquery.thumbnailScroller.js HTTP/1.1" 200 8157
190.216.133.36 - - [23/Jan/2015:08:45:05 -0500] "GET /BLA/boletinlegal/images/img_3.jpg HTTP/1.1" 304 -
186.155.229.114 - - [23/Jan/2015:08:45:05 -0500] "GET /videos/flowplayer-3.2.6.min.js HTTP/1.1" 200 16815
190.216.133.36 - - [23/Jan/2015:08:45:05 -0500] "GET /BLA/boletinlegal/carousel.swf HTTP/1.1" 200 63487
186.155.229.114 - - [23/Jan/2015:08:45:05 -0500] "GET /galeria/carrusel/Carrusel/jquery-ui-1.8.13.custom.min.js HTTP/1.1" 200 10800
190.216.133.36 - - [23/Jan/2015:08:45:05 -0500] "GET /BLA/boletinlegal/settings.xml HTTP/1.1" 200 2059
190.216.133.36 - - [23/Jan/2015:08:45:05 -0500] "GET /BLA/boletinlegal/images.xml HTTP/1.1" 200 3941
190.216.133.36 - - [23/Jan/2015:08:45:05 -0500] "GET /BLA/boletinlegal/images/pev.png HTTP/1.1" 200 404876
190.216.133.36 - - [23/Jan/2015:08:45:05 -0500] "GET /BLA/boletinlegal/images/hidro.png HTTP/1.1" 200 517362
190.216.133.36 - - [23/Jan/2015:08:45:05 -0500] "GET /BLA/boletinlegal/images/emis.png HTTP/1.1" 200 448203
190.216.133.36 - - [23/Jan/2015:08:45:05 -0500] "GET /BLA/boletinlegal/images/rui.png HTTP/1.1" 200 469106
190.216.133.36 - - [23/Jan/2015:08:45:05 -0500] "GET /BLA/boletinlegal/images/flor.png HTTP/1.1" 200 587454
190.216.133.36 - - [23/Jan/2015:08:45:05 -0500] "GET /BLA/boletinlegal/images/faun.png HTTP/1.1" 200 613440
190.216.133.36 - - [23/Jan/2015:08:45:06 -0500] "GET /BLA/boletinlegal/images/silvi.png HTTP/1.1" 200 588511
190.216.133.36 - - [23/Jan/2015:08:45:07 -0500] "GET /BLA/boletinlegal/images/hume.png HTTP/1.1" 200 481651
190.216.133.36 - - [23/Jan/2015:08:45:07 -0500] "GET /BLA/boletinlegal/images/vert.png HTTP/1.1" 200 485866
190.216.133.36 - - [23/Jan/2015:08:45:08 -0500] "GET /BLA/boletinlegal/images/resi.png HTTP/1.1" 200 556571
190.216.133.36 - - [23/Jan/2015:08:45:08 -0500] "GET /BLA/boletinlegal/images/lice.png HTTP/1.1" 200 487297
190.216.133.36 - - [23/Jan/2015:08:45:09 -0500] "GET /BLA/boletinlegal/images/pma.png HTTP/1.1" 200 530205
66.249.67.67 - - [23/Jan/2015:08:45:09 -0500] "GET /manual_funciones_Listado/index.php?dir=2.1.1.%20Subdireccion%20de%20Politicas%20y%20Planes%20Ambientales/&sort=name&order=desc HTTP/1.1" 404 1018
186.155.229.114 - - [23/Jan/2015:08:45:09 -0500] "GET /galeria/nivo-slider/demo/demo.html HTTP/1.1" 200 3150
186.155.229.114 - - [23/Jan/2015:08:45:09 -0500] "GET /galeria/nivo-slider/themes/orman/orman.css HTTP/1.1" 200 2152
186.155.229.114 - - [23/Jan/2015:08:45:09 -0500] "GET /galeria/nivo-slider/nivo-slider.css HTTP/1.1" 200 1507
186.155.229.114 - - [23/Jan/2015:08:45:09 -0500] "GET /galeria/nivo-slider/demo/style.css HTTP/1.1" 200 2222
186.155.229.114 - - [23/Jan/2015:08:45:09 -0500] "GET /galeria/nivo-slider/themes/pascal/pascal.css HTTP/1.1" 200 2258
186.155.229.114 - - [23/Jan/2015:08:45:09 -0500] "GET /galeria/nivo-slider/themes/default/default.css HTTP/1.1" 200 1569
190.216.133.36 - - [23/Jan/2015:08:45:09 -0500] "GET /BLA/boletinlegal/images/cons.png HTTP/1.1" 200 545034
190.216.133.36 - - [23/Jan/2015:08:45:10 -0500] "GET /BLA/boletinlegal/images/comp-estr.png HTTP/1.1" 200 644020
190.216.133.36 - - [23/Jan/2015:08:45:10 -0500] "GET /BLA/boletinlegal/images/bla.png HTTP/1.1" 200 113997
181.55.224.205 - - [23/Jan/2015:08:45:11 -0500] "POST /forms/lservlet;jsessionid=ac16012b30d51f7e8710b6f44b8bbb66e0f7ae613820.e3iSbxaKaheRe38RbNmLa3mSc41ynknvrkLOlQzNp65In0 HTTP/1.1" 200 22
186.155.229.114 - - [23/Jan/2015:08:45:11 -0500] "GET /videos/flowplayer-3.2.6.swf HTTP/1.1" 200 120222
186.155.229.114 - - [23/Jan/2015:08:45:11 -0500] "GET /galeria/nivo-slider/demo/images/bolsas-08.jpg HTTP/1.1" 200 85589
186.155.229.114 - - [23/Jan/2015:08:45:11 -0500] "GET /galeria/nivo-slider/demo/images/Ruta-vertimientos-01.jpg HTTP/1.1" 200 130151
186.155.229.114 - - [23/Jan/2015:08:45:11 -0500] "GET /galeria/nivo-slider/demo/images/bolsas-06.jpg HTTP/1.1" 200 90982
181.55.224.205 - - [23/Jan/2015:08:45:12 -0500] "POST /forms/lservlet;jsessionid=ac16012b30d51f7e8710b6f44b8bbb66e0f7ae613820.e3iSbxaKaheRe38RbNmLa3mSc41ynknvrkLOlQzNp65In0 HTTP/1.1" 200 110
181.55.224.205 - - [23/Jan/2015:08:45:12 -0500] "POST /forms/lservlet;jsessionid=ac16012b30d51f7e8710b6f44b8bbb66e0f7ae613820.e3iSbxaKaheRe38RbNmLa3mSc41ynknvrkLOlQzNp65In0 HTTP/1.1" 200 7
186.155.229.114 - - [23/Jan/2015:08:45:12 -0500] "GET /galeria/nivo-slider/demo/images/4Simple_Slider.png HTTP/1.1" 200 11722
186.155.229.114 - - [23/Jan/2015:08:45:12 -0500] "GET /galeria/nivo-slider/demo/scripts/jquery-1.7.1.min.js HTTP/1.1" 200 93868
186.155.229.114 - - [23/Jan/2015:08:45:13 -0500] "GET /galeria/nivo-slider/jquery.nivo.slider.pack.js HTTP/1.1" 200 11561
186.155.229.114 - - [23/Jan/2015:08:45:13 -0500] "GET /galeria/nivo-slider/themes/default/loading.gif HTTP/1.1" 200 1737
186.155.229.114 - - [23/Jan/2015:08:45:13 -0500] "GET /galeria/nivo-slider/demo/images/ecolecta-Dic2014.png HTTP/1.1" 200 288593
186.155.229.114 - - [23/Jan/2015:08:45:13 -0500] "GET /galeria/nivo-slider/demo/images/porloshumedales.jpg HTTP/1.1" 200 351238
186.155.229.114 - - [23/Jan/2015:08:45:13 -0500] "GET /galeria/nivo-slider/demo/images/Banner-Caracol-Africano.jpg HTTP/1.1" 200 331986
186.155.229.114 - - [23/Jan/2015:08:45:14 -0500] "GET /galeria/nivo-slider/demo/images/Tingua-azul.jpg HTTP/1.1" 200 307638
181.55.224.205 - - [23/Jan/2015:08:45:14 -0500] "POST /forms/lservlet;jsessionid=ac16012b30d51f7e8710b6f44b8bbb66e0f7ae613820.e3iSbxaKaheRe38RbNmLa3mSc41ynknvrkLOlQzNp65In0 HTTP/1.1" 200 2
181.55.224.205 - - [23/Jan/2015:08:45:15 -0500] "POST /forms/lservlet;jsessionid=ac16012b30d51f7e8710b6f44b8bbb66e0f7ae613820.e3iSbxaKaheRe38RbNmLa3mSc41ynknvrkLOlQzNp65In0 HTTP/1.1" 200 64
181.55.224.205 - - [23/Jan/2015:08:45:15 -0500] "POST /forms/lservlet;jsessionid=ac16012b30d51f7e8710b6f44b8bbb66e0f7ae613820.e3iSbxaKaheRe38RbNmLa3mSc41ynknvrkLOlQzNp65In0 HTTP/1.1" 200 7
186.155.229.114 - - [23/Jan/2015:08:45:16 -0500] "GET /galeria/nivo-slider/demo/images/banner-redes.jpg HTTP/1.1" 200 62209
186.155.229.114 - - [23/Jan/2015:08:45:16 -0500] "GET /galeria/nivo-slider/demo/images/9Signos.jpg HTTP/1.1" 200 93040
186.155.229.114 - - [23/Jan/2015:08:45:16 -0500] "GET /galeria/nivo-slider/demo/images/banner-llantas2.jpg HTTP/1.1" 200 73153
181.55.224.205 - - [23/Jan/2015:08:45:17 -0500] "POST /forms/lservlet;jsessionid=ac16012b30d51f7e8710b6f44b8bbb66e0f7ae613820.e3iSbxaKaheRe38RbNmLa3mSc41ynknvrkLOlQzNp65In0 HTTP/1.1" 200 85
186.155.229.114 - - [23/Jan/2015:08:45:18 -0500] "GET /galeria/nivo-slider/demo/images/banner-caballos.png HTTP/1.1" 200 389106
181.55.224.205 - - [23/Jan/2015:08:45:18 -0500] "POST /forms/lservlet;jsessionid=ac16012b30d51f7e8710b6f44b8bbb66e0f7ae613820.e3iSbxaKaheRe38RbNmLa3mSc41ynknvrkLOlQzNp65In0 HTTP/1.1" 200 2
181.55.224.205 - - [23/Jan/2015:08:45:20 -0500] "POST /forms/lservlet;jsessionid=ac16012b30d51f7e8710b6f44b8bbb66e0f7ae613820.e3iSbxaKaheRe38RbNmLa3mSc41ynknvrkLOlQzNp65In0 HTTP/1.1" 200 1506
186.155.229.114 - - [23/Jan/2015:08:45:20 -0500] "GET /galeria/nivo-slider/themes/default/arrows.png HTTP/1.1" 200 824
186.155.229.114 - - [23/Jan/2015:08:45:20 -0500] "GET /galeria/nivo-slider/themes/default/bullets.png HTTP/1.1" 200 1281
181.55.224.205 - - [23/Jan/2015:08:45:21 -0500] "POST /forms/lservlet;jsessionid=ac16012b30d51f7e8710b6f44b8bbb66e0f7ae613820.e3iSbxaKaheRe38RbNmLa3mSc41ynknvrkLOlQzNp65In0 HTTP/1.1" 200 2
181.55.224.205 - - [23/Jan/2015:08:45:21 -0500] "POST /forms/lservlet;jsessionid=ac16012b30d51f7e8710b6f44b8bbb66e0f7ae613820.e3iSbxaKaheRe38RbNmLa3mSc41ynknvrkLOlQzNp65In0 HTTP/1.1" 200 2
190.216.133.36 - - [23/Jan/2015:08:45:22 -0500] "GET /BLA/boletinlegal/doctrina.php HTTP/1.1" 200 4953
190.216.133.36 - - [23/Jan/2015:08:45:22 -0500] "GET /BLA/boletinlegal/js/ajax_doctrina.js HTTP/1.1" 200 772
186.155.229.114 - - [23/Jan/2015:08:45:23 -0500] "GET /videos/flowplayer.controls-3.2.4.swf HTTP/1.1" 200 36275
190.216.133.36 - - [23/Jan/2015:08:45:23 -0500] "GET /BLA/boletinlegal/images/sub_ul_li.gif HTTP/1.1" 200 343
186.155.229.114 - - [23/Jan/2015:08:45:23 -0500] "GET /videos/Spot_CambioClimatico.flv HTTP/1.1" 200 4371917
181.55.224.205 - - [23/Jan/2015:08:45:24 -0500] "POST /forms/lservlet;jsessionid=ac16012b30d51f7e8710b6f44b8bbb66e0f7ae613820.e3iSbxaKaheRe38RbNmLa3mSc41ynknvrkLOlQzNp65In0 HTTP/1.1" 200 182
190.216.133.36 - - [23/Jan/2015:08:45:28 -0500] "GET /BLA/boletinlegal/jurisprudencia.php HTTP/1.1" 200 10741
190.216.133.36 - - [23/Jan/2015:08:45:28 -0500] "GET /BLA/boletinlegal/images/jurisprudencia.png HTTP/1.1" 200 66721
190.216.133.36 - - [23/Jan/2015:08:45:28 -0500] "GET /BLA/boletinlegal/images/hover.png HTTP/1.1" 200 59469
188.165.15.5 - - [23/Jan/2015:08:45:29 -0500] "GET /BLA/resoluciones/RESOLUCIONES%202003/RES%202003%20451-500/479.tif HTTP/1.1" 200 357008
181.55.224.205 - - [23/Jan/2015:08:45:34 -0500] "POST /forms/lservlet;jsessionid=ac16012b30d51f7e8710b6f44b8bbb66e0f7ae613820.e3iSbxaKaheRe38RbNmLa3mSc41ynknvrkLOlQzNp65In0 HTTP/1.1" 200 7
181.55.224.205 - - [23/Jan/2015:08:45:34 -0500] "POST /forms/lservlet;jsessionid=ac16012b30d51f7e8710b6f44b8bbb66e0f7ae613820.e3iSbxaKaheRe38RbNmLa3mSc41ynknvrkLOlQzNp65In0 HTTP/1.1" 200 30112
201.245.192.253 - - [23/Jan/2015:08:45:35 -0500] "POST /forest/actions/manager.login?group_system_actual= HTTP/1.1" 200 14
201.245.192.253 - - [23/Jan/2015:08:45:36 -0500] "GET /forest/session.jsp?a=0.6159104846883565 HTTP/1.1" 200 4
181.55.224.205 - - [23/Jan/2015:08:45:36 -0500] "POST /forms/lservlet;jsessionid=ac16012b30d51f7e8710b6f44b8bbb66e0f7ae613820.e3iSbxaKaheRe38RbNmLa3mSc41ynknvrkLOlQzNp65In0 HTTP/1.1" 200 7
181.55.224.205 - - [23/Jan/2015:08:45:37 -0500] "POST /forms/lservlet;jsessionid=ac16012b30d51f7e8710b6f44b8bbb66e0f7ae613820.e3iSbxaKaheRe38RbNmLa3mSc41ynknvrkLOlQzNp65In0 HTTP/1.1" 200 2
181.55.224.205 - - [23/Jan/2015:08:45:37 -0500] "POST /forms/lservlet;jsessionid=ac16012b30d51f7e8710b6f44b8bbb66e0f7ae613820.e3iSbxaKaheRe38RbNmLa3mSc41ynknvrkLOlQzNp65In0 HTTP/1.1" 200 27
181.55.224.205 - - [23/Jan/2015:08:45:38 -0500] "POST /forms/lservlet;jsessionid=ac16012b30d51f7e8710b6f44b8bbb66e0f7ae613820.e3iSbxaKaheRe38RbNmLa3mSc41ynknvrkLOlQzNp65In0 HTTP/1.1" 200 7
181.133.21.15 - - [23/Jan/2015:08:45:40 -0500] "GET /BLA/boletinlegal/js/jquery.js HTTP/1.1" 200 57254
181.133.21.15 - - [23/Jan/2015:08:45:40 -0500] "GET /BLA/boletinlegal/js/jquery.scrollShow.js HTTP/1.1" 200 4586
181.133.21.15 - - [23/Jan/2015:08:45:40 -0500] "GET /BLA/boletinlegal/js/jquery.scrollTo-min.js HTTP/1.1" 200 1150
201.245.192.253 - - [23/Jan/2015:08:45:40 -0500] "GET /forest/ HTTP/1.1" 200 12758
201.245.192.253 - - [23/Jan/2015:08:45:40 -0500] "GET /forest/skins/gdocs-jar/css/forest.css?version=1412.231748 HTTP/1.1" 304 -
201.245.192.253 - - [23/Jan/2015:08:45:40 -0500] "GET /forest/skins/gdocs-jar/css/autocomplete.css?version=1412.231748 HTTP/1.1" 304 -
201.245.192.253 - - [23/Jan/2015:08:45:40 -0500] "GET /forest/css/index.css?version=1412.231748 HTTP/1.1" 304 -
201.245.192.253 - - [23/Jan/2015:08:45:40 -0500] "GET /forest/css/escritorio.css?version=1412.231748 HTTP/1.1" 304 -
201.245.192.253 - - [23/Jan/2015:08:45:40 -0500] "GET /forest/1ibre/jscalendar/calendar-win2k-1.css?version=1412.231748 HTTP/1.1" 304 -
201.245.192.253 - - [23/Jan/2015:08:45:40 -0500] "GET /forest/skins/gdocs-jar/css/dialog.css?version=1412.231748 HTTP/1.1" 304 -
201.245.192.253 - - [23/Jan/2015:08:45:40 -0500] "GET /forest/skins/gdocs-jar/css/forms.css?version=1412.231748 HTTP/1.1" 304 -
201.245.192.253 - - [23/Jan/2015:08:45:41 -0500] "GET /forest/img/inicio/2.gif HTTP/1.1" 304 -
201.245.192.253 - - [23/Jan/2015:08:45:41 -0500] "GET /forest/img/inicio/5.gif HTTP/1.1" 304 -
201.245.192.253 - - [23/Jan/2015:08:45:41 -0500] "GET /forest/img/inicio/6.gif HTTP/1.1" 304 -
201.245.192.253 - - [23/Jan/2015:08:45:41 -0500] "GET /forest/img/close.gif HTTP/1.1" 304 -
201.245.192.253 - - [23/Jan/2015:08:45:41 -0500] "GET /forest/img/base/bsc2_r1_c3.gif HTTP/1.1" 304 -
201.245.192.253 - - [23/Jan/2015:08:45:41 -0500] "GET /forest/img/base/bsc2_r1_c2.gif HTTP/1.1" 304 -
201.245.192.253 - - [23/Jan/2015:08:45:41 -0500] "GET /forest/img/inicio/1.gif HTTP/1.1" 304 -
201.245.192.253 - - [23/Jan/2015:08:45:40 -0500] "GET /forest/skins/gdocs-jar/css/menu.css?version=1412.231748 HTTP/1.1" 304 -
201.245.192.253 - - [23/Jan/2015:08:45:41 -0500] "GET /forest/img/inicio/3.gif HTTP/1.1" 304 -
201.245.192.253 - - [23/Jan/2015:08:45:41 -0500] "GET /forest/img/loading.gif HTTP/1.1" 304 -
201.245.192.253 - - [23/Jan/2015:08:45:40 -0500] "GET /forest/js/json3.js HTTP/1.1" 304 -
201.245.192.253 - - [23/Jan/2015:08:45:41 -0500] "GET /forest/img/panel/view_icon.gif HTTP/1.1" 304 -
201.245.192.253 - - [23/Jan/2015:08:45:41 -0500] "GET /forest/img/spacer.gif HTTP/1.1" 304 -
201.245.192.253 - - [23/Jan/2015:08:45:41 -0500] "GET /forest/1ibre/1ibre.css HTTP/1.1" 304 -
201.245.192.253 - - [23/Jan/2015:08:45:41 -0500] "GET /forest/img/mplogo.gif HTTP/1.1" 304 -
201.245.192.253 - - [23/Jan/2015:08:45:41 -0500] "GET /forest/img/inicio/4.gif HTTP/1.1" 304 -
201.245.192.253 - - [23/Jan/2015:08:45:41 -0500] "GET /forest/img/base/bsc2_r1_c1.gif HTTP/1.1" 304 -
201.245.192.253 - - [23/Jan/2015:08:45:41 -0500] "GET /forest/skins/gdocs-jar/img/okey.gif HTTP/1.1" 304 -
201.245.192.253 - - [23/Jan/2015:08:45:41 -0500] "GET /forest/img/inicio/7.gif HTTP/1.1" 304 -
201.245.192.253 - - [23/Jan/2015:08:45:40 -0500] "POST /forest/actions/forms.saveForm?codPro=117 HTTP/1.1" 200 81
181.55.224.205 - - [23/Jan/2015:08:45:43 -0500] "POST /forms/lservlet;jsessionid=ac16012b30d51f7e8710b6f44b8bbb66e0f7ae613820.e3iSbxaKaheRe38RbNmLa3mSc41ynknvrkLOlQzNp65In0 HTTP/1.1" 200 96
181.143.131.18 - - [23/Jan/2015:08:45:47 -0500] "GET /galeria/carrusel/Carrusel/jquery.thumbnailScroller.js HTTP/1.1" 200 8157
181.143.131.18 - - [23/Jan/2015:08:45:47 -0500] "GET /videos/flowplayer-3.2.6.swf HTTP/1.1" 200 120222
201.245.192.253 - - [23/Jan/2015:08:45:47 -0500] "POST /forest/login.do HTTP/1.1" 302 -
201.245.192.253 - - [23/Jan/2015:08:45:47 -0500] "GET /forest/index2.jsp?a=0.6703768770305281 HTTP/1.1" 200 36502
181.143.131.18 - - [23/Jan/2015:08:45:48 -0500] "GET /videos/flowplayer.controls-3.2.4.swf HTTP/1.1" 200 36275
201.245.192.253 - - [23/Jan/2015:08:45:48 -0500] "GET /forest/img/inicio.jpg HTTP/1.1" 304 -
201.245.192.253 - - [23/Jan/2015:08:45:48 -0500] "GET /forest/img/users/3.gif HTTP/1.1" 304 -
201.245.192.253 - - [23/Jan/2015:08:45:48 -0500] "GET /forest/img/users/5.gif HTTP/1.1" 304 -
201.245.192.253 - - [23/Jan/2015:08:45:48 -0500] "GET /forest/img/users/7.gif HTTP/1.1" 304 -
201.245.192.253 - - [23/Jan/2015:08:45:48 -0500] "GET /forest/skins/gdocs-jar/css/autocomplete.css HTTP/1.1" 304 -
201.245.192.253 - - [23/Jan/2015:08:45:48 -0500] "GET /forest/img/download_large.gif HTTP/1.1" 304 -
201.245.192.253 - - [23/Jan/2015:08:45:48 -0500] "GET /forest/img/buscar.jpg HTTP/1.1" 304 -
201.245.192.253 - - [23/Jan/2015:08:45:48 -0500] "GET /forest/skins/gdocs-jar/css/tree.css HTTP/1.1" 304 -
201.245.192.253 - - [23/Jan/2015:08:45:48 -0500] "GET /forest/skins/gdocs-jar/js/autocompletar2.js?version=1412.231748 HTTP/1.1" 304 -
201.245.192.253 - - [23/Jan/2015:08:45:48 -0500] "GET /forest/skins/gdocs-jar/js/xml_utilities.js?version=1412.231748 HTTP/1.1" 304 -
201.245.192.253 - - [23/Jan/2015:08:45:48 -0500] "GET /forest/js/inicio.js?version=1412.231748 HTTP/1.1" 304 -
201.245.192.253 - - [23/Jan/2015:08:45:48 -0500] "GET /forest/skins/gdocs-jar/js/misprocesos.js?version=1412.231748 HTTP/1.1" 304 -
181.143.131.18 - - [23/Jan/2015:08:45:48 -0500] "GET /videos/Spot_CambioClimatico.flv HTTP/1.1" 200 4371917
201.245.192.253 - - [23/Jan/2015:08:45:48 -0500] "GET /forest/img/buscar_documentos.gif HTTP/1.1" 304 -
201.245.192.253 - - [23/Jan/2015:08:45:48 -0500] "GET /forest/img/buscar_procesos.gif HTTP/1.1" 304 -
201.245.192.253 - - [23/Jan/2015:08:45:48 -0500] "GET /forest/img/notify.gif HTTP/1.1" 304 -
201.245.192.253 - - [23/Jan/2015:08:45:48 -0500] "GET /forest/img/ayuda.gif HTTP/1.1" 304 -
201.245.192.253 - - [23/Jan/2015:08:45:48 -0500] "GET /forest/img/pantalla.gif HTTP/1.1" 304 -
201.245.192.253 - - [23/Jan/2015:08:45:48 -0500] "GET /forest/img/salir3.gif HTTP/1.1" 304 -
201.245.192.253 - - [23/Jan/2015:08:45:48 -0500] "GET /forest/img/panel/menu/add.png HTTP/1.1" 304 -
201.245.192.253 - - [23/Jan/2015:08:45:48 -0500] "GET /forest/img/panel/menu/folder.png HTTP/1.1" 304 -
201.245.192.253 - - [23/Jan/2015:08:45:48 -0500] "GET /forest/img/panel/menu/hoy.png HTTP/1.1" 304 -
201.245.192.253 - - [23/Jan/2015:08:45:48 -0500] "GET /forest/img/instanciar.gif HTTP/1.1" 304 -
201.245.192.253 - - [23/Jan/2015:08:45:48 -0500] "GET /forest/img/panel/menu/danger2.png HTTP/1.1" 304 -
201.245.192.253 - - [23/Jan/2015:08:45:48 -0500] "GET /forest/skins/gdocs-jar/img/cancel.gif HTTP/1.1" 304 -
201.245.192.253 - - [23/Jan/2015:08:45:48 -0500] "GET /forest/skins/gdocs-jar/img/icons/docx.gif HTTP/1.1" 304 -
201.245.192.253 - - [23/Jan/2015:08:45:48 -0500] "GET /forest/img/misdocumentos.gif HTTP/1.1" 304 -
201.245.192.253 - - [23/Jan/2015:08:45:48 -0500] "GET /forest/img/fondo-barra.gif HTTP/1.1" 304 -
201.245.192.253 - - [23/Jan/2015:08:45:48 -0500] "GET /forest/img/misactividades.gif HTTP/1.1" 304 -
201.245.192.253 - - [23/Jan/2015:08:45:48 -0500] "GET /forest/session.jsp?a=0.13142775860615075 HTTP/1.1" 200 4
181.55.224.205 - - [23/Jan/2015:08:45:48 -0500] "POST /forms/lservlet;jsessionid=ac16012b30d51f7e8710b6f44b8bbb66e0f7ae613820.e3iSbxaKaheRe38RbNmLa3mSc41ynknvrkLOlQzNp65In0 HTTP/1.1" 200 18
201.245.192.253 - - [23/Jan/2015:08:45:50 -0500] "GET /forest/documentos/2000397/2015IE08023.docx HTTP/1.1" 200 142382
181.55.224.205 - - [23/Jan/2015:08:45:55 -0500] "POST /forms/lservlet;jsessionid=ac16012b30d51f7e8710b6f44b8bbb66e0f7ae613820.e3iSbxaKaheRe38RbNmLa3mSc41ynknvrkLOlQzNp65In0 HTTP/1.1" 200 2
181.55.224.205 - - [23/Jan/2015:08:45:57 -0500] "POST /forms/lservlet;jsessionid=ac16012b30d51f7e8710b6f44b8bbb66e0f7ae613820.e3iSbxaKaheRe38RbNmLa3mSc41ynknvrkLOlQzNp65In0 HTTP/1.1" 200 148
201.245.192.253 - - [23/Jan/2015:08:46:02 -0500] "GET /BLA/boletinlegal/js/jquery.scrollTo-min.js HTTP/1.1" 304 -
181.55.224.205 - - [23/Jan/2015:08:46:05 -0500] "POST /forms/lservlet;jsessionid=ac16012b30d51f7e8710b6f44b8bbb66e0f7ae613820.e3iSbxaKaheRe38RbNmLa3mSc41ynknvrkLOlQzNp65In0 HTTP/1.1" 200 18
201.245.192.253 - - [23/Jan/2015:08:46:06 -0500] "GET /forest/index2.jsp?group_system_actual=3&a=0.27424463513307273 HTTP/1.1" 200 37349
201.245.192.253 - - [23/Jan/2015:08:46:07 -0500] "GET /forest/session.jsp?a=0.1853679867926985 HTTP/1.1" 200 4
201.245.192.253 - - [23/Jan/2015:08:46:09 -0500] "GET /forest/forms/showform.jsp?codPro=117&codForm=Asociaciondocs&a=0.3021862462628633 HTTP/1.1" 200 15362
181.55.224.205 - - [23/Jan/2015:08:46:10 -0500] "POST /forms/lservlet;jsessionid=ac16012b30d51f7e8710b6f44b8bbb66e0f7ae613820.e3iSbxaKaheRe38RbNmLa3mSc41ynknvrkLOlQzNp65In0 HTTP/1.1" 200 2
74.86.158.107 - - [23/Jan/2015:08:46:10 -0500] "HEAD / HTTP/1.1" 302 -
181.55.224.205 - - [23/Jan/2015:08:46:11 -0500] "POST /forms/lservlet;jsessionid=ac16012b30d51f7e8710b6f44b8bbb66e0f7ae613820.e3iSbxaKaheRe38RbNmLa3mSc41ynknvrkLOlQzNp65In0 HTTP/1.1" 200 260
181.55.224.205 - - [23/Jan/2015:08:46:11 -0500] "POST /forms/lservlet;jsessionid=ac16012b30d51f7e8710b6f44b8bbb66e0f7ae613820.e3iSbxaKaheRe38RbNmLa3mSc41ynknvrkLOlQzNp65In0 HTTP/1.1" 200 2
181.55.224.205 - - [23/Jan/2015:08:46:12 -0500] "POST /forms/lservlet;jsessionid=ac16012b30d51f7e8710b6f44b8bbb66e0f7ae613820.e3iSbxaKaheRe38RbNmLa3mSc41ynknvrkLOlQzNp65In0 HTTP/1.1" 200 2
181.55.224.205 - - [23/Jan/2015:08:46:12 -0500] "POST /forms/lservlet;jsessionid=ac16012b30d51f7e8710b6f44b8bbb66e0f7ae613820.e3iSbxaKaheRe38RbNmLa3mSc41ynknvrkLOlQzNp65In0 HTTP/1.1" 200 131
201.245.192.253 - - [23/Jan/2015:08:46:13 -0500] "GET /isolucionsda/Session.asp HTTP/1.1" 200 6407
201.245.192.253 - - [23/Jan/2015:08:46:13 -0500] "GET /isolucionsda/SesionExpira.asp HTTP/1.1" 200 7438
201.245.192.253 - - [23/Jan/2015:08:46:13 -0500] "GET /isolucionsda/SesionNeutra.asp HTTP/1.1" 200 243
181.55.224.205 - - [23/Jan/2015:08:46:14 -0500] "POST /forms/lservlet;jsessionid=ac16012b30d51f7e8710b6f44b8bbb66e0f7ae613820.e3iSbxaKaheRe38RbNmLa3mSc41ynknvrkLOlQzNp65In0 HTTP/1.1" 200 1504
181.55.224.205 - - [23/Jan/2015:08:46:15 -0500] "POST /forms/lservlet;jsessionid=ac16012b30d51f7e8710b6f44b8bbb66e0f7ae613820.e3iSbxaKaheRe38RbNmLa3mSc41ynknvrkLOlQzNp65In0 HTTP/1.1" 200 2
181.55.224.205 - - [23/Jan/2015:08:46:15 -0500] "POST /forms/lservlet;jsessionid=ac16012b30d51f7e8710b6f44b8bbb66e0f7ae613820.e3iSbxaKaheRe38RbNmLa3mSc41ynknvrkLOlQzNp65In0 HTTP/1.1" 200 2
186.154.84.82 - - [23/Jan/2015:08:46:20 -0500] "GET /forest/session.jsp?a=0.9822702375240624 HTTP/1.1" 200 5
186.154.84.82 - - [23/Jan/2015:08:46:20 -0500] "GET /forest/login.jsp?a=0.009064181940630078 HTTP/1.1" 200 2996
186.154.84.82 - - [23/Jan/2015:08:46:20 -0500] "GET /forest/skins/gdocs-jar/img/cancel.gif HTTP/1.1" 304 -
181.55.224.205 - - [23/Jan/2015:08:46:22 -0500] "POST /forms/lservlet;jsessionid=ac16012b30d51f7e8710b6f44b8bbb66e0f7ae613820.e3iSbxaKaheRe38RbNmLa3mSc41ynknvrkLOlQzNp65In0 HTTP/1.1" 200 193
201.245.192.253 - - [23/Jan/2015:08:46:22 -0500] "GET /forest/actions/forms.getList?codForm=Asociaciondocs&id=numcarpeta&text=S HTTP/1.1" 200 819
201.245.192.253 - - [23/Jan/2015:08:46:23 -0500] "GET /forest/actions/forms.getList?codForm=Asociaciondocs&id=numcarpeta&text=SD HTTP/1.1" 200 822
201.245.192.253 - - [23/Jan/2015:08:46:23 -0500] "GET /forest/actions/forms.getList?codForm=Asociaciondocs&id=numcarpeta&text=SDA HTTP/1.1" 200 822
201.245.192.253 - - [23/Jan/2015:08:46:23 -0500] "GET /forest/actions/forms.getList?codForm=Asociaciondocs&id=numcarpeta&text=SDA- HTTP/1.1" 200 822
181.55.224.205 - - [23/Jan/2015:08:46:24 -0500] "POST /forms/lservlet;jsessionid=ac16012b30d51f7e8710b6f44b8bbb66e0f7ae613820.e3iSbxaKaheRe38RbNmLa3mSc41ynknvrkLOlQzNp65In0 HTTP/1.1" 200 7
201.245.192.253 - - [23/Jan/2015:08:46:24 -0500] "GET /forest/actions/forms.getList?codForm=Asociaciondocs&id=numcarpeta&text=SDA-1 HTTP/1.1" 200 826
201.245.192.253 - - [23/Jan/2015:08:46:24 -0500] "GET /forest/actions/forms.getList?codForm=Asociaciondocs&id=numcarpeta&text=SDA-17 HTTP/1.1" 200 861
201.245.192.253 - - [23/Jan/2015:08:46:25 -0500] "GET /forest/actions/forms.getList?codForm=Asociaciondocs&id=numcarpeta&text=SDA-17- HTTP/1.1" 200 861
181.55.224.205 - - [23/Jan/2015:08:46:24 -0500] "POST /forms/lservlet;jsessionid=ac16012b30d51f7e8710b6f44b8bbb66e0f7ae613820.e3iSbxaKaheRe38RbNmLa3mSc41ynknvrkLOlQzNp65In0 HTTP/1.1" 200 30123
201.245.192.253 - - [23/Jan/2015:08:46:25 -0500] "GET /forest/actions/forms.getList?codForm=Asociaciondocs&id=numcarpeta&text=SDA-17-2 HTTP/1.1" 200 861
201.245.192.253 - - [23/Jan/2015:08:46:25 -0500] "GET /forest/actions/forms.getList?codForm=Asociaciondocs&id=numcarpeta&text=SDA-17-20 HTTP/1.1" 200 861
201.245.192.253 - - [23/Jan/2015:08:46:25 -0500] "GET /forest/actions/forms.getList?codForm=Asociaciondocs&id=numcarpeta&text=SDA-17-201 HTTP/1.1" 200 861
201.245.192.253 - - [23/Jan/2015:08:46:25 -0500] "GET /forest/actions/forms.getList?codForm=Asociaciondocs&id=numcarpeta&text=SDA-17-2012 HTTP/1.1" 200 833
181.55.224.205 - - [23/Jan/2015:08:46:26 -0500] "POST /forms/lservlet;jsessionid=ac16012b30d51f7e8710b6f44b8bbb66e0f7ae613820.e3iSbxaKaheRe38RbNmLa3mSc41ynknvrkLOlQzNp65In0 HTTP/1.1" 200 7
201.245.192.253 - - [23/Jan/2015:08:46:26 -0500] "GET /forest/actions/forms.getList?codForm=Asociaciondocs&id=numcarpeta&text=SDA-17-2012- HTTP/1.1" 200 833
181.55.224.205 - - [23/Jan/2015:08:46:26 -0500] "POST /forms/lservlet;jsessionid=ac16012b30d51f7e8710b6f44b8bbb66e0f7ae613820.e3iSbxaKaheRe38RbNmLa3mSc41ynknvrkLOlQzNp65In0 HTTP/1.1" 200 2
181.55.224.205 - - [23/Jan/2015:08:46:26 -0500] "POST /forms/lservlet;jsessionid=ac16012b30d51f7e8710b6f44b8bbb66e0f7ae613820.e3iSbxaKaheRe38RbNmLa3mSc41ynknvrkLOlQzNp65In0 HTTP/1.1" 200 2
181.55.224.205 - - [23/Jan/2015:08:46:26 -0500] "POST /forms/lservlet;jsessionid=ac16012b30d51f7e8710b6f44b8bbb66e0f7ae613820.e3iSbxaKaheRe38RbNmLa3mSc41ynknvrkLOlQzNp65In0 HTTP/1.1" 200 27
201.245.192.253 - - [23/Jan/2015:08:46:26 -0500] "GET /forest/actions/forms.getList?codForm=Asociaciondocs&id=numcarpeta&text=SDA-17-2012-1 HTTP/1.1" 200 833
201.245.192.253 - - [23/Jan/2015:08:46:26 -0500] "GET /forest/actions/forms.getList?codForm=Asociaciondocs&id=numcarpeta&text=SDA-17-2012-11 HTTP/1.1" 200 715
201.245.192.253 - - [23/Jan/2015:08:46:26 -0500] "GET /forest/actions/forms.getList?codForm=Asociaciondocs&id=numcarpeta&text=SDA-17-2012-117 HTTP/1.1" 200 85
181.55.224.205 - - [23/Jan/2015:08:46:27 -0500] "POST /forms/lservlet;jsessionid=ac16012b30d51f7e8710b6f44b8bbb66e0f7ae613820.e3iSbxaKaheRe38RbNmLa3mSc41ynknvrkLOlQzNp65In0 HTTP/1.1" 200 7
201.245.192.253 - - [23/Jan/2015:08:46:27 -0500] "GET /forest/actions/forms.getList?codForm=Asociaciondocs&id=numcarpeta&text=SDA-17-2012-1175 HTTP/1.1" 200 43
181.55.224.205 - - [23/Jan/2015:08:46:30 -0500] "POST /forms/lservlet;jsessionid=ac16012b30d51f7e8710b6f44b8bbb66e0f7ae613820.e3iSbxaKaheRe38RbNmLa3mSc41ynknvrkLOlQzNp65In0 HTTP/1.1" 200 96
181.55.224.205 - - [23/Jan/2015:08:46:37 -0500] "POST /forms/lservlet;jsessionid=ac16012b30d51f7e8710b6f44b8bbb66e0f7ae613820.e3iSbxaKaheRe38RbNmLa3mSc41ynknvrkLOlQzNp65In0 HTTP/1.1" 200 18
201.245.192.253 - - [23/Jan/2015:08:46:40 -0500] "GET /forest/documentos/1994297/2015IE01923.docx HTTP/1.1" 200 185401
181.55.224.205 - - [23/Jan/2015:08:46:41 -0500] "POST /forms/lservlet;jsessionid=ac16012b30d51f7e8710b6f44b8bbb66e0f7ae613820.e3iSbxaKaheRe38RbNmLa3mSc41ynknvrkLOlQzNp65In0 HTTP/1.1" 200 148
181.55.224.205 - - [23/Jan/2015:08:46:48 -0500] "POST /forms/lservlet;jsessionid=ac16012b30d51f7e8710b6f44b8bbb66e0f7ae613820.e3iSbxaKaheRe38RbNmLa3mSc41ynknvrkLOlQzNp65In0 HTTP/1.1" 200 18
201.245.192.253 - - [23/Jan/2015:08:46:51 -0500] "GET /forest/index2.jsp?_a=0.8221676691900939 HTTP/1.1" 200 35060
201.245.192.253 - - [23/Jan/2015:08:46:52 -0500] "GET /forest/session.jsp?a=0.6611676176544279 HTTP/1.1" 200 4
181.55.224.205 - - [23/Jan/2015:08:46:52 -0500] "POST /forms/lservlet;jsessionid=ac16012b30d51f7e8710b6f44b8bbb66e0f7ae613820.e3iSbxaKaheRe38RbNmLa3mSc41ynknvrkLOlQzNp65In0 HTTP/1.1" 200 2
181.55.224.205 - - [23/Jan/2015:08:46:53 -0500] "POST /forms/lservlet;jsessionid=ac16012b30d51f7e8710b6f44b8bbb66e0f7ae613820.e3iSbxaKaheRe38RbNmLa3mSc41ynknvrkLOlQzNp65In0 HTTP/1.1" 200 260
181.55.224.205 - - [23/Jan/2015:08:46:53 -0500] "POST /forms/lservlet;jsessionid=ac16012b30d51f7e8710b6f44b8bbb66e0f7ae613820.e3iSbxaKaheRe38RbNmLa3mSc41ynknvrkLOlQzNp65In0 HTTP/1.1" 200 2
181.55.224.205 - - [23/Jan/2015:08:46:54 -0500] "POST /forms/lservlet;jsessionid=ac16012b30d51f7e8710b6f44b8bbb66e0f7ae613820.e3iSbxaKaheRe38RbNmLa3mSc41ynknvrkLOlQzNp65In0 HTTP/1.1" 200 2
201.245.192.253 - - [23/Jan/2015:08:46:54 -0500] "GET /forest/img/jquery/ui-bg_glass_75_d0e5f5_1x400.png HTTP/1.1" 304 -
181.55.224.205 - - [23/Jan/2015:08:46:55 -0500] "POST /forms/lservlet;jsessionid=ac16012b30d51f7e8710b6f44b8bbb66e0f7ae613820.e3iSbxaKaheRe38RbNmLa3mSc41ynknvrkLOlQzNp65In0 HTTP/1.1" 200 131
201.245.192.253 - - [23/Jan/2015:08:46:55 -0500] "GET /forest/skins/gdocs-jar/popup/popup.jsp?width=1100&height=500&title=Buscar%20documentos&uri=/forest/buscar.do%3Ftype%3Ddocumentos&name=undefined&_a=0.8176584960892797&a=0.5460886303335428 HTTP/1.1" 200 1300
201.245.192.253 - - [23/Jan/2015:08:46:55 -0500] "GET /forest/buscar.do?type=documentos HTTP/1.1" 200 84420
201.245.192.253 - - [23/Jan/2015:08:46:55 -0500] "GET /forest/1ibre/jscalendar/calendar-win2k-1.css HTTP/1.1" 304 -
201.245.192.253 - - [23/Jan/2015:08:46:55 -0500] "GET /forest/js/dialog.js?version=1412.231748 HTTP/1.1" 304 -
201.245.192.253 - - [23/Jan/2015:08:46:55 -0500] "GET /forest/css/autocomplete.css?version=1412.231748 HTTP/1.1" 304 -
201.245.192.253 - - [23/Jan/2015:08:46:55 -0500] "GET /forest/js/escritorio/escritorio.js?version=1412.231748 HTTP/1.1" 304 -
201.245.192.253 - - [23/Jan/2015:08:46:55 -0500] "GET /forest/js/internJS.js?version=1412.231748 HTTP/1.1" 304 -
201.245.192.253 - - [23/Jan/2015:08:46:55 -0500] "GET /forest/skins/gdocs-jar/css/tree.css?version=1412.231748 HTTP/1.1" 304 -
201.245.192.253 - - [23/Jan/2015:08:46:55 -0500] "GET /forest/js/sarissa.js?version=1412.231748 HTTP/1.1" 304 -
201.245.192.253 - - [23/Jan/2015:08:46:55 -0500] "GET /forest/js/load_func.js?version=1412.231748 HTTP/1.1" 304 -
201.245.192.253 - - [23/Jan/2015:08:46:55 -0500] "GET /forest/js/autocompletar2.js?version=1412.231748 HTTP/1.1" 304 -
201.245.192.253 - - [23/Jan/2015:08:46:55 -0500] "GET /forest/1ibre/jscalendar/calendar-setup.js?version=1412.231748 HTTP/1.1" 304 -
201.245.192.253 - - [23/Jan/2015:08:46:55 -0500] "GET /forest/1ibre/1ibre.js?version=1412.231748 HTTP/1.1" 304 -
201.245.192.253 - - [23/Jan/2015:08:46:55 -0500] "GET /forest/1ibre/jscalendar/calendar.js?version=1412.231748 HTTP/1.1" 304 -
201.245.192.253 - - [23/Jan/2015:08:46:55 -0500] "GET /forest/1ibre/protoaculous.js?version=1412.231748 HTTP/1.1" 304 -
201.245.192.253 - - [23/Jan/2015:08:46:55 -0500] "GET /forest/1ibre/jscalendar/lang/calendar-es.js?version=1412.231748 HTTP/1.1" 304 -
201.245.192.253 - - [23/Jan/2015:08:46:55 -0500] "GET /forest/js/xml_utilities.js?version=1412.231748 HTTP/1.1" 304 -
201.245.192.253 - - [23/Jan/2015:08:46:55 -0500] "GET /forest/skins/gdocs-jar/img/select.gif HTTP/1.1" 304 -
201.245.192.253 - - [23/Jan/2015:08:46:55 -0500] "GET /forest/skins/gdocs-jar/img/user_search.gif HTTP/1.1" 304 -
201.245.192.253 - - [23/Jan/2015:08:46:55 -0500] "GET /forest/skins/gdocs-jar/img/top-search-icon.gif HTTP/1.1" 304 -
201.245.192.253 - - [23/Jan/2015:08:46:55 -0500] "GET /forest/1ibre/images/spacer.gif HTTP/1.1" 304 -
201.245.192.253 - - [23/Jan/2015:08:46:55 -0500] "GET /forest/skins/gdocs-jar/img/dependencia-tree.gif HTTP/1.1" 304 -
201.245.192.253 - - [23/Jan/2015:08:46:55 -0500] "GET /forest/1ibre/images/minus.gif HTTP/1.1" 304 -
201.245.192.253 - - [23/Jan/2015:08:46:55 -0500] "GET /forest/1ibre/images/plus.gif HTTP/1.1" 304 -
201.245.192.253 - - [23/Jan/2015:08:46:55 -0500] "GET /forest/1ibre/jscalendar/img.gif HTTP/1.1" 304 -
201.245.192.253 - - [23/Jan/2015:08:46:55 -0500] "GET /forest/json.do?query=versionListadas HTTP/1.1" 200 15
201.245.192.253 - - [23/Jan/2015:08:46:55 -0500] "GET /forest/json.do?query=usersByDep&coddep=7026 HTTP/1.1" 200 802
201.245.192.253 - - [23/Jan/2015:08:46:56 -0500] "GET /forest/json.do?query=usersByDep&coddep=7026 HTTP/1.1" 200 802
201.245.192.253 - - [23/Jan/2015:08:46:56 -0500] "GET /forest/json.do?query=procesIniciales HTTP/1.1" 200 10001
181.55.224.205 - - [23/Jan/2015:08:46:57 -0500] "POST /forms/lservlet;jsessionid=ac16012b30d51f7e8710b6f44b8bbb66e0f7ae613820.e3iSbxaKaheRe38RbNmLa3mSc41ynknvrkLOlQzNp65In0 HTTP/1.1" 200 1504
181.55.224.205 - - [23/Jan/2015:08:46:58 -0500] "POST /forms/lservlet;jsessionid=ac16012b30d51f7e8710b6f44b8bbb66e0f7ae613820.e3iSbxaKaheRe38RbNmLa3mSc41ynknvrkLOlQzNp65In0 HTTP/1.1" 200 2
181.55.224.205 - - [23/Jan/2015:08:46:58 -0500] "POST /forms/lservlet;jsessionid=ac16012b30d51f7e8710b6f44b8bbb66e0f7ae613820.e3iSbxaKaheRe38RbNmLa3mSc41ynknvrkLOlQzNp65In0 HTTP/1.1" 200 2
181.55.224.205 - - [23/Jan/2015:08:46:58 -0500] "POST /forms/lservlet;jsessionid=ac16012b30d51f7e8710b6f44b8bbb66e0f7ae613820.e3iSbxaKaheRe38RbNmLa3mSc41ynknvrkLOlQzNp65In0 HTTP/1.1" 200 193
191.95.246.139 - - [23/Jan/2015:08:46:59 -0500] "GET /galeria/carrusel/Carrusel/jquery.thumbnailScroller.css HTTP/1.1" 200 2066
191.95.246.139 - - [23/Jan/2015:08:46:59 -0500] "GET /BLA/boletinlegal/js/jquery.js HTTP/1.1" 200 57254
191.95.246.139 - - [23/Jan/2015:08:46:59 -0500] "GET /BLA/boletinlegal/js/jquery.scrollTo-min.js HTTP/1.1" 200 1150
191.95.246.139 - - [23/Jan/2015:08:46:59 -0500] "GET /BLA/boletinlegal/js/jquery.scrollShow.js HTTP/1.1" 200 4586
181.55.224.205 - - [23/Jan/2015:08:46:59 -0500] "POST /forms/lservlet;jsessionid=ac16012b30d51f7e8710b6f44b8bbb66e0f7ae613820.e3iSbxaKaheRe38RbNmLa3mSc41ynknvrkLOlQzNp65In0 HTTP/1.1" 200 7
191.95.246.139 - - [23/Jan/2015:08:47:00 -0500] "GET /galeria/carrusel/Carrusel/jquery-ui-1.8.13.custom.min.js HTTP/1.1" 200 10800
191.95.246.139 - - [23/Jan/2015:08:47:00 -0500] "GET /galeria/carrusel/Carrusel/jquery.thumbnailScroller.js HTTP/1.1" 200 8157
181.55.224.205 - - [23/Jan/2015:08:47:00 -0500] "POST /forms/lservlet;jsessionid=ac16012b30d51f7e8710b6f44b8bbb66e0f7ae613820.e3iSbxaKaheRe38RbNmLa3mSc41ynknvrkLOlQzNp65In0 HTTP/1.1" 200 30116
181.55.224.205 - - [23/Jan/2015:08:47:01 -0500] "POST /forms/lservlet;jsessionid=ac16012b30d51f7e8710b6f44b8bbb66e0f7ae613820.e3iSbxaKaheRe38RbNmLa3mSc41ynknvrkLOlQzNp65In0 HTTP/1.1" 200 7
181.55.224.205 - - [23/Jan/2015:08:47:01 -0500] "POST /forms/lservlet;jsessionid=ac16012b30d51f7e8710b6f44b8bbb66e0f7ae613820.e3iSbxaKaheRe38RbNmLa3mSc41ynknvrkLOlQzNp65In0 HTTP/1.1" 200 2
181.55.224.205 - - [23/Jan/2015:08:47:01 -0500] "POST /forms/lservlet;jsessionid=ac16012b30d51f7e8710b6f44b8bbb66e0f7ae613820.e3iSbxaKaheRe38RbNmLa3mSc41ynknvrkLOlQzNp65In0 HTTP/1.1" 200 27
186.82.78.180 - - [23/Jan/2015:08:47:01 -0500] "POST /forms/lservlet;jsessionid=ac16012b30d5e73089ab559c4469bd8fbf5cccca14b6.e3iSbxaKaheRe38RbNmLa3mSc41ynknvrkLOlQzNp65In0 HTTP/1.1" 200 2
181.55.224.205 - - [23/Jan/2015:08:47:01 -0500] "POST /forms/lservlet;jsessionid=ac16012b30d51f7e8710b6f44b8bbb66e0f7ae613820.e3iSbxaKaheRe38RbNmLa3mSc41ynknvrkLOlQzNp65In0 HTTP/1.1" 200 2
191.95.246.139 - - [23/Jan/2015:08:47:02 -0500] "GET /videos/flowplayer-3.2.6.min.js HTTP/1.1" 200 16815
181.55.224.205 - - [23/Jan/2015:08:47:02 -0500] "POST /forms/lservlet;jsessionid=ac16012b30d51f7e8710b6f44b8bbb66e0f7ae613820.e3iSbxaKaheRe38RbNmLa3mSc41ynknvrkLOlQzNp65In0 HTTP/1.1" 200 7
186.154.80.63 - - [23/Jan/2015:08:47:03 -0500] "GET /BLA/boletinlegal/js/jquery.scrollTo-min.js HTTP/1.1" 200 1150
186.154.80.63 - - [23/Jan/2015:08:47:03 -0500] "GET /galeria/carrusel/Carrusel/jquery.thumbnailScroller.css HTTP/1.1" 200 2066
186.154.80.63 - - [23/Jan/2015:08:47:03 -0500] "GET /videos/flowplayer-3.2.6.min.js HTTP/1.1" 200 16815
186.154.80.63 - - [23/Jan/2015:08:47:04 -0500] "GET /galeria/carrusel/Carrusel/jquery.thumbnailScroller.js HTTP/1.1" 200 8157
186.154.80.63 - - [23/Jan/2015:08:47:04 -0500] "GET /BLA/boletinlegal/js/jquery.scrollShow.js HTTP/1.1" 200 4586
186.154.80.63 - - [23/Jan/2015:08:47:04 -0500] "GET /galeria/carrusel/Carrusel/jquery-ui-1.8.13.custom.min.js HTTP/1.1" 200 10800
186.154.80.63 - - [23/Jan/2015:08:47:04 -0500] "GET /BLA/boletinlegal/js/jquery.js HTTP/1.1" 200 57254
201.217.200.118 - - [23/Jan/2015:08:47:04 -0500] "GET /BLA/boletinlegal/js/jquery.js HTTP/1.1" 200 57254
201.217.200.118 - - [23/Jan/2015:08:47:04 -0500] "GET /galeria/carrusel/Carrusel/jquery.thumbnailScroller.css HTTP/1.1" 200 2066
