190.27.101.35 - - [23/Jan/2015:09:21:24 -0500] "GET /BLA/boletinlegal/img/button-right.png HTTP/1.1" 200 57878
190.27.101.35 - - [23/Jan/2015:09:21:24 -0500] "GET /BLA/boletinlegal/img/0.png HTTP/1.1" 200 110
190.27.101.35 - - [23/Jan/2015:09:21:24 -0500] "GET /BLA/boletinlegal/img/select-left.png HTTP/1.1" 200 263
190.27.101.35 - - [23/Jan/2015:09:21:24 -0500] "GET /BLA/boletinlegal/img/button.png HTTP/1.1" 200 43241
190.27.101.35 - - [23/Jan/2015:09:21:24 -0500] "GET /BLA/boletinlegal/img/button-left.png HTTP/1.1" 200 57071
190.27.101.35 - - [23/Jan/2015:09:21:24 -0500] "GET /BLA/boletinlegal/img/select-right.png HTTP/1.1" 200 44019
201.244.55.205 - - [23/Jan/2015:09:21:24 -0500] "GET /Anexos%20estudio%20Organizacional%20SDA/ANEXO%20No.%201-%20NORMAS%20LEGALES%20DE%20ESTRUCTURA%20Y%20PLANTA/Decreto%20175%20de%202009.htm HTTP/1.1" 200 53727
201.244.55.205 - - [23/Jan/2015:09:21:24 -0500] "GET /Anexos%20estudio%20Organizacional%20SDA/ANEXO%20No.%201-%20NORMAS%20LEGALES%20DE%20ESTRUCTURA%20Y%20PLANTA/Decreto%20175%20de%202009_files/screen.css HTTP/1.1" 200 2444
201.244.55.205 - - [23/Jan/2015:09:21:24 -0500] "GET /Anexos%20estudio%20Organizacional%20SDA/ANEXO%20No.%201-%20NORMAS%20LEGALES%20DE%20ESTRUCTURA%20Y%20PLANTA/Decreto%20175%20de%202009_files/jquery-1.3.2.min.js HTTP/1.1" 200 57254
190.27.101.35 - - [23/Jan/2015:09:21:24 -0500] "GET /favicon.ico HTTP/1.1" 200 7782
201.244.55.205 - - [23/Jan/2015:09:21:24 -0500] "GET /Anexos%20estudio%20Organizacional%20SDA/ANEXO%20No.%201-%20NORMAS%20LEGALES%20DE%20ESTRUCTURA%20Y%20PLANTA/Decreto%20175%20de%202009_files/jquery.fancybox-1.2.5.css HTTP/1.1" 200 4557
201.244.55.205 - - [23/Jan/2015:09:21:24 -0500] "GET /Anexos%20estudio%20Organizacional%20SDA/ANEXO%20No.%201-%20NORMAS%20LEGALES%20DE%20ESTRUCTURA%20Y%20PLANTA/Decreto%20175%20de%202009_files/ladc.css HTTP/1.1" 200 5119
201.244.55.205 - - [23/Jan/2015:09:21:24 -0500] "GET /Anexos%20estudio%20Organizacional%20SDA/ANEXO%20No.%201-%20NORMAS%20LEGALES%20DE%20ESTRUCTURA%20Y%20PLANTA/Decreto%20175%20de%202009_files/jquery.fancybox-1.2.5.js HTTP/1.1" 200 18179
201.244.55.205 - - [23/Jan/2015:09:21:24 -0500] "GET /Anexos%20estudio%20Organizacional%20SDA/ANEXO%20No.%201-%20NORMAS%20LEGALES%20DE%20ESTRUCTURA%20Y%20PLANTA/Decreto%20175%20de%202009_files/AjaxRequest.js HTTP/1.1" 200 17069
201.244.55.205 - - [23/Jan/2015:09:21:24 -0500] "GET /Anexos%20estudio%20Organizacional%20SDA/ANEXO%20No.%201-%20NORMAS%20LEGALES%20DE%20ESTRUCTURA%20Y%20PLANTA/Decreto%20175%20de%202009_files/loading.gif HTTP/1.1" 200 5206
201.244.55.205 - - [23/Jan/2015:09:21:24 -0500] "GET /Anexos%20estudio%20Organizacional%20SDA/ANEXO%20No.%201-%20NORMAS%20LEGALES%20DE%20ESTRUCTURA%20Y%20PLANTA/Decreto%20175%20de%202009_files/FFFFFFtl.gif HTTP/1.1" 200 191
201.244.55.205 - - [23/Jan/2015:09:21:25 -0500] "GET /Anexos%20estudio%20Organizacional%20SDA/ANEXO%20No.%201-%20NORMAS%20LEGALES%20DE%20ESTRUCTURA%20Y%20PLANTA/Decreto%20175%20de%202009_files/FFFFFFtr.gif HTTP/1.1" 200 129
201.244.55.205 - - [23/Jan/2015:09:21:25 -0500] "GET /Anexos%20estudio%20Organizacional%20SDA/ANEXO%20No.%201-%20NORMAS%20LEGALES%20DE%20ESTRUCTURA%20Y%20PLANTA/Decreto%20175%20de%202009_files/FFFFFFsl.gif HTTP/1.1" 200 83
201.244.55.205 - - [23/Jan/2015:09:21:25 -0500] "GET /Anexos%20estudio%20Organizacional%20SDA/ANEXO%20No.%201-%20NORMAS%20LEGALES%20DE%20ESTRUCTURA%20Y%20PLANTA/Decreto%20175%20de%202009_files/compedit.jpg HTTP/1.1" 200 6688
201.244.55.205 - - [23/Jan/2015:09:21:25 -0500] "GET /Anexos%20estudio%20Organizacional%20SDA/ANEXO%20No.%201-%20NORMAS%20LEGALES%20DE%20ESTRUCTURA%20Y%20PLANTA/Decreto%20175%20de%202009_files/feed_balloon.png HTTP/1.1" 200 723
201.244.55.205 - - [23/Jan/2015:09:21:25 -0500] "GET /Anexos%20estudio%20Organizacional%20SDA/ANEXO%20No.%201-%20NORMAS%20LEGALES%20DE%20ESTRUCTURA%20Y%20PLANTA/Decreto%20175%20de%202009_files/bs_archive.gif HTTP/1.1" 200 172
201.244.55.205 - - [23/Jan/2015:09:21:25 -0500] "GET /Anexos%20estudio%20Organizacional%20SDA/ANEXO%20No.%201-%20NORMAS%20LEGALES%20DE%20ESTRUCTURA%20Y%20PLANTA/Decreto%20175%20de%202009_files/FFFFFFbr.gif HTTP/1.1" 200 84
201.244.55.205 - - [23/Jan/2015:09:21:25 -0500] "GET /Anexos%20estudio%20Organizacional%20SDA/ANEXO%20No.%201-%20NORMAS%20LEGALES%20DE%20ESTRUCTURA%20Y%20PLANTA/Decreto%20175%20de%202009_files/arrowl.png HTTP/1.1" 200 423
201.244.55.205 - - [23/Jan/2015:09:21:25 -0500] "GET /Anexos%20estudio%20Organizacional%20SDA/ANEXO%20No.%201-%20NORMAS%20LEGALES%20DE%20ESTRUCTURA%20Y%20PLANTA/Decreto%20175%20de%202009_files/play.png HTTP/1.1" 200 1218
201.244.55.205 - - [23/Jan/2015:09:21:25 -0500] "GET /Anexos%20estudio%20Organizacional%20SDA/ANEXO%20No.%201-%20NORMAS%20LEGALES%20DE%20ESTRUCTURA%20Y%20PLANTA/norma_ajax.jsp?showBar=true&AjaxRequestUniqueId=14220230628090 HTTP/1.1" 404 1577
201.244.55.205 - - [23/Jan/2015:09:21:25 -0500] "GET /Anexos%20estudio%20Organizacional%20SDA/images/arrowl.png HTTP/1.1" 404 1577
181.48.199.62 - - [23/Jan/2015:09:21:25 -0500] "GET /BLA/boletinlegal/images/screen_5.png HTTP/1.1" 200 368876
181.48.199.62 - - [23/Jan/2015:09:21:25 -0500] "GET /BLA/boletinlegal/images/screen_3.png HTTP/1.1" 200 211853
181.55.224.205 - - [23/Jan/2015:09:21:26 -0500] "POST /forms/lservlet;jsessionid=ac16012b30d51f7e8710b6f44b8bbb66e0f7ae613820.e3iSbxaKaheRe38RbNmLa3mSc41ynknvrkLOlQzNp65In0 HTTP/1.1" 200 102
180.76.5.22 - - [23/Jan/2015:09:21:26 -0500] "GET /BLA/boletinlegal;jsessionid=DDDC8DECB7F72DF1BB3129AE9E3A719F?/? HTTP/1.1" 404 1018
190.27.101.35 - - [23/Jan/2015:09:21:26 -0500] "GET /BLA/boletinlegal/conceptos.php HTTP/1.1" 200 6135
201.245.192.253 - - [23/Jan/2015:09:21:21 -0500] "GET /forest/index2.jsp?_a=0.5987634626217186 HTTP/1.1" 200 178839
190.27.101.35 - - [23/Jan/2015:09:21:26 -0500] "GET /BLA/boletinlegal/js/ajax_conceptos.js HTTP/1.1" 200 1326
201.245.192.253 - - [23/Jan/2015:09:21:26 -0500] "GET /forest/session.jsp?a=0.23151838988997042 HTTP/1.1" 200 4
181.55.224.205 - - [23/Jan/2015:09:21:27 -0500] "POST /forms/lservlet;jsessionid=ac16012b30d51f7e8710b6f44b8bbb66e0f7ae613820.e3iSbxaKaheRe38RbNmLa3mSc41ynknvrkLOlQzNp65In0 HTTP/1.1" 200 2
181.55.224.205 - - [23/Jan/2015:09:21:27 -0500] "POST /forms/lservlet;jsessionid=ac16012b30d51f7e8710b6f44b8bbb66e0f7ae613820.e3iSbxaKaheRe38RbNmLa3mSc41ynknvrkLOlQzNp65In0 HTTP/1.1" 200 1507
181.48.199.62 - - [23/Jan/2015:09:21:28 -0500] "GET /BLA/boletinlegal/images/pdf.gif HTTP/1.1" 200 567
181.55.224.205 - - [23/Jan/2015:09:21:28 -0500] "POST /forms/lservlet;jsessionid=ac16012b30d51f7e8710b6f44b8bbb66e0f7ae613820.e3iSbxaKaheRe38RbNmLa3mSc41ynknvrkLOlQzNp65In0 HTTP/1.1" 200 2
181.48.199.62 - - [23/Jan/2015:09:21:28 -0500] "GET /BLA/boletinlegal/images/background.gif HTTP/1.1" 200 -
201.245.192.253 - - [23/Jan/2015:09:21:28 -0500] "POST /forest/usutareas.do?group_system_actual=3 HTTP/1.1" 200 154
181.55.224.205 - - [23/Jan/2015:09:21:28 -0500] "POST /forms/lservlet;jsessionid=ac16012b30d51f7e8710b6f44b8bbb66e0f7ae613820.e3iSbxaKaheRe38RbNmLa3mSc41ynknvrkLOlQzNp65In0 HTTP/1.1" 200 2
201.245.192.253 - - [23/Jan/2015:09:21:28 -0500] "GET /forest/skins/gdocs-jar/img/ok.gif HTTP/1.1" 304 -
192.168.170.94 - - [23/Jan/2015:09:21:28 -0500] "GET /BLA/boletinlegal/consulta_actos.php?tipo=autos&no=6798&usuario=&sector=PEV&fecha=2011&resuelve= HTTP/1.1" 200 623
201.245.192.253 - - [23/Jan/2015:09:21:28 -0500] "GET /forest/usutareas.do?group_system_actual=3&codTraEsc=17307679&_a=0.9482856946587548 HTTP/1.1" 200 104489
192.168.170.94 - - [23/Jan/2015:09:21:29 -0500] "GET /BLA/boletinlegal/consulta_actos.php?tipo=autos&no=6798&usuario=&sector=PEV&fecha=2011&resuelve= HTTP/1.1" 200 623
201.245.192.253 - - [23/Jan/2015:09:21:29 -0500] "GET /forest/session.jsp?a=0.5379187692888081 HTTP/1.1" 200 4
181.48.199.62 - - [23/Jan/2015:09:21:30 -0500] "GET /BLA/boletinlegal/norma_menu.php HTTP/1.1" 200 5286
181.48.199.62 - - [23/Jan/2015:09:21:30 -0500] "GET /BLA/boletinlegal/js/ajax.js HTTP/1.1" 200 772
181.48.199.62 - - [23/Jan/2015:09:21:30 -0500] "GET /BLA/boletinlegal/swfobject.js HTTP/1.1" 200 9763
201.244.55.205 - - [23/Jan/2015:09:21:30 -0500] "GET /favicon.ico HTTP/1.1" 200 7782
181.48.199.62 - - [23/Jan/2015:09:21:30 -0500] "GET /BLA/boletinlegal/js/lib.js HTTP/1.1" 200 6474
201.245.192.253 - - [23/Jan/2015:09:21:30 -0500] "HEAD /forest/documentos/1926097/2014EE155716.docx HTTP/1.1" 200 -
181.48.199.62 - - [23/Jan/2015:09:21:30 -0500] "GET /BLA/boletinlegal/js/popup.js HTTP/1.1" 200 1270
181.48.199.62 - - [23/Jan/2015:09:21:30 -0500] "GET /BLA/boletinlegal/js/jquery1.js HTTP/1.1" 200 29846
181.48.199.62 - - [23/Jan/2015:09:21:30 -0500] "GET /BLA/boletinlegal/images/signo-mas.gif HTTP/1.1" 200 13689
181.48.199.62 - - [23/Jan/2015:09:21:30 -0500] "GET /BLA/boletinlegal/images/signo-menos.gif HTTP/1.1" 200 13454
181.48.199.62 - - [23/Jan/2015:09:21:30 -0500] "GET /BLA/boletinlegal/images/img_3.jpg HTTP/1.1" 200 1841
181.48.199.62 - - [23/Jan/2015:09:21:31 -0500] "GET /BLA/boletinlegal/images/footer_bg_l.jpg HTTP/1.1" 200 776
181.48.199.62 - - [23/Jan/2015:09:21:31 -0500] "GET /favicon.ico HTTP/1.1" 200 7782
190.151.175.110 - - [23/Jan/2015:09:21:31 -0500] "GET /BLA/boletinlegal/js/jquery.js HTTP/1.1" 304 -
190.151.175.110 - - [23/Jan/2015:09:21:31 -0500] "GET /BLA/boletinlegal/js/jquery.scrollTo-min.js HTTP/1.1" 304 -
190.151.175.110 - - [23/Jan/2015:09:21:31 -0500] "GET /BLA/boletinlegal/js/jquery.scrollShow.js HTTP/1.1" 304 -
201.245.192.253 - - [23/Jan/2015:09:21:32 -0500] "GET /forest/usutareas.do?group_system_actual=3&a=0.559274237905655 HTTP/1.1" 200 21248
201.245.192.253 - - [23/Jan/2015:09:21:32 -0500] "GET /forest/skins/gdocs-jar/css/forest.css?version=1412.231748 HTTP/1.1" 304 -
201.245.192.253 - - [23/Jan/2015:09:21:32 -0500] "GET /forest/skins/gdocs-jar/css/autocomplete.css?version=1412.231748 HTTP/1.1" 304 -
201.245.192.253 - - [23/Jan/2015:09:21:32 -0500] "GET /forest/skins/gdocs-jar/css/menu.css?version=1412.231748 HTTP/1.1" 304 -
201.245.192.253 - - [23/Jan/2015:09:21:32 -0500] "GET /forest/css/index.css?version=1412.231748 HTTP/1.1" 304 -
201.245.192.253 - - [23/Jan/2015:09:21:32 -0500] "GET /forest/css/escritorio.css?version=1412.231748 HTTP/1.1" 304 -
201.245.192.253 - - [23/Jan/2015:09:21:32 -0500] "GET /forest/skins/gdocs-jar/css/dialog.css?version=1412.231748 HTTP/1.1" 304 -
201.245.192.253 - - [23/Jan/2015:09:21:32 -0500] "GET /forest/1ibre/jscalendar/calendar-win2k-1.css?version=1412.231748 HTTP/1.1" 304 -
201.245.192.253 - - [23/Jan/2015:09:21:32 -0500] "GET /forest/skins/gdocs-jar/css/forms.css?version=1412.231748 HTTP/1.1" 304 -
201.245.192.253 - - [23/Jan/2015:09:21:32 -0500] "GET /forest/img/forestIcon.gif?version=1412.231748 HTTP/1.1" 304 -
201.245.192.253 - - [23/Jan/2015:09:21:32 -0500] "GET /forest/session.jsp?a=0.14485256006575165 HTTP/1.1" 200 4
181.55.224.205 - - [23/Jan/2015:09:21:34 -0500] "POST /forms/lservlet;jsessionid=ac16012b30d51f7e8710b6f44b8bbb66e0f7ae613820.e3iSbxaKaheRe38RbNmLa3mSc41ynknvrkLOlQzNp65In0 HTTP/1.1" 200 351
192.168.170.94 - - [23/Jan/2015:09:21:34 -0500] "GET /BLA/boletinlegal/consulta_actos.php?tipo=autos&no=6798&usuario=&sector=PEV&fecha=2011&resuelve= HTTP/1.1" 200 623
201.244.55.205 - - [23/Jan/2015:09:21:34 -0500] "GET /isolucionsda/FrameSetGeneral.asp?Pagina=BancoConocimiento/s/SistemadeGestionAmbiental_v0/SistemadeGestionAmbiental_v0.asp?&IdModulo=19 HTTP/1.1" 200 6882
181.55.224.205 - - [23/Jan/2015:09:21:34 -0500] "POST /forms/lservlet;jsessionid=ac16012b30d51f7e8710b6f44b8bbb66e0f7ae613820.e3iSbxaKaheRe38RbNmLa3mSc41ynknvrkLOlQzNp65In0 HTTP/1.1" 200 308
201.245.192.253 - - [23/Jan/2015:09:21:34 -0500] "GET /forest/skins/gdocs-jar/popup/popup.jsp?width=1100&height=500&title=Buscar%20procesos&uri=/forest/buscar.do%3Ftype%3Dprocesos&name=undefined&_a=0.9972993007484794&a=0.5677886807715852 HTTP/1.1" 200 1296
201.244.55.205 - - [23/Jan/2015:09:21:34 -0500] "GET /isolucionsda/Encabezado.asp?Pagina=BancoConocimiento/s/SistemadeGestionAmbiental_v0/SistemadeGestionAmbiental_v0.asp?&IdModulo=19 HTTP/1.1" 200 15364
201.244.55.205 - - [23/Jan/2015:09:21:34 -0500] "GET /isolucionsda/BarraTitulos.asp?Pagina=BancoConocimiento/s/SistemadeGestionAmbiental_v0/SistemadeGestionAmbiental_v0.asp?&IdModulo=19 HTTP/1.1" 200 6981
201.244.55.205 - - [23/Jan/2015:09:21:34 -0500] "GET /isolucionsda/BarraFavoritos.asp HTTP/1.1" 200 911
201.245.192.253 - - [23/Jan/2015:09:21:34 -0500] "GET /forest/buscar.do?type=procesos HTTP/1.1" 200 84392
201.245.192.253 - - [23/Jan/2015:09:21:34 -0500] "GET /forest/buscar.do?type=procesos HTTP/1.1" 200 84392
201.244.55.205 - - [23/Jan/2015:09:21:34 -0500] "GET /isolucionsda/Session.asp?Continue=1 HTTP/1.1" 200 6324
201.245.192.253 - - [23/Jan/2015:09:21:34 -0500] "GET /forest/skins/gdocs-jar/css/tree.css?version=1412.231748 HTTP/1.1" 304 -
201.245.192.253 - - [23/Jan/2015:09:21:34 -0500] "GET /forest/js/load_func.js?version=1412.231748 HTTP/1.1" 304 -
201.245.192.253 - - [23/Jan/2015:09:21:34 -0500] "GET /forest/css/autocomplete.css?version=1412.231748 HTTP/1.1" 304 -
201.245.192.253 - - [23/Jan/2015:09:21:34 -0500] "GET /forest/1ibre/jscalendar/calendar.js?version=1412.231748 HTTP/1.1" 304 -
201.245.192.253 - - [23/Jan/2015:09:21:34 -0500] "GET /forest/js/internJS.js?version=1412.231748 HTTP/1.1" 304 -
201.245.192.253 - - [23/Jan/2015:09:21:34 -0500] "GET /forest/js/sarissa.js?version=1412.231748 HTTP/1.1" 304 -
201.245.192.253 - - [23/Jan/2015:09:21:34 -0500] "GET /forest/js/escritorio/escritorio.js?version=1412.231748 HTTP/1.1" 304 -
201.245.192.253 - - [23/Jan/2015:09:21:34 -0500] "GET /forest/js/dialog.js?version=1412.231748 HTTP/1.1" 304 -
201.245.192.253 - - [23/Jan/2015:09:21:34 -0500] "GET /forest/1ibre/protoaculous.js?version=1412.231748 HTTP/1.1" 304 -
201.245.192.253 - - [23/Jan/2015:09:21:34 -0500] "GET /forest/js/autocompletar2.js?version=1412.231748 HTTP/1.1" 304 -
201.245.192.253 - - [23/Jan/2015:09:21:34 -0500] "GET /forest/1ibre/jscalendar/lang/calendar-es.js?version=1412.231748 HTTP/1.1" 304 -
201.245.192.253 - - [23/Jan/2015:09:21:34 -0500] "GET /forest/1ibre/jscalendar/calendar-setup.js?version=1412.231748 HTTP/1.1" 304 -
201.245.192.253 - - [23/Jan/2015:09:21:34 -0500] "GET /forest/1ibre/1ibre.js?version=1412.231748 HTTP/1.1" 304 -
201.245.192.253 - - [23/Jan/2015:09:21:34 -0500] "GET /forest/js/xml_utilities.js?version=1412.231748 HTTP/1.1" 304 -
201.245.192.253 - - [23/Jan/2015:09:21:35 -0500] "GET /forest/json.do?query=versionListadas HTTP/1.1" 200 15
201.245.192.253 - - [23/Jan/2015:09:21:35 -0500] "GET /forest/json.do?query=procesIniciales HTTP/1.1" 200 10001
201.245.192.253 - - [23/Jan/2015:09:21:35 -0500] "GET /forest/json.do?query=usersByDep&coddep=2013 HTTP/1.1" 200 6584
181.55.224.205 - - [23/Jan/2015:09:21:35 -0500] "POST /forms/lservlet;jsessionid=ac16012b30d51f7e8710b6f44b8bbb66e0f7ae613820.e3iSbxaKaheRe38RbNmLa3mSc41ynknvrkLOlQzNp65In0 HTTP/1.1" 200 277
201.245.192.253 - - [23/Jan/2015:09:21:35 -0500] "GET /forest/json.do?query=usersByDep&coddep=2013 HTTP/1.1" 200 6584
201.244.55.205 - - [23/Jan/2015:09:21:34 -0500] "GET /isolucionsda/BancoConocimiento/s/SistemadeGestionAmbiental_v0/SistemadeGestionAmbiental_v0.asp??Pagina=BancoConocimiento/s/SistemadeGestionAmbiental_v0/SistemadeGestionAmbiental_v0.asp?&IdModulo=19 HTTP/1.1" 200 37559
201.244.55.205 - - [23/Jan/2015:09:21:35 -0500] "GET /isolucionsda/g/gifTrasnparente.gif HTTP/1.1" 404 5209
192.168.170.94 - - [23/Jan/2015:09:21:35 -0500] "GET /BLA/boletinlegal/consulta_actos.php?tipo=autos&no=6798&usuario=&sector=PEV&fecha=2011&resuelve= HTTP/1.1" 200 623
192.168.170.94 - - [23/Jan/2015:09:21:35 -0500] "GET /BLA/boletinlegal/consulta_actos.php?tipo=autos&no=6798&usuario=&sector=PEV&fecha=2011&resuelve= HTTP/1.1" 200 623
181.55.224.205 - - [23/Jan/2015:09:21:35 -0500] "POST /forms/lservlet;jsessionid=ac16012b30d51f7e8710b6f44b8bbb66e0f7ae613820.e3iSbxaKaheRe38RbNmLa3mSc41ynknvrkLOlQzNp65In0 HTTP/1.1" 200 363
192.168.170.94 - - [23/Jan/2015:09:21:36 -0500] "GET /BLA/boletinlegal/consulta_actos.php?tipo=autos&no=6798&usuario=&sector=PEV&fecha=2011&resuelve= HTTP/1.1" 200 623
192.168.170.94 - - [23/Jan/2015:09:21:36 -0500] "GET /BLA/boletinlegal/consulta_actos.php?tipo=autos&no=6798&usuario=&sector=PEV&fecha=2011&resuelve= HTTP/1.1" 200 623
192.168.170.94 - - [23/Jan/2015:09:21:36 -0500] "GET /BLA/boletinlegal/consulta_actos.php?tipo=autos&no=6798&usuario=&sector=PEV&fecha=2011&resuelve= HTTP/1.1" 200 623
181.55.224.205 - - [23/Jan/2015:09:21:36 -0500] "POST /forms/lservlet;jsessionid=ac16012b30d51f7e8710b6f44b8bbb66e0f7ae613820.e3iSbxaKaheRe38RbNmLa3mSc41ynknvrkLOlQzNp65In0 HTTP/1.1" 200 37
201.245.192.253 - - [23/Jan/2015:09:21:37 -0500] "POST /forest/buscar.do? HTTP/1.1" 200 5176
181.55.224.205 - - [23/Jan/2015:09:21:37 -0500] "POST /forms/lservlet;jsessionid=ac16012b30d51f7e8710b6f44b8bbb66e0f7ae613820.e3iSbxaKaheRe38RbNmLa3mSc41ynknvrkLOlQzNp65In0 HTTP/1.1" 200 7
181.55.224.205 - - [23/Jan/2015:09:21:37 -0500] "POST /forms/lservlet;jsessionid=ac16012b30d51f7e8710b6f44b8bbb66e0f7ae613820.e3iSbxaKaheRe38RbNmLa3mSc41ynknvrkLOlQzNp65In0 HTTP/1.1" 200 30125
201.245.192.253 - - [23/Jan/2015:09:21:38 -0500] "GET /forest/buscar.do?type=procesos HTTP/1.1" 200 84392
201.245.192.253 - - [23/Jan/2015:09:21:39 -0500] "GET /forest/json.do?query=versionListadas HTTP/1.1" 200 15
201.245.192.253 - - [23/Jan/2015:09:21:39 -0500] "GET /forest/json.do?query=procesIniciales HTTP/1.1" 200 10001
201.245.192.253 - - [23/Jan/2015:09:21:39 -0500] "GET /forest/json.do?query=usersByDep&coddep=2013 HTTP/1.1" 200 6584
181.55.224.205 - - [23/Jan/2015:09:21:39 -0500] "POST /forms/lservlet;jsessionid=ac16012b30d51f7e8710b6f44b8bbb66e0f7ae613820.e3iSbxaKaheRe38RbNmLa3mSc41ynknvrkLOlQzNp65In0 HTTP/1.1" 200 7
201.245.192.253 - - [23/Jan/2015:09:21:39 -0500] "GET /forest/json.do?query=usersByDep&coddep=2013 HTTP/1.1" 200 6584
181.55.224.205 - - [23/Jan/2015:09:21:39 -0500] "POST /forms/lservlet;jsessionid=ac16012b30d51f7e8710b6f44b8bbb66e0f7ae613820.e3iSbxaKaheRe38RbNmLa3mSc41ynknvrkLOlQzNp65In0 HTTP/1.1" 200 2
181.55.224.205 - - [23/Jan/2015:09:21:39 -0500] "POST /forms/lservlet;jsessionid=ac16012b30d51f7e8710b6f44b8bbb66e0f7ae613820.e3iSbxaKaheRe38RbNmLa3mSc41ynknvrkLOlQzNp65In0 HTTP/1.1" 200 27
181.55.224.205 - - [23/Jan/2015:09:21:39 -0500] "POST /forms/lservlet;jsessionid=ac16012b30d51f7e8710b6f44b8bbb66e0f7ae613820.e3iSbxaKaheRe38RbNmLa3mSc41ynknvrkLOlQzNp65In0 HTTP/1.1" 200 2
190.27.101.35 - - [23/Jan/2015:09:21:39 -0500] "GET /BLA/boletinlegal/consulta_conceptos.php?no=1&solicitante=&radicado_entrada=&fecha_concepto=2015&objeto= HTTP/1.1" 200 1091
190.27.101.35 - - [23/Jan/2015:09:21:39 -0500] "GET /BLA/boletinlegal/images/pdf.gif HTTP/1.1" 200 567
181.55.224.205 - - [23/Jan/2015:09:21:40 -0500] "POST /forms/lservlet;jsessionid=ac16012b30d51f7e8710b6f44b8bbb66e0f7ae613820.e3iSbxaKaheRe38RbNmLa3mSc41ynknvrkLOlQzNp65In0 HTTP/1.1" 200 7
181.55.224.205 - - [23/Jan/2015:09:21:41 -0500] "POST /forms/lservlet;jsessionid=ac16012b30d51f7e8710b6f44b8bbb66e0f7ae613820.e3iSbxaKaheRe38RbNmLa3mSc41ynknvrkLOlQzNp65In0 HTTP/1.1" 200 96
181.48.199.62 - - [23/Jan/2015:09:21:14 -0500] "GET /BLA/boletinlegal/index.php? HTTP/1.1" 200 28067
201.245.192.253 - - [23/Jan/2015:09:21:41 -0500] "POST /forest/buscar.do? HTTP/1.1" 200 5377
201.245.192.253 - - [23/Jan/2015:09:21:42 -0500] "GET /forest/usutareas.do?group_system_actual=3&codAct=879&numPro=2984882&codPro=90&fecTra=2015-01-22%2014:14:29.437&codInst=3020757&codTraEsc=17339568 HTTP/1.1" 200 98641
201.245.192.253 - - [23/Jan/2015:09:21:43 -0500] "GET /forest/skins/gdocs-jar/js/tareas.js?version=1412.231748 HTTP/1.1" 304 -
201.245.192.253 - - [23/Jan/2015:09:21:43 -0500] "GET /forest/skins/gdocs-jar/js/graphicForm.js?version=1412.231748 HTTP/1.1" 304 -
201.245.192.253 - - [23/Jan/2015:09:21:43 -0500] "GET /forest/skins/gdocs-jar/js/autocompletar2.js?version=1412.231748 HTTP/1.1" 304 -
201.245.192.253 - - [23/Jan/2015:09:21:43 -0500] "GET /forest/skins/gdocs-jar/js/xml_utilities.js?version=1412.231748 HTTP/1.1" 304 -
201.245.192.253 - - [23/Jan/2015:09:21:43 -0500] "GET /forest/skins/gdocs-jar/js/swfobject.js?version=1412.231748 HTTP/1.1" 304 -
201.245.192.253 - - [23/Jan/2015:09:21:43 -0500] "GET /forest/skins/gdocs-jar/js/formsBase.js?version=1412.231748 HTTP/1.1" 304 -
201.245.192.253 - - [23/Jan/2015:09:21:43 -0500] "GET /forest/skins/gdocs-jar/js/number-functions.js?version=1412.231748 HTTP/1.1" 304 -
201.245.192.253 - - [23/Jan/2015:09:21:43 -0500] "GET /forest/session.jsp?a=0.32709132397101937 HTTP/1.1" 200 4
201.245.192.253 - - [23/Jan/2015:09:21:44 -0500] "GET /forest/skins/gdocs-jar/popup/escritorio/reasignar.jsp?codTraEsc=17339568&a=0.08144514980757367 HTTP/1.1" 200 3742
181.55.224.205 - - [23/Jan/2015:09:21:45 -0500] "POST /forms/lservlet;jsessionid=ac16012b30d51f7e8710b6f44b8bbb66e0f7ae613820.e3iSbxaKaheRe38RbNmLa3mSc41ynknvrkLOlQzNp65In0 HTTP/1.1" 200 18
201.245.192.253 - - [23/Jan/2015:09:21:45 -0500] "GET /forest/ HTTP/1.1" 200 11196
201.245.192.253 - - [23/Jan/2015:09:21:45 -0500] "GET /forest/js/json3.js HTTP/1.1" 304 -
201.245.192.253 - - [23/Jan/2015:09:21:45 -0500] "GET /forest/img/loading.gif HTTP/1.1" 304 -
201.245.192.253 - - [23/Jan/2015:09:21:45 -0500] "GET /forest/img/mplogo.gif HTTP/1.1" 304 -
201.245.192.253 - - [23/Jan/2015:09:21:45 -0500] "GET /forest/img/close.gif HTTP/1.1" 304 -
201.245.192.253 - - [23/Jan/2015:09:21:45 -0500] "GET /forest/skins/gdocs-jar/img/okey.gif HTTP/1.1" 304 -
201.245.192.253 - - [23/Jan/2015:09:21:45 -0500] "GET /forest/img/base/login/dialog_password.gif HTTP/1.1" 304 -
201.245.192.253 - - [23/Jan/2015:09:21:45 -0500] "GET /forest/img/base/login/nomSistema.png HTTP/1.1" 304 -
201.245.192.253 - - [23/Jan/2015:09:21:45 -0500] "GET /forest/img/base/login/logoForest.png HTTP/1.1" 304 -
201.245.192.253 - - [23/Jan/2015:09:21:45 -0500] "GET /forest/img/base/login/logo.gif HTTP/1.1" 304 -
201.245.192.253 - - [23/Jan/2015:09:21:45 -0500] "GET /forest/ HTTP/1.1" 200 11196
201.245.192.253 - - [23/Jan/2015:09:21:45 -0500] "GET /forest/img/base/login/bgLogin.png HTTP/1.1" 304 -
201.245.192.253 - - [23/Jan/2015:09:21:45 -0500] "GET /forest/img/base/login/bgLogin2.jpg HTTP/1.1" 304 -
201.245.192.253 - - [23/Jan/2015:09:21:46 -0500] "GET /forest/img/base/login/big_seperator.png HTTP/1.1" 304 -
201.245.192.253 - - [23/Jan/2015:09:21:46 -0500] "GET /forest/img/base/login/bgBtnLogin2.jpg HTTP/1.1" 304 -
201.245.192.253 - - [23/Jan/2015:09:21:46 -0500] "GET /forest/1ibre/1ibre.css HTTP/1.1" 304 -
201.245.192.253 - - [23/Jan/2015:09:21:46 -0500] "GET /forest/documentos/1998335/2015ER05961.docx HTTP/1.1" 200 15638
201.245.192.253 - - [23/Jan/2015:09:21:47 -0500] "GET /forest/skins/gdocs-jar/popup/popup.jsp?width=1100&height=500&title=Buscar%20procesos&uri=/forest/buscar.do%3Ftype%3Dprocesos&name=undefined&_a=0.6331937774418337&a=0.011979622736380313 HTTP/1.1" 200 1296
201.244.55.205 - - [23/Jan/2015:09:21:48 -0500] "GET /isolucionsda/Magazin.asp?Sigla=DR HTTP/1.1" 200 10553
201.245.192.253 - - [23/Jan/2015:09:21:48 -0500] "GET /forest/buscar.do?type=procesos HTTP/1.1" 200 84390
190.27.101.35 - - [23/Jan/2015:09:21:08 -0500] "GET /BLA/boletinlegal/index.php? HTTP/1.1" 200 38997
201.244.55.205 - - [23/Jan/2015:09:21:48 -0500] "GET /isolucionsda/Magazin.asp?Sigla=DR HTTP/1.1" 200 10553
201.245.192.253 - - [23/Jan/2015:09:21:48 -0500] "GET /forest/session.jsp?a=0.8616076367907226 HTTP/1.1" 200 4
190.27.101.35 - - [23/Jan/2015:09:21:50 -0500] "GET /BLA/boletinlegal/consulta_conceptos.php?no=2&solicitante=&radicado_entrada=&fecha_concepto=2015&objeto= HTTP/1.1" 200 1091
201.245.192.253 - - [23/Jan/2015:09:21:50 -0500] "POST /forest/buscar.do? HTTP/1.1" 200 5170
181.55.224.205 - - [23/Jan/2015:09:21:51 -0500] "POST /forms/lservlet;jsessionid=ac16012b30d51f7e8710b6f44b8bbb66e0f7ae613820.e3iSbxaKaheRe38RbNmLa3mSc41ynknvrkLOlQzNp65In0 HTTP/1.1" 200 148
201.245.192.253 - - [23/Jan/2015:09:21:52 -0500] "GET /forest/skins/gdocs-jar/popup/popup.jsp?width=900&height=600&title=Informaci%F3n%20de%20proceso&uri=/forest/system/process.jsp%3FnumPro%3D2924266&name=undefined&_a=0.06155695683616719&a=0.9144916160332933 HTTP/1.1" 200 1312
201.245.192.253 - - [23/Jan/2015:09:21:52 -0500] "GET /forest/system/process.jsp?numPro=2924266 HTTP/1.1" 200 63076
201.244.55.205 - - [23/Jan/2015:09:21:52 -0500] "GET /isolucionsda/FramesetArticulo.asp?Pagina=bancoconocimiento%2FD%2FDirectiva3del27deMayode2011%2FDirectiva3del27deMayode2011%2Easp&IdArticulo=6468&Codigo=&Fecha=&Version=&Procedimiento=&cliente= HTTP/1.1" 200 7389
201.244.55.205 - - [23/Jan/2015:09:21:52 -0500] "GET /isolucionsda/Arriba.asp?Pagina=bancoconocimiento%2FD%2FDirectiva3del27deMayode2011%2FDirectiva3del27deMayode2011%2Easp&IdArticulo=6468&Codigo=&Fecha=&Version=&Procedimiento=&cliente= HTTP/1.1" 200 9937
201.244.55.205 - - [23/Jan/2015:09:21:52 -0500] "GET /isolucionsda/bancoconocimiento/D/Directiva3del27deMayode2011/Directiva3del27deMayode2011.asp?IdArticulo=6468 HTTP/1.1" 302 174
201.245.192.253 - - [23/Jan/2015:09:21:53 -0500] "GET /forest/skins/gdocs-jar/popup/popup.jsp?width=850&height=380&title=Informaci%F3n%20del%20radicado&uri=/forest/system/document.jsp%3FcodDoc%3D1936852&name=undefined&_a=0.8757569963502357&a=0.9770301895373401 HTTP/1.1" 200 1315
201.245.192.253 - - [23/Jan/2015:09:21:53 -0500] "GET /forest/system/document.jsp?codDoc=1936852 HTTP/1.1" 200 12591
181.55.224.205 - - [23/Jan/2015:09:21:54 -0500] "POST /forms/lservlet;jsessionid=ac16012b30d51f7e8710b6f44b8bbb66e0f7ae613820.e3iSbxaKaheRe38RbNmLa3mSc41ynknvrkLOlQzNp65In0 HTTP/1.1" 200 18
201.245.192.253 - - [23/Jan/2015:09:21:54 -0500] "POST /forest/usutareas.do?group_system_actual=3 HTTP/1.1" 200 154
201.244.55.205 - - [23/Jan/2015:09:21:52 -0500] "GET /isolucionsda/bancoconocimiento/D/Directiva3del27deMayode2011/directiva%203%20del%2027%20de%20mayo%20de%2020110.pdf HTTP/1.1" 200 708785
201.244.55.205 - - [23/Jan/2015:09:21:54 -0500] "GET /isolucionsda/bancoconocimiento/D/Directiva3del27deMayode2011/directiva%203%20del%2027%20de%20mayo%20de%2020110.pdf HTTP/1.1" 206 32768
201.245.192.253 - - [23/Jan/2015:09:21:55 -0500] "GET /forest/usutareas.do?group_system_actual=3&a=0.9636439909375176 HTTP/1.1" 200 21250
201.245.192.253 - - [23/Jan/2015:09:21:55 -0500] "GET /forest/skins/gdocs-jar/css/menu.css?version=1412.231748 HTTP/1.1" 304 -
201.245.192.253 - - [23/Jan/2015:09:21:55 -0500] "GET /forest/skins/gdocs-jar/css/forest.css?version=1412.231748 HTTP/1.1" 304 -
201.245.192.253 - - [23/Jan/2015:09:21:55 -0500] "GET /forest/css/index.css?version=1412.231748 HTTP/1.1" 304 -
201.245.192.253 - - [23/Jan/2015:09:21:55 -0500] "GET /forest/skins/gdocs-jar/css/autocomplete.css?version=1412.231748 HTTP/1.1" 304 -
201.245.192.253 - - [23/Jan/2015:09:21:55 -0500] "GET /forest/css/escritorio.css?version=1412.231748 HTTP/1.1" 304 -
201.245.192.253 - - [23/Jan/2015:09:21:55 -0500] "GET /forest/1ibre/jscalendar/calendar-win2k-1.css?version=1412.231748 HTTP/1.1" 304 -
201.245.192.253 - - [23/Jan/2015:09:21:55 -0500] "GET /forest/skins/gdocs-jar/css/forms.css?version=1412.231748 HTTP/1.1" 304 -
201.245.192.253 - - [23/Jan/2015:09:21:55 -0500] "GET /forest/skins/gdocs-jar/css/dialog.css?version=1412.231748 HTTP/1.1" 304 -
201.245.192.253 - - [23/Jan/2015:09:21:55 -0500] "GET /forest/img/forestIcon.gif?version=1412.231748 HTTP/1.1" 304 -
201.245.192.253 - - [23/Jan/2015:09:21:55 -0500] "GET /forest/session.jsp?a=0.46483174034943553 HTTP/1.1" 200 4
201.245.192.253 - - [23/Jan/2015:09:21:56 -0500] "GET /forest/documentos/1936852/2014EE166471.docx HTTP/1.1" 200 170919
66.249.67.111 - - [23/Jan/2015:09:21:57 -0500] "GET / HTTP/1.1" 302 -
190.27.101.35 - - [23/Jan/2015:09:21:57 -0500] "GET /BLA/boletinlegal/consulta_conceptos.php?no=3&solicitante=&radicado_entrada=&fecha_concepto=2015&objeto= HTTP/1.1" 200 567
201.244.55.205 - - [23/Jan/2015:09:21:54 -0500] "GET /isolucionsda/bancoconocimiento/D/Directiva3del27deMayode2011/directiva%203%20del%2027%20de%20mayo%20de%2020110.pdf HTTP/1.1" 206 877653
181.55.224.205 - - [23/Jan/2015:09:21:59 -0500] "POST /forms/lservlet;jsessionid=ac16012b30d51f7e8710b6f44b8bbb66e0f7ae613820.e3iSbxaKaheRe38RbNmLa3mSc41ynknvrkLOlQzNp65In0 HTTP/1.1" 200 2
181.55.224.205 - - [23/Jan/2015:09:21:59 -0500] "POST /forms/lservlet;jsessionid=ac16012b30d51f7e8710b6f44b8bbb66e0f7ae613820.e3iSbxaKaheRe38RbNmLa3mSc41ynknvrkLOlQzNp65In0 HTTP/1.1" 200 260
181.55.224.205 - - [23/Jan/2015:09:21:59 -0500] "POST /forms/lservlet;jsessionid=ac16012b30d51f7e8710b6f44b8bbb66e0f7ae613820.e3iSbxaKaheRe38RbNmLa3mSc41ynknvrkLOlQzNp65In0 HTTP/1.1" 200 2
181.55.224.205 - - [23/Jan/2015:09:22:00 -0500] "POST /forms/lservlet;jsessionid=ac16012b30d51f7e8710b6f44b8bbb66e0f7ae613820.e3iSbxaKaheRe38RbNmLa3mSc41ynknvrkLOlQzNp65In0 HTTP/1.1" 200 2
181.55.224.205 - - [23/Jan/2015:09:22:00 -0500] "POST /forms/lservlet;jsessionid=ac16012b30d51f7e8710b6f44b8bbb66e0f7ae613820.e3iSbxaKaheRe38RbNmLa3mSc41ynknvrkLOlQzNp65In0 HTTP/1.1" 200 131
201.245.192.253 - - [23/Jan/2015:09:22:02 -0500] "POST /forest/login.do HTTP/1.1" 302 -
201.245.192.253 - - [23/Jan/2015:09:22:02 -0500] "GET /forest/index2.jsp?a=0.3797897945293852 HTTP/1.1" 200 36918
201.245.192.253 - - [23/Jan/2015:09:22:03 -0500] "GET /forest/skins/gdocs-jar/css/tree.css HTTP/1.1" 304 -
201.245.192.253 - - [23/Jan/2015:09:22:03 -0500] "GET /forest/session.jsp?a=0.1531131936114265 HTTP/1.1" 200 4
201.245.192.253 - - [23/Jan/2015:09:22:03 -0500] "GET /forest/skins/gdocs-jar/js/autocompletar2.js?version=1412.231748 HTTP/1.1" 304 -
201.245.192.253 - - [23/Jan/2015:09:22:03 -0500] "GET /forest/skins/gdocs-jar/css/autocomplete.css HTTP/1.1" 304 -
201.245.192.253 - - [23/Jan/2015:09:22:03 -0500] "GET /forest/skins/gdocs-jar/js/xml_utilities.js?version=1412.231748 HTTP/1.1" 304 -
201.245.192.253 - - [23/Jan/2015:09:22:03 -0500] "GET /forest/js/inicio.js?version=1412.231748 HTTP/1.1" 304 -
201.245.192.253 - - [23/Jan/2015:09:22:03 -0500] "GET /forest/img/buscar_procesos.gif HTTP/1.1" 304 -
201.245.192.253 - - [23/Jan/2015:09:22:03 -0500] "GET /forest/img/panel/menu/add.png HTTP/1.1" 304 -
201.245.192.253 - - [23/Jan/2015:09:22:03 -0500] "GET /forest/img/buscar_documentos.gif HTTP/1.1" 304 -
201.245.192.253 - - [23/Jan/2015:09:22:03 -0500] "GET /forest/img/panel/menu/folder.png HTTP/1.1" 304 -
201.245.192.253 - - [23/Jan/2015:09:22:03 -0500] "GET /forest/img/panel/menu/hoy.png HTTP/1.1" 304 -
201.245.192.253 - - [23/Jan/2015:09:22:03 -0500] "GET /forest/skins/gdocs-jar/js/misprocesos.js?version=1412.231748 HTTP/1.1" 304 -
201.245.192.253 - - [23/Jan/2015:09:22:03 -0500] "GET /forest/img/panel/menu/danger2.png HTTP/1.1" 304 -
201.245.192.253 - - [23/Jan/2015:09:22:03 -0500] "GET /forest/skins/gdocs-jar/img/cancel.gif HTTP/1.1" 304 -
201.245.192.253 - - [23/Jan/2015:09:22:03 -0500] "GET /forest/img/panel/right/help.gif HTTP/1.1" 304 -
201.245.192.253 - - [23/Jan/2015:09:22:03 -0500] "GET /forest/img/panel/right/home.gif HTTP/1.1" 304 -
201.245.192.253 - - [23/Jan/2015:09:22:03 -0500] "GET /forest/img/panel/right/binoculars.gif HTTP/1.1" 304 -
201.245.192.253 - - [23/Jan/2015:09:22:03 -0500] "GET /forest/img/panel/window_fullscreen.gif HTTP/1.1" 304 -
201.245.192.253 - - [23/Jan/2015:09:22:03 -0500] "GET /forest/img/panel/right/reports.gif HTTP/1.1" 304 -
201.245.192.253 - - [23/Jan/2015:09:22:03 -0500] "GET /forest/img/panel/right/logout.gif HTTP/1.1" 304 -
201.245.192.253 - - [23/Jan/2015:09:22:03 -0500] "GET /forest/img/panel/right/notify.gif HTTP/1.1" 304 -
201.245.192.253 - - [23/Jan/2015:09:22:03 -0500] "GET /forest/img/panel/reasignarActividades.gif HTTP/1.1" 304 -
201.245.192.253 - - [23/Jan/2015:09:22:03 -0500] "GET /forest/img/panel/alerta.png HTTP/1.1" 304 -
201.245.192.253 - - [23/Jan/2015:09:22:03 -0500] "GET /forest/img/panel/categorias/generica.gif HTTP/1.1" 304 -
201.245.192.253 - - [23/Jan/2015:09:22:03 -0500] "GET /forest/img/panel/2.gif HTTP/1.1" 304 -
201.245.192.253 - - [23/Jan/2015:09:22:03 -0500] "GET /forest/img/panel/6.gif HTTP/1.1" 304 -
201.245.192.253 - - [23/Jan/2015:09:22:03 -0500] "GET /forest/img/panel/9.gif HTTP/1.1" 304 -
201.245.192.253 - - [23/Jan/2015:09:22:03 -0500] "GET /forest/img/base/banner/banner_r1_c2.gif HTTP/1.1" 304 -
201.245.192.253 - - [23/Jan/2015:09:22:03 -0500] "GET /forest/img/panel/docTramite.gif HTTP/1.1" 304 -
201.245.192.253 - - [23/Jan/2015:09:22:03 -0500] "GET /forest/img/panel/reparto.gif HTTP/1.1" 304 -
201.245.192.253 - - [23/Jan/2015:09:22:03 -0500] "GET /forest/img/panel/pop.png HTTP/1.1" 304 -
201.245.192.253 - - [23/Jan/2015:09:22:03 -0500] "GET /forest/img/panel/docInformativo.gif HTTP/1.1" 304 -
201.245.192.253 - - [23/Jan/2015:09:22:03 -0500] "GET /forest/img/panel/clasificarTRD.gif HTTP/1.1" 304 -
201.245.192.253 - - [23/Jan/2015:09:22:03 -0500] "GET /forest/img/panel/docFisico.gif HTTP/1.1" 304 -
201.245.192.253 - - [23/Jan/2015:09:22:03 -0500] "GET /forest/img/panel/comment.png HTTP/1.1" 304 -
201.245.192.253 - - [23/Jan/2015:09:22:03 -0500] "GET /forest/img/panel/7.gif HTTP/1.1" 304 -
201.245.192.253 - - [23/Jan/2015:09:22:03 -0500] "GET /forest/img/panel/downloads.gif HTTP/1.1" 304 -
201.245.192.253 - - [23/Jan/2015:09:22:03 -0500] "GET /forest/img/base/banner/banner_r1_c1.gif HTTP/1.1" 304 -
201.245.192.253 - - [23/Jan/2015:09:22:03 -0500] "GET /forest/img/panel/bgTitle.jpg HTTP/1.1" 304 -
201.245.192.253 - - [23/Jan/2015:09:22:03 -0500] "GET /forest/1ibre/1ibre.css HTTP/1.1" 304 -
201.245.192.253 - - [23/Jan/2015:09:22:04 -0500] "GET /forest/css/escritorio.css HTTP/1.1" 304 -
201.245.192.253 - - [23/Jan/2015:09:22:04 -0500] "GET /forest/css/dialog.css HTTP/1.1" 304 -
201.245.192.253 - - [23/Jan/2015:09:22:04 -0500] "GET /forest/css/index.css HTTP/1.1" 304 -
181.55.224.205 - - [23/Jan/2015:09:22:04 -0500] "POST /forms/lservlet;jsessionid=ac16012b30d51f7e8710b6f44b8bbb66e0f7ae613820.e3iSbxaKaheRe38RbNmLa3mSc41ynknvrkLOlQzNp65In0 HTTP/1.1" 200 1504
181.55.224.205 - - [23/Jan/2015:09:22:04 -0500] "POST /forms/lservlet;jsessionid=ac16012b30d51f7e8710b6f44b8bbb66e0f7ae613820.e3iSbxaKaheRe38RbNmLa3mSc41ynknvrkLOlQzNp65In0 HTTP/1.1" 200 2
181.55.224.205 - - [23/Jan/2015:09:22:04 -0500] "POST /forms/lservlet;jsessionid=ac16012b30d51f7e8710b6f44b8bbb66e0f7ae613820.e3iSbxaKaheRe38RbNmLa3mSc41ynknvrkLOlQzNp65In0 HTTP/1.1" 200 2
181.55.224.205 - - [23/Jan/2015:09:22:05 -0500] "POST /forms/lservlet;jsessionid=ac16012b30d51f7e8710b6f44b8bbb66e0f7ae613820.e3iSbxaKaheRe38RbNmLa3mSc41ynknvrkLOlQzNp65In0 HTTP/1.1" 200 195
181.55.224.205 - - [23/Jan/2015:09:22:06 -0500] "POST /forms/lservlet;jsessionid=ac16012b30d51f7e8710b6f44b8bbb66e0f7ae613820.e3iSbxaKaheRe38RbNmLa3mSc41ynknvrkLOlQzNp65In0 HTTP/1.1" 200 7
181.55.224.205 - - [23/Jan/2015:09:22:06 -0500] "POST /forms/lservlet;jsessionid=ac16012b30d51f7e8710b6f44b8bbb66e0f7ae613820.e3iSbxaKaheRe38RbNmLa3mSc41ynknvrkLOlQzNp65In0 HTTP/1.1" 200 30120
190.27.101.35 - - [23/Jan/2015:09:22:07 -0500] "GET /BLA/boletinlegal/norma_menu.php HTTP/1.1" 200 5286
190.27.101.35 - - [23/Jan/2015:09:22:07 -0500] "GET /BLA/boletinlegal/js/ajax.js HTTP/1.1" 200 772
190.27.101.35 - - [23/Jan/2015:09:22:07 -0500] "GET /BLA/boletinlegal/swfobject.js HTTP/1.1" 200 9763
190.27.101.35 - - [23/Jan/2015:09:22:07 -0500] "GET /BLA/boletinlegal/images/signo-mas.gif HTTP/1.1" 200 13689
190.27.101.35 - - [23/Jan/2015:09:22:07 -0500] "GET /BLA/boletinlegal/images/signo-menos.gif HTTP/1.1" 200 13454
190.27.101.35 - - [23/Jan/2015:09:22:07 -0500] "GET /BLA/boletinlegal/images/img_3.jpg HTTP/1.1" 200 1841
190.27.101.35 - - [23/Jan/2015:09:22:07 -0500] "GET /BLA/boletinlegal/carousel.swf HTTP/1.1" 200 63487
201.245.192.253 - - [23/Jan/2015:09:22:08 -0500] "GET /forest/forms/showform.jsp?codPro=95&codForm=Inicio_Correspondencias&a=0.0795543199040385 HTTP/1.1" 200 17961
201.245.192.253 - - [23/Jan/2015:09:22:08 -0500] "GET /forest/skins/gdocs-jar/css/forms.css HTTP/1.1" 304 -
201.245.192.253 - - [23/Jan/2015:09:22:08 -0500] "GET /forest/skins/gdocs-jar/js/number-functions.js?version=1412.231748 HTTP/1.1" 304 -
201.245.192.253 - - [23/Jan/2015:09:22:08 -0500] "GET /forest/skins/gdocs-jar/js/formsBase.js?version=1412.231748 HTTP/1.1" 304 -
181.55.224.205 - - [23/Jan/2015:09:22:08 -0500] "POST /forms/lservlet;jsessionid=ac16012b30d51f7e8710b6f44b8bbb66e0f7ae613820.e3iSbxaKaheRe38RbNmLa3mSc41ynknvrkLOlQzNp65In0 HTTP/1.1" 200 7
201.245.192.253 - - [23/Jan/2015:09:22:08 -0500] "GET /forest/skins/gdocs-jar/js/swfobject.js?version=1412.231748 HTTP/1.1" 304 -
201.245.192.253 - - [23/Jan/2015:09:22:08 -0500] "GET /forest/skins/gdocs-jar/img/pencil.png HTTP/1.1" 304 -
201.245.192.253 - - [23/Jan/2015:09:22:08 -0500] "GET /forest/skins/gdocs-jar/js/graphicForm.js?version=1412.231748 HTTP/1.1" 304 -
201.245.192.253 - - [23/Jan/2015:09:22:08 -0500] "GET /forest/skins/gdocs-jar/img/close.gif HTTP/1.1" 304 -
201.245.192.253 - - [23/Jan/2015:09:22:08 -0500] "GET /forest/skins/gdocs-jar/img/print.gif HTTP/1.1" 304 -
201.245.192.253 - - [23/Jan/2015:09:22:08 -0500] "GET /forest/skins/gdocs-jar/img/control-double.png HTTP/1.1" 304 -
201.245.192.253 - - [23/Jan/2015:09:22:08 -0500] "GET /forest/skins/gdocs-jar/img/plus.gif HTTP/1.1" 304 -
201.245.192.253 - - [23/Jan/2015:09:22:08 -0500] "GET /forest/skins/gdocs-jar/img/alert.gif HTTP/1.1" 304 -
201.245.192.253 - - [23/Jan/2015:09:22:08 -0500] "GET /forest/skins/gdocs-jar/img/bgPanel.jpg HTTP/1.1" 304 -
201.245.192.253 - - [23/Jan/2015:09:22:08 -0500] "GET /forest/skins/gdocs-jar/img/minus.png HTTP/1.1" 304 -
201.245.192.253 - - [23/Jan/2015:09:22:08 -0500] "GET /forest/skins/gdocs-jar/img/disk.png HTTP/1.1" 304 -
181.55.224.205 - - [23/Jan/2015:09:22:08 -0500] "POST /forms/lservlet;jsessionid=ac16012b30d51f7e8710b6f44b8bbb66e0f7ae613820.e3iSbxaKaheRe38RbNmLa3mSc41ynknvrkLOlQzNp65In0 HTTP/1.1" 200 2
181.55.224.205 - - [23/Jan/2015:09:22:08 -0500] "POST /forms/lservlet;jsessionid=ac16012b30d51f7e8710b6f44b8bbb66e0f7ae613820.e3iSbxaKaheRe38RbNmLa3mSc41ynknvrkLOlQzNp65In0 HTTP/1.1" 200 27
201.245.192.253 - - [23/Jan/2015:09:22:08 -0500] "GET /forest/documentos/2001475/2015ER09101.pdf HTTP/1.1" 200 91703
181.55.224.205 - - [23/Jan/2015:09:22:08 -0500] "POST /forms/lservlet;jsessionid=ac16012b30d51f7e8710b6f44b8bbb66e0f7ae613820.e3iSbxaKaheRe38RbNmLa3mSc41ynknvrkLOlQzNp65In0 HTTP/1.1" 200 2
190.27.101.35 - - [23/Jan/2015:09:22:08 -0500] "GET /BLA/boletinlegal/settings.xml HTTP/1.1" 200 2059
190.27.101.35 - - [23/Jan/2015:09:22:08 -0500] "GET /BLA/boletinlegal/images.xml HTTP/1.1" 200 3941
181.55.224.205 - - [23/Jan/2015:09:22:09 -0500] "POST /forms/lservlet;jsessionid=ac16012b30d51f7e8710b6f44b8bbb66e0f7ae613820.e3iSbxaKaheRe38RbNmLa3mSc41ynknvrkLOlQzNp65In0 HTTP/1.1" 200 7
190.27.101.35 - - [23/Jan/2015:09:22:09 -0500] "GET /BLA/boletinlegal/images/emis.png HTTP/1.1" 200 448203
190.27.101.35 - - [23/Jan/2015:09:22:09 -0500] "GET /BLA/boletinlegal/images/hidro.png HTTP/1.1" 200 517362
190.27.101.35 - - [23/Jan/2015:09:22:09 -0500] "GET /BLA/boletinlegal/images/rui.png HTTP/1.1" 200 469106
190.27.101.35 - - [23/Jan/2015:09:22:09 -0500] "GET /BLA/boletinlegal/images/flor.png HTTP/1.1" 200 587454
190.27.101.35 - - [23/Jan/2015:09:22:09 -0500] "GET /BLA/boletinlegal/images/faun.png HTTP/1.1" 200 613440
190.27.101.35 - - [23/Jan/2015:09:22:09 -0500] "GET /BLA/boletinlegal/images/pev.png HTTP/1.1" 200 404876
190.27.101.35 - - [23/Jan/2015:09:22:10 -0500] "GET /BLA/boletinlegal/images/silvi.png HTTP/1.1" 200 588511
190.27.101.35 - - [23/Jan/2015:09:22:12 -0500] "GET /BLA/boletinlegal/images/hume.png HTTP/1.1" 200 481651
201.245.192.253 - - [23/Jan/2015:09:22:12 -0500] "GET /forest/actions/forms.getList?codForm=Inicio_Correspondencias&id=funcionarioasignado&text=j HTTP/1.1" 200 1285
201.245.192.253 - - [23/Jan/2015:09:22:12 -0500] "HEAD /forest/documentos/1936852/2014EE166471.docx HTTP/1.1" 200 -
201.245.192.253 - - [23/Jan/2015:09:22:12 -0500] "GET /forest/actions/forms.getList?codForm=Inicio_Correspondencias&id=funcionarioasignado&text=ju HTTP/1.1" 200 1245
201.245.192.253 - - [23/Jan/2015:09:22:12 -0500] "GET /forest/actions/forms.getList?codForm=Inicio_Correspondencias&id=funcionarioasignado&text=jul HTTP/1.1" 200 1270
201.245.192.253 - - [23/Jan/2015:09:22:13 -0500] "GET /forest/actions/forms.getList?codForm=Inicio_Correspondencias&id=funcionarioasignado&text=juli HTTP/1.1" 200 1268
190.27.101.35 - - [23/Jan/2015:09:22:13 -0500] "GET /BLA/boletinlegal/images/vert.png HTTP/1.1" 200 485866
201.245.192.253 - - [23/Jan/2015:09:22:13 -0500] "GET /forest/actions/forms.getList?codForm=Inicio_Correspondencias&id=funcionarioasignado&text=julio HTTP/1.1" 200 509
190.27.101.35 - - [23/Jan/2015:09:22:13 -0500] "GET /BLA/boletinlegal/images/resi.png HTTP/1.1" 200 556571
181.55.224.205 - - [23/Jan/2015:09:22:13 -0500] "POST /forms/lservlet;jsessionid=ac16012b30d51f7e8710b6f44b8bbb66e0f7ae613820.e3iSbxaKaheRe38RbNmLa3mSc41ynknvrkLOlQzNp65In0 HTTP/1.1" 200 96
190.27.101.35 - - [23/Jan/2015:09:22:13 -0500] "GET /BLA/boletinlegal/images/lice.png HTTP/1.1" 200 487297
190.27.101.35 - - [23/Jan/2015:09:22:14 -0500] "GET /BLA/boletinlegal/images/pma.png HTTP/1.1" 200 530205
190.27.101.35 - - [23/Jan/2015:09:22:15 -0500] "GET /BLA/boletinlegal/images/cons.png HTTP/1.1" 200 545034
190.27.101.35 - - [23/Jan/2015:09:22:16 -0500] "GET /BLA/boletinlegal/images/comp-estr.png HTTP/1.1" 200 644020
190.27.101.35 - - [23/Jan/2015:09:22:17 -0500] "GET /BLA/boletinlegal/images/bla.png HTTP/1.1" 200 113997
186.154.84.82 - - [23/Jan/2015:09:20:14 -0500] "GET /forest/documentos/1732479/2013IE143716.p7z:claro/Concepto%20Tecnico.doc HTTP/1.1" 200 9940480
181.55.224.205 - - [23/Jan/2015:09:22:21 -0500] "POST /forms/lservlet;jsessionid=ac16012b30d51f7e8710b6f44b8bbb66e0f7ae613820.e3iSbxaKaheRe38RbNmLa3mSc41ynknvrkLOlQzNp65In0 HTTP/1.1" 200 18
181.48.199.62 - - [23/Jan/2015:09:22:22 -0500] "GET /galeria/carrusel/Carrusel/jquery.thumbnailScroller.css HTTP/1.1" 200 2066
181.48.199.62 - - [23/Jan/2015:09:22:22 -0500] "GET /galeria/carrusel/Carrusel/jquery-ui-1.8.13.custom.min.js HTTP/1.1" 200 10800
181.48.199.62 - - [23/Jan/2015:09:22:22 -0500] "GET /galeria/carrusel/Carrusel/jquery.thumbnailScroller.js HTTP/1.1" 200 8157
181.48.199.62 - - [23/Jan/2015:09:22:22 -0500] "GET /videos/flowplayer-3.2.6.min.js HTTP/1.1" 200 16815
186.154.84.82 - - [23/Jan/2015:09:20:51 -0500] "GET /forest/documentos/1732479/2013IE143716.p7z:claro/Concepto%20Tecnico.doc HTTP/1.1" 200 9940480
186.181.20.209 - - [23/Jan/2015:09:22:23 -0500] "GET /galeria/nivo-slider/demo/images/banner-llantas2.jpg HTTP/1.1" 206 1
186.181.20.209 - - [23/Jan/2015:09:22:23 -0500] "GET /galeria/nivo-slider/demo/images/9Signos.jpg HTTP/1.1" 206 1
186.181.20.209 - - [23/Jan/2015:09:22:23 -0500] "GET /galeria/nivo-slider/demo/images/banner-caballos.png HTTP/1.1" 206 1
186.181.20.209 - - [23/Jan/2015:09:22:24 -0500] "GET /galeria/nivo-slider/demo/images/porloshumedales.jpg HTTP/1.1" 206 1
186.181.20.209 - - [23/Jan/2015:09:22:24 -0500] "GET /galeria/nivo-slider/demo/images/banner-redes.jpg HTTP/1.1" 206 1
186.181.20.209 - - [23/Jan/2015:09:22:24 -0500] "GET /galeria/nivo-slider/demo/images/Banner-Caracol-Africano.jpg HTTP/1.1" 206 1
201.245.192.253 - - [23/Jan/2015:09:22:24 -0500] "GET /forest/actions/forms.getList?codForm=Inicio_Correspondencias&id=funcionarioasignado&text=juli HTTP/1.1" 200 1268
186.181.20.209 - - [23/Jan/2015:09:22:24 -0500] "GET /galeria/nivo-slider/demo/images/banner-llantas2.jpg HTTP/1.1" 206 54740
181.48.199.62 - - [23/Jan/2015:09:22:24 -0500] "GET /videos/flowplayer-3.2.6.min.js HTTP/1.1" 206 1
181.48.199.62 - - [23/Jan/2015:09:22:24 -0500] "GET /videos/flowplayer-3.2.6.min.js HTTP/1.1" 206 14244
201.245.192.253 - - [23/Jan/2015:09:22:24 -0500] "GET /forest/actions/forms.getList?codForm=Inicio_Correspondencias&id=funcionarioasignado&text=jul HTTP/1.1" 200 1270
186.181.20.209 - - [23/Jan/2015:09:22:24 -0500] "GET /galeria/nivo-slider/demo/images/9Signos.jpg HTTP/1.1" 206 66479
201.245.192.253 - - [23/Jan/2015:09:22:24 -0500] "GET /forest/actions/forms.getList?codForm=Inicio_Correspondencias&id=funcionarioasignado&text=ju HTTP/1.1" 200 1245
186.181.20.209 - - [23/Jan/2015:09:22:24 -0500] "GET /galeria/nivo-slider/demo/images/banner-caballos.png HTTP/1.1" 206 370695
201.245.192.253 - - [23/Jan/2015:09:22:24 -0500] "GET /forest/actions/forms.getList?codForm=Inicio_Correspondencias&id=funcionarioasignado&text=j HTTP/1.1" 200 1285
186.181.20.209 - - [23/Jan/2015:09:22:24 -0500] "GET /galeria/nivo-slider/demo/images/porloshumedales.jpg HTTP/1.1" 206 283946
201.245.192.253 - - [23/Jan/2015:09:22:24 -0500] "GET /forest/actions/forms.getList?codForm=Inicio_Correspondencias&id=funcionarioasignado&text= HTTP/1.1" 200 1263
186.181.20.209 - - [23/Jan/2015:09:22:24 -0500] "GET /galeria/nivo-slider/demo/images/banner-redes.jpg HTTP/1.1" 206 35646
190.27.101.35 - - [23/Jan/2015:09:22:25 -0500] "GET /BLA/boletinlegal/consulta.php?menu=vertimientos HTTP/1.1" 200 9639
190.27.101.35 - - [23/Jan/2015:09:22:25 -0500] "GET /BLA/boletinlegal/images/docs.png HTTP/1.1" 200 10288
190.27.101.35 - - [23/Jan/2015:09:22:25 -0500] "GET /BLA/boletinlegal/images/background.gif HTTP/1.1" 200 -
201.245.192.253 - - [23/Jan/2015:09:22:25 -0500] "GET /forest/actions/forms.getList?codForm=Inicio_Correspondencias&id=funcionarioasignado&text=l HTTP/1.1" 200 1300
201.245.192.253 - - [23/Jan/2015:09:22:25 -0500] "GET /forest/actions/forms.getList?codForm=Inicio_Correspondencias&id=funcionarioasignado&text=li HTTP/1.1" 200 1318
181.55.224.205 - - [23/Jan/2015:09:22:26 -0500] "POST /forms/lservlet;jsessionid=ac16012b30d51f7e8710b6f44b8bbb66e0f7ae613820.e3iSbxaKaheRe38RbNmLa3mSc41ynknvrkLOlQzNp65In0 HTTP/1.1" 200 148
201.245.192.253 - - [23/Jan/2015:09:22:26 -0500] "GET /forest/actions/forms.getList?codForm=Inicio_Correspondencias&id=funcionarioasignado&text=lil HTTP/1.1" 200 1054
201.245.192.253 - - [23/Jan/2015:09:22:26 -0500] "GET /forest/actions/forms.getList?codForm=Inicio_Correspondencias&id=funcionarioasignado&text=lili HTTP/1.1" 200 1054
186.181.20.209 - - [23/Jan/2015:09:22:26 -0500] "GET /galeria/nivo-slider/demo/images/Banner-Caracol-Africano.jpg HTTP/1.1" 206 297610
190.24.246.95 - - [23/Jan/2015:09:22:27 -0500] "GET /BLA/boletinlegal/js/jquery.js HTTP/1.1" 200 57254
190.24.246.95 - - [23/Jan/2015:09:22:27 -0500] "GET /BLA/boletinlegal/js/jquery.scrollTo-min.js HTTP/1.1" 200 1150
190.24.246.95 - - [23/Jan/2015:09:22:27 -0500] "GET /BLA/boletinlegal/js/jquery.scrollShow.js HTTP/1.1" 200 4586
181.55.224.205 - - [23/Jan/2015:09:22:28 -0500] "POST /forms/lservlet;jsessionid=ac16012b30d51f7e8710b6f44b8bbb66e0f7ae613820.e3iSbxaKaheRe38RbNmLa3mSc41ynknvrkLOlQzNp65In0 HTTP/1.1" 200 18
181.48.199.62 - - [23/Jan/2015:09:22:28 -0500] "GET /galeria/nivo-slider/demo/demo.html HTTP/1.1" 200 3150
181.48.199.62 - - [23/Jan/2015:09:22:28 -0500] "GET /galeria/nivo-slider/themes/pascal/pascal.css HTTP/1.1" 200 2258
181.48.199.62 - - [23/Jan/2015:09:22:28 -0500] "GET /galeria/nivo-slider/demo/scripts/jquery-1.7.1.min.js HTTP/1.1" 200 93868
181.48.199.62 - - [23/Jan/2015:09:22:29 -0500] "GET /galeria/nivo-slider/jquery.nivo.slider.pack.js HTTP/1.1" 200 11561
181.48.199.62 - - [23/Jan/2015:09:22:29 -0500] "GET /videos/flowplayer-3.2.6.swf HTTP/1.1" 200 120222
181.48.199.62 - - [23/Jan/2015:09:22:29 -0500] "GET /galeria/nivo-slider/nivo-slider.css HTTP/1.1" 200 1507
181.48.199.62 - - [23/Jan/2015:09:22:29 -0500] "GET /galeria/nivo-slider/themes/orman/orman.css HTTP/1.1" 200 2152
181.48.199.62 - - [23/Jan/2015:09:22:29 -0500] "GET /galeria/nivo-slider/demo/style.css HTTP/1.1" 200 2222
181.48.199.62 - - [23/Jan/2015:09:22:29 -0500] "GET /galeria/nivo-slider/demo/images/bolsas-08.jpg HTTP/1.1" 200 85589
181.48.199.62 - - [23/Jan/2015:09:22:29 -0500] "GET /galeria/nivo-slider/themes/default/default.css HTTP/1.1" 200 1569
181.48.199.62 - - [23/Jan/2015:09:22:29 -0500] "GET /galeria/nivo-slider/demo/images/bolsas-06.jpg HTTP/1.1" 200 90982
181.48.199.62 - - [23/Jan/2015:09:22:30 -0500] "GET /galeria/nivo-slider/demo/images/Ruta-vertimientos-01.jpg HTTP/1.1" 200 130151
181.48.199.62 - - [23/Jan/2015:09:22:30 -0500] "GET /videos/flowplayer.controls-3.2.4.swf HTTP/1.1" 200 36275
181.48.199.62 - - [23/Jan/2015:09:22:30 -0500] "GET /galeria/nivo-slider/demo/images/ecolecta-Dic2014.png HTTP/1.1" 200 288593
181.48.199.62 - - [23/Jan/2015:09:22:30 -0500] "GET /videos/Spot_CambioClimatico.flv HTTP/1.1" 200 4371917
201.245.192.253 - - [23/Jan/2015:09:22:30 -0500] "POST /forest/actions/forms.saveForm?codPro=95 HTTP/1.1" 200 165
201.245.192.253 - - [23/Jan/2015:09:22:30 -0500] "GET /forest/skins/gdocs-jar/img/ok.gif HTTP/1.1" 304 -
181.48.199.62 - - [23/Jan/2015:09:22:31 -0500] "GET /galeria/nivo-slider/demo/images/porloshumedales.jpg HTTP/1.1" 200 351238
181.48.199.62 - - [23/Jan/2015:09:22:32 -0500] "GET /galeria/nivo-slider/demo/images/Tingua-azul.jpg HTTP/1.1" 200 307638
181.48.199.62 - - [23/Jan/2015:09:22:32 -0500] "GET /galeria/nivo-slider/demo/images/Banner-Caracol-Africano.jpg HTTP/1.1" 200 331986
181.48.199.62 - - [23/Jan/2015:09:22:33 -0500] "GET /galeria/nivo-slider/demo/images/banner-redes.jpg HTTP/1.1" 200 62209
186.181.20.209 - - [23/Jan/2015:09:22:33 -0500] "GET /galeria/nivo-slider/themes/default/arrows.png HTTP/1.1" 200 824
181.48.199.62 - - [23/Jan/2015:09:22:33 -0500] "GET /galeria/nivo-slider/demo/images/9Signos.jpg HTTP/1.1" 200 93040
186.181.20.209 - - [23/Jan/2015:09:22:33 -0500] "GET /galeria/nivo-slider/themes/default/bullets.png HTTP/1.1" 200 1281
181.55.224.205 - - [23/Jan/2015:09:22:33 -0500] "POST /forms/lservlet;jsessionid=ac16012b30d51f7e8710b6f44b8bbb66e0f7ae613820.e3iSbxaKaheRe38RbNmLa3mSc41ynknvrkLOlQzNp65In0 HTTP/1.1" 200 2
181.48.199.62 - - [23/Jan/2015:09:22:33 -0500] "GET /galeria/nivo-slider/demo/images/banner-llantas2.jpg HTTP/1.1" 200 73153
181.55.224.205 - - [23/Jan/2015:09:22:33 -0500] "POST /forms/lservlet;jsessionid=ac16012b30d51f7e8710b6f44b8bbb66e0f7ae613820.e3iSbxaKaheRe38RbNmLa3mSc41ynknvrkLOlQzNp65In0 HTTP/1.1" 200 260
181.48.199.62 - - [23/Jan/2015:09:22:33 -0500] "GET /galeria/nivo-slider/demo/images/banner-caballos.png HTTP/1.1" 200 389106
