!C99Shell v. 1.0 pre-release build #13!

Software: Apache. PHP/5.5.15 

uname -a: Windows NT SVR-DMZ 6.1 build 7600 (Windows Server 2008 R2 Enterprise Edition) i586 

SYSTEM 

Safe-mode: OFF (not secure)

E:\nuevo\apache\logs\   drwxrwxrwx
Free 7.33 GB of 239.26 GB (3.07%)
Detected drives: [ a ] [ c ] [ d ] [ e ] [ f ]
Home    Back    Forward    UPDIR    Refresh    Search    Buffer    Encoder    Tools    Proc.    FTP brute    Sec.    SQL    PHP-code    Update    Feedback    Self remove    Logout    


Viewing file:     access.2015.01.28.log (11.6 MB)      -rw-rw-rw-
Select action/file-type:
(+) | (+) | (+) | Code (+) | Session (+) | (+) | SDB (+) | (+) | (+) | (+) | (+) | (+) |
66.249.67.67 - - [28/Jan/2015:00:00:05 -0500] "GET /BLA/resoluciones/RESOLUCIONES%202008/4466.pdf HTTP/1.1" 200 263078
180.76.6.40 - - [28/Jan/2015:00:00:12 -0500] "GET /BLA/boletinlegal;jsessionid=38A0FB45F74CE26E303E965DE907640E?/? HTTP/1.1" 404 1018
190.66.108.109 - - [28/Jan/2015:00:00:27 -0500] "POST /forms/lservlet;jsessionid=ac16012b30d50c52ca995adb4e8b98dc949152f99c13.e3iSbxaKaheRe38RbNmLa3mSc41ynknvrkLOlQzNp65In0 HTTP/1.1" 200 2
213.251.182.10 - - [28/Jan/2015:00:00:31 -0500] "GET /Autoliquidacion/index.php?dir=Solicitudes%20relacionadas%20con%20calidad%20del%20aire%20auditiva%20y%20visual/Registro%20de%20Elementos%20de%20publicidad%20Exterior%20Visual/'&sort=date'&order=desc'\" HTTP/1.1" 200 7001
213.251.182.10 - - [28/Jan/2015:00:00:32 -0500] "GET /Autoliquidacion/index.php?dir=Solicitudes%20relacionadas%20con%20calidad%20del%20aire%20auditiva%20y%20visual%2FRegistro%20de%20Elementos%20de%20publicidad%20Exterior%20Visual%2F&sort=date&order=desc HTTP/1.0" 200 4036
66.249.67.75 - - [28/Jan/2015:00:00:32 -0500] "GET /BLA/resoluciones/AUTOS%202012/0652.pdf HTTP/1.1" 200 456072
186.147.146.99 - - [28/Jan/2015:00:00:42 -0500] "GET /BLA/boletinlegal/js/jquery.js HTTP/1.1" 200 57254
186.147.146.99 - - [28/Jan/2015:00:00:42 -0500] "GET /BLA/boletinlegal/js/jquery.scrollTo-min.js HTTP/1.1" 200 1150
186.147.146.99 - - [28/Jan/2015:00:00:42 -0500] "GET /BLA/boletinlegal/js/jquery.scrollShow.js HTTP/1.1" 200 4586
74.86.158.107 - - [28/Jan/2015:00:01:01 -0500] "HEAD / HTTP/1.1" 302 -
178.162.193.34 - - [28/Jan/2015:00:01:05 -0500] "GET /BLA/resoluciones/AUTOS%202013/0353.pdf HTTP/1.0" 200 1155831
192.163.253.13 - - [28/Jan/2015:00:01:11 -0500] "GET /BLA/resoluciones/index.php?dir=RESOLUCIONES%202005/RES%202005%202151-2200/'&sort=name'&order=desc'\" HTTP/1.1" 200 7457
192.163.253.13 - - [28/Jan/2015:00:01:12 -0500] "GET /BLA/resoluciones/index.php?dir=RESOLUCIONES%202005%2FRES%202005%202151-2200%2F&sort=name&order=desc HTTP/1.0" 200 16990
66.249.67.83 - - [28/Jan/2015:00:01:23 -0500] "GET /BLA/resoluciones/RESOLUCIONES%202008/2818.pdf HTTP/1.1" 200 256786
178.162.193.34 - - [28/Jan/2015:00:01:24 -0500] "GET /BLA/resoluciones/RESOLUCIONES%202008/0971.pdf HTTP/1.0" 200 197709
66.249.67.83 - - [28/Jan/2015:00:01:52 -0500] "GET /BLA/resoluciones/RESOLUCIONES%202005/RES%202005%201251-1300/00001275.tif HTTP/1.1" 200 289474
181.50.92.73 - - [27/Jan/2015:23:55:59 -0500] "GET /ForestMSG_SDA/channelAsync/template_word_17368834?X-Atmosphere-tracking-id=d8ac4fd9-e0da-4fa3-07e6-5ebd6562762c&X-Atmosphere-Framework=1.0.5&X-Atmosphere-Transport=long-polling&tabid=0.6523459614254534&X-Cache-Date=0&Content-Type=application/xml&_=1422421158033 HTTP/1.1" 200 8193
178.162.193.34 - - [28/Jan/2015:00:01:59 -0500] "GET /BLA/resoluciones/AUTOS%202008/1738.pdf HTTP/1.0" 200 137016
66.249.67.67 - - [28/Jan/2015:00:02:26 -0500] "GET /BLA/resoluciones/RESOLUCIONES%202007/RES%202007%201001%20AL%201100/RESOLUCION%201097%20DE%202007.pdf HTTP/1.1" 200 225397
190.66.108.109 - - [28/Jan/2015:00:02:27 -0500] "POST /forms/lservlet;jsessionid=ac16012b30d50c52ca995adb4e8b98dc949152f99c13.e3iSbxaKaheRe38RbNmLa3mSc41ynknvrkLOlQzNp65In0 HTTP/1.1" 200 2
66.249.67.83 - - [28/Jan/2015:00:02:41 -0500] "GET /BLA/resoluciones/AUTOS%202007/1316.pdf HTTP/1.1" 200 59457
178.162.193.34 - - [28/Jan/2015:00:02:43 -0500] "GET /BLA/resoluciones/RESOLUCIONES%202007/RES%202007%201501%20AL%201600/RESOLUCION%201565%20DE%202007.pdf HTTP/1.0" 200 860615
178.162.193.34 - - [28/Jan/2015:00:02:48 -0500] "GET /BLA/resoluciones/AUTOS%202008/1420.pdf HTTP/1.0" 200 148652
201.185.205.57 - - [28/Jan/2015:00:02:51 -0500] "GET /BLA/boletinlegal/js/jquery.js HTTP/1.1" 200 57254
201.185.205.57 - - [28/Jan/2015:00:02:51 -0500] "GET /BLA/boletinlegal/js/jquery.scrollTo-min.js HTTP/1.1" 200 1150
201.185.205.57 - - [28/Jan/2015:00:02:51 -0500] "GET /BLA/boletinlegal/js/jquery.scrollShow.js HTTP/1.1" 200 4586
201.185.205.57 - - [28/Jan/2015:00:02:51 -0500] "GET /galeria/carrusel/Carrusel/jquery.thumbnailScroller.css HTTP/1.1" 200 2066
201.185.205.57 - - [28/Jan/2015:00:02:51 -0500] "GET /galeria/carrusel/Carrusel/jquery-ui-1.8.13.custom.min.js HTTP/1.1" 200 10800
201.185.205.57 - - [28/Jan/2015:00:02:52 -0500] "GET /galeria/carrusel/Carrusel/jquery.thumbnailScroller.js HTTP/1.1" 200 8157
201.185.205.57 - - [28/Jan/2015:00:03:16 -0500] "GET /galeria/nivo-slider/demo/demo.html HTTP/1.1" 200 3150
201.185.205.57 - - [28/Jan/2015:00:03:17 -0500] "GET /galeria/nivo-slider/themes/default/default.css HTTP/1.1" 200 1569
201.185.205.57 - - [28/Jan/2015:00:03:17 -0500] "GET /galeria/nivo-slider/themes/pascal/pascal.css HTTP/1.1" 200 2258
201.185.205.57 - - [28/Jan/2015:00:03:17 -0500] "GET /galeria/nivo-slider/themes/orman/orman.css HTTP/1.1" 200 2152
201.185.205.57 - - [28/Jan/2015:00:03:17 -0500] "GET /galeria/nivo-slider/nivo-slider.css HTTP/1.1" 200 1507
201.185.205.57 - - [28/Jan/2015:00:03:17 -0500] "GET /galeria/nivo-slider/demo/style.css HTTP/1.1" 200 2222
201.185.205.57 - - [28/Jan/2015:00:03:17 -0500] "GET /galeria/nivo-slider/demo/images/bolsas-08.jpg HTTP/1.1" 200 85589
201.185.205.57 - - [28/Jan/2015:00:03:17 -0500] "GET /galeria/nivo-slider/demo/images/Ruta-vertimientos-01.jpg HTTP/1.1" 200 130151
201.185.205.57 - - [28/Jan/2015:00:03:17 -0500] "GET /galeria/nivo-slider/demo/images/bolsas-06.jpg HTTP/1.1" 200 90982
201.185.205.57 - - [28/Jan/2015:00:03:17 -0500] "GET /galeria/nivo-slider/demo/images/ecolecta-Dic2014.png HTTP/1.1" 200 288593
201.185.205.57 - - [28/Jan/2015:00:03:18 -0500] "GET /galeria/nivo-slider/demo/images/porloshumedales.jpg HTTP/1.1" 200 351238
201.185.205.57 - - [28/Jan/2015:00:03:19 -0500] "GET /galeria/nivo-slider/demo/images/Tingua-azul.jpg HTTP/1.1" 200 307638
201.185.205.57 - - [28/Jan/2015:00:03:19 -0500] "GET /galeria/nivo-slider/demo/images/Banner-Caracol-Africano.jpg HTTP/1.1" 200 331986
201.185.205.57 - - [28/Jan/2015:00:03:34 -0500] "GET /galeria/nivo-slider/demo/images/banner-redes.jpg HTTP/1.1" 200 62209
201.185.205.57 - - [28/Jan/2015:00:03:35 -0500] "GET /galeria/nivo-slider/demo/images/9Signos.jpg HTTP/1.1" 200 93040
201.185.205.57 - - [28/Jan/2015:00:03:36 -0500] "GET /galeria/nivo-slider/demo/images/banner-llantas2.jpg HTTP/1.1" 200 73153
201.185.205.57 - - [28/Jan/2015:00:03:36 -0500] "GET /galeria/nivo-slider/demo/images/banner-caballos.png HTTP/1.1" 200 389106
201.185.205.57 - - [28/Jan/2015:00:03:37 -0500] "GET /galeria/nivo-slider/demo/scripts/jquery-1.7.1.min.js HTTP/1.1" 200 93868
201.185.205.57 - - [28/Jan/2015:00:03:37 -0500] "GET /galeria/nivo-slider/jquery.nivo.slider.pack.js HTTP/1.1" 200 11561
201.185.205.57 - - [28/Jan/2015:00:03:39 -0500] "GET /galeria/nivo-slider/demo/images/4Simple_Slider.png HTTP/1.1" 200 11722
201.185.205.57 - - [28/Jan/2015:00:03:40 -0500] "GET /galeria/nivo-slider/themes/default/loading.gif HTTP/1.1" 200 1737
66.249.67.119 - - [28/Jan/2015:00:03:51 -0500] "GET /Autoliquidacion/dlf/styles.css HTTP/1.1" 200 3045
201.185.205.57 - - [28/Jan/2015:00:03:57 -0500] "GET /galeria/nivo-slider/themes/default/arrows.png HTTP/1.1" 200 824
201.185.205.57 - - [28/Jan/2015:00:03:57 -0500] "GET /galeria/nivo-slider/themes/default/bullets.png HTTP/1.1" 200 1281
66.249.67.67 - - [28/Jan/2015:00:03:59 -0500] "GET /BLA/resoluciones/RESOLUCIONES%202010/3800.pdf HTTP/1.1" 200 1173959
178.162.193.34 - - [28/Jan/2015:00:04:04 -0500] "GET /BLA/resoluciones/RESOLUCIONES%202011/3118.pdf HTTP/1.0" 200 728852
190.66.108.109 - - [28/Jan/2015:00:04:28 -0500] "POST /forms/lservlet;jsessionid=ac16012b30d50c52ca995adb4e8b98dc949152f99c13.e3iSbxaKaheRe38RbNmLa3mSc41ynknvrkLOlQzNp65In0 HTTP/1.1" 200 2
178.162.193.34 - - [28/Jan/2015:00:04:46 -0500] "GET /BLA/resoluciones/RESOLUCIONES%202007/RES%202007%204301%20AL%204352/RESOLUCION%204340%20%20DE%202007.pdf HTTP/1.0" 200 706806
180.76.6.151 - - [28/Jan/2015:00:05:04 -0500] "GET /BLA/boletinlegal;jsessionid=2169EB521B9C8371C481591DCACC35F7?/? HTTP/1.1" 404 1018
66.249.67.67 - - [28/Jan/2015:00:05:17 -0500] "GET /BLA/resoluciones/RESOLUCIONES%202008/4859.pdf HTTP/1.1" 200 360874
213.251.182.10 - - [28/Jan/2015:00:05:32 -0500] "-" 408 -
178.162.193.34 - - [28/Jan/2015:00:05:36 -0500] "GET /BLA/resoluciones/AUTOS%202008/3334.pdf HTTP/1.0" 200 65721
178.162.193.34 - - [28/Jan/2015:00:05:50 -0500] "GET /BLA/resoluciones/AUTOS%202011/3996.pdf HTTP/1.0" 200 245333
74.86.158.107 - - [28/Jan/2015:00:06:01 -0500] "HEAD / HTTP/1.1" 302 -
192.163.253.13 - - [28/Jan/2015:00:06:12 -0500] "-" 408 -
178.162.193.34 - - [28/Jan/2015:00:06:16 -0500] "GET /BLA/resoluciones/RESOLUCIONES%202010/2835.pdf HTTP/1.0" 200 317796
190.250.183.165 - - [28/Jan/2015:00:06:21 -0500] "GET /BLA/boletinlegal/js/jquery.js HTTP/1.1" 200 57254
190.250.183.165 - - [28/Jan/2015:00:06:21 -0500] "GET /BLA/boletinlegal/js/jquery.scrollTo-min.js HTTP/1.1" 200 1150
190.250.183.165 - - [28/Jan/2015:00:06:21 -0500] "GET /BLA/boletinlegal/js/jquery.scrollShow.js HTTP/1.1" 200 4586
190.66.108.109 - - [28/Jan/2015:00:06:28 -0500] "POST /forms/lservlet;jsessionid=ac16012b30d50c52ca995adb4e8b98dc949152f99c13.e3iSbxaKaheRe38RbNmLa3mSc41ynknvrkLOlQzNp65In0 HTTP/1.1" 200 2
66.249.67.67 - - [28/Jan/2015:00:06:35 -0500] "GET /BLA/resoluciones/AUTOS%202007/0846.pdf HTTP/1.1" 200 91862
180.76.5.71 - - [28/Jan/2015:00:06:52 -0500] "GET /BLA/boletinlegal;jsessionid=38B91DDC9604DE4BA9159F9AB26A8CF0?/? HTTP/1.1" 404 1018
180.76.6.138 - - [28/Jan/2015:00:07:46 -0500] "GET /Autoliquidacion/index.php?dir=Fauna+Silvestre%2F HTTP/1.1" 200 3502
66.249.67.67 - - [28/Jan/2015:00:07:53 -0500] "GET /BLA/resoluciones/AUTOS%202007/1377.pdf HTTP/1.1" 200 37335
178.162.193.34 - - [28/Jan/2015:00:08:19 -0500] "GET /BLA/resoluciones/RESOLUCIONES%202010/5298.pdf HTTP/1.0" 200 752575
190.66.108.109 - - [28/Jan/2015:00:08:28 -0500] "POST /forms/lservlet;jsessionid=ac16012b30d50c52ca995adb4e8b98dc949152f99c13.e3iSbxaKaheRe38RbNmLa3mSc41ynknvrkLOlQzNp65In0 HTTP/1.1" 200 2
181.133.87.16 - - [28/Jan/2015:00:08:37 -0500] "GET /POT-2013/Cartografia/02_Clasificacion_Urbano_V1_2013.pdf HTTP/1.1" 200 5081898
181.133.87.16 - - [28/Jan/2015:00:08:39 -0500] "GET /POT-2013/Cartografia/02_Clasificacion_Urbano_V1_2013.pdf HTTP/1.1" 206 32768
181.133.87.16 - - [28/Jan/2015:00:08:39 -0500] "GET /POT-2013/Cartografia/02_Clasificacion_Urbano_V1_2013.pdf HTTP/1.1" 206 5049130
180.76.6.14 - - [28/Jan/2015:00:08:40 -0500] "GET /BLA/resoluciones/AUTOS%202011/7424.pdf HTTP/1.1" 200 177544
201.245.232.229 - - [28/Jan/2015:00:08:42 -0500] "GET /BLA/boletinlegal/js/jquery.js HTTP/1.1" 200 57254
201.245.232.229 - - [28/Jan/2015:00:08:42 -0500] "GET /BLA/boletinlegal/js/jquery.scrollTo-min.js HTTP/1.1" 200 1150
201.245.232.229 - - [28/Jan/2015:00:08:42 -0500] "GET /BLA/boletinlegal/js/jquery.scrollShow.js HTTP/1.1" 200 4586
178.162.193.34 - - [28/Jan/2015:00:08:51 -0500] "GET /BLA/resoluciones/RESOLUCIONES%202009/7607.pdf HTTP/1.0" 200 561566
201.245.232.229 - - [28/Jan/2015:00:09:03 -0500] "GET /galeria/carrusel/Carrusel/jquery.thumbnailScroller.css HTTP/1.1" 200 2066
201.245.232.229 - - [28/Jan/2015:00:09:03 -0500] "GET /galeria/carrusel/Carrusel/jquery-ui-1.8.13.custom.min.js HTTP/1.1" 200 10800
201.245.232.229 - - [28/Jan/2015:00:09:03 -0500] "GET /galeria/carrusel/Carrusel/jquery.thumbnailScroller.js HTTP/1.1" 200 8157
201.245.232.229 - - [28/Jan/2015:00:09:04 -0500] "GET /galeria/nivo-slider/demo/demo.html HTTP/1.1" 200 3150
201.245.232.229 - - [28/Jan/2015:00:09:04 -0500] "GET /galeria/nivo-slider/themes/default/default.css HTTP/1.1" 200 1569
201.245.232.229 - - [28/Jan/2015:00:09:04 -0500] "GET /galeria/nivo-slider/themes/pascal/pascal.css HTTP/1.1" 200 2258
201.245.232.229 - - [28/Jan/2015:00:09:04 -0500] "GET /galeria/nivo-slider/themes/orman/orman.css HTTP/1.1" 200 2152
201.245.232.229 - - [28/Jan/2015:00:09:04 -0500] "GET /galeria/nivo-slider/nivo-slider.css HTTP/1.1" 200 1507
201.245.232.229 - - [28/Jan/2015:00:09:04 -0500] "GET /galeria/nivo-slider/demo/style.css HTTP/1.1" 200 2222
201.245.232.229 - - [28/Jan/2015:00:09:04 -0500] "GET /galeria/nivo-slider/demo/scripts/jquery-1.7.1.min.js HTTP/1.1" 200 93868
201.245.232.229 - - [28/Jan/2015:00:09:04 -0500] "GET /galeria/nivo-slider/jquery.nivo.slider.pack.js HTTP/1.1" 200 11561
201.245.232.229 - - [28/Jan/2015:00:09:05 -0500] "GET /galeria/nivo-slider/demo/images/4Simple_Slider.png HTTP/1.1" 200 11722
201.245.232.229 - - [28/Jan/2015:00:09:05 -0500] "GET /galeria/nivo-slider/themes/default/loading.gif HTTP/1.1" 200 1737
201.245.232.229 - - [28/Jan/2015:00:09:07 -0500] "GET /galeria/nivo-slider/demo/images/bolsas-08.jpg HTTP/1.1" 200 85589
201.245.232.229 - - [28/Jan/2015:00:09:08 -0500] "GET /galeria/nivo-slider/demo/images/Ruta-vertimientos-01.jpg HTTP/1.1" 200 130151
201.245.232.229 - - [28/Jan/2015:00:09:08 -0500] "GET /galeria/nivo-slider/demo/images/bolsas-06.jpg HTTP/1.1" 200 90982
201.245.232.229 - - [28/Jan/2015:00:09:08 -0500] "GET /galeria/nivo-slider/demo/images/ecolecta-Dic2014.png HTTP/1.1" 200 288593
201.245.232.229 - - [28/Jan/2015:00:09:08 -0500] "GET /galeria/nivo-slider/demo/images/porloshumedales.jpg HTTP/1.1" 200 351238
66.249.67.75 - - [28/Jan/2015:00:09:11 -0500] "GET /BLA/resoluciones/AUTOS%202007/2729.pdf HTTP/1.1" 200 91607
201.245.232.229 - - [28/Jan/2015:00:09:12 -0500] "GET /galeria/nivo-slider/demo/images/Tingua-azul.jpg HTTP/1.1" 200 307638
201.245.232.229 - - [28/Jan/2015:00:09:13 -0500] "GET /galeria/nivo-slider/demo/images/Banner-Caracol-Africano.jpg HTTP/1.1" 200 331986
201.245.232.229 - - [28/Jan/2015:00:09:13 -0500] "GET /galeria/nivo-slider/demo/images/banner-redes.jpg HTTP/1.1" 200 62209
201.245.232.229 - - [28/Jan/2015:00:09:16 -0500] "GET /galeria/nivo-slider/demo/images/9Signos.jpg HTTP/1.1" 200 93040
201.245.232.229 - - [28/Jan/2015:00:09:17 -0500] "GET /galeria/nivo-slider/demo/images/banner-llantas2.jpg HTTP/1.1" 200 73153
201.245.232.229 - - [28/Jan/2015:00:09:19 -0500] "GET /galeria/nivo-slider/demo/images/banner-caballos.png HTTP/1.1" 200 389106
201.245.232.229 - - [28/Jan/2015:00:09:20 -0500] "GET /videos/Spot_CambioClimatico.flv HTTP/1.1" 200 4371917
66.249.88.209 - - [28/Jan/2015:00:09:21 -0500] "GET /BLA/boletinlegal/js/jquery.js HTTP/1.1" 200 57254
66.249.88.213 - - [28/Jan/2015:00:09:21 -0500] "GET /BLA/boletinlegal/js/jquery.scrollTo-min.js HTTP/1.1" 200 1150
66.249.88.209 - - [28/Jan/2015:00:09:21 -0500] "GET /BLA/boletinlegal/js/jquery.scrollShow.js HTTP/1.1" 200 4586
178.162.193.34 - - [28/Jan/2015:00:10:00 -0500] "GET /BLA/resoluciones/RESOLUCIONES%202010/6127.pdf HTTP/1.0" 200 5066681
178.162.193.34 - - [28/Jan/2015:00:10:02 -0500] "GET /BLA/resoluciones/RESOLUCIONES%202011/6269.pdf HTTP/1.0" 200 424545
190.66.108.109 - - [28/Jan/2015:00:10:28 -0500] "POST /forms/lservlet;jsessionid=ac16012b30d50c52ca995adb4e8b98dc949152f99c13.e3iSbxaKaheRe38RbNmLa3mSc41ynknvrkLOlQzNp65In0 HTTP/1.1" 200 2
180.76.6.17 - - [28/Jan/2015:00:10:28 -0500] "GET /BLA/resoluciones/AUTOS%202009/0181.pdf HTTP/1.1" 200 211608
66.249.67.83 - - [28/Jan/2015:00:10:29 -0500] "GET /BLA/resoluciones/AUTOS%202007/1241.pdf HTTP/1.1" 200 67518
190.157.210.103 - - [28/Jan/2015:00:10:31 -0500] "GET /BLA/boletinlegal/js/jquery.js HTTP/1.1" 200 57254
190.157.210.103 - - [28/Jan/2015:00:10:31 -0500] "GET /BLA/boletinlegal/js/jquery.scrollTo-min.js HTTP/1.1" 200 1150
190.157.210.103 - - [28/Jan/2015:00:10:31 -0500] "GET /BLA/boletinlegal/js/jquery.scrollShow.js HTTP/1.1" 200 4586
190.157.210.103 - - [28/Jan/2015:00:10:31 -0500] "GET /galeria/carrusel/Carrusel/jquery.thumbnailScroller.css HTTP/1.1" 200 2066
190.157.210.103 - - [28/Jan/2015:00:10:31 -0500] "GET /galeria/carrusel/Carrusel/jquery-ui-1.8.13.custom.min.js HTTP/1.1" 200 10800
190.157.210.103 - - [28/Jan/2015:00:10:33 -0500] "GET /galeria/carrusel/Carrusel/jquery.thumbnailScroller.js HTTP/1.1" 200 8157
190.157.210.103 - - [28/Jan/2015:00:10:35 -0500] "GET /galeria/nivo-slider/demo/demo.html HTTP/1.1" 200 3150
190.157.210.103 - - [28/Jan/2015:00:10:36 -0500] "GET /galeria/nivo-slider/themes/default/default.css HTTP/1.1" 200 1569
190.157.210.103 - - [28/Jan/2015:00:10:36 -0500] "GET /galeria/nivo-slider/themes/pascal/pascal.css HTTP/1.1" 200 2258
190.157.210.103 - - [28/Jan/2015:00:10:36 -0500] "GET /galeria/nivo-slider/themes/orman/orman.css HTTP/1.1" 200 2152
190.157.210.103 - - [28/Jan/2015:00:10:36 -0500] "GET /galeria/nivo-slider/nivo-slider.css HTTP/1.1" 200 1507
190.157.210.103 - - [28/Jan/2015:00:10:37 -0500] "GET /galeria/nivo-slider/demo/style.css HTTP/1.1" 200 2222
190.157.210.103 - - [28/Jan/2015:00:10:37 -0500] "GET /galeria/nivo-slider/demo/scripts/jquery-1.7.1.min.js HTTP/1.1" 200 93868
190.157.210.103 - - [28/Jan/2015:00:10:37 -0500] "GET /galeria/nivo-slider/jquery.nivo.slider.pack.js HTTP/1.1" 200 11561
190.157.210.103 - - [28/Jan/2015:00:10:43 -0500] "GET /galeria/nivo-slider/demo/images/bolsas-08.jpg HTTP/1.1" 200 85589
190.157.210.103 - - [28/Jan/2015:00:10:43 -0500] "GET /galeria/nivo-slider/demo/images/Ruta-vertimientos-01.jpg HTTP/1.1" 200 130151
190.157.210.103 - - [28/Jan/2015:00:10:44 -0500] "GET /galeria/nivo-slider/demo/images/bolsas-06.jpg HTTP/1.1" 200 90982
190.157.210.103 - - [28/Jan/2015:00:10:44 -0500] "GET /galeria/nivo-slider/demo/images/ecolecta-Dic2014.png HTTP/1.1" 200 288593
190.157.210.103 - - [28/Jan/2015:00:10:44 -0500] "GET /galeria/nivo-slider/demo/images/porloshumedales.jpg HTTP/1.1" 200 351238
190.157.210.103 - - [28/Jan/2015:00:10:44 -0500] "GET /galeria/nivo-slider/demo/images/Tingua-azul.jpg HTTP/1.1" 200 307638
190.157.210.103 - - [28/Jan/2015:00:10:45 -0500] "GET /galeria/nivo-slider/demo/images/Banner-Caracol-Africano.jpg HTTP/1.1" 200 331986
190.157.210.103 - - [28/Jan/2015:00:10:49 -0500] "GET /galeria/nivo-slider/demo/images/banner-redes.jpg HTTP/1.1" 200 62209
190.157.210.103 - - [28/Jan/2015:00:10:49 -0500] "GET /galeria/nivo-slider/demo/images/9Signos.jpg HTTP/1.1" 200 93040
190.157.210.103 - - [28/Jan/2015:00:10:52 -0500] "GET /galeria/nivo-slider/demo/images/banner-llantas2.jpg HTTP/1.1" 200 73153
190.157.210.103 - - [28/Jan/2015:00:10:53 -0500] "GET /galeria/nivo-slider/demo/images/4Simple_Slider.png HTTP/1.1" 200 11722
190.157.210.103 - - [28/Jan/2015:00:10:53 -0500] "GET /galeria/nivo-slider/themes/default/loading.gif HTTP/1.1" 200 1737
190.157.210.103 - - [28/Jan/2015:00:10:54 -0500] "GET /galeria/nivo-slider/demo/images/banner-caballos.png HTTP/1.1" 200 389106
74.86.158.107 - - [28/Jan/2015:00:11:01 -0500] "HEAD / HTTP/1.1" 302 -
190.157.210.103 - - [28/Jan/2015:00:11:02 -0500] "GET /galeria/nivo-slider/themes/default/arrows.png HTTP/1.1" 200 824
190.157.210.103 - - [28/Jan/2015:00:11:02 -0500] "GET /galeria/nivo-slider/themes/default/bullets.png HTTP/1.1" 200 1281
178.162.193.34 - - [28/Jan/2015:00:11:10 -0500] "GET /BLA/resoluciones/RESOLUCIONES%202009/5894.pdf HTTP/1.0" 200 823499
178.162.193.34 - - [28/Jan/2015:00:11:22 -0500] "GET /BLA/resoluciones/RESOLUCIONES%202011/5027.pdf HTTP/1.0" 200 610883
180.76.5.71 - - [28/Jan/2015:00:11:22 -0500] "GET /BLA/resoluciones/RESOLUCIONES%202009/1654.pdf HTTP/1.1" 200 412859
66.249.67.75 - - [28/Jan/2015:00:11:47 -0500] "GET /BLA/resoluciones/AUTOS%202007/3182.pdf HTTP/1.1" 200 54842
180.76.5.63 - - [28/Jan/2015:00:12:16 -0500] "GET /BLA/boletinlegal;jsessionid=CA2808B51953D0BA2396D0B838D29677?/? HTTP/1.1" 404 1018
144.76.156.211 - - [28/Jan/2015:00:12:26 -0500] "GET /BLA/boletinlegal/js/jquery.js HTTP/1.1" 200 57254
144.76.156.211 - - [28/Jan/2015:00:12:27 -0500] "GET /BLA/boletinlegal/js/jquery.scrollTo-min.js HTTP/1.1" 200 1150
144.76.156.211 - - [28/Jan/2015:00:12:27 -0500] "GET /BLA/boletinlegal/js/jquery.scrollShow.js HTTP/1.1" 200 4586
144.76.156.211 - - [28/Jan/2015:00:12:27 -0500] "GET /galeria/carrusel/Carrusel/jquery-ui-%0A%0A1.8.13.custom.min.js HTTP/1.1" 403 1006
144.76.156.211 - - [28/Jan/2015:00:12:28 -0500] "GET /galeria/carrusel/Carrusel/jquery.thumbnailScroller.js HTTP/1.1" 200 8157
190.66.108.109 - - [28/Jan/2015:00:12:28 -0500] "POST /forms/lservlet;jsessionid=ac16012b30d50c52ca995adb4e8b98dc949152f99c13.e3iSbxaKaheRe38RbNmLa3mSc41ynknvrkLOlQzNp65In0 HTTP/1.1" 200 2
144.76.156.211 - - [28/Jan/2015:00:12:37 -0500] "GET /galeria/carrusel/Carrusel/jquery.thumbnailScroller.css HTTP/1.1" 200 2066
144.76.156.211 - - [28/Jan/2015:00:12:38 -0500] "GET /galeria/nivo-slider/demo/demo.html HTTP/1.1" 200 3150
144.76.156.211 - - [28/Jan/2015:00:12:38 -0500] "GET /galeria/nivo-slider/demo/scripts/jquery-1.7.1.min.js HTTP/1.1" 200 93868
144.76.156.211 - - [28/Jan/2015:00:12:39 -0500] "GET /galeria/nivo-slider/themes/default/default.css HTTP/1.1" 200 1569
144.76.156.211 - - [28/Jan/2015:00:12:39 -0500] "GET /galeria/nivo-slider/themes/pascal/pascal.css HTTP/1.1" 200 2258
144.76.156.211 - - [28/Jan/2015:00:12:39 -0500] "GET /galeria/nivo-slider/themes/orman/orman.css HTTP/1.1" 200 2152
144.76.156.211 - - [28/Jan/2015:00:12:39 -0500] "GET /galeria/nivo-slider/nivo-slider.css HTTP/1.1" 200 1507
144.76.156.211 - - [28/Jan/2015:00:12:39 -0500] "GET /galeria/nivo-slider/demo/style.css HTTP/1.1" 200 2222
144.76.156.211 - - [28/Jan/2015:00:12:39 -0500] "GET /galeria/nivo-slider/jquery.nivo.slider.pack.js HTTP/1.1" 200 11561
144.76.156.211 - - [28/Jan/2015:00:12:52 -0500] "GET /galeria/nivo-slider/demo/images/Ruta-vertimientos-01.jpg HTTP/1.1" 200 130151
144.76.156.211 - - [28/Jan/2015:00:12:53 -0500] "GET /galeria/nivo-slider/demo/images/ecolecta-Dic2014.png HTTP/1.1" 200 288593
144.76.156.211 - - [28/Jan/2015:00:12:54 -0500] "GET /galeria/nivo-slider/demo/images/Tingua-azul.jpg HTTP/1.1" 200 307638
144.76.156.211 - - [28/Jan/2015:00:12:56 -0500] "GET /galeria/nivo-slider/demo/images/Banner-Caracol-Africano.jpg HTTP/1.1" 200 331986
144.76.156.211 - - [28/Jan/2015:00:12:57 -0500] "GET /galeria/nivo-slider/demo/images/9Signos.jpg HTTP/1.1" 200 93040
144.76.156.211 - - [28/Jan/2015:00:12:57 -0500] "GET /galeria/nivo-slider/demo/images/banner-llantas2.jpg HTTP/1.1" 200 73153
144.76.156.211 - - [28/Jan/2015:00:12:58 -0500] "GET /galeria/nivo-slider/demo/images/banner-caballos.png HTTP/1.1" 200 389106
66.249.67.67 - - [28/Jan/2015:00:13:05 -0500] "GET /BLA/resoluciones/AUTOS%202008/1451.pdf HTTP/1.1" 200 120119
180.76.5.71 - - [28/Jan/2015:00:13:13 -0500] "GET /BLA/boletinlegal;jsessionid=101BAA5C0DA0F0978C3AABFD2F71E954?/? HTTP/1.1" 404 1018
178.162.193.34 - - [28/Jan/2015:00:13:18 -0500] "GET /BLA/resoluciones/AUTOS%202007/0420.pdf HTTP/1.0" 200 78882
190.157.210.103 - - [28/Jan/2015:00:13:27 -0500] "GET /galeria/nivo-slider/demo/demo.html HTTP/1.1" 200 3150
178.162.193.34 - - [28/Jan/2015:00:14:04 -0500] "GET /BLA/resoluciones/RESOLUCIONES%202009/1611.pdf HTTP/1.0" 200 631741
66.249.67.75 - - [28/Jan/2015:00:14:23 -0500] "GET /BLA/resoluciones/RESOLUCIONES%202007/RES%202007%202401%20AL%202500/RESOLUCION%202491%20DE%202007.pdf HTTP/1.1" 200 340386
190.66.108.109 - - [28/Jan/2015:00:14:28 -0500] "POST /forms/lservlet;jsessionid=ac16012b30d50c52ca995adb4e8b98dc949152f99c13.e3iSbxaKaheRe38RbNmLa3mSc41ynknvrkLOlQzNp65In0 HTTP/1.1" 200 2
178.162.193.34 - - [28/Jan/2015:00:14:37 -0500] "GET /BLA/resoluciones/RESOLUCIONES%202013/1419.pdf HTTP/1.0" 200 706764
201.102.76.145 - - [28/Jan/2015:00:14:54 -0500] "GET /BLA/boletinlegal/js/jquery.js HTTP/1.1" 200 57254
201.102.76.145 - - [28/Jan/2015:00:14:55 -0500] "GET /BLA/boletinlegal/js/jquery.scrollShow.js HTTP/1.1" 200 4586
201.102.76.145 - - [28/Jan/2015:00:14:55 -0500] "GET /BLA/boletinlegal/js/jquery.scrollTo-min.js HTTP/1.1" 200 1150
66.249.67.67 - - [28/Jan/2015:00:15:41 -0500] "GET /BLA/resoluciones/RESOLUCIONES%202010/2506.pdf HTTP/1.1" 200 614478
200.106.191.125 - - [28/Jan/2015:00:15:49 -0500] "GET /BLA/boletinlegal/js/jquery.js HTTP/1.1" 200 57254
200.106.191.125 - - [28/Jan/2015:00:15:49 -0500] "GET /BLA/boletinlegal/js/jquery.scrollTo-min.js HTTP/1.1" 200 1150
200.106.191.125 - - [28/Jan/2015:00:15:49 -0500] "GET /BLA/boletinlegal/js/jquery.scrollShow.js HTTP/1.1" 200 4586
74.86.158.107 - - [28/Jan/2015:00:16:01 -0500] "HEAD / HTTP/1.1" 302 -
66.249.67.67 - - [28/Jan/2015:00:16:03 -0500] "GET /BLA/resoluciones/AUTOS%202012/1248.pdf HTTP/1.1" 200 209214
178.162.193.34 - - [28/Jan/2015:00:16:22 -0500] "GET /BLA/resoluciones/RESOLUCIONES%202011/1122.pdf HTTP/1.0" 200 482688
190.66.108.109 - - [28/Jan/2015:00:16:28 -0500] "POST /forms/lservlet;jsessionid=ac16012b30d50c52ca995adb4e8b98dc949152f99c13.e3iSbxaKaheRe38RbNmLa3mSc41ynknvrkLOlQzNp65In0 HTTP/1.1" 200 2
178.162.193.34 - - [28/Jan/2015:00:16:57 -0500] "GET /BLA/resoluciones/AUTOS%202012/0515.pdf HTTP/1.0" 200 275268
66.249.67.75 - - [28/Jan/2015:00:16:59 -0500] "GET /BLA/resoluciones/AUTOS%202008/1919.pdf HTTP/1.1" 200 309632
178.162.193.34 - - [28/Jan/2015:00:17:06 -0500] "GET /BLA/resoluciones/RESOLUCIONES%202012/1197.pdf HTTP/1.0" 200 1042458
66.249.67.75 - - [28/Jan/2015:00:17:28 -0500] "GET /BLA/resoluciones/dlf/styles.css HTTP/1.1" 200 3049
178.162.193.34 - - [28/Jan/2015:00:17:39 -0500] "GET /BLA/resoluciones/RESOLUCIONES%202008/4862.pdf HTTP/1.0" 200 253161
66.249.67.83 - - [28/Jan/2015:00:18:17 -0500] "GET /BLA/resoluciones/RESOLUCIONES%202012/1043.pdf HTTP/1.1" 200 306487
178.162.193.34 - - [28/Jan/2015:00:18:27 -0500] "GET /BLA/resoluciones/AUTOS%202014/0438.pdf HTTP/1.0" 200 376616
66.249.67.67 - - [28/Jan/2015:00:18:27 -0500] "GET /BLA/resoluciones/RESOLUCIONES%202007/RES%202007%20301%20AL%20400/RESOLUCION%200397%20DE%202007.pdf HTTP/1.1" 200 607594
190.66.108.109 - - [28/Jan/2015:00:18:28 -0500] "POST /forms/lservlet;jsessionid=ac16012b30d50c52ca995adb4e8b98dc949152f99c13.e3iSbxaKaheRe38RbNmLa3mSc41ynknvrkLOlQzNp65In0 HTTP/1.1" 200 2
181.142.196.222 - - [28/Jan/2015:00:18:47 -0500] "GET /BLA/boletinlegal/js/jquery.js HTTP/1.1" 200 57254
181.142.196.222 - - [28/Jan/2015:00:18:47 -0500] "GET /BLA/boletinlegal/js/jquery.scrollTo-min.js HTTP/1.1" 200 1150
181.142.196.222 - - [28/Jan/2015:00:18:47 -0500] "GET /BLA/boletinlegal/js/jquery.scrollShow.js HTTP/1.1" 200 4586
66.249.67.67 - - [28/Jan/2015:00:19:35 -0500] "GET /BLA/resoluciones/AUTOS%202011/6913.pdf HTTP/1.1" 200 171472
190.27.40.85 - - [28/Jan/2015:00:20:07 -0500] "GET /autoliquidacion/Solicitud%20de%20Licencia%20Ambiental/Lista%20de%20chequeo%20-%20Solicitud%20de%20licencia%20ambiental......pdf HTTP/1.1" 200 54352
190.66.108.109 - - [28/Jan/2015:00:20:28 -0500] "POST /forms/lservlet;jsessionid=ac16012b30d50c52ca995adb4e8b98dc949152f99c13.e3iSbxaKaheRe38RbNmLa3mSc41ynknvrkLOlQzNp65In0 HTTP/1.1" 200 2
180.76.6.149 - - [28/Jan/2015:00:20:30 -0500] "GET /BLA/boletinlegal;jsessionid=D3DA84F4A6CB7BD9EE559CBB7B64B221?/? HTTP/1.1" 404 1018
178.162.193.34 - - [28/Jan/2015:00:20:39 -0500] "GET /BLA/resoluciones/RESOLUCIONES%202010/5980.pdf HTTP/1.0" 200 2098289
66.249.67.67 - - [28/Jan/2015:00:20:49 -0500] "GET /BLA/resoluciones/RESOLUCIONES%202010/3879.pdf HTTP/1.1" 200 1144663
66.249.67.75 - - [28/Jan/2015:00:20:53 -0500] "GET /BLA/resoluciones/AUTOS%202008/1515.pdf HTTP/1.1" 200 79231
74.86.158.107 - - [28/Jan/2015:00:21:01 -0500] "HEAD / HTTP/1.1" 302 -
178.162.193.34 - - [28/Jan/2015:00:21:07 -0500] "GET /BLA/resoluciones/RESOLUCIONES%202009/6846.pdf HTTP/1.0" 200 410760
178.162.193.34 - - [28/Jan/2015:00:21:15 -0500] "GET /BLA/resoluciones/AUTOS%202008/1231.pdf HTTP/1.0" 200 60242
66.249.67.83 - - [28/Jan/2015:00:22:11 -0500] "GET /BLA/resoluciones/RESOLUCIONES%202007/RES%202007%20501%20AL%20600/RESOLUCION%200550%20DE%202007.pdf HTTP/1.1" 200 351948
207.46.13.137 - - [28/Jan/2015:00:22:17 -0500] "GET /dama/libreria/pdf/pigas/PIGA%20OFB/pigaOFB.pdf HTTP/1.1" 404 1019
180.76.6.60 - - [28/Jan/2015:00:22:18 -0500] "GET /BLA/boletinlegal;jsessionid=C47E37A2A447898D352EDB7435B6B80F?/? HTTP/1.1" 404 1018
190.66.108.109 - - [28/Jan/2015:00:22:28 -0500] "POST /forms/lservlet;jsessionid=ac16012b30d50c52ca995adb4e8b98dc949152f99c13.e3iSbxaKaheRe38RbNmLa3mSc41ynknvrkLOlQzNp65In0 HTTP/1.1" 200 2
178.162.193.34 - - [28/Jan/2015:00:22:47 -0500] "GET /BLA/resoluciones/RESOLUCIONES%202008/0165.pdf HTTP/1.0" 200 307025
178.162.193.34 - - [28/Jan/2015:00:23:05 -0500] "GET /BLA/resoluciones/RESOLUCIONES%202007/RES%202007%202501%20AL%202600/RESOLUCION%202575%20DE%202007.pdf HTTP/1.0" 200 935349
178.162.193.34 - - [28/Jan/2015:00:23:06 -0500] "GET /BLA/resoluciones/AUTOS%202012/0075.pdf HTTP/1.0" 200 172932
186.29.215.147 - - [28/Jan/2015:00:23:16 -0500] "GET /BLA/boletinlegal/js/jquery.js HTTP/1.1" 200 57254
186.29.215.147 - - [28/Jan/2015:00:23:16 -0500] "GET /BLA/boletinlegal/js/jquery.scrollTo-min.js HTTP/1.1" 200 1150
186.29.215.147 - - [28/Jan/2015:00:23:16 -0500] "GET /BLA/boletinlegal/js/jquery.scrollShow.js HTTP/1.1" 200 4586
186.29.215.147 - - [28/Jan/2015:00:23:16 -0500] "GET /galeria/carrusel/Carrusel/jquery.thumbnailScroller.css HTTP/1.1" 200 2066
186.29.215.147 - - [28/Jan/2015:00:23:16 -0500] "GET /galeria/carrusel/Carrusel/jquery-ui-1.8.13.custom.min.js HTTP/1.1" 200 10800
186.29.215.147 - - [28/Jan/2015:00:23:16 -0500] "GET /galeria/carrusel/Carrusel/jquery.thumbnailScroller.js HTTP/1.1" 200 8157
186.29.215.147 - - [28/Jan/2015:00:23:18 -0500] "GET /galeria/nivo-slider/demo/demo.html HTTP/1.1" 200 3150
186.29.215.147 - - [28/Jan/2015:00:23:18 -0500] "GET /galeria/nivo-slider/themes/default/default.css HTTP/1.1" 200 1569
186.29.215.147 - - [28/Jan/2015:00:23:18 -0500] "GET /galeria/nivo-slider/themes/pascal/pascal.css HTTP/1.1" 200 2258
186.29.215.147 - - [28/Jan/2015:00:23:18 -0500] "GET /galeria/nivo-slider/themes/orman/orman.css HTTP/1.1" 200 2152
186.29.215.147 - - [28/Jan/2015:00:23:18 -0500] "GET /galeria/nivo-slider/demo/style.css HTTP/1.1" 200 2222
186.29.215.147 - - [28/Jan/2015:00:23:18 -0500] "GET /galeria/nivo-slider/nivo-slider.css HTTP/1.1" 200 1507
186.29.215.147 - - [28/Jan/2015:00:23:18 -0500] "GET /galeria/nivo-slider/demo/scripts/jquery-1.7.1.min.js HTTP/1.1" 200 93868
186.29.215.147 - - [28/Jan/2015:00:23:18 -0500] "GET /galeria/nivo-slider/jquery.nivo.slider.pack.js HTTP/1.1" 200 11561
186.29.215.147 - - [28/Jan/2015:00:23:18 -0500] "GET /galeria/nivo-slider/demo/images/bolsas-08.jpg HTTP/1.1" 200 85589
186.29.215.147 - - [28/Jan/2015:00:23:18 -0500] "GET /galeria/nivo-slider/demo/images/Ruta-vertimientos-01.jpg HTTP/1.1" 200 130151
186.29.215.147 - - [28/Jan/2015:00:23:18 -0500] "GET /galeria/nivo-slider/demo/images/bolsas-06.jpg HTTP/1.1" 200 90982
186.29.215.147 - - [28/Jan/2015:00:23:18 -0500] "GET /galeria/nivo-slider/demo/images/ecolecta-Dic2014.png HTTP/1.1" 200 288593
186.29.215.147 - - [28/Jan/2015:00:23:19 -0500] "GET /galeria/nivo-slider/demo/images/porloshumedales.jpg HTTP/1.1" 200 351238
186.29.215.147 - - [28/Jan/2015:00:23:19 -0500] "GET /galeria/nivo-slider/demo/images/Tingua-azul.jpg HTTP/1.1" 200 307638
186.29.215.147 - - [28/Jan/2015:00:23:19 -0500] "GET /galeria/nivo-slider/demo/images/Banner-Caracol-Africano.jpg HTTP/1.1" 200 331986
186.29.215.147 - - [28/Jan/2015:00:23:20 -0500] "GET /galeria/nivo-slider/demo/images/banner-redes.jpg HTTP/1.1" 200 62209
186.29.215.147 - - [28/Jan/2015:00:23:21 -0500] "GET /galeria/nivo-slider/demo/images/9Signos.jpg HTTP/1.1" 200 93040
186.29.215.147 - - [28/Jan/2015:00:23:21 -0500] "GET /galeria/nivo-slider/demo/images/banner-llantas2.jpg HTTP/1.1" 200 73153
186.29.215.147 - - [28/Jan/2015:00:23:21 -0500] "GET /galeria/nivo-slider/demo/images/banner-caballos.png HTTP/1.1" 200 389106
178.162.193.34 - - [28/Jan/2015:00:23:21 -0500] "GET /BLA/resoluciones/AUTOS%202008/2536.pdf HTTP/1.0" 200 194874
186.29.215.147 - - [28/Jan/2015:00:23:21 -0500] "GET /galeria/nivo-slider/demo/images/4Simple_Slider.png HTTP/1.1" 200 11722
186.29.215.147 - - [28/Jan/2015:00:23:22 -0500] "GET /galeria/nivo-slider/themes/default/loading.gif HTTP/1.1" 200 1737
186.29.215.147 - - [28/Jan/2015:00:23:23 -0500] "GET /galeria/nivo-slider/themes/default/arrows.png HTTP/1.1" 200 824
186.29.215.147 - - [28/Jan/2015:00:23:23 -0500] "GET /galeria/nivo-slider/themes/default/bullets.png HTTP/1.1" 200 1281
186.29.215.147 - - [28/Jan/2015:00:23:23 -0500] "GET /videos/Spot_CambioClimatico.flv HTTP/1.1" 200 4371917
66.249.67.83 - - [28/Jan/2015:00:23:29 -0500] "GET /BLA/resoluciones/RESOLUCIONES%202011/3031.pdf HTTP/1.1" 200 430827
66.249.67.83 - - [28/Jan/2015:00:23:47 -0500] "GET /BLA/resoluciones/RESOLUCIONES%202007/RES%202007%204201%20AL%204300/RESOLUCION%204261%20DE%202007.pdf HTTP/1.1" 304 -
178.162.193.34 - - [28/Jan/2015:00:24:06 -0500] "GET /BLA/resoluciones/RESOLUCIONES%202011/5134.pdf HTTP/1.0" 200 448971
180.76.5.77 - - [28/Jan/2015:00:24:07 -0500] "GET /BLA/boletinlegal;jsessionid=16B6AD1669C62C1B5338B43316341A14?/? HTTP/1.1" 404 1018
190.66.108.109 - - [28/Jan/2015:00:24:28 -0500] "POST /forms/lservlet;jsessionid=ac16012b30d50c52ca995adb4e8b98dc949152f99c13.e3iSbxaKaheRe38RbNmLa3mSc41ynknvrkLOlQzNp65In0 HTTP/1.1" 200 2
66.249.67.83 - - [28/Jan/2015:00:24:31 -0500] "GET /BLA/resoluciones/RESOLUCIONES%202003/RES%202003%201001-1050/1047.tif HTTP/1.1" 200 432376
192.185.81.87 - - [28/Jan/2015:00:24:32 -0500] "GET /Autoliquidacion/index.php?dir=Solicitudes%20relacionadas%20con%20calidad%20del%20aire%20auditiva%20y%20visual/Registro%20de%20Elementos%20de%20publicidad%20Exterior%20Visual/'&sort=date'&order=desc'\" HTTP/1.1" 200 7001
192.185.81.87 - - [28/Jan/2015:00:24:32 -0500] "GET /Autoliquidacion/index.php?dir=Solicitudes%20relacionadas%20con%20calidad%20del%20aire%20auditiva%20y%20visual%2FRegistro%20de%20Elementos%20de%20publicidad%20Exterior%20Visual%2F&sort=date&order=desc HTTP/1.0" 200 4036
5.254.97.92 - - [28/Jan/2015:00:24:35 -0500] "GET /BLA/boletinlegal/js/jquery.js HTTP/1.1" 200 57254
5.254.97.92 - - [28/Jan/2015:00:24:37 -0500] "GET /BLA/boletinlegal/js/jquery.scrollTo-min.js HTTP/1.1" 200 1150
5.254.97.92 - - [28/Jan/2015:00:24:37 -0500] "GET /BLA/boletinlegal/js/jquery.scrollShow.js HTTP/1.1" 200 4586
5.254.97.92 - - [28/Jan/2015:00:24:38 -0500] "GET /galeria/carrusel/Carrusel/jquery-ui-1.8.13.custom.min.js HTTP/1.1" 200 10800
5.254.97.92 - - [28/Jan/2015:00:24:38 -0500] "GET /galeria/carrusel/Carrusel/jquery.thumbnailScroller.js HTTP/1.1" 200 8157
5.254.97.92 - - [28/Jan/2015:00:24:42 -0500] "GET /galeria/carrusel/Carrusel/jquery.thumbnailScroller.css HTTP/1.1" 200 2066
119.253.38.234 - - [28/Jan/2015:00:24:43 -0500] "GET /POT-2013/Cartografia/Anexo01_Sistema_Hidrico.pdf HTTP/1.1" 200 5860035
119.253.38.234 - - [28/Jan/2015:00:24:45 -0500] "GET /POT-2013/Cartografia/Anexo01_Sistema_Hidrico.pdf HTTP/1.1" 206 65536
119.253.38.234 - - [28/Jan/2015:00:24:47 -0500] "GET /POT-2013/Cartografia/Anexo01_Sistema_Hidrico.pdf HTTP/1.1" 206 27331
66.249.67.67 - - [28/Jan/2015:00:24:47 -0500] "GET /BLA/resoluciones/AUTOS%202008/0302.pdf HTTP/1.1" 200 102219
119.253.38.234 - - [28/Jan/2015:00:24:58 -0500] "GET /POT-2013/Cartografia/Anexo01_Sistema_Hidrico.pdf HTTP/1.1" 206 65536
119.253.38.234 - - [28/Jan/2015:00:24:59 -0500] "GET /POT-2013/Cartografia/Anexo01_Sistema_Hidrico.pdf HTTP/1.1" 206 65536
119.253.38.234 - - [28/Jan/2015:00:24:59 -0500] "GET /POT-2013/Cartografia/Anexo01_Sistema_Hidrico.pdf HTTP/1.1" 206 65536
119.253.38.234 - - [28/Jan/2015:00:24:59 -0500] "GET /POT-2013/Cartografia/Anexo01_Sistema_Hidrico.pdf HTTP/1.1" 206 65536
119.253.38.234 - - [28/Jan/2015:00:24:59 -0500] "GET /POT-2013/Cartografia/Anexo01_Sistema_Hidrico.pdf HTTP/1.1" 206 65536
119.253.38.234 - - [28/Jan/2015:00:24:59 -0500] "GET /POT-2013/Cartografia/Anexo01_Sistema_Hidrico.pdf HTTP/1.1" 206 65536
119.253.38.234 - - [28/Jan/2015:00:24:59 -0500] "GET /POT-2013/Cartografia/Anexo01_Sistema_Hidrico.pdf HTTP/1.1" 206 65536
119.253.38.234 - - [28/Jan/2015:00:24:59 -0500] "GET /POT-2013/Cartografia/Anexo01_Sistema_Hidrico.pdf HTTP/1.1" 206 65536
66.249.67.67 - - [28/Jan/2015:00:25:01 -0500] "GET /BLA/resoluciones/AUTOS%202015/0017.pdf HTTP/1.1" 200 2046327
119.253.38.234 - - [28/Jan/2015:00:25:03 -0500] "GET /POT-2013/Cartografia/Anexo01_Sistema_Hidrico.pdf HTTP/1.1" 206 65536
119.253.38.234 - - [28/Jan/2015:00:25:06 -0500] "GET /POT-2013/Cartografia/Anexo01_Sistema_Hidrico.pdf HTTP/1.1" 206 65536
119.253.38.234 - - [28/Jan/2015:00:25:06 -0500] "GET /POT-2013/Cartografia/Anexo01_Sistema_Hidrico.pdf HTTP/1.1" 206 65536
119.253.38.234 - - [28/Jan/2015:00:25:06 -0500] "GET /POT-2013/Cartografia/Anexo01_Sistema_Hidrico.pdf HTTP/1.1" 206 65536
119.253.38.234 - - [28/Jan/2015:00:25:08 -0500] "GET /POT-2013/Cartografia/Anexo01_Sistema_Hidrico.pdf HTTP/1.1" 206 65536
119.253.38.234 - - [28/Jan/2015:00:25:08 -0500] "GET /POT-2013/Cartografia/Anexo01_Sistema_Hidrico.pdf HTTP/1.1" 206 65536
119.253.38.234 - - [28/Jan/2015:00:25:09 -0500] "GET /POT-2013/Cartografia/Anexo01_Sistema_Hidrico.pdf HTTP/1.1" 206 65536
178.22.56.52 - - [28/Jan/2015:00:25:10 -0500] "GET /BLA/resoluciones/index.php?dir=RESOLUCIONES%202005/RES%202005%202151-2200/'&sort=name'&order=desc'\" HTTP/1.1" 200 7457
119.253.38.234 - - [28/Jan/2015:00:25:17 -0500] "GET /POT-2013/Cartografia/Anexo01_Sistema_Hidrico.pdf HTTP/1.1" 206 65536
119.253.38.234 - - [28/Jan/2015:00:25:17 -0500] "GET /POT-2013/Cartografia/Anexo01_Sistema_Hidrico.pdf HTTP/1.1" 206 65536
119.253.38.234 - - [28/Jan/2015:00:25:17 -0500] "GET /POT-2013/Cartografia/Anexo01_Sistema_Hidrico.pdf HTTP/1.1" 206 65536
119.253.38.234 - - [28/Jan/2015:00:25:21 -0500] "GET /POT-2013/Cartografia/Anexo01_Sistema_Hidrico.pdf HTTP/1.1" 206 65536
119.253.38.234 - - [28/Jan/2015:00:25:21 -0500] "GET /POT-2013/Cartografia/Anexo01_Sistema_Hidrico.pdf HTTP/1.1" 206 65536
119.253.38.234 - - [28/Jan/2015:00:25:25 -0500] "GET /POT-2013/Cartografia/Anexo01_Sistema_Hidrico.pdf HTTP/1.1" 206 65536
119.253.38.234 - - [28/Jan/2015:00:25:25 -0500] "GET /POT-2013/Cartografia/Anexo01_Sistema_Hidrico.pdf HTTP/1.1" 206 65536
119.253.38.234 - - [28/Jan/2015:00:25:31 -0500] "GET /POT-2013/Cartografia/Anexo01_Sistema_Hidrico.pdf HTTP/1.1" 206 65536
119.253.38.234 - - [28/Jan/2015:00:25:31 -0500] "GET /POT-2013/Cartografia/Anexo01_Sistema_Hidrico.pdf HTTP/1.1" 206 65536
119.253.38.234 - - [28/Jan/2015:00:25:31 -0500] "GET /POT-2013/Cartografia/Anexo01_Sistema_Hidrico.pdf HTTP/1.1" 206 65536
119.253.38.234 - - [28/Jan/2015:00:25:31 -0500] "GET /POT-2013/Cartografia/Anexo01_Sistema_Hidrico.pdf HTTP/1.1" 206 65536
119.253.38.234 - - [28/Jan/2015:00:25:34 -0500] "GET /POT-2013/Cartografia/Anexo01_Sistema_Hidrico.pdf HTTP/1.1" 206 65536
119.253.38.234 - - [28/Jan/2015:00:25:34 -0500] "GET /POT-2013/Cartografia/Anexo01_Sistema_Hidrico.pdf HTTP/1.1" 206 65536
5.254.97.92 - - [28/Jan/2015:00:25:36 -0500] "GET /galeria/nivo-slider/demo/demo.html HTTP/1.1" 200 3150
178.22.56.52 - - [28/Jan/2015:00:25:11 -0500] "GET /BLA/resoluciones/index.php?dir=RESOLUCIONES%202005%2FRES%202005%202151-2200%2F&sort=name&order=desc HTTP/1.0" 200 16990
5.254.97.92 - - [28/Jan/2015:00:25:41 -0500] "GET /galeria/nivo-slider/themes/default/default.css HTTP/1.1" 200 1569
5.254.97.92 - - [28/Jan/2015:00:25:41 -0500] "GET /galeria/nivo-slider/nivo-slider.css HTTP/1.1" 200 1507
5.254.97.92 - - [28/Jan/2015:00:25:41 -0500] "GET /galeria/nivo-slider/themes/pascal/pascal.css HTTP/1.1" 200 2258
5.254.97.92 - - [28/Jan/2015:00:25:42 -0500] "GET /galeria/nivo-slider/themes/orman/orman.css HTTP/1.1" 200 2152
5.254.97.92 - - [28/Jan/2015:00:25:42 -0500] "GET /galeria/nivo-slider/demo/style.css HTTP/1.1" 200 2222
5.254.97.92 - - [28/Jan/2015:00:25:42 -0500] "GET /galeria/nivo-slider/demo/scripts/jquery-1.7.1.min.js HTTP/1.1" 200 93868
5.254.97.92 - - [28/Jan/2015:00:25:47 -0500] "GET /galeria/nivo-slider/jquery.nivo.slider.pack.js HTTP/1.1" 200 11561
119.253.38.234 - - [28/Jan/2015:00:26:00 -0500] "GET /POT-2013/Cartografia/Anexo01_Sistema_Hidrico.pdf HTTP/1.1" 206 65536
119.253.38.234 - - [28/Jan/2015:00:26:00 -0500] "GET /POT-2013/Cartografia/Anexo01_Sistema_Hidrico.pdf HTTP/1.1" 206 65536
74.86.158.107 - - [28/Jan/2015:00:26:01 -0500] "HEAD / HTTP/1.1" 302 -
66.249.67.67 - - [28/Jan/2015:00:26:05 -0500] "GET /BLA/resoluciones/RESOLUCIONES%202010/4793.pdf HTTP/1.1" 200 279261
178.162.193.34 - - [28/Jan/2015:00:26:15 -0500] "GET /BLA/resoluciones/AUTOS%202011/4512.pdf HTTP/1.0" 200 267643
119.253.38.234 - - [28/Jan/2015:00:26:16 -0500] "GET /POT-2013/Cartografia/Anexo01_Sistema_Hidrico.pdf HTTP/1.1" 206 131072
119.253.38.234 - - [28/Jan/2015:00:26:16 -0500] "GET /POT-2013/Cartografia/Anexo01_Sistema_Hidrico.pdf HTTP/1.1" 206 65536
190.66.108.109 - - [28/Jan/2015:00:26:28 -0500] "POST /forms/lservlet;jsessionid=ac16012b30d50c52ca995adb4e8b98dc949152f99c13.e3iSbxaKaheRe38RbNmLa3mSc41ynknvrkLOlQzNp65In0 HTTP/1.1" 200 2
119.253.38.234 - - [28/Jan/2015:00:26:36 -0500] "GET /POT-2013/Cartografia/Anexo01_Sistema_Hidrico.pdf HTTP/1.1" 206 131072
119.253.38.234 - - [28/Jan/2015:00:26:38 -0500] "GET /POT-2013/Cartografia/Anexo01_Sistema_Hidrico.pdf HTTP/1.1" 206 65536
119.253.38.234 - - [28/Jan/2015:00:26:43 -0500] "GET /POT-2013/Cartografia/Anexo01_Sistema_Hidrico.pdf HTTP/1.1" 206 131072
119.253.38.234 - - [28/Jan/2015:00:26:43 -0500] "GET /POT-2013/Cartografia/Anexo01_Sistema_Hidrico.pdf HTTP/1.1" 206 131072
66.249.67.111 - - [28/Jan/2015:00:26:57 -0500] "GET /POT-2013/Cartografia/09_EEP.pdf HTTP/1.1" 304 -
178.162.193.34 - - [28/Jan/2015:00:26:58 -0500] "GET /BLA/resoluciones/AUTOS%202008/2384.pdf HTTP/1.0" 200 100553
119.253.38.234 - - [28/Jan/2015:00:27:11 -0500] "GET /POT-2013/Cartografia/Anexo01_Sistema_Hidrico.pdf HTTP/1.1" 206 65536
119.253.38.234 - - [28/Jan/2015:00:27:14 -0500] "GET /POT-2013/Cartografia/Anexo01_Sistema_Hidrico.pdf HTTP/1.1" 206 65536
66.249.67.75 - - [28/Jan/2015:00:27:23 -0500] "GET /BLA/resoluciones/AUTOS%202007/2650.pdf HTTP/1.1" 200 70654
178.162.193.34 - - [28/Jan/2015:00:27:42 -0500] "GET /BLA/resoluciones/AUTOS%202009/5939.pdf HTTP/1.0" 200 1426770
220.181.108.117 - - [28/Jan/2015:00:27:46 -0500] "GET / HTTP/1.1" 302 -
190.66.108.109 - - [28/Jan/2015:00:28:29 -0500] "POST /forms/lservlet;jsessionid=ac16012b30d50c52ca995adb4e8b98dc949152f99c13.e3iSbxaKaheRe38RbNmLa3mSc41ynknvrkLOlQzNp65In0 HTTP/1.1" 200 2
66.249.67.67 - - [28/Jan/2015:00:28:41 -0500] "GET /BLA/resoluciones/AUTOS%202009/3361.pdf HTTP/1.1" 200 202810
66.249.67.75 - - [28/Jan/2015:00:28:51 -0500] "GET /BLA/resoluciones/AUTOS%202009/3063.pdf HTTP/1.1" 200 95992
66.249.84.185 - - [28/Jan/2015:00:28:58 -0500] "GET /BLA/boletinlegal/js/jquery.scrollTo-min.js HTTP/1.1" 200 1150
66.249.84.179 - - [28/Jan/2015:00:28:58 -0500] "GET /BLA/boletinlegal/js/jquery.scrollShow.js HTTP/1.1" 200 4586
66.249.84.185 - - [28/Jan/2015:00:28:58 -0500] "GET /BLA/boletinlegal/js/jquery.js HTTP/1.1" 200 57254
192.185.81.87 - - [28/Jan/2015:00:29:33 -0500] "-" 408 -
178.162.193.34 - - [28/Jan/2015:00:29:45 -0500] "GET /BLA/resoluciones/RESOLUCIONES%202011/5020.pdf HTTP/1.0" 200 695824
66.249.67.67 - - [28/Jan/2015:00:29:51 -0500] "GET /BLA/resoluciones/RESOLUCIONES%202006/RES%202006%202401-2450/00002422.tif HTTP/1.1" 200 418522
66.249.67.67 - - [28/Jan/2015:00:29:59 -0500] "GET /BLA/resoluciones/AUTOS%202007/3344.pdf HTTP/1.1" 200 283615
123.125.71.24 - - [28/Jan/2015:00:30:09 -0500] "GET / HTTP/1.1" 302 -
178.22.56.52 - - [28/Jan/2015:00:30:11 -0500] "-" 408 -
178.162.193.34 - - [28/Jan/2015:00:30:11 -0500] "GET /BLA/resoluciones/RESOLUCIONES%202008/0261.pdf HTTP/1.0" 200 274611
178.162.193.34 - - [28/Jan/2015:00:30:26 -0500] "GET /BLA/resoluciones/RESOLUCIONES%202009/1172.pdf HTTP/1.0" 200 1007733
190.66.108.109 - - [28/Jan/2015:00:30:29 -0500] "POST /forms/lservlet;jsessionid=ac16012b30d50c52ca995adb4e8b98dc949152f99c13.e3iSbxaKaheRe38RbNmLa3mSc41ynknvrkLOlQzNp65In0 HTTP/1.1" 200 2
74.86.158.107 - - [28/Jan/2015:00:31:01 -0500] "HEAD / HTTP/1.1" 302 -
66.249.67.83 - - [28/Jan/2015:00:31:17 -0500] "GET /BLA/resoluciones/AUTOS%202007/1566.pdf HTTP/1.1" 200 29511
180.76.6.21 - - [28/Jan/2015:00:31:35 -0500] "GET /BLA/boletinlegal;jsessionid=8FAB168681CB67757DF79722407947E8?/? HTTP/1.1" 404 1018
66.249.67.83 - - [28/Jan/2015:00:31:48 -0500] "GET /BLA/resoluciones/RESOLUCIONES%202012/1453.pdf HTTP/1.1" 200 1047977
201.218.48.50 - - [28/Jan/2015:00:31:58 -0500] "GET /BLA/boletinlegal/js/jquery.js HTTP/1.1" 200 57254
201.218.48.50 - - [28/Jan/2015:00:31:58 -0500] "GET /BLA/boletinlegal/js/jquery.scrollTo-min.js HTTP/1.1" 200 1150
201.218.48.50 - - [28/Jan/2015:00:31:59 -0500] "GET /BLA/boletinlegal/js/jquery.scrollShow.js HTTP/1.1" 200 4586
190.66.108.109 - - [28/Jan/2015:00:32:29 -0500] "POST /forms/lservlet;jsessionid=ac16012b30d50c52ca995adb4e8b98dc949152f99c13.e3iSbxaKaheRe38RbNmLa3mSc41ynknvrkLOlQzNp65In0 HTTP/1.1" 200 2
66.249.67.67 - - [28/Jan/2015:00:32:35 -0500] "GET /BLA/resoluciones/RESOLUCIONES%202011/3996.pdf HTTP/1.1" 200 666648
220.181.108.120 - - [28/Jan/2015:00:32:44 -0500] "GET /BLA/resoluciones/RESOLUCIONES%202008/0677.pdf HTTP/1.1" 200 646850
178.162.193.34 - - [28/Jan/2015:00:33:04 -0500] "GET /BLA/resoluciones/AUTOS%202007/1714.pdf HTTP/1.0" 200 36800
201.245.238.229 - - [28/Jan/2015:00:33:47 -0500] "GET /BLA/boletinlegal/js/jquery.js HTTP/1.1" 200 57254
201.245.238.229 - - [28/Jan/2015:00:33:47 -0500] "GET /BLA/boletinlegal/js/jquery.scrollTo-min.js HTTP/1.1" 200 1150
201.245.238.229 - - [28/Jan/2015:00:33:47 -0500] "GET /BLA/boletinlegal/js/jquery.scrollShow.js HTTP/1.1" 200 4586
66.249.67.75 - - [28/Jan/2015:00:33:53 -0500] "GET /BLA/resoluciones/RESOLUCIONES%202011/1568.pdf HTTP/1.1" 200 69057
119.81.84.252 - - [28/Jan/2015:00:33:59 -0500] "GET /BLA/boletinlegal/js/jquery.scrollTo-min.js HTTP/1.1" 200 1150
119.81.84.252 - - [28/Jan/2015:00:34:01 -0500] "GET /BLA/boletinlegal/js/jquery.scrollShow.js HTTP/1.1" 200 4586
119.81.84.252 - - [28/Jan/2015:00:34:03 -0500] "GET /galeria/carrusel/Carrusel/jquery.thumbnailScroller.css HTTP/1.1" 200 2066
119.81.84.252 - - [28/Jan/2015:00:34:04 -0500] "GET /galeria/carrusel/Carrusel/jquery-ui-1.8.13.custom.min.js HTTP/1.1" 200 10800
119.81.84.252 - - [28/Jan/2015:00:34:06 -0500] "GET /galeria/carrusel/Carrusel/jquery.thumbnailScroller.js HTTP/1.1" 200 8157
119.81.84.252 - - [28/Jan/2015:00:34:08 -0500] "GET /BLA/boletinlegal/js/jquery.js HTTP/1.1" 200 57254
190.66.108.109 - - [28/Jan/2015:00:34:29 -0500] "POST /forms/lservlet;jsessionid=ac16012b30d50c52ca995adb4e8b98dc949152f99c13.e3iSbxaKaheRe38RbNmLa3mSc41ynknvrkLOlQzNp65In0 HTTP/1.1" 200 2
119.81.84.252 - - [28/Jan/2015:00:34:57 -0500] "GET /galeria/nivo-slider/demo/demo.html HTTP/1.1" 200 3150
119.81.84.252 - - [28/Jan/2015:00:35:01 -0500] "GET /galeria/nivo-slider/themes/default/default.css HTTP/1.1" 200 1569
119.81.84.252 - - [28/Jan/2015:00:35:01 -0500] "GET /galeria/nivo-slider/nivo-slider.css HTTP/1.1" 200 1507
119.81.84.252 - - [28/Jan/2015:00:35:01 -0500] "GET /galeria/nivo-slider/themes/pascal/pascal.css HTTP/1.1" 200 2258
119.81.84.252 - - [28/Jan/2015:00:35:01 -0500] "GET /galeria/nivo-slider/themes/orman/orman.css HTTP/1.1" 200 2152
119.81.84.252 - - [28/Jan/2015:00:35:02 -0500] "GET /galeria/nivo-slider/demo/style.css HTTP/1.1" 200 2222
119.81.84.252 - - [28/Jan/2015:00:35:03 -0500] "GET /galeria/nivo-slider/demo/scripts/jquery-1.7.1.min.js HTTP/1.1" 200 93868
119.81.84.252 - - [28/Jan/2015:00:35:03 -0500] "GET /galeria/nivo-slider/jquery.nivo.slider.pack.js HTTP/1.1" 200 11561
66.249.67.83 - - [28/Jan/2015:00:35:11 -0500] "GET /BLA/resoluciones/AUTOS%202009/1424.pdf HTTP/1.1" 200 277079
74.86.158.107 - - [28/Jan/2015:00:36:01 -0500] "HEAD / HTTP/1.1" 302 -
66.249.67.75 - - [28/Jan/2015:00:36:29 -0500] "GET /BLA/resoluciones/AUTOS%202009/0169.pdf HTTP/1.1" 304 -
190.66.108.109 - - [28/Jan/2015:00:36:29 -0500] "POST /forms/lservlet;jsessionid=ac16012b30d50c52ca995adb4e8b98dc949152f99c13.e3iSbxaKaheRe38RbNmLa3mSc41ynknvrkLOlQzNp65In0 HTTP/1.1" 200 2
189.173.58.38 - - [28/Jan/2015:00:37:30 -0500] "GET /BLA/boletinlegal/js/jquery.js HTTP/1.1" 200 57254
189.173.58.38 - - [28/Jan/2015:00:37:30 -0500] "GET /BLA/boletinlegal/js/jquery.scrollTo-min.js HTTP/1.1" 200 1150
189.173.58.38 - - [28/Jan/2015:00:37:30 -0500] "GET /BLA/boletinlegal/js/jquery.scrollShow.js HTTP/1.1" 200 4586
66.249.67.67 - - [28/Jan/2015:00:37:47 -0500] "GET /BLA/resoluciones/RESOLUCIONES%202009/0089.pdf HTTP/1.1" 304 -
178.162.193.34 - - [28/Jan/2015:00:37:47 -0500] "GET /BLA/resoluciones/AUTOS%202013/0355.pdf HTTP/1.0" 200 1008365
189.173.58.38 - - [28/Jan/2015:00:37:51 -0500] "GET /videos/CRRFFS.mp4 HTTP/1.1" 200 286784363
178.162.193.34 - - [28/Jan/2015:00:38:23 -0500] "GET /BLA/resoluciones/RESOLUCIONES%202007/RES%202007%202501%20AL%202600/RESOLUCION%202517%20DE%202007.pdf HTTP/1.0" 200 235989
189.173.58.38 - - [28/Jan/2015:00:38:26 -0500] "GET /videos/CRRFFS.mp4 HTTP/1.1" 206 1
189.173.58.38 - - [28/Jan/2015:00:38:26 -0500] "GET /videos/CRRFFS.mp4 HTTP/1.1" 206 281961099
190.66.108.109 - - [28/Jan/2015:00:38:29 -0500] "POST /forms/lservlet;jsessionid=ac16012b30d50c52ca995adb4e8b98dc949152f99c13.e3iSbxaKaheRe38RbNmLa3mSc41ynknvrkLOlQzNp65In0 HTTP/1.1" 200 2
119.253.38.234 - - [28/Jan/2015:00:38:59 -0500] "GET /POT-2013/Cartografia/Anexo01_Sistema_Hidrico.pdf HTTP/1.1" 206 65536
119.253.38.234 - - [28/Jan/2015:00:38:59 -0500] "GET /POT-2013/Cartografia/Anexo01_Sistema_Hidrico.pdf HTTP/1.1" 206 65536
119.253.38.234 - - [28/Jan/2015:00:38:59 -0500] "GET /POT-2013/Cartografia/Anexo01_Sistema_Hidrico.pdf HTTP/1.1" 206 65536
119.253.38.234 - - [28/Jan/2015:00:38:59 -0500] "GET /POT-2013/Cartografia/Anexo01_Sistema_Hidrico.pdf HTTP/1.1" 206 65536
119.253.38.234 - - [28/Jan/2015:00:38:59 -0500] "GET /POT-2013/Cartografia/Anexo01_Sistema_Hidrico.pdf HTTP/1.1" 206 65536
119.253.38.234 - - [28/Jan/2015:00:39:00 -0500] "GET /POT-2013/Cartografia/Anexo01_Sistema_Hidrico.pdf HTTP/1.1" 206 262144
