!C99Shell v. 1.0 pre-release build #13!

Software: Apache. PHP/5.5.15 

uname -a: Windows NT SVR-DMZ 6.1 build 7600 (Windows Server 2008 R2 Enterprise Edition) i586 

SYSTEM 

Safe-mode: OFF (not secure)

E:\nuevo\apache\logs\   drwxrwxrwx
Free 7.33 GB of 239.26 GB (3.07%)
Detected drives: [ a ] [ c ] [ d ] [ e ] [ f ]
Home    Back    Forward    UPDIR    Refresh    Search    Buffer    Encoder    Tools    Proc.    FTP brute    Sec.    SQL    PHP-code    Update    Feedback    Self remove    Logout    


Viewing file:     access.2015.02.02.log (14.98 MB)      -rw-rw-rw-
Select action/file-type:
(+) | (+) | (+) | Code (+) | Session (+) | (+) | SDB (+) | (+) | (+) | (+) | (+) | (+) |
66.249.73.155 - - [02/Feb/2015:00:00:05 -0500] "GET /BLA/resoluciones/RESOLUCIONES%202009/6915.pdf HTTP/1.1" 200 108068
188.165.15.41 - - [02/Feb/2015:00:00:05 -0500] "GET /BLA/resoluciones/RESOLUCIONES%202006/RES%202006%202601-2650/00002630.tif HTTP/1.1" 200 85172
188.165.15.183 - - [02/Feb/2015:00:00:14 -0500] "GET /BLA/resoluciones/RESOLUCIONES%202006/RES%202006%20801-850/00000839.tif HTTP/1.1" 200 304614
66.249.73.171 - - [02/Feb/2015:00:00:20 -0500] "GET /BLA/resoluciones/RESOLUCIONES%202009/9429.pdf HTTP/1.1" 304 -
220.181.108.139 - - [02/Feb/2015:00:00:28 -0500] "GET /BLA/resoluciones/RESOLUCIONES%202013/0335.pdf HTTP/1.1" 200 2312362
190.27.46.48 - - [02/Feb/2015:00:00:34 -0500] "GET /forest/skins/gdocs-jar/popup/escritorio/reasignar.jsp?codTraEsc=17406293&a=0.6095872311852872 HTTP/1.1" 200 3745
66.249.73.163 - - [02/Feb/2015:00:00:36 -0500] "GET /BLA/resoluciones/RESOLUCIONES%202007/RES%202007%202801%20AL%202900/RESOLUCION%202873%20DE%202007.pdf HTTP/1.1" 304 -
66.249.73.171 - - [02/Feb/2015:00:00:46 -0500] "GET /BLA/resoluciones/RESOLUCIONES%202007/RES%202007%20701%20AL%20800/RESOLUCION%200701%20DE%202007.pdf HTTP/1.1" 200 754774
66.249.73.155 - - [02/Feb/2015:00:00:52 -0500] "GET /BLA/resoluciones/RESOLUCIONES%202011/0349.pdf HTTP/1.1" 200 66189
187.158.96.26 - - [02/Feb/2015:00:01:07 -0500] "GET /BLA/boletinlegal/js/jquery.js HTTP/1.1" 200 57254
187.158.96.26 - - [02/Feb/2015:00:01:07 -0500] "GET /BLA/boletinlegal/js/jquery.scrollTo-min.js HTTP/1.1" 200 1150
187.158.96.26 - - [02/Feb/2015:00:01:07 -0500] "GET /BLA/boletinlegal/js/jquery.scrollShow.js HTTP/1.1" 200 4586
66.249.73.163 - - [02/Feb/2015:00:01:07 -0500] "GET /BLA/resoluciones/RESOLUCIONES%202007/RES%202007%20601%20AL%20700/RESOLUCION%200655%20DE%202007.pdf HTTP/1.1" 304 -
220.181.108.96 - - [02/Feb/2015:00:01:18 -0500] "GET /BLA/resoluciones/RESOLUCIONES%202010/6119.pdf HTTP/1.1" 200 3707129
66.249.73.155 - - [02/Feb/2015:00:01:21 -0500] "GET /BLA/resoluciones/RESOLUCIONES%202009/5635.pdf HTTP/1.1" 200 625940
190.27.46.48 - - [02/Feb/2015:00:01:21 -0500] "GET /forest/borrador/1625309/Formato%20MEMORANDO%20(CON%20LOGO)%20Feb%2018.docx HTTP/1.1" 200 131070
66.249.73.155 - - [02/Feb/2015:00:01:23 -0500] "GET /BLA/resoluciones/RESOLUCIONES%202007/RES%202007%202801%20AL%202900/RESOLUCION%202892%20DE%202007.pdf HTTP/1.1" 304 -
190.27.46.48 - - [02/Feb/2015:00:01:31 -0500] "GET /forest/skins/gdocs-jar/popup/escritorio/reasignar.jsp?codTraEsc=17406293&a=0.8705777078866959 HTTP/1.1" 200 3745
190.27.46.48 - - [02/Feb/2015:00:01:35 -0500] "GET /forest/session.jsp?a=0.6340710811782628 HTTP/1.1" 200 4
66.249.73.171 - - [02/Feb/2015:00:01:38 -0500] "GET /BLA/resoluciones/AUTOS%202009/0274.pdf HTTP/1.1" 304 -
190.27.46.48 - - [02/Feb/2015:00:01:39 -0500] "POST /forest/usutareas.do?group_system_actual=3 HTTP/1.1" 200 149
190.27.46.48 - - [02/Feb/2015:00:01:42 -0500] "GET /forest/usutareas.do?group_system_actual=3&a=0.4083872055634856 HTTP/1.1" 200 19509
190.27.46.48 - - [02/Feb/2015:00:01:42 -0500] "GET /forest/session.jsp?a=0.6695033716969192 HTTP/1.1" 200 4
66.249.73.163 - - [02/Feb/2015:00:01:44 -0500] "GET /BLA/resoluciones/AUTOS%202009/2045.pdf HTTP/1.1" 304 -
190.27.46.48 - - [02/Feb/2015:00:01:49 -0500] "GET /forest/misactividades.do?_a=0.9900993413757533&group_system_actual=3 HTTP/1.1" 200 37527
190.27.46.48 - - [02/Feb/2015:00:01:50 -0500] "GET /forest/session.jsp?a=0.7630071025341749 HTTP/1.1" 200 4
190.27.46.48 - - [02/Feb/2015:00:01:50 -0500] "POST /forest/misactividades.do?ajax=true&a=0.558008212596178 HTTP/1.1" 200 11976
190.27.46.48 - - [02/Feb/2015:00:01:51 -0500] "POST /forest/misactividades.do?ajax=true&a=0.7446871541906148 HTTP/1.1" 200 12649
190.27.46.48 - - [02/Feb/2015:00:01:53 -0500] "POST /forest/misactividades.do?ajax=true&a=0.6380384236108512 HTTP/1.1" 200 12276
66.249.73.163 - - [02/Feb/2015:00:01:54 -0500] "GET /BLA/resoluciones/RESOLUCIONES%202013/0244.pdf HTTP/1.1" 200 3677479
66.249.73.155 - - [02/Feb/2015:00:01:58 -0500] "GET /BLA/resoluciones/RESOLUCIONES%202011/0698.pdf HTTP/1.1" 200 78715
66.249.73.171 - - [02/Feb/2015:00:02:09 -0500] "GET /BLA/resoluciones/RESOLUCIONES%202010/2828.pdf HTTP/1.1" 304 -
190.27.46.48 - - [02/Feb/2015:00:02:23 -0500] "GET /forest/usutareas.do?_a=0.9039030789863318&group_system_actual=3 HTTP/1.1" 200 120288
190.27.46.48 - - [02/Feb/2015:00:02:24 -0500] "GET /forest/session.jsp?a=0.963529079221189 HTTP/1.1" 200 4
66.249.73.155 - - [02/Feb/2015:00:02:25 -0500] "GET /BLA/resoluciones/RESOLUCIONES%202010/5520.pdf HTTP/1.1" 200 2770811
66.249.73.163 - - [02/Feb/2015:00:02:31 -0500] "GET /BLA/resoluciones/RESOLUCIONES%202009/7434.pdf HTTP/1.1" 200 105922
74.86.158.107 - - [02/Feb/2015:00:02:39 -0500] "HEAD / HTTP/1.1" 302 -
188.165.15.89 - - [02/Feb/2015:00:02:39 -0500] "GET /BLA/resoluciones/RESOLUCIONES%202003/RES%202003%20051-100/2003RES80.tif HTTP/1.1" 200 262668
66.249.73.155 - - [02/Feb/2015:00:02:40 -0500] "GET /BLA/resoluciones/RESOLUCIONES%202013/2130.pdf HTTP/1.1" 304 -
190.27.46.48 - - [02/Feb/2015:00:02:50 -0500] "GET /forest/misactividades.do?_a=0.3465337932575494&group_system_actual=3 HTTP/1.1" 200 37527
190.27.46.48 - - [02/Feb/2015:00:02:51 -0500] "GET /forest/session.jsp?a=0.8043953070882708 HTTP/1.1" 200 4
190.27.46.48 - - [02/Feb/2015:00:02:51 -0500] "POST /forest/misactividades.do?ajax=true&a=0.14178098109550774 HTTP/1.1" 200 12276
66.249.73.163 - - [02/Feb/2015:00:02:56 -0500] "GET /BLA/resoluciones/RESOLUCIONES%202011/2826.pdf HTTP/1.1" 200 748190
190.27.46.48 - - [02/Feb/2015:00:02:55 -0500] "GET /forest/usutareas.do?_a=0.17740664910525084&group_system_actual=3 HTTP/1.1" 200 135719
190.27.46.48 - - [02/Feb/2015:00:02:57 -0500] "GET /forest/session.jsp?a=0.478728543035686 HTTP/1.1" 200 4
66.249.73.155 - - [02/Feb/2015:00:03:03 -0500] "GET /PruebasSTORM/StormSDA_pruebas/userFiles/user_files/str_moneda.xml HTTP/1.1" 200 327
66.249.73.171 - - [02/Feb/2015:00:03:07 -0500] "GET /BLA/resoluciones/RESOLUCIONES%202007/RES%202007%201801%20AL%201900/RESOLUCION%201896%20DE%202007.pdf HTTP/1.1" 200 855596
66.249.73.155 - - [02/Feb/2015:00:03:11 -0500] "GET /BLA/resoluciones/RESOLUCIONES%202011/1670.pdf HTTP/1.1" 200 80349
66.249.73.163 - - [02/Feb/2015:00:03:27 -0500] "GET /BLA/resoluciones/RESOLUCIONES%202013/1047.pdf HTTP/1.1" 200 255597
190.27.46.48 - - [02/Feb/2015:00:03:32 -0500] "GET /forest/skins/gdocs-jar/popup/escritorio/comentarios.jsp?codInst=2985831&a=0.38562054792419076 HTTP/1.1" 200 32610
190.27.46.48 - - [02/Feb/2015:00:03:32 -0500] "GET /forest/skins/gdocs-jar/img/splitter.gif HTTP/1.1" 200 830
190.27.46.48 - - [02/Feb/2015:00:03:32 -0500] "GET /forest/skins/gdocs-jar/img/filtrar.png HTTP/1.1" 200 243
190.27.46.48 - - [02/Feb/2015:00:03:32 -0500] "GET /forest/skins/gdocs-jar/img/grid-first.gif HTTP/1.1" 200 371
190.27.46.48 - - [02/Feb/2015:00:03:32 -0500] "GET /forest/skins/gdocs-jar/img/grid-prev.gif HTTP/1.1" 200 325
190.27.46.48 - - [02/Feb/2015:00:03:32 -0500] "GET /forest/skins/gdocs-jar/img/grid-next.gif HTTP/1.1" 200 325
190.27.46.48 - - [02/Feb/2015:00:03:32 -0500] "GET /forest/skins/gdocs-jar/img/grid-last.gif HTTP/1.1" 200 371
190.27.46.48 - - [01/Feb/2015:23:57:35 -0500] "GET /ForestMSG_SDA/channelAsync/template_word_17406293?X-Atmosphere-tracking-id=a2051b66-d667-51cb-e236-0db45994f95d&X-Atmosphere-Framework=1.0.5&X-Atmosphere-Transport=long-polling&tabid=0.44374043378047645&X-Cache-Date=0&Content-Type=application/xml&_=1422853261003 HTTP/1.1" 200 8193
66.249.73.163 - - [02/Feb/2015:00:03:42 -0500] "GET /BLA/resoluciones/AUTOS%202008/0637.pdf HTTP/1.1" 200 118097
66.249.73.155 - - [02/Feb/2015:00:03:43 -0500] "GET /BLA/resoluciones/RESOLUCIONES%202011/5936.pdf HTTP/1.1" 304 -
180.76.5.21 - - [02/Feb/2015:00:03:46 -0500] "GET /BLA/resoluciones/RESOLUCIONES%202010/2028.pdf HTTP/1.1" 200 340994
66.249.73.171 - - [02/Feb/2015:00:03:58 -0500] "GET /BLA/resoluciones/RESOLUCIONES%202013/0301.pdf HTTP/1.1" 304 -
181.51.169.143 - - [02/Feb/2015:00:04:00 -0500] "GET /BLA/boletinlegal/js/jquery.js HTTP/1.1" 200 57254
181.51.169.143 - - [02/Feb/2015:00:04:00 -0500] "GET /BLA/boletinlegal/js/jquery.scrollTo-min.js HTTP/1.1" 200 1150
181.51.169.143 - - [02/Feb/2015:00:04:00 -0500] "GET /BLA/boletinlegal/js/jquery.scrollShow.js HTTP/1.1" 200 4586
190.27.46.48 - - [02/Feb/2015:00:04:04 -0500] "GET /forest/skins/gdocs-jar/css/switch.css HTTP/1.1" 200 843
190.27.46.48 - - [02/Feb/2015:00:04:04 -0500] "GET /forest/skins/gdocs-jar/js/popup.js?version=1412.231748 HTTP/1.1" 200 7658
190.27.46.48 - - [02/Feb/2015:00:04:04 -0500] "GET /forest/skins/gdocs-jar/img/hojaruta.gif HTTP/1.1" 200 159
190.27.46.48 - - [02/Feb/2015:00:04:05 -0500] "GET /forest/skins/gdocs-jar/img/edit.gif HTTP/1.1" 200 1264
190.27.46.48 - - [02/Feb/2015:00:04:05 -0500] "GET /forest/skins/gdocs-jar/img/verComentario.gif HTTP/1.1" 200 689
190.27.46.48 - - [02/Feb/2015:00:04:05 -0500] "GET /forest/skins/gdocs-jar/img/editarComentario.gif HTTP/1.1" 200 1220
190.27.46.48 - - [02/Feb/2015:00:04:05 -0500] "GET /forest/skins/gdocs-jar/img/cut.gif HTTP/1.1" 200 1280
190.27.46.48 - - [02/Feb/2015:00:04:04 -0500] "GET /forest/skins/gdocs-jar/js/documentos.js?version=1412.231748 HTTP/1.1" 200 24262
190.27.46.48 - - [02/Feb/2015:00:04:05 -0500] "GET /forest/skins/gdocs-jar/img/copy.gif HTTP/1.1" 200 185
190.27.46.48 - - [02/Feb/2015:00:04:05 -0500] "GET /forest/skins/gdocs-jar/img/assign-document.gif HTTP/1.1" 200 936
190.27.46.48 - - [02/Feb/2015:00:04:05 -0500] "GET /forest/skins/gdocs-jar/img/icon_document_completed.gif HTTP/1.1" 200 1077
190.27.46.48 - - [02/Feb/2015:00:04:05 -0500] "GET /forest/skins/gdocs-jar/img/sendmail.gif HTTP/1.1" 200 1297
190.27.46.48 - - [02/Feb/2015:00:04:05 -0500] "GET /forest/skins/gdocs-jar/img/veranexos.gif HTTP/1.1" 200 1130
190.27.46.48 - - [02/Feb/2015:00:04:05 -0500] "GET /forest/skins/gdocs-jar/img/asignar-user.gif HTTP/1.1" 200 1196
190.27.46.48 - - [02/Feb/2015:00:04:05 -0500] "GET /forest/skins/gdocs-jar/img/historial.gif HTTP/1.1" 200 1341
190.27.46.48 - - [02/Feb/2015:00:04:05 -0500] "GET /forest/skins/gdocs-jar/img/document_add.gif HTTP/1.1" 200 1109
190.27.46.48 - - [02/Feb/2015:00:04:05 -0500] "GET /forest/skins/gdocs-jar/img/fondo-barra.gif HTTP/1.1" 200 282
190.27.46.48 - - [02/Feb/2015:00:04:01 -0500] "GET /forest/usudocumentos.do HTTP/1.1" 200 101119
190.27.46.48 - - [02/Feb/2015:00:04:05 -0500] "GET /forest/skins/gdocs-jar/img/gdocs_rechazar.gif HTTP/1.1" 200 822
190.27.46.48 - - [02/Feb/2015:00:04:05 -0500] "GET /forest/img/back.gif HTTP/1.1" 200 82
190.27.46.48 - - [02/Feb/2015:00:04:05 -0500] "GET /forest/skins/gdocs-jar/img/files_exp.png HTTP/1.1" 200 52209
190.27.46.48 - - [02/Feb/2015:00:04:05 -0500] "GET /forest/skins/gdocs-jar/img/icons/docx.gif HTTP/1.1" 200 1039
190.27.46.48 - - [02/Feb/2015:00:04:05 -0500] "GET /forest/skins/gdocs-jar/img/files_numpro.png HTTP/1.1" 200 53724
190.27.46.48 - - [02/Feb/2015:00:04:05 -0500] "GET /forest/session.jsp?a=0.16193997953087091 HTTP/1.1" 200 4
190.27.46.48 - - [02/Feb/2015:00:04:05 -0500] "GET /forest/skins/gdocs-jar/img/folder.gif HTTP/1.1" 200 622
190.27.46.48 - - [02/Feb/2015:00:04:05 -0500] "GET /forest/skins/gdocs-jar/img/borrador-tree.gif HTTP/1.1" 200 90
66.249.73.155 - - [02/Feb/2015:00:04:13 -0500] "GET /BLA/resoluciones/RESOLUCIONES%202007/RES%202007%202301%20AL%202400/RESOLUCION%202360%20DE%202007.pdf HTTP/1.1" 304 -
66.249.73.171 - - [02/Feb/2015:00:04:17 -0500] "GET /BLA/resoluciones/AUTOS%202008/3261.pdf HTTP/1.1" 200 85681
188.165.15.183 - - [02/Feb/2015:00:04:23 -0500] "GET /BLA/resoluciones/index.php?dir=RESOLUCIONES%202002/RES%202002%201451-1500/&sort=name&order=desc HTTP/1.1" 200 12145
190.27.46.48 - - [02/Feb/2015:00:04:25 -0500] "GET /forest/usudocumentos.do?delVersionBorrador=&codTraBorr=1625306&a=0.7133764636237174 HTTP/1.1" 200 126
66.249.73.155 - - [02/Feb/2015:00:04:29 -0500] "GET /BLA/resoluciones/AUTOS%202007/3727.pdf HTTP/1.1" 304 -
190.27.46.48 - - [02/Feb/2015:00:04:27 -0500] "GET /forest/usudocumentos.do?group_system_actual=3&a=0.9911119223106652 HTTP/1.1" 200 18066
190.27.46.48 - - [02/Feb/2015:00:04:30 -0500] "GET /forest/misactividades.do?_a=0.8036412820219994&group_system_actual=3 HTTP/1.1" 200 37527
190.27.46.48 - - [02/Feb/2015:00:04:30 -0500] "GET /forest/js/jquery/jquery-ui-latest.js HTTP/1.1" 200 359766
190.27.46.48 - - [02/Feb/2015:00:04:32 -0500] "GET /forest/session.jsp?a=0.35780046111904085 HTTP/1.1" 200 4
190.27.46.48 - - [02/Feb/2015:00:04:32 -0500] "POST /forest/misactividades.do?ajax=true&a=0.061424148036167026 HTTP/1.1" 200 12320
190.27.46.48 - - [02/Feb/2015:00:04:34 -0500] "GET /forest/usutareas.do?_a=0.34858393273316324&group_system_actual=3 HTTP/1.1" 200 133883
190.27.46.48 - - [02/Feb/2015:00:02:56 -0500] "GET /ForestMSG_SDA/channelAsync/template_word_17406287?X-Atmosphere-tracking-id=17765e05-ca9a-4409-e99b-d5510f12a06c&X-Atmosphere-Framework=1.0.5&X-Atmosphere-Transport=long-polling&tabid=0.075495352037251&X-Cache-Date=0&Content-Type=application/xml&_=1422853582221 HTTP/1.1" 200 8193
190.27.46.48 - - [02/Feb/2015:00:04:35 -0500] "GET /forest/session.jsp?a=0.857787826564163 HTTP/1.1" 200 4
66.249.73.171 - - [02/Feb/2015:00:04:44 -0500] "GET /BLA/resoluciones/RESOLUCIONES%202013/0200.pdf HTTP/1.1" 304 -
190.27.46.48 - - [02/Feb/2015:00:04:45 -0500] "GET /forest/skins/gdocs-jar/popup/escritorio/rechazodep.jsp?codTraEsc=17406287&a=0.6596019337885082 HTTP/1.1" 200 19068
190.27.46.48 - - [02/Feb/2015:00:04:48 -0500] "GET /forest/skins/gdocs-jar/popup/escritorio/reasignar.jsp?codTraEsc=17406287&a=0.6738742743618786 HTTP/1.1" 200 3745
66.249.73.155 - - [02/Feb/2015:00:04:53 -0500] "GET /BLA/resoluciones/RESOLUCIONES%202007/RES%202007%20801%20AL%20900/RESOLUCION%200866%20DE%202007.pdf HTTP/1.1" 200 697972
66.249.73.155 - - [02/Feb/2015:00:05:00 -0500] "GET /BLA/resoluciones/AUTOS%202007/0961.pdf HTTP/1.1" 304 -
66.249.73.171 - - [02/Feb/2015:00:05:15 -0500] "GET /BLA/resoluciones/RESOLUCIONES%202011/0377.pdf HTTP/1.1" 304 -
66.249.73.171 - - [02/Feb/2015:00:05:16 -0500] "GET /BLA/resoluciones/RESOLUCIONES%202008/4025.pdf HTTP/1.1" 200 253563
190.27.46.48 - - [02/Feb/2015:00:05:21 -0500] "POST /forest/usutareas.do?group_system_actual=3 HTTP/1.1" 200 149
190.27.46.48 - - [02/Feb/2015:00:02:24 -0500] "GET /ForestMSG_SDA/channelAsync/template_word_17406286?X-Atmosphere-tracking-id=e7f9cb4f-35c3-a3b9-fe48-1ffa5f618a7a&X-Atmosphere-Framework=1.0.5&X-Atmosphere-Transport=long-polling&tabid=0.11812596465460956&X-Cache-Date=0&Content-Type=application/xml&_=1422853549977 HTTP/1.1" 200 8193
190.27.46.48 - - [02/Feb/2015:00:05:24 -0500] "GET /forest/usutareas.do?group_system_actual=3&a=0.127900252584368 HTTP/1.1" 200 118508
190.27.46.48 - - [02/Feb/2015:00:05:26 -0500] "GET /forest/session.jsp?a=0.7415899625048041 HTTP/1.1" 200 4
66.249.73.163 - - [02/Feb/2015:00:05:28 -0500] "GET /BLA/resoluciones/RESOLUCIONES%202009/5964.pdf HTTP/1.1" 200 49608
66.249.73.163 - - [02/Feb/2015:00:05:31 -0500] "GET /BLA/resoluciones/AUTOS%202009/2611.pdf HTTP/1.1" 200 87902
190.27.46.48 - - [02/Feb/2015:00:05:38 -0500] "GET /forest/misactividades.do?_a=0.7426166452933103&group_system_actual=3 HTTP/1.1" 200 37527
190.27.46.48 - - [02/Feb/2015:00:05:39 -0500] "GET /forest/session.jsp?a=0.31635114713571966 HTTP/1.1" 200 4
190.27.46.48 - - [02/Feb/2015:00:05:39 -0500] "POST /forest/misactividades.do?ajax=true&a=0.826618576887995 HTTP/1.1" 200 12429
66.249.73.155 - - [02/Feb/2015:00:05:46 -0500] "GET /BLA/resoluciones/RESOLUCIONES%202013/0149.pdf HTTP/1.1" 200 1456902
180.76.6.139 - - [02/Feb/2015:00:05:48 -0500] "GET /BLA/boletinlegal;jsessionid=7320F2A8F858C83F957BA565990F8597?/? HTTP/1.1" 404 1018
190.27.46.48 - - [02/Feb/2015:00:05:56 -0500] "GET /forest/usutareas.do?_a=0.06594805070199072&group_system_actual=3 HTTP/1.1" 200 122545
190.27.46.48 - - [02/Feb/2015:00:05:57 -0500] "GET /forest/session.jsp?a=0.8103469728957862 HTTP/1.1" 200 4
66.249.73.163 - - [02/Feb/2015:00:06:02 -0500] "GET /BLA/resoluciones/RESOLUCIONES%202011/2012.pdf HTTP/1.1" 200 508409
66.249.73.163 - - [02/Feb/2015:00:06:03 -0500] "GET /BLA/resoluciones/RESOLUCIONES%202007/RES%202007%20701%20AL%20800/RESOLUCION%200786%20DE%202007.pdf HTTP/1.1" 200 110250
190.27.46.48 - - [02/Feb/2015:00:06:13 -0500] "GET /forest/usugrafico.do?_a=0.5177213703282177&group_system_actual=3 HTTP/1.1" 200 65186
190.27.46.48 - - [02/Feb/2015:00:06:14 -0500] "GET /forest/session.jsp?a=0.9551258157007396 HTTP/1.1" 200 4
66.249.73.171 - - [02/Feb/2015:00:06:17 -0500] "GET /BLA/resoluciones/AUTOS%202008/0177.pdf HTTP/1.1" 200 105525
190.27.46.48 - - [02/Feb/2015:00:06:14 -0500] "GET /forest/usudocumentos.do?_a=0.026558606419712305&group_system_actual=3 HTTP/1.1" 200 14612
190.27.46.48 - - [02/Feb/2015:00:06:16 -0500] "GET /forest/usudocumentos.do?_a=0.9645676109939814&group_system_actual=3 HTTP/1.1" 200 18065
190.27.46.48 - - [02/Feb/2015:00:06:17 -0500] "GET /forest/usudocumentos.do?_a=0.912912254454568&group_system_actual=3 HTTP/1.1" 200 98300
190.27.46.48 - - [02/Feb/2015:00:06:21 -0500] "GET /forest/session.jsp?a=0.9024597299285233 HTTP/1.1" 200 4
190.27.46.48 - - [02/Feb/2015:00:05:57 -0500] "GET /ForestMSG_SDA/channelAsync/template_word_17406281?X-Atmosphere-tracking-id=740a9cff-4f7e-c755-fa64-25ced767c2a8&X-Atmosphere-Framework=1.0.5&X-Atmosphere-Transport=long-polling&tabid=0.06675230781547725&X-Cache-Date=0&Content-Type=application/xml&_=1422853762840 HTTP/1.1" 200 8193
190.27.46.48 - - [02/Feb/2015:00:06:28 -0500] "GET /forest/usutareas.do?_a=0.30949905212037265&group_system_actual=3 HTTP/1.1" 200 122543
190.27.46.48 - - [02/Feb/2015:00:06:29 -0500] "GET /forest/session.jsp?a=0.64960822975263 HTTP/1.1" 200 4
66.249.73.163 - - [02/Feb/2015:00:06:33 -0500] "GET /BLA/resoluciones/AUTOS%202009/2028.pdf HTTP/1.1" 200 101102
188.165.15.90 - - [02/Feb/2015:00:06:35 -0500] "GET /BLA/resoluciones/RESOLUCIONES%202005/RES%202005%203051-3100/00003079.tif HTTP/1.1" 200 121316
190.27.46.48 - - [02/Feb/2015:00:06:38 -0500] "GET /forest/actions/forms.getList?codForm=Correspondencia_Elaborar_Documento_Electronico&id=funcionariodestino&text=m HTTP/1.1" 200 1256
190.27.46.48 - - [02/Feb/2015:00:06:38 -0500] "GET /forest/actions/forms.getList?codForm=Correspondencia_Elaborar_Documento_Electronico&id=funcionariodestino&text=mo HTTP/1.1" 200 1302
190.27.46.48 - - [02/Feb/2015:00:06:38 -0500] "GET /forest/actions/forms.getList?codForm=Correspondencia_Elaborar_Documento_Electronico&id=funcionariodestino&text=mon HTTP/1.1" 200 1328
190.27.46.48 - - [02/Feb/2015:00:06:38 -0500] "GET /forest/actions/forms.getList?codForm=Correspondencia_Elaborar_Documento_Electronico&id=funcionariodestino&text=moni HTTP/1.1" 200 900
190.27.46.48 - - [02/Feb/2015:00:06:38 -0500] "GET /forest/actions/forms.getList?codForm=Correspondencia_Elaborar_Documento_Electronico&id=funcionariodestino&text=monic HTTP/1.1" 200 900
190.27.46.48 - - [02/Feb/2015:00:06:38 -0500] "GET /forest/actions/forms.getList?codForm=Correspondencia_Elaborar_Documento_Electronico&id=funcionariodestino&text=monica HTTP/1.1" 200 900
66.249.73.155 - - [02/Feb/2015:00:06:38 -0500] "GET /BLA/resoluciones/RESOLUCIONES%202010/3998.pdf HTTP/1.1" 200 528372
190.27.46.48 - - [02/Feb/2015:00:06:40 -0500] "GET /forest/actions/forms.getList?codForm=Correspondencia_Elaborar_Documento_Electronico&id=funcionariodestino&text=monica%20 HTTP/1.1" 200 900
190.27.46.48 - - [02/Feb/2015:00:06:40 -0500] "GET /forest/actions/forms.getList?codForm=Correspondencia_Elaborar_Documento_Electronico&id=funcionariodestino&text=monica%20p HTTP/1.1" 200 61
190.27.46.48 - - [02/Feb/2015:00:06:40 -0500] "GET /forest/actions/forms.getList?codForm=Correspondencia_Elaborar_Documento_Electronico&id=funcionariodestino&text=monica%20pe HTTP/1.1" 200 61
190.27.46.48 - - [02/Feb/2015:00:06:40 -0500] "GET /forest/actions/forms.getList?codForm=Correspondencia_Elaborar_Documento_Electronico&id=funcionariodestino&text=monica%20per HTTP/1.1" 200 61
66.249.73.155 - - [02/Feb/2015:00:06:48 -0500] "GET /BLA/resoluciones/RESOLUCIONES%202007/RES%202007%203501%20AL%203600/RESOLUCION%203525%20DE%202007.pdf HTTP/1.1" 304 -
190.27.46.48 - - [02/Feb/2015:00:06:48 -0500] "POST /forest/usutareas.do? HTTP/1.1" 200 76
181.131.25.237 - - [02/Feb/2015:00:06:49 -0500] "GET /BLA/boletinlegal/js/jquery.scrollShow.js HTTP/1.1" 200 4586
181.131.25.237 - - [02/Feb/2015:00:06:49 -0500] "GET /BLA/boletinlegal/js/jquery.scrollTo-min.js HTTP/1.1" 200 1150
181.131.25.237 - - [02/Feb/2015:00:06:49 -0500] "GET /BLA/boletinlegal/js/jquery.js HTTP/1.1" 200 57254
190.27.46.48 - - [02/Feb/2015:00:06:51 -0500] "GET /forest/usutareas.do?group_system_actual=3&a=0.3486013251822442 HTTP/1.1" 200 19508
190.27.46.48 - - [02/Feb/2015:00:06:51 -0500] "GET /forest/session.jsp?a=0.30356367235071957 HTTP/1.1" 200 4
190.27.46.48 - - [02/Feb/2015:00:06:52 -0500] "GET /forest/misactividades.do?_a=0.2516786172054708&group_system_actual=3 HTTP/1.1" 200 37527
190.27.46.48 - - [02/Feb/2015:00:06:53 -0500] "GET /forest/session.jsp?a=0.45138739771209657 HTTP/1.1" 200 4
190.27.46.48 - - [02/Feb/2015:00:06:53 -0500] "POST /forest/misactividades.do?ajax=true&a=0.6950205147732049 HTTP/1.1" 200 12397
190.27.46.48 - - [02/Feb/2015:00:06:57 -0500] "GET /forest/usutareas.do?_a=0.1647048145532608&group_system_actual=3 HTTP/1.1" 200 134041
190.27.46.48 - - [02/Feb/2015:00:06:59 -0500] "GET /forest/session.jsp?a=0.38565970002673566 HTTP/1.1" 200 4
66.249.73.171 - - [02/Feb/2015:00:07:03 -0500] "GET /BLA/resoluciones/RESOLUCIONES%202006/RES%202006%202751-2800/00002765.tif HTTP/1.1" 200 211918
66.249.73.155 - - [02/Feb/2015:00:07:04 -0500] "GET /BLA/resoluciones/RESOLUCIONES%202010/7750.pdf HTTP/1.1" 304 -
190.27.46.48 - - [02/Feb/2015:00:07:08 -0500] "GET /forest/skins/gdocs-jar/popup/escritorio/rechazodep.jsp?codTraEsc=17406275&a=0.36608276586048305 HTTP/1.1" 200 19068
66.249.73.155 - - [02/Feb/2015:00:07:14 -0500] "GET /BLA/resoluciones/RESOLUCIONES%202008/0162.pdf HTTP/1.1" 200 294153
190.27.46.48 - - [02/Feb/2015:00:07:16 -0500] "GET /forest/skins/gdocs-jar/popup/escritorio/reasignar.jsp?codTraEsc=17406275&a=0.4132543592713773 HTTP/1.1" 200 3745
180.76.5.71 - - [02/Feb/2015:00:07:17 -0500] "GET /BLA/boletinlegal;jsessionid=84840C629113CB6210B5022FB836FD1E?/? HTTP/1.1" 404 1018
66.249.73.171 - - [02/Feb/2015:00:07:20 -0500] "GET /BLA/resoluciones/RESOLUCIONES%202011/5674.pdf HTTP/1.1" 304 -
66.249.73.163 - - [02/Feb/2015:00:07:35 -0500] "GET /BLA/resoluciones/AUTOS%202012/1819.pdf HTTP/1.1" 304 -
74.86.158.107 - - [02/Feb/2015:00:07:39 -0500] "HEAD / HTTP/1.1" 302 -
190.27.46.48 - - [02/Feb/2015:00:07:49 -0500] "POST /forest/usutareas.do?group_system_actual=3 HTTP/1.1" 200 149
66.249.73.163 - - [02/Feb/2015:00:07:49 -0500] "GET /BLA/resoluciones/index.php?dir=RESOLUCIONES%202007/RES%202007%202401%20AL%202500/&sort=size&order=desc HTTP/1.1" 200 26868
66.249.73.171 - - [02/Feb/2015:00:07:51 -0500] "GET /BLA/resoluciones/RESOLUCIONES%202007/RES%202007%201801%20AL%201900/RESOLUCION%201815%20DE%202007.pdf HTTP/1.1" 304 -
190.27.46.48 - - [02/Feb/2015:00:07:51 -0500] "GET /forest/usutareas.do?group_system_actual=3&a=0.06644700490869582 HTTP/1.1" 200 19509
190.27.46.48 - - [02/Feb/2015:00:07:51 -0500] "GET /forest/session.jsp?a=0.4510304538998753 HTTP/1.1" 200 4
190.27.46.48 - - [02/Feb/2015:00:07:55 -0500] "GET /forest/misactividades.do?_a=0.04367772676050663&group_system_actual=3 HTTP/1.1" 200 37527
190.27.46.48 - - [02/Feb/2015:00:07:55 -0500] "GET /forest/session.jsp?a=0.7604010032955557 HTTP/1.1" 200 4
190.27.46.48 - - [02/Feb/2015:00:07:55 -0500] "POST /forest/misactividades.do?ajax=true&a=0.43024259665980935 HTTP/1.1" 200 12423
66.249.73.171 - - [02/Feb/2015:00:08:04 -0500] "GET /PruebasSTORM/StormSDA_pruebas/userFiles/user_files/str_entidad.xml HTTP/1.1" 200 60919
66.249.73.171 - - [02/Feb/2015:00:08:06 -0500] "GET /BLA/resoluciones/RESOLUCIONES%202010/6135.pdf HTTP/1.1" 304 -
190.27.46.48 - - [02/Feb/2015:00:05:25 -0500] "GET /ForestMSG_SDA/channelAsync/template_word_17406286?X-Atmosphere-tracking-id=d895df4d-3cab-10e9-0acf-4399e4b7633a&X-Atmosphere-Framework=1.0.5&X-Atmosphere-Transport=long-polling&tabid=0.24535790435038507&X-Cache-Date=0&Content-Type=application/xml&_=1422853731190 HTTP/1.1" 200 8193
190.27.46.48 - - [02/Feb/2015:00:08:10 -0500] "GET /forest/usutareas.do?_a=0.1714717901777476&group_system_actual=3 HTTP/1.1" 200 118507
190.27.46.48 - - [02/Feb/2015:00:08:12 -0500] "GET /forest/session.jsp?a=0.3283982470165938 HTTP/1.1" 200 4
190.27.46.48 - - [02/Feb/2015:00:08:16 -0500] "GET /forest/usudocumentos.do?_a=0.005218892358243465&group_system_actual=3 HTTP/1.1" 200 97895
190.27.46.48 - - [02/Feb/2015:00:08:20 -0500] "GET /forest/session.jsp?a=0.5723870603833348 HTTP/1.1" 200 4
66.249.73.155 - - [02/Feb/2015:00:08:22 -0500] "GET /BLA/resoluciones/RESOLUCIONES%202009/7221.pdf HTTP/1.1" 200 199577
66.249.73.171 - - [02/Feb/2015:00:08:24 -0500] "GET /BLA/resoluciones/RESOLUCIONES%202010/5688.pdf HTTP/1.1" 200 37635
188.165.15.203 - - [02/Feb/2015:00:08:25 -0500] "GET /BLA/resoluciones/RESOLUCIONES%202003/RES%202003%20101-150/2003RES123.tif HTTP/1.1" 200 228564
186.31.80.169 - - [02/Feb/2015:00:08:31 -0500] "GET /galeria/mapa/3MapaBogot%C3%A1.jpg HTTP/1.1" 200 688183
66.249.73.171 - - [02/Feb/2015:00:08:37 -0500] "GET /BLA/resoluciones/RESOLUCIONES%202007/RES%202007%204301%20AL%204352/RESOLUCION%204315%20DE%202007.pdf HTTP/1.1" 200 317775
190.27.46.48 - - [02/Feb/2015:00:08:11 -0500] "GET /ForestMSG_SDA/channelAsync/template_word_17406286?X-Atmosphere-tracking-id=c6305d2a-ba92-305d-694a-871a4623da35&X-Atmosphere-Framework=1.0.5&X-Atmosphere-Transport=long-polling&tabid=0.2916649989783764&X-Cache-Date=0&Content-Type=application/xml&_=1422853897185 HTTP/1.1" 200 8193
190.27.46.48 - - [02/Feb/2015:00:08:38 -0500] "GET /forest/session.jsp?a=0.14097242476418614 HTTP/1.1" 200 4
190.27.46.48 - - [02/Feb/2015:00:08:40 -0500] "GET /forest/misactividades.do?_a=0.7514815030153841&group_system_actual=3 HTTP/1.1" 200 37527
190.27.46.48 - - [02/Feb/2015:00:08:41 -0500] "GET /forest/session.jsp?a=0.7266224389895797 HTTP/1.1" 200 4
190.27.46.48 - - [02/Feb/2015:00:08:41 -0500] "POST /forest/misactividades.do?ajax=true&a=0.4130913964472711 HTTP/1.1" 200 12423
188.165.15.61 - - [02/Feb/2015:00:08:45 -0500] "GET /BLA/resoluciones/RESOLUCIONES%202002/RES%202002%201501-1550/20021503.tif HTTP/1.1" 200 123794
180.76.5.65 - - [02/Feb/2015:00:08:48 -0500] "GET /BLA/resoluciones/AUTOS%202013/1692.pdf HTTP/1.1" 200 2648493
66.249.73.155 - - [02/Feb/2015:00:08:53 -0500] "GET /BLA/resoluciones/RESOLUCIONES%202007/RES%202007%20301%20AL%20400/RESOLUCION%200323%20DE%202007.pdf HTTP/1.1" 304 -
66.249.73.155 - - [02/Feb/2015:00:08:59 -0500] "GET /BLA/resoluciones/RESOLUCIONES%202007/RES%202007%204101%20AL%204200/RESOLUCION%204174%20%20DE%202007.pdf HTTP/1.1" 200 597446
188.165.15.89 - - [02/Feb/2015:00:09:00 -0500] "GET /BLA/resoluciones/RESOLUCIONES%202005/RES%202005%201901-1950/00001938.tif HTTP/1.1" 200 111184
190.27.46.48 - - [02/Feb/2015:00:09:03 -0500] "GET /forest/usutareas.do?_a=0.2059967485256493&group_system_actual=3 HTTP/1.1" 200 116000
190.27.46.48 - - [02/Feb/2015:00:09:04 -0500] "GET /forest/session.jsp?a=0.2835315859410912 HTTP/1.1" 200 4
66.249.73.155 - - [02/Feb/2015:00:09:08 -0500] "GET /BLA/resoluciones/RESOLUCIONES%202011/2988.pdf HTTP/1.1" 304 -
66.249.73.171 - - [02/Feb/2015:00:09:09 -0500] "GET /BLA/resoluciones/RESOLUCIONES%202009/4271.pdf HTTP/1.1" 200 498899
190.27.46.48 - - [02/Feb/2015:00:09:16 -0500] "GET /forest/actions/forms.getList?codForm=Revision_reparto_Correspondencias&id=funcionarioasignado&text=g HTTP/1.1" 200 1313
190.27.46.48 - - [02/Feb/2015:00:09:17 -0500] "GET /forest/actions/forms.getList?codForm=Revision_reparto_Correspondencias&id=funcionarioasignado&text=gu HTTP/1.1" 200 1314
190.27.46.48 - - [02/Feb/2015:00:09:17 -0500] "GET /forest/actions/forms.getList?codForm=Revision_reparto_Correspondencias&id=funcionarioasignado&text=gui HTTP/1.1" 200 1327
190.27.46.48 - - [02/Feb/2015:00:09:17 -0500] "GET /forest/actions/forms.getList?codForm=Revision_reparto_Correspondencias&id=funcionarioasignado&text=guil HTTP/1.1" 200 376
190.27.46.48 - - [02/Feb/2015:00:09:17 -0500] "GET /forest/actions/forms.getList?codForm=Revision_reparto_Correspondencias&id=funcionarioasignado&text=guill HTTP/1.1" 200 188
190.27.46.48 - - [02/Feb/2015:00:09:17 -0500] "GET /forest/actions/forms.getList?codForm=Revision_reparto_Correspondencias&id=funcionarioasignado&text=guille HTTP/1.1" 200 188
190.27.46.48 - - [02/Feb/2015:00:09:17 -0500] "GET /forest/actions/forms.getList?codForm=Revision_reparto_Correspondencias&id=funcionarioasignado&text=guiller HTTP/1.1" 200 188
66.249.73.163 - - [02/Feb/2015:00:09:24 -0500] "GET /BLA/resoluciones/RESOLUCIONES%202007/RES%202007%201901%20AL%202000/RESOLUCION%201964%20DE%202007.pdf HTTP/1.1" 304 -
66.249.73.171 - - [02/Feb/2015:00:09:35 -0500] "GET /BLA/resoluciones/AUTOS%202009/1133.pdf HTTP/1.1" 200 86254
190.27.46.48 - - [02/Feb/2015:00:09:35 -0500] "GET /forest/actions/forms.getList?codForm=Revision_reparto_Correspondencias&id=codigoFuncionario&text=m HTTP/1.1" 200 1256
190.27.46.48 - - [02/Feb/2015:00:09:35 -0500] "GET /forest/actions/forms.getList?codForm=Revision_reparto_Correspondencias&id=codigoFuncionario&text=mo HTTP/1.1" 200 1305
190.27.46.48 - - [02/Feb/2015:00:09:35 -0500] "GET /forest/actions/forms.getList?codForm=Revision_reparto_Correspondencias&id=codigoFuncionario&text=mon HTTP/1.1" 200 1319
190.27.46.48 - - [02/Feb/2015:00:09:35 -0500] "GET /forest/actions/forms.getList?codForm=Revision_reparto_Correspondencias&id=codigoFuncionario&text=moni HTTP/1.1" 200 900
190.27.46.48 - - [02/Feb/2015:00:09:35 -0500] "GET /forest/actions/forms.getList?codForm=Revision_reparto_Correspondencias&id=codigoFuncionario&text=monic HTTP/1.1" 200 900
190.27.46.48 - - [02/Feb/2015:00:09:35 -0500] "GET /forest/actions/forms.getList?codForm=Revision_reparto_Correspondencias&id=codigoFuncionario&text=monica HTTP/1.1" 200 900
190.27.46.48 - - [02/Feb/2015:00:09:36 -0500] "GET /forest/actions/forms.getList?codForm=Revision_reparto_Correspondencias&id=codigoFuncionario&text=monica%20 HTTP/1.1" 200 900
190.27.46.48 - - [02/Feb/2015:00:09:36 -0500] "GET /forest/actions/forms.getList?codForm=Revision_reparto_Correspondencias&id=codigoFuncionario&text=monica%20p HTTP/1.1" 200 61
190.27.46.48 - - [02/Feb/2015:00:09:37 -0500] "GET /forest/actions/forms.getList?codForm=Revision_reparto_Correspondencias&id=codigoFuncionario&text=monica%20pe HTTP/1.1" 200 61
190.27.46.48 - - [02/Feb/2015:00:09:37 -0500] "GET /forest/actions/forms.getList?codForm=Revision_reparto_Correspondencias&id=codigoFuncionario&text=monica%20per HTTP/1.1" 200 61
66.249.73.155 - - [02/Feb/2015:00:09:39 -0500] "GET /BLA/resoluciones/RESOLUCIONES%202007/RES%202007%204201%20AL%204300/RESOLUCION%204298%20DE%202007.pdf HTTP/1.1" 304 -
190.27.46.48 - - [02/Feb/2015:00:09:46 -0500] "POST /forest/usutareas.do? HTTP/1.1" 200 76
190.27.46.48 - - [02/Feb/2015:00:09:48 -0500] "GET /forest/usutareas.do?group_system_actual=3&a=0.021339386934414506 HTTP/1.1" 200 131910
190.27.46.48 - - [02/Feb/2015:00:09:49 -0500] "GET /forest/session.jsp?a=0.44856917508877814 HTTP/1.1" 200 4
188.165.15.203 - - [02/Feb/2015:00:09:52 -0500] "GET /BLA/resoluciones/RESOLUCIONES%202005/RES%202005%20701-750/00000711.tif HTTP/1.1" 200 154006
66.249.73.171 - - [02/Feb/2015:00:09:55 -0500] "GET /BLA/resoluciones/AUTOS%202008/0181.pdf HTTP/1.1" 304 -
190.27.46.48 - - [02/Feb/2015:00:10:00 -0500] "GET /forest/skins/gdocs-jar/popup/escritorio/subirborrador.jsp?form=Correspondencia_Revisar_Aprobar&codTpl=621&codBorr=&a=0.5857882080599666 HTTP/1.1" 200 23286
190.27.46.48 - - [02/Feb/2015:00:10:01 -0500] "GET /forest/img/lapiz.gif HTTP/1.1" 200 914
190.27.46.48 - - [02/Feb/2015:00:10:01 -0500] "GET /forest/json.do?query=borradoresByTpls&codInst=2996480&codTare=697&firma=0&a=0.8253734225872904 HTTP/1.1" 200 2
190.27.46.48 - - [02/Feb/2015:00:10:01 -0500] "GET /forest/json.do?query=plantillasByTarea&codTare=697&codInst=2996480&firma=0&a=0.4589128070510924 HTTP/1.1" 200 904
190.27.46.48 - - [02/Feb/2015:00:10:01 -0500] "GET /forest/img/historial.gif HTTP/1.1" 200 1341
190.27.46.48 - - [02/Feb/2015:00:10:01 -0500] "GET /forest/img/adduser.gif HTTP/1.1" 200 1249
190.27.46.48 - - [02/Feb/2015:00:10:01 -0500] "GET /forest/json.do?query=terceroById&numTer=860048626&a=0.3397754719480872 HTTP/1.1" 200 660
190.27.46.48 - - [02/Feb/2015:00:10:01 -0500] "GET /forest/json.do?query=ultimoBorradorByTpl&codTpl=621&codInst=2996480&a=0.13348517334088683 HTTP/1.1" 200 2
190.27.46.48 - - [02/Feb/2015:00:10:01 -0500] "GET /forest/json.do?query=ultimoBorradorByTpl&codTpl=1201&codInst=2996480&a=0.8079608909320086 HTTP/1.1" 200 2
190.27.46.48 - - [02/Feb/2015:00:10:01 -0500] "GET /forest/json.do?query=ultimoBorradorByTpl&codTpl=641&codInst=2996480&a=0.42716758139431477 HTTP/1.1" 200 2
190.27.46.48 - - [02/Feb/2015:00:10:01 -0500] "GET /forest/json.do?query=ultimoBorradorByTpl&codTpl=901&codInst=2996480&a=0.8186573884449899 HTTP/1.1" 200 2
190.27.46.48 - - [02/Feb/2015:00:10:01 -0500] "GET /forest/json.do?query=ultimoBorradorByTpl&codTpl=501&codInst=2996480&a=0.3642512671649456 HTTP/1.1" 200 2
190.27.46.48 - - [02/Feb/2015:00:10:01 -0500] "GET /forest/json.do?query=ultimoBorradorByTpl&codTpl=1301&codInst=2996480&a=0.5184670872986317 HTTP/1.1" 200 2
66.249.73.155 - - [02/Feb/2015:00:10:10 -0500] "GET /BLA/resoluciones/RESOLUCIONES%202009/8908.pdf HTTP/1.1" 200 297795
66.249.73.155 - - [02/Feb/2015:00:10:10 -0500] "GET /BLA/resoluciones/RESOLUCIONES%202010/0438.pdf HTTP/1.1" 200 451485
188.165.15.177 - - [02/Feb/2015:00:10:22 -0500] "GET /BLA/resoluciones/RESOLUCIONES%202005/RES%202005%20901-950/00000919.tif HTTP/1.1" 200 166442
66.249.73.155 - - [02/Feb/2015:00:10:26 -0500] "GET /BLA/resoluciones/RESOLUCIONES%202010/3712.pdf HTTP/1.1" 200 134610
190.27.46.48 - - [02/Feb/2015:00:04:35 -0500] "GET /ForestMSG_SDA/channelAsync/template_word_17406287?X-Atmosphere-tracking-id=f62bc0e7-50fb-a2ec-9faf-a404bda60e73&X-Atmosphere-Framework=1.0.5&X-Atmosphere-Transport=long-polling&tabid=0.8012152740266174&X-Cache-Date=0&Content-Type=application/xml&_=1422853680855 HTTP/1.1" 200 8193
66.249.73.171 - - [02/Feb/2015:00:10:41 -0500] "GET /BLA/resoluciones/RESOLUCIONES%202009/1498.pdf HTTP/1.1" 304 -
176.31.187.23 - - [02/Feb/2015:00:10:42 -0500] "GET /Autoliquidacion/index.php?dir=Solicitudes%20relacionadas%20con%20calidad%20del%20aire%20auditiva%20y%20visual/Registro%20de%20Elementos%20de%20publicidad%20Exterior%20Visual/'&sort=date'&order=desc'\" HTTP/1.1" 200 7001
176.31.187.23 - - [02/Feb/2015:00:10:42 -0500] "GET /Autoliquidacion/index.php?dir=Solicitudes%20relacionadas%20con%20calidad%20del%20aire%20auditiva%20y%20visual%2FRegistro%20de%20Elementos%20de%20publicidad%20Exterior%20Visual%2F&sort=date&order=desc HTTP/1.0" 200 4036
190.27.46.48 - - [02/Feb/2015:00:10:40 -0500] "POST /forest/usutareas.do?group_system_actual=3 HTTP/1.1" 200 211
66.249.73.171 - - [02/Feb/2015:00:10:46 -0500] "GET /BLA/resoluciones/AUTOS%202008/1631.pdf HTTP/1.1" 200 67900
190.27.46.48 - - [02/Feb/2015:00:09:49 -0500] "GET /ForestMSG_SDA/channelAsync/template_word_17407404?X-Atmosphere-tracking-id=1739c59b-50fd-3113-5e72-ce7cbb430198&X-Atmosphere-Framework=1.0.5&X-Atmosphere-Transport=long-polling&tabid=0.7541448539122939&X-Cache-Date=0&Content-Type=application/xml&_=1422853995006 HTTP/1.1" 200 8193
190.27.46.48 - - [02/Feb/2015:00:10:47 -0500] "GET /forest/usutareas.do?group_system_actual=3&a=0.9905322359409183 HTTP/1.1" 200 133998
190.27.46.48 - - [02/Feb/2015:00:10:48 -0500] "GET /forest/session.jsp?a=0.3096193231176585 HTTP/1.1" 200 4
188.165.15.152 - - [02/Feb/2015:00:10:48 -0500] "GET /BLA/resoluciones/RESOLUCIONES%202000/2000%20400-449.tif HTTP/1.1" 200 5239335
66.249.73.155 - - [02/Feb/2015:00:10:57 -0500] "GET /BLA/resoluciones/AUTOS%202007/0726.pdf HTTP/1.1" 200 63152
66.249.73.171 - - [02/Feb/2015:00:11:12 -0500] "GET /BLA/resoluciones/index.php?dir=RESOLUCIONES%202010/&sort=size&order=desc HTTP/1.1" 200 1288156
66.249.73.171 - - [02/Feb/2015:00:11:17 -0500] "GET /BLA/resoluciones/RESOLUCIONES%202004/RES%202004%20851-900/00000866.tif HTTP/1.1" 200 90222
190.27.46.48 - - [02/Feb/2015:00:11:19 -0500] "GET /forest/skins/gdocs-jar/popup/escritorio/reasignar.jsp?codTraEsc=17407404&a=0.449877199716866 HTTP/1.1" 200 3745
66.249.73.155 - - [02/Feb/2015:00:11:20 -0500] "GET /BLA/resoluciones/AUTOS%202008/1057.pdf HTTP/1.1" 200 385274
64.6.107.102 - - [02/Feb/2015:00:11:22 -0500] "GET /BLA/resoluciones/index.php?dir=RESOLUCIONES%202005/RES%202005%202151-2200/'&sort=name'&order=desc'\" HTTP/1.1" 200 7457
64.6.107.102 - - [02/Feb/2015:00:11:22 -0500] "GET /BLA/resoluciones/index.php?dir=RESOLUCIONES%202005%2FRES%202005%202151-2200%2F&sort=name&order=desc HTTP/1.0" 200 16990
66.249.73.171 - - [02/Feb/2015:00:11:28 -0500] "GET /BLA/resoluciones/RESOLUCIONES%202009/8804.pdf HTTP/1.1" 304 -
190.27.46.48 - - [02/Feb/2015:00:11:36 -0500] "POST /forest/usutareas.do?group_system_actual=3 HTTP/1.1" 200 149
190.27.46.48 - - [02/Feb/2015:00:11:42 -0500] "GET /forest/usutareas.do?group_system_actual=3&a=0.3292289189994335 HTTP/1.1" 200 19509
190.27.46.48 - - [02/Feb/2015:00:11:42 -0500] "GET /forest/session.jsp?a=0.6025059302337468 HTTP/1.1" 200 4
66.249.73.171 - - [02/Feb/2015:00:11:43 -0500] "GET /BLA/resoluciones/RESOLUCIONES%202010/6351.pdf HTTP/1.1" 304 -
190.27.46.48 - - [02/Feb/2015:00:11:43 -0500] "GET /forest/misactividades.do?_a=0.0619711116887629&group_system_actual=3 HTTP/1.1" 200 37527
190.27.46.48 - - [02/Feb/2015:00:11:44 -0500] "GET /forest/session.jsp?a=0.1240904510486871 HTTP/1.1" 200 4
190.27.46.48 - - [02/Feb/2015:00:11:44 -0500] "POST /forest/misactividades.do?ajax=true&a=0.04143696278333664 HTTP/1.1" 200 12416
190.65.158.151 - - [02/Feb/2015:00:11:53 -0500] "GET /galeria/carrusel/Carrusel/jquery.thumbnailScroller.css HTTP/1.1" 200 2066
190.65.158.151 - - [02/Feb/2015:00:11:53 -0500] "GET /BLA/boletinlegal/js/jquery.js HTTP/1.1" 200 57254
190.65.158.151 - - [02/Feb/2015:00:11:53 -0500] "GET /BLA/boletinlegal/js/jquery.scrollShow.js HTTP/1.1" 200 4586
190.65.158.151 - - [02/Feb/2015:00:11:53 -0500] "GET /BLA/boletinlegal/js/jquery.scrollTo-min.js HTTP/1.1" 200 1150
190.65.158.151 - - [02/Feb/2015:00:11:53 -0500] "GET /galeria/carrusel/Carrusel/jquery-ui-1.8.13.custom.min.js HTTP/1.1" 200 10800
190.65.158.151 - - [02/Feb/2015:00:11:53 -0500] "GET /galeria/carrusel/Carrusel/jquery.thumbnailScroller.js HTTP/1.1" 200 8157
190.65.158.151 - - [02/Feb/2015:00:11:55 -0500] "GET /galeria/nivo-slider/demo/demo.html HTTP/1.1" 200 3150
190.65.158.151 - - [02/Feb/2015:00:11:55 -0500] "GET /galeria/nivo-slider/themes/default/default.css HTTP/1.1" 200 1569
190.65.158.151 - - [02/Feb/2015:00:11:55 -0500] "GET /galeria/nivo-slider/themes/pascal/pascal.css HTTP/1.1" 200 2258
190.65.158.151 - - [02/Feb/2015:00:11:55 -0500] "GET /galeria/nivo-slider/themes/orman/orman.css HTTP/1.1" 200 2152
190.65.158.151 - - [02/Feb/2015:00:11:55 -0500] "GET /galeria/nivo-slider/nivo-slider.css HTTP/1.1" 200 1507
190.65.158.151 - - [02/Feb/2015:00:11:55 -0500] "GET /galeria/nivo-slider/demo/style.css HTTP/1.1" 200 2222
190.65.158.151 - - [02/Feb/2015:00:11:55 -0500] "GET /galeria/nivo-slider/demo/scripts/jquery-1.7.1.min.js HTTP/1.1" 200 93868
190.65.158.151 - - [02/Feb/2015:00:11:55 -0500] "GET /galeria/nivo-slider/jquery.nivo.slider.pack.js HTTP/1.1" 200 11561
190.65.158.151 - - [02/Feb/2015:00:11:55 -0500] "GET /galeria/nivo-slider/demo/images/4Simple_Slider.png HTTP/1.1" 200 11722
190.65.158.151 - - [02/Feb/2015:00:11:55 -0500] "GET /galeria/nivo-slider/themes/default/loading.gif HTTP/1.1" 200 1737
66.249.73.171 - - [02/Feb/2015:00:11:56 -0500] "GET /BLA/resoluciones/RESOLUCIONES%202007/RES%202007%20901%20AL%201000/RESOLUCION%200993%20DE%202007.pdf HTTP/1.1" 200 663833
190.65.158.151 - - [02/Feb/2015:00:11:56 -0500] "GET /galeria/nivo-slider/demo/images/bolsas-08.jpg HTTP/1.1" 200 85589
190.65.158.151 - - [02/Feb/2015:00:11:56 -0500] "GET /galeria/nivo-slider/demo/images/Ruta-vertimientos-01.jpg HTTP/1.1" 200 130151
190.65.158.151 - - [02/Feb/2015:00:11:56 -0500] "GET /galeria/nivo-slider/demo/images/bolsas-06.jpg HTTP/1.1" 200 90982
180.76.6.151 - - [02/Feb/2015:00:11:56 -0500] "GET /BLA/boletinlegal/circulares/2009IE24690.pdf HTTP/1.1" 200 74941
190.65.158.151 - - [02/Feb/2015:00:11:57 -0500] "GET /galeria/nivo-slider/demo/images/ecolecta-Dic2014.png HTTP/1.1" 200 288593
190.65.158.151 - - [02/Feb/2015:00:11:57 -0500] "GET /galeria/nivo-slider/demo/images/porloshumedales.jpg HTTP/1.1" 200 351238
190.65.158.151 - - [02/Feb/2015:00:11:57 -0500] "GET /galeria/nivo-slider/demo/images/Tingua-azul.jpg HTTP/1.1" 200 307638
190.65.158.151 - - [02/Feb/2015:00:11:57 -0500] "GET /galeria/nivo-slider/demo/images/Banner-Caracol-Africano.jpg HTTP/1.1" 200 331986
190.65.158.151 - - [02/Feb/2015:00:11:57 -0500] "GET /galeria/nivo-slider/demo/images/banner-redes.jpg HTTP/1.1" 200 62209
190.65.158.151 - - [02/Feb/2015:00:11:57 -0500] "GET /galeria/nivo-slider/demo/images/9Signos.jpg HTTP/1.1" 200 93040
66.249.73.171 - - [02/Feb/2015:00:11:58 -0500] "GET /BLA/resoluciones/RESOLUCIONES%202007/RES%202007%202901%20AL%203000/RESOLUCION%202989%20DE%202007.pdf HTTP/1.1" 200 490725
190.65.158.151 - - [02/Feb/2015:00:11:59 -0500] "GET /galeria/nivo-slider/demo/images/banner-llantas2.jpg HTTP/1.1" 200 73153
190.65.158.151 - - [02/Feb/2015:00:11:59 -0500] "GET /galeria/nivo-slider/demo/images/banner-caballos.png HTTP/1.1" 200 389106
190.27.46.48 - - [02/Feb/2015:00:11:58 -0500] "GET /forest/usutareas.do?_a=0.03876876272261143&group_system_actual=3 HTTP/1.1" 200 116352
190.27.46.48 - - [02/Feb/2015:00:11:59 -0500] "GET /forest/session.jsp?a=0.6712562565226108 HTTP/1.1" 200 4
190.65.158.151 - - [02/Feb/2015:00:12:00 -0500] "GET /videos/Spot_CambioClimatico.flv HTTP/1.1" 200 4371917
190.65.158.151 - - [02/Feb/2015:00:12:01 -0500] "GET /galeria/nivo-slider/themes/default/arrows.png HTTP/1.1" 200 824
190.65.158.151 - - [02/Feb/2015:00:12:01 -0500] "GET /galeria/nivo-slider/themes/default/bullets.png HTTP/1.1" 200 1281
66.249.73.171 - - [02/Feb/2015:00:12:14 -0500] "GET /BLA/resoluciones/RESOLUCIONES%202010/7191.pdf HTTP/1.1" 200 62661
123.125.71.60 - - [02/Feb/2015:00:12:24 -0500] "GET / HTTP/1.1" 302 -
190.27.46.48 - - [02/Feb/2015:00:12:26 -0500] "GET /forest/actions/forms.getList?codForm=Revision_reparto_Correspondencias&id=funcionarioasignado&text=g HTTP/1.1" 200 1313
190.27.46.48 - - [02/Feb/2015:00:12:26 -0500] "GET /forest/actions/forms.getList?codForm=Revision_reparto_Correspondencias&id=funcionarioasignado&text=gu HTTP/1.1" 200 1314
190.27.46.48 - - [02/Feb/2015:00:12:26 -0500] "GET /forest/actions/forms.getList?codForm=Revision_reparto_Correspondencias&id=funcionarioasignado&text=gui HTTP/1.1" 200 1327
190.27.46.48 - - [02/Feb/2015:00:12:26 -0500] "GET /forest/actions/forms.getList?codForm=Revision_reparto_Correspondencias&id=funcionarioasignado&text=guil HTTP/1.1" 200 376
190.27.46.48 - - [02/Feb/2015:00:12:26 -0500] "GET /forest/actions/forms.getList?codForm=Revision_reparto_Correspondencias&id=funcionarioasignado&text=guill HTTP/1.1" 200 188
190.27.46.48 - - [02/Feb/2015:00:12:26 -0500] "GET /forest/actions/forms.getList?codForm=Revision_reparto_Correspondencias&id=funcionarioasignado&text=guillm HTTP/1.1" 200 2
190.27.46.48 - - [02/Feb/2015:00:12:27 -0500] "GET /forest/actions/forms.getList?codForm=Revision_reparto_Correspondencias&id=funcionarioasignado&text=guillmo HTTP/1.1" 200 2
190.27.46.48 - - [02/Feb/2015:00:12:27 -0500] "GET /forest/actions/forms.getList?codForm=Revision_reparto_Correspondencias&id=funcionarioasignado&text=guillm HTTP/1.1" 200 2
190.27.46.48 - - [02/Feb/2015:00:12:27 -0500] "GET /forest/actions/forms.getList?codForm=Revision_reparto_Correspondencias&id=funcionarioasignado&text=guill HTTP/1.1" 200 188
190.27.46.48 - - [02/Feb/2015:00:12:27 -0500] "GET /forest/actions/forms.getList?codForm=Revision_reparto_Correspondencias&id=funcionarioasignado&text=guil HTTP/1.1" 200 376
190.27.46.48 - - [02/Feb/2015:00:12:27 -0500] "GET /forest/actions/forms.getList?codForm=Revision_reparto_Correspondencias&id=funcionarioasignado&text=gui HTTP/1.1" 200 1327
190.27.46.48 - - [02/Feb/2015:00:06:29 -0500] "GET /ForestMSG_SDA/channelAsync/template_word_17406281?X-Atmosphere-tracking-id=ec2d0378-8e8a-fc40-0ab6-a39a6b1e67e6&X-Atmosphere-Framework=1.0.5&X-Atmosphere-Transport=long-polling&tabid=0.825452875578776&X-Cache-Date=0&Content-Type=application/xml&_=1422853794794 HTTP/1.1" 200 8193
66.249.73.171 - - [02/Feb/2015:00:12:30 -0500] "GET /BLA/resoluciones/AUTOS%202008/0301.pdf HTTP/1.1" 200 95913
190.27.46.48 - - [02/Feb/2015:00:12:30 -0500] "GET /forest/actions/forms.getList?codForm=Revision_reparto_Correspondencias&id=funcionarioasignado&text=guil HTTP/1.1" 200 376
190.27.46.48 - - [02/Feb/2015:00:12:30 -0500] "GET /forest/actions/forms.getList?codForm=Revision_reparto_Correspondencias&id=funcionarioasignado&text=guill HTTP/1.1" 200 188
190.27.46.48 - - [02/Feb/2015:00:12:30 -0500] "GET /forest/actions/forms.getList?codForm=Revision_reparto_Correspondencias&id=funcionarioasignado&text=guille HTTP/1.1" 200 188
190.27.46.48 - - [02/Feb/2015:00:12:30 -0500] "GET /forest/actions/forms.getList?codForm=Revision_reparto_Correspondencias&id=funcionarioasignado&text=guiller HTTP/1.1" 200 188
190.27.46.48 - - [02/Feb/2015:00:12:30 -0500] "GET /forest/actions/forms.getList?codForm=Revision_reparto_Correspondencias&id=funcionarioasignado&text=guillerm HTTP/1.1" 200 188
190.27.46.48 - - [02/Feb/2015:00:12:30 -0500] "GET /forest/actions/forms.getList?codForm=Revision_reparto_Correspondencias&id=funcionarioasignado&text=guillermo HTTP/1.1" 200 188
66.249.73.171 - - [02/Feb/2015:00:12:31 -0500] "GET /BLA/resoluciones/RESOLUCIONES%202009/4765.pdf HTTP/1.1" 200 602665
66.249.73.163 - - [02/Feb/2015:00:12:33 -0500] "GET /PruebasSTORM/StormSDA_pruebas/userFiles/user_files/Str_Informe.xml HTTP/1.1" 200 3309
180.76.6.134 - - [02/Feb/2015:00:12:37 -0500] "GET /BLA/boletinlegal;jsessionid=70991D0F18D7EA357F065066A133CBB4?/? HTTP/1.1" 404 1018
74.86.158.107 - - [02/Feb/2015:00:12:39 -0500] "HEAD / HTTP/1.1" 302 -
190.27.46.48 - - [02/Feb/2015:00:12:44 -0500] "GET /forest/actions/forms.getList?codForm=Revision_reparto_Correspondencias&id=funcionarioasignado&text=GUILLERMO%20ANDRES%20GOMEZ%20PACAZUCA HTTP/1.1" 200 70
66.249.73.171 - - [02/Feb/2015:00:12:45 -0500] "GET /BLA/resoluciones/AUTOS%202011/0239.pdf HTTP/1.1" 304 -
190.27.46.48 - - [02/Feb/2015:00:12:46 -0500] "GET /forest/actions/forms.getList?codForm=Revision_reparto_Correspondencias&id=funcionarioasignado&text= HTTP/1.1" 200 1267
190.27.46.48 - - [02/Feb/2015:00:12:50 -0500] "GET /forest/actions/forms.getList?codForm=Revision_reparto_Correspondencias&id=funcionarioasignado&text=m HTTP/1.1" 200 1256
190.27.46.48 - - [02/Feb/2015:00:12:50 -0500] "GET /forest/actions/forms.getList?codForm=Revision_reparto_Correspondencias&id=funcionarioasignado&text=mo HTTP/1.1" 200 1305
190.27.46.48 - - [02/Feb/2015:00:12:50 -0500] "GET /forest/actions/forms.getList?codForm=Revision_reparto_Correspondencias&id=funcionarioasignado&text=mon HTTP/1.1" 200 1319
190.27.46.48 - - [02/Feb/2015:00:12:50 -0500] "GET /forest/actions/forms.getList?codForm=Revision_reparto_Correspondencias&id=funcionarioasignado&text=moni HTTP/1.1" 200 900
190.27.46.48 - - [02/Feb/2015:00:12:50 -0500] "GET /forest/actions/forms.getList?codForm=Revision_reparto_Correspondencias&id=funcionarioasignado&text=monic HTTP/1.1" 200 900
190.27.46.48 - - [02/Feb/2015:00:12:50 -0500] "GET /forest/actions/forms.getList?codForm=Revision_reparto_Correspondencias&id=funcionarioasignado&text=monica HTTP/1.1" 200 900
190.27.46.48 - - [02/Feb/2015:00:12:52 -0500] "GET /forest/actions/forms.getList?codForm=Revision_reparto_Correspondencias&id=funcionarioasignado&text=monica%20 HTTP/1.1" 200 900
190.27.46.48 - - [02/Feb/2015:00:12:52 -0500] "GET /forest/actions/forms.getList?codForm=Revision_reparto_Correspondencias&id=funcionarioasignado&text=monica%20p HTTP/1.1" 200 61
190.27.46.48 - - [02/Feb/2015:00:12:52 -0500] "GET /forest/actions/forms.getList?codForm=Revision_reparto_Correspondencias&id=funcionarioasignado&text=monica%20pe HTTP/1.1" 200 61
190.27.46.48 - - [02/Feb/2015:00:12:52 -0500] "GET /forest/actions/forms.getList?codForm=Revision_reparto_Correspondencias&id=funcionarioasignado&text=monica%20per HTTP/1.1" 200 61
190.27.46.48 - - [02/Feb/2015:00:12:52 -0500] "GET /forest/actions/forms.getList?codForm=Revision_reparto_Correspondencias&id=funcionarioasignado&text=monica%20perd HTTP/1.1" 200 61
190.27.46.48 - - [02/Feb/2015:00:12:57 -0500] "GET /forest/actions/forms.getList?codForm=Revision_reparto_Correspondencias&id=codigoFuncionario&text=g HTTP/1.1" 200 1313
190.27.46.48 - - [02/Feb/2015:00:12:57 -0500] "GET /forest/actions/forms.getList?codForm=Revision_reparto_Correspondencias&id=codigoFuncionario&text=gu HTTP/1.1" 200 1314
190.27.46.48 - - [02/Feb/2015:00:12:57 -0500] "GET /forest/actions/forms.getList?codForm=Revision_reparto_Correspondencias&id=codigoFuncionario&text=gui HTTP/1.1" 200 1327
190.27.46.48 - - [02/Feb/2015:00:12:57 -0500] "GET /forest/actions/forms.getList?codForm=Revision_reparto_Correspondencias&id=codigoFuncionario&text=guil HTTP/1.1" 200 376
