201.216.9.81 - - [02/Feb/2015:02:15:40 -0500] "GET /forestReports/webcontent/birt/images/NextPage_disabled.gif HTTP/1.1" 200 311
201.216.9.81 - - [02/Feb/2015:02:15:40 -0500] "GET /forestReports/webcontent/birt/images/LastPage_disabled.gif HTTP/1.1" 200 558
201.216.9.81 - - [02/Feb/2015:02:15:40 -0500] "GET /forestReports/webcontent/birt/images/Go.gif HTTP/1.1" 200 1085
201.216.9.81 - - [02/Feb/2015:02:15:39 -0500] "GET /forestReports/webcontent/birt/ajax/lib/prototype.js HTTP/1.1" 200 163313
201.216.9.81 - - [02/Feb/2015:02:15:40 -0500] "GET /forestReports/webcontent/birt/images/Loading.gif HTTP/1.1" 200 1197
201.216.9.81 - - [02/Feb/2015:02:15:40 -0500] "GET /forestReports/webcontent/birt/pages/common/blank.html HTTP/1.1" 200 -
201.216.9.81 - - [02/Feb/2015:02:15:40 -0500] "GET /forestReports/webcontent/birt/pages/common/processing.jsp?__rtl=false HTTP/1.1" 200 719
201.216.9.81 - - [02/Feb/2015:02:15:40 -0500] "POST /forest/frameset?__toolbar=true&__report=forest%2Frpts%2F160.rptdesign&__app=forest&__format=&__sessionId=20150202_022152_221&__dpi=96 HTTP/1.1" 200 40343
201.216.9.81 - - [02/Feb/2015:02:15:42 -0500] "GET /forest/preview?__sessionId=20150202_022152_221&__imageid=file2fba132814b0476625424167.gif HTTP/1.1" 200 4169
201.216.9.81 - - [02/Feb/2015:02:15:42 -0500] "GET /forest/preview?__sessionId=20150202_022152_221&__imageid=design2fba132814b0476625424169.gif HTTP/1.1" 200 145
201.216.9.81 - - [02/Feb/2015:02:15:42 -0500] "GET /forest/preview?__sessionId=20150202_022152_221&__imageid=file2fba132814b0476625424168.gif HTTP/1.1" 200 2367
201.216.9.81 - - [02/Feb/2015:02:15:42 -0500] "GET /forest/preview?__sessionId=20150202_022152_221&__imageid=design2fba132814b0476625424170.gif HTTP/1.1" 200 144
201.216.9.81 - - [02/Feb/2015:02:15:42 -0500] "GET /forest/preview?__sessionId=20150202_022152_221&__imageid=design2fba132814b0476625424172.gif HTTP/1.1" 200 144
201.216.9.81 - - [02/Feb/2015:02:15:42 -0500] "GET /forest/preview?__sessionId=20150202_022152_221&__imageid=design2fba132814b0476625424171.gif HTTP/1.1" 200 144
201.216.9.81 - - [02/Feb/2015:02:15:52 -0500] "GET /forest/skins/gdocs-jar/popup/popup.jsp?width=900&height=600&title=Informaci%F3n%20de%20proceso&uri=/forest/system/process.jsp%3FnumPro%3D3011545&name=undefined&_a=0.3539841352030635&a=0.2139304953161627 HTTP/1.1" 200 1312
201.216.9.81 - - [02/Feb/2015:02:15:52 -0500] "GET /forest/system/process.jsp?numPro=3011545 HTTP/1.1" 200 23104
201.216.9.81 - - [02/Feb/2015:02:15:52 -0500] "GET /forest/system/process.jsp?numPro=3011545 HTTP/1.1" 200 27485
201.216.9.81 - - [02/Feb/2015:02:15:52 -0500] "GET /forest/skins/gdocs-jar/img/expandido.gif HTTP/1.1" 200 190
201.216.9.81 - - [02/Feb/2015:02:15:52 -0500] "GET /forest/skins/gdocs-jar/img/activity2.gif HTTP/1.1" 200 374
201.216.9.81 - - [02/Feb/2015:02:15:52 -0500] "GET /forest/skins/gdocs-jar/img/itemlist.gif HTTP/1.1" 200 134
201.216.9.81 - - [02/Feb/2015:02:15:52 -0500] "GET /forest/skins/gdocs-jar/img/mueveactividad.gif HTTP/1.1" 200 90
201.216.9.81 - - [02/Feb/2015:02:15:52 -0500] "GET /forest/skins/gdocs-jar/img/icons/docx.gif HTTP/1.1" 200 1039
190.78.90.171 - - [02/Feb/2015:02:15:53 -0500] "GET /BLA/boletinlegal/js/jquery.js HTTP/1.1" 200 57254
190.78.90.171 - - [02/Feb/2015:02:15:53 -0500] "GET /BLA/boletinlegal/js/jquery.scrollTo-min.js HTTP/1.1" 200 1150
190.78.90.171 - - [02/Feb/2015:02:15:53 -0500] "GET /BLA/boletinlegal/js/jquery.scrollShow.js HTTP/1.1" 200 4586
201.216.9.81 - - [02/Feb/2015:02:15:58 -0500] "GET /forest/skins/gdocs-jar/popup/popup.jsp?width=900&height=600&title=Informaci%F3n%20de%20proceso&uri=/forest/system/process.jsp%3FnumPro%3D3011192&name=undefined&_a=0.22324521793052554&a=0.005459781736135483 HTTP/1.1" 200 1312
201.216.9.81 - - [02/Feb/2015:02:15:58 -0500] "GET /forest/system/process.jsp?numPro=3011192 HTTP/1.1" 200 25656
180.76.5.189 - - [02/Feb/2015:02:15:58 -0500] "GET /BLA/resoluciones/AUTOS%202013/1014.pdf HTTP/1.1" 200 2130005
66.249.73.163 - - [02/Feb/2015:02:16:04 -0500] "GET /BLA/resoluciones/RESOLUCIONES%202009/2307.pdf HTTP/1.1" 200 658503
188.165.15.152 - - [02/Feb/2015:02:16:11 -0500] "GET /BLA/resoluciones/RESOLUCIONES%202004/RES%202004%202351-2401/00002372.tif HTTP/1.1" 200 152306
201.216.9.81 - - [02/Feb/2015:02:16:12 -0500] "GET /forest/skins/gdocs-jar/popup/popup.jsp?width=900&height=600&title=Informaci%F3n%20de%20proceso&uri=/forest/system/process.jsp%3FnumPro%3D3006082&name=undefined&_a=0.2778263019863516&a=0.037911926629021764 HTTP/1.1" 200 1312
201.216.9.81 - - [02/Feb/2015:02:16:12 -0500] "GET /forest/system/process.jsp?numPro=3006082 HTTP/1.1" 200 18159
201.216.9.81 - - [02/Feb/2015:02:16:12 -0500] "GET /forest/system/process.jsp?numPro=3006082 HTTP/1.1" 200 45868
201.216.9.81 - - [02/Feb/2015:02:16:19 -0500] "GET /forest/skins/gdocs-jar/popup/popup.jsp?width=900&height=600&title=Informaci%F3n%20de%20proceso&uri=/forest/system/process.jsp%3FnumPro%3D3006680&name=undefined&_a=0.46450420026667416&a=0.8155687244143337 HTTP/1.1" 200 1312
201.216.9.81 - - [02/Feb/2015:02:16:19 -0500] "GET /forest/system/process.jsp?numPro=3006680 HTTP/1.1" 200 18159
201.216.9.81 - - [02/Feb/2015:02:16:20 -0500] "GET /forest/system/process.jsp?numPro=3006680 HTTP/1.1" 200 45934
201.216.9.81 - - [02/Feb/2015:02:16:25 -0500] "GET /forest/skins/gdocs-jar/popup/popup.jsp?width=500&height=350&title=Informaci%F3n%20del%20borrador&uri=/forest/system/borrador.jsp%3FcodBorr%3D543395&name=undefined&_a=0.8010881191585213&a=0.8126339453738183 HTTP/1.1" 200 1315
201.216.9.81 - - [02/Feb/2015:02:16:25 -0500] "GET /forest/system/borrador.jsp?codBorr=543395 HTTP/1.1" 200 6854
201.216.9.81 - - [02/Feb/2015:02:16:26 -0500] "GET /forest/skins/gdocs-jar/img/icons/xml.gif HTTP/1.1" 200 231
201.216.9.81 - - [02/Feb/2015:02:16:31 -0500] "GET /forest/skins/gdocs-jar/popup/popup.jsp?width=850&height=380&title=Informaci%F3n%20del%20radicado&uri=/forest/system/document.jsp%3FcodDoc%3D2004464&name=undefined&_a=0.7963251604232937&a=0.7005295015405864 HTTP/1.1" 200 1315
201.216.9.81 - - [02/Feb/2015:02:16:31 -0500] "GET /forest/system/document.jsp?codDoc=2004464 HTTP/1.1" 200 18134
201.216.9.81 - - [02/Feb/2015:02:16:31 -0500] "GET /forest/system/document.jsp?codDoc=2004464 HTTP/1.1" 200 36783
201.216.9.81 - - [02/Feb/2015:02:16:31 -0500] "GET /forest/img/icons/xml.gif HTTP/1.1" 200 231
201.216.9.81 - - [02/Feb/2015:02:16:34 -0500] "GET /forest/documentos/2004464/2015IE12090.docx HTTP/1.1" 200 186735
66.249.73.155 - - [02/Feb/2015:02:17:18 -0500] "GET /BLA/resoluciones/RESOLUCIONES%202009/4344.pdf HTTP/1.1" 200 470756
68.180.229.40 - - [02/Feb/2015:02:17:37 -0500] "GET /BLA/boletinlegal/Circulares/2014/Circular%20No.%203%20del%2014%20de%20Noviembre%20de%202014.pdf HTTP/1.1" 200 104132
74.86.158.107 - - [02/Feb/2015:02:17:38 -0500] "HEAD / HTTP/1.1" 302 -
66.249.73.155 - - [02/Feb/2015:02:17:55 -0500] "GET /BLA/resoluciones/RESOLUCIONES%202008/1210.pdf HTTP/1.1" 200 66304
190.27.46.48 - - [02/Feb/2015:02:12:13 -0500] "GET /ForestMSG_SDA/channelAsync/template_word_17407482?X-Atmosphere-tracking-id=7d329fca-073d-f62c-d0e5-a41f38cacff3&X-Atmosphere-Framework=1.0.5&X-Atmosphere-Transport=long-polling&tabid=0.572291151387617&X-Cache-Date=0&Content-Type=application/xml&_=1422861339402 HTTP/1.1" 200 8193
188.165.15.183 - - [02/Feb/2015:02:18:24 -0500] "GET /BLA/resoluciones/RESOLUCIONES%202005/RES%202005%202601-2650/00002650.tif HTTP/1.1" 200 275438
201.216.9.81 - - [02/Feb/2015:02:18:23 -0500] "GET /forest/index2.jsp?_a=0.518003549426794 HTTP/1.1" 200 57005
201.216.9.81 - - [02/Feb/2015:02:18:30 -0500] "GET /forest/session.jsp?a=0.8513442513067275 HTTP/1.1" 200 4
66.249.73.171 - - [02/Feb/2015:02:18:32 -0500] "GET /BLA/resoluciones/RESOLUCIONES%202009/5833.pdf HTTP/1.1" 200 552807
201.216.9.81 - - [02/Feb/2015:02:18:33 -0500] "GET /forest/skins/gdocs-jar/img/desasociarUser.gif HTTP/1.1" 200 1209
201.216.9.81 - - [02/Feb/2015:02:18:33 -0500] "GET /forest/js/usutareas-docs.js HTTP/1.1" 200 646
201.216.9.81 - - [02/Feb/2015:02:18:33 -0500] "GET /forest/skins/gdocs-jar/js/grid.js?version=1412.231748 HTTP/1.1" 200 7034
201.216.9.81 - - [02/Feb/2015:02:18:33 -0500] "GET /forest/js/socketConnection.js HTTP/1.1" 200 3648
201.216.9.81 - - [02/Feb/2015:02:18:33 -0500] "GET /forest/img/asociarUser.gif HTTP/1.1" 200 1227
201.216.9.81 - - [02/Feb/2015:02:18:33 -0500] "GET /forest/skins/gdocs-jar/img/asociarUserOtraDependencia.gif HTTP/1.1" 200 1217
201.216.9.81 - - [02/Feb/2015:02:18:33 -0500] "GET /forest/skins/gdocs-jar/img/comments.gif HTTP/1.1" 200 672
201.216.9.81 - - [02/Feb/2015:02:18:33 -0500] "GET /forest/skins/gdocs-jar/js/tareas.js?version=1412.231748 HTTP/1.1" 200 41572
201.216.9.81 - - [02/Feb/2015:02:18:33 -0500] "GET /forest/js/jquery/jquery-1.5.2.min.js HTTP/1.1" 200 85940
201.216.9.81 - - [02/Feb/2015:02:18:33 -0500] "GET /forest/skins/gdocs-jar/img/vertodossubprocesos.gif HTTP/1.1" 200 167
201.216.9.81 - - [02/Feb/2015:02:18:33 -0500] "GET /forest/skins/gdocs-jar/img/actividad2.gif HTTP/1.1" 200 1189
201.216.9.81 - - [02/Feb/2015:02:18:33 -0500] "GET /forest/skins/gdocs-jar/img/bola.gif HTTP/1.1" 200 272
201.216.9.81 - - [02/Feb/2015:02:18:32 -0500] "GET /forest/usutareas.do?group_system_actual=3&codTraEsc=17407487&_a=0.9064202645092739 HTTP/1.1" 200 118893
201.216.9.81 - - [02/Feb/2015:02:18:33 -0500] "GET /forest/skins/gdocs-jar/img/spacer.gif HTTP/1.1" 200 43
201.216.9.81 - - [02/Feb/2015:02:18:33 -0500] "GET /forest/skins/gdocs-jar/img/prev.gif HTTP/1.1" 200 827
201.216.9.81 - - [02/Feb/2015:02:18:33 -0500] "GET /forest/js/jquery/jquery.atmosphere.js HTTP/1.1" 200 103614
201.216.9.81 - - [02/Feb/2015:02:18:34 -0500] "GET /forest/session.jsp?a=0.6500299654435366 HTTP/1.1" 200 4
201.216.9.81 - - [02/Feb/2015:02:18:34 -0500] "GET /forest/skins/gdocs-jar/img/green.gif HTTP/1.1" 200 134
201.216.9.81 - - [02/Feb/2015:02:18:39 -0500] "GET /forest/actions/sgc.getPlantillaByInst?codForm=621&codInst=3048877 HTTP/1.1" 200 127757
66.249.73.155 - - [02/Feb/2015:02:18:42 -0500] "GET /BLA/resoluciones/RESOLUCIONES%202010/5265.pdf HTTP/1.1" 304 -
180.76.6.136 - - [02/Feb/2015:02:18:45 -0500] "GET /BLA/resoluciones/RESOLUCIONES%202010/6119.pdf HTTP/1.1" 200 3707129
66.249.73.155 - - [02/Feb/2015:02:19:09 -0500] "GET /BLA/resoluciones/AUTOS%202007/0291.pdf HTTP/1.1" 200 118969
188.165.15.90 - - [02/Feb/2015:02:19:30 -0500] "GET /BLA/resoluciones/RESOLUCIONES%202002/RES%202002%20401-450/00000407.tif HTTP/1.1" 200 58598
66.249.73.155 - - [02/Feb/2015:02:19:46 -0500] "GET /BLA/resoluciones/AUTOS%202009/1556.pdf HTTP/1.1" 200 125432
188.165.15.90 - - [02/Feb/2015:02:19:47 -0500] "GET /BLA/resoluciones/RESOLUCIONES%202003/RES%202003%201701-1750/20031742.tif HTTP/1.1" 200 138252
190.27.46.48 - - [02/Feb/2015:02:20:15 -0500] "GET /forest/session.jsp?a=0.9744620944838971 HTTP/1.1" 200 4
66.249.73.163 - - [02/Feb/2015:02:20:23 -0500] "GET /BLA/resoluciones/RESOLUCIONES%202009/3300.pdf HTTP/1.1" 200 643140
66.249.73.163 - - [02/Feb/2015:02:21:00 -0500] "GET /BLA/resoluciones/RESOLUCIONES%202009/2282.pdf HTTP/1.1" 200 379908
66.249.73.171 - - [02/Feb/2015:02:21:37 -0500] "GET /BLA/resoluciones/RESOLUCIONES%202009/6995.pdf HTTP/1.1" 200 131070
66.249.73.171 - - [02/Feb/2015:02:21:37 -0500] "GET /BLA/resoluciones/RESOLUCIONES%202004/RES%202004%201751-1800/00001754.tif HTTP/1.1" 200 155026
66.249.73.163 - - [02/Feb/2015:02:21:57 -0500] "GET /BLA/resoluciones/AUTOS%202014/0694.pdf HTTP/1.1" 200 380622
66.249.73.155 - - [02/Feb/2015:02:22:14 -0500] "GET /BLA/resoluciones/RESOLUCIONES%202008/0576.pdf HTTP/1.1" 200 302699
66.249.73.171 - - [02/Feb/2015:02:22:17 -0500] "GET /BLA/resoluciones/RESOLUCIONES%202009/8455.pdf HTTP/1.1" 200 645429
74.86.158.107 - - [02/Feb/2015:02:22:38 -0500] "HEAD / HTTP/1.1" 302 -
66.249.73.163 - - [02/Feb/2015:02:22:43 -0500] "GET /BLA/resoluciones/RESOLUCIONES%202010/2806.pdf HTTP/1.1" 200 1522878
66.249.73.163 - - [02/Feb/2015:02:22:51 -0500] "GET /BLA/resoluciones/AUTOS%202007/1154.pdf HTTP/1.1" 200 82389
66.249.73.155 - - [02/Feb/2015:02:22:53 -0500] "GET /BLA/resoluciones/RESOLUCIONES%202003/RES%202003%201151-1200/1200.tif HTTP/1.1" 200 252372
66.249.73.163 - - [02/Feb/2015:02:23:28 -0500] "GET /BLA/resoluciones/AUTOS%202008/3111.pdf HTTP/1.1" 200 81240
201.216.9.81 - - [02/Feb/2015:02:23:35 -0500] "GET /forest/session.jsp?a=0.10928799607791007 HTTP/1.1" 200 4
66.249.73.163 - - [02/Feb/2015:02:24:05 -0500] "GET /BLA/resoluciones/AUTOS%202007/2724.pdf HTTP/1.1" 200 76494
190.27.46.48 - - [02/Feb/2015:02:18:14 -0500] "GET /ForestMSG_SDA/channelAsync/template_word_17407482?X-Atmosphere-tracking-id=7d329fca-073d-f62c-d0e5-a41f38cacff3&X-Atmosphere-Framework=1.0.5&X-Atmosphere-Transport=long-polling&tabid=0.572291151387617&X-Cache-Date=0&Content-Type=application/xml&_=1422861700220 HTTP/1.1" 200 8193
201.216.9.81 - - [02/Feb/2015:02:18:34 -0500] "GET /ForestMSG_SDA/channelAsync/template_word_17407487?X-Atmosphere-tracking-id=22826f49-d0dc-0525-8d5c-e6f28edf9d5b&X-Atmosphere-Framework=1.0.5&X-Atmosphere-Transport=long-polling&tabid=0.21902552363462746&X-Cache-Date=0&Content-Type=application/xml&_=1422861729001 HTTP/1.1" 200 8193
190.29.88.200 - - [02/Feb/2015:02:24:39 -0500] "GET /BLA/boletinlegal/js/jquery.js HTTP/1.1" 200 57254
190.29.88.200 - - [02/Feb/2015:02:24:39 -0500] "GET /BLA/boletinlegal/js/jquery.scrollShow.js HTTP/1.1" 200 4586
190.29.88.200 - - [02/Feb/2015:02:24:39 -0500] "GET /BLA/boletinlegal/js/jquery.scrollTo-min.js HTTP/1.1" 200 1150
66.249.73.163 - - [02/Feb/2015:02:24:42 -0500] "GET /BLA/resoluciones/RESOLUCIONES%202009/6506.pdf HTTP/1.1" 200 431991
66.249.73.155 - - [02/Feb/2015:02:25:19 -0500] "GET /BLA/resoluciones/RESOLUCIONES%202010/7723.pdf HTTP/1.1" 200 75162
66.249.73.155 - - [02/Feb/2015:02:25:56 -0500] "GET /BLA/resoluciones/RESOLUCIONES%202007/RES%202007%203501%20AL%203600/RESOLUCION%203595%20DE%202007.pdf HTTP/1.1" 200 829985
66.249.73.171 - - [02/Feb/2015:02:26:33 -0500] "GET /BLA/resoluciones/RESOLUCIONES%202010/4470.pdf HTTP/1.1" 200 404947
66.249.73.155 - - [02/Feb/2015:02:27:09 -0500] "GET /BLA/resoluciones/RESOLUCIONES%202010/4441.pdf HTTP/1.1" 200 532281
74.86.158.107 - - [02/Feb/2015:02:27:38 -0500] "HEAD / HTTP/1.1" 302 -
66.249.73.155 - - [02/Feb/2015:02:27:46 -0500] "GET /BLA/resoluciones/RESOLUCIONES%202011/0673.pdf HTTP/1.1" 200 355357
66.249.73.163 - - [02/Feb/2015:02:28:23 -0500] "GET /BLA/resoluciones/RESOLUCIONES%202007/RES%202007%202401%20AL%202500/RESOLUCION%202446%20%20DE%202007.pdf HTTP/1.1" 304 -
220.181.108.75 - - [02/Feb/2015:02:28:36 -0500] "GET /BLA/resoluciones/RESOLUCIONES%202010/6192.pdf HTTP/1.1" 200 5154326
201.216.9.81 - - [02/Feb/2015:02:28:52 -0500] "GET /forest/session.jsp?a=0.5593882657121867 HTTP/1.1" 200 4
201.216.9.81 - - [02/Feb/2015:02:28:57 -0500] "GET /forest/skins/gdocs-jar/popup/escritorio/subirborrador.jsp?form=Correspondencia_Elaborar_Documento_Electronico&codTpl=621&codBorr=&a=0.7814047355204821 HTTP/1.1" 200 23285
201.216.9.81 - - [02/Feb/2015:02:28:57 -0500] "GET /forest/img/lapiz.gif HTTP/1.1" 200 914
201.216.9.81 - - [02/Feb/2015:02:28:57 -0500] "GET /forest/img/historial.gif HTTP/1.1" 200 1341
201.216.9.81 - - [02/Feb/2015:02:28:57 -0500] "GET /forest/img/adduser.gif HTTP/1.1" 200 1249
201.216.9.81 - - [02/Feb/2015:02:28:58 -0500] "GET /forest/json.do?query=borradoresByTpls&codInst=3048877&codTare=694&firma=0&a=0.8425494015682489 HTTP/1.1" 200 2
201.216.9.81 - - [02/Feb/2015:02:28:58 -0500] "GET /forest/json.do?query=plantillasByTarea&codTare=694&codInst=3048877&firma=0&a=0.2933157030493021 HTTP/1.1" 200 904
201.216.9.81 - - [02/Feb/2015:02:28:58 -0500] "GET /forest/json.do?query=terceroById&numTer=899999061-9%20SDA&a=0.5109124789014459 HTTP/1.1" 200 683
201.216.9.81 - - [02/Feb/2015:02:28:58 -0500] "GET /forest/json.do?query=ultimoBorradorByTpl&codTpl=621&codInst=3048877&a=0.7886121990159154 HTTP/1.1" 200 2
201.216.9.81 - - [02/Feb/2015:02:28:58 -0500] "GET /forest/json.do?query=ultimoBorradorByTpl&codTpl=1201&codInst=3048877&a=0.6839552798774093 HTTP/1.1" 200 2
201.216.9.81 - - [02/Feb/2015:02:28:58 -0500] "GET /forest/json.do?query=ultimoBorradorByTpl&codTpl=641&codInst=3048877&a=0.7399292250629514 HTTP/1.1" 200 2
201.216.9.81 - - [02/Feb/2015:02:28:58 -0500] "GET /forest/json.do?query=ultimoBorradorByTpl&codTpl=901&codInst=3048877&a=0.11161813954822719 HTTP/1.1" 200 2
201.216.9.81 - - [02/Feb/2015:02:28:58 -0500] "GET /forest/json.do?query=ultimoBorradorByTpl&codTpl=501&codInst=3048877&a=0.6768701137043536 HTTP/1.1" 200 2
201.216.9.81 - - [02/Feb/2015:02:28:58 -0500] "GET /forest/json.do?query=ultimoBorradorByTpl&codTpl=1301&codInst=3048877&a=0.8998780003748834 HTTP/1.1" 200 2
66.249.73.155 - - [02/Feb/2015:02:29:00 -0500] "GET /BLA/resoluciones/RESOLUCIONES%202007/RES%202007%203101%20AL%203200/RESOLUCION%203138%20DE%202007.pdf HTTP/1.1" 200 27184
188.165.15.203 - - [02/Feb/2015:02:29:15 -0500] "GET /BLA/resoluciones/RESOLUCIONES%202002/RES%202002%201051-1100/00001098.tif HTTP/1.1" 200 273456
188.165.15.61 - - [02/Feb/2015:02:29:22 -0500] "GET /BLA/resoluciones/RESOLUCIONES%202003/RES%202003%202151-2189/20032185.tif HTTP/1.1" 200 94202
66.249.73.171 - - [02/Feb/2015:02:29:37 -0500] "GET /BLA/resoluciones/RESOLUCIONES%202010/4404.pdf HTTP/1.1" 200 525153
66.249.73.155 - - [02/Feb/2015:02:30:14 -0500] "GET /BLA/resoluciones/RESOLUCIONES%202011/3142.pdf HTTP/1.1" 200 296297
190.27.46.48 - - [02/Feb/2015:02:24:15 -0500] "GET /ForestMSG_SDA/channelAsync/template_word_17407482?X-Atmosphere-tracking-id=7d329fca-073d-f62c-d0e5-a41f38cacff3&X-Atmosphere-Framework=1.0.5&X-Atmosphere-Transport=long-polling&tabid=0.572291151387617&X-Cache-Date=0&Content-Type=application/xml&_=1422862061222 HTTP/1.1" 200 8193
220.181.108.184 - - [02/Feb/2015:02:30:20 -0500] "GET /POT-2013/Cartografia/17_Sistema%20de%20Movilidad_Subsistema%20de%20Transporte_Transporte%20.pdf HTTP/1.1" 200 3695775
188.165.15.89 - - [02/Feb/2015:02:30:33 -0500] "GET /BLA/resoluciones/RESOLUCIONES%202002/RES%202002%201601-1650/20021645.tif HTTP/1.1" 200 134876
201.216.9.81 - - [02/Feb/2015:02:24:35 -0500] "GET /ForestMSG_SDA/channelAsync/template_word_17407487?X-Atmosphere-tracking-id=22826f49-d0dc-0525-8d5c-e6f28edf9d5b&X-Atmosphere-Framework=1.0.5&X-Atmosphere-Transport=long-polling&tabid=0.21902552363462746&X-Cache-Date=0&Content-Type=application/xml&_=1422862089822 HTTP/1.1" 200 8193
188.165.15.202 - - [02/Feb/2015:02:30:37 -0500] "GET /BLA/resoluciones/RESOLUCIONES%202002/RES%202002%201701-1750/20021727.tif HTTP/1.1" 200 76420
66.249.73.163 - - [02/Feb/2015:02:30:51 -0500] "GET /BLA/resoluciones/RESOLUCIONES%202009/1043.pdf HTTP/1.1" 200 255621
201.216.9.81 - - [02/Feb/2015:02:29:41 -0500] "POST /forest/usutareas.do?group_system_actual=3 HTTP/1.1" 200 184
180.76.5.148 - - [02/Feb/2015:02:31:06 -0500] "GET /BLA/resoluciones/RESOLUCIONES%202010/6119.pdf HTTP/1.1" 200 3707129
66.249.73.163 - - [02/Feb/2015:02:31:28 -0500] "GET /BLA/resoluciones/AUTOS%202007/2278.pdf HTTP/1.1" 200 328296
180.76.5.187 - - [02/Feb/2015:02:31:54 -0500] "GET /BLA/boletinlegal;jsessionid=F0CB15AAA385BBF5F5B218900C6519C3?/? HTTP/1.1" 404 1018
66.249.73.163 - - [02/Feb/2015:02:31:55 -0500] "GET /BLA/resoluciones/RESOLUCIONES%202004/RES%202004%20851-900/00000855.tif HTTP/1.1" 200 122604
66.249.73.163 - - [02/Feb/2015:02:32:05 -0500] "GET /BLA/resoluciones/RESOLUCIONES%202010/0886.pdf HTTP/1.1" 200 106604
74.86.158.107 - - [02/Feb/2015:02:32:38 -0500] "HEAD / HTTP/1.1" 302 -
66.249.73.171 - - [02/Feb/2015:02:32:42 -0500] "GET /BLA/resoluciones/RESOLUCIONES%202007/RES%202007%202601%20AL%202700/RESOLUCION%202666%20DE%202007.pdf HTTP/1.1" 200 181167
66.249.73.163 - - [02/Feb/2015:02:32:47 -0500] "GET /BLA/resoluciones/AUTOS%202009/1885.pdf HTTP/1.1" 200 128637
201.216.9.81 - - [02/Feb/2015:02:30:36 -0500] "GET /ForestMSG_SDA/channelAsync/template_word_17407487?X-Atmosphere-tracking-id=22826f49-d0dc-0525-8d5c-e6f28edf9d5b&X-Atmosphere-Framework=1.0.5&X-Atmosphere-Transport=long-polling&tabid=0.21902552363462746&X-Cache-Date=0&Content-Type=application/xml&_=1422862450820 HTTP/1.1" 200 8193
201.216.9.81 - - [02/Feb/2015:02:32:58 -0500] "GET /forest/usutareas.do?group_system_actual=3&a=0.8752298639155924 HTTP/1.1" 200 120618
201.216.9.81 - - [02/Feb/2015:02:32:59 -0500] "GET /forest/session.jsp?a=0.515482502290979 HTTP/1.1" 200 4
201.216.9.81 - - [02/Feb/2015:02:33:02 -0500] "GET /forest/borrador/1625735/memo%20mib.docx HTTP/1.1" 200 134844
66.249.73.155 - - [02/Feb/2015:02:33:19 -0500] "GET /BLA/resoluciones/RESOLUCIONES%202010/6306.pdf HTTP/1.1" 200 8721922
202.46.53.83 - - [02/Feb/2015:02:33:54 -0500] "GET /BLA/boletinlegal/circulares/6-2013-SDA.pdf HTTP/1.1" 200 4210437
201.216.9.81 - - [02/Feb/2015:02:33:55 -0500] "GET /forest/actions/forms.getList?codForm=Correspondencia_Elaborar_Documento_Electronico&id=funcionariodestino&text=a HTTP/1.1" 200 1267
201.216.9.81 - - [02/Feb/2015:02:33:55 -0500] "GET /forest/actions/forms.getList?codForm=Correspondencia_Elaborar_Documento_Electronico&id=funcionariodestino&text=an HTTP/1.1" 200 1242
201.216.9.81 - - [02/Feb/2015:02:33:56 -0500] "GET /forest/actions/forms.getList?codForm=Correspondencia_Elaborar_Documento_Electronico&id=funcionariodestino&text=and HTTP/1.1" 200 1284
201.216.9.81 - - [02/Feb/2015:02:33:56 -0500] "GET /forest/actions/forms.getList?codForm=Correspondencia_Elaborar_Documento_Electronico&id=funcionariodestino&text=andr HTTP/1.1" 200 1287
201.216.9.81 - - [02/Feb/2015:02:33:56 -0500] "GET /forest/actions/forms.getList?codForm=Correspondencia_Elaborar_Documento_Electronico&id=funcionariodestino&text=andre HTTP/1.1" 200 1286
66.249.73.171 - - [02/Feb/2015:02:33:56 -0500] "GET /BLA/resoluciones/RESOLUCIONES%202007/RES%202007%203401%20AL%203500/RESOLUCION%203402%20DE%202007.pdf HTTP/1.1" 200 684643
201.216.9.81 - - [02/Feb/2015:02:33:56 -0500] "GET /forest/actions/forms.getList?codForm=Correspondencia_Elaborar_Documento_Electronico&id=funcionariodestino&text=andrea HTTP/1.1" 200 1262
188.165.15.94 - - [02/Feb/2015:02:33:56 -0500] "GET /BLA/resoluciones/RESOLUCIONES%202002/RES%202002%20601-650/00000601.tif HTTP/1.1" 200 116192
201.216.9.81 - - [02/Feb/2015:02:33:57 -0500] "GET /forest/actions/forms.getList?codForm=Correspondencia_Elaborar_Documento_Electronico&id=funcionariodestino&text=andrea%20 HTTP/1.1" 200 1262
201.216.9.81 - - [02/Feb/2015:02:33:57 -0500] "GET /forest/actions/forms.getList?codForm=Correspondencia_Elaborar_Documento_Electronico&id=funcionariodestino&text=andrea%20c HTTP/1.1" 200 172
201.216.9.81 - - [02/Feb/2015:02:34:01 -0500] "POST /forest/usutareas.do? HTTP/1.1" 200 76
201.216.9.81 - - [02/Feb/2015:02:34:03 -0500] "GET /forest/usutareas.do?group_system_actual=3&a=0.09286495274864137 HTTP/1.1" 200 21804
201.216.9.81 - - [02/Feb/2015:02:34:04 -0500] "GET /forest/session.jsp?a=0.795432019745931 HTTP/1.1" 200 4
66.249.73.163 - - [02/Feb/2015:02:34:04 -0500] "GET /BLA/resoluciones/RESOLUCIONES%202011/1420.pdf HTTP/1.1" 200 68205
68.180.229.40 - - [02/Feb/2015:02:34:05 -0500] "GET /BLA/boletinlegal/jurisprudencia.php HTTP/1.1" 200 10741
201.216.9.81 - - [02/Feb/2015:02:34:06 -0500] "GET /forest/misactividades.do?_a=0.7838273444212973&group_system_actual=3 HTTP/1.1" 200 39822
201.216.9.81 - - [02/Feb/2015:02:34:06 -0500] "GET /forest/session.jsp?a=0.42816262715496123 HTTP/1.1" 200 4
201.216.9.81 - - [02/Feb/2015:02:34:07 -0500] "POST /forest/misactividades.do?ajax=true&a=0.5992708194535226 HTTP/1.1" 200 4422
66.249.73.155 - - [02/Feb/2015:02:34:33 -0500] "GET /BLA/resoluciones/RESOLUCIONES%202014/0760.pdf HTTP/1.1" 200 1650562
66.249.73.163 - - [02/Feb/2015:02:34:47 -0500] "GET /BLA/resoluciones/RESOLUCIONES%202010/6690.pdf HTTP/1.1" 304 -
180.76.6.147 - - [02/Feb/2015:02:34:55 -0500] "GET /BLA/boletinlegal;jsessionid=D481DD51D7AFF529F742F87017263C20?/? HTTP/1.1" 404 1018
66.249.73.171 - - [02/Feb/2015:02:35:10 -0500] "GET /BLA/resoluciones/RESOLUCIONES%202007/RES%202007%202701%20AL%202800/RESOLUCION%202777%20%20DE%202007.pdf HTTP/1.1" 200 628082
68.180.229.40 - - [02/Feb/2015:02:35:17 -0500] "GET /BLA/boletinlegal/jurisprudencia/analisis/SENTENCIA%20C-703%20DE%202010.xls HTTP/1.1" 200 38912
68.180.229.40 - - [02/Feb/2015:02:35:26 -0500] "GET /BLA/boletinlegal/jurisprudencia/analisis/CUADRO%20SENTENCIA%20C-245%20DE%202004.doc HTTP/1.1" 200 65536
66.249.73.155 - - [02/Feb/2015:02:35:47 -0500] "GET /BLA/resoluciones/RESOLUCIONES%202011/5694.pdf HTTP/1.1" 200 537555
188.165.15.90 - - [02/Feb/2015:02:35:51 -0500] "GET /BLA/resoluciones/RESOLUCIONES%202004/RES%202004%202001-2050/00002042.tif HTTP/1.1" 200 150482
66.249.73.171 - - [02/Feb/2015:02:36:03 -0500] "GET /autoliquidacion/Grupo%20Forestal%20-%20Silvicultura/Especies%20de%20flora%20en%20la%20ciudad%20de%20bogota.xls HTTP/1.1" 200 1619968
66.249.80.51 - - [02/Feb/2015:02:36:10 -0500] "GET /sig/MECI/DOCUMENTOS/Informe%20de%20Gestion/INFORME%20DE%20GESTION%202008%202010VersionFinal.pdf HTTP/1.1" 404 1018
190.27.46.48 - - [02/Feb/2015:02:30:16 -0500] "GET /ForestMSG_SDA/channelAsync/template_word_17407482?X-Atmosphere-tracking-id=7d329fca-073d-f62c-d0e5-a41f38cacff3&X-Atmosphere-Framework=1.0.5&X-Atmosphere-Transport=long-polling&tabid=0.572291151387617&X-Cache-Date=0&Content-Type=application/xml&_=1422862422221 HTTP/1.1" 200 8193
180.76.6.42 - - [02/Feb/2015:02:36:24 -0500] "GET /BLA/resoluciones/RESOLUCIONES%202010/2676.pdf HTTP/1.1" 200 378312
66.249.73.163 - - [02/Feb/2015:02:36:24 -0500] "GET /BLA/resoluciones/RESOLUCIONES%202010/4250.pdf HTTP/1.1" 200 397393
190.27.46.48 - - [02/Feb/2015:02:36:45 -0500] "GET /forest/session.jsp?a=0.6441162237897515 HTTP/1.1" 200 4
123.125.71.45 - - [02/Feb/2015:02:36:46 -0500] "GET / HTTP/1.1" 302 -
190.27.46.48 - - [02/Feb/2015:02:36:49 -0500] "GET /forest/skins/gdocs-jar/popup/escritorio/subirborrador.jsp?form=Correspondencia_Elaborar_Borrador&codTpl=621&codBorr=&a=0.46328025264665484 HTTP/1.1" 200 23286
190.27.46.48 - - [02/Feb/2015:02:36:50 -0500] "GET /forest/skins/gdocs-jar/img/top-search-icon.gif HTTP/1.1" 200 607
190.27.46.48 - - [02/Feb/2015:02:36:51 -0500] "GET /forest/json.do?query=borradoresByTpls&codInst=2991686&codTare=692&firma=0&a=0.9730753125622869 HTTP/1.1" 200 2
190.27.46.48 - - [02/Feb/2015:02:36:51 -0500] "GET /forest/json.do?query=plantillasByTarea&codTare=692&codInst=2991686&firma=0&a=0.5477636477444321 HTTP/1.1" 200 904
190.27.46.48 - - [02/Feb/2015:02:36:51 -0500] "GET /forest/json.do?query=terceroById&numTer=800146425&a=0.38068173243664205 HTTP/1.1" 200 707
190.27.46.48 - - [02/Feb/2015:02:36:51 -0500] "GET /forest/json.do?query=ultimoBorradorByTpl&codTpl=621&codInst=2991686&a=0.7438455775845796 HTTP/1.1" 200 2
190.27.46.48 - - [02/Feb/2015:02:36:51 -0500] "GET /forest/json.do?query=ultimoBorradorByTpl&codTpl=1201&codInst=2991686&a=0.4578736964613199 HTTP/1.1" 200 2
190.27.46.48 - - [02/Feb/2015:02:36:51 -0500] "GET /forest/json.do?query=ultimoBorradorByTpl&codTpl=641&codInst=2991686&a=0.6094663150142878 HTTP/1.1" 200 2
190.27.46.48 - - [02/Feb/2015:02:36:51 -0500] "GET /forest/json.do?query=ultimoBorradorByTpl&codTpl=901&codInst=2991686&a=0.5327937386464328 HTTP/1.1" 200 2
190.27.46.48 - - [02/Feb/2015:02:36:51 -0500] "GET /forest/json.do?query=ultimoBorradorByTpl&codTpl=501&codInst=2991686&a=0.3918783674016595 HTTP/1.1" 200 2
190.27.46.48 - - [02/Feb/2015:02:36:51 -0500] "GET /forest/json.do?query=ultimoBorradorByTpl&codTpl=1301&codInst=2991686&a=0.6748370085842907 HTTP/1.1" 200 2
180.76.6.154 - - [02/Feb/2015:02:37:09 -0500] "GET /BLA/resoluciones/RESOLUCIONES%202007/RES%202007%20201%20AL%20300/RESOLUCION%200259%20DE%202007.pdf HTTP/1.1" 200 267670
66.249.73.155 - - [02/Feb/2015:02:37:38 -0500] "GET /BLA/resoluciones/AUTOS%202014/1826.pdf HTTP/1.1" 200 331195
74.86.158.107 - - [02/Feb/2015:02:37:38 -0500] "HEAD / HTTP/1.1" 302 -
180.76.6.133 - - [02/Feb/2015:02:37:54 -0500] "GET /Autoliquidacion/index.php?dir=Solicitudes%20relacionadas%20con%20calidad%20del%20aire%20auditiva%20y%20visual/&sort=name&order=desc HTTP/1.1" 200 5747
66.249.73.163 - - [02/Feb/2015:02:38:15 -0500] "GET /BLA/resoluciones/RESOLUCIONES%202007/RES%202007%202001%20AL%202100/RESOLUCION%202062%20DE%202007.pdf HTTP/1.1" 200 789858
220.181.108.109 - - [02/Feb/2015:02:38:20 -0500] "GET / HTTP/1.1" 302 -
66.249.73.163 - - [02/Feb/2015:02:38:52 -0500] "GET /BLA/resoluciones/RESOLUCIONES%202010/5762.pdf HTTP/1.1" 200 4344645
201.216.9.81 - - [02/Feb/2015:02:32:59 -0500] "GET /ForestMSG_SDA/channelAsync/template_word_17407487?X-Atmosphere-tracking-id=a0b9e009-e615-d8a8-477c-dae333347490&X-Atmosphere-Framework=1.0.5&X-Atmosphere-Transport=long-polling&tabid=0.8312614348251373&X-Cache-Date=0&Content-Type=application/xml&_=1422862594312 HTTP/1.1" 200 8193
201.216.9.81 - - [02/Feb/2015:02:39:08 -0500] "GET /forest/session.jsp?a=0.8377521350048482 HTTP/1.1" 200 4
66.249.73.163 - - [02/Feb/2015:02:39:29 -0500] "GET /BLA/resoluciones/RESOLUCIONES%202007/RES%202007%202701%20AL%202800/RESOLUCION%202728%20DE%202007.pdf HTTP/1.1" 200 416251
180.76.6.64 - - [02/Feb/2015:02:39:41 -0500] "GET /BLA/resoluciones/RESOLUCIONES%202013/0280.pdf HTTP/1.1" 200 2326224
66.249.73.171 - - [02/Feb/2015:02:40:06 -0500] "GET /BLA/resoluciones/AUTOS%202008/0321.pdf HTTP/1.1" 200 106120
66.249.73.155 - - [02/Feb/2015:02:40:15 -0500] "GET /Autoliquidacion/index.php?dir=Cobro%20Evaluacion%20Certificaci%F3n%20Para%20La%20Deducci%F3n%20Por%20Inversi%F3n%20En%20Medio%20Ambiente/&sort=size&order=asc HTTP/1.1" 200 2987
66.249.73.155 - - [02/Feb/2015:02:40:43 -0500] "GET /BLA/resoluciones/RESOLUCIONES%202014/1616.pdf HTTP/1.1" 200 855607
66.249.73.163 - - [02/Feb/2015:02:41:20 -0500] "GET /BLA/resoluciones/RESOLUCIONES%202010/1300.pdf HTTP/1.1" 200 98819
190.27.46.48 - - [02/Feb/2015:02:40:28 -0500] "POST /forest/usutareas.do?group_system_actual=3 HTTP/1.1" 200 211
190.27.46.48 - - [02/Feb/2015:02:41:34 -0500] "GET /forest/usutareas.do?group_system_actual=3&a=0.38656028429977596 HTTP/1.1" 200 119166
190.27.46.48 - - [02/Feb/2015:02:36:16 -0500] "GET /ForestMSG_SDA/channelAsync/template_word_17407482?X-Atmosphere-tracking-id=7d329fca-073d-f62c-d0e5-a41f38cacff3&X-Atmosphere-Framework=1.0.5&X-Atmosphere-Transport=long-polling&tabid=0.572291151387617&X-Cache-Date=0&Content-Type=application/xml&_=1422862783221 HTTP/1.1" 200 8193
190.27.46.48 - - [02/Feb/2015:02:41:36 -0500] "GET /forest/session.jsp?a=0.054733705474063754 HTTP/1.1" 200 4
201.216.9.81 - - [02/Feb/2015:02:41:41 -0500] "GET /forest/index2.jsp?_a=0.5816779304295778 HTTP/1.1" 200 55356
190.27.46.48 - - [02/Feb/2015:02:41:40 -0500] "GET /forest/usudocumentos.do?_a=0.9648545756936073&group_system_actual=3 HTTP/1.1" 200 99708
201.216.9.81 - - [02/Feb/2015:02:41:47 -0500] "GET /forest/session.jsp?a=0.9044152477290481 HTTP/1.1" 200 4
190.27.46.48 - - [02/Feb/2015:02:41:47 -0500] "GET /forest/session.jsp?a=0.02772034821100533 HTTP/1.1" 200 4
188.165.15.177 - - [02/Feb/2015:02:41:48 -0500] "GET /BLA/resoluciones/RESOLUCIONES%202004/RES%202004%201151-1200/00001170.tif HTTP/1.1" 200 187522
66.249.73.163 - - [02/Feb/2015:02:41:57 -0500] "GET /BLA/resoluciones/RESOLUCIONES%202011/4893.pdf HTTP/1.1" 200 255257
188.165.15.203 - - [02/Feb/2015:02:41:58 -0500] "GET /BLA/resoluciones/RESOLUCIONES%202006/RES%202006%201051-1100/00001057.tif HTTP/1.1" 200 161818
190.27.46.48 - - [02/Feb/2015:02:42:04 -0500] "GET /forest/skins/gdocs-jar/popup/escritorio/asociardoc.jsp?numpro=2957804&a=0.6482457527890801 HTTP/1.1" 200 4987
190.27.46.48 - - [02/Feb/2015:02:42:05 -0500] "GET /forest/skins/gdocs-jar/img/search_doc.gif HTTP/1.1" 200 1166
190.27.46.48 - - [02/Feb/2015:02:41:35 -0500] "GET /ForestMSG_SDA/channelAsync/template_word_17407482?X-Atmosphere-tracking-id=d780a5a8-5979-b591-c2eb-34edc1767343&X-Atmosphere-Framework=1.0.5&X-Atmosphere-Transport=long-polling&tabid=0.17973397998139262&X-Cache-Date=0&Content-Type=application/xml&_=1422863101879 HTTP/1.1" 200 8193
190.27.46.48 - - [02/Feb/2015:02:42:12 -0500] "GET /forest/usutareas.do?_a=0.7592341271229088&group_system_actual=3 HTTP/1.1" 200 119166
190.27.46.48 - - [02/Feb/2015:02:42:13 -0500] "GET /forest/session.jsp?a=0.1247325527947396 HTTP/1.1" 200 4
190.27.46.48 - - [02/Feb/2015:02:42:20 -0500] "POST /forest/usutareas.do? HTTP/1.1" 200 76
190.27.46.48 - - [02/Feb/2015:02:42:22 -0500] "GET /forest/usutareas.do?group_system_actual=3&a=0.800235599046573 HTTP/1.1" 200 19508
190.27.46.48 - - [02/Feb/2015:02:42:23 -0500] "GET /forest/session.jsp?a=0.4897920561488718 HTTP/1.1" 200 4
190.27.46.48 - - [02/Feb/2015:02:42:26 -0500] "GET /forest/misactividades.do?_a=0.9699439066462219&group_system_actual=3 HTTP/1.1" 200 37527
190.27.46.48 - - [02/Feb/2015:02:42:26 -0500] "GET /forest/session.jsp?a=0.8677534707821906 HTTP/1.1" 200 4
190.27.46.48 - - [02/Feb/2015:02:42:27 -0500] "POST /forest/misactividades.do?ajax=true&a=0.7462461465038359 HTTP/1.1" 200 12455
66.249.73.171 - - [02/Feb/2015:02:42:34 -0500] "GET /BLA/resoluciones/AUTOS%202012/1729.pdf HTTP/1.1" 200 1970235
66.249.73.155 - - [02/Feb/2015:02:42:37 -0500] "GET /BLA/resoluciones/RESOLUCIONES%202004/RES%202004%201751-1800/00001769.tif HTTP/1.1" 200 143810
74.86.158.107 - - [02/Feb/2015:02:42:38 -0500] "HEAD / HTTP/1.1" 302 -
66.249.73.171 - - [02/Feb/2015:02:42:46 -0500] "GET /BLA/resoluciones/RESOLUCIONES%202009/3372.pdf HTTP/1.1" 200 543139
190.27.46.48 - - [02/Feb/2015:02:42:47 -0500] "GET /forest/usutareas.do?codTraEsc=17136383 HTTP/1.1" 200 116947
190.27.46.48 - - [02/Feb/2015:02:42:49 -0500] "GET /forest/session.jsp?a=0.0762285424862057 HTTP/1.1" 200 4
186.113.10.143 - - [02/Feb/2015:02:43:08 -0500] "GET /galeria/nivo-slider/demo/images/banner-redes.jpg HTTP/1.1" 304 -
66.249.73.171 - - [02/Feb/2015:02:43:11 -0500] "GET /BLA/resoluciones/Notificaciones/REGISTROS%202014/01418.doc HTTP/1.1" 200 166912
180.76.6.37 - - [02/Feb/2015:02:43:37 -0500] "GET /BLA/resoluciones/RESOLUCIONES%202007/RES%202007%20301%20AL%20400/RESOLUCION%200345%20DE%202007.pdf HTTP/1.1" 200 553909
66.249.73.171 - - [02/Feb/2015:02:43:48 -0500] "GET /BLA/resoluciones/AUTOS%202014/1296.pdf HTTP/1.1" 200 1453485
66.249.73.163 - - [02/Feb/2015:02:43:59 -0500] "GET /Autoliquidacion/Cobro%20Evaluacion%20Certificaci%C3%B3n%20Para%20La%20Deducci%C3%B3n%20Por%20Inversi%C3%B3n%20En%20Medio%20Ambiente/APLICATIVO%20SEGAE%20CERTIFICACI%C3%93N%20PARA%20LA%20DEDUCCI%C3%93N%20POR%20INVERSI%C3%93N%20EN%20MEDIO%20AMBIENTE%202015.xlsx HTTP/1.1" 200 273995
66.249.73.171 - - [02/Feb/2015:02:44:25 -0500] "GET /BLA/resoluciones/AUTOS%202013/2399.pdf HTTP/1.1" 200 1866820
66.249.73.171 - - [02/Feb/2015:02:44:34 -0500] "GET /Autoliquidacion/Cobro%20Evaluacion%20Certificaci%C3%B3n%20Para%20La%20Deducci%C3%B3n%20Por%20Inversi%C3%B3n%20En%20Medio%20Ambiente/Formato%20de%20solicitud%20por%20acreditaci%C3%B3n%20ambiental.....pdf HTTP/1.1" 200 35656
190.25.232.143 - - [02/Feb/2015:02:44:40 -0500] "GET /StormSDA/stormWeb/presentacion.html HTTP/1.1" 304 -
64.6.107.102 - - [02/Feb/2015:02:44:41 -0500] "GET /Autoliquidacion/index.php?dir=Solicitudes%20relacionadas%20con%20calidad%20del%20aire%20auditiva%20y%20visual/Registro%20de%20Elementos%20de%20publicidad%20Exterior%20Visual/'&sort=date'&order=desc'\" HTTP/1.1" 200 7001
64.6.107.102 - - [02/Feb/2015:02:44:41 -0500] "GET /Autoliquidacion/index.php?dir=Solicitudes%20relacionadas%20con%20calidad%20del%20aire%20auditiva%20y%20visual%2FRegistro%20de%20Elementos%20de%20publicidad%20Exterior%20Visual%2F&sort=date&order=desc HTTP/1.0" 200 4036
66.249.73.171 - - [02/Feb/2015:02:45:02 -0500] "GET /BLA/resoluciones/RESOLUCIONES%202013/0257.pdf HTTP/1.1" 304 -
66.249.73.155 - - [02/Feb/2015:02:45:15 -0500] "GET /Autoliquidacion/index.php?dir=Cobro%20Evaluacion%20Certificaci%F3n%20Para%20La%20Deducci%F3n%20Por%20Inversi%F3n%20En%20Medio%20Ambiente/&sort=size&order=desc HTTP/1.1" 200 2986
192.185.83.243 - - [02/Feb/2015:02:45:25 -0500] "GET /BLA/resoluciones/index.php?dir=RESOLUCIONES%202005/RES%202005%202151-2200/'&sort=name'&order=desc'\" HTTP/1.1" 200 7457
192.185.83.243 - - [02/Feb/2015:02:45:25 -0500] "GET /BLA/resoluciones/index.php?dir=RESOLUCIONES%202005%2FRES%202005%202151-2200%2F&sort=name&order=desc HTTP/1.0" 200 16990
66.249.73.171 - - [02/Feb/2015:02:45:39 -0500] "GET /BLA/resoluciones/AUTOS%202013/1692.pdf HTTP/1.1" 200 2648493
66.249.73.163 - - [02/Feb/2015:02:46:16 -0500] "GET /BLA/resoluciones/RESOLUCIONES%202007/RES%202007%20101%20AL%20200/RESOLUCION%200111%20%20DE%202007.pdf HTTP/1.1" 200 377291
66.249.73.163 - - [02/Feb/2015:02:46:42 -0500] "GET /Autoliquidacion/index.php?dir=Cobro%20Evaluacion%20Certificaci%F3n%20Para%20La%20Deducci%F3n%20Por%20Inversi%F3n%20En%20Medio%20Ambiente/&sort=name&order=asc HTTP/1.1" 200 2987
201.216.9.81 - - [02/Feb/2015:02:46:47 -0500] "GET /forest/session.jsp?a=0.6002322428394109 HTTP/1.1" 200 4
66.249.73.171 - - [02/Feb/2015:02:46:53 -0500] "GET /BLA/resoluciones/RESOLUCIONES%202010/6810.pdf HTTP/1.1" 200 1502426
180.76.5.64 - - [02/Feb/2015:02:47:18 -0500] "GET /BLA/boletinlegal;jsessionid=54C5AF9447DA650725B13AC16D450C70?/? HTTP/1.1" 404 1018
66.249.73.155 - - [02/Feb/2015:02:47:30 -0500] "GET /BLA/resoluciones/RESOLUCIONES%202009/3906.pdf HTTP/1.1" 200 310019
74.86.158.107 - - [02/Feb/2015:02:47:38 -0500] "HEAD / HTTP/1.1" 302 -
190.27.46.48 - - [02/Feb/2015:02:47:49 -0500] "GET /forest/session.jsp?a=0.25317812571302056 HTTP/1.1" 200 4
66.249.73.171 - - [02/Feb/2015:02:47:52 -0500] "GET /Autoliquidacion/index.php?dir=Cobro%20Evaluacion%20Certificaci%F3n%20Para%20La%20Deducci%F3n%20Por%20Inversi%F3n%20En%20Medio%20Ambiente/&sort=date&order=asc HTTP/1.1" 200 2987
66.249.73.163 - - [02/Feb/2015:02:48:07 -0500] "GET /BLA/resoluciones/RESOLUCIONES%202009/5689.pdf HTTP/1.1" 200 477357
190.27.46.48 - - [02/Feb/2015:02:42:13 -0500] "GET /ForestMSG_SDA/channelAsync/template_word_17407482?X-Atmosphere-tracking-id=b69ab831-bd4a-c478-6fa3-c017f2980228&X-Atmosphere-Framework=1.0.5&X-Atmosphere-Transport=long-polling&tabid=0.5398617791943252&X-Cache-Date=0&Content-Type=application/xml&_=1422863139297 HTTP/1.1" 200 8193
181.52.37.252 - - [02/Feb/2015:02:48:29 -0500] "GET /BLA/boletinlegal/js/jquery.js HTTP/1.1" 200 57254
181.52.37.252 - - [02/Feb/2015:02:48:29 -0500] "GET /BLA/boletinlegal/js/jquery.scrollTo-min.js HTTP/1.1" 200 1150
181.52.37.252 - - [02/Feb/2015:02:48:29 -0500] "GET /BLA/boletinlegal/js/jquery.scrollShow.js HTTP/1.1" 200 4586
181.52.37.252 - - [02/Feb/2015:02:48:30 -0500] "GET /hidrico/aguas%20subterraneas/ HTTP/1.1" 404 1296
201.216.9.81 - - [02/Feb/2015:02:48:27 -0500] "GET /forest/index2.jsp?_a=0.2104929795023054 HTTP/1.1" 200 55355
201.216.9.81 - - [02/Feb/2015:02:48:32 -0500] "GET /forest/session.jsp?a=0.8998956370633096 HTTP/1.1" 200 4
201.216.9.81 - - [02/Feb/2015:02:48:35 -0500] "GET /forest/logout-redirect.jsp HTTP/1.1" 302 -
201.216.9.81 - - [02/Feb/2015:02:48:35 -0500] "GET /forest/login.do HTTP/1.1" 200 12758
220.181.108.166 - - [02/Feb/2015:02:48:36 -0500] "GET /BLA/resoluciones/RESOLUCIONES%202009/0976.pdf HTTP/1.1" 200 7052794
66.249.73.163 - - [02/Feb/2015:02:48:44 -0500] "GET /BLA/resoluciones/AUTOS%202013/1103.pdf HTTP/1.1" 200 1710497
188.165.15.94 - - [02/Feb/2015:02:48:48 -0500] "GET /BLA/resoluciones/index.php?dir=RESOLUCIONES+2004%2FRES+2004+2251-2300%2F HTTP/1.1" 200 12363
66.249.73.171 - - [02/Feb/2015:02:48:49 -0500] "GET /Autoliquidacion/index.php?dir=Cobro%20Evaluacion%20Certificaci%F3n%20Para%20La%20Deducci%F3n%20Por%20Inversi%F3n%20En%20Medio%20Ambiente/&sort=date&order=desc HTTP/1.1" 200 2986
220.181.108.153 - - [02/Feb/2015:02:48:51 -0500] "GET /BLA/resoluciones/RESOLUCIONES%202013/0244.pdf HTTP/1.1" 200 3677479
181.52.37.252 - - [02/Feb/2015:02:49:00 -0500] "GET /hidrico/aguas%20subterraneas/ HTTP/1.1" 404 1296
66.249.73.163 - - [02/Feb/2015:02:49:04 -0500] "GET /Autoliquidacion/index.php?dir=Cobro%20Evaluacion%20Certificaci%F3n%20Para%20La%20Deducci%F3n%20Por%20Inversi%F3n%20En%20Medio%20Ambiente/&sort=name&order=desc HTTP/1.1" 200 2986
66.249.73.163 - - [02/Feb/2015:02:49:21 -0500] "GET /BLA/resoluciones/RESOLUCIONES%202009/4786.pdf HTTP/1.1" 200 447926
64.6.107.102 - - [02/Feb/2015:02:49:42 -0500] "-" 408 -
66.249.73.155 - - [02/Feb/2015:02:49:58 -0500] "GET /BLA/resoluciones/RESOLUCIONES%202010/4507.pdf HTTP/1.1" 304 -
188.165.15.41 - - [02/Feb/2015:02:50:21 -0500] "GET /BLA/resoluciones/RESOLUCIONES%202005/RES%202005%20951-1000/00000989.tif HTTP/1.1" 200 85914
192.185.83.243 - - [02/Feb/2015:02:50:26 -0500] "-" 408 -
200.118.164.8 - - [02/Feb/2015:02:50:29 -0500] "GET /BLA/boletinlegal/js/jquery.js HTTP/1.1" 200 57254
200.118.164.8 - - [02/Feb/2015:02:50:29 -0500] "GET /BLA/boletinlegal/js/jquery.scrollShow.js HTTP/1.1" 200 4586
200.118.164.8 - - [02/Feb/2015:02:50:29 -0500] "GET /BLA/boletinlegal/js/jquery.scrollTo-min.js HTTP/1.1" 200 1150
66.249.73.171 - - [02/Feb/2015:02:50:35 -0500] "GET /BLA/resoluciones/RESOLUCIONES%202007/RES%202007%20101%20AL%20200/RESOLUCION%200166%20DE%202007.pdf HTTP/1.1" 200 583946
66.249.73.163 - - [02/Feb/2015:02:51:12 -0500] "GET /BLA/resoluciones/RESOLUCIONES%202009/9690.pdf HTTP/1.1" 200 331310
66.249.73.163 - - [02/Feb/2015:02:51:41 -0500] "GET /BLA/resoluciones/RESOLUCIONES%202003/RES%202003%201151-1200/1182.tif HTTP/1.1" 200 195024
66.249.73.171 - - [02/Feb/2015:02:51:49 -0500] "GET /BLA/resoluciones/RESOLUCIONES%202010/6690.pdf HTTP/1.1" 304 -
181.143.244.18 - - [02/Feb/2015:02:51:51 -0500] "GET /BLA/boletinlegal/js/jquery.js HTTP/1.1" 200 57254
181.143.244.18 - - [02/Feb/2015:02:51:51 -0500] "GET /BLA/boletinlegal/js/jquery.scrollTo-min.js HTTP/1.1" 200 1150
181.143.244.18 - - [02/Feb/2015:02:51:51 -0500] "GET /BLA/boletinlegal/js/jquery.scrollShow.js HTTP/1.1" 200 4586
66.249.73.155 - - [02/Feb/2015:02:52:03 -0500] "GET /BLA/resoluciones/AUTOS%202007/1296.pdf HTTP/1.1" 200 56865
190.27.46.48 - - [02/Feb/2015:02:52:14 -0500] "GET /forest/actions/forms.getList?codForm=Revision_reparto_Correspondencias&id=funcionarioasignado&text=M HTTP/1.1" 200 1256
190.27.46.48 - - [02/Feb/2015:02:52:14 -0500] "GET /forest/actions/forms.getList?codForm=Revision_reparto_Correspondencias&id=funcionarioasignado&text=MO HTTP/1.1" 200 1305
190.27.46.48 - - [02/Feb/2015:02:52:14 -0500] "GET /forest/actions/forms.getList?codForm=Revision_reparto_Correspondencias&id=funcionarioasignado&text=MON HTTP/1.1" 200 1319
190.27.46.48 - - [02/Feb/2015:02:52:15 -0500] "GET /forest/actions/forms.getList?codForm=Revision_reparto_Correspondencias&id=funcionarioasignado&text=MONI HTTP/1.1" 200 900
190.27.46.48 - - [02/Feb/2015:02:52:15 -0500] "GET /forest/actions/forms.getList?codForm=Revision_reparto_Correspondencias&id=funcionarioasignado&text=MONIC HTTP/1.1" 200 900
190.27.46.48 - - [02/Feb/2015:02:52:15 -0500] "GET /forest/actions/forms.getList?codForm=Revision_reparto_Correspondencias&id=funcionarioasignado&text=MONICA HTTP/1.1" 200 900
190.27.46.48 - - [02/Feb/2015:02:52:15 -0500] "GET /forest/actions/forms.getList?codForm=Revision_reparto_Correspondencias&id=funcionarioasignado&text=MONICA%20 HTTP/1.1" 200 900
190.27.46.48 - - [02/Feb/2015:02:52:16 -0500] "GET /forest/actions/forms.getList?codForm=Revision_reparto_Correspondencias&id=funcionarioasignado&text=MONICA%20P HTTP/1.1" 200 61
190.27.46.48 - - [02/Feb/2015:02:52:16 -0500] "GET /forest/actions/forms.getList?codForm=Revision_reparto_Correspondencias&id=funcionarioasignado&text=MONICA%20PE HTTP/1.1" 200 61
190.27.46.48 - - [02/Feb/2015:02:52:16 -0500] "GET /forest/actions/forms.getList?codForm=Revision_reparto_Correspondencias&id=funcionarioasignado&text=MONICA%20PER HTTP/1.1" 200 61
190.27.46.48 - - [02/Feb/2015:02:52:20 -0500] "GET /forest/actions/forms.getList?codForm=Revision_reparto_Correspondencias&id=codigoFuncionario&text=G HTTP/1.1" 200 1313
190.27.46.48 - - [02/Feb/2015:02:52:20 -0500] "GET /forest/actions/forms.getList?codForm=Revision_reparto_Correspondencias&id=codigoFuncionario&text=GU HTTP/1.1" 200 1314
190.27.46.48 - - [02/Feb/2015:02:52:20 -0500] "GET /forest/actions/forms.getList?codForm=Revision_reparto_Correspondencias&id=codigoFuncionario&text=GUI HTTP/1.1" 200 1327
190.27.46.48 - - [02/Feb/2015:02:52:20 -0500] "GET /forest/actions/forms.getList?codForm=Revision_reparto_Correspondencias&id=codigoFuncionario&text=GUIL HTTP/1.1" 200 376
190.27.46.48 - - [02/Feb/2015:02:52:20 -0500] "GET /forest/actions/forms.getList?codForm=Revision_reparto_Correspondencias&id=codigoFuncionario&text=GUILL HTTP/1.1" 200 188
190.27.46.48 - - [02/Feb/2015:02:52:20 -0500] "GET /forest/actions/forms.getList?codForm=Revision_reparto_Correspondencias&id=codigoFuncionario&text=GUILLE HTTP/1.1" 200 188
190.27.46.48 - - [02/Feb/2015:02:52:20 -0500] "GET /forest/actions/forms.getList?codForm=Revision_reparto_Correspondencias&id=codigoFuncionario&text=GUILLER HTTP/1.1" 200 188
66.249.73.171 - - [02/Feb/2015:02:52:26 -0500] "GET /BLA/resoluciones/RESOLUCIONES%202010/0524.pdf HTTP/1.1" 304 -
190.27.46.48 - - [02/Feb/2015:02:52:26 -0500] "POST /forest/usutareas.do? HTTP/1.1" 200 76
190.27.46.48 - - [02/Feb/2015:02:52:29 -0500] "GET /forest/usutareas.do?group_system_actual=3&a=0.7450958334375173 HTTP/1.1" 200 117910
190.27.46.48 - - [02/Feb/2015:02:52:30 -0500] "GET /forest/session.jsp?a=0.4625340721104294 HTTP/1.1" 200 4
190.27.46.48 - - [02/Feb/2015:02:52:32 -0500] "GET /forest/skins/gdocs-jar/popup/escritorio/subirborrador.jsp?form=Correspondencia_Elaborar_Borrador&codTpl=621&codBorr=&a=0.5481870032381266 HTTP/1.1" 200 23286
190.27.46.48 - - [02/Feb/2015:02:52:32 -0500] "GET /forest/json.do?query=borradoresByTpls&codInst=3013708&codTare=692&firma=0&a=0.6683548917062581 HTTP/1.1" 200 2
190.27.46.48 - - [02/Feb/2015:02:52:32 -0500] "GET /forest/json.do?query=plantillasByTarea&codTare=692&codInst=3013708&firma=0&a=0.5052769312169403 HTTP/1.1" 200 904
190.27.46.48 - - [02/Feb/2015:02:52:32 -0500] "GET /forest/json.do?query=terceroById&numTer=900769206-6&a=0.09887926420196891 HTTP/1.1" 200 792
190.27.46.48 - - [02/Feb/2015:02:52:32 -0500] "GET /forest/json.do?query=ultimoBorradorByTpl&codTpl=621&codInst=3013708&a=0.8904837919399142 HTTP/1.1" 200 2
190.27.46.48 - - [02/Feb/2015:02:52:32 -0500] "GET /forest/json.do?query=ultimoBorradorByTpl&codTpl=1201&codInst=3013708&a=0.24478367972187698 HTTP/1.1" 200 2
190.27.46.48 - - [02/Feb/2015:02:52:32 -0500] "GET /forest/json.do?query=ultimoBorradorByTpl&codTpl=641&codInst=3013708&a=0.6553290984593332 HTTP/1.1" 200 2
190.27.46.48 - - [02/Feb/2015:02:52:32 -0500] "GET /forest/json.do?query=ultimoBorradorByTpl&codTpl=901&codInst=3013708&a=0.47277030092664063 HTTP/1.1" 200 2
190.27.46.48 - - [02/Feb/2015:02:52:32 -0500] "GET /forest/json.do?query=ultimoBorradorByTpl&codTpl=501&codInst=3013708&a=0.09829703182913363 HTTP/1.1" 200 2
190.27.46.48 - - [02/Feb/2015:02:52:32 -0500] "GET /forest/json.do?query=ultimoBorradorByTpl&codTpl=1301&codInst=3013708&a=0.15201918501406908 HTTP/1.1" 200 2
74.86.158.107 - - [02/Feb/2015:02:52:38 -0500] "HEAD / HTTP/1.1" 302 -
66.249.73.171 - - [02/Feb/2015:02:52:48 -0500] "GET /BLA/resoluciones/RESOLUCIONES%202008/0289.pdf HTTP/1.1" 200 97462
190.27.46.48 - - [02/Feb/2015:02:52:49 -0500] "POST /forest/usutareas.do?group_system_actual=3 HTTP/1.1" 200 211
190.27.46.48 - - [02/Feb/2015:02:52:53 -0500] "GET /forest/usutareas.do?group_system_actual=3&a=0.7323057299945503 HTTP/1.1" 200 119689
190.27.46.48 - - [02/Feb/2015:02:52:30 -0500] "GET /ForestMSG_SDA/channelAsync/template_word_17407493?X-Atmosphere-tracking-id=695f8476-4bb1-107f-e565-33efe9ced8cd&X-Atmosphere-Framework=1.0.5&X-Atmosphere-Transport=long-polling&tabid=0.9604209144599736&X-Cache-Date=0&Content-Type=application/xml&_=1422863756356 HTTP/1.1" 200 8193
190.27.46.48 - - [02/Feb/2015:02:52:54 -0500] "GET /forest/session.jsp?a=0.3966989670880139 HTTP/1.1" 200 4
190.27.46.48 - - [02/Feb/2015:02:52:56 -0500] "POST /forest/usutareas.do? HTTP/1.1" 200 76
190.27.46.48 - - [02/Feb/2015:02:52:57 -0500] "GET /forest/usutareas.do?group_system_actual=3&a=0.5895700734108686 HTTP/1.1" 200 19509
190.27.46.48 - - [02/Feb/2015:02:52:57 -0500] "GET /forest/session.jsp?a=0.2601739107631147 HTTP/1.1" 200 4
190.27.46.48 - - [02/Feb/2015:02:52:59 -0500] "GET /forest/misactividades.do?_a=0.7915523655246943&group_system_actual=3 HTTP/1.1" 200 37527
190.27.46.48 - - [02/Feb/2015:02:53:00 -0500] "GET /forest/session.jsp?a=0.31539027765393257 HTTP/1.1" 200 4
190.27.46.48 - - [02/Feb/2015:02:53:00 -0500] "POST /forest/misactividades.do?ajax=true&a=0.031314480351284146 HTTP/1.1" 200 12379
66.249.73.163 - - [02/Feb/2015:02:53:03 -0500] "GET /BLA/resoluciones/AUTOS%202010/5325.pdf HTTP/1.1" 304 -
190.27.46.48 - - [02/Feb/2015:02:53:06 -0500] "POST /forest/misactividades.do?ajax=true&a=0.6925236613024026 HTTP/1.1" 200 12379
66.249.73.163 - - [02/Feb/2015:02:53:40 -0500] "GET /BLA/resoluciones/RESOLUCIONES%202009/3787.pdf HTTP/1.1" 304 -
190.27.46.48 - - [02/Feb/2015:02:53:58 -0500] "GET /forest/skins/gdocs-jar/popup/popup.jsp?width=850&height=380&title=Informaci%F3n%20del%20radicado&uri=/forest/system/document.jsp%3FcodDoc%3D1966173&name=undefined&_a=0.14676910266280174&a=0.2558963147457689 HTTP/1.1" 200 1315
190.27.46.48 - - [02/Feb/2015:02:53:59 -0500] "GET /forest/system/document.jsp?codDoc=1966173 HTTP/1.1" 200 12919
190.27.46.48 - - [02/Feb/2015:02:53:59 -0500] "GET /forest/system/document.jsp?codDoc=1966173 HTTP/1.1" 200 12919
190.27.46.48 - - [02/Feb/2015:02:54:00 -0500] "GET /forest/documentos/1966173/2014ER195772.pdf HTTP/1.1" 200 705998
180.76.5.189 - - [02/Feb/2015:02:54:11 -0500] "GET /BLA/resoluciones/AUTOS%202012/1246.pdf HTTP/1.1" 200 203564
66.249.73.171 - - [02/Feb/2015:02:54:17 -0500] "GET /BLA/resoluciones/RESOLUCIONES%202009/5818.pdf HTTP/1.1" 200 516494
66.249.73.171 - - [02/Feb/2015:02:54:54 -0500] "GET /BLA/resoluciones/AUTOS%202010/2227.pdf HTTP/1.1" 200 1953045
66.249.73.163 - - [02/Feb/2015:02:55:31 -0500] "GET /BLA/resoluciones/RESOLUCIONES%202013/2616.pdf HTTP/1.1" 200 355959
190.27.46.48 - - [02/Feb/2015:02:55:37 -0500] "GET /forest/skins/gdocs-jar/popup/popup.jsp?width=850&height=380&title=Informaci%F3n%20del%20radicado&uri=/forest/system/document.jsp%3FcodDoc%3D1956376&name=undefined&_a=0.7351379774045199&a=0.6074399731587619 HTTP/1.1" 200 1315
