181.50.27.220 - - [02/Feb/2015:08:40:47 -0500] "GET /dama/libreria/jpg/sec_amb.jpg HTTP/1.0" 404 1019
181.50.27.220 - - [02/Feb/2015:08:40:47 -0500] "GET /dama/libreria/jpg/sec_amb.jpg HTTP/1.0" 404 1019
181.50.27.220 - - [02/Feb/2015:08:40:48 -0500] "GET /dama/libreria/jpg/sec_amb.jpg HTTP/1.0" 404 1019
181.50.27.220 - - [02/Feb/2015:08:40:48 -0500] "GET /dama/libreria/jpg/sec_amb.jpg HTTP/1.0" 404 1019
181.50.27.220 - - [02/Feb/2015:08:40:48 -0500] "GET /dama/libreria/jpg/sec_amb.jpg HTTP/1.0" 404 1019
201.184.65.114 - - [02/Feb/2015:08:41:02 -0500] "POST /forms/lservlet;jsessionid=ac16012b30d535b22aa3d066460d8359a24a8bd78362.e3iSbxaKaheRe38RbNmLa3mSc41ynknvrkLOlQzNp65In0 HTTP/1.1" 200 2
201.245.192.253 - - [02/Feb/2015:08:41:06 -0500] "GET /forest/buscar.do?type=procesos HTTP/1.1" 200 84390
201.245.192.253 - - [02/Feb/2015:08:41:06 -0500] "GET /forest/json.do?query=usersByDep&coddep=215 HTTP/1.1" 200 880
201.245.192.253 - - [02/Feb/2015:08:41:06 -0500] "GET /forest/json.do?query=versionListadas HTTP/1.1" 200 15
201.245.192.253 - - [02/Feb/2015:08:41:06 -0500] "GET /forest/json.do?query=usersByDep&coddep=215 HTTP/1.1" 200 880
201.245.192.253 - - [02/Feb/2015:08:41:06 -0500] "GET /forest/json.do?query=procesIniciales HTTP/1.1" 200 10001
201.245.192.253 - - [02/Feb/2015:08:40:28 -0500] "GET /BLA/boletinlegal/ HTTP/1.1" 200 45660
201.245.192.253 - - [02/Feb/2015:08:41:09 -0500] "POST /forest/buscar.do? HTTP/1.1" 200 5329
201.245.192.253 - - [02/Feb/2015:08:41:10 -0500] "GET /forest/buscar.do?type=procesos HTTP/1.1" 200 84390
201.245.192.253 - - [02/Feb/2015:08:41:10 -0500] "GET /forest/json.do?query=usersByDep&coddep=215 HTTP/1.1" 200 880
201.245.192.253 - - [02/Feb/2015:08:41:10 -0500] "GET /forest/json.do?query=versionListadas HTTP/1.1" 200 15
201.245.192.253 - - [02/Feb/2015:08:41:10 -0500] "GET /forest/json.do?query=usersByDep&coddep=215 HTTP/1.1" 200 880
201.245.192.253 - - [02/Feb/2015:08:41:10 -0500] "GET /forest/json.do?query=procesIniciales HTTP/1.1" 200 10001
201.184.128.202 - - [02/Feb/2015:08:41:09 -0500] "GET /forest/buscar.do?type=procesos HTTP/1.1" 200 84386
201.184.128.202 - - [02/Feb/2015:08:41:11 -0500] "GET /forest/json.do?query=usersByDep&coddep=2 HTTP/1.1" 200 2352
201.184.128.202 - - [02/Feb/2015:08:41:11 -0500] "GET /forest/json.do?query=versionListadas HTTP/1.1" 200 15
201.184.128.202 - - [02/Feb/2015:08:41:11 -0500] "GET /forest/json.do?query=usersByDep&coddep=2 HTTP/1.1" 200 2352
201.184.128.202 - - [02/Feb/2015:08:41:11 -0500] "GET /forest/json.do?query=procesIniciales HTTP/1.1" 200 10001
201.245.192.253 - - [02/Feb/2015:08:41:13 -0500] "POST /forest/buscar.do? HTTP/1.1" 200 5329
201.245.192.253 - - [02/Feb/2015:08:41:14 -0500] "GET /forest/skins/gdocs-jar/popup/popup.jsp?width=900&height=600&title=Informaci%F3n%20de%20proceso&uri=/forest/system/process.jsp%3FnumPro%3D3009005&name=undefined&_a=0.7623756169341505&a=0.878918073605746 HTTP/1.1" 200 1312
201.245.192.253 - - [02/Feb/2015:08:41:14 -0500] "GET /forest/system/process.jsp?numPro=3009005 HTTP/1.1" 200 78015
201.245.192.253 - - [02/Feb/2015:08:41:16 -0500] "GET /forest/skins/gdocs-jar/popup/popup.jsp?width=850&height=380&title=Informaci%F3n%20del%20radicado&uri=/forest/system/document.jsp%3FcodDoc%3D2006479&name=undefined&_a=0.8894235817715526&a=0.47639300348237157 HTTP/1.1" 200 1315
201.245.192.253 - - [02/Feb/2015:08:41:16 -0500] "GET /forest/system/document.jsp?codDoc=2006479 HTTP/1.1" 200 13326
201.245.192.253 - - [02/Feb/2015:08:41:16 -0500] "GET /forest/system/document.jsp?codDoc=2006479 HTTP/1.1" 200 13326
186.84.51.21 - - [02/Feb/2015:08:41:18 -0500] "POST /forms/lservlet;jsessionid=ac16012b30d50614f2e6ad6a4606bc7a8718b4f9e6a0.e3iSbxaKaheRe38RbNmLa3mSc41ynknvrkLOlQzNp65In0 HTTP/1.1" 200 176
218.30.103.61 - - [02/Feb/2015:08:41:20 -0500] "GET /resoluciones/RESOLUCIONES%202009/0015.pdf HTTP/1.1" 404 1018
201.245.192.253 - - [02/Feb/2015:08:41:19 -0500] "GET /forest/usudocumentos.do?p7z=2006479&a=0.3651873907074332&a=0.20638948096893728 HTTP/1.1" 200 2574
186.84.51.21 - - [02/Feb/2015:08:41:20 -0500] "POST /forms/lservlet;jsessionid=ac16012b30d50614f2e6ad6a4606bc7a8718b4f9e6a0.e3iSbxaKaheRe38RbNmLa3mSc41ynknvrkLOlQzNp65In0 HTTP/1.1" 200 163
186.84.51.21 - - [02/Feb/2015:08:41:21 -0500] "POST /forms/lservlet;jsessionid=ac16012b30d50614f2e6ad6a4606bc7a8718b4f9e6a0.e3iSbxaKaheRe38RbNmLa3mSc41ynknvrkLOlQzNp65In0 HTTP/1.1" 200 2
200.116.52.149 - - [02/Feb/2015:08:41:22 -0500] "GET /BLA/resoluciones/RESOLUCIONES%202011/1239.pdf HTTP/1.1" 200 147215
186.84.51.21 - - [02/Feb/2015:08:41:22 -0500] "POST /forms/lservlet;jsessionid=ac16012b30d50614f2e6ad6a4606bc7a8718b4f9e6a0.e3iSbxaKaheRe38RbNmLa3mSc41ynknvrkLOlQzNp65In0 HTTP/1.1" 200 180
186.84.51.21 - - [02/Feb/2015:08:41:22 -0500] "GET /imagenes/listval.gif HTTP/1.1" 200 905
186.84.51.21 - - [02/Feb/2015:08:41:22 -0500] "POST /forms/lservlet;jsessionid=ac16012b30d50614f2e6ad6a4606bc7a8718b4f9e6a0.e3iSbxaKaheRe38RbNmLa3mSc41ynknvrkLOlQzNp65In0 HTTP/1.1" 200 2
200.116.52.149 - - [02/Feb/2015:08:41:23 -0500] "GET /favicon.ico HTTP/1.1" 200 7782
201.184.128.202 - - [02/Feb/2015:08:41:23 -0500] "POST /forest/buscar.do? HTTP/1.1" 200 6514
201.245.192.253 - - [02/Feb/2015:08:41:24 -0500] "GET /forest/session.jsp?a=0.8684067968279123 HTTP/1.1" 200 4
186.84.51.21 - - [02/Feb/2015:08:41:24 -0500] "POST /forms/lservlet;jsessionid=ac16012b30d50614f2e6ad6a4606bc7a8718b4f9e6a0.e3iSbxaKaheRe38RbNmLa3mSc41ynknvrkLOlQzNp65In0 HTTP/1.1" 200 7
201.184.128.202 - - [02/Feb/2015:08:41:26 -0500] "GET /forest/skins/gdocs-jar/popup/popup.jsp?width=900&height=600&title=Informaci%F3n%20de%20proceso&uri=/forest/system/process.jsp%3FnumPro%3D2968964&name=undefined&_a=0.3616859095636755&a=0.20962334517389536 HTTP/1.1" 200 1312
201.184.128.202 - - [02/Feb/2015:08:41:26 -0500] "GET /forest/system/process.jsp?numPro=2968964 HTTP/1.1" 200 22753
201.184.128.202 - - [02/Feb/2015:08:41:26 -0500] "GET /forest/system/process.jsp?numPro=2968964 HTTP/1.1" 200 22753
201.184.128.202 - - [02/Feb/2015:08:41:29 -0500] "GET /forest/skins/gdocs-jar/popup/popup.jsp?width=850&height=380&title=Informaci%F3n%20del%20radicado&uri=/forest/system/document.jsp%3FcodDoc%3D2006598&name=undefined&_a=0.3041143075097352&a=0.017830022843554616 HTTP/1.1" 200 1315
201.184.128.202 - - [02/Feb/2015:08:41:29 -0500] "GET /forest/system/document.jsp?codDoc=2006598 HTTP/1.1" 200 14148
201.184.128.202 - - [02/Feb/2015:08:41:29 -0500] "GET /forest/system/document.jsp?codDoc=2006598 HTTP/1.1" 200 14148
201.184.128.202 - - [02/Feb/2015:08:41:31 -0500] "GET /forest/usudocumentos.do?p7z=2006598&a=0.7510595340281725&a=0.9938161787576973 HTTP/1.1" 200 2586
201.245.192.253 - - [02/Feb/2015:08:41:21 -0500] "GET /forest/documentos/2006479/2015IE14105.p7z:claro/Doc%20Numeraci%C3%B3n.docx HTTP/1.1" 200 7757816
66.249.73.155 - - [02/Feb/2015:08:41:32 -0500] "GET /BLA/resoluciones/AUTOS%202007/0033.pdf HTTP/1.1" 200 91197
201.245.192.253 - - [02/Feb/2015:08:41:35 -0500] "GET /forest/usudocumentos.do?p7z=2006479&a=0.04391883150674403&a=0.8405360444448888 HTTP/1.1" 200 2574
201.184.128.202 - - [02/Feb/2015:08:41:33 -0500] "GET /forest/documentos/2006598/2015IE14224.p7z:claro/Concepto_Seguimiento_Fijas.docx HTTP/1.1" 200 480579
188.165.15.90 - - [02/Feb/2015:08:41:36 -0500] "GET /BLA/resoluciones/RESOLUCIONES%202006/RES%202006%20%202851-2900/00002885.tif HTTP/1.1" 200 37312
190.144.101.203 - - [02/Feb/2015:08:41:38 -0500] "GET /BLA/resoluciones/RESOLUCIONES%202007/RES%202007%20701%20AL%20800/RESOLUCION%200750%20DE%202007.pdf HTTP/1.1" 200 232815
190.144.101.203 - - [02/Feb/2015:08:41:38 -0500] "GET /favicon.ico HTTP/1.1" 200 7782
201.245.192.253 - - [02/Feb/2015:08:41:36 -0500] "GET /forest/documentos/2006479/2015IE14105.p7z:claro/Doc%20Numeraci%C3%B3n.docx HTTP/1.1" 200 3973112
186.84.50.252 - - [02/Feb/2015:08:41:44 -0500] "POST /forms/lservlet;jsessionid=ac16012b30d5847a8080514c485c9f94eabda48d14fa.e3iSbxaKaheRe38RbNmLa3mSc41ynknvrkLOlQzNp65In0 HTTP/1.1" 200 2
190.159.62.244 - - [02/Feb/2015:08:41:46 -0500] "GET /catalogoisis/ HTTP/1.1" 200 8575
190.159.62.244 - - [02/Feb/2015:08:41:46 -0500] "GET /catalogoisis/Css/Busqueda.css HTTP/1.1" 200 1995
190.159.62.244 - - [02/Feb/2015:08:41:46 -0500] "GET /catalogoisis/Js/AceptarLimpiar.js HTTP/1.1" 200 331
190.159.62.244 - - [02/Feb/2015:08:41:46 -0500] "GET /catalogoisis/Js/Cookies.js HTTP/1.1" 200 1369
190.159.62.244 - - [02/Feb/2015:08:41:46 -0500] "GET /catalogoisis/Js/Remote.js HTTP/1.1" 200 436
190.159.62.244 - - [02/Feb/2015:08:41:46 -0500] "GET /catalogoisis/Js/LimpiarCombinada.js HTTP/1.1" 200 207
190.159.62.244 - - [02/Feb/2015:08:41:46 -0500] "GET /catalogoisis/Js/CriterioCombinada.js HTTP/1.1" 200 1843
190.159.62.244 - - [02/Feb/2015:08:41:46 -0500] "GET /catalogoisis/Js/Numero.js HTTP/1.1" 200 398
190.159.62.244 - - [02/Feb/2015:08:41:46 -0500] "GET /catalogoisis/Js/Go.js HTTP/1.1" 200 364
190.159.62.244 - - [02/Feb/2015:08:41:46 -0500] "GET /catalogoisis/Js/Enter.js HTTP/1.1" 200 1208
190.159.62.244 - - [02/Feb/2015:08:41:46 -0500] "GET /catalogoisis/imagenes/br1c3.gif HTTP/1.1" 200 302
190.159.62.244 - - [02/Feb/2015:08:41:46 -0500] "GET /catalogoisis/imagenes/Header.gif HTTP/1.1" 200 14509
190.159.62.244 - - [02/Feb/2015:08:41:46 -0500] "GET /catalogoisis/imagenes/aceptar1.gif HTTP/1.1" 200 604
190.159.62.244 - - [02/Feb/2015:08:41:46 -0500] "GET /catalogoisis/imagenes/limpiar1.gif HTTP/1.1" 200 606
190.159.62.244 - - [02/Feb/2015:08:41:46 -0500] "GET /catalogoisis/imagenes/br1c1.gif HTTP/1.1" 200 172
190.159.62.244 - - [02/Feb/2015:08:41:46 -0500] "GET /catalogoisis/imagenes/Turnbo1.gif HTTP/1.1" 200 227
190.159.62.244 - - [02/Feb/2015:08:41:46 -0500] "GET /catalogoisis/imagenes/br3c1.gif HTTP/1.1" 200 177
190.159.62.244 - - [02/Feb/2015:08:41:46 -0500] "GET /catalogoisis/imagenes/br3c2.gif HTTP/1.1" 200 285
190.159.62.244 - - [02/Feb/2015:08:41:46 -0500] "GET /catalogoisis/imagenes/br2c1.gif HTTP/1.1" 200 297
190.159.62.244 - - [02/Feb/2015:08:41:46 -0500] "GET /catalogoisis/imagenes/br2c2.gif HTTP/1.1" 200 302
190.159.62.244 - - [02/Feb/2015:08:41:46 -0500] "GET /catalogoisis/imagenes/br3c3.gif HTTP/1.1" 200 186
190.159.62.244 - - [02/Feb/2015:08:41:46 -0500] "GET /catalogoisis/imagenes/br1c2.gif HTTP/1.1" 200 297
190.159.62.244 - - [02/Feb/2015:08:41:46 -0500] "GET /catalogoisis/imagenes/br2c3.gif HTTP/1.1" 200 416
190.159.62.244 - - [02/Feb/2015:08:41:46 -0500] "GET /favicon.ico HTTP/1.1" 200 7782
150.70.173.5 - - [02/Feb/2015:08:41:50 -0500] "GET /BLA/boletinlegal/js/jquery.scrollShow.js HTTP/1.1" 200 4586
150.70.173.55 - - [02/Feb/2015:08:41:51 -0500] "GET /BLA/boletinlegal/js/jquery.scrollTo-min.js HTTP/1.1" 200 1150
218.30.103.61 - - [02/Feb/2015:08:41:51 -0500] "GET /resoluciones/RESOLUCIONES%202009/0041.pdf HTTP/1.1" 404 1018
186.84.51.21 - - [02/Feb/2015:08:41:53 -0500] "POST /forms/lservlet;jsessionid=ac16012b30d50614f2e6ad6a4606bc7a8718b4f9e6a0.e3iSbxaKaheRe38RbNmLa3mSc41ynknvrkLOlQzNp65In0 HTTP/1.1" 200 2
201.245.192.253 - - [02/Feb/2015:08:41:44 -0500] "GET /forest/documentos/2006479/2015IE14105.p7z:claro/Doc%20Numeraci%C3%B3n.docx HTTP/1.1" 200 7973952
186.84.51.21 - - [02/Feb/2015:08:41:56 -0500] "POST /forms/lservlet;jsessionid=ac16012b30d50614f2e6ad6a4606bc7a8718b4f9e6a0.e3iSbxaKaheRe38RbNmLa3mSc41ynknvrkLOlQzNp65In0 HTTP/1.1" 200 146
186.84.51.21 - - [02/Feb/2015:08:41:56 -0500] "POST /forms/lservlet;jsessionid=ac16012b30d50614f2e6ad6a4606bc7a8718b4f9e6a0.e3iSbxaKaheRe38RbNmLa3mSc41ynknvrkLOlQzNp65In0 HTTP/1.1" 200 8
186.84.51.21 - - [02/Feb/2015:08:41:56 -0500] "POST /forms/lservlet;jsessionid=ac16012b30d50614f2e6ad6a4606bc7a8718b4f9e6a0.e3iSbxaKaheRe38RbNmLa3mSc41ynknvrkLOlQzNp65In0 HTTP/1.1" 200 2
201.184.128.202 - - [02/Feb/2015:08:40:41 -0500] "GET /forest/documentos/2004928/2015IE12554.p7z:claro/Concepto_Seguimiento_Fijas.docx HTTP/1.1" 200 16928386
150.70.173.40 - - [02/Feb/2015:08:41:57 -0500] "GET /BLA/boletinlegal/js/jquery.js HTTP/1.1" 200 57254
186.84.51.21 - - [02/Feb/2015:08:41:58 -0500] "POST /forms/lservlet;jsessionid=ac16012b30d50614f2e6ad6a4606bc7a8718b4f9e6a0.e3iSbxaKaheRe38RbNmLa3mSc41ynknvrkLOlQzNp65In0 HTTP/1.1" 200 22
186.84.51.21 - - [02/Feb/2015:08:41:58 -0500] "POST /forms/lservlet;jsessionid=ac16012b30d50614f2e6ad6a4606bc7a8718b4f9e6a0.e3iSbxaKaheRe38RbNmLa3mSc41ynknvrkLOlQzNp65In0 HTTP/1.1" 200 21
186.84.51.21 - - [02/Feb/2015:08:41:59 -0500] "POST /forms/lservlet;jsessionid=ac16012b30d50614f2e6ad6a4606bc7a8718b4f9e6a0.e3iSbxaKaheRe38RbNmLa3mSc41ynknvrkLOlQzNp65In0 HTTP/1.1" 200 21
150.70.173.45 - - [02/Feb/2015:08:41:59 -0500] "GET /BLA/boletinlegal/js/jquery.js HTTP/1.1" 200 57254
186.84.51.21 - - [02/Feb/2015:08:42:00 -0500] "POST /forms/lservlet;jsessionid=ac16012b30d50614f2e6ad6a4606bc7a8718b4f9e6a0.e3iSbxaKaheRe38RbNmLa3mSc41ynknvrkLOlQzNp65In0 HTTP/1.1" 200 94
201.184.128.202 - - [02/Feb/2015:08:42:00 -0500] "GET /forest/buscar.do?type=procesos HTTP/1.1" 200 84386
201.184.128.202 - - [02/Feb/2015:08:42:00 -0500] "GET /forest/json.do?query=usersByDep&coddep=2 HTTP/1.1" 200 2352
201.184.128.202 - - [02/Feb/2015:08:42:00 -0500] "GET /forest/json.do?query=versionListadas HTTP/1.1" 200 15
201.184.128.202 - - [02/Feb/2015:08:42:00 -0500] "GET /forest/json.do?query=usersByDep&coddep=2 HTTP/1.1" 200 2352
201.184.128.202 - - [02/Feb/2015:08:42:01 -0500] "GET /forest/json.do?query=procesIniciales HTTP/1.1" 200 10001
186.84.51.21 - - [02/Feb/2015:08:42:01 -0500] "POST /forms/lservlet;jsessionid=ac16012b30d50614f2e6ad6a4606bc7a8718b4f9e6a0.e3iSbxaKaheRe38RbNmLa3mSc41ynknvrkLOlQzNp65In0 HTTP/1.1" 200 55
186.84.51.21 - - [02/Feb/2015:08:42:01 -0500] "POST /forms/lservlet;jsessionid=ac16012b30d50614f2e6ad6a4606bc7a8718b4f9e6a0.e3iSbxaKaheRe38RbNmLa3mSc41ynknvrkLOlQzNp65In0 HTTP/1.1" 200 8
186.84.51.21 - - [02/Feb/2015:08:42:01 -0500] "POST /forms/lservlet;jsessionid=ac16012b30d50614f2e6ad6a4606bc7a8718b4f9e6a0.e3iSbxaKaheRe38RbNmLa3mSc41ynknvrkLOlQzNp65In0 HTTP/1.1" 200 2
186.84.51.21 - - [02/Feb/2015:08:42:02 -0500] "POST /forms/lservlet;jsessionid=ac16012b30d50614f2e6ad6a4606bc7a8718b4f9e6a0.e3iSbxaKaheRe38RbNmLa3mSc41ynknvrkLOlQzNp65In0 HTTP/1.1" 200 2
186.84.51.21 - - [02/Feb/2015:08:42:02 -0500] "POST /forms/lservlet;jsessionid=ac16012b30d50614f2e6ad6a4606bc7a8718b4f9e6a0.e3iSbxaKaheRe38RbNmLa3mSc41ynknvrkLOlQzNp65In0 HTTP/1.1" 200 8
186.84.51.21 - - [02/Feb/2015:08:42:02 -0500] "POST /forms/lservlet;jsessionid=ac16012b30d50614f2e6ad6a4606bc7a8718b4f9e6a0.e3iSbxaKaheRe38RbNmLa3mSc41ynknvrkLOlQzNp65In0 HTTP/1.1" 200 2
66.249.73.155 - - [02/Feb/2015:08:42:02 -0500] "GET /BLA/resoluciones/AUTOS%202008/1083.pdf HTTP/1.1" 200 242459
186.84.51.21 - - [02/Feb/2015:08:42:03 -0500] "POST /forms/lservlet;jsessionid=ac16012b30d50614f2e6ad6a4606bc7a8718b4f9e6a0.e3iSbxaKaheRe38RbNmLa3mSc41ynknvrkLOlQzNp65In0 HTTP/1.1" 200 2
186.84.51.21 - - [02/Feb/2015:08:42:04 -0500] "POST /forms/lservlet;jsessionid=ac16012b30d50614f2e6ad6a4606bc7a8718b4f9e6a0.e3iSbxaKaheRe38RbNmLa3mSc41ynknvrkLOlQzNp65In0 HTTP/1.1" 200 8
186.84.51.21 - - [02/Feb/2015:08:42:04 -0500] "POST /forms/lservlet;jsessionid=ac16012b30d50614f2e6ad6a4606bc7a8718b4f9e6a0.e3iSbxaKaheRe38RbNmLa3mSc41ynknvrkLOlQzNp65In0 HTTP/1.1" 200 2
201.184.128.202 - - [02/Feb/2015:08:42:04 -0500] "POST /forest/buscar.do? HTTP/1.1" 200 5853
186.84.51.21 - - [02/Feb/2015:08:42:04 -0500] "POST /forms/lservlet;jsessionid=ac16012b30d50614f2e6ad6a4606bc7a8718b4f9e6a0.e3iSbxaKaheRe38RbNmLa3mSc41ynknvrkLOlQzNp65In0 HTTP/1.1" 200 25
186.84.51.21 - - [02/Feb/2015:08:42:05 -0500] "POST /forms/lservlet;jsessionid=ac16012b30d50614f2e6ad6a4606bc7a8718b4f9e6a0.e3iSbxaKaheRe38RbNmLa3mSc41ynknvrkLOlQzNp65In0 HTTP/1.1" 200 24
186.84.51.21 - - [02/Feb/2015:08:42:05 -0500] "POST /forms/lservlet;jsessionid=ac16012b30d50614f2e6ad6a4606bc7a8718b4f9e6a0.e3iSbxaKaheRe38RbNmLa3mSc41ynknvrkLOlQzNp65In0 HTTP/1.1" 200 24
186.84.51.21 - - [02/Feb/2015:08:42:05 -0500] "POST /forms/lservlet;jsessionid=ac16012b30d50614f2e6ad6a4606bc7a8718b4f9e6a0.e3iSbxaKaheRe38RbNmLa3mSc41ynknvrkLOlQzNp65In0 HTTP/1.1" 200 24
201.184.128.202 - - [02/Feb/2015:08:42:06 -0500] "GET /forest/skins/gdocs-jar/popup/popup.jsp?width=900&height=600&title=Informaci%F3n%20de%20proceso&uri=/forest/system/process.jsp%3FnumPro%3D2968845&name=undefined&_a=0.0069239260628819466&a=0.5843069416005164 HTTP/1.1" 200 1312
201.184.128.202 - - [02/Feb/2015:08:42:06 -0500] "GET /forest/system/process.jsp?numPro=2968845 HTTP/1.1" 200 14690
201.184.128.202 - - [02/Feb/2015:08:42:06 -0500] "GET /forest/system/process.jsp?numPro=2968845 HTTP/1.1" 200 19514
201.184.128.202 - - [02/Feb/2015:08:42:06 -0500] "GET /forest/skins/gdocs-jar/img/icons/xlsx.gif HTTP/1.1" 200 1039
186.84.51.21 - - [02/Feb/2015:08:42:09 -0500] "POST /forms/lservlet;jsessionid=ac16012b30d50614f2e6ad6a4606bc7a8718b4f9e6a0.e3iSbxaKaheRe38RbNmLa3mSc41ynknvrkLOlQzNp65In0 HTTP/1.1" 200 10
186.84.51.21 - - [02/Feb/2015:08:42:09 -0500] "POST /forms/lservlet;jsessionid=ac16012b30d50614f2e6ad6a4606bc7a8718b4f9e6a0.e3iSbxaKaheRe38RbNmLa3mSc41ynknvrkLOlQzNp65In0 HTTP/1.1" 200 124
186.84.51.21 - - [02/Feb/2015:08:42:09 -0500] "POST /forms/lservlet;jsessionid=ac16012b30d50614f2e6ad6a4606bc7a8718b4f9e6a0.e3iSbxaKaheRe38RbNmLa3mSc41ynknvrkLOlQzNp65In0 HTTP/1.1" 200 2
186.84.51.21 - - [02/Feb/2015:08:42:10 -0500] "POST /forms/lservlet;jsessionid=ac16012b30d50614f2e6ad6a4606bc7a8718b4f9e6a0.e3iSbxaKaheRe38RbNmLa3mSc41ynknvrkLOlQzNp65In0 HTTP/1.1" 200 7
186.84.51.21 - - [02/Feb/2015:08:42:10 -0500] "POST /forms/lservlet;jsessionid=ac16012b30d50614f2e6ad6a4606bc7a8718b4f9e6a0.e3iSbxaKaheRe38RbNmLa3mSc41ynknvrkLOlQzNp65In0 HTTP/1.1" 200 50
186.84.51.21 - - [02/Feb/2015:08:42:10 -0500] "POST /forms/lservlet;jsessionid=ac16012b30d50614f2e6ad6a4606bc7a8718b4f9e6a0.e3iSbxaKaheRe38RbNmLa3mSc41ynknvrkLOlQzNp65In0 HTTP/1.1" 200 2
186.84.51.21 - - [02/Feb/2015:08:42:11 -0500] "POST /forms/lservlet;jsessionid=ac16012b30d50614f2e6ad6a4606bc7a8718b4f9e6a0.e3iSbxaKaheRe38RbNmLa3mSc41ynknvrkLOlQzNp65In0 HTTP/1.1" 200 7
186.84.51.21 - - [02/Feb/2015:08:42:11 -0500] "POST /forms/lservlet;jsessionid=ac16012b30d50614f2e6ad6a4606bc7a8718b4f9e6a0.e3iSbxaKaheRe38RbNmLa3mSc41ynknvrkLOlQzNp65In0 HTTP/1.1" 200 47
186.84.51.21 - - [02/Feb/2015:08:42:11 -0500] "POST /forms/lservlet;jsessionid=ac16012b30d50614f2e6ad6a4606bc7a8718b4f9e6a0.e3iSbxaKaheRe38RbNmLa3mSc41ynknvrkLOlQzNp65In0 HTTP/1.1" 200 2
186.84.51.21 - - [02/Feb/2015:08:42:12 -0500] "POST /forms/lservlet;jsessionid=ac16012b30d50614f2e6ad6a4606bc7a8718b4f9e6a0.e3iSbxaKaheRe38RbNmLa3mSc41ynknvrkLOlQzNp65In0 HTTP/1.1" 200 7
186.84.51.21 - - [02/Feb/2015:08:42:12 -0500] "POST /forms/lservlet;jsessionid=ac16012b30d50614f2e6ad6a4606bc7a8718b4f9e6a0.e3iSbxaKaheRe38RbNmLa3mSc41ynknvrkLOlQzNp65In0 HTTP/1.1" 200 47
186.84.51.21 - - [02/Feb/2015:08:42:12 -0500] "POST /forms/lservlet;jsessionid=ac16012b30d50614f2e6ad6a4606bc7a8718b4f9e6a0.e3iSbxaKaheRe38RbNmLa3mSc41ynknvrkLOlQzNp65In0 HTTP/1.1" 200 2
218.30.103.61 - - [02/Feb/2015:08:42:17 -0500] "GET /manual_funciones/ HTTP/1.1" 404 1018
186.84.51.21 - - [02/Feb/2015:08:42:19 -0500] "POST /forms/lservlet;jsessionid=ac16012b30d50614f2e6ad6a4606bc7a8718b4f9e6a0.e3iSbxaKaheRe38RbNmLa3mSc41ynknvrkLOlQzNp65In0 HTTP/1.1" 200 7
186.84.51.21 - - [02/Feb/2015:08:42:19 -0500] "POST /forms/lservlet;jsessionid=ac16012b30d50614f2e6ad6a4606bc7a8718b4f9e6a0.e3iSbxaKaheRe38RbNmLa3mSc41ynknvrkLOlQzNp65In0 HTTP/1.1" 200 47
186.84.51.21 - - [02/Feb/2015:08:42:19 -0500] "POST /forms/lservlet;jsessionid=ac16012b30d50614f2e6ad6a4606bc7a8718b4f9e6a0.e3iSbxaKaheRe38RbNmLa3mSc41ynknvrkLOlQzNp65In0 HTTP/1.1" 200 2
186.84.51.21 - - [02/Feb/2015:08:42:20 -0500] "POST /forms/lservlet;jsessionid=ac16012b30d50614f2e6ad6a4606bc7a8718b4f9e6a0.e3iSbxaKaheRe38RbNmLa3mSc41ynknvrkLOlQzNp65In0 HTTP/1.1" 200 7
186.84.51.21 - - [02/Feb/2015:08:42:20 -0500] "POST /forms/lservlet;jsessionid=ac16012b30d50614f2e6ad6a4606bc7a8718b4f9e6a0.e3iSbxaKaheRe38RbNmLa3mSc41ynknvrkLOlQzNp65In0 HTTP/1.1" 200 47
186.84.51.21 - - [02/Feb/2015:08:42:20 -0500] "POST /forms/lservlet;jsessionid=ac16012b30d50614f2e6ad6a4606bc7a8718b4f9e6a0.e3iSbxaKaheRe38RbNmLa3mSc41ynknvrkLOlQzNp65In0 HTTP/1.1" 200 2
190.159.62.244 - - [02/Feb/2015:08:42:20 -0500] "GET /galeria/nivo-slider/themes/default/arrows.png HTTP/1.1" 200 824
190.159.62.244 - - [02/Feb/2015:08:42:20 -0500] "GET /galeria/nivo-slider/themes/default/bullets.png HTTP/1.1" 200 1281
201.184.128.202 - - [02/Feb/2015:08:42:20 -0500] "GET /forest/skins/gdocs-jar/popup/popup.jsp?width=900&height=600&title=Informaci%F3n%20de%20proceso&uri=/forest/system/process.jsp%3FnumPro%3D2968845&name=undefined&_a=0.003721861867234111&a=0.9171209707856178 HTTP/1.1" 200 1312
201.184.128.202 - - [02/Feb/2015:08:42:20 -0500] "GET /forest/system/process.jsp?numPro=2968845 HTTP/1.1" 200 19514
201.184.128.202 - - [02/Feb/2015:08:42:20 -0500] "GET /forest/system/process.jsp?numPro=2968845 HTTP/1.1" 200 19514
186.84.51.21 - - [02/Feb/2015:08:42:21 -0500] "POST /forms/lservlet;jsessionid=ac16012b30d50614f2e6ad6a4606bc7a8718b4f9e6a0.e3iSbxaKaheRe38RbNmLa3mSc41ynknvrkLOlQzNp65In0 HTTP/1.1" 200 7
186.84.51.21 - - [02/Feb/2015:08:42:21 -0500] "POST /forms/lservlet;jsessionid=ac16012b30d50614f2e6ad6a4606bc7a8718b4f9e6a0.e3iSbxaKaheRe38RbNmLa3mSc41ynknvrkLOlQzNp65In0 HTTP/1.1" 200 47
186.84.51.21 - - [02/Feb/2015:08:42:21 -0500] "POST /forms/lservlet;jsessionid=ac16012b30d50614f2e6ad6a4606bc7a8718b4f9e6a0.e3iSbxaKaheRe38RbNmLa3mSc41ynknvrkLOlQzNp65In0 HTTP/1.1" 200 2
186.84.51.21 - - [02/Feb/2015:08:42:22 -0500] "POST /forms/lservlet;jsessionid=ac16012b30d50614f2e6ad6a4606bc7a8718b4f9e6a0.e3iSbxaKaheRe38RbNmLa3mSc41ynknvrkLOlQzNp65In0 HTTP/1.1" 200 96
186.84.51.21 - - [02/Feb/2015:08:42:26 -0500] "POST /forms/lservlet;jsessionid=ac16012b30d50614f2e6ad6a4606bc7a8718b4f9e6a0.e3iSbxaKaheRe38RbNmLa3mSc41ynknvrkLOlQzNp65In0 HTTP/1.1" 200 43
186.84.51.21 - - [02/Feb/2015:08:42:26 -0500] "POST /forms/lservlet;jsessionid=ac16012b30d50614f2e6ad6a4606bc7a8718b4f9e6a0.e3iSbxaKaheRe38RbNmLa3mSc41ynknvrkLOlQzNp65In0 HTTP/1.1" 200 8
186.84.51.21 - - [02/Feb/2015:08:42:26 -0500] "POST /forms/lservlet;jsessionid=ac16012b30d50614f2e6ad6a4606bc7a8718b4f9e6a0.e3iSbxaKaheRe38RbNmLa3mSc41ynknvrkLOlQzNp65In0 HTTP/1.1" 200 2
201.245.192.253 - - [02/Feb/2015:08:42:26 -0500] "GET /forest/documentos/1442913/2012ER019152.pdf HTTP/1.1" 200 214
186.84.51.21 - - [02/Feb/2015:08:42:27 -0500] "POST /forms/lservlet;jsessionid=ac16012b30d50614f2e6ad6a4606bc7a8718b4f9e6a0.e3iSbxaKaheRe38RbNmLa3mSc41ynknvrkLOlQzNp65In0 HTTP/1.1" 200 2
188.165.15.203 - - [02/Feb/2015:08:42:27 -0500] "GET /BLA/resoluciones/RESOLUCIONES%202006/RES%202006%20%202901-2950/00002949.tif HTTP/1.1" 200 220832
186.84.51.21 - - [02/Feb/2015:08:42:27 -0500] "POST /forms/lservlet;jsessionid=ac16012b30d50614f2e6ad6a4606bc7a8718b4f9e6a0.e3iSbxaKaheRe38RbNmLa3mSc41ynknvrkLOlQzNp65In0 HTTP/1.1" 200 8
186.84.51.21 - - [02/Feb/2015:08:42:27 -0500] "POST /forms/lservlet;jsessionid=ac16012b30d50614f2e6ad6a4606bc7a8718b4f9e6a0.e3iSbxaKaheRe38RbNmLa3mSc41ynknvrkLOlQzNp65In0 HTTP/1.1" 200 2
201.245.192.253 - - [02/Feb/2015:08:42:27 -0500] "GET /forest/documentos/1442913/2012ER019152.pdf HTTP/1.1" 200 214
190.69.156.130 - - [02/Feb/2015:08:42:28 -0500] "GET /dama/libreria/jpg/sec_amb.jpg HTTP/1.1" 404 1019
190.69.156.130 - - [02/Feb/2015:08:42:28 -0500] "GET /dama/libreria/jpg/sec_amb.jpg HTTP/1.1" 404 1019
190.69.156.130 - - [02/Feb/2015:08:42:28 -0500] "GET /dama/libreria/jpg/sec_amb.jpg HTTP/1.1" 404 1019
190.69.156.130 - - [02/Feb/2015:08:42:28 -0500] "GET /dama/libreria/jpg/sec_amb.jpg HTTP/1.1" 404 1019
190.69.156.130 - - [02/Feb/2015:08:42:29 -0500] "GET /dama/libreria/jpg/sec_amb.jpg HTTP/1.1" 404 1019
190.69.156.130 - - [02/Feb/2015:08:42:29 -0500] "GET /dama/libreria/jpg/sec_amb.jpg HTTP/1.1" 404 1019
190.69.156.130 - - [02/Feb/2015:08:42:29 -0500] "GET /dama/libreria/jpg/sec_amb.jpg HTTP/1.1" 404 1019
190.69.156.130 - - [02/Feb/2015:08:42:29 -0500] "GET /dama/libreria/jpg/sec_amb.jpg HTTP/1.1" 404 1019
190.144.229.50 - - [02/Feb/2015:08:42:32 -0500] "GET /galeria/carrusel/Carrusel/jquery.thumbnailScroller.css HTTP/1.1" 200 2066
190.144.229.50 - - [02/Feb/2015:08:42:32 -0500] "GET /galeria/carrusel/Carrusel/jquery-ui-1.8.13.custom.min.js HTTP/1.1" 200 10800
190.144.229.50 - - [02/Feb/2015:08:42:32 -0500] "GET /galeria/carrusel/Carrusel/jquery.thumbnailScroller.js HTTP/1.1" 200 8157
66.249.73.171 - - [02/Feb/2015:08:42:33 -0500] "GET /BLA/resoluciones/AUTOS%202008/0140.pdf HTTP/1.1" 200 184706
186.84.51.21 - - [02/Feb/2015:08:42:33 -0500] "POST /forms/lservlet;jsessionid=ac16012b30d50614f2e6ad6a4606bc7a8718b4f9e6a0.e3iSbxaKaheRe38RbNmLa3mSc41ynknvrkLOlQzNp65In0 HTTP/1.1" 200 2
186.84.51.21 - - [02/Feb/2015:08:42:33 -0500] "POST /forms/lservlet;jsessionid=ac16012b30d50614f2e6ad6a4606bc7a8718b4f9e6a0.e3iSbxaKaheRe38RbNmLa3mSc41ynknvrkLOlQzNp65In0 HTTP/1.1" 200 102
186.84.51.21 - - [02/Feb/2015:08:42:34 -0500] "POST /forms/lservlet;jsessionid=ac16012b30d50614f2e6ad6a4606bc7a8718b4f9e6a0.e3iSbxaKaheRe38RbNmLa3mSc41ynknvrkLOlQzNp65In0 HTTP/1.1" 200 2
186.84.51.21 - - [02/Feb/2015:08:42:34 -0500] "POST /forms/lservlet;jsessionid=ac16012b30d50614f2e6ad6a4606bc7a8718b4f9e6a0.e3iSbxaKaheRe38RbNmLa3mSc41ynknvrkLOlQzNp65In0 HTTP/1.1" 200 2
186.84.51.21 - - [02/Feb/2015:08:42:35 -0500] "POST /forms/lservlet;jsessionid=ac16012b30d50614f2e6ad6a4606bc7a8718b4f9e6a0.e3iSbxaKaheRe38RbNmLa3mSc41ynknvrkLOlQzNp65In0 HTTP/1.1" 200 2043
186.84.51.21 - - [02/Feb/2015:08:42:35 -0500] "POST /forms/lservlet;jsessionid=ac16012b30d50614f2e6ad6a4606bc7a8718b4f9e6a0.e3iSbxaKaheRe38RbNmLa3mSc41ynknvrkLOlQzNp65In0 HTTP/1.1" 200 78
66.249.73.155 - - [02/Feb/2015:08:42:35 -0500] "GET /BLA/resoluciones/RESOLUCIONES%202005/RES%202005%201501-1550/00001543.tif HTTP/1.1" 200 230158
190.144.229.50 - - [02/Feb/2015:08:42:35 -0500] "GET /galeria/nivo-slider/demo/demo.html HTTP/1.1" 200 3150
190.144.229.50 - - [02/Feb/2015:08:42:36 -0500] "GET /galeria/nivo-slider/themes/default/default.css HTTP/1.1" 200 1569
190.144.229.50 - - [02/Feb/2015:08:42:36 -0500] "GET /galeria/nivo-slider/themes/orman/orman.css HTTP/1.1" 200 2152
190.144.229.50 - - [02/Feb/2015:08:42:36 -0500] "GET /galeria/nivo-slider/themes/pascal/pascal.css HTTP/1.1" 200 2258
190.144.229.50 - - [02/Feb/2015:08:42:36 -0500] "GET /galeria/nivo-slider/nivo-slider.css HTTP/1.1" 200 1507
190.144.229.50 - - [02/Feb/2015:08:42:36 -0500] "GET /galeria/nivo-slider/demo/images/bolsas-08.jpg HTTP/1.1" 200 85589
190.144.229.50 - - [02/Feb/2015:08:42:36 -0500] "GET /galeria/nivo-slider/jquery.nivo.slider.pack.js HTTP/1.1" 200 11561
190.144.229.50 - - [02/Feb/2015:08:42:36 -0500] "GET /galeria/nivo-slider/demo/images/Ruta-vertimientos-01.jpg HTTP/1.1" 200 130151
190.144.229.50 - - [02/Feb/2015:08:42:36 -0500] "GET /galeria/nivo-slider/demo/style.css HTTP/1.1" 200 2222
190.144.229.50 - - [02/Feb/2015:08:42:36 -0500] "GET /galeria/nivo-slider/demo/scripts/jquery-1.7.1.min.js HTTP/1.1" 200 93868
190.144.229.50 - - [02/Feb/2015:08:42:36 -0500] "GET /galeria/nivo-slider/demo/images/bolsas-06.jpg HTTP/1.1" 200 90982
190.144.229.50 - - [02/Feb/2015:08:42:37 -0500] "GET /galeria/nivo-slider/demo/images/porloshumedales.jpg HTTP/1.1" 200 351238
190.144.229.50 - - [02/Feb/2015:08:42:37 -0500] "GET /galeria/nivo-slider/demo/images/ecolecta-Dic2014.png HTTP/1.1" 200 288593
190.144.229.50 - - [02/Feb/2015:08:42:37 -0500] "GET /galeria/nivo-slider/demo/images/Tingua-azul.jpg HTTP/1.1" 200 307638
74.86.158.107 - - [02/Feb/2015:08:42:38 -0500] "HEAD / HTTP/1.1" 302 -
190.144.229.50 - - [02/Feb/2015:08:42:38 -0500] "GET /galeria/nivo-slider/demo/images/4Simple_Slider.png HTTP/1.1" 200 11722
190.144.229.50 - - [02/Feb/2015:08:42:38 -0500] "GET /galeria/nivo-slider/themes/default/loading.gif HTTP/1.1" 200 1737
190.144.229.50 - - [02/Feb/2015:08:42:38 -0500] "GET /galeria/nivo-slider/demo/images/Banner-Caracol-Africano.jpg HTTP/1.1" 200 331986
190.144.229.50 - - [02/Feb/2015:08:42:38 -0500] "GET /galeria/nivo-slider/demo/images/banner-redes.jpg HTTP/1.1" 200 62209
190.144.229.50 - - [02/Feb/2015:08:42:40 -0500] "GET /galeria/nivo-slider/demo/images/9Signos.jpg HTTP/1.1" 200 93040
190.144.229.50 - - [02/Feb/2015:08:42:41 -0500] "GET /videos/Spot_CambioClimatico.flv HTTP/1.1" 200 4371917
190.144.229.50 - - [02/Feb/2015:08:42:41 -0500] "GET /galeria/nivo-slider/demo/images/banner-llantas2.jpg HTTP/1.1" 200 73153
190.144.229.50 - - [02/Feb/2015:08:42:41 -0500] "GET /galeria/nivo-slider/demo/images/banner-caballos.png HTTP/1.1" 200 389106
186.84.51.21 - - [02/Feb/2015:08:42:41 -0500] "POST /forms/lservlet;jsessionid=ac16012b30d50614f2e6ad6a4606bc7a8718b4f9e6a0.e3iSbxaKaheRe38RbNmLa3mSc41ynknvrkLOlQzNp65In0 HTTP/1.1" 200 34756
186.84.51.21 - - [02/Feb/2015:08:42:41 -0500] "GET /imagenes/listval.gif HTTP/1.1" 200 905
186.84.51.21 - - [02/Feb/2015:08:42:41 -0500] "GET /imagenes/rt_quer3.gif HTTP/1.1" 200 939
186.84.51.21 - - [02/Feb/2015:08:42:41 -0500] "POST /forms/lservlet;jsessionid=ac16012b30d50614f2e6ad6a4606bc7a8718b4f9e6a0.e3iSbxaKaheRe38RbNmLa3mSc41ynknvrkLOlQzNp65In0 HTTP/1.1" 200 7
186.84.51.21 - - [02/Feb/2015:08:42:41 -0500] "GET /imagenes/rt_pset.gif HTTP/1.1" 200 914
186.84.51.21 - - [02/Feb/2015:08:42:41 -0500] "POST /forms/lservlet;jsessionid=ac16012b30d50614f2e6ad6a4606bc7a8718b4f9e6a0.e3iSbxaKaheRe38RbNmLa3mSc41ynknvrkLOlQzNp65In0 HTTP/1.1" 200 34
186.84.51.21 - - [02/Feb/2015:08:42:41 -0500] "POST /forms/lservlet;jsessionid=ac16012b30d50614f2e6ad6a4606bc7a8718b4f9e6a0.e3iSbxaKaheRe38RbNmLa3mSc41ynknvrkLOlQzNp65In0 HTTP/1.1" 200 2
190.109.190.247 - - [02/Feb/2015:08:42:43 -0500] "GET /BLA/boletinlegal/js/jquery.js HTTP/1.1" 200 57254
186.84.51.21 - - [02/Feb/2015:08:42:43 -0500] "POST /forms/lservlet;jsessionid=ac16012b30d50614f2e6ad6a4606bc7a8718b4f9e6a0.e3iSbxaKaheRe38RbNmLa3mSc41ynknvrkLOlQzNp65In0 HTTP/1.1" 200 610
190.109.190.247 - - [02/Feb/2015:08:42:43 -0500] "GET /BLA/boletinlegal/js/jquery.scrollTo-min.js HTTP/1.1" 200 1150
190.109.190.247 - - [02/Feb/2015:08:42:43 -0500] "GET /BLA/boletinlegal/js/jquery.scrollShow.js HTTP/1.1" 200 4586
200.116.52.149 - - [02/Feb/2015:08:42:45 -0500] "GET /BLA/resoluciones/RESOLUCIONES%202011/5697.pdf HTTP/1.1" 200 1005959
190.144.229.50 - - [02/Feb/2015:08:42:47 -0500] "GET /galeria/nivo-slider/themes/default/arrows.png HTTP/1.1" 200 824
190.144.229.50 - - [02/Feb/2015:08:42:47 -0500] "GET /galeria/nivo-slider/themes/default/bullets.png HTTP/1.1" 200 1281
200.116.52.149 - - [02/Feb/2015:08:42:47 -0500] "GET /BLA/resoluciones/RESOLUCIONES%202011/5697.pdf HTTP/1.1" 206 32768
200.116.52.149 - - [02/Feb/2015:08:42:47 -0500] "GET /BLA/resoluciones/RESOLUCIONES%202011/5697.pdf HTTP/1.1" 206 973191
190.123.12.11 - - [02/Feb/2015:08:42:52 -0500] "GET /BLA/boletinlegal/js/jquery.scrollShow.js HTTP/1.0" 200 4586
190.123.12.11 - - [02/Feb/2015:08:42:52 -0500] "GET /BLA/boletinlegal/js/jquery.js HTTP/1.0" 200 57254
190.123.12.11 - - [02/Feb/2015:08:42:52 -0500] "GET /BLA/boletinlegal/js/jquery.scrollTo-min.js HTTP/1.0" 200 1150
66.249.73.155 - - [02/Feb/2015:08:42:52 -0500] "GET /BLA/resoluciones/RESOLUCIONES%202004/RES%202004%201801-1850/00001837.tif HTTP/1.1" 200 161520
186.84.51.21 - - [02/Feb/2015:08:42:53 -0500] "POST /forms/lservlet;jsessionid=ac16012b30d50614f2e6ad6a4606bc7a8718b4f9e6a0.e3iSbxaKaheRe38RbNmLa3mSc41ynknvrkLOlQzNp65In0 HTTP/1.1" 200 26
186.84.51.21 - - [02/Feb/2015:08:42:53 -0500] "POST /forms/lservlet;jsessionid=ac16012b30d50614f2e6ad6a4606bc7a8718b4f9e6a0.e3iSbxaKaheRe38RbNmLa3mSc41ynknvrkLOlQzNp65In0 HTTP/1.1" 200 3917
186.84.51.21 - - [02/Feb/2015:08:42:53 -0500] "POST /forms/lservlet;jsessionid=ac16012b30d50614f2e6ad6a4606bc7a8718b4f9e6a0.e3iSbxaKaheRe38RbNmLa3mSc41ynknvrkLOlQzNp65In0 HTTP/1.1" 200 2
201.245.192.253 - - [02/Feb/2015:08:42:55 -0500] "GET /forest/session.jsp?a=0.023168175262483603 HTTP/1.1" 200 4
190.26.90.39 - - [02/Feb/2015:08:42:57 -0500] "GET /galeria/carrusel/Carrusel/jquery.thumbnailScroller.css HTTP/1.1" 200 2066
190.26.90.39 - - [02/Feb/2015:08:42:57 -0500] "GET /BLA/boletinlegal/js/jquery.js HTTP/1.1" 200 57254
190.26.90.39 - - [02/Feb/2015:08:42:57 -0500] "GET /BLA/boletinlegal/js/jquery.scrollTo-min.js HTTP/1.1" 200 1150
190.26.90.39 - - [02/Feb/2015:08:42:57 -0500] "GET /BLA/boletinlegal/js/jquery.scrollShow.js HTTP/1.1" 200 4586
190.26.90.39 - - [02/Feb/2015:08:42:57 -0500] "GET /galeria/carrusel/Carrusel/jquery-ui-1.8.13.custom.min.js HTTP/1.1" 200 10800
190.26.90.39 - - [02/Feb/2015:08:42:57 -0500] "GET /galeria/carrusel/Carrusel/jquery.thumbnailScroller.js HTTP/1.1" 200 8157
190.26.90.39 - - [02/Feb/2015:08:42:58 -0500] "GET /galeria/nivo-slider/demo/demo.html HTTP/1.1" 200 3150
190.26.90.39 - - [02/Feb/2015:08:42:58 -0500] "GET /galeria/nivo-slider/themes/default/default.css HTTP/1.1" 200 1569
190.26.90.39 - - [02/Feb/2015:08:42:58 -0500] "GET /galeria/nivo-slider/themes/pascal/pascal.css HTTP/1.1" 200 2258
190.26.90.39 - - [02/Feb/2015:08:42:58 -0500] "GET /galeria/nivo-slider/themes/orman/orman.css HTTP/1.1" 200 2152
190.26.90.39 - - [02/Feb/2015:08:42:58 -0500] "GET /galeria/nivo-slider/nivo-slider.css HTTP/1.1" 200 1507
190.26.90.39 - - [02/Feb/2015:08:42:58 -0500] "GET /galeria/nivo-slider/demo/style.css HTTP/1.1" 200 2222
190.26.90.39 - - [02/Feb/2015:08:42:58 -0500] "GET /galeria/nivo-slider/demo/scripts/jquery-1.7.1.min.js HTTP/1.1" 200 93868
190.26.90.39 - - [02/Feb/2015:08:42:58 -0500] "GET /galeria/nivo-slider/jquery.nivo.slider.pack.js HTTP/1.1" 200 11561
190.26.90.39 - - [02/Feb/2015:08:42:59 -0500] "GET /galeria/nivo-slider/themes/default/loading.gif HTTP/1.1" 200 1737
190.26.90.39 - - [02/Feb/2015:08:42:59 -0500] "GET /galeria/nivo-slider/demo/images/4Simple_Slider.png HTTP/1.1" 200 11722
190.26.90.39 - - [02/Feb/2015:08:43:00 -0500] "GET /galeria/nivo-slider/demo/images/Ruta-vertimientos-01.jpg HTTP/1.1" 200 130151
190.26.90.39 - - [02/Feb/2015:08:43:00 -0500] "GET /galeria/nivo-slider/demo/images/bolsas-06.jpg HTTP/1.1" 200 90982
190.26.90.39 - - [02/Feb/2015:08:43:00 -0500] "GET /galeria/nivo-slider/demo/images/ecolecta-Dic2014.png HTTP/1.1" 200 288593
190.26.90.39 - - [02/Feb/2015:08:43:00 -0500] "GET /galeria/nivo-slider/demo/images/porloshumedales.jpg HTTP/1.1" 200 351238
190.26.90.39 - - [02/Feb/2015:08:43:00 -0500] "GET /galeria/nivo-slider/demo/images/bolsas-08.jpg HTTP/1.1" 200 85589
190.26.90.39 - - [02/Feb/2015:08:43:00 -0500] "GET /galeria/nivo-slider/demo/images/Tingua-azul.jpg HTTP/1.1" 200 307638
201.245.192.253 - - [02/Feb/2015:08:43:01 -0500] "GET /forest/buscar.do?type=procesos HTTP/1.1" 200 84390
190.26.90.39 - - [02/Feb/2015:08:43:01 -0500] "GET /videos/Spot_CambioClimatico.flv HTTP/1.1" 200 4371917
201.245.192.253 - - [02/Feb/2015:08:43:01 -0500] "GET /forest/json.do?query=usersByDep&coddep=215 HTTP/1.1" 200 880
201.245.192.253 - - [02/Feb/2015:08:43:01 -0500] "GET /forest/json.do?query=versionListadas HTTP/1.1" 200 15
201.245.192.253 - - [02/Feb/2015:08:43:01 -0500] "GET /forest/json.do?query=usersByDep&coddep=215 HTTP/1.1" 200 880
201.245.192.253 - - [02/Feb/2015:08:43:01 -0500] "GET /forest/json.do?query=procesIniciales HTTP/1.1" 200 10001
190.26.90.39 - - [02/Feb/2015:08:43:01 -0500] "GET /galeria/nivo-slider/demo/images/Banner-Caracol-Africano.jpg HTTP/1.1" 200 331986
190.26.90.39 - - [02/Feb/2015:08:43:02 -0500] "GET /galeria/nivo-slider/demo/images/banner-redes.jpg HTTP/1.1" 200 62209
190.26.90.39 - - [02/Feb/2015:08:43:02 -0500] "GET /galeria/nivo-slider/demo/images/9Signos.jpg HTTP/1.1" 200 93040
201.184.65.114 - - [02/Feb/2015:08:43:02 -0500] "POST /forms/lservlet;jsessionid=ac16012b30d535b22aa3d066460d8359a24a8bd78362.e3iSbxaKaheRe38RbNmLa3mSc41ynknvrkLOlQzNp65In0 HTTP/1.1" 200 2
190.26.90.39 - - [02/Feb/2015:08:43:02 -0500] "GET /galeria/nivo-slider/demo/images/banner-llantas2.jpg HTTP/1.1" 200 73153
190.26.90.39 - - [02/Feb/2015:08:43:03 -0500] "GET /galeria/nivo-slider/demo/images/banner-caballos.png HTTP/1.1" 200 389106
201.245.192.253 - - [02/Feb/2015:08:43:03 -0500] "POST /forest/buscar.do? HTTP/1.1" 200 5332
201.245.192.253 - - [02/Feb/2015:08:43:05 -0500] "GET /forest/skins/gdocs-jar/popup/popup.jsp?width=900&height=600&title=Informaci%F3n%20de%20proceso&uri=/forest/system/process.jsp%3FnumPro%3D3008880&name=undefined&_a=0.775106752756983&a=0.297003623098135 HTTP/1.1" 200 1312
201.245.192.253 - - [02/Feb/2015:08:43:05 -0500] "GET /forest/system/process.jsp?numPro=3008880 HTTP/1.1" 200 78026
190.26.90.39 - - [02/Feb/2015:08:43:05 -0500] "GET /galeria/nivo-slider/themes/default/arrows.png HTTP/1.1" 200 824
190.26.90.39 - - [02/Feb/2015:08:43:05 -0500] "GET /galeria/nivo-slider/themes/default/bullets.png HTTP/1.1" 200 1281
201.245.192.253 - - [02/Feb/2015:08:43:07 -0500] "GET /forest/skins/gdocs-jar/popup/popup.jsp?width=850&height=380&title=Informaci%F3n%20del%20radicado&uri=/forest/system/document.jsp%3FcodDoc%3D2006539&name=undefined&_a=0.07042411831207573&a=0.741899591172114 HTTP/1.1" 200 1315
201.245.192.253 - - [02/Feb/2015:08:43:07 -0500] "GET /forest/system/document.jsp?codDoc=2006539 HTTP/1.1" 200 13331
201.245.192.253 - - [02/Feb/2015:08:43:07 -0500] "GET /forest/system/document.jsp?codDoc=2006539 HTTP/1.1" 200 13331
201.245.192.253 - - [02/Feb/2015:08:43:10 -0500] "GET /forest/usudocumentos.do?p7z=2006539&a=0.4327935629989952&a=0.3182785175740719 HTTP/1.1" 200 2574
186.84.51.21 - - [02/Feb/2015:08:43:15 -0500] "POST /forms/lservlet;jsessionid=ac16012b30d50614f2e6ad6a4606bc7a8718b4f9e6a0.e3iSbxaKaheRe38RbNmLa3mSc41ynknvrkLOlQzNp65In0 HTTP/1.1" 200 101
180.76.6.158 - - [02/Feb/2015:08:43:16 -0500] "GET /BLA/boletinlegal;jsessionid=DD742698DFFD8C0D045A9C93660D3ED9?/? HTTP/1.1" 404 1018
186.84.51.21 - - [02/Feb/2015:08:43:16 -0500] "POST /forms/lservlet;jsessionid=ac16012b30d50614f2e6ad6a4606bc7a8718b4f9e6a0.e3iSbxaKaheRe38RbNmLa3mSc41ynknvrkLOlQzNp65In0 HTTP/1.1" 200 91
186.84.51.21 - - [02/Feb/2015:08:43:16 -0500] "POST /forms/lservlet;jsessionid=ac16012b30d50614f2e6ad6a4606bc7a8718b4f9e6a0.e3iSbxaKaheRe38RbNmLa3mSc41ynknvrkLOlQzNp65In0 HTTP/1.1" 200 8
186.84.51.21 - - [02/Feb/2015:08:43:16 -0500] "POST /forms/lservlet;jsessionid=ac16012b30d50614f2e6ad6a4606bc7a8718b4f9e6a0.e3iSbxaKaheRe38RbNmLa3mSc41ynknvrkLOlQzNp65In0 HTTP/1.1" 200 2
186.84.51.21 - - [02/Feb/2015:08:43:17 -0500] "POST /forms/lservlet;jsessionid=ac16012b30d50614f2e6ad6a4606bc7a8718b4f9e6a0.e3iSbxaKaheRe38RbNmLa3mSc41ynknvrkLOlQzNp65In0 HTTP/1.1" 200 138
201.245.192.253 - - [02/Feb/2015:08:43:18 -0500] "GET /forest/session.jsp?a=0.17320636357180774 HTTP/1.1" 200 4
201.245.192.253 - - [02/Feb/2015:08:43:12 -0500] "GET /forest/documentos/2006539/2015IE14165.p7z:claro/Doc%20Numeraci%C3%B3n.docx HTTP/1.1" 200 6680717
186.84.51.21 - - [02/Feb/2015:08:43:21 -0500] "POST /forms/lservlet;jsessionid=ac16012b30d50614f2e6ad6a4606bc7a8718b4f9e6a0.e3iSbxaKaheRe38RbNmLa3mSc41ynknvrkLOlQzNp65In0 HTTP/1.1" 200 2
186.84.51.21 - - [02/Feb/2015:08:43:22 -0500] "POST /forms/lservlet;jsessionid=ac16012b30d50614f2e6ad6a4606bc7a8718b4f9e6a0.e3iSbxaKaheRe38RbNmLa3mSc41ynknvrkLOlQzNp65In0 HTTP/1.1" 200 8
186.84.51.21 - - [02/Feb/2015:08:43:22 -0500] "POST /forms/lservlet;jsessionid=ac16012b30d50614f2e6ad6a4606bc7a8718b4f9e6a0.e3iSbxaKaheRe38RbNmLa3mSc41ynknvrkLOlQzNp65In0 HTTP/1.1" 200 2
186.84.51.21 - - [02/Feb/2015:08:43:27 -0500] "POST /forms/lservlet;jsessionid=ac16012b30d50614f2e6ad6a4606bc7a8718b4f9e6a0.e3iSbxaKaheRe38RbNmLa3mSc41ynknvrkLOlQzNp65In0 HTTP/1.1" 200 10
186.84.51.21 - - [02/Feb/2015:08:43:27 -0500] "POST /forms/lservlet;jsessionid=ac16012b30d50614f2e6ad6a4606bc7a8718b4f9e6a0.e3iSbxaKaheRe38RbNmLa3mSc41ynknvrkLOlQzNp65In0 HTTP/1.1" 200 239
186.84.51.21 - - [02/Feb/2015:08:43:27 -0500] "POST /forms/lservlet;jsessionid=ac16012b30d50614f2e6ad6a4606bc7a8718b4f9e6a0.e3iSbxaKaheRe38RbNmLa3mSc41ynknvrkLOlQzNp65In0 HTTP/1.1" 200 69
186.84.51.21 - - [02/Feb/2015:08:43:27 -0500] "POST /forms/lservlet;jsessionid=ac16012b30d50614f2e6ad6a4606bc7a8718b4f9e6a0.e3iSbxaKaheRe38RbNmLa3mSc41ynknvrkLOlQzNp65In0 HTTP/1.1" 200 18
186.84.51.21 - - [02/Feb/2015:08:43:28 -0500] "POST /forms/lservlet;jsessionid=ac16012b30d50614f2e6ad6a4606bc7a8718b4f9e6a0.e3iSbxaKaheRe38RbNmLa3mSc41ynknvrkLOlQzNp65In0 HTTP/1.1" 200 2
186.84.51.21 - - [02/Feb/2015:08:43:30 -0500] "POST /forms/lservlet;jsessionid=ac16012b30d50614f2e6ad6a4606bc7a8718b4f9e6a0.e3iSbxaKaheRe38RbNmLa3mSc41ynknvrkLOlQzNp65In0 HTTP/1.1" 200 70
186.84.51.21 - - [02/Feb/2015:08:43:30 -0500] "POST /forms/lservlet;jsessionid=ac16012b30d50614f2e6ad6a4606bc7a8718b4f9e6a0.e3iSbxaKaheRe38RbNmLa3mSc41ynknvrkLOlQzNp65In0 HTTP/1.1" 200 30
186.84.51.21 - - [02/Feb/2015:08:43:31 -0500] "POST /forms/lservlet;jsessionid=ac16012b30d50614f2e6ad6a4606bc7a8718b4f9e6a0.e3iSbxaKaheRe38RbNmLa3mSc41ynknvrkLOlQzNp65In0 HTTP/1.1" 200 133
66.249.73.163 - - [02/Feb/2015:08:43:31 -0500] "GET /BLA/resoluciones/RESOLUCIONES%202008/0951.pdf HTTP/1.1" 200 421446
186.84.51.21 - - [02/Feb/2015:08:43:32 -0500] "POST /forms/lservlet;jsessionid=ac16012b30d50614f2e6ad6a4606bc7a8718b4f9e6a0.e3iSbxaKaheRe38RbNmLa3mSc41ynknvrkLOlQzNp65In0 HTTP/1.1" 200 2
218.30.103.61 - - [02/Feb/2015:08:43:32 -0500] "GET /BLA/resoluciones/RESOLUCIONES%202011/2066.pdf HTTP/1.1" 304 -
186.84.51.21 - - [02/Feb/2015:08:43:32 -0500] "POST /forms/lservlet;jsessionid=ac16012b30d50614f2e6ad6a4606bc7a8718b4f9e6a0.e3iSbxaKaheRe38RbNmLa3mSc41ynknvrkLOlQzNp65In0 HTTP/1.1" 200 463
186.84.51.21 - - [02/Feb/2015:08:43:33 -0500] "POST /forms/lservlet;jsessionid=ac16012b30d50614f2e6ad6a4606bc7a8718b4f9e6a0.e3iSbxaKaheRe38RbNmLa3mSc41ynknvrkLOlQzNp65In0 HTTP/1.1" 200 7
66.249.73.163 - - [02/Feb/2015:08:43:33 -0500] "GET /BLA/resoluciones/AUTOS%202008/0129.pdf HTTP/1.1" 200 102029
186.84.51.21 - - [02/Feb/2015:08:43:34 -0500] "POST /forms/lservlet;jsessionid=ac16012b30d50614f2e6ad6a4606bc7a8718b4f9e6a0.e3iSbxaKaheRe38RbNmLa3mSc41ynknvrkLOlQzNp65In0 HTTP/1.1" 200 83
186.84.51.21 - - [02/Feb/2015:08:43:37 -0500] "POST /forms/lservlet;jsessionid=ac16012b30d50614f2e6ad6a4606bc7a8718b4f9e6a0.e3iSbxaKaheRe38RbNmLa3mSc41ynknvrkLOlQzNp65In0 HTTP/1.1" 200 2
201.184.128.202 - - [02/Feb/2015:08:43:37 -0500] "GET /forest/skins/gdocs-jar/popup/popup.jsp?width=1100&height=500&title=Buscar%20procesos&uri=/forest/buscar.do%3Ftype%3Dprocesos&name=undefined&_a=0.42986618843860924&a=0.002466825069859624 HTTP/1.1" 200 1296
186.84.51.21 - - [02/Feb/2015:08:43:37 -0500] "POST /forms/lservlet;jsessionid=ac16012b30d50614f2e6ad6a4606bc7a8718b4f9e6a0.e3iSbxaKaheRe38RbNmLa3mSc41ynknvrkLOlQzNp65In0 HTTP/1.1" 200 135
201.184.128.202 - - [02/Feb/2015:08:43:37 -0500] "GET /forest/buscar.do?type=procesos HTTP/1.1" 200 18159
186.84.51.21 - - [02/Feb/2015:08:43:37 -0500] "POST /forms/lservlet;jsessionid=ac16012b30d50614f2e6ad6a4606bc7a8718b4f9e6a0.e3iSbxaKaheRe38RbNmLa3mSc41ynknvrkLOlQzNp65In0 HTTP/1.1" 200 2
190.25.231.195 - - [02/Feb/2015:08:43:37 -0500] "GET /BLA/boletinlegal/js/jquery.scrollTo-min.js HTTP/1.1" 200 1150
190.25.231.195 - - [02/Feb/2015:08:43:37 -0500] "GET /BLA/boletinlegal/js/jquery.js HTTP/1.1" 200 57254
190.25.231.195 - - [02/Feb/2015:08:43:37 -0500] "GET /BLA/boletinlegal/js/jquery.scrollShow.js HTTP/1.1" 200 4586
201.184.128.202 - - [02/Feb/2015:08:43:37 -0500] "GET /forest/buscar.do?type=procesos HTTP/1.1" 200 84386
190.27.148.41 - - [02/Feb/2015:08:43:37 -0500] "GET /galeria/carrusel/Carrusel/jquery.thumbnailScroller.css HTTP/1.1" 200 2066
190.27.148.41 - - [02/Feb/2015:08:43:37 -0500] "GET /BLA/boletinlegal/js/jquery.js HTTP/1.1" 200 57254
190.27.148.41 - - [02/Feb/2015:08:43:37 -0500] "GET /BLA/boletinlegal/js/jquery.scrollTo-min.js HTTP/1.1" 200 1150
190.27.148.41 - - [02/Feb/2015:08:43:37 -0500] "GET /BLA/boletinlegal/js/jquery.scrollShow.js HTTP/1.1" 200 4586
190.27.148.41 - - [02/Feb/2015:08:43:37 -0500] "GET /galeria/carrusel/Carrusel/jquery-ui-1.8.13.custom.min.js HTTP/1.1" 200 10800
201.184.128.202 - - [02/Feb/2015:08:43:38 -0500] "GET /forest/json.do?query=usersByDep&coddep=2 HTTP/1.1" 200 2352
201.184.128.202 - - [02/Feb/2015:08:43:38 -0500] "GET /forest/json.do?query=versionListadas HTTP/1.1" 200 15
201.184.128.202 - - [02/Feb/2015:08:43:38 -0500] "GET /forest/json.do?query=usersByDep&coddep=2 HTTP/1.1" 200 2352
201.184.128.202 - - [02/Feb/2015:08:43:38 -0500] "GET /forest/json.do?query=procesIniciales HTTP/1.1" 200 10001
190.27.148.41 - - [02/Feb/2015:08:43:38 -0500] "GET /galeria/carrusel/Carrusel/jquery.thumbnailScroller.js HTTP/1.1" 200 8157
186.84.51.21 - - [02/Feb/2015:08:43:38 -0500] "POST /forms/lservlet;jsessionid=ac16012b30d50614f2e6ad6a4606bc7a8718b4f9e6a0.e3iSbxaKaheRe38RbNmLa3mSc41ynknvrkLOlQzNp65In0 HTTP/1.1" 200 2
186.84.51.21 - - [02/Feb/2015:08:43:38 -0500] "POST /forms/lservlet;jsessionid=ac16012b30d50614f2e6ad6a4606bc7a8718b4f9e6a0.e3iSbxaKaheRe38RbNmLa3mSc41ynknvrkLOlQzNp65In0 HTTP/1.1" 200 130
190.27.148.41 - - [02/Feb/2015:08:43:39 -0500] "GET /galeria/nivo-slider/demo/demo.html HTTP/1.1" 200 3150
190.27.148.41 - - [02/Feb/2015:08:43:39 -0500] "GET /galeria/nivo-slider/themes/default/default.css HTTP/1.1" 200 1569
190.27.148.41 - - [02/Feb/2015:08:43:39 -0500] "GET /galeria/nivo-slider/themes/pascal/pascal.css HTTP/1.1" 200 2258
190.27.148.41 - - [02/Feb/2015:08:43:39 -0500] "GET /galeria/nivo-slider/themes/orman/orman.css HTTP/1.1" 200 2152
190.27.148.41 - - [02/Feb/2015:08:43:39 -0500] "GET /galeria/nivo-slider/nivo-slider.css HTTP/1.1" 200 1507
190.27.148.41 - - [02/Feb/2015:08:43:39 -0500] "GET /galeria/nivo-slider/demo/style.css HTTP/1.1" 200 2222
190.27.148.41 - - [02/Feb/2015:08:43:39 -0500] "GET /galeria/nivo-slider/demo/scripts/jquery-1.7.1.min.js HTTP/1.1" 200 93868
190.27.148.41 - - [02/Feb/2015:08:43:39 -0500] "GET /galeria/nivo-slider/jquery.nivo.slider.pack.js HTTP/1.1" 200 11561
186.84.51.21 - - [02/Feb/2015:08:43:39 -0500] "POST /forms/lservlet;jsessionid=ac16012b30d50614f2e6ad6a4606bc7a8718b4f9e6a0.e3iSbxaKaheRe38RbNmLa3mSc41ynknvrkLOlQzNp65In0 HTTP/1.1" 200 2164
190.27.148.41 - - [02/Feb/2015:08:43:40 -0500] "GET /galeria/nivo-slider/demo/images/4Simple_Slider.png HTTP/1.1" 200 11722
190.27.148.41 - - [02/Feb/2015:08:43:40 -0500] "GET /galeria/nivo-slider/themes/default/loading.gif HTTP/1.1" 200 1737
190.27.148.41 - - [02/Feb/2015:08:43:42 -0500] "GET /galeria/nivo-slider/demo/images/bolsas-08.jpg HTTP/1.1" 200 85589
190.27.148.41 - - [02/Feb/2015:08:43:42 -0500] "GET /galeria/nivo-slider/demo/images/Ruta-vertimientos-01.jpg HTTP/1.1" 200 130151
190.27.148.41 - - [02/Feb/2015:08:43:42 -0500] "GET /galeria/nivo-slider/demo/images/bolsas-06.jpg HTTP/1.1" 200 90982
201.184.128.202 - - [02/Feb/2015:08:43:42 -0500] "POST /forest/buscar.do? HTTP/1.1" 200 5853
186.84.51.21 - - [02/Feb/2015:08:43:42 -0500] "POST /forms/lservlet;jsessionid=ac16012b30d50614f2e6ad6a4606bc7a8718b4f9e6a0.e3iSbxaKaheRe38RbNmLa3mSc41ynknvrkLOlQzNp65In0 HTTP/1.1" 200 26
190.27.148.41 - - [02/Feb/2015:08:43:42 -0500] "GET /galeria/nivo-slider/demo/images/ecolecta-Dic2014.png HTTP/1.1" 200 288593
190.27.148.41 - - [02/Feb/2015:08:43:42 -0500] "GET /galeria/nivo-slider/demo/images/porloshumedales.jpg HTTP/1.1" 200 351238
190.27.148.41 - - [02/Feb/2015:08:43:42 -0500] "GET /galeria/nivo-slider/demo/images/Tingua-azul.jpg HTTP/1.1" 200 307638
186.84.51.21 - - [02/Feb/2015:08:43:42 -0500] "POST /forms/lservlet;jsessionid=ac16012b30d50614f2e6ad6a4606bc7a8718b4f9e6a0.e3iSbxaKaheRe38RbNmLa3mSc41ynknvrkLOlQzNp65In0 HTTP/1.1" 200 3192
186.84.51.21 - - [02/Feb/2015:08:43:43 -0500] "POST /forms/lservlet;jsessionid=ac16012b30d50614f2e6ad6a4606bc7a8718b4f9e6a0.e3iSbxaKaheRe38RbNmLa3mSc41ynknvrkLOlQzNp65In0 HTTP/1.1" 200 2
190.27.148.41 - - [02/Feb/2015:08:43:43 -0500] "GET /galeria/nivo-slider/demo/images/Banner-Caracol-Africano.jpg HTTP/1.1" 200 331986
190.27.148.41 - - [02/Feb/2015:08:43:44 -0500] "GET /galeria/nivo-slider/demo/images/banner-redes.jpg HTTP/1.1" 200 62209
186.84.50.252 - - [02/Feb/2015:08:43:44 -0500] "POST /forms/lservlet;jsessionid=ac16012b30d5847a8080514c485c9f94eabda48d14fa.e3iSbxaKaheRe38RbNmLa3mSc41ynknvrkLOlQzNp65In0 HTTP/1.1" 200 2
190.27.148.41 - - [02/Feb/2015:08:43:44 -0500] "GET /videos/Spot_CambioClimatico.flv HTTP/1.1" 200 4371917
181.234.203.107 - - [02/Feb/2015:08:43:44 -0500] "GET /BLA/boletinlegal/js/jquery.scrollTo-min.js HTTP/1.1" 200 1150
181.234.203.107 - - [02/Feb/2015:08:43:44 -0500] "GET /BLA/boletinlegal/js/jquery.scrollShow.js HTTP/1.1" 200 4586
181.234.203.107 - - [02/Feb/2015:08:43:44 -0500] "GET /BLA/boletinlegal/js/jquery.js HTTP/1.1" 200 57254
190.27.148.41 - - [02/Feb/2015:08:43:45 -0500] "GET /galeria/nivo-slider/demo/images/9Signos.jpg HTTP/1.1" 200 93040
190.27.148.41 - - [02/Feb/2015:08:43:45 -0500] "GET /galeria/nivo-slider/demo/images/banner-llantas2.jpg HTTP/1.1" 200 73153
190.27.148.41 - - [02/Feb/2015:08:43:46 -0500] "GET /galeria/nivo-slider/demo/images/banner-caballos.png HTTP/1.1" 200 389106
190.27.148.41 - - [02/Feb/2015:08:43:49 -0500] "GET /galeria/nivo-slider/themes/default/arrows.png HTTP/1.1" 200 824
190.27.148.41 - - [02/Feb/2015:08:43:49 -0500] "GET /galeria/nivo-slider/themes/default/bullets.png HTTP/1.1" 200 1281
201.184.128.202 - - [02/Feb/2015:08:43:52 -0500] "GET /forest/skins/gdocs-jar/popup/popup.jsp?width=900&height=600&title=Informaci%F3n%20de%20proceso&uri=/forest/system/process.jsp%3FnumPro%3D2968845&name=undefined&_a=0.010499989613890648&a=0.831500917673111 HTTP/1.1" 200 1312
201.184.128.202 - - [02/Feb/2015:08:43:52 -0500] "GET /forest/system/process.jsp?numPro=2968845 HTTP/1.1" 200 14695
201.184.128.202 - - [02/Feb/2015:08:43:52 -0500] "GET /forest/system/process.jsp?numPro=2968845 HTTP/1.1" 200 19514
186.84.51.21 - - [02/Feb/2015:08:43:53 -0500] "POST /forms/lservlet;jsessionid=ac16012b30d50614f2e6ad6a4606bc7a8718b4f9e6a0.e3iSbxaKaheRe38RbNmLa3mSc41ynknvrkLOlQzNp65In0 HTTP/1.1" 200 2
186.117.159.149 - - [02/Feb/2015:08:43:55 -0500] "GET /BLA/resoluciones/RESOLUCIONES%202007/RES%202007%202001%20AL%202100/RESOLUCION%202041%20DE%202007.pdf HTTP/1.1" 200 379570
186.117.159.149 - - [02/Feb/2015:08:43:55 -0500] "GET /BLA/resoluciones/RESOLUCIONES%202007/RES%202007%202001%20AL%202100/RESOLUCION%202041%20DE%202007.pdf HTTP/1.1" 206 32768
