190.27.46.48 - - [02/Feb/2015:02:55:38 -0500] "GET /forest/system/document.jsp?codDoc=1956376 HTTP/1.1" 200 11706
190.27.46.48 - - [02/Feb/2015:02:55:39 -0500] "GET /forest/documentos/1956376/2014ER185975.pdf HTTP/1.1" 200 22696
195.53.114.81 - - [02/Feb/2015:02:55:44 -0500] "GET /BLA/boletinlegal/js/jquery.js HTTP/1.1" 200 57254
195.53.114.81 - - [02/Feb/2015:02:55:45 -0500] "GET /BLA/boletinlegal/js/jquery.scrollShow.js HTTP/1.1" 200 4586
195.53.114.81 - - [02/Feb/2015:02:55:45 -0500] "GET /BLA/boletinlegal/js/jquery.scrollTo-min.js HTTP/1.1" 200 1150
190.27.46.48 - - [02/Feb/2015:02:56:00 -0500] "GET /forest/skins/gdocs-jar/popup/popup.jsp?width=850&height=380&title=Informaci%F3n%20del%20radicado&uri=/forest/system/document.jsp%3FcodDoc%3D1956376&name=undefined&_a=0.2937656769063324&a=0.699721063952893 HTTP/1.1" 200 1315
190.27.46.48 - - [02/Feb/2015:02:56:00 -0500] "GET /forest/system/document.jsp?codDoc=1956376 HTTP/1.1" 200 12225
66.249.73.155 - - [02/Feb/2015:02:56:08 -0500] "GET /autoliquidacion/Grupo%20Forestal%20-%20Industria%20de%20la%20Madera/Solicitud%20de%20Registro%20del%20Libro%20de%20operaciones.pdf HTTP/1.1" 200 117476
188.165.15.177 - - [02/Feb/2015:02:56:12 -0500] "GET /BLA/resoluciones/index.php?dir=RESOLUCIONES+2005%2FRES+2005+1551-1600%2F HTTP/1.1" 200 12364
66.249.73.163 - - [02/Feb/2015:02:56:45 -0500] "GET /BLA/resoluciones/RESOLUCIONES%202008/2959.pdf HTTP/1.1" 200 651315
157.55.39.198 - - [02/Feb/2015:02:57:15 -0500] "GET /BLA/boletinlegal/js/jquery.scrollTo-min.js HTTP/1.1" 200 1150
66.249.73.163 - - [02/Feb/2015:02:57:22 -0500] "GET /BLA/resoluciones/RESOLUCIONES%202009/4659.pdf HTTP/1.1" 200 528071
74.86.158.107 - - [02/Feb/2015:02:57:38 -0500] "HEAD / HTTP/1.1" 302 -
66.249.73.171 - - [02/Feb/2015:02:57:59 -0500] "GET /BLA/resoluciones/AUTOS%202010/0867.pdf HTTP/1.1" 200 293578
190.27.46.48 - - [02/Feb/2015:02:58:00 -0500] "GET /forest/session.jsp?a=0.7985926242545247 HTTP/1.1" 200 4
66.249.73.155 - - [02/Feb/2015:02:58:06 -0500] "GET /BLA/resoluciones/RESOLUCIONES%202005/RES%202005%201201-1250/00001208.tif HTTP/1.1" 304 -
66.249.73.171 - - [02/Feb/2015:02:58:37 -0500] "GET /BLA/resoluciones/AUTOS%202011/0217.pdf HTTP/1.1" 304 -
180.76.6.64 - - [02/Feb/2015:02:58:53 -0500] "GET /POT-2013/Cartografia/21_Sistema%20General%20para%20la%20Gesti%C3%B3n%20y%20Manejo%20Integral%20de%20Resi.pdf HTTP/1.1" 200 3540919
190.27.46.48 - - [02/Feb/2015:02:52:54 -0500] "GET /ForestMSG_SDA/channelAsync/template_word_17407493?X-Atmosphere-tracking-id=a601c364-7aa3-79cb-f8f7-a5a302887402&X-Atmosphere-Framework=1.0.5&X-Atmosphere-Transport=long-polling&tabid=0.5816329908557236&X-Cache-Date=0&Content-Type=application/xml&_=1422863780425 HTTP/1.1" 200 8193
104.152.168.13 - - [02/Feb/2015:02:58:55 -0500] "GET /wp-admin/ HTTP/1.1" 404 1018
66.249.65.188 - - [02/Feb/2015:02:59:14 -0500] "GET /BLA/boletinlegal/jurisprudencia/analisis/analisis%20sentencia%20C%20401%20de%202010.doc HTTP/1.1" 304 -
66.249.65.196 - - [02/Feb/2015:02:59:51 -0500] "GET /BLA/boletinlegal/jurisprudencia/analisis/Analisis%20Sentencia%20T-1077,%202%20corregida.doc HTTP/1.1" 304 -
190.27.46.48 - - [02/Feb/2015:03:00:13 -0500] "GET /forest/usutareas.do?codTraEsc=16875234 HTTP/1.1" 200 116311
190.27.46.48 - - [02/Feb/2015:03:00:14 -0500] "GET /forest/session.jsp?a=0.430578890722245 HTTP/1.1" 200 4
190.27.46.48 - - [02/Feb/2015:03:00:20 -0500] "GET /forest/actions/forms.getList?codForm=Revision_reparto_Correspondencias&id=funcionarioasignado&text=M HTTP/1.1" 200 1256
190.27.46.48 - - [02/Feb/2015:03:00:20 -0500] "GET /forest/actions/forms.getList?codForm=Revision_reparto_Correspondencias&id=funcionarioasignado&text=MO HTTP/1.1" 200 1305
190.27.46.48 - - [02/Feb/2015:03:00:20 -0500] "GET /forest/actions/forms.getList?codForm=Revision_reparto_Correspondencias&id=funcionarioasignado&text=MON HTTP/1.1" 200 1319
190.27.46.48 - - [02/Feb/2015:03:00:20 -0500] "GET /forest/actions/forms.getList?codForm=Revision_reparto_Correspondencias&id=funcionarioasignado&text=MONI HTTP/1.1" 200 900
190.27.46.48 - - [02/Feb/2015:03:00:20 -0500] "GET /forest/actions/forms.getList?codForm=Revision_reparto_Correspondencias&id=funcionarioasignado&text=MONIC HTTP/1.1" 200 900
190.27.46.48 - - [02/Feb/2015:03:00:20 -0500] "GET /forest/actions/forms.getList?codForm=Revision_reparto_Correspondencias&id=funcionarioasignado&text=MONICA HTTP/1.1" 200 900
190.27.46.48 - - [02/Feb/2015:03:00:21 -0500] "GET /forest/actions/forms.getList?codForm=Revision_reparto_Correspondencias&id=funcionarioasignado&text=MONICA%20 HTTP/1.1" 200 900
190.27.46.48 - - [02/Feb/2015:03:00:21 -0500] "GET /forest/actions/forms.getList?codForm=Revision_reparto_Correspondencias&id=funcionarioasignado&text=MONICA%20P HTTP/1.1" 200 61
190.27.46.48 - - [02/Feb/2015:03:00:21 -0500] "GET /forest/actions/forms.getList?codForm=Revision_reparto_Correspondencias&id=funcionarioasignado&text=MONICA%20PE HTTP/1.1" 200 61
190.27.46.48 - - [02/Feb/2015:03:00:21 -0500] "GET /forest/actions/forms.getList?codForm=Revision_reparto_Correspondencias&id=funcionarioasignado&text=MONICA%20PER HTTP/1.1" 200 61
190.27.46.48 - - [02/Feb/2015:03:00:26 -0500] "GET /forest/actions/forms.getList?codForm=Revision_reparto_Correspondencias&id=codigoFuncionario&text=G HTTP/1.1" 200 1313
190.27.46.48 - - [02/Feb/2015:03:00:26 -0500] "GET /forest/actions/forms.getList?codForm=Revision_reparto_Correspondencias&id=codigoFuncionario&text=GU HTTP/1.1" 200 1314
190.27.46.48 - - [02/Feb/2015:03:00:26 -0500] "GET /forest/actions/forms.getList?codForm=Revision_reparto_Correspondencias&id=codigoFuncionario&text=GUI HTTP/1.1" 200 1327
190.27.46.48 - - [02/Feb/2015:03:00:26 -0500] "GET /forest/actions/forms.getList?codForm=Revision_reparto_Correspondencias&id=codigoFuncionario&text=GUIL HTTP/1.1" 200 376
190.27.46.48 - - [02/Feb/2015:03:00:27 -0500] "GET /forest/actions/forms.getList?codForm=Revision_reparto_Correspondencias&id=codigoFuncionario&text=GUILL HTTP/1.1" 200 188
190.27.46.48 - - [02/Feb/2015:03:00:27 -0500] "GET /forest/actions/forms.getList?codForm=Revision_reparto_Correspondencias&id=codigoFuncionario&text=GUILLE HTTP/1.1" 200 188
190.27.46.48 - - [02/Feb/2015:03:00:27 -0500] "GET /forest/actions/forms.getList?codForm=Revision_reparto_Correspondencias&id=codigoFuncionario&text=GUILLEM HTTP/1.1" 200 2
190.27.46.48 - - [02/Feb/2015:03:00:27 -0500] "GET /forest/actions/forms.getList?codForm=Revision_reparto_Correspondencias&id=codigoFuncionario&text=GUILLEMR HTTP/1.1" 200 2
190.27.46.48 - - [02/Feb/2015:03:00:27 -0500] "GET /forest/actions/forms.getList?codForm=Revision_reparto_Correspondencias&id=codigoFuncionario&text=GUILLEMRO HTTP/1.1" 200 2
190.27.46.48 - - [02/Feb/2015:03:00:28 -0500] "GET /forest/actions/forms.getList?codForm=Revision_reparto_Correspondencias&id=codigoFuncionario&text=GUILLEMR HTTP/1.1" 200 2
190.27.46.48 - - [02/Feb/2015:03:00:28 -0500] "GET /forest/actions/forms.getList?codForm=Revision_reparto_Correspondencias&id=codigoFuncionario&text=GUILLEM HTTP/1.1" 200 2
190.27.46.48 - - [02/Feb/2015:03:00:29 -0500] "GET /forest/actions/forms.getList?codForm=Revision_reparto_Correspondencias&id=codigoFuncionario&text=GUILLE HTTP/1.1" 200 188
190.27.46.48 - - [02/Feb/2015:03:00:29 -0500] "GET /forest/actions/forms.getList?codForm=Revision_reparto_Correspondencias&id=codigoFuncionario&text=GUILL HTTP/1.1" 200 188
66.249.73.155 - - [02/Feb/2015:03:00:30 -0500] "GET /BLA/resoluciones/RESOLUCIONES%202007/RES%202007%20401%20AL%20500/RESOLUCION%200412%20DE%202007.pdf HTTP/1.1" 200 566595
190.27.46.48 - - [02/Feb/2015:03:00:34 -0500] "POST /forest/usutareas.do? HTTP/1.1" 200 76
190.27.46.48 - - [02/Feb/2015:03:00:36 -0500] "GET /forest/usutareas.do?group_system_actual=3&a=0.2680497148539871 HTTP/1.1" 200 117274
190.27.46.48 - - [02/Feb/2015:03:00:37 -0500] "GET /forest/session.jsp?a=0.7704500793479383 HTTP/1.1" 200 4
190.27.46.48 - - [02/Feb/2015:03:00:39 -0500] "GET /forest/skins/gdocs-jar/popup/escritorio/subirborrador.jsp?form=Correspondencia_Elaborar_Borrador&codTpl=621&codBorr=&a=0.20610667183063924 HTTP/1.1" 200 23286
190.27.46.48 - - [02/Feb/2015:03:00:40 -0500] "GET /forest/json.do?query=borradoresByTpls&codInst=2985555&codTare=692&firma=0&a=0.20333524025045335 HTTP/1.1" 200 2
190.27.46.48 - - [02/Feb/2015:03:00:40 -0500] "GET /forest/json.do?query=plantillasByTarea&codTare=692&codInst=2985555&firma=0&a=0.976965164532885 HTTP/1.1" 200 904
190.27.46.48 - - [02/Feb/2015:03:00:40 -0500] "GET /forest/json.do?query=terceroById&numTer=830101778&a=0.6308170156553388 HTTP/1.1" 200 689
190.27.46.48 - - [02/Feb/2015:03:00:40 -0500] "GET /forest/json.do?query=ultimoBorradorByTpl&codTpl=621&codInst=2985555&a=0.8379666586406529 HTTP/1.1" 200 2
190.27.46.48 - - [02/Feb/2015:03:00:40 -0500] "GET /forest/json.do?query=ultimoBorradorByTpl&codTpl=1201&codInst=2985555&a=0.44197784550487995 HTTP/1.1" 200 2
190.27.46.48 - - [02/Feb/2015:03:00:40 -0500] "GET /forest/json.do?query=ultimoBorradorByTpl&codTpl=641&codInst=2985555&a=0.9645135984756052 HTTP/1.1" 200 2
190.27.46.48 - - [02/Feb/2015:03:00:40 -0500] "GET /forest/json.do?query=ultimoBorradorByTpl&codTpl=901&codInst=2985555&a=0.20184355857782066 HTTP/1.1" 200 2
190.27.46.48 - - [02/Feb/2015:03:00:40 -0500] "GET /forest/json.do?query=ultimoBorradorByTpl&codTpl=501&codInst=2985555&a=0.4993657707236707 HTTP/1.1" 200 2
190.27.46.48 - - [02/Feb/2015:03:00:40 -0500] "GET /forest/json.do?query=ultimoBorradorByTpl&codTpl=1301&codInst=2985555&a=0.5006572988349944 HTTP/1.1" 200 2
66.249.73.163 - - [02/Feb/2015:03:01:06 -0500] "GET /BLA/resoluciones/RESOLUCIONES%202011/5202.pdf HTTP/1.1" 304 -
190.27.46.48 - - [02/Feb/2015:03:01:17 -0500] "GET /forest/skins/gdocs-jar/popup/escritorio/subirborrador.jsp?form=Correspondencia_Elaborar_Borrador&codTpl=621&codBorr=&a=0.967363209463656 HTTP/1.1" 200 23286
190.27.46.48 - - [02/Feb/2015:03:01:17 -0500] "GET /forest/json.do?query=borradoresByTpls&codInst=2985555&codTare=692&firma=0&a=0.6646789445076138 HTTP/1.1" 200 2
190.27.46.48 - - [02/Feb/2015:03:01:17 -0500] "GET /forest/json.do?query=plantillasByTarea&codTare=692&codInst=2985555&firma=0&a=0.31764304800890386 HTTP/1.1" 200 904
190.27.46.48 - - [02/Feb/2015:03:01:17 -0500] "GET /forest/json.do?query=terceroById&numTer=830101778&a=0.2719561180565506 HTTP/1.1" 200 689
190.27.46.48 - - [02/Feb/2015:03:01:17 -0500] "GET /forest/json.do?query=ultimoBorradorByTpl&codTpl=621&codInst=2985555&a=0.20415175566449761 HTTP/1.1" 200 2
190.27.46.48 - - [02/Feb/2015:03:01:17 -0500] "GET /forest/json.do?query=ultimoBorradorByTpl&codTpl=1201&codInst=2985555&a=0.8513417819049209 HTTP/1.1" 200 2
190.27.46.48 - - [02/Feb/2015:03:01:17 -0500] "GET /forest/json.do?query=ultimoBorradorByTpl&codTpl=641&codInst=2985555&a=0.6012920802459121 HTTP/1.1" 200 2
190.27.46.48 - - [02/Feb/2015:03:01:17 -0500] "GET /forest/json.do?query=ultimoBorradorByTpl&codTpl=901&codInst=2985555&a=0.4539980737026781 HTTP/1.1" 200 2
190.27.46.48 - - [02/Feb/2015:03:01:17 -0500] "GET /forest/json.do?query=ultimoBorradorByTpl&codTpl=501&codInst=2985555&a=0.6907876404002309 HTTP/1.1" 200 2
190.27.46.48 - - [02/Feb/2015:03:01:17 -0500] "GET /forest/json.do?query=ultimoBorradorByTpl&codTpl=1301&codInst=2985555&a=0.8998343958519399 HTTP/1.1" 200 2
190.27.46.48 - - [02/Feb/2015:03:01:29 -0500] "POST /forest/usutareas.do?group_system_actual=3 HTTP/1.1" 200 211
190.27.46.48 - - [02/Feb/2015:03:00:37 -0500] "GET /ForestMSG_SDA/channelAsync/template_word_17407499?X-Atmosphere-tracking-id=a4101083-176d-e361-401f-45e057e42f31&X-Atmosphere-Framework=1.0.5&X-Atmosphere-Transport=long-polling&tabid=0.7048179076518863&X-Cache-Date=0&Content-Type=application/xml&_=1422864243813 HTTP/1.1" 200 8193
190.27.46.48 - - [02/Feb/2015:03:01:33 -0500] "GET /forest/usutareas.do?group_system_actual=3&a=0.053711933782324195 HTTP/1.1" 200 119053
190.27.46.48 - - [02/Feb/2015:03:01:35 -0500] "GET /forest/session.jsp?a=0.3335378698538989 HTTP/1.1" 200 4
190.27.46.48 - - [02/Feb/2015:03:01:38 -0500] "POST /forest/usutareas.do? HTTP/1.1" 200 76
190.27.46.48 - - [02/Feb/2015:03:01:39 -0500] "GET /forest/usutareas.do?group_system_actual=3&a=0.5671757359523326 HTTP/1.1" 200 19508
190.27.46.48 - - [02/Feb/2015:03:01:40 -0500] "GET /forest/session.jsp?a=0.27260539517737925 HTTP/1.1" 200 4
66.249.73.155 - - [02/Feb/2015:03:01:42 -0500] "GET /huelladecarbono/Imagenes/btn_gris.png HTTP/1.1" 200 3006
66.249.73.171 - - [02/Feb/2015:03:01:46 -0500] "GET /BLA/resoluciones/RESOLUCIONES%202007/RES%202007%203001%20AL%203100/RESOLUCION%203037%20DE%202007.pdf HTTP/1.1" 304 -
190.27.46.48 - - [02/Feb/2015:03:01:46 -0500] "GET /forest/misactividades.do?_a=0.0644021260086447&group_system_actual=3 HTTP/1.1" 200 37527
190.27.46.48 - - [02/Feb/2015:03:01:47 -0500] "GET /forest/session.jsp?a=0.7350173981394619 HTTP/1.1" 200 4
190.27.46.48 - - [02/Feb/2015:03:01:47 -0500] "POST /forest/misactividades.do?ajax=true&a=0.3709840739611536 HTTP/1.1" 200 11792
190.27.46.48 - - [02/Feb/2015:03:02:04 -0500] "POST /forest/misactividades.do?ajax=true&a=0.7829612346831709 HTTP/1.1" 200 11792
180.76.5.172 - - [02/Feb/2015:03:02:22 -0500] "GET /BLA/boletinlegal;jsessionid=C56EE6DCB3CFA12A04135854B2F50203?/? HTTP/1.1" 404 1018
66.249.73.171 - - [02/Feb/2015:03:02:24 -0500] "GET /BLA/resoluciones/RESOLUCIONES%202010/6990.pdf HTTP/1.1" 304 -
190.27.46.48 - - [02/Feb/2015:03:02:31 -0500] "GET /forest/usutareas.do?codTraEsc=17406286 HTTP/1.1" 200 118508
190.27.46.48 - - [02/Feb/2015:03:02:33 -0500] "GET /forest/session.jsp?a=0.4656544851604849 HTTP/1.1" 200 4
74.86.158.107 - - [02/Feb/2015:03:02:38 -0500] "HEAD / HTTP/1.1" 302 -
190.27.46.48 - - [02/Feb/2015:03:02:42 -0500] "GET /forest/skins/gdocs-jar/popup/escritorio/reasignar.jsp?codTraEsc=17406286&a=0.9215234094299376 HTTP/1.1" 200 3745
66.249.73.171 - - [02/Feb/2015:03:02:45 -0500] "GET /BLA/resoluciones/RESOLUCIONES%202004/RES%202004%201751-1800/00001788.tif HTTP/1.1" 200 943838
66.249.73.155 - - [02/Feb/2015:03:02:49 -0500] "GET /BLA/resoluciones/RESOLUCIONES%202008/1848.pdf HTTP/1.1" 200 267589
66.249.73.171 - - [02/Feb/2015:03:03:00 -0500] "GET /huelladecarbono/Imagenes/btn_gris3.png HTTP/1.1" 200 4357
66.249.65.192 - - [02/Feb/2015:03:03:11 -0500] "GET /PORTAL_SIAC/swf/Residuos/quimicos/quimicos.html HTTP/1.1" 304 -
178.162.193.32 - - [02/Feb/2015:03:03:15 -0500] "GET /BLA/boletinlegal/Circulares/2012/Circular%20No.%2011%20del%2027%20de%20Agosto%20de%202012.pdf HTTP/1.0" 200 526945
68.180.229.40 - - [02/Feb/2015:03:03:20 -0500] "GET /BLA/boletinlegal/Directivas/2013/Directiva%20No.%201%20del%2004%20de%20Abril%20de%202013.pdf HTTP/1.1" 200 472003
190.27.46.48 - - [02/Feb/2015:03:03:38 -0500] "POST /forest/usutareas.do?group_system_actual=3 HTTP/1.1" 200 149
190.27.46.48 - - [02/Feb/2015:03:03:40 -0500] "GET /forest/usutareas.do?group_system_actual=3&a=0.9315690076909959 HTTP/1.1" 200 19509
190.27.46.48 - - [02/Feb/2015:03:03:41 -0500] "GET /forest/session.jsp?a=0.23341439897194505 HTTP/1.1" 200 4
190.27.46.48 - - [02/Feb/2015:03:03:42 -0500] "GET /forest/misactividades.do?_a=0.5230081083718687&group_system_actual=3 HTTP/1.1" 200 37527
190.27.46.48 - - [02/Feb/2015:03:03:42 -0500] "GET /forest/session.jsp?a=0.003430530894547701 HTTP/1.1" 200 4
190.27.46.48 - - [02/Feb/2015:03:03:43 -0500] "POST /forest/misactividades.do?ajax=true&a=0.30147035350091755 HTTP/1.1" 200 11231
188.165.15.23 - - [02/Feb/2015:03:05:15 -0500] "GET /BLA/resoluciones/RESOLUCIONES%202006/RES%202006%201701-1751/00001717.tif HTTP/1.1" 200 129586
66.249.73.163 - - [02/Feb/2015:03:05:27 -0500] "GET /huelladecarbono/Imagenes/btn_gris4.png HTTP/1.1" 200 2999
188.165.15.89 - - [02/Feb/2015:03:05:33 -0500] "GET /BLA/resoluciones/RESOLUCIONES%202005/RES%202005%20901-950/00000908.tif HTTP/1.1" 200 147828
190.27.46.48 - - [02/Feb/2015:03:06:46 -0500] "GET /forest/skins/gdocs-jar/popup/popup.jsp?width=1100&height=500&title=Buscar%20documentos&uri=/forest/buscar.do%3Ftype%3Ddocumentos&name=undefined&_a=0.6652785404585302&a=0.8639737053308636 HTTP/1.1" 200 1300
190.27.46.48 - - [02/Feb/2015:03:06:46 -0500] "GET /forest/css/autocomplete.css?version=1412.231748 HTTP/1.1" 200 1662
190.27.46.48 - - [02/Feb/2015:03:06:46 -0500] "GET /forest/1ibre/jscalendar/calendar-win2k-1.css HTTP/1.1" 200 5986
190.27.46.48 - - [02/Feb/2015:03:06:46 -0500] "GET /forest/js/load_func.js?version=1412.231748 HTTP/1.1" 200 919
190.27.46.48 - - [02/Feb/2015:03:06:46 -0500] "GET /forest/js/dialog.js?version=1412.231748 HTTP/1.1" 200 4201
190.27.46.48 - - [02/Feb/2015:03:06:46 -0500] "GET /forest/js/escritorio/escritorio.js?version=1412.231748 HTTP/1.1" 200 8096
190.27.46.48 - - [02/Feb/2015:03:06:46 -0500] "GET /forest/js/internJS.js?version=1412.231748 HTTP/1.1" 200 3047
190.27.46.48 - - [02/Feb/2015:03:06:46 -0500] "GET /forest/js/sarissa.js?version=1412.231748 HTTP/1.1" 200 27327
190.27.46.48 - - [02/Feb/2015:03:06:46 -0500] "GET /forest/1ibre/jscalendar/lang/calendar-es.js?version=1412.231748 HTTP/1.1" 200 3995
190.27.46.48 - - [02/Feb/2015:03:06:46 -0500] "GET /forest/buscar.do?type=documentos HTTP/1.1" 200 84418
190.27.46.48 - - [02/Feb/2015:03:06:46 -0500] "GET /forest/1ibre/jscalendar/calendar-setup.js?version=1412.231748 HTTP/1.1" 200 8927
190.27.46.48 - - [02/Feb/2015:03:06:46 -0500] "GET /forest/js/xml_utilities.js?version=1412.231748 HTTP/1.1" 200 11451
190.27.46.48 - - [02/Feb/2015:03:06:46 -0500] "GET /forest/js/autocompletar2.js?version=1412.231748 HTTP/1.1" 200 24092
190.27.46.48 - - [02/Feb/2015:03:06:46 -0500] "GET /forest/1ibre/jscalendar/calendar.js?version=1412.231748 HTTP/1.1" 200 51363
190.27.46.48 - - [02/Feb/2015:03:06:47 -0500] "GET /forest/skins/gdocs-jar/img/select.gif HTTP/1.1" 200 335
190.27.46.48 - - [02/Feb/2015:03:06:48 -0500] "GET /forest/1ibre/jscalendar/img.gif HTTP/1.1" 200 223
190.27.46.48 - - [02/Feb/2015:03:06:48 -0500] "GET /forest/json.do?query=usersByDep&coddep=215 HTTP/1.1" 200 880
190.27.46.48 - - [02/Feb/2015:03:06:48 -0500] "GET /forest/skins/gdocs-jar/img/dependencia-tree.gif HTTP/1.1" 200 1039
190.27.46.48 - - [02/Feb/2015:03:06:48 -0500] "GET /forest/json.do?query=versionListadas HTTP/1.1" 200 15
190.27.46.48 - - [02/Feb/2015:03:06:48 -0500] "GET /forest/json.do?query=usersByDep&coddep=215 HTTP/1.1" 200 880
190.27.46.48 - - [02/Feb/2015:03:06:48 -0500] "GET /forest/json.do?query=procesIniciales HTTP/1.1" 200 10001
190.27.46.48 - - [02/Feb/2015:03:07:04 -0500] "GET /forest/1ibre/jscalendar/updown.gif HTTP/1.1" 200 67
190.27.46.48 - - [02/Feb/2015:03:07:04 -0500] "GET /forest/1ibre/jscalendar/menuarrow.gif HTTP/1.1" 200 68
180.76.5.188 - - [02/Feb/2015:03:07:06 -0500] "GET /BLA/resoluciones/RESOLUCIONES%202009/2430.pdf HTTP/1.1" 200 396608
190.27.46.48 - - [02/Feb/2015:03:07:09 -0500] "POST /forest/buscar.do? HTTP/1.1" 200 7274
190.27.46.48 - - [02/Feb/2015:03:07:27 -0500] "GET /forest/skins/gdocs-jar/popup/popup.jsp?width=900&height=600&title=Informaci%F3n%20de%20proceso&uri=/forest/system/process.jsp%3FnumPro%3D2963139&name=undefined&_a=0.5241765326354653&a=0.021389278816059232 HTTP/1.1" 200 1312
190.27.46.48 - - [02/Feb/2015:03:07:27 -0500] "GET /forest/system/process.jsp?numPro=2963139 HTTP/1.1" 200 14695
190.27.46.48 - - [02/Feb/2015:03:07:27 -0500] "GET /forest/system/process.jsp?numPro=2963139 HTTP/1.1" 200 53783
190.27.46.48 - - [02/Feb/2015:03:01:34 -0500] "GET /ForestMSG_SDA/channelAsync/template_word_17407499?X-Atmosphere-tracking-id=9b0266c4-eadd-753b-c1f7-026207794ca6&X-Atmosphere-Framework=1.0.5&X-Atmosphere-Transport=long-polling&tabid=0.9074220433831215&X-Cache-Date=0&Content-Type=application/xml&_=1422864301012 HTTP/1.1" 200 8193
74.86.158.107 - - [02/Feb/2015:03:07:38 -0500] "HEAD / HTTP/1.1" 302 -
190.27.46.48 - - [02/Feb/2015:03:07:52 -0500] "GET /forest/skins/gdocs-jar/popup/popup.jsp?width=900&height=600&title=Informaci%F3n%20de%20proceso&uri=/forest/system/process.jsp%3FnumPro%3D2963139&name=undefined&_a=0.5816829439718276&a=0.701651829527691 HTTP/1.1" 200 1312
190.27.46.48 - - [02/Feb/2015:03:07:52 -0500] "GET /forest/system/process.jsp?numPro=2963139 HTTP/1.1" 200 53783
66.249.73.171 - - [02/Feb/2015:03:08:01 -0500] "GET /huelladecarbono/Imagenes/btn_gris2.png HTTP/1.1" 200 4298
66.249.73.171 - - [02/Feb/2015:03:08:08 -0500] "GET /BLA/resoluciones/RESOLUCIONES%202010/6479.pdf HTTP/1.1" 200 1038134
190.27.46.48 - - [02/Feb/2015:03:02:33 -0500] "GET /ForestMSG_SDA/channelAsync/template_word_17406286?X-Atmosphere-tracking-id=160a7354-8c28-48ea-771b-a3a9a962c122&X-Atmosphere-Framework=1.0.5&X-Atmosphere-Transport=long-polling&tabid=0.8949546609073877&X-Cache-Date=0&Content-Type=application/xml&_=1422864359518 HTTP/1.1" 200 8193
190.27.46.48 - - [02/Feb/2015:03:08:43 -0500] "GET /forest/session.jsp?a=0.8175218477845192 HTTP/1.1" 200 4
180.76.6.48 - - [02/Feb/2015:03:08:46 -0500] "GET /BLA/resoluciones/RESOLUCIONES%202010/6305.pdf HTTP/1.1" 200 11388978
104.152.168.13 - - [02/Feb/2015:03:09:19 -0500] "GET /test/wp-admin/ HTTP/1.1" 404 1018
188.165.15.177 - - [02/Feb/2015:03:09:42 -0500] "GET /BLA/resoluciones/RESOLUCIONES%202004/RES%202004%20401-450/00000401.tif HTTP/1.1" 200 96108
188.165.15.23 - - [02/Feb/2015:03:09:48 -0500] "GET /BLA/resoluciones/AUTOS%202006/AUTOS%202006%201401%20-%201500/00001454.tif HTTP/1.1" 200 81198
66.249.73.171 - - [02/Feb/2015:03:10:35 -0500] "GET /BLA/resoluciones/AUTOS%202007/1573.pdf HTTP/1.1" 200 28888
66.249.73.171 - - [02/Feb/2015:03:10:36 -0500] "GET /visorSDA/mimedata;jsessionid=ac16012b22b88f642d885d6e4e91a146bebdef3af174?wname=esriWebSession&id=mime26155725&uniqueId=116 HTTP/1.1" 200 -
190.27.46.48 - - [02/Feb/2015:03:11:01 -0500] "POST /forest/misactividades.do?ajax=true&a=0.0811919707339257 HTTP/1.1" 200 11231
190.27.46.48 - - [02/Feb/2015:03:11:16 -0500] "GET /forest/usutareas.do?codTraEsc=17177253 HTTP/1.1" 200 122452
190.27.46.48 - - [02/Feb/2015:03:11:19 -0500] "GET /forest/session.jsp?a=0.00922390422783792 HTTP/1.1" 200 4
74.86.158.107 - - [02/Feb/2015:03:12:38 -0500] "HEAD / HTTP/1.1" 302 -
66.249.73.163 - - [02/Feb/2015:03:12:50 -0500] "GET /BLA/resoluciones/RESOLUCIONES%202009/4310.pdf HTTP/1.1" 200 501359
66.249.73.163 - - [02/Feb/2015:03:13:10 -0500] "GET /BLA/resoluciones/RESOLUCIONES%202004/RES%202004%20851-900/00000867.tif HTTP/1.1" 200 89858
202.46.62.56 - - [02/Feb/2015:03:14:25 -0500] "GET /BLA/resoluciones/RESOLUCIONES%202009/2430.pdf HTTP/1.1" 200 396608
66.249.73.155 - - [02/Feb/2015:03:14:35 -0500] "GET /BLA/resoluciones/RESOLUCIONES%202011/0749.pdf HTTP/1.1" 200 350662
66.249.73.163 - - [02/Feb/2015:03:15:45 -0500] "GET /BLA/resoluciones/RESOLUCIONES%202006/RES%202006%202751-2800/00002764.tif HTTP/1.1" 200 184942
66.249.73.163 - - [02/Feb/2015:03:15:46 -0500] "GET /BLA/resoluciones/RESOLUCIONES%202004/RES%202004%20851-900/00000887.tif HTTP/1.1" 200 197646
190.27.46.48 - - [02/Feb/2015:03:16:19 -0500] "GET /forest/session.jsp?a=0.24237324204295874 HTTP/1.1" 200 4
66.249.73.155 - - [02/Feb/2015:03:17:11 -0500] "GET /BLA/resoluciones/RESOLUCIONES%202010/7857.pdf HTTP/1.1" 200 316892
188.165.15.89 - - [02/Feb/2015:03:17:17 -0500] "GET /BLA/resoluciones/RESOLUCIONES%202005/RES%202005%202051-2100/00002096.tif HTTP/1.1" 200 318670
190.27.46.48 - - [02/Feb/2015:03:11:19 -0500] "GET /ForestMSG_SDA/channelAsync/template_word_17177253?X-Atmosphere-tracking-id=df1f6350-c9c2-d8ae-e645-0b4221b6434d&X-Atmosphere-Framework=1.0.5&X-Atmosphere-Transport=long-polling&tabid=0.14192842901684344&X-Cache-Date=0&Content-Type=application/xml&_=1422864885609 HTTP/1.1" 200 8193
68.180.229.40 - - [02/Feb/2015:03:17:29 -0500] "GET /silvicultura/8.pdf HTTP/1.1" 404 1018
74.86.158.107 - - [02/Feb/2015:03:17:38 -0500] "HEAD / HTTP/1.1" 302 -
66.249.73.163 - - [02/Feb/2015:03:18:20 -0500] "GET /visorSDA/mimedata;jsessionid=ac16012b22b88f642d885d6e4e91a146bebdef3af174?wname=esriWebSession&id=map21172210&uniqueId=121 HTTP/1.1" 200 -
157.55.39.136 - - [02/Feb/2015:03:19:18 -0500] "GET /robots.txt HTTP/1.1" 404 1018
104.152.168.13 - - [02/Feb/2015:03:19:29 -0500] "GET /wordpress/wp-admin/ HTTP/1.1" 404 1018
188.165.15.61 - - [02/Feb/2015:03:19:38 -0500] "GET /BLA/resoluciones/RESOLUCIONES%202003/RES%202003%201851--1900/20031887.tif HTTP/1.1" 200 85496
66.249.73.155 - - [02/Feb/2015:03:20:13 -0500] "GET /BLA/resoluciones/AUTOS%202011/3781.pdf HTTP/1.1" 200 242243
66.249.73.171 - - [02/Feb/2015:03:20:29 -0500] "GET /BLA/resoluciones/RESOLUCIONES%202003/RES%202003%201151-1200/1162.tif HTTP/1.1" 200 198680
123.125.71.60 - - [02/Feb/2015:03:20:34 -0500] "GET / HTTP/1.1" 302 -
66.249.73.163 - - [02/Feb/2015:03:20:55 -0500] "GET /BLA/resoluciones/RESOLUCIONES%202004/RES%202004%20851-900/00000893.tif HTTP/1.1" 200 127474
190.27.46.48 - - [02/Feb/2015:03:21:19 -0500] "GET /forest/session.jsp?a=0.9445522127207369 HTTP/1.1" 200 4
66.249.73.155 - - [02/Feb/2015:03:21:33 -0500] "GET /autoliquidacion/Solicitud%20de%20expedici%C3%B3n%20de%20certificados%20de%20estado%20de%20conservaci%C3%B3n%20ambiental%20(CECA)/Aplicativo%20liquidador%202015%20-%20CECA.xlsx HTTP/1.1" 200 123268
66.249.73.155 - - [02/Feb/2015:03:21:59 -0500] "GET /BLA/resoluciones/RESOLUCIONES%202012/1854.pdf HTTP/1.1" 200 834878
220.181.108.91 - - [02/Feb/2015:03:22:00 -0500] "GET / HTTP/1.1" 302 -
74.86.158.107 - - [02/Feb/2015:03:22:38 -0500] "HEAD / HTTP/1.1" 302 -
66.249.73.155 - - [02/Feb/2015:03:22:42 -0500] "GET /BLA/resoluciones/AUTOS%202012/2141.pdf HTTP/1.1" 200 746056
66.249.73.155 - - [02/Feb/2015:03:22:49 -0500] "GET /BLA/resoluciones/AUTOS%202008/1110.pdf HTTP/1.1" 200 56989
190.27.46.48 - - [02/Feb/2015:03:17:19 -0500] "GET /ForestMSG_SDA/channelAsync/template_word_17177253?X-Atmosphere-tracking-id=df1f6350-c9c2-d8ae-e645-0b4221b6434d&X-Atmosphere-Framework=1.0.5&X-Atmosphere-Transport=long-polling&tabid=0.14192842901684344&X-Cache-Date=0&Content-Type=application/xml&_=1422865245731 HTTP/1.1" 200 8193
66.249.73.155 - - [02/Feb/2015:03:23:26 -0500] "GET /BLA/resoluciones/RESOLUCIONES%202013/0350.pdf HTTP/1.1" 304 -
66.249.73.155 - - [02/Feb/2015:03:23:28 -0500] "GET /BLA/resoluciones/AUTOS%202006/AUTOS%202006%201-100/00000022.tif HTTP/1.1" 200 95134
188.165.15.41 - - [02/Feb/2015:03:23:41 -0500] "GET /BLA/resoluciones/index.php?dir=RESOLUCIONES%202004/RES%202004%201301-1350/&sort=size&order=desc HTTP/1.1" 200 12340
66.249.65.196 - - [02/Feb/2015:03:24:09 -0500] "GET /Autoliquidacion/index.php?dir=Solicitudes+relacionadas+con+calidad+del+aire+auditiva+y+visual%2FEvaluaci%F3n+certificado+de+Intensidad+Auditiva%2F HTTP/1.1" 200 3407
66.249.73.171 - - [02/Feb/2015:03:24:20 -0500] "GET /BLA/resoluciones/RESOLUCIONES%202010/6504.pdf HTTP/1.1" 200 176888
66.249.73.171 - - [02/Feb/2015:03:24:53 -0500] "GET /BLA/resoluciones/RESOLUCIONES%202009/9355.pdf HTTP/1.1" 200 486521
66.249.73.163 - - [02/Feb/2015:03:25:36 -0500] "GET /BLA/resoluciones/AUTOS%202011/6750.pdf HTTP/1.1" 200 142484
66.249.73.163 - - [02/Feb/2015:03:26:04 -0500] "GET /BLA/resoluciones/AUTOS%202006/AUTOS%202006%203301%20-%203418/00003318.tif HTTP/1.1" 200 79482
190.27.46.48 - - [02/Feb/2015:03:26:19 -0500] "GET /forest/session.jsp?a=0.29525429266504943 HTTP/1.1" 200 4
66.249.73.171 - - [02/Feb/2015:03:26:20 -0500] "GET /BLA/resoluciones/RESOLUCIONES%202010/6204.pdf HTTP/1.1" 200 860269
66.249.73.171 - - [02/Feb/2015:03:27:03 -0500] "GET /BLA/resoluciones/RESOLUCIONES%202008/4686.pdf HTTP/1.1" 200 293126
74.86.158.107 - - [02/Feb/2015:03:27:38 -0500] "HEAD / HTTP/1.1" 302 -
66.249.73.155 - - [02/Feb/2015:03:27:47 -0500] "GET /BLA/resoluciones/Notificaciones/AUTOS%202014/2054.doc HTTP/1.1" 200 279040
66.249.73.163 - - [02/Feb/2015:03:28:30 -0500] "GET /BLA/resoluciones/AUTOS%202007/2183.pdf HTTP/1.1" 200 105861
66.249.73.155 - - [02/Feb/2015:03:28:39 -0500] "GET /BLA/resoluciones/AUTOS%202006/AUTOS%202006%201701%20-%201800/00001726.tif HTTP/1.1" 200 138512
180.76.5.26 - - [02/Feb/2015:03:28:44 -0500] "GET /BLA/resoluciones/RESOLUCIONES%202007/RES%202007%204001%20AL%204100/RESOLUCION%204090%20DE%202007.pdf HTTP/1.1" 200 13950935
180.76.5.155 - - [02/Feb/2015:03:28:52 -0500] "GET /BLA/resoluciones/RESOLUCIONES%202011/5349.pdf HTTP/1.1" 200 2956477
190.27.46.48 - - [02/Feb/2015:03:23:19 -0500] "GET /ForestMSG_SDA/channelAsync/template_word_17177253?X-Atmosphere-tracking-id=df1f6350-c9c2-d8ae-e645-0b4221b6434d&X-Atmosphere-Framework=1.0.5&X-Atmosphere-Transport=long-polling&tabid=0.14192842901684344&X-Cache-Date=0&Content-Type=application/xml&_=1422865605817 HTTP/1.1" 200 8193
104.152.168.13 - - [02/Feb/2015:03:29:22 -0500] "GET /blog/wp-admin/ HTTP/1.1" 404 1018
100.43.85.25 - - [02/Feb/2015:03:29:49 -0500] "GET /robots.txt HTTP/1.1" 404 1019
188.165.15.203 - - [02/Feb/2015:03:29:57 -0500] "GET /BLA/resoluciones/RESOLUCIONES%202006/RES%202006%201001-1050/00001021.tif HTTP/1.1" 200 66596
66.249.73.163 - - [02/Feb/2015:03:29:58 -0500] "GET /BLA/resoluciones/AUTOS%202014/1611.pdf HTTP/1.1" 200 3724099
188.165.15.89 - - [02/Feb/2015:03:30:05 -0500] "GET /BLA/resoluciones/RESOLUCIONES%202006/RES%202006%20%202951-3000/00002980.tif HTTP/1.1" 200 36696
220.181.108.165 - - [02/Feb/2015:03:30:28 -0500] "GET /POT-2013/Cartografia/20_Sistema%20de%20Alcantarillado_FEB.pdf HTTP/1.1" 200 4849299
180.76.5.176 - - [02/Feb/2015:03:30:48 -0500] "GET /BLA/resoluciones/RESOLUCIONES%202008/1125.pdf HTTP/1.1" 200 67097
66.249.73.163 - - [02/Feb/2015:03:30:51 -0500] "GET /BLA/resoluciones/AUTOS%202011/4553.pdf HTTP/1.1" 200 121600
66.249.73.155 - - [02/Feb/2015:03:31:13 -0500] "GET /BLA/resoluciones/AUTOS%202006/AUTOS%202006%203301%20-%203418/00003340.tif HTTP/1.1" 200 52186
66.249.73.155 - - [02/Feb/2015:03:31:29 -0500] "GET /BLA/resoluciones/RESOLUCIONES%202006/RES%202006%202751-2800/00002799.tif HTTP/1.1" 200 250402
188.165.15.203 - - [02/Feb/2015:03:31:35 -0500] "GET /BLA/resoluciones/RESOLUCIONES%202005/RES%202005%20451-500/00000491.tif HTTP/1.1" 200 56654
66.249.73.171 - - [02/Feb/2015:03:31:35 -0500] "GET /BLA/resoluciones/AUTOS%202011/1331.pdf HTTP/1.1" 200 152045
190.43.96.162 - - [02/Feb/2015:03:31:52 -0500] "GET /BLA/boletinlegal/js/jquery.scrollTo-min.js HTTP/1.1" 200 1150
190.43.96.162 - - [02/Feb/2015:03:31:52 -0500] "GET /BLA/boletinlegal/js/jquery.scrollShow.js HTTP/1.1" 200 4586
190.43.96.162 - - [02/Feb/2015:03:31:52 -0500] "GET /BLA/boletinlegal/js/jquery.js HTTP/1.1" 200 57254
66.249.73.163 - - [02/Feb/2015:03:32:09 -0500] "GET /BLA/resoluciones/AUTOS%202014/5688.pdf HTTP/1.1" 200 138983
66.249.65.188 - - [02/Feb/2015:03:32:25 -0500] "GET / HTTP/1.1" 302 -
74.86.158.107 - - [02/Feb/2015:03:32:38 -0500] "HEAD / HTTP/1.1" 302 -
66.249.73.155 - - [02/Feb/2015:03:32:52 -0500] "GET /BLA/resoluciones/AUTOS%202012/0144.pdf HTTP/1.1" 200 1576901
66.249.73.163 - - [02/Feb/2015:03:32:55 -0500] "GET /BLA/resoluciones/RESOLUCIONES%202014/0970.pdf HTTP/1.1" 200 7233237
66.249.73.155 - - [02/Feb/2015:03:33:22 -0500] "GET /BLA/resoluciones/RESOLUCIONES%202010/4257.pdf HTTP/1.1" 200 627246
66.249.73.155 - - [02/Feb/2015:03:33:25 -0500] "GET / HTTP/1.1" 302 -
66.249.73.163 - - [02/Feb/2015:03:33:48 -0500] "GET /BLA/resoluciones/RESOLUCIONES%202004/RES%202004%20851-900/00000881.tif HTTP/1.1" 200 1685578
66.249.73.163 - - [02/Feb/2015:03:34:04 -0500] "GET /BLA/resoluciones/AUTOS%202014/5533.pdf HTTP/1.1" 200 284439
66.249.73.155 - - [02/Feb/2015:03:34:55 -0500] "GET /BLA/resoluciones/Notificaciones/AUTOS%202014/5842.doc HTTP/1.1" 200 151552
190.27.46.48 - - [02/Feb/2015:03:29:19 -0500] "GET /ForestMSG_SDA/channelAsync/template_word_17177253?X-Atmosphere-tracking-id=df1f6350-c9c2-d8ae-e645-0b4221b6434d&X-Atmosphere-Framework=1.0.5&X-Atmosphere-Transport=long-polling&tabid=0.14192842901684344&X-Cache-Date=0&Content-Type=application/xml&_=1422865966105 HTTP/1.1" 200 8193
66.249.73.155 - - [02/Feb/2015:03:35:25 -0500] "GET /BLA/resoluciones/Notificaciones/AUTOS%202014/4391.doc HTTP/1.1" 200 136192
66.249.73.163 - - [02/Feb/2015:03:35:55 -0500] "GET /BLA/resoluciones/Notificaciones/AUTOS%202013/3174.doc HTTP/1.1" 200 880640
66.249.73.155 - - [02/Feb/2015:03:36:23 -0500] "GET /BLA/resoluciones/RESOLUCIONES%202004/RES%202004%20851-900/00000876.tif HTTP/1.1" 200 89138
66.249.73.171 - - [02/Feb/2015:03:36:25 -0500] "GET /BLA/resoluciones/RESOLUCIONES%202014/0908.pdf HTTP/1.1" 200 402601
66.249.73.171 - - [02/Feb/2015:03:36:55 -0500] "GET /BLA/resoluciones/AUTOS%202011/0271.pdf HTTP/1.1" 200 156417
66.249.73.163 - - [02/Feb/2015:03:37:25 -0500] "GET /BLA/resoluciones/Notificaciones/AUTOS%202014/3581.doc HTTP/1.1" 304 -
74.86.158.107 - - [02/Feb/2015:03:37:38 -0500] "HEAD / HTTP/1.1" 302 -
192.185.83.243 - - [02/Feb/2015:03:37:42 -0500] "GET /Autoliquidacion/index.php?dir=Solicitudes%20relacionadas%20con%20calidad%20del%20aire%20auditiva%20y%20visual/Registro%20de%20Elementos%20de%20publicidad%20Exterior%20Visual/'&sort=date'&order=desc'\" HTTP/1.1" 200 7001
192.185.83.243 - - [02/Feb/2015:03:37:43 -0500] "GET /Autoliquidacion/index.php?dir=Solicitudes%20relacionadas%20con%20calidad%20del%20aire%20auditiva%20y%20visual%2FRegistro%20de%20Elementos%20de%20publicidad%20Exterior%20Visual%2F&sort=date&order=desc HTTP/1.0" 200 4036
66.249.73.171 - - [02/Feb/2015:03:37:55 -0500] "GET /BLA/resoluciones/AUTOS%202009/2795.pdf HTTP/1.1" 200 94261
66.249.73.171 - - [02/Feb/2015:03:38:14 -0500] "GET /BLA/resoluciones/RESOLUCIONES%202010/0408.pdf HTTP/1.1" 200 458546
192.185.12.176 - - [02/Feb/2015:03:38:22 -0500] "GET /BLA/resoluciones/index.php?dir=RESOLUCIONES%202005/RES%202005%202151-2200/'&sort=name'&order=desc'\" HTTP/1.1" 200 7457
192.185.12.176 - - [02/Feb/2015:03:38:22 -0500] "GET /BLA/resoluciones/index.php?dir=RESOLUCIONES%202005%2FRES%202005%202151-2200%2F&sort=name&order=desc HTTP/1.0" 200 16990
66.249.73.163 - - [02/Feb/2015:03:38:25 -0500] "GET /BLA/resoluciones/Notificaciones/AUTOS%202014/3936.doc HTTP/1.1" 200 140288
180.76.5.19 - - [02/Feb/2015:03:38:38 -0500] "GET /BLA/boletinlegal;jsessionid=9274F2FEE5DA2BD1C028322979D07228?/? HTTP/1.1" 404 1018
220.181.108.158 - - [02/Feb/2015:03:38:40 -0500] "GET /BLA/resoluciones/RESOLUCIONES%202010/5530.pdf HTTP/1.1" 200 2825626
220.181.108.156 - - [02/Feb/2015:03:38:46 -0500] "GET /BLA/resoluciones/RESOLUCIONES%202013/0923.pdf HTTP/1.1" 200 2369256
66.249.73.171 - - [02/Feb/2015:03:38:55 -0500] "GET /BLA/resoluciones/index.php?dir=RESOLUCIONES%202007/RES%202007%203201%20AL%203300/&sort=name&order=desc HTTP/1.1" 200 27111
66.249.73.171 - - [02/Feb/2015:03:38:57 -0500] "GET /BLA/resoluciones/RESOLUCIONES%202004/RES%202004%20851-900/00000898.tif HTTP/1.1" 200 190534
188.165.15.90 - - [02/Feb/2015:03:39:23 -0500] "GET /BLA/resoluciones/RESOLUCIONES%202005/RES%202005%202101-2150/00002124.tif HTTP/1.1" 200 111306
180.76.5.188 - - [02/Feb/2015:03:39:25 -0500] "GET /BLA/boletinlegal;jsessionid=0F94C2B766BFC1CDF160940F1705CD8C?/? HTTP/1.1" 404 1018
66.249.73.155 - - [02/Feb/2015:03:39:26 -0500] "GET /autoliquidacion/index.php?dir=Solicitudes+relacionadas+con+calidad+del+aire+auditiva+y+visual%2FEvaluaci%F3n+certificado+de+Intensidad+Auditiva%2F HTTP/1.1" 200 3407
104.152.168.13 - - [02/Feb/2015:03:39:32 -0500] "GET /wp/wp-admin/ HTTP/1.1" 404 1018
157.55.39.136 - - [02/Feb/2015:03:39:52 -0500] "GET /robots.txt HTTP/1.1" 404 1018
66.249.73.171 - - [02/Feb/2015:03:39:56 -0500] "GET /BLA/resoluciones/Notificaciones/AUTOS%202014/0549.doc HTTP/1.1" 200 241152
190.27.46.48 - - [02/Feb/2015:03:39:57 -0500] "GET /forest/session.jsp?a=0.47871009167283773 HTTP/1.1" 200 4
188.165.15.41 - - [02/Feb/2015:03:40:05 -0500] "GET /BLA/resoluciones/RESOLUCIONES%202006/RES%202006%201951-2000/00001963.tif HTTP/1.1" 200 332702
66.249.73.155 - - [02/Feb/2015:03:40:26 -0500] "GET /BLA/resoluciones/AUTOS%202011/1546.pdf HTTP/1.1" 200 159177
66.249.73.155 - - [02/Feb/2015:03:40:57 -0500] "GET /BLA/resoluciones/RESOLUCIONES%202010/7289.pdf HTTP/1.1" 200 349410
190.27.46.48 - - [02/Feb/2015:03:35:20 -0500] "GET /ForestMSG_SDA/channelAsync/template_word_17177253?X-Atmosphere-tracking-id=df1f6350-c9c2-d8ae-e645-0b4221b6434d&X-Atmosphere-Framework=1.0.5&X-Atmosphere-Transport=long-polling&tabid=0.14192842901684344&X-Cache-Date=0&Content-Type=application/xml&_=1422866326555 HTTP/1.1" 200 8193
66.249.73.171 - - [02/Feb/2015:03:41:27 -0500] "GET /BLA/resoluciones/RESOLUCIONES%202009/3242.pdf HTTP/1.1" 200 1365445
66.249.73.171 - - [02/Feb/2015:03:41:32 -0500] "GET /BLA/resoluciones/RESOLUCIONES%202004/RES%202004%20851-900/00000894.tif HTTP/1.1" 200 105434
66.249.73.163 - - [02/Feb/2015:03:41:55 -0500] "GET /BLA/resoluciones/Notificaciones/AUTOS%202013/1811.doc HTTP/1.1" 200 269824
66.249.73.155 - - [02/Feb/2015:03:42:25 -0500] "GET /BLA/resoluciones/RESOLUCIONES%202012/1769.pdf HTTP/1.1" 200 422832
188.165.15.90 - - [02/Feb/2015:03:42:36 -0500] "GET /BLA/resoluciones/RESOLUCIONES%202006/RES%202006%202651-2700/00002657.tif HTTP/1.1" 200 324900
74.86.158.107 - - [02/Feb/2015:03:42:38 -0500] "HEAD / HTTP/1.1" 302 -
192.185.83.243 - - [02/Feb/2015:03:42:44 -0500] "-" 408 -
188.165.15.90 - - [02/Feb/2015:03:42:48 -0500] "GET /BLA/resoluciones/RESOLUCIONES%202003/RES%202003%20351-400/385.tif HTTP/1.1" 200 179624
66.249.73.155 - - [02/Feb/2015:03:42:53 -0500] "GET /BLA/resoluciones/AUTOS%202009/0604.pdf HTTP/1.1" 200 127418
66.249.73.171 - - [02/Feb/2015:03:42:55 -0500] "GET /BLA/resoluciones/RESOLUCIONES%202010/4531.pdf HTTP/1.1" 200 895389
66.249.73.171 - - [02/Feb/2015:03:43:04 -0500] "GET /BLA/resoluciones/RESOLUCIONES%202006/RES%202006%202751-2800/00002796.tif HTTP/1.1" 200 124670
192.185.12.176 - - [02/Feb/2015:03:43:23 -0500] "-" 408 -
66.249.73.171 - - [02/Feb/2015:03:43:25 -0500] "GET /BLA/resoluciones/AUTOS%202013/0892.pdf HTTP/1.1" 200 2099842
66.249.73.163 - - [02/Feb/2015:03:43:48 -0500] "GET /BLA/resoluciones/AUTOS%202013/0685.pdf HTTP/1.1" 200 4716264
180.76.5.19 - - [02/Feb/2015:03:43:45 -0500] "GET /videos/Reportaje-2.flv HTTP/1.1" 200 47790720
66.249.73.155 - - [02/Feb/2015:03:43:58 -0500] "GET /BLA/resoluciones/RESOLUCIONES%202007/RES%202007%201101%20AL%201200/RESOLUCION%201187%20DE%202007.pdf HTTP/1.1" 200 311132
66.249.73.163 - - [02/Feb/2015:03:44:06 -0500] "GET /BLA/resoluciones/RESOLUCIONES%202004/RES%202004%20851-900/00000895.tif HTTP/1.1" 200 186914
66.249.73.155 - - [02/Feb/2015:03:44:25 -0500] "GET /BLA/resoluciones/RESOLUCIONES%202007/RES%202007%20601%20AL%20700/RESOLUCION%200624%20DE%202007.pdf HTTP/1.1" 200 3155768
190.27.46.48 - - [02/Feb/2015:03:44:57 -0500] "GET /forest/session.jsp?a=0.019338571466505527 HTTP/1.1" 200 4
66.249.73.155 - - [02/Feb/2015:03:45:25 -0500] "GET /BLA/resoluciones/RESOLUCIONES%202012/1203.pdf HTTP/1.1" 200 535696
66.249.73.155 - - [02/Feb/2015:03:45:55 -0500] "GET /BLA/resoluciones/AUTOS%202011/2913.pdf HTTP/1.1" 200 322806
66.249.73.163 - - [02/Feb/2015:03:46:25 -0500] "GET /BLA/resoluciones/RESOLUCIONES%202010/7834.pdf HTTP/1.1" 200 256594
66.249.73.171 - - [02/Feb/2015:03:46:42 -0500] "GET /BLA/resoluciones/AUTOS%202006/AUTOS%202006%203301%20-%203418/00003346.tif HTTP/1.1" 200 55770
66.249.73.171 - - [02/Feb/2015:03:46:56 -0500] "GET /BLA/resoluciones/RESOLUCIONES%202013/0578.pdf HTTP/1.1" 200 1741103
190.27.46.48 - - [02/Feb/2015:03:41:21 -0500] "GET /ForestMSG_SDA/channelAsync/template_word_17177253?X-Atmosphere-tracking-id=df1f6350-c9c2-d8ae-e645-0b4221b6434d&X-Atmosphere-Framework=1.0.5&X-Atmosphere-Transport=long-polling&tabid=0.14192842901684344&X-Cache-Date=0&Content-Type=application/xml&_=1422866688221 HTTP/1.1" 200 8193
74.86.158.107 - - [02/Feb/2015:03:47:38 -0500] "HEAD / HTTP/1.1" 302 -
66.249.73.163 - - [02/Feb/2015:03:47:56 -0500] "GET /BLA/resoluciones/RESOLUCIONES%202012/0611.pdf HTTP/1.1" 304 -
66.249.73.163 - - [02/Feb/2015:03:48:26 -0500] "GET /BLA/resoluciones/RESOLUCIONES%202007/RES%202007%202901%20AL%203000/RESOLUCION%202966%20DE%202007.pdf HTTP/1.1" 200 469754
66.249.73.155 - - [02/Feb/2015:03:48:56 -0500] "GET /BLA/resoluciones/RESOLUCIONES%202010/7673.pdf HTTP/1.1" 200 391646
66.249.73.155 - - [02/Feb/2015:03:49:16 -0500] "GET /BLA/resoluciones/AUTOS%202006/AUTOS%202006%201001-1100/00001058.tif HTTP/1.1" 200 37172
66.249.73.155 - - [02/Feb/2015:03:49:18 -0500] "GET /BLA/resoluciones/RESOLUCIONES%202003/RES%202003%201051-1100/1087.tif HTTP/1.1" 200 196040
104.152.168.13 - - [02/Feb/2015:03:49:26 -0500] "GET /old/wp-admin/ HTTP/1.1" 404 1018
66.249.73.155 - - [02/Feb/2015:03:49:26 -0500] "GET /BLA/resoluciones/AUTOS%202009/0513.pdf HTTP/1.1" 200 384899
188.165.15.89 - - [02/Feb/2015:03:49:36 -0500] "GET /BLA/resoluciones/RESOLUCIONES%202004/RES%202004%20301-350/00000314.tif HTTP/1.1" 200 1202422
188.165.15.152 - - [02/Feb/2015:03:49:45 -0500] "GET /BLA/resoluciones/RESOLUCIONES%202006/RES%202006%20%202851-2900/00002851.tif HTTP/1.1" 200 300090
188.165.15.152 - - [02/Feb/2015:03:49:48 -0500] "GET /BLA/resoluciones/RESOLUCIONES%202002/RES%202002%20401-450/00000440.tif HTTP/1.1" 200 176892
66.249.73.155 - - [02/Feb/2015:03:49:56 -0500] "GET /BLA/resoluciones/RESOLUCIONES%202009/3364.pdf HTTP/1.1" 200 559695
66.249.73.155 - - [02/Feb/2015:03:50:26 -0500] "GET /BLA/resoluciones/AUTOS%202011/4709.pdf HTTP/1.1" 200 434647
66.249.73.155 - - [02/Feb/2015:03:51:02 -0500] "GET /BLA/resoluciones/RESOLUCIONES%202010/7129.pdf HTTP/1.1" 200 274175
66.249.73.171 - - [02/Feb/2015:03:51:28 -0500] "GET /BLA/resoluciones/AUTOS%202010/4401.pdf HTTP/1.1" 200 238006
66.249.73.171 - - [02/Feb/2015:03:51:50 -0500] "GET /BLA/resoluciones/RESOLUCIONES%202004/RES%202004%20851-900/00000877.tif HTTP/1.1" 200 91508
66.249.73.155 - - [02/Feb/2015:03:51:51 -0500] "GET /autoliquidacion/Grupo%20Forestal%20-%20Silvicultura/APLICATIVO%20COSTO%20EVALUACION%20SALVOCONDUCTO%202015-.xls HTTP/1.1" 200 108544
66.249.73.155 - - [02/Feb/2015:03:51:56 -0500] "GET /BLA/resoluciones/Notificaciones/REGISTROS%202014/01474.doc HTTP/1.1" 200 151552
66.249.73.155 - - [02/Feb/2015:03:52:26 -0500] "GET /BLA/resoluciones/AUTOS%202011/6952.pdf HTTP/1.1" 200 557612
74.86.158.107 - - [02/Feb/2015:03:52:38 -0500] "HEAD / HTTP/1.1" 302 -
66.249.73.163 - - [02/Feb/2015:03:52:53 -0500] "GET /BLA/resoluciones/AUTOS%202008/1742.pdf HTTP/1.1" 200 269659
180.76.4.210 - - [02/Feb/2015:03:52:54 -0500] "GET / HTTP/1.1" 302 -
66.249.73.171 - - [02/Feb/2015:03:52:56 -0500] "GET /BLA/resoluciones/AUTOS%202013/2401.pdf HTTP/1.1" 200 980725
188.165.15.41 - - [02/Feb/2015:03:53:00 -0500] "GET /BLA/resoluciones/RESOLUCIONES%202003/RES%202003%201001-1050/1007.tif HTTP/1.1" 200 188292
188.165.15.89 - - [02/Feb/2015:03:53:03 -0500] "GET /BLA/resoluciones/RESOLUCIONES%202002/RES%202002%201051-1100/00001080.tif HTTP/1.1" 200 99508
190.27.46.48 - - [02/Feb/2015:03:47:22 -0500] "GET /ForestMSG_SDA/channelAsync/template_word_17177253?X-Atmosphere-tracking-id=df1f6350-c9c2-d8ae-e645-0b4221b6434d&X-Atmosphere-Framework=1.0.5&X-Atmosphere-Transport=long-polling&tabid=0.14192842901684344&X-Cache-Date=0&Content-Type=application/xml&_=1422867049221 HTTP/1.1" 200 8193
66.249.73.171 - - [02/Feb/2015:03:53:26 -0500] "GET /BLA/resoluciones/AUTOS%202012/1552.pdf HTTP/1.1" 200 881316
66.249.73.155 - - [02/Feb/2015:03:53:32 -0500] "GET /BLA/resoluciones/AUTOS%202007/2879.pdf HTTP/1.1" 200 227167
66.249.73.171 - - [02/Feb/2015:03:53:56 -0500] "GET /BLA/resoluciones/AUTOS%202013/0167.pdf HTTP/1.1" 200 621223
77.12.178.223 - - [02/Feb/2015:03:54:04 -0500] "GET /BLA/boletinlegal/js/jquery.scrollTo-min.js HTTP/1.1" 200 1150
77.12.178.223 - - [02/Feb/2015:03:54:04 -0500] "GET /BLA/boletinlegal/js/jquery.js HTTP/1.1" 200 57254
77.12.178.223 - - [02/Feb/2015:03:54:04 -0500] "GET /BLA/boletinlegal/js/jquery.scrollShow.js HTTP/1.1" 200 4586
66.249.73.163 - - [02/Feb/2015:03:54:26 -0500] "GET /BLA/resoluciones/RESOLUCIONES%202004/RES%202004%20851-900/00000890.tif HTTP/1.1" 200 103050
66.249.73.163 - - [02/Feb/2015:03:54:27 -0500] "GET /BLA/resoluciones/AUTOS%202012/0804.pdf HTTP/1.1" 200 679107
66.249.73.163 - - [02/Feb/2015:03:54:57 -0500] "GET /BLA/resoluciones/Notificaciones/AUTOS%202014/3265.doc HTTP/1.1" 200 99328
188.165.15.89 - - [02/Feb/2015:03:55:13 -0500] "GET /BLA/resoluciones/RESOLUCIONES%202002/RES%202002%201501-1550/20021511.tif HTTP/1.1" 200 96938
66.249.73.155 - - [02/Feb/2015:03:55:27 -0500] "GET /BLA/resoluciones/AUTOS%202008/1078.pdf HTTP/1.1" 200 247085
66.249.73.155 - - [02/Feb/2015:03:55:57 -0500] "GET /BLA/resoluciones/RESOLUCIONES%202010/7419.pdf HTTP/1.1" 200 283928
66.249.73.171 - - [02/Feb/2015:03:56:27 -0500] "GET /BLA/resoluciones/RESOLUCIONES%202009/0895.pdf HTTP/1.1" 200 152503
180.76.5.61 - - [02/Feb/2015:03:56:49 -0500] "GET /BLA/resoluciones/AUTOS%202011/3034.pdf HTTP/1.1" 200 64611
66.249.73.155 - - [02/Feb/2015:03:56:57 -0500] "GET /BLA/resoluciones/RESOLUCIONES%202011/0758.pdf HTTP/1.1" 200 359914
66.249.73.155 - - [02/Feb/2015:03:57:00 -0500] "GET /BLA/resoluciones/RESOLUCIONES%202004/RES%202004%20851-900/00000871.tif HTTP/1.1" 200 91818
190.27.46.48 - - [02/Feb/2015:03:57:10 -0500] "GET /forest/session.jsp?a=0.7036406719125807 HTTP/1.1" 200 4
190.27.46.48 - - [02/Feb/2015:03:57:12 -0500] "GET /forest/logout-redirect.jsp HTTP/1.1" 302 -
190.27.46.48 - - [02/Feb/2015:03:57:12 -0500] "GET /forest/login.do HTTP/1.1" 200 12758
190.27.46.48 - - [02/Feb/2015:03:57:13 -0500] "GET /forest/img/panel/view_icon.gif HTTP/1.1" 200 681
190.27.46.48 - - [02/Feb/2015:03:57:13 -0500] "GET /forest/img/inicio/1.gif HTTP/1.1" 200 23925
190.27.46.48 - - [02/Feb/2015:03:57:13 -0500] "GET /forest/img/inicio/3.gif HTTP/1.1" 200 29737
190.27.46.48 - - [02/Feb/2015:03:57:13 -0500] "GET /forest/img/inicio/2.gif HTTP/1.1" 200 42562
190.27.46.48 - - [02/Feb/2015:03:57:13 -0500] "GET /forest/img/inicio/6.gif HTTP/1.1" 200 12239
190.27.46.48 - - [02/Feb/2015:03:57:13 -0500] "GET /forest/img/inicio/7.gif HTTP/1.1" 200 18547
190.27.46.48 - - [02/Feb/2015:03:57:13 -0500] "GET /forest/img/inicio/5.gif HTTP/1.1" 200 25611
190.27.46.48 - - [02/Feb/2015:03:57:13 -0500] "GET /forest/img/inicio/4.gif HTTP/1.1" 200 27784
195.77.152.30 - - [02/Feb/2015:03:57:16 -0500] "GET /BLA/boletinlegal/js/jquery.scrollShow.js HTTP/1.1" 200 4586
195.77.152.30 - - [02/Feb/2015:03:57:16 -0500] "GET /BLA/boletinlegal/js/jquery.scrollTo-min.js HTTP/1.1" 200 1150
188.165.15.89 - - [02/Feb/2015:03:57:20 -0500] "GET /BLA/resoluciones/RESOLUCIONES%202006/RES%202006%201301-1350/00001304.tif HTTP/1.1" 200 160604
195.77.152.30 - - [02/Feb/2015:03:57:22 -0500] "GET /hidrico/aguas%20subterraneas/ HTTP/1.1" 404 1296
66.249.73.163 - - [02/Feb/2015:03:57:27 -0500] "GET /BLA/resoluciones/RESOLUCIONES%202014/0569.pdf HTTP/1.1" 200 314072
74.86.158.107 - - [02/Feb/2015:03:57:38 -0500] "HEAD / HTTP/1.1" 302 -
66.249.73.171 - - [02/Feb/2015:03:58:27 -0500] "GET /BLA/resoluciones/RESOLUCIONES%202011/0201.pdf HTTP/1.1" 304 -
66.249.73.155 - - [02/Feb/2015:03:58:57 -0500] "GET /BLA/resoluciones/RESOLUCIONES%202008/2873.pdf HTTP/1.1" 200 193110
190.27.46.48 - - [02/Feb/2015:03:53:23 -0500] "GET /ForestMSG_SDA/channelAsync/template_word_17177253?X-Atmosphere-tracking-id=df1f6350-c9c2-d8ae-e645-0b4221b6434d&X-Atmosphere-Framework=1.0.5&X-Atmosphere-Transport=long-polling&tabid=0.14192842901684344&X-Cache-Date=0&Content-Type=application/xml&_=1422867410222 HTTP/1.1" 200 8193
66.249.73.163 - - [02/Feb/2015:03:59:27 -0500] "GET /BLA/resoluciones/RESOLUCIONES%202007/RES%202007%204101%20AL%204200/RESOLUCION%204142%20DE%202007.pdf HTTP/1.1" 200 438580
66.249.73.163 - - [02/Feb/2015:03:59:35 -0500] "GET /BLA/resoluciones/RESOLUCIONES%202004/RES%202004%20851-900/00000883.tif HTTP/1.1" 200 189910
66.249.73.163 - - [02/Feb/2015:03:59:56 -0500] "GET /BLA/resoluciones/AUTOS%202011/6196.pdf HTTP/1.1" 200 613639
66.249.73.171 - - [02/Feb/2015:03:59:57 -0500] "GET /BLA/resoluciones/RESOLUCIONES%202009/7305.pdf HTTP/1.1" 200 379312
66.249.73.155 - - [02/Feb/2015:04:01:01 -0500] "GET /BLA/resoluciones/RESOLUCIONES%202007/RES%202007%202001%20AL%202100/RESOLUCION%202050%20DE%202007.pdf HTTP/1.1" 200 422091
66.249.73.171 - - [02/Feb/2015:04:01:28 -0500] "GET /BLA/resoluciones/RESOLUCIONES%202010/7170.pdf HTTP/1.1" 200 68109
81.149.193.140 - - [02/Feb/2015:04:01:41 -0500] "GET /webdav/x32.php HTTP/1.1" 404 1018
66.249.73.171 - - [02/Feb/2015:04:01:41 -0500] "GET /BLA/resoluciones/RESOLUCIONES%202006/RES%202006%202751-2800/00002775.tif HTTP/1.1" 200 164126
66.249.73.171 - - [02/Feb/2015:04:01:57 -0500] "GET /BLA/resoluciones/RESOLUCIONES%202007/RES%202007%203301%20AL%203400/RESOLUCION%203313%20DE%202007.pdf HTTP/1.1" 200 545124
66.249.73.163 - - [02/Feb/2015:04:02:09 -0500] "GET /BLA/resoluciones/AUTOS%202006/AUTOS%202006%201001-1100/00001081.tif HTTP/1.1" 200 37614
66.249.73.163 - - [02/Feb/2015:04:02:28 -0500] "GET /BLA/resoluciones/AUTOS%202013/2185.pdf HTTP/1.1" 200 451715
74.86.158.107 - - [02/Feb/2015:04:02:38 -0500] "HEAD / HTTP/1.1" 302 -
180.76.6.144 - - [02/Feb/2015:04:02:48 -0500] "GET /BLA/resoluciones/AUTOS%202009/0727.pdf HTTP/1.1" 200 198381
66.249.73.155 - - [02/Feb/2015:04:02:52 -0500] "GET /BLA/resoluciones/RESOLUCIONES%202008/3598.pdf HTTP/1.1" 200 256932
66.249.73.163 - - [02/Feb/2015:04:02:58 -0500] "GET /BLA/resoluciones/AUTOS%202014/2221.pdf HTTP/1.1" 200 2497559
66.249.73.171 - - [02/Feb/2015:04:03:17 -0500] "GET /BLA/resoluciones/RESOLUCIONES%202007/RES%202007%201101%20AL%201200/RESOLUCION%201117%20DE%202007.pdf HTTP/1.1" 200 347464
66.249.73.163 - - [02/Feb/2015:04:03:28 -0500] "GET /BLA/resoluciones/RESOLUCIONES%202010/1598.pdf HTTP/1.1" 200 88281
66.249.73.155 - - [02/Feb/2015:04:03:58 -0500] "GET /BLA/resoluciones/RESOLUCIONES%202008/4506.pdf HTTP/1.1" 200 680732
188.165.15.89 - - [02/Feb/2015:04:04:27 -0500] "GET /BLA/resoluciones/RESOLUCIONES%202002/RES%202002%20201-250/2002RES209.tif HTTP/1.1" 200 118548
66.249.73.171 - - [02/Feb/2015:04:04:28 -0500] "GET /BLA/resoluciones/AUTOS%202008/1616.pdf HTTP/1.1" 200 74067
66.249.73.171 - - [02/Feb/2015:04:04:44 -0500] "GET /BLA/resoluciones/RESOLUCIONES%202004/RES%202004%20851-900/00000861.tif HTTP/1.1" 200 91434
66.249.73.171 - - [02/Feb/2015:04:04:58 -0500] "GET /BLA/resoluciones/RESOLUCIONES%202007/RES%202007%204001%20AL%204100/RESOLUCION%204098%20DE%202007.pdf HTTP/1.1" 200 316531
188.165.15.183 - - [02/Feb/2015:04:05:10 -0500] "GET /BLA/resoluciones/RESOLUCIONES%202003/RES%202003%20351-400/395.tif HTTP/1.1" 200 72552
