191.95.252.71 - - [14/Feb/2015:14:41:39 -0500] "GET /galeria/carrusel/Carrusel/jquery.thumbnailScroller.js HTTP/1.1" 200 8157
202.46.62.203 - - [14/Feb/2015:14:41:42 -0500] "GET /BLA/resoluciones/RESOLUCIONES%202010/2719.pdf HTTP/1.1" 200 326988
191.95.252.71 - - [14/Feb/2015:14:41:43 -0500] "GET /galeria/nivo-slider/demo/demo.html HTTP/1.1" 200 3336
191.95.252.71 - - [14/Feb/2015:14:41:43 -0500] "GET /galeria/nivo-slider/themes/default/default.css HTTP/1.1" 200 1569
191.95.252.71 - - [14/Feb/2015:14:41:43 -0500] "GET /galeria/nivo-slider/themes/pascal/pascal.css HTTP/1.1" 200 2258
191.95.252.71 - - [14/Feb/2015:14:41:43 -0500] "GET /galeria/nivo-slider/themes/orman/orman.css HTTP/1.1" 200 2152
191.95.252.71 - - [14/Feb/2015:14:41:43 -0500] "GET /galeria/nivo-slider/nivo-slider.css HTTP/1.1" 200 1507
191.95.252.71 - - [14/Feb/2015:14:41:43 -0500] "GET /galeria/nivo-slider/demo/style.css HTTP/1.1" 200 2222
191.95.252.71 - - [14/Feb/2015:14:41:43 -0500] "GET /galeria/nivo-slider/demo/images/banner-V2.jpg HTTP/1.1" 200 167020
191.95.252.71 - - [14/Feb/2015:14:41:43 -0500] "GET /galeria/nivo-slider/demo/images/bolsas-08.jpg HTTP/1.1" 200 85589
191.95.252.71 - - [14/Feb/2015:14:41:43 -0500] "GET /galeria/nivo-slider/demo/images/Ruta-vertimientos-01.jpg HTTP/1.1" 200 130151
191.95.252.71 - - [14/Feb/2015:14:41:44 -0500] "GET /galeria/nivo-slider/demo/images/bolsas-06.jpg HTTP/1.1" 200 90982
191.95.252.71 - - [14/Feb/2015:14:41:44 -0500] "GET /galeria/nivo-slider/demo/images/porloshumedales.jpg HTTP/1.1" 200 351238
191.95.252.71 - - [14/Feb/2015:14:41:44 -0500] "GET /galeria/nivo-slider/demo/images/ecolecta-Dic2014.png HTTP/1.1" 200 288593
66.249.67.76 - - [14/Feb/2015:14:41:46 -0500] "GET /BLA/resoluciones/RESOLUCIONES%202012/1768.pdf HTTP/1.1" 200 773156
191.95.252.71 - - [14/Feb/2015:14:41:47 -0500] "GET /galeria/nivo-slider/demo/images/Tingua-azul.jpg HTTP/1.1" 200 307638
191.95.252.71 - - [14/Feb/2015:14:41:48 -0500] "GET /galeria/nivo-slider/demo/images/Banner-Caracol-Africano.jpg HTTP/1.1" 200 331986
191.95.252.71 - - [14/Feb/2015:14:41:48 -0500] "GET /galeria/nivo-slider/demo/images/redes_sociales.jpg HTTP/1.1" 200 415652
191.95.252.71 - - [14/Feb/2015:14:41:49 -0500] "GET /galeria/nivo-slider/demo/images/9Signos.jpg HTTP/1.1" 200 93040
191.95.252.71 - - [14/Feb/2015:14:41:49 -0500] "GET /galeria/nivo-slider/demo/images/banner-llantas2.jpg HTTP/1.1" 200 73153
191.95.252.71 - - [14/Feb/2015:14:41:49 -0500] "GET /galeria/nivo-slider/demo/images/banner-caballos.png HTTP/1.1" 200 389106
191.95.252.71 - - [14/Feb/2015:14:41:49 -0500] "GET /galeria/nivo-slider/demo/scripts/jquery-1.7.1.min.js HTTP/1.1" 200 93868
191.95.252.71 - - [14/Feb/2015:14:41:49 -0500] "GET /galeria/nivo-slider/jquery.nivo.slider.pack.js HTTP/1.1" 200 11561
191.95.252.71 - - [14/Feb/2015:14:41:49 -0500] "GET /galeria/nivo-slider/demo/images/4Simple_Slider.png HTTP/1.1" 200 11722
191.95.252.71 - - [14/Feb/2015:14:41:49 -0500] "GET /galeria/nivo-slider/themes/default/loading.gif HTTP/1.1" 200 1737
191.95.252.71 - - [14/Feb/2015:14:41:52 -0500] "GET /galeria/nivo-slider/themes/default/arrows.png HTTP/1.1" 200 824
191.95.252.71 - - [14/Feb/2015:14:41:52 -0500] "GET /galeria/nivo-slider/themes/default/bullets.png HTTP/1.1" 200 1281
188.165.15.187 - - [14/Feb/2015:14:41:56 -0500] "GET /BLA/resoluciones/RESOLUCIONES%202006/RES%202006%20%202951-3000/00002970.tif HTTP/1.1" 200 85562
220.181.108.122 - - [14/Feb/2015:14:41:56 -0500] "GET / HTTP/1.1" 302 -
181.133.0.204 - - [14/Feb/2015:14:41:48 -0500] "GET /videos/CRRFFS.mp4 HTTP/1.1" 206 253221390
190.25.232.143 - - [14/Feb/2015:14:42:06 -0500] "GET /StormSDA/stormWeb/presentacion.html HTTP/1.1" 304 -
186.84.51.21 - - [14/Feb/2015:14:42:17 -0500] "POST /forms/lservlet;jsessionid=ac16012b30d5c7bc4b5ab77f482fb30ff5ee67455bed.e3iSbxaKaheRe38Ma3iTb3aRc41ynknvrkLOlQzNp65In0 HTTP/1.1" 200 2
157.56.1.130 - - [14/Feb/2015:14:42:29 -0500] "GET /BLA/boletinlegal/js/jquery.scrollShow.js HTTP/1.1" 200 4586
157.56.1.130 - - [14/Feb/2015:14:42:29 -0500] "GET /BLA/boletinlegal/js/jquery.scrollTo-min.js HTTP/1.1" 200 1150
157.56.1.130 - - [14/Feb/2015:14:42:29 -0500] "GET /galeria/galeria/jquery.fancybox.js?v=2.1.5 HTTP/1.1" 200 48706
157.56.1.130 - - [14/Feb/2015:14:42:30 -0500] "GET /galeria/galeria/jquery.fancybox.css?v=2.1.5 HTTP/1.1" 200 4895
181.133.0.204 - - [14/Feb/2015:14:42:24 -0500] "GET /videos/CRRFFS.mp4 HTTP/1.1" 206 250571834
181.50.29.243 - - [14/Feb/2015:14:42:39 -0500] "GET /BLA/boletinlegal/js/jquery.scrollTo-min.js HTTP/1.1" 200 1150
181.50.29.243 - - [14/Feb/2015:14:42:39 -0500] "GET /galeria/galeria/jquery.fancybox.css?v=2.1.5 HTTP/1.1" 200 4895
181.50.29.243 - - [14/Feb/2015:14:42:39 -0500] "GET /BLA/boletinlegal/js/jquery.scrollShow.js HTTP/1.1" 200 4586
181.50.29.243 - - [14/Feb/2015:14:42:39 -0500] "GET /galeria/galeria/jquery.fancybox.js?v=2.1.5 HTTP/1.1" 200 48706
186.84.49.238 - - [14/Feb/2015:14:42:49 -0500] "GET /galeria/carrusel/Carrusel/jquery.thumbnailScroller.css HTTP/1.1" 200 2066
186.84.49.238 - - [14/Feb/2015:14:42:49 -0500] "GET /galeria/galeria/jquery.fancybox.css?v=2.1.5 HTTP/1.1" 200 4895
186.84.49.238 - - [14/Feb/2015:14:42:49 -0500] "GET /BLA/boletinlegal/js/jquery.scrollTo-min.js HTTP/1.1" 200 1150
186.84.49.238 - - [14/Feb/2015:14:42:49 -0500] "GET /BLA/boletinlegal/js/jquery.scrollShow.js HTTP/1.1" 200 4586
186.84.49.238 - - [14/Feb/2015:14:42:49 -0500] "GET /galeria/galeria/jquery.fancybox.js?v=2.1.5 HTTP/1.1" 200 48706
186.84.49.238 - - [14/Feb/2015:14:42:49 -0500] "GET /galeria/carrusel/Carrusel/jquery-ui-1.8.13.custom.min.js HTTP/1.1" 200 10800
186.84.49.238 - - [14/Feb/2015:14:42:49 -0500] "GET /galeria/carrusel/Carrusel/jquery.thumbnailScroller.js HTTP/1.1" 200 8157
186.84.49.238 - - [14/Feb/2015:14:42:51 -0500] "GET /galeria/nivo-slider/demo/demo.html HTTP/1.1" 200 3336
186.84.49.238 - - [14/Feb/2015:14:42:56 -0500] "GET /galeria/nivo-slider/themes/default/default.css HTTP/1.1" 200 1569
186.84.49.238 - - [14/Feb/2015:14:42:56 -0500] "GET /galeria/nivo-slider/themes/pascal/pascal.css HTTP/1.1" 200 2258
186.84.49.238 - - [14/Feb/2015:14:42:56 -0500] "GET /galeria/nivo-slider/themes/orman/orman.css HTTP/1.1" 200 2152
186.84.49.238 - - [14/Feb/2015:14:42:56 -0500] "GET /galeria/nivo-slider/nivo-slider.css HTTP/1.1" 200 1507
186.84.49.238 - - [14/Feb/2015:14:42:56 -0500] "GET /galeria/nivo-slider/demo/style.css HTTP/1.1" 200 2222
186.84.49.238 - - [14/Feb/2015:14:42:56 -0500] "GET /galeria/nivo-slider/demo/scripts/jquery-1.7.1.min.js HTTP/1.1" 200 93868
186.84.49.238 - - [14/Feb/2015:14:42:56 -0500] "GET /galeria/nivo-slider/jquery.nivo.slider.pack.js HTTP/1.1" 200 11561
186.84.49.238 - - [14/Feb/2015:14:42:57 -0500] "GET /galeria/nivo-slider/demo/images/banner-V2.jpg HTTP/1.1" 200 167020
186.84.49.238 - - [14/Feb/2015:14:42:57 -0500] "GET /galeria/nivo-slider/demo/images/bolsas-08.jpg HTTP/1.1" 200 85589
186.84.49.238 - - [14/Feb/2015:14:42:57 -0500] "GET /galeria/nivo-slider/demo/images/Ruta-vertimientos-01.jpg HTTP/1.1" 200 130151
186.84.49.238 - - [14/Feb/2015:14:42:57 -0500] "GET /galeria/nivo-slider/demo/images/bolsas-06.jpg HTTP/1.1" 200 90982
186.84.49.238 - - [14/Feb/2015:14:42:57 -0500] "GET /galeria/nivo-slider/demo/images/ecolecta-Dic2014.png HTTP/1.1" 200 288593
186.84.49.238 - - [14/Feb/2015:14:42:58 -0500] "GET /galeria/nivo-slider/demo/images/porloshumedales.jpg HTTP/1.1" 200 351238
186.84.49.238 - - [14/Feb/2015:14:43:00 -0500] "GET /galeria/nivo-slider/demo/images/4Simple_Slider.png HTTP/1.1" 200 11722
186.84.49.238 - - [14/Feb/2015:14:43:01 -0500] "GET /galeria/nivo-slider/themes/default/loading.gif HTTP/1.1" 200 1737
186.84.49.238 - - [14/Feb/2015:14:43:03 -0500] "GET /galeria/nivo-slider/demo/images/Banner-Caracol-Africano.jpg HTTP/1.1" 200 331986
186.84.49.238 - - [14/Feb/2015:14:43:05 -0500] "GET /galeria/nivo-slider/demo/images/redes_sociales.jpg HTTP/1.1" 200 415652
186.84.49.238 - - [14/Feb/2015:14:43:05 -0500] "GET /galeria/nivo-slider/demo/images/Tingua-azul.jpg HTTP/1.1" 200 307638
186.84.49.238 - - [14/Feb/2015:14:43:05 -0500] "GET /galeria/nivo-slider/demo/images/9Signos.jpg HTTP/1.1" 200 93040
66.249.67.68 - - [14/Feb/2015:14:43:08 -0500] "GET /BLA/resoluciones/RESOLUCIONES%202005/RES%202005%201551-1600/00001552.tif HTTP/1.1" 200 169034
186.84.49.238 - - [14/Feb/2015:14:43:09 -0500] "GET /galeria/nivo-slider/demo/images/banner-llantas2.jpg HTTP/1.1" 200 73153
186.84.49.238 - - [14/Feb/2015:14:43:11 -0500] "GET /galeria/nivo-slider/demo/images/banner-caballos.png HTTP/1.1" 200 389106
202.46.60.97 - - [14/Feb/2015:14:43:14 -0500] "GET /BLA/resoluciones/RESOLUCIONES%202007/RES%202007%201%20AL%20100/RESOLUCION%200029%20DE%202007.pdf HTTP/1.1" 200 534041
188.165.15.214 - - [14/Feb/2015:14:43:17 -0500] "GET /BLA/resoluciones/RESOLUCIONES%202005/RES%202005%203151-3180/00003167.tif HTTP/1.1" 200 303566
186.29.24.161 - - [14/Feb/2015:14:43:18 -0500] "GET /galeria/galeria/jquery.fancybox.css?v=2.1.5 HTTP/1.1" 200 4895
186.29.24.161 - - [14/Feb/2015:14:43:18 -0500] "GET /BLA/boletinlegal/js/jquery.scrollTo-min.js HTTP/1.1" 200 1150
186.29.24.161 - - [14/Feb/2015:14:43:18 -0500] "GET /BLA/boletinlegal/js/jquery.scrollShow.js HTTP/1.1" 200 4586
186.29.24.161 - - [14/Feb/2015:14:43:18 -0500] "GET /galeria/galeria/jquery.fancybox.js?v=2.1.5 HTTP/1.1" 200 48706
186.84.49.238 - - [14/Feb/2015:14:43:18 -0500] "GET /videos/Humedals2015WEB.flv HTTP/1.1" 200 16650865
186.84.49.238 - - [14/Feb/2015:14:43:25 -0500] "GET /galeria/nivo-slider/themes/default/arrows.png HTTP/1.1" 200 824
186.84.49.238 - - [14/Feb/2015:14:43:25 -0500] "GET /galeria/nivo-slider/themes/default/bullets.png HTTP/1.1" 200 1281
186.81.156.228 - - [14/Feb/2015:14:43:41 -0500] "GET /forest/xmlresponse.do?lista=searchTerceroByName&xmlret=1&todos=false&_a=0.4419782650656998&partNomTer=ELSA%20KOPPEL%20DE%20RAMIRE HTTP/1.1" 200 200
186.81.156.228 - - [14/Feb/2015:14:43:44 -0500] "GET /forest/xmlresponse.do?lista=searchTerceroByName&xmlret=1&todos=false&_a=0.4419782650656998&partNomTer=KOPPEL HTTP/1.1" 200 316
186.81.156.228 - - [14/Feb/2015:14:43:53 -0500] "GET /forest/1ibre/jscalendar/updown.gif HTTP/1.1" 200 67
186.81.156.228 - - [14/Feb/2015:14:43:53 -0500] "GET /forest/1ibre/jscalendar/menuarrow.gif HTTP/1.1" 200 68
186.84.51.21 - - [14/Feb/2015:14:44:17 -0500] "POST /forms/lservlet;jsessionid=ac16012b30d5c7bc4b5ab77f482fb30ff5ee67455bed.e3iSbxaKaheRe38Ma3iTb3aRc41ynknvrkLOlQzNp65In0 HTTP/1.1" 200 2
186.84.51.21 - - [14/Feb/2015:14:44:22 -0500] "POST /forms/lservlet;jsessionid=ac16012b30d5c7bc4b5ab77f482fb30ff5ee67455bed.e3iSbxaKaheRe38Ma3iTb3aRc41ynknvrkLOlQzNp65In0 HTTP/1.1" 200 649
186.84.51.21 - - [14/Feb/2015:14:44:24 -0500] "POST /forms/lservlet;jsessionid=ac16012b30d5c7bc4b5ab77f482fb30ff5ee67455bed.e3iSbxaKaheRe38Ma3iTb3aRc41ynknvrkLOlQzNp65In0 HTTP/1.1" 200 2
186.84.51.21 - - [14/Feb/2015:14:44:24 -0500] "POST /forms/lservlet;jsessionid=ac16012b30d5c7bc4b5ab77f482fb30ff5ee67455bed.e3iSbxaKaheRe38Ma3iTb3aRc41ynknvrkLOlQzNp65In0 HTTP/1.1" 200 239
186.84.51.21 - - [14/Feb/2015:14:44:24 -0500] "POST /forms/lservlet;jsessionid=ac16012b30d5c7bc4b5ab77f482fb30ff5ee67455bed.e3iSbxaKaheRe38Ma3iTb3aRc41ynknvrkLOlQzNp65In0 HTTP/1.1" 200 44
186.84.51.21 - - [14/Feb/2015:14:44:25 -0500] "POST /forms/lservlet;jsessionid=ac16012b30d5c7bc4b5ab77f482fb30ff5ee67455bed.e3iSbxaKaheRe38Ma3iTb3aRc41ynknvrkLOlQzNp65In0 HTTP/1.1" 200 16
186.84.51.21 - - [14/Feb/2015:14:44:25 -0500] "POST /forms/lservlet;jsessionid=ac16012b30d5c7bc4b5ab77f482fb30ff5ee67455bed.e3iSbxaKaheRe38Ma3iTb3aRc41ynknvrkLOlQzNp65In0 HTTP/1.1" 200 2
186.84.51.21 - - [14/Feb/2015:14:44:26 -0500] "POST /forms/lservlet;jsessionid=ac16012b30d5c7bc4b5ab77f482fb30ff5ee67455bed.e3iSbxaKaheRe38Ma3iTb3aRc41ynknvrkLOlQzNp65In0 HTTP/1.1" 200 70
186.84.51.21 - - [14/Feb/2015:14:44:26 -0500] "POST /forms/lservlet;jsessionid=ac16012b30d5c7bc4b5ab77f482fb30ff5ee67455bed.e3iSbxaKaheRe38Ma3iTb3aRc41ynknvrkLOlQzNp65In0 HTTP/1.1" 200 31
186.84.51.21 - - [14/Feb/2015:14:44:27 -0500] "POST /forms/lservlet;jsessionid=ac16012b30d5c7bc4b5ab77f482fb30ff5ee67455bed.e3iSbxaKaheRe38Ma3iTb3aRc41ynknvrkLOlQzNp65In0 HTTP/1.1" 200 2
186.84.51.21 - - [14/Feb/2015:14:44:27 -0500] "POST /forms/lservlet;jsessionid=ac16012b30d5c7bc4b5ab77f482fb30ff5ee67455bed.e3iSbxaKaheRe38Ma3iTb3aRc41ynknvrkLOlQzNp65In0 HTTP/1.1" 200 65
186.84.51.21 - - [14/Feb/2015:14:44:28 -0500] "POST /forms/lservlet;jsessionid=ac16012b30d5c7bc4b5ab77f482fb30ff5ee67455bed.e3iSbxaKaheRe38Ma3iTb3aRc41ynknvrkLOlQzNp65In0 HTTP/1.1" 200 72
188.165.15.22 - - [14/Feb/2015:14:44:30 -0500] "GET /BLA/resoluciones/RESOLUCIONES%202005/RES%202005%20801-850/00000849.tif HTTP/1.1" 200 83100
191.95.252.71 - - [14/Feb/2015:14:44:38 -0500] "GET /autoliquidacion HTTP/1.1" 301 310
191.95.252.71 - - [14/Feb/2015:14:44:38 -0500] "GET /autoliquidacion/ HTTP/1.1" 200 6375
191.95.252.71 - - [14/Feb/2015:14:44:40 -0500] "GET /autoliquidacion/dlf/styles.css HTTP/1.1" 200 3045
191.95.252.71 - - [14/Feb/2015:14:44:40 -0500] "GET /autoliquidacion/dlf/folder.png HTTP/1.1" 200 410
191.95.252.71 - - [14/Feb/2015:14:44:42 -0500] "GET /autoliquidacion/dlf/bg.gif HTTP/1.1" 200 54
186.84.51.21 - - [14/Feb/2015:14:44:46 -0500] "POST /forms/lservlet;jsessionid=ac16012b30d5c7bc4b5ab77f482fb30ff5ee67455bed.e3iSbxaKaheRe38Ma3iTb3aRc41ynknvrkLOlQzNp65In0 HTTP/1.1" 200 24
66.249.67.68 - - [14/Feb/2015:14:44:47 -0500] "GET /manual_funciones_Listado/2.1.%20Direcci%C3%B3n%20de%20Planeacion%20y%20Sistemas%20de%20Informacion/Director%20Tecnico%20009-07.pdf HTTP/1.1" 404 1018
186.84.51.21 - - [14/Feb/2015:14:44:47 -0500] "POST /forms/lservlet;jsessionid=ac16012b30d5c7bc4b5ab77f482fb30ff5ee67455bed.e3iSbxaKaheRe38Ma3iTb3aRc41ynknvrkLOlQzNp65In0 HTTP/1.1" 200 5834
186.84.51.21 - - [14/Feb/2015:14:44:48 -0500] "POST /forms/lservlet;jsessionid=ac16012b30d5c7bc4b5ab77f482fb30ff5ee67455bed.e3iSbxaKaheRe38Ma3iTb3aRc41ynknvrkLOlQzNp65In0 HTTP/1.1" 200 20
186.84.51.21 - - [14/Feb/2015:14:44:52 -0500] "POST /forms/lservlet;jsessionid=ac16012b30d5c7bc4b5ab77f482fb30ff5ee67455bed.e3iSbxaKaheRe38Ma3iTb3aRc41ynknvrkLOlQzNp65In0 HTTP/1.1" 200 3247
186.84.51.21 - - [14/Feb/2015:14:44:56 -0500] "POST /forms/lservlet;jsessionid=ac16012b30d5c7bc4b5ab77f482fb30ff5ee67455bed.e3iSbxaKaheRe38Ma3iTb3aRc41ynknvrkLOlQzNp65In0 HTTP/1.1" 200 2843
186.84.51.21 - - [14/Feb/2015:14:44:57 -0500] "POST /forms/lservlet;jsessionid=ac16012b30d5c7bc4b5ab77f482fb30ff5ee67455bed.e3iSbxaKaheRe38Ma3iTb3aRc41ynknvrkLOlQzNp65In0 HTTP/1.1" 200 2248
186.84.51.21 - - [14/Feb/2015:14:44:59 -0500] "POST /forms/lservlet;jsessionid=ac16012b30d5c7bc4b5ab77f482fb30ff5ee67455bed.e3iSbxaKaheRe38Ma3iTb3aRc41ynknvrkLOlQzNp65In0 HTTP/1.1" 200 649
186.84.51.21 - - [14/Feb/2015:14:45:02 -0500] "POST /forms/lservlet;jsessionid=ac16012b30d5c7bc4b5ab77f482fb30ff5ee67455bed.e3iSbxaKaheRe38Ma3iTb3aRc41ynknvrkLOlQzNp65In0 HTTP/1.1" 200 2
186.84.51.21 - - [14/Feb/2015:14:45:02 -0500] "POST /forms/lservlet;jsessionid=ac16012b30d5c7bc4b5ab77f482fb30ff5ee67455bed.e3iSbxaKaheRe38Ma3iTb3aRc41ynknvrkLOlQzNp65In0 HTTP/1.1" 200 239
186.84.51.21 - - [14/Feb/2015:14:45:02 -0500] "POST /forms/lservlet;jsessionid=ac16012b30d5c7bc4b5ab77f482fb30ff5ee67455bed.e3iSbxaKaheRe38Ma3iTb3aRc41ynknvrkLOlQzNp65In0 HTTP/1.1" 200 44
186.84.51.21 - - [14/Feb/2015:14:45:02 -0500] "POST /forms/lservlet;jsessionid=ac16012b30d5c7bc4b5ab77f482fb30ff5ee67455bed.e3iSbxaKaheRe38Ma3iTb3aRc41ynknvrkLOlQzNp65In0 HTTP/1.1" 200 16
186.84.51.21 - - [14/Feb/2015:14:45:03 -0500] "POST /forms/lservlet;jsessionid=ac16012b30d5c7bc4b5ab77f482fb30ff5ee67455bed.e3iSbxaKaheRe38Ma3iTb3aRc41ynknvrkLOlQzNp65In0 HTTP/1.1" 200 2
186.84.51.21 - - [14/Feb/2015:14:45:04 -0500] "POST /forms/lservlet;jsessionid=ac16012b30d5c7bc4b5ab77f482fb30ff5ee67455bed.e3iSbxaKaheRe38Ma3iTb3aRc41ynknvrkLOlQzNp65In0 HTTP/1.1" 200 70
186.84.51.21 - - [14/Feb/2015:14:45:04 -0500] "POST /forms/lservlet;jsessionid=ac16012b30d5c7bc4b5ab77f482fb30ff5ee67455bed.e3iSbxaKaheRe38Ma3iTb3aRc41ynknvrkLOlQzNp65In0 HTTP/1.1" 200 31
186.84.51.21 - - [14/Feb/2015:14:45:04 -0500] "POST /forms/lservlet;jsessionid=ac16012b30d5c7bc4b5ab77f482fb30ff5ee67455bed.e3iSbxaKaheRe38Ma3iTb3aRc41ynknvrkLOlQzNp65In0 HTTP/1.1" 200 2
186.84.51.21 - - [14/Feb/2015:14:45:04 -0500] "POST /forms/lservlet;jsessionid=ac16012b30d5c7bc4b5ab77f482fb30ff5ee67455bed.e3iSbxaKaheRe38Ma3iTb3aRc41ynknvrkLOlQzNp65In0 HTTP/1.1" 200 65
186.81.156.228 - - [14/Feb/2015:14:45:04 -0500] "GET /forest/ HTTP/1.1" 200 12758
186.81.156.228 - - [14/Feb/2015:14:45:11 -0500] "POST /forest/login.do HTTP/1.1" 302 -
207.46.13.73 - - [14/Feb/2015:14:45:11 -0500] "GET /Anexos%20estudio%20Organizacional%20SDA/ HTTP/1.1" 200 5840
186.81.156.228 - - [14/Feb/2015:14:45:11 -0500] "GET /forest/index2.jsp?a=0.178350621199304 HTTP/1.1" 200 35322
186.81.156.228 - - [14/Feb/2015:14:45:12 -0500] "GET /forest/session.jsp?a=0.5365131972357631 HTTP/1.1" 200 4
181.53.17.234 - - [14/Feb/2015:14:45:12 -0500] "GET /BLA/boletinlegal/js/jquery.scrollShow.js HTTP/1.1" 200 4586
181.53.17.234 - - [14/Feb/2015:14:45:12 -0500] "GET /galeria/galeria/jquery.fancybox.js?v=2.1.5 HTTP/1.1" 200 48706
181.53.17.234 - - [14/Feb/2015:14:45:12 -0500] "GET /galeria/galeria/jquery.fancybox.css?v=2.1.5 HTTP/1.1" 200 4895
181.53.17.234 - - [14/Feb/2015:14:45:12 -0500] "GET /BLA/boletinlegal/js/jquery.scrollTo-min.js HTTP/1.1" 200 1150
186.70.71.232 - - [14/Feb/2015:14:45:21 -0500] "GET /BLA/boletinlegal/js/jquery.scrollTo-min.js HTTP/1.1" 200 1150
186.70.71.232 - - [14/Feb/2015:14:45:21 -0500] "GET /BLA/boletinlegal/js/jquery.scrollShow.js HTTP/1.1" 200 4586
186.70.71.232 - - [14/Feb/2015:14:45:21 -0500] "GET /galeria/galeria/jquery.fancybox.css?v=2.1.5 HTTP/1.1" 200 4895
186.70.71.232 - - [14/Feb/2015:14:45:21 -0500] "GET /galeria/galeria/jquery.fancybox.js?v=2.1.5 HTTP/1.1" 200 48706
186.84.51.21 - - [14/Feb/2015:14:45:22 -0500] "POST /forms/lservlet;jsessionid=ac16012b30d5c7bc4b5ab77f482fb30ff5ee67455bed.e3iSbxaKaheRe38Ma3iTb3aRc41ynknvrkLOlQzNp65In0 HTTP/1.1" 200 72
186.81.156.228 - - [14/Feb/2015:14:45:33 -0500] "GET /forest/skins/gdocs-jar/popup/popup.jsp?width=1100&height=500&title=Buscar%20documentos&uri=/forest/buscar.do%3Ftype%3Ddocumentos&name=undefined&_a=0.2114044982008636&a=0.6042166803963482 HTTP/1.1" 200 1300
186.81.156.228 - - [14/Feb/2015:14:45:33 -0500] "GET /forest/buscar.do?type=documentos HTTP/1.1" 200 18159
186.81.156.228 - - [14/Feb/2015:14:45:33 -0500] "GET /forest/buscar.do?type=documentos HTTP/1.1" 200 84414
186.81.156.228 - - [14/Feb/2015:14:45:33 -0500] "GET /forest/json.do?query=usersByDep&coddep=221 HTTP/1.1" 200 3629
186.81.156.228 - - [14/Feb/2015:14:45:33 -0500] "GET /forest/json.do?query=versionListadas HTTP/1.1" 200 15
186.81.156.228 - - [14/Feb/2015:14:45:33 -0500] "GET /forest/json.do?query=usersByDep&coddep=221 HTTP/1.1" 200 3629
186.81.156.228 - - [14/Feb/2015:14:45:33 -0500] "GET /forest/json.do?query=procesIniciales HTTP/1.1" 200 10001
191.95.252.71 - - [14/Feb/2015:14:45:39 -0500] "GET /autoliquidacion/index.php?dir=Cobro+Clasificacion+Uso+De+Vivenda+En+Suelo+Restringido%2F HTTP/1.1" 200 3195
191.95.252.71 - - [14/Feb/2015:14:45:39 -0500] "GET /autoliquidacion/dlf/dirup.png HTTP/1.1" 200 644
191.95.252.71 - - [14/Feb/2015:14:45:40 -0500] "GET /autoliquidacion/dlf/html.gif HTTP/1.1" 200 632
191.95.252.71 - - [14/Feb/2015:14:45:40 -0500] "GET /autoliquidacion/dlf/unknown.png HTTP/1.1" 200 266
191.95.252.71 - - [14/Feb/2015:14:45:40 -0500] "GET /autoliquidacion/dlf/doc.gif HTTP/1.1" 200 1079
186.81.156.228 - - [14/Feb/2015:14:45:42 -0500] "POST /forest/buscar.do? HTTP/1.1" 200 7126
186.81.156.228 - - [14/Feb/2015:14:45:42 -0500] "POST /forest/buscar.do? HTTP/1.1" 200 7126
191.95.252.71 - - [14/Feb/2015:14:45:42 -0500] "GET /autoliquidacion/ HTTP/1.1" 200 6375
186.81.156.228 - - [14/Feb/2015:14:45:52 -0500] "GET /forest/skins/gdocs-jar/popup/popup.jsp?width=900&height=600&title=Informaci%F3n%20de%20proceso&uri=/forest/system/process.jsp%3FnumPro%3D3000895&name=undefined&_a=0.8250980356242508&a=0.5118878295179456 HTTP/1.1" 200 1312
186.81.156.228 - - [14/Feb/2015:14:45:52 -0500] "GET /forest/system/process.jsp?numPro=3000895 HTTP/1.1" 200 18159
186.81.156.228 - - [14/Feb/2015:14:45:52 -0500] "GET /forest/system/process.jsp?numPro=3000895 HTTP/1.1" 200 85182
66.249.67.76 - - [14/Feb/2015:14:45:57 -0500] "GET /BLA/resoluciones/index.php?dir=RESOLUCIONES%202009/&sort=size&order=desc HTTP/1.1" 200 1672911
190.84.231.15 - - [14/Feb/2015:14:40:01 -0500] "GET /ForestMSG_SDA/channelAsync/template_word_17469428?X-Atmosphere-tracking-id=0cd5eab5-5b4d-89a8-2f4e-cd635f8dd517&X-Atmosphere-Framework=1.0.5&X-Atmosphere-Transport=long-polling&tabid=0.5847476169001311&X-Cache-Date=0&Content-Type=application/xml&_=1423943001504 HTTP/1.1" 200 8193
186.81.156.228 - - [14/Feb/2015:14:43:56 -0500] "POST /forest/buscar.do? HTTP/1.1" 200 4692
186.81.156.228 - - [14/Feb/2015:14:46:03 -0500] "GET /forest/skins/gdocs-jar/popup/popup.jsp?width=500&height=350&title=Informaci%F3n%20del%20borrador&uri=/forest/system/borrador.jsp%3FcodBorr%3D542196&name=undefined&_a=0.5423320541158319&a=0.3125154559966177 HTTP/1.1" 200 1315
186.81.156.228 - - [14/Feb/2015:14:46:03 -0500] "GET /forest/system/borrador.jsp?codBorr=542196 HTTP/1.1" 200 5571
186.81.156.228 - - [14/Feb/2015:14:46:03 -0500] "GET /forest/system/borrador.jsp?codBorr=542196 HTTP/1.1" 200 5571
186.81.156.228 - - [14/Feb/2015:14:43:56 -0500] "POST /forest/buscar.do? HTTP/1.1" 200 4692
188.165.15.211 - - [14/Feb/2015:14:46:05 -0500] "GET /BLA/resoluciones/RESOLUCIONES%202003/RES%202003%20151-200/2003RES168.tif HTTP/1.1" 200 484444
186.81.156.228 - - [14/Feb/2015:14:46:07 -0500] "GET /forest/borrador/1614508/RESPUESTA%20OFICIO%20GRUPO%20KOPPEL.docx HTTP/1.1" 200 214
190.67.135.211 - - [14/Feb/2015:14:46:08 -0500] "GET /BLA/boletinlegal/js/jquery.scrollTo-min.js HTTP/1.1" 200 1150
190.67.135.211 - - [14/Feb/2015:14:46:08 -0500] "GET /BLA/boletinlegal/js/jquery.scrollShow.js HTTP/1.1" 200 4586
190.67.135.211 - - [14/Feb/2015:14:46:08 -0500] "GET /galeria/galeria/jquery.fancybox.js?v=2.1.5 HTTP/1.1" 200 48706
190.67.135.211 - - [14/Feb/2015:14:46:08 -0500] "GET /galeria/galeria/jquery.fancybox.css?v=2.1.5 HTTP/1.1" 200 4895
190.67.135.211 - - [14/Feb/2015:14:46:08 -0500] "GET /galeria/carrusel/Carrusel/jquery.thumbnailScroller.css HTTP/1.1" 200 2066
190.67.135.211 - - [14/Feb/2015:14:46:08 -0500] "GET /galeria/carrusel/Carrusel/jquery-ui-1.8.13.custom.min.js HTTP/1.1" 200 10800
190.67.135.211 - - [14/Feb/2015:14:46:08 -0500] "GET /galeria/carrusel/Carrusel/jquery.thumbnailScroller.js HTTP/1.1" 200 8157
190.67.135.211 - - [14/Feb/2015:14:46:10 -0500] "GET /galeria/nivo-slider/demo/demo.html HTTP/1.1" 200 3336
190.67.135.211 - - [14/Feb/2015:14:46:12 -0500] "GET /galeria/nivo-slider/themes/default/default.css HTTP/1.1" 200 1569
190.67.135.211 - - [14/Feb/2015:14:46:12 -0500] "GET /galeria/nivo-slider/themes/pascal/pascal.css HTTP/1.1" 200 2258
190.67.135.211 - - [14/Feb/2015:14:46:12 -0500] "GET /galeria/nivo-slider/themes/orman/orman.css HTTP/1.1" 200 2152
190.67.135.211 - - [14/Feb/2015:14:46:12 -0500] "GET /galeria/nivo-slider/nivo-slider.css HTTP/1.1" 200 1507
190.67.135.211 - - [14/Feb/2015:14:46:12 -0500] "GET /galeria/nivo-slider/demo/style.css HTTP/1.1" 200 2222
190.67.135.211 - - [14/Feb/2015:14:46:13 -0500] "GET /galeria/nivo-slider/demo/images/banner-V2.jpg HTTP/1.1" 200 167020
190.67.135.211 - - [14/Feb/2015:14:46:13 -0500] "GET /galeria/nivo-slider/demo/images/bolsas-08.jpg HTTP/1.1" 200 85589
190.67.135.211 - - [14/Feb/2015:14:46:13 -0500] "GET /galeria/nivo-slider/demo/images/Ruta-vertimientos-01.jpg HTTP/1.1" 200 130151
190.67.135.211 - - [14/Feb/2015:14:46:13 -0500] "GET /galeria/nivo-slider/demo/images/bolsas-06.jpg HTTP/1.1" 200 90982
190.67.135.211 - - [14/Feb/2015:14:46:13 -0500] "GET /galeria/nivo-slider/demo/images/ecolecta-Dic2014.png HTTP/1.1" 200 288593
190.67.135.211 - - [14/Feb/2015:14:46:13 -0500] "GET /galeria/nivo-slider/demo/images/porloshumedales.jpg HTTP/1.1" 200 351238
186.81.156.228 - - [14/Feb/2015:14:46:13 -0500] "GET /forest/skins/gdocs-jar/popup/popup.jsp?width=850&height=380&title=Informaci%F3n%20del%20radicado&uri=/forest/system/document.jsp%3FcodDoc%3D2001996&name=undefined&_a=0.7993308841250837&a=0.7607728361617774 HTTP/1.1" 200 1315
190.67.135.211 - - [14/Feb/2015:14:46:13 -0500] "GET /galeria/nivo-slider/demo/images/Tingua-azul.jpg HTTP/1.1" 200 307638
186.81.156.228 - - [14/Feb/2015:14:46:13 -0500] "GET /forest/system/document.jsp?codDoc=2001996 HTTP/1.1" 200 16530
186.81.156.228 - - [14/Feb/2015:14:46:13 -0500] "GET /forest/system/document.jsp?codDoc=2001996 HTTP/1.1" 200 16530
190.67.135.211 - - [14/Feb/2015:14:46:14 -0500] "GET /galeria/nivo-slider/demo/images/Banner-Caracol-Africano.jpg HTTP/1.1" 200 331986
190.67.135.211 - - [14/Feb/2015:14:46:14 -0500] "GET /galeria/nivo-slider/demo/images/redes_sociales.jpg HTTP/1.1" 200 415652
190.67.135.211 - - [14/Feb/2015:14:46:15 -0500] "GET /galeria/nivo-slider/demo/images/9Signos.jpg HTTP/1.1" 200 93040
190.67.135.211 - - [14/Feb/2015:14:46:16 -0500] "GET /galeria/nivo-slider/demo/images/banner-llantas2.jpg HTTP/1.1" 200 73153
191.95.252.71 - - [14/Feb/2015:14:46:16 -0500] "GET /autoliquidacion/index.php HTTP/1.1" 200 6375
190.67.135.211 - - [14/Feb/2015:14:46:17 -0500] "GET /galeria/nivo-slider/demo/images/banner-caballos.png HTTP/1.1" 200 389106
186.84.51.21 - - [14/Feb/2015:14:46:17 -0500] "POST /forms/lservlet;jsessionid=ac16012b30d5c7bc4b5ab77f482fb30ff5ee67455bed.e3iSbxaKaheRe38Ma3iTb3aRc41ynknvrkLOlQzNp65In0 HTTP/1.1" 200 2
190.67.135.211 - - [14/Feb/2015:14:46:17 -0500] "GET /galeria/nivo-slider/demo/scripts/jquery-1.7.1.min.js HTTP/1.1" 200 93868
190.67.135.211 - - [14/Feb/2015:14:46:17 -0500] "GET /galeria/nivo-slider/jquery.nivo.slider.pack.js HTTP/1.1" 200 11561
190.84.231.15 - - [14/Feb/2015:14:46:17 -0500] "GET /forest/session.jsp?a=0.7713167758192867 HTTP/1.1" 200 5
190.84.231.15 - - [14/Feb/2015:14:46:17 -0500] "GET /forest/login.jsp?a=0.9170386099722236 HTTP/1.1" 200 2996
186.81.156.228 - - [14/Feb/2015:14:46:17 -0500] "GET /forest/skins/gdocs-jar/popup/popup.jsp?width=500&height=350&title=Informaci%F3n%20del%20borrador&uri=/forest/system/borrador.jsp%3FcodBorr%3D541331&name=undefined&_a=0.95176887139678&a=0.5677200960926712 HTTP/1.1" 200 1315
186.81.156.228 - - [14/Feb/2015:14:46:17 -0500] "GET /forest/system/borrador.jsp?codBorr=541331 HTTP/1.1" 200 5749
190.67.135.211 - - [14/Feb/2015:14:46:18 -0500] "GET /galeria/nivo-slider/demo/images/4Simple_Slider.png HTTP/1.1" 200 11722
190.67.135.211 - - [14/Feb/2015:14:46:18 -0500] "GET /galeria/nivo-slider/themes/default/loading.gif HTTP/1.1" 200 1737
190.67.135.211 - - [14/Feb/2015:14:46:20 -0500] "GET /galeria/nivo-slider/themes/default/arrows.png HTTP/1.1" 200 824
190.67.135.211 - - [14/Feb/2015:14:46:20 -0500] "GET /galeria/nivo-slider/themes/default/bullets.png HTTP/1.1" 200 1281
190.67.135.211 - - [14/Feb/2015:14:46:21 -0500] "GET /videos/Humedals2015WEB.flv HTTP/1.1" 200 16650865
186.81.156.228 - - [14/Feb/2015:14:46:22 -0500] "GET /forest/borrador/1612088/REQUERIMIENTO%20GRUPO%20KOPELLE%20LTDA.docx HTTP/1.1" 200 214
74.86.158.107 - - [14/Feb/2015:14:46:22 -0500] "HEAD / HTTP/1.1" 302 -
190.84.231.15 - - [14/Feb/2015:14:46:23 -0500] "POST /forest/actions/manager.login?group_system_actual=3 HTTP/1.1" 200 14
190.84.231.15 - - [14/Feb/2015:14:46:24 -0500] "GET /forest/session.jsp?a=0.40668323799036443 HTTP/1.1" 200 4
190.84.231.15 - - [14/Feb/2015:14:46:28 -0500] "GET /forest/index2.jsp?_a=0.6430388381704688 HTTP/1.1" 200 84259
190.84.231.15 - - [14/Feb/2015:14:46:28 -0500] "GET /forest/session.jsp?a=0.9963868230115622 HTTP/1.1" 200 4
186.81.156.228 - - [14/Feb/2015:14:46:30 -0500] "GET /forest/skins/gdocs-jar/popup/popup.jsp?width=850&height=380&title=Informaci%F3n%20del%20radicado&uri=/forest/system/document.jsp%3FcodDoc%3D1906391&name=undefined&_a=0.2265150179155171&a=0.9776069070212543 HTTP/1.1" 200 1315
186.81.156.228 - - [14/Feb/2015:14:46:30 -0500] "GET /forest/system/document.jsp?codDoc=1906391 HTTP/1.1" 200 19642
186.81.156.228 - - [14/Feb/2015:14:46:30 -0500] "GET /forest/system/document.jsp?codDoc=1906391 HTTP/1.1" 200 23877
191.95.252.71 - - [14/Feb/2015:14:46:30 -0500] "GET /autoliquidacion/index.php?dir=Grupo+Forestal+-+Silvicultura%2F HTTP/1.1" 200 5777
191.95.252.71 - - [14/Feb/2015:14:46:31 -0500] "GET /autoliquidacion/dlf/xls.gif HTTP/1.1" 200 636
186.81.156.228 - - [14/Feb/2015:14:46:31 -0500] "GET /forest/usudocumentos.do?p7z=1906391&a=0.19206593604758382&a=0.15363862831145525 HTTP/1.1" 200 2579
190.84.231.15 - - [14/Feb/2015:14:46:34 -0500] "GET /forest/forms/showform.jsp?codPro=126&codForm=inicioseguimiento&a=0.9554391636047512 HTTP/1.1" 200 8306
190.84.231.15 - - [14/Feb/2015:14:46:36 -0500] "POST /forest/actions/forms.saveForm?codPro=126 HTTP/1.1" 200 165
186.81.156.228 - - [14/Feb/2015:14:46:34 -0500] "GET /forest/documentos/1906391/2014IE136014.p7z:claro/Concepto%20Tecnico.docx HTTP/1.1" 200 974121
201.228.185.109 - - [14/Feb/2015:14:46:38 -0500] "GET /hidrico/aguas%20subterraneas/ HTTP/1.1" 404 1296
186.84.49.238 - - [14/Feb/2015:14:46:39 -0500] "GET /huelladecarbono/index.html HTTP/1.1" 200 5211
186.84.49.238 - - [14/Feb/2015:14:46:39 -0500] "GET /huelladecarbono/estilos.css HTTP/1.1" 200 4034
186.84.49.238 - - [14/Feb/2015:14:46:39 -0500] "GET /huelladecarbono/Imagenes/btn_gris.png HTTP/1.1" 200 3006
186.84.49.238 - - [14/Feb/2015:14:46:39 -0500] "GET /huelladecarbono/Imagenes/btn_gris2.png HTTP/1.1" 200 4298
186.84.49.238 - - [14/Feb/2015:14:46:39 -0500] "GET /huelladecarbono/Imagenes/btn_gris3.png HTTP/1.1" 200 4357
186.84.49.238 - - [14/Feb/2015:14:46:39 -0500] "GET /huelladecarbono/Imagenes/btn_gris4.png HTTP/1.1" 200 2999
186.84.49.238 - - [14/Feb/2015:14:46:39 -0500] "GET /huelladecarbono/Imagenes/btn_gris5.png HTTP/1.1" 200 4459
186.84.49.238 - - [14/Feb/2015:14:46:40 -0500] "GET /huelladecarbono/Imagenes/fondo_header.jpg HTTP/1.1" 200 28877
186.84.49.238 - - [14/Feb/2015:14:46:40 -0500] "GET /huelladecarbono/Imagenes/campana_title.jpg HTTP/1.1" 200 5453
186.84.49.238 - - [14/Feb/2015:14:46:42 -0500] "GET /huelladecarbono/Imagenes/btn_verde.png HTTP/1.1" 200 3266
186.84.49.238 - - [14/Feb/2015:14:46:42 -0500] "GET /huelladecarbono/Imagenes/btn_verde3.png HTTP/1.1" 200 4302
186.84.49.238 - - [14/Feb/2015:14:46:42 -0500] "GET /huelladecarbono/Imagenes/btn_verde5.png HTTP/1.1" 200 4384
186.84.49.238 - - [14/Feb/2015:14:46:42 -0500] "GET /huelladecarbono/Imagenes/btn_verde4.png HTTP/1.1" 200 3343
186.84.49.238 - - [14/Feb/2015:14:46:42 -0500] "GET /huelladecarbono/Imagenes/btn_verde2.png HTTP/1.1" 200 4064
191.95.252.71 - - [14/Feb/2015:14:46:45 -0500] "GET /autoliquidacion/ HTTP/1.1" 200 6375
191.95.252.71 - - [14/Feb/2015:14:46:50 -0500] "GET /autoliquidacion/ HTTP/1.1" 200 6375
186.84.51.21 - - [14/Feb/2015:14:46:59 -0500] "POST /forms/lservlet;jsessionid=ac16012b30d5c7bc4b5ab77f482fb30ff5ee67455bed.e3iSbxaKaheRe38Ma3iTb3aRc41ynknvrkLOlQzNp65In0 HTTP/1.1" 200 24
66.249.67.76 - - [14/Feb/2015:14:46:59 -0500] "GET /BLA/resoluciones/RESOLUCIONES%202013/0943.pdf HTTP/1.1" 304 -
186.84.51.21 - - [14/Feb/2015:14:46:59 -0500] "POST /forms/lservlet;jsessionid=ac16012b30d5c7bc4b5ab77f482fb30ff5ee67455bed.e3iSbxaKaheRe38Ma3iTb3aRc41ynknvrkLOlQzNp65In0 HTTP/1.1" 200 3906
186.84.51.21 - - [14/Feb/2015:14:47:00 -0500] "POST /forms/lservlet;jsessionid=ac16012b30d5c7bc4b5ab77f482fb30ff5ee67455bed.e3iSbxaKaheRe38Ma3iTb3aRc41ynknvrkLOlQzNp65In0 HTTP/1.1" 200 20
186.81.156.228 - - [14/Feb/2015:14:47:05 -0500] "GET /forest/buscar.do HTTP/1.1" 200 84404
186.81.156.228 - - [14/Feb/2015:14:47:06 -0500] "GET /forest/json.do?query=usersByDep&coddep=221 HTTP/1.1" 200 3629
186.81.156.228 - - [14/Feb/2015:14:47:06 -0500] "GET /forest/json.do?query=versionListadas HTTP/1.1" 200 15
186.81.156.228 - - [14/Feb/2015:14:47:06 -0500] "GET /forest/json.do?query=procesIniciales HTTP/1.1" 200 10001
186.81.156.228 - - [14/Feb/2015:14:47:06 -0500] "GET /forest/json.do?query=usersByDep&coddep=221 HTTP/1.1" 200 3629
186.85.179.91 - - [14/Feb/2015:14:47:06 -0500] "GET /galeria/galeria/jquery.fancybox.css?v=2.1.5 HTTP/1.1" 200 4895
186.85.179.91 - - [14/Feb/2015:14:47:06 -0500] "GET /BLA/boletinlegal/js/jquery.scrollTo-min.js HTTP/1.1" 200 1150
186.85.179.91 - - [14/Feb/2015:14:47:06 -0500] "GET /BLA/boletinlegal/js/jquery.scrollShow.js HTTP/1.1" 200 4586
186.85.179.91 - - [14/Feb/2015:14:47:06 -0500] "GET /galeria/galeria/jquery.fancybox.js?v=2.1.5 HTTP/1.1" 200 48706
186.81.156.228 - - [14/Feb/2015:14:47:07 -0500] "GET /forest/xmlresponse.do?lista=searchTerceroByName&xmlret=1&todos=false&_a=0.33871549111790955&partNomTer=19.162.049 HTTP/1.1" 200 78
186.84.51.21 - - [14/Feb/2015:14:47:08 -0500] "POST /forms/lservlet;jsessionid=ac16012b30d5c7bc4b5ab77f482fb30ff5ee67455bed.e3iSbxaKaheRe38Ma3iTb3aRc41ynknvrkLOlQzNp65In0 HTTP/1.1" 200 2
186.84.51.21 - - [14/Feb/2015:14:47:09 -0500] "POST /forms/lservlet;jsessionid=ac16012b30d5c7bc4b5ab77f482fb30ff5ee67455bed.e3iSbxaKaheRe38Ma3iTb3aRc41ynknvrkLOlQzNp65In0 HTTP/1.1" 200 14
186.84.51.21 - - [14/Feb/2015:14:47:10 -0500] "POST /forms/lservlet;jsessionid=ac16012b30d5c7bc4b5ab77f482fb30ff5ee67455bed.e3iSbxaKaheRe38Ma3iTb3aRc41ynknvrkLOlQzNp65In0 HTTP/1.1" 200 14
186.81.156.228 - - [14/Feb/2015:14:47:13 -0500] "GET /forest/xmlresponse.do?lista=searchTerceroByName&xmlret=1&todos=false&_a=0.33871549111790955&partNomTer=19162.049 HTTP/1.1" 200 78
186.84.51.21 - - [14/Feb/2015:14:47:12 -0500] "POST /forms/lservlet;jsessionid=ac16012b30d5c7bc4b5ab77f482fb30ff5ee67455bed.e3iSbxaKaheRe38Ma3iTb3aRc41ynknvrkLOlQzNp65In0 HTTP/1.1" 200 14
186.81.156.228 - - [14/Feb/2015:14:47:14 -0500] "GET /forest/xmlresponse.do?lista=searchTerceroByName&xmlret=1&todos=false&_a=0.33871549111790955&partNomTer=191062.049 HTTP/1.1" 200 78
186.84.51.21 - - [14/Feb/2015:14:47:14 -0500] "POST /forms/lservlet;jsessionid=ac16012b30d5c7bc4b5ab77f482fb30ff5ee67455bed.e3iSbxaKaheRe38Ma3iTb3aRc41ynknvrkLOlQzNp65In0 HTTP/1.1" 200 14
188.165.15.41 - - [14/Feb/2015:14:47:15 -0500] "GET /BLA/resoluciones/RESOLUCIONES%202003/RES%202003%20151-200/2003RES152.tif HTTP/1.1" 200 172124
186.81.156.228 - - [14/Feb/2015:14:47:15 -0500] "GET /forest/xmlresponse.do?lista=searchTerceroByName&xmlret=1&todos=false&_a=0.33871549111790955&partNomTer=19162.049 HTTP/1.1" 200 78
186.84.51.21 - - [14/Feb/2015:14:47:16 -0500] "POST /forms/lservlet;jsessionid=ac16012b30d5c7bc4b5ab77f482fb30ff5ee67455bed.e3iSbxaKaheRe38Ma3iTb3aRc41ynknvrkLOlQzNp65In0 HTTP/1.1" 200 15
186.81.156.228 - - [14/Feb/2015:14:47:17 -0500] "GET /forest/xmlresponse.do?lista=searchTerceroByName&xmlret=1&todos=false&_a=0.33871549111790955&partNomTer=19162049 HTTP/1.1" 200 205
186.84.51.21 - - [14/Feb/2015:14:47:18 -0500] "POST /forms/lservlet;jsessionid=ac16012b30d5c7bc4b5ab77f482fb30ff5ee67455bed.e3iSbxaKaheRe38Ma3iTb3aRc41ynknvrkLOlQzNp65In0 HTTP/1.1" 200 15
188.165.15.222 - - [14/Feb/2015:14:47:23 -0500] "GET /BLA/resoluciones/RESOLUCIONES%202006/RES%202006%201051-1100/INDEX.DAT HTTP/1.1" 200 2000
186.84.51.21 - - [14/Feb/2015:14:47:22 -0500] "POST /forms/lservlet;jsessionid=ac16012b30d5c7bc4b5ab77f482fb30ff5ee67455bed.e3iSbxaKaheRe38Ma3iTb3aRc41ynknvrkLOlQzNp65In0 HTTP/1.1" 200 15
181.130.12.156 - - [14/Feb/2015:14:47:30 -0500] "GET /BLA/boletinlegal/js/jquery.scrollShow.js HTTP/1.1" 200 4586
181.130.12.156 - - [14/Feb/2015:14:47:30 -0500] "GET /BLA/boletinlegal/js/jquery.scrollTo-min.js HTTP/1.1" 200 1150
181.130.12.156 - - [14/Feb/2015:14:47:30 -0500] "GET /galeria/galeria/jquery.fancybox.css?v=2.1.5 HTTP/1.1" 200 4895
181.130.12.156 - - [14/Feb/2015:14:47:30 -0500] "GET /galeria/galeria/jquery.fancybox.js?v=2.1.5 HTTP/1.1" 200 48706
186.84.51.21 - - [14/Feb/2015:14:47:30 -0500] "POST /forms/lservlet;jsessionid=ac16012b30d5c7bc4b5ab77f482fb30ff5ee67455bed.e3iSbxaKaheRe38Ma3iTb3aRc41ynknvrkLOlQzNp65In0 HTTP/1.1" 200 15
186.84.49.238 - - [14/Feb/2015:14:47:35 -0500] "GET /huelladecarbono/huella_carbono.html HTTP/1.1" 200 5190
186.84.49.238 - - [14/Feb/2015:14:47:36 -0500] "GET /huelladecarbono/Imagenes/HUELLA_TITLE.jpg HTTP/1.1" 200 8599
186.84.49.238 - - [14/Feb/2015:14:47:36 -0500] "GET /huelladecarbono/Imagenes/hand.png HTTP/1.1" 200 1578
186.84.51.21 - - [14/Feb/2015:14:47:39 -0500] "POST /forms/lservlet;jsessionid=ac16012b30d5c7bc4b5ab77f482fb30ff5ee67455bed.e3iSbxaKaheRe38Ma3iTb3aRc41ynknvrkLOlQzNp65In0 HTTP/1.1" 200 15
186.84.51.21 - - [14/Feb/2015:14:47:48 -0500] "POST /forms/lservlet;jsessionid=ac16012b30d5c7bc4b5ab77f482fb30ff5ee67455bed.e3iSbxaKaheRe38Ma3iTb3aRc41ynknvrkLOlQzNp65In0 HTTP/1.1" 200 15
186.84.51.21 - - [14/Feb/2015:14:47:57 -0500] "POST /forms/lservlet;jsessionid=ac16012b30d5c7bc4b5ab77f482fb30ff5ee67455bed.e3iSbxaKaheRe38Ma3iTb3aRc41ynknvrkLOlQzNp65In0 HTTP/1.1" 200 56
186.84.51.21 - - [14/Feb/2015:14:47:57 -0500] "POST /forms/lservlet;jsessionid=ac16012b30d5c7bc4b5ab77f482fb30ff5ee67455bed.e3iSbxaKaheRe38Ma3iTb3aRc41ynknvrkLOlQzNp65In0 HTTP/1.1" 200 2
186.29.59.20 - - [14/Feb/2015:14:48:11 -0500] "GET /galeria/galeria/jquery.fancybox.js?v=2.1.5 HTTP/1.1" 200 48706
186.29.59.20 - - [14/Feb/2015:14:48:11 -0500] "GET /BLA/boletinlegal/js/jquery.scrollTo-min.js HTTP/1.1" 200 1150
186.29.59.20 - - [14/Feb/2015:14:48:11 -0500] "GET /BLA/boletinlegal/js/jquery.scrollShow.js HTTP/1.1" 200 4586
186.29.59.20 - - [14/Feb/2015:14:48:11 -0500] "GET /galeria/galeria/jquery.fancybox.css?v=2.1.5 HTTP/1.1" 200 4895
186.144.92.159 - - [14/Feb/2015:14:48:15 -0500] "GET /BLA/resoluciones/AUTOS%202011/5948.pdf HTTP/1.1" 200 205124
186.144.92.159 - - [14/Feb/2015:14:48:15 -0500] "GET /BLA/resoluciones/AUTOS%202011/5948.pdf HTTP/1.1" 200 205124
186.84.51.21 - - [14/Feb/2015:14:48:17 -0500] "POST /forms/lservlet;jsessionid=ac16012b30d5c7bc4b5ab77f482fb30ff5ee67455bed.e3iSbxaKaheRe38Ma3iTb3aRc41ynknvrkLOlQzNp65In0 HTTP/1.1" 200 2
188.165.15.105 - - [14/Feb/2015:14:48:20 -0500] "GET /BLA/resoluciones/RESOLUCIONES%202004/RES%202004%20451-500/00000494.tif HTTP/1.1" 200 155832
190.84.231.15 - - [14/Feb/2015:14:48:21 -0500] "GET /forest/index2.jsp?group_system_actual=&a=0.6603788284119219 HTTP/1.1" 200 87195
190.84.231.15 - - [14/Feb/2015:14:48:21 -0500] "GET /forest/session.jsp?a=0.9972396325320005 HTTP/1.1" 200 4
186.84.51.21 - - [14/Feb/2015:14:48:26 -0500] "POST /forms/lservlet;jsessionid=ac16012b30d5c7bc4b5ab77f482fb30ff5ee67455bed.e3iSbxaKaheRe38Ma3iTb3aRc41ynknvrkLOlQzNp65In0 HTTP/1.1" 200 2988
186.84.51.21 - - [14/Feb/2015:14:48:33 -0500] "POST /forms/lservlet;jsessionid=ac16012b30d5c7bc4b5ab77f482fb30ff5ee67455bed.e3iSbxaKaheRe38Ma3iTb3aRc41ynknvrkLOlQzNp65In0 HTTP/1.1" 200 2197
186.84.51.21 - - [14/Feb/2015:14:48:35 -0500] "POST /forms/lservlet;jsessionid=ac16012b30d5c7bc4b5ab77f482fb30ff5ee67455bed.e3iSbxaKaheRe38Ma3iTb3aRc41ynknvrkLOlQzNp65In0 HTTP/1.1" 200 2135
186.84.51.21 - - [14/Feb/2015:14:48:36 -0500] "POST /forms/lservlet;jsessionid=ac16012b30d5c7bc4b5ab77f482fb30ff5ee67455bed.e3iSbxaKaheRe38Ma3iTb3aRc41ynknvrkLOlQzNp65In0 HTTP/1.1" 200 2995
186.84.51.21 - - [14/Feb/2015:14:48:36 -0500] "POST /forms/lservlet;jsessionid=ac16012b30d5c7bc4b5ab77f482fb30ff5ee67455bed.e3iSbxaKaheRe38Ma3iTb3aRc41ynknvrkLOlQzNp65In0 HTTP/1.1" 200 2193
186.84.51.21 - - [14/Feb/2015:14:48:37 -0500] "POST /forms/lservlet;jsessionid=ac16012b30d5c7bc4b5ab77f482fb30ff5ee67455bed.e3iSbxaKaheRe38Ma3iTb3aRc41ynknvrkLOlQzNp65In0 HTTP/1.1" 200 2827
186.84.51.21 - - [14/Feb/2015:14:48:42 -0500] "POST /forms/lservlet;jsessionid=ac16012b30d5c7bc4b5ab77f482fb30ff5ee67455bed.e3iSbxaKaheRe38Ma3iTb3aRc41ynknvrkLOlQzNp65In0 HTTP/1.1" 200 99
68.180.229.40 - - [14/Feb/2015:14:48:43 -0500] "GET /BLA/boletinlegal/Circulares/2013/Circular%20No.%204%20del%2005%20de%20junio%20de%202013.pdf HTTP/1.1" 304 -
186.29.152.9 - - [14/Feb/2015:14:48:46 -0500] "GET /galeria/galeria/jquery.fancybox.css?v=2.1.5 HTTP/1.1" 200 4895
186.29.152.9 - - [14/Feb/2015:14:48:46 -0500] "GET /BLA/boletinlegal/js/jquery.scrollShow.js HTTP/1.1" 200 4586
186.29.152.9 - - [14/Feb/2015:14:48:46 -0500] "GET /galeria/galeria/jquery.fancybox.js?v=2.1.5 HTTP/1.1" 200 48706
186.29.152.9 - - [14/Feb/2015:14:48:47 -0500] "GET /BLA/boletinlegal/js/jquery.scrollTo-min.js HTTP/1.1" 200 1150
186.84.51.21 - - [14/Feb/2015:14:48:48 -0500] "POST /forms/lservlet;jsessionid=ac16012b30d5c7bc4b5ab77f482fb30ff5ee67455bed.e3iSbxaKaheRe38Ma3iTb3aRc41ynknvrkLOlQzNp65In0 HTTP/1.1" 200 66
186.84.51.21 - - [14/Feb/2015:14:48:49 -0500] "POST /forms/lservlet;jsessionid=ac16012b30d5c7bc4b5ab77f482fb30ff5ee67455bed.e3iSbxaKaheRe38Ma3iTb3aRc41ynknvrkLOlQzNp65In0 HTTP/1.1" 200 2409
190.84.231.15 - - [14/Feb/2015:14:49:05 -0500] "GET /forest/usutareas.do?group_system_actual=3&codTraEsc=17504824&_a=0.2957274178224224 HTTP/1.1" 200 100094
190.84.231.15 - - [14/Feb/2015:14:49:05 -0500] "GET /forest/skins/gdocs-jar/img/iconAddress.png HTTP/1.1" 200 761
190.84.231.15 - - [14/Feb/2015:14:49:05 -0500] "GET /forest/session.jsp?a=0.25701192603446543 HTTP/1.1" 200 4
186.84.51.21 - - [14/Feb/2015:14:49:09 -0500] "POST /forms/lservlet;jsessionid=ac16012b30d5c7bc4b5ab77f482fb30ff5ee67455bed.e3iSbxaKaheRe38Ma3iTb3aRc41ynknvrkLOlQzNp65In0 HTTP/1.1" 200 2
186.84.51.21 - - [14/Feb/2015:14:49:09 -0500] "POST /forms/lservlet;jsessionid=ac16012b30d5c7bc4b5ab77f482fb30ff5ee67455bed.e3iSbxaKaheRe38Ma3iTb3aRc41ynknvrkLOlQzNp65In0 HTTP/1.1" 200 239
186.84.51.21 - - [14/Feb/2015:14:49:09 -0500] "POST /forms/lservlet;jsessionid=ac16012b30d5c7bc4b5ab77f482fb30ff5ee67455bed.e3iSbxaKaheRe38Ma3iTb3aRc41ynknvrkLOlQzNp65In0 HTTP/1.1" 200 44
66.249.67.84 - - [14/Feb/2015:14:49:09 -0500] "GET /BLA/resoluciones/Autos%202008/1125.pdf HTTP/1.1" 200 177319
186.84.51.21 - - [14/Feb/2015:14:49:09 -0500] "POST /forms/lservlet;jsessionid=ac16012b30d5c7bc4b5ab77f482fb30ff5ee67455bed.e3iSbxaKaheRe38Ma3iTb3aRc41ynknvrkLOlQzNp65In0 HTTP/1.1" 200 16
186.144.233.81 - - [14/Feb/2015:14:49:10 -0500] "GET /BLA/boletinlegal/js/jquery.scrollTo-min.js HTTP/1.1" 304 -
186.144.233.81 - - [14/Feb/2015:14:49:10 -0500] "GET /galeria/galeria/jquery.fancybox.css?v=2.1.5 HTTP/1.1" 304 -
186.144.233.81 - - [14/Feb/2015:14:49:10 -0500] "GET /galeria/galeria/jquery.fancybox.js?v=2.1.5 HTTP/1.1" 304 -
186.144.233.81 - - [14/Feb/2015:14:49:10 -0500] "GET /BLA/boletinlegal/js/jquery.scrollShow.js HTTP/1.1" 304 -
186.84.51.21 - - [14/Feb/2015:14:49:10 -0500] "POST /forms/lservlet;jsessionid=ac16012b30d5c7bc4b5ab77f482fb30ff5ee67455bed.e3iSbxaKaheRe38Ma3iTb3aRc41ynknvrkLOlQzNp65In0 HTTP/1.1" 200 70
190.84.231.15 - - [14/Feb/2015:14:49:10 -0500] "GET /forest/actions/forms.getList?codForm=visitatecnica&id=funcvisita4&text=h HTTP/1.1" 200 1289
190.84.231.15 - - [14/Feb/2015:14:49:10 -0500] "GET /forest/actions/forms.getList?codForm=visitatecnica&id=funcvisita4&text=he HTTP/1.1" 200 1301
186.84.51.21 - - [14/Feb/2015:14:49:10 -0500] "POST /forms/lservlet;jsessionid=ac16012b30d5c7bc4b5ab77f482fb30ff5ee67455bed.e3iSbxaKaheRe38Ma3iTb3aRc41ynknvrkLOlQzNp65In0 HTTP/1.1" 200 2
186.84.51.21 - - [14/Feb/2015:14:49:10 -0500] "POST /forms/lservlet;jsessionid=ac16012b30d5c7bc4b5ab77f482fb30ff5ee67455bed.e3iSbxaKaheRe38Ma3iTb3aRc41ynknvrkLOlQzNp65In0 HTTP/1.1" 200 31
190.84.231.15 - - [14/Feb/2015:14:49:10 -0500] "GET /forest/actions/forms.getList?codForm=visitatecnica&id=funcvisita4&text=hen HTTP/1.1" 200 427
190.84.231.15 - - [14/Feb/2015:14:49:10 -0500] "GET /forest/actions/forms.getList?codForm=visitatecnica&id=funcvisita4&text=henr HTTP/1.1" 200 188
190.84.231.15 - - [14/Feb/2015:14:49:10 -0500] "GET /forest/actions/forms.getList?codForm=visitatecnica&id=funcvisita4&text=henry HTTP/1.1" 200 115
190.84.231.15 - - [14/Feb/2015:14:49:11 -0500] "GET /forest/actions/forms.getList?codForm=visitatecnica&id=funcvisita4&text=henry. HTTP/1.1" 200 115
190.84.231.15 - - [14/Feb/2015:14:49:11 -0500] "GET /forest/actions/forms.getList?codForm=visitatecnica&id=funcvisita4&text=henry.m HTTP/1.1" 200 59
190.84.231.15 - - [14/Feb/2015:14:49:11 -0500] "GET /forest/actions/forms.getList?codForm=visitatecnica&id=funcvisita4&text=henry.mo HTTP/1.1" 200 59
190.84.231.15 - - [14/Feb/2015:14:49:11 -0500] "GET /forest/actions/forms.getList?codForm=visitatecnica&id=funcvisita4&text=henry.moy HTTP/1.1" 200 59
186.84.51.21 - - [14/Feb/2015:14:49:13 -0500] "POST /forms/lservlet;jsessionid=ac16012b30d5c7bc4b5ab77f482fb30ff5ee67455bed.e3iSbxaKaheRe38Ma3iTb3aRc41ynknvrkLOlQzNp65In0 HTTP/1.1" 200 65
186.84.51.21 - - [14/Feb/2015:14:49:14 -0500] "POST /forms/lservlet;jsessionid=ac16012b30d5c7bc4b5ab77f482fb30ff5ee67455bed.e3iSbxaKaheRe38Ma3iTb3aRc41ynknvrkLOlQzNp65In0 HTTP/1.1" 200 52
190.84.231.15 - - [14/Feb/2015:14:49:14 -0500] "GET /forest/actions/forms.getList?codForm=visitatecnica&id=idtercero5&text=9 HTTP/1.1" 200 1280
190.84.231.15 - - [14/Feb/2015:14:49:15 -0500] "GET /forest/actions/forms.getList?codForm=visitatecnica&id=idtercero5&text=90 HTTP/1.1" 200 1280
190.84.231.15 - - [14/Feb/2015:14:49:15 -0500] "GET /forest/actions/forms.getList?codForm=visitatecnica&id=idtercero5&text=900 HTTP/1.1" 200 1297
190.84.231.15 - - [14/Feb/2015:14:49:16 -0500] "GET /forest/actions/forms.getList?codForm=visitatecnica&id=idtercero5&text=9003 HTTP/1.1" 200 1177
190.84.231.15 - - [14/Feb/2015:14:49:16 -0500] "GET /forest/actions/forms.getList?codForm=visitatecnica&id=idtercero5&text=90036 HTTP/1.1" 200 1225
190.84.231.15 - - [14/Feb/2015:14:49:17 -0500] "GET /forest/actions/forms.getList?codForm=visitatecnica&id=idtercero5&text=900365 HTTP/1.1" 200 1063
190.84.231.15 - - [14/Feb/2015:14:49:18 -0500] "GET /forest/actions/forms.getList?codForm=visitatecnica&id=idtercero5&text=9003657 HTTP/1.1" 200 112
190.84.231.15 - - [14/Feb/2015:14:49:18 -0500] "GET /forest/actions/forms.getList?codForm=visitatecnica&id=idtercero5&text=90036574 HTTP/1.1" 200 112
190.84.231.15 - - [14/Feb/2015:14:49:18 -0500] "GET /forest/actions/forms.getList?codForm=visitatecnica&id=idtercero5&text=900365740 HTTP/1.1" 200 112
186.84.51.21 - - [14/Feb/2015:14:49:25 -0500] "POST /forms/lservlet;jsessionid=ac16012b30d5c7bc4b5ab77f482fb30ff5ee67455bed.e3iSbxaKaheRe38Ma3iTb3aRc41ynknvrkLOlQzNp65In0 HTTP/1.1" 200 24
190.84.231.15 - - [14/Feb/2015:14:49:26 -0500] "GET /forest/skins/gdocs-jar/popup/direccion.jsp?callfromform=form_direcciontecnico261&a=0.796423913910985 HTTP/1.1" 200 12561
66.249.67.68 - - [14/Feb/2015:14:49:27 -0500] "GET /manual_funciones_Listado/index.php?dir=2.2.4.%20Subdirecci%F3n%20del%20Recurso%20H%EDdrico%20y%20del%20Suelo/&sort=size&order=desc HTTP/1.1" 404 1018
186.84.51.21 - - [14/Feb/2015:14:49:28 -0500] "POST /forms/lservlet;jsessionid=ac16012b30d5c7bc4b5ab77f482fb30ff5ee67455bed.e3iSbxaKaheRe38Ma3iTb3aRc41ynknvrkLOlQzNp65In0 HTTP/1.1" 200 3988
186.84.51.21 - - [14/Feb/2015:14:49:29 -0500] "POST /forms/lservlet;jsessionid=ac16012b30d5c7bc4b5ab77f482fb30ff5ee67455bed.e3iSbxaKaheRe38Ma3iTb3aRc41ynknvrkLOlQzNp65In0 HTTP/1.1" 200 20
190.27.89.253 - - [14/Feb/2015:14:49:31 -0500] "GET /galeria/galeria/jquery.fancybox.css?v=2.1.5 HTTP/1.1" 200 4895
190.27.89.253 - - [14/Feb/2015:14:49:31 -0500] "GET /galeria/carrusel/Carrusel/jquery.thumbnailScroller.css HTTP/1.1" 200 2066
190.27.89.253 - - [14/Feb/2015:14:49:31 -0500] "GET /BLA/boletinlegal/js/jquery.scrollTo-min.js HTTP/1.1" 200 1150
190.27.89.253 - - [14/Feb/2015:14:49:31 -0500] "GET /BLA/boletinlegal/js/jquery.scrollShow.js HTTP/1.1" 200 4586
190.27.89.253 - - [14/Feb/2015:14:49:31 -0500] "GET /galeria/galeria/jquery.fancybox.js?v=2.1.5 HTTP/1.1" 200 48706
190.27.89.253 - - [14/Feb/2015:14:49:31 -0500] "GET /galeria/carrusel/Carrusel/jquery-ui-1.8.13.custom.min.js HTTP/1.1" 200 10800
186.84.51.21 - - [14/Feb/2015:14:49:32 -0500] "POST /forms/lservlet;jsessionid=ac16012b30d5c7bc4b5ab77f482fb30ff5ee67455bed.e3iSbxaKaheRe38Ma3iTb3aRc41ynknvrkLOlQzNp65In0 HTTP/1.1" 200 2160
190.27.89.253 - - [14/Feb/2015:14:49:32 -0500] "GET /galeria/carrusel/Carrusel/jquery.thumbnailScroller.js HTTP/1.1" 200 8157
186.84.51.21 - - [14/Feb/2015:14:49:33 -0500] "POST /forms/lservlet;jsessionid=ac16012b30d5c7bc4b5ab77f482fb30ff5ee67455bed.e3iSbxaKaheRe38Ma3iTb3aRc41ynknvrkLOlQzNp65In0 HTTP/1.1" 200 2971
186.84.51.21 - - [14/Feb/2015:14:49:38 -0500] "POST /forms/lservlet;jsessionid=ac16012b30d5c7bc4b5ab77f482fb30ff5ee67455bed.e3iSbxaKaheRe38Ma3iTb3aRc41ynknvrkLOlQzNp65In0 HTTP/1.1" 200 2148
186.84.51.21 - - [14/Feb/2015:14:49:38 -0500] "POST /forms/lservlet;jsessionid=ac16012b30d5c7bc4b5ab77f482fb30ff5ee67455bed.e3iSbxaKaheRe38Ma3iTb3aRc41ynknvrkLOlQzNp65In0 HTTP/1.1" 200 2930
186.81.156.228 - - [14/Feb/2015:14:47:24 -0500] "POST /forest/buscar.do? HTTP/1.1" 200 4690
186.84.51.21 - - [14/Feb/2015:14:49:39 -0500] "POST /forms/lservlet;jsessionid=ac16012b30d5c7bc4b5ab77f482fb30ff5ee67455bed.e3iSbxaKaheRe38Ma3iTb3aRc41ynknvrkLOlQzNp65In0 HTTP/1.1" 200 2148
181.156.94.172 - - [14/Feb/2015:14:49:39 -0500] "GET /galeria/galeria/jquery.fancybox.js?v=2.1.5 HTTP/1.1" 200 48706
181.156.94.172 - - [14/Feb/2015:14:49:39 -0500] "GET /BLA/boletinlegal/js/jquery.scrollTo-min.js HTTP/1.1" 200 1150
181.156.94.172 - - [14/Feb/2015:14:49:39 -0500] "GET /galeria/galeria/jquery.fancybox.css?v=2.1.5 HTTP/1.1" 200 4895
181.156.94.172 - - [14/Feb/2015:14:49:40 -0500] "GET /BLA/boletinlegal/js/jquery.scrollShow.js HTTP/1.1" 200 4586
186.84.51.21 - - [14/Feb/2015:14:49:40 -0500] "POST /forms/lservlet;jsessionid=ac16012b30d5c7bc4b5ab77f482fb30ff5ee67455bed.e3iSbxaKaheRe38Ma3iTb3aRc41ynknvrkLOlQzNp65In0 HTTP/1.1" 200 24
186.84.51.21 - - [14/Feb/2015:14:49:40 -0500] "POST /forms/lservlet;jsessionid=ac16012b30d5c7bc4b5ab77f482fb30ff5ee67455bed.e3iSbxaKaheRe38Ma3iTb3aRc41ynknvrkLOlQzNp65In0 HTTP/1.1" 200 24
186.84.51.21 - - [14/Feb/2015:14:49:40 -0500] "POST /forms/lservlet;jsessionid=ac16012b30d5c7bc4b5ab77f482fb30ff5ee67455bed.e3iSbxaKaheRe38Ma3iTb3aRc41ynknvrkLOlQzNp65In0 HTTP/1.1" 200 24
186.84.51.21 - - [14/Feb/2015:14:49:40 -0500] "POST /forms/lservlet;jsessionid=ac16012b30d5c7bc4b5ab77f482fb30ff5ee67455bed.e3iSbxaKaheRe38Ma3iTb3aRc41ynknvrkLOlQzNp65In0 HTTP/1.1" 200 24
66.249.67.84 - - [14/Feb/2015:14:49:41 -0500] "GET /resoluciones/RESOLUCIONES%202009/1727.pdf HTTP/1.1" 404 1018
