181.50.92.73 - - [14/Feb/2015:06:47:55 -0500] "GET /forest/session.jsp?a=0.6089883286040276 HTTP/1.1" 200 4
181.50.92.73 - - [14/Feb/2015:06:48:45 -0500] "GET /forest/skins/gdocs-jar/popup/popup.jsp?width=900&height=600&title=Informaci%F3n%20de%20proceso&uri=/forest/system/process.jsp%3FnumPro%3D2730560&name=undefined&_a=0.9601692671421915&a=0.839744703611359 HTTP/1.1" 200 1312
181.50.92.73 - - [14/Feb/2015:06:48:45 -0500] "GET /forest/system/process.jsp?numPro=2730560 HTTP/1.1" 200 18149
181.50.92.73 - - [14/Feb/2015:06:48:45 -0500] "GET /forest/system/process.jsp?numPro=2730560 HTTP/1.1" 200 50022
181.50.92.73 - - [14/Feb/2015:06:48:48 -0500] "GET /forest/usudocumentos.do?p7z=1879899&a=0.7211569210048765&a=0.4867312917485833 HTTP/1.1" 200 2570
181.50.92.73 - - [14/Feb/2015:06:48:49 -0500] "GET /forest/documentos/1879899/2014EE109523.p7z:claro/Autos.docx HTTP/1.1" 200 77993
188.165.15.162 - - [14/Feb/2015:06:48:58 -0500] "GET /BLA/resoluciones/RESOLUCIONES%202004/RES%202004%201051-1100/00001057.tif HTTP/1.1" 200 607318
188.165.15.78 - - [14/Feb/2015:06:49:20 -0500] "GET /BLA/resoluciones/RESOLUCIONES%202005/RES%202005%202251-2300/00002252.tif HTTP/1.1" 200 86934
188.165.15.78 - - [14/Feb/2015:06:49:27 -0500] "GET /BLA/resoluciones/RESOLUCIONES%202005/RES%202005%203151-3180/00003163.tif HTTP/1.1" 200 81390
181.50.92.73 - - [14/Feb/2015:06:43:55 -0500] "GET /ForestMSG_SDA/channelAsync/template_word_17490842?X-Atmosphere-tracking-id=1fb39be3-1642-c73f-dd31-a7de123ef8d3&X-Atmosphere-Framework=1.0.5&X-Atmosphere-Transport=long-polling&tabid=0.15579907270148396&X-Cache-Date=0&Content-Type=application/xml&_=1423914432853 HTTP/1.1" 200 8193
181.50.92.73 - - [14/Feb/2015:06:50:20 -0500] "GET /forest/documentos/1941793/2014ER171410.pdf HTTP/1.1" 200 245921
190.157.106.118 - - [14/Feb/2015:06:50:31 -0500] "GET /forms/frmservlet?config=sia HTTP/1.0" 200 4022
157.55.39.255 - - [14/Feb/2015:06:50:33 -0500] "GET /vallas/vallas.pdf HTTP/1.1" 404 1019
190.157.106.118 - - [14/Feb/2015:06:50:35 -0500] "GET /forms/frmservlet?config=sia HTTP/1.0" 200 4022
190.157.106.118 - - [14/Feb/2015:06:51:16 -0500] "GET /forms/java/frmall_jinit.jar HTTP/1.1" 304 -
74.86.158.107 - - [14/Feb/2015:06:51:18 -0500] "HEAD / HTTP/1.1" 302 -
190.157.106.118 - - [14/Feb/2015:06:51:20 -0500] "GET /forms/java/icons.jar HTTP/1.1" 304 -
190.157.106.118 - - [14/Feb/2015:06:51:20 -0500] "GET /forms/java/java/awt/KeyboardFocusManager.class HTTP/1.0" 404 352
190.157.106.118 - - [14/Feb/2015:06:51:21 -0500] "GET /forms/java/java/awt/KeyboardFocusManager.class HTTP/1.1" 404 352
190.157.106.118 - - [14/Feb/2015:06:51:23 -0500] "GET /forms/java/java/awt/event/MouseWheelListener.class HTTP/1.0" 404 356
190.157.106.118 - - [14/Feb/2015:06:51:23 -0500] "GET /forms/java/java/awt/event/MouseWheelListener.class HTTP/1.1" 404 356
190.157.106.118 - - [14/Feb/2015:06:51:24 -0500] "GET /forms/java/oracle/forms/registry/Registry.dat HTTP/1.1" 200 4213
190.157.106.118 - - [14/Feb/2015:06:51:25 -0500] "GET /forms/java/oracle/forms/registry/default.dat HTTP/1.1" 404 350
190.157.106.118 - - [14/Feb/2015:06:51:25 -0500] "GET /forms/frmservlet?config=sia&acceptLanguage=en&ifcmd=startsession HTTP/1.1" 200 118
190.157.106.118 - - [14/Feb/2015:06:51:25 -0500] "GET /forms/lservlet;jsessionid=ac16012b30d5ddc2480d5fcc4936bbc5ba516a66f83b.e3iSbxaKaheRe38Ma3iTb3aRc41ynknvrkLOlQzNp65In0?ifcmd=getinfo&ifhost=Daniel-HP&ifip=192.168.0.11 HTTP/1.1" 200 8
190.157.106.118 - - [14/Feb/2015:06:51:25 -0500] "POST /forms/lservlet;jsessionid=ac16012b30d5ddc2480d5fcc4936bbc5ba516a66f83b.e3iSbxaKaheRe38Ma3iTb3aRc41ynknvrkLOlQzNp65In0 HTTP/1.1" 200 8
190.157.106.118 - - [14/Feb/2015:06:51:27 -0500] "POST /forms/lservlet;jsessionid=ac16012b30d5ddc2480d5fcc4936bbc5ba516a66f83b.e3iSbxaKaheRe38Ma3iTb3aRc41ynknvrkLOlQzNp65In0 HTTP/1.1" 200 64000
190.157.106.118 - - [14/Feb/2015:06:51:28 -0500] "POST /forms/lservlet;jsessionid=ac16012b30d5ddc2480d5fcc4936bbc5ba516a66f83b.e3iSbxaKaheRe38Ma3iTb3aRc41ynknvrkLOlQzNp65In0 HTTP/1.1" 200 64000
190.157.106.118 - - [14/Feb/2015:06:51:28 -0500] "POST /forms/lservlet;jsessionid=ac16012b30d5ddc2480d5fcc4936bbc5ba516a66f83b.e3iSbxaKaheRe38Ma3iTb3aRc41ynknvrkLOlQzNp65In0 HTTP/1.1" 200 63623
190.157.106.118 - - [14/Feb/2015:06:51:36 -0500] "HEAD /imagenes/dama_logo.gif HTTP/1.1" 200 -
190.157.106.118 - - [14/Feb/2015:06:51:36 -0500] "GET /imagenes/dama_logo.gif HTTP/1.1" 200 21482
190.157.106.118 - - [14/Feb/2015:06:51:38 -0500] "POST /forms/lservlet;jsessionid=ac16012b30d5ddc2480d5fcc4936bbc5ba516a66f83b.e3iSbxaKaheRe38Ma3iTb3aRc41ynknvrkLOlQzNp65In0 HTTP/1.1" 200 2
190.157.106.118 - - [14/Feb/2015:06:51:38 -0500] "POST /forms/lservlet;jsessionid=ac16012b30d5ddc2480d5fcc4936bbc5ba516a66f83b.e3iSbxaKaheRe38Ma3iTb3aRc41ynknvrkLOlQzNp65In0 HTTP/1.1" 200 2
190.157.106.118 - - [14/Feb/2015:06:51:50 -0500] "POST /forms/lservlet;jsessionid=ac16012b30d5ddc2480d5fcc4936bbc5ba516a66f83b.e3iSbxaKaheRe38Ma3iTb3aRc41ynknvrkLOlQzNp65In0 HTTP/1.1" 200 102
190.157.106.118 - - [14/Feb/2015:06:51:52 -0500] "POST /forms/lservlet;jsessionid=ac16012b30d5ddc2480d5fcc4936bbc5ba516a66f83b.e3iSbxaKaheRe38Ma3iTb3aRc41ynknvrkLOlQzNp65In0 HTTP/1.1" 200 8003
190.157.106.118 - - [14/Feb/2015:06:51:57 -0500] "POST /forms/lservlet;jsessionid=ac16012b30d5ddc2480d5fcc4936bbc5ba516a66f83b.e3iSbxaKaheRe38Ma3iTb3aRc41ynknvrkLOlQzNp65In0 HTTP/1.1" 200 64
190.157.106.118 - - [14/Feb/2015:06:52:01 -0500] "POST /forms/lservlet;jsessionid=ac16012b30d5ddc2480d5fcc4936bbc5ba516a66f83b.e3iSbxaKaheRe38Ma3iTb3aRc41ynknvrkLOlQzNp65In0 HTTP/1.1" 200 34712
190.157.106.118 - - [14/Feb/2015:06:52:05 -0500] "GET /imagenes/listval.gif HTTP/1.1" 200 905
190.157.106.118 - - [14/Feb/2015:06:52:05 -0500] "GET /imagenes/tree1.gif HTTP/1.1" 200 1161
190.157.106.118 - - [14/Feb/2015:06:52:05 -0500] "GET /imagenes/listval.gif HTTP/1.1" 200 905
190.157.106.118 - - [14/Feb/2015:06:52:05 -0500] "GET /imagenes/CAMERA3.gif HTTP/1.1" 200 4150
190.157.106.118 - - [14/Feb/2015:06:52:05 -0500] "GET /imagenes/SLIDE1.gif HTTP/1.1" 200 1111
190.157.106.118 - - [14/Feb/2015:06:52:05 -0500] "GET /imagenes/flexcomb.gif HTTP/1.1" 200 1169
190.157.106.118 - - [14/Feb/2015:06:52:05 -0500] "GET /imagenes/GO.gif HTTP/1.1" 200 904
190.157.106.118 - - [14/Feb/2015:06:52:05 -0500] "GET /imagenes/HRTOOLS.gif HTTP/1.1" 200 2238
190.157.106.118 - - [14/Feb/2015:06:52:05 -0500] "GET /imagenes/rt_rec1.gif HTTP/1.1" 200 867
190.157.106.118 - - [14/Feb/2015:06:52:05 -0500] "GET /imagenes/apply.gif HTTP/1.1" 200 903
190.157.106.118 - - [14/Feb/2015:06:52:05 -0500] "GET /imagenes/exit.gif HTTP/1.1" 200 916
190.157.106.118 - - [14/Feb/2015:06:52:05 -0500] "GET /imagenes/LISTVAL.gif HTTP/1.1" 200 905
190.157.106.118 - - [14/Feb/2015:06:52:05 -0500] "GET /imagenes/edit.gif HTTP/1.1" 200 919
190.157.106.118 - - [14/Feb/2015:06:52:05 -0500] "GET /imagenes/rt_rec4.gif HTTP/1.1" 200 865
190.157.106.118 - - [14/Feb/2015:06:52:05 -0500] "GET /imagenes/rt_rec3.gif HTTP/1.1" 200 844
190.157.106.118 - - [14/Feb/2015:06:52:06 -0500] "GET /imagenes/rt_rec2.gif HTTP/1.1" 200 847
190.157.106.118 - - [14/Feb/2015:06:52:06 -0500] "GET /imagenes/rt_rdel.gif HTTP/1.1" 200 899
190.157.106.118 - - [14/Feb/2015:06:52:06 -0500] "GET /imagenes/rt_radd.gif HTTP/1.1" 200 907
190.157.106.118 - - [14/Feb/2015:06:52:06 -0500] "GET /imagenes/rt_quer3.gif HTTP/1.1" 200 939
190.157.106.118 - - [14/Feb/2015:06:52:06 -0500] "GET /imagenes/rt_quer2.gif HTTP/1.1" 200 936
190.157.106.118 - - [14/Feb/2015:06:52:06 -0500] "GET /imagenes/rt_quer1.gif HTTP/1.1" 200 930
190.157.106.118 - - [14/Feb/2015:06:52:06 -0500] "GET /imagenes/rt_save.gif HTTP/1.1" 200 903
190.157.106.118 - - [14/Feb/2015:06:52:06 -0500] "GET /imagenes/rt_pset.gif HTTP/1.1" 200 914
190.157.106.118 - - [14/Feb/2015:06:52:06 -0500] "GET /imagenes/QUEJA.gif HTTP/1.1" 200 1091
190.157.106.118 - - [14/Feb/2015:06:52:06 -0500] "GET /imagenes/ARBOL.gif HTTP/1.1" 200 1026
190.157.106.118 - - [14/Feb/2015:06:52:06 -0500] "GET /imagenes/Clipboard.gif HTTP/1.1" 200 1466
190.157.106.118 - - [14/Feb/2015:06:52:06 -0500] "GET /imagenes/DINERO.gif HTTP/1.1" 200 1766
190.157.106.118 - - [14/Feb/2015:06:52:06 -0500] "GET /imagenes/URGENTE.gif HTTP/1.1" 200 964
190.157.106.118 - - [14/Feb/2015:06:52:06 -0500] "GET /imagenes/TREE4.gif HTTP/1.1" 200 4150
190.157.106.118 - - [14/Feb/2015:06:52:06 -0500] "POST /forms/lservlet;jsessionid=ac16012b30d5ddc2480d5fcc4936bbc5ba516a66f83b.e3iSbxaKaheRe38Ma3iTb3aRc41ynknvrkLOlQzNp65In0 HTTP/1.1" 200 7
190.157.106.118 - - [14/Feb/2015:06:52:06 -0500] "POST /forms/lservlet;jsessionid=ac16012b30d5ddc2480d5fcc4936bbc5ba516a66f83b.e3iSbxaKaheRe38Ma3iTb3aRc41ynknvrkLOlQzNp65In0 HTTP/1.1" 200 34
190.157.106.118 - - [14/Feb/2015:06:52:06 -0500] "POST /forms/lservlet;jsessionid=ac16012b30d5ddc2480d5fcc4936bbc5ba516a66f83b.e3iSbxaKaheRe38Ma3iTb3aRc41ynknvrkLOlQzNp65In0 HTTP/1.1" 200 2
190.157.106.118 - - [14/Feb/2015:06:52:07 -0500] "POST /forms/lservlet;jsessionid=ac16012b30d5ddc2480d5fcc4936bbc5ba516a66f83b.e3iSbxaKaheRe38Ma3iTb3aRc41ynknvrkLOlQzNp65In0 HTTP/1.1" 200 2
190.157.106.118 - - [14/Feb/2015:06:52:07 -0500] "POST /forms/lservlet;jsessionid=ac16012b30d5ddc2480d5fcc4936bbc5ba516a66f83b.e3iSbxaKaheRe38Ma3iTb3aRc41ynknvrkLOlQzNp65In0 HTTP/1.1" 200 699
190.157.106.118 - - [14/Feb/2015:06:52:08 -0500] "GET /imagenes/Srch_frw.gif HTTP/1.1" 200 925
190.157.106.118 - - [14/Feb/2015:06:52:08 -0500] "POST /forms/lservlet;jsessionid=ac16012b30d5ddc2480d5fcc4936bbc5ba516a66f83b.e3iSbxaKaheRe38Ma3iTb3aRc41ynknvrkLOlQzNp65In0 HTTP/1.1" 200 10
190.157.106.118 - - [14/Feb/2015:06:52:17 -0500] "POST /forms/lservlet;jsessionid=ac16012b30d5ddc2480d5fcc4936bbc5ba516a66f83b.e3iSbxaKaheRe38Ma3iTb3aRc41ynknvrkLOlQzNp65In0 HTTP/1.1" 200 24
190.157.106.118 - - [14/Feb/2015:06:52:17 -0500] "POST /forms/lservlet;jsessionid=ac16012b30d5ddc2480d5fcc4936bbc5ba516a66f83b.e3iSbxaKaheRe38Ma3iTb3aRc41ynknvrkLOlQzNp65In0 HTTP/1.1" 200 14
190.157.106.118 - - [14/Feb/2015:06:52:19 -0500] "POST /forms/lservlet;jsessionid=ac16012b30d5ddc2480d5fcc4936bbc5ba516a66f83b.e3iSbxaKaheRe38Ma3iTb3aRc41ynknvrkLOlQzNp65In0 HTTP/1.1" 200 14
190.157.106.118 - - [14/Feb/2015:06:52:20 -0500] "POST /forms/lservlet;jsessionid=ac16012b30d5ddc2480d5fcc4936bbc5ba516a66f83b.e3iSbxaKaheRe38Ma3iTb3aRc41ynknvrkLOlQzNp65In0 HTTP/1.1" 200 4414
190.157.106.118 - - [14/Feb/2015:06:52:21 -0500] "POST /forms/lservlet;jsessionid=ac16012b30d5ddc2480d5fcc4936bbc5ba516a66f83b.e3iSbxaKaheRe38Ma3iTb3aRc41ynknvrkLOlQzNp65In0 HTTP/1.1" 200 2
190.157.106.118 - - [14/Feb/2015:06:52:30 -0500] "POST /forms/lservlet;jsessionid=ac16012b30d5ddc2480d5fcc4936bbc5ba516a66f83b.e3iSbxaKaheRe38Ma3iTb3aRc41ynknvrkLOlQzNp65In0 HTTP/1.1" 200 113
66.249.67.76 - - [14/Feb/2015:06:52:42 -0500] "GET /BLA/resoluciones/RESOLUCIONES%202014/0933.pdf HTTP/1.1" 304 -
181.50.92.73 - - [14/Feb/2015:06:52:55 -0500] "GET /forest/session.jsp?a=0.8475184738636017 HTTP/1.1" 200 4
188.165.15.234 - - [14/Feb/2015:06:53:06 -0500] "GET /BLA/resoluciones/RESOLUCIONES%202002/RES%202002%20501-550/00000525.tif HTTP/1.1" 200 66488
181.50.92.73 - - [14/Feb/2015:06:53:06 -0500] "GET /forest/skins/gdocs-jar/popup/showformtocrud.jsp?codForm=solicitar_correccion&iih=xx&iid=yy&width=580&height=320&numPro=3020995&codInst=3058990&codTraEsc=17490842&title=Solicitar%20Correcci%F3n&a=0.6249261754564941 HTTP/1.1" 200 4117
181.50.92.73 - - [14/Feb/2015:06:53:06 -0500] "GET /forest/skins/gdocs-jar/popup/showformtocrudtwo.jsp?codForm=solicitar_correccion&numPro=3020995&codInst=3058990&codTraEsc=17490842&schema=&table=&column= HTTP/1.1" 200 6791
181.50.92.73 - - [14/Feb/2015:06:53:06 -0500] "GET /forest/skins/gdocs-jar/popup/showformtocrudtwo.jsp?codForm=solicitar_correccion&numPro=3020995&codInst=3058990&codTraEsc=17490842&schema=&table=&column= HTTP/1.1" 200 6791
181.50.92.73 - - [14/Feb/2015:06:53:07 -0500] "GET /forest/actions/forms.getList?codForm=solicitar_correccion&id=funcionario&text=L HTTP/1.1" 200 1288
181.50.92.73 - - [14/Feb/2015:06:53:08 -0500] "GET /forest/actions/forms.getList?codForm=solicitar_correccion&id=funcionario&text=LA HTTP/1.1" 200 1280
181.50.92.73 - - [14/Feb/2015:06:53:08 -0500] "GET /forest/actions/forms.getList?codForm=solicitar_correccion&id=funcionario&text=LAU HTTP/1.1" 200 1327
181.50.92.73 - - [14/Feb/2015:06:53:08 -0500] "GET /forest/actions/forms.getList?codForm=solicitar_correccion&id=funcionario&text=LAUR HTTP/1.1" 200 444
181.50.92.73 - - [14/Feb/2015:06:53:08 -0500] "GET /forest/actions/forms.getList?codForm=solicitar_correccion&id=funcionario&text=LAURA HTTP/1.1" 200 384
190.157.106.118 - - [14/Feb/2015:06:53:26 -0500] "POST /forms/lservlet;jsessionid=ac16012b30d5ddc2480d5fcc4936bbc5ba516a66f83b.e3iSbxaKaheRe38Ma3iTb3aRc41ynknvrkLOlQzNp65In0 HTTP/1.1" 200 2
181.50.92.73 - - [14/Feb/2015:06:54:04 -0500] "POST /forest/actions/forms.saveFormCrud?codform=solicitar_correccion&schema=&table=&column= HTTP/1.1" 200 139
181.50.92.73 - - [14/Feb/2015:06:54:06 -0500] "GET /forest/usutareas.do?group_system_actual=3&a=0.6075807986781001 HTTP/1.1" 200 134790
181.50.92.73 - - [14/Feb/2015:06:49:55 -0500] "GET /ForestMSG_SDA/channelAsync/template_word_17490842?X-Atmosphere-tracking-id=1fb39be3-1642-c73f-dd31-a7de123ef8d3&X-Atmosphere-Framework=1.0.5&X-Atmosphere-Transport=long-polling&tabid=0.15579907270148396&X-Cache-Date=0&Content-Type=application/xml&_=1423914792919 HTTP/1.1" 200 8193
181.50.92.73 - - [14/Feb/2015:06:54:07 -0500] "GET /forest/session.jsp?a=0.17589928372763097 HTTP/1.1" 200 4
181.50.92.73 - - [14/Feb/2015:06:54:10 -0500] "GET /forest/index2.jsp?_a=0.5053795487619936 HTTP/1.1" 200 49548
181.50.92.73 - - [14/Feb/2015:06:54:10 -0500] "GET /forest/session.jsp?a=0.9421936119906604 HTTP/1.1" 200 4
181.50.92.73 - - [14/Feb/2015:06:54:13 -0500] "GET /forest/misactividades.do?group_system_actual=3&codPro=95&_a=0.3965674943734947 HTTP/1.1" 200 39221
181.50.92.73 - - [14/Feb/2015:06:54:13 -0500] "GET /forest/skins/gdocs-jar/jsp/cookie.jsp?name=grid_nompro&del HTTP/1.1" 200 -
181.50.92.73 - - [14/Feb/2015:06:54:13 -0500] "GET /forest/session.jsp?a=0.5231032273732126 HTTP/1.1" 200 4
181.50.92.73 - - [14/Feb/2015:06:54:13 -0500] "POST /forest/misactividades.do?ajax=true&a=0.15804835176095366 HTTP/1.1" 200 5911
180.76.6.145 - - [14/Feb/2015:06:54:24 -0500] "GET /BLA/boletinlegal;jsessionid=EC38144085CA7603267DD4E1054A4F71?/? HTTP/1.1" 404 1018
190.157.106.118 - - [14/Feb/2015:06:54:26 -0500] "POST /forms/lservlet;jsessionid=ac16012b30d5ddc2480d5fcc4936bbc5ba516a66f83b.e3iSbxaKaheRe38Ma3iTb3aRc41ynknvrkLOlQzNp65In0 HTTP/1.1" 200 96
190.25.232.143 - - [14/Feb/2015:06:54:38 -0500] "GET /galeria/nivo-slider/demo/images/banner-musgo.jpg HTTP/1.1" 304 -
190.157.106.118 - - [14/Feb/2015:06:55:26 -0500] "POST /forms/lservlet;jsessionid=ac16012b30d5ddc2480d5fcc4936bbc5ba516a66f83b.e3iSbxaKaheRe38Ma3iTb3aRc41ynknvrkLOlQzNp65In0 HTTP/1.1" 200 2
188.165.15.223 - - [14/Feb/2015:06:55:47 -0500] "GET /BLA/resoluciones/RESOLUCIONES%202003/RES%202003%202051-2100/00002068.tif HTTP/1.1" 200 45172
188.165.15.162 - - [14/Feb/2015:06:55:48 -0500] "GET /BLA/resoluciones/RESOLUCIONES%202004/RES%202004%202201-2250/00002201.tif HTTP/1.1" 200 141180
74.86.158.107 - - [14/Feb/2015:06:56:18 -0500] "HEAD / HTTP/1.1" 302 -
66.249.67.84 - - [14/Feb/2015:06:56:25 -0500] "GET /BLA/resoluciones/RESOLUCIONES%202005/RES%202005%202151-2200/00002156.tif HTTP/1.1" 200 245850
152.61.128.66 - - [14/Feb/2015:06:56:55 -0500] "HEAD / HTTP/1.1" 302 -
152.61.128.66 - - [14/Feb/2015:06:56:55 -0500] "GET /arcgis/services/Calidad_del_Agua_WQI/MapServer/WMSServer?request=GetCapabilities&service=WMS HTTP/1.1" 200 32135
152.61.128.66 - - [14/Feb/2015:06:56:56 -0500] "GET /arcgis/services/Calidad_del_Agua_WQI/MapServer/WMSServer?request=GetCapabilities&service=WMS HTTP/1.0" 200 32135
152.61.128.66 - - [14/Feb/2015:06:56:57 -0500] "GET /arcgis/services/Calidad_del_Agua_WQI/MapServer/WMSServer?request=GetCapabilities&service=WMS HTTP/1.0" 200 32135
152.61.128.66 - - [14/Feb/2015:06:56:58 -0500] "GET /arcgis/services/Calidad_del_Agua_WQI/MapServer/WMSServer?request=GetCapabilities&service=WMS HTTP/1.0" 200 32135
152.61.128.66 - - [14/Feb/2015:06:56:59 -0500] "GET /arcgis/services/Calidad_del_Agua_WQI/MapServer/WMSServer?VERSION=1.1.1&REQUEST=GetMap&LAYERS=0&SRS=EPSG:4326&BBOX=-74.473395,3.674381,-73.963300,4.920569&WIDTH=250&HEIGHT=250&FORMAT=image/bmp&STYLES=& HTTP/1.1" 200 188054
188.165.15.223 - - [14/Feb/2015:06:57:10 -0500] "GET /BLA/resoluciones/RESOLUCIONES%202005/RES%202005%201151-1200/00001164.tif HTTP/1.1" 200 223352
181.50.92.73 - - [14/Feb/2015:06:57:11 -0500] "GET /forest/usutareas.do?_a=0.5331526878289878&group_system_actual=3 HTTP/1.1" 200 137717
181.50.92.73 - - [14/Feb/2015:06:57:12 -0500] "GET /forest/session.jsp?a=0.6907011652365327 HTTP/1.1" 200 4
181.50.92.73 - - [14/Feb/2015:06:57:14 -0500] "GET /forest/borrador/1642538/Oficio%20de%20respuesta%20radicado%202011ER145211.docx HTTP/1.1" 200 101460
152.61.128.66 - - [14/Feb/2015:06:57:14 -0500] "HEAD / HTTP/1.1" 302 -
152.61.128.66 - - [14/Feb/2015:06:57:14 -0500] "GET /arcgis/services/Calidad_del_Agua_WQI/MapServer/WMSServer?SERVICE=WMS&REQUEST=GetCapabilities HTTP/1.1" 200 32135
152.61.128.66 - - [14/Feb/2015:06:57:15 -0500] "GET /arcgis/services/Calidad_del_Agua_WQI/MapServer/WMSServer?SERVICE=WMS&REQUEST=GetCapabilities HTTP/1.0" 200 32135
152.61.128.66 - - [14/Feb/2015:06:57:16 -0500] "GET /arcgis/services/Calidad_del_Agua_WQI/MapServer/WMSServer?SERVICE=WMS&REQUEST=GetCapabilities HTTP/1.0" 200 32135
152.61.128.66 - - [14/Feb/2015:06:57:17 -0500] "GET /arcgis/services/Calidad_del_Agua_WQI/MapServer/WMSServer?SERVICE=WMS&REQUEST=GetCapabilities HTTP/1.0" 200 32135
152.61.128.66 - - [14/Feb/2015:06:57:18 -0500] "GET /arcgis/services/Calidad_del_Agua_WQI/MapServer/WMSServer?VERSION=1.1.1&REQUEST=GetMap&LAYERS=0&SRS=EPSG:4326&BBOX=-74.473395,3.674381,-73.963300,4.920569&WIDTH=250&HEIGHT=250&FORMAT=image/bmp&STYLES=& HTTP/1.1" 200 188054
188.165.15.223 - - [14/Feb/2015:06:57:22 -0500] "GET /BLA/resoluciones/RESOLUCIONES%202006/RES%202006%202501-2550/00002506.tif HTTP/1.1" 200 230774
190.157.106.118 - - [14/Feb/2015:06:57:26 -0500] "POST /forms/lservlet;jsessionid=ac16012b30d5ddc2480d5fcc4936bbc5ba516a66f83b.e3iSbxaKaheRe38Ma3iTb3aRc41ynknvrkLOlQzNp65In0 HTTP/1.1" 200 2
220.181.108.170 - - [14/Feb/2015:06:57:54 -0500] "GET /BLA/boletinlegal/js/jquery.scrollTo-min.js HTTP/1.1" 200 1150
207.46.13.73 - - [14/Feb/2015:06:58:08 -0500] "GET /dama/libreria/php/decide.php?patron=04.11&inicio_1=0 HTTP/1.1" 404 1019
181.50.92.73 - - [14/Feb/2015:06:58:33 -0500] "GET /forest/index2.jsp?_a=0.394528268603608 HTTP/1.1" 200 49545
181.50.92.73 - - [14/Feb/2015:06:58:34 -0500] "GET /forest/session.jsp?a=0.05438086832873523 HTTP/1.1" 200 4
181.50.92.73 - - [14/Feb/2015:06:58:35 -0500] "GET /forest/misactividades.do?group_system_actual=3&codPro=95&_a=0.3930792278965899 HTTP/1.1" 200 39222
181.50.92.73 - - [14/Feb/2015:06:58:35 -0500] "GET /forest/session.jsp?a=0.8061510156840086 HTTP/1.1" 200 4
181.50.92.73 - - [14/Feb/2015:06:58:35 -0500] "POST /forest/misactividades.do?ajax=true&a=0.6587354715447873 HTTP/1.1" 200 5950
188.165.15.22 - - [14/Feb/2015:06:58:36 -0500] "GET /BLA/resoluciones/RESOLUCIONES%202004/RES%202004%20601-650/00000623.tif HTTP/1.1" 200 107360
181.50.92.73 - - [14/Feb/2015:06:58:42 -0500] "GET /forest/logout-redirect.jsp HTTP/1.1" 302 -
181.50.92.73 - - [14/Feb/2015:06:58:42 -0500] "GET /forest/login.do HTTP/1.1" 200 12758
186.145.54.48 - - [14/Feb/2015:06:59:10 -0500] "GET /BLA/resoluciones/RESOLUCIONES%202010/6169.pdf HTTP/1.1" 200 871832
188.165.15.105 - - [14/Feb/2015:06:59:15 -0500] "GET /BLA/resoluciones/RESOLUCIONES%202005/RES%202005%201201-1250/00001238.tif HTTP/1.1" 200 125372
190.157.106.118 - - [14/Feb/2015:06:59:26 -0500] "POST /forms/lservlet;jsessionid=ac16012b30d5ddc2480d5fcc4936bbc5ba516a66f83b.e3iSbxaKaheRe38Ma3iTb3aRc41ynknvrkLOlQzNp65In0 HTTP/1.1" 200 2
66.249.67.76 - - [14/Feb/2015:06:59:38 -0500] "GET /videos/galeria-fotografica/index13.html? HTTP/1.1" 200 1971
66.249.88.238 - - [14/Feb/2015:06:59:51 -0500] "GET /galeria/galeria/jquery.fancybox.css?v=2.1.5 HTTP/1.1" 200 4895
66.249.88.240 - - [14/Feb/2015:06:59:51 -0500] "GET /BLA/boletinlegal/js/jquery.scrollShow.js HTTP/1.1" 200 4586
66.249.88.238 - - [14/Feb/2015:06:59:51 -0500] "GET /galeria/galeria/jquery.fancybox.js?v=2.1.5 HTTP/1.1" 200 48706
66.249.88.240 - - [14/Feb/2015:06:59:51 -0500] "GET /BLA/boletinlegal/js/jquery.scrollTo-min.js HTTP/1.1" 200 1150
186.145.54.48 - - [14/Feb/2015:06:59:59 -0500] "GET /BLA/resoluciones/RESOLUCIONES%202010/1037.pdf HTTP/1.1" 200 109272
181.50.92.73 - - [14/Feb/2015:06:54:07 -0500] "GET /ForestMSG_SDA/channelAsync/template_word_17490842?X-Atmosphere-tracking-id=08df03da-461d-0f85-1c70-dc655938e2b2&X-Atmosphere-Framework=1.0.5&X-Atmosphere-Transport=long-polling&tabid=0.8239635308273137&X-Cache-Date=0&Content-Type=application/xml&_=1423915044682 HTTP/1.1" 200 8193
188.165.15.222 - - [14/Feb/2015:07:00:29 -0500] "GET /BLA/resoluciones/RESOLUCIONES%202003/RES%202003%20201-250/2003RES244.tif HTTP/1.1" 200 418652
190.252.155.196 - - [14/Feb/2015:07:00:37 -0500] "GET /galeria/galeria/jquery.fancybox.js?v=2.1.5 HTTP/1.1" 304 -
190.252.155.196 - - [14/Feb/2015:07:00:37 -0500] "GET /galeria/galeria/jquery.fancybox.css?v=2.1.5 HTTP/1.1" 304 -
123.125.71.99 - - [14/Feb/2015:07:00:52 -0500] "GET / HTTP/1.1" 302 -
190.252.155.196 - - [14/Feb/2015:07:00:54 -0500] "GET /galeria/galeria/jquery.fancybox.js?v=2.1.5 HTTP/1.1" 304 -
190.252.155.196 - - [14/Feb/2015:07:00:54 -0500] "GET /galeria/galeria/jquery.fancybox.css?v=2.1.5 HTTP/1.1" 304 -
66.249.67.76 - - [14/Feb/2015:07:00:55 -0500] "GET /BLA/resoluciones/AUTOS%202011/2369.pdf HTTP/1.1" 200 166942
74.86.158.107 - - [14/Feb/2015:07:01:18 -0500] "HEAD / HTTP/1.1" 302 -
201.184.83.97 - - [14/Feb/2015:07:01:26 -0500] "GET /BLA/boletinlegal/js/jquery.scrollShow.js HTTP/1.1" 200 4586
201.184.83.97 - - [14/Feb/2015:07:01:26 -0500] "GET /BLA/boletinlegal/js/jquery.scrollTo-min.js HTTP/1.1" 200 1150
201.184.83.97 - - [14/Feb/2015:07:01:26 -0500] "GET /galeria/galeria/jquery.fancybox.js?v=2.1.5 HTTP/1.1" 200 48706
201.184.83.97 - - [14/Feb/2015:07:01:26 -0500] "GET /galeria/galeria/jquery.fancybox.css?v=2.1.5 HTTP/1.1" 200 4895
190.157.106.118 - - [14/Feb/2015:07:01:27 -0500] "POST /forms/lservlet;jsessionid=ac16012b30d5ddc2480d5fcc4936bbc5ba516a66f83b.e3iSbxaKaheRe38Ma3iTb3aRc41ynknvrkLOlQzNp65In0 HTTP/1.1" 200 2
180.76.5.144 - - [14/Feb/2015:07:01:42 -0500] "GET /BLA/resoluciones/AUTOS%202011/3474.pdf HTTP/1.1" 200 522116
188.165.15.78 - - [14/Feb/2015:07:01:50 -0500] "GET /BLA/resoluciones/RESOLUCIONES%202004/RES%202004%202201-2250/00002240.tif HTTP/1.1" 200 284344
181.232.33.74 - - [14/Feb/2015:07:02:00 -0500] "GET /BLA/resoluciones/RESOLUCIONES%202007/RES%202007%202701%20AL%202800/RESOLUCION%202729%20%20DE%202007.pdf HTTP/1.1" 200 627047
181.232.33.74 - - [14/Feb/2015:07:02:04 -0500] "GET /BLA/resoluciones/RESOLUCIONES%202007/RES%202007%202701%20AL%202800/RESOLUCION%202729%20%20DE%202007.pdf HTTP/1.1" 206 32768
181.232.33.74 - - [14/Feb/2015:07:02:05 -0500] "GET /BLA/resoluciones/RESOLUCIONES%202007/RES%202007%202701%20AL%202800/RESOLUCION%202729%20%20DE%202007.pdf HTTP/1.1" 206 594279
181.232.33.74 - - [14/Feb/2015:07:02:08 -0500] "GET /favicon.ico HTTP/1.1" 200 7782
188.165.15.223 - - [14/Feb/2015:07:02:09 -0500] "GET /BLA/resoluciones/RESOLUCIONES%202006/RES%202006%201401-1450/00001424.tif HTTP/1.1" 200 291662
180.76.6.40 - - [14/Feb/2015:07:02:14 -0500] "GET /BLA/boletinlegal;jsessionid=55E3013959567DFAE2E67DE7958B6C41?/? HTTP/1.1" 404 1018
190.157.106.118 - - [14/Feb/2015:07:02:19 -0500] "POST /forms/lservlet;jsessionid=ac16012b30d5ddc2480d5fcc4936bbc5ba516a66f83b.e3iSbxaKaheRe38Ma3iTb3aRc41ynknvrkLOlQzNp65In0 HTTP/1.1" 200 2
190.157.106.118 - - [14/Feb/2015:07:02:19 -0500] "POST /forms/lservlet;jsessionid=ac16012b30d5ddc2480d5fcc4936bbc5ba516a66f83b.e3iSbxaKaheRe38Ma3iTb3aRc41ynknvrkLOlQzNp65In0 HTTP/1.1" 200 2368
190.157.106.118 - - [14/Feb/2015:07:02:20 -0500] "POST /forms/lservlet;jsessionid=ac16012b30d5ddc2480d5fcc4936bbc5ba516a66f83b.e3iSbxaKaheRe38Ma3iTb3aRc41ynknvrkLOlQzNp65In0 HTTP/1.1" 200 15
66.249.67.68 - - [14/Feb/2015:07:02:21 -0500] "GET /BLA/resoluciones/RESOLUCIONES%202005/RES%202005%202251-2300/00002274.tif HTTP/1.1" 200 137940
190.157.106.118 - - [14/Feb/2015:07:02:23 -0500] "POST /forms/lservlet;jsessionid=ac16012b30d5ddc2480d5fcc4936bbc5ba516a66f83b.e3iSbxaKaheRe38Ma3iTb3aRc41ynknvrkLOlQzNp65In0 HTTP/1.1" 200 24
190.157.106.118 - - [14/Feb/2015:07:02:23 -0500] "POST /forms/lservlet;jsessionid=ac16012b30d5ddc2480d5fcc4936bbc5ba516a66f83b.e3iSbxaKaheRe38Ma3iTb3aRc41ynknvrkLOlQzNp65In0 HTTP/1.1" 200 3672
190.157.106.118 - - [14/Feb/2015:07:02:24 -0500] "POST /forms/lservlet;jsessionid=ac16012b30d5ddc2480d5fcc4936bbc5ba516a66f83b.e3iSbxaKaheRe38Ma3iTb3aRc41ynknvrkLOlQzNp65In0 HTTP/1.1" 200 2
190.157.106.118 - - [14/Feb/2015:07:02:34 -0500] "POST /forms/lservlet;jsessionid=ac16012b30d5ddc2480d5fcc4936bbc5ba516a66f83b.e3iSbxaKaheRe38Ma3iTb3aRc41ynknvrkLOlQzNp65In0 HTTP/1.1" 200 69
181.50.92.73 - - [14/Feb/2015:06:57:12 -0500] "GET /ForestMSG_SDA/channelAsync/template_word_9970214?X-Atmosphere-tracking-id=3ff2ebf6-b94b-6124-c872-67b544ebfb82&X-Atmosphere-Framework=1.0.5&X-Atmosphere-Transport=long-polling&tabid=0.9935890038032085&X-Cache-Date=0&Content-Type=application/xml&_=1423915230130 HTTP/1.1" 200 8193
190.157.106.118 - - [14/Feb/2015:07:03:27 -0500] "POST /forms/lservlet;jsessionid=ac16012b30d5ddc2480d5fcc4936bbc5ba516a66f83b.e3iSbxaKaheRe38Ma3iTb3aRc41ynknvrkLOlQzNp65In0 HTTP/1.1" 200 2
186.145.58.98 - - [14/Feb/2015:07:04:04 -0500] "GET /BLA/boletinlegal/js/jquery.scrollTo-min.js HTTP/1.1" 200 1150
186.145.58.98 - - [14/Feb/2015:07:04:04 -0500] "GET /galeria/galeria/jquery.fancybox.css?v=2.1.5 HTTP/1.1" 200 4895
186.145.58.98 - - [14/Feb/2015:07:04:04 -0500] "GET /BLA/boletinlegal/js/jquery.scrollShow.js HTTP/1.1" 200 4586
186.145.58.98 - - [14/Feb/2015:07:04:04 -0500] "GET /galeria/galeria/jquery.fancybox.js?v=2.1.5 HTTP/1.1" 200 48706
181.61.142.170 - - [14/Feb/2015:07:04:30 -0500] "GET /Anexos%20estudio%20Organizacional%20SDA/ANEXO%20No.%203-%20CONTRATACI%C3%93N%20%20OPS%C2%B4s%202008-2012/CONTRATOS%20SDA%202009%20POR%20DEPENDENCIA%20(1).xls HTTP/1.1" 200 461824
66.249.67.120 - - [14/Feb/2015:07:04:35 -0500] "GET /sinmi/sinmi.htm HTTP/1.1" 404 1019
188.165.15.187 - - [14/Feb/2015:07:04:46 -0500] "GET /BLA/resoluciones/RESOLUCIONES%202004/RES%202004%201601-1650/00001616.tif HTTP/1.1" 200 256664
186.43.67.177 - - [14/Feb/2015:07:04:56 -0500] "GET /galeria/galeria/jquery.fancybox.css?v=2.1.5 HTTP/1.1" 200 4895
186.43.67.177 - - [14/Feb/2015:07:04:56 -0500] "GET /BLA/boletinlegal/js/jquery.scrollTo-min.js HTTP/1.1" 200 1150
186.43.67.177 - - [14/Feb/2015:07:04:56 -0500] "GET /BLA/boletinlegal/js/jquery.scrollShow.js HTTP/1.1" 200 4586
186.43.67.177 - - [14/Feb/2015:07:04:56 -0500] "GET /galeria/galeria/jquery.fancybox.js?v=2.1.5 HTTP/1.1" 200 48706
186.43.67.177 - - [14/Feb/2015:07:04:59 -0500] "GET /hidrico/aguas%20subterraneas/ HTTP/1.1" 404 1296
190.157.106.118 - - [14/Feb/2015:07:05:27 -0500] "POST /forms/lservlet;jsessionid=ac16012b30d5ddc2480d5fcc4936bbc5ba516a66f83b.e3iSbxaKaheRe38Ma3iTb3aRc41ynknvrkLOlQzNp65In0 HTTP/1.1" 200 2
190.9.201.150 - - [14/Feb/2015:07:05:43 -0500] "GET /galeria/galeria/jquery.fancybox.js?v=2.1.5 HTTP/1.1" 200 48706
190.9.201.150 - - [14/Feb/2015:07:05:43 -0500] "GET /galeria/galeria/jquery.fancybox.css?v=2.1.5 HTTP/1.1" 200 4895
190.9.201.150 - - [14/Feb/2015:07:05:44 -0500] "GET /galeria/nivo-slider/demo/demo.html HTTP/1.1" 200 3336
190.9.201.150 - - [14/Feb/2015:07:05:44 -0500] "GET /galeria/nivo-slider/demo/images/banner-V2.jpg HTTP/1.1" 304 -
190.9.201.150 - - [14/Feb/2015:07:05:44 -0500] "GET /galeria/nivo-slider/demo/images/bolsas-08.jpg HTTP/1.1" 304 -
190.9.201.150 - - [14/Feb/2015:07:05:44 -0500] "GET /galeria/nivo-slider/demo/images/bolsas-06.jpg HTTP/1.1" 304 -
190.9.201.150 - - [14/Feb/2015:07:05:44 -0500] "GET /galeria/nivo-slider/demo/images/Ruta-vertimientos-01.jpg HTTP/1.1" 304 -
190.9.201.150 - - [14/Feb/2015:07:05:44 -0500] "GET /galeria/nivo-slider/demo/images/ecolecta-Dic2014.png HTTP/1.1" 304 -
190.9.201.150 - - [14/Feb/2015:07:05:44 -0500] "GET /galeria/nivo-slider/demo/images/redes_sociales.jpg HTTP/1.1" 200 415652
66.249.67.68 - - [14/Feb/2015:07:05:59 -0500] "GET /BLA/resoluciones/RESOLUCIONES%202009/7607.pdf HTTP/1.1" 200 561566
74.86.158.107 - - [14/Feb/2015:07:06:18 -0500] "HEAD / HTTP/1.1" 302 -
190.24.86.43 - - [14/Feb/2015:07:06:45 -0500] "GET /BLA/boletinlegal/js/jquery.scrollTo-min.js HTTP/1.1" 200 1150
190.24.86.43 - - [14/Feb/2015:07:06:45 -0500] "GET /BLA/boletinlegal/js/jquery.scrollShow.js HTTP/1.1" 200 4586
190.24.86.43 - - [14/Feb/2015:07:06:45 -0500] "GET /galeria/galeria/jquery.fancybox.css?v=2.1.5 HTTP/1.1" 200 4895
190.24.86.43 - - [14/Feb/2015:07:06:45 -0500] "GET /galeria/galeria/jquery.fancybox.js?v=2.1.5 HTTP/1.1" 200 48706
181.136.82.46 - - [14/Feb/2015:07:07:07 -0500] "GET /galeria/galeria/jquery.fancybox.css?v=2.1.5 HTTP/1.1" 200 4895
181.136.82.46 - - [14/Feb/2015:07:07:07 -0500] "GET /BLA/boletinlegal/js/jquery.scrollShow.js HTTP/1.1" 200 4586
181.136.82.46 - - [14/Feb/2015:07:07:07 -0500] "GET /galeria/carrusel/Carrusel/jquery.thumbnailScroller.css HTTP/1.1" 200 2066
181.136.82.46 - - [14/Feb/2015:07:07:07 -0500] "GET /BLA/boletinlegal/js/jquery.scrollTo-min.js HTTP/1.1" 200 1150
181.136.82.46 - - [14/Feb/2015:07:07:08 -0500] "GET /galeria/galeria/jquery.fancybox.js?v=2.1.5 HTTP/1.1" 200 48706
181.136.82.46 - - [14/Feb/2015:07:07:08 -0500] "GET /galeria/carrusel/Carrusel/jquery-ui-1.8.13.custom.min.js HTTP/1.1" 200 10800
181.136.82.46 - - [14/Feb/2015:07:07:08 -0500] "GET /galeria/carrusel/Carrusel/jquery.thumbnailScroller.js HTTP/1.1" 200 8157
186.30.168.160 - - [14/Feb/2015:07:07:08 -0500] "GET /galeria/galeria/jquery.fancybox.css?v=2.1.5 HTTP/1.1" 200 4895
186.30.168.160 - - [14/Feb/2015:07:07:08 -0500] "GET /BLA/boletinlegal/js/jquery.scrollTo-min.js HTTP/1.1" 200 1150
186.30.168.160 - - [14/Feb/2015:07:07:08 -0500] "GET /BLA/boletinlegal/js/jquery.scrollShow.js HTTP/1.1" 200 4586
186.30.168.160 - - [14/Feb/2015:07:07:08 -0500] "GET /galeria/galeria/jquery.fancybox.js?v=2.1.5 HTTP/1.1" 200 48706
181.136.82.46 - - [14/Feb/2015:07:07:09 -0500] "GET /galeria/nivo-slider/demo/demo.html HTTP/1.1" 200 3336
180.76.6.44 - - [14/Feb/2015:07:07:18 -0500] "GET /BLA/resoluciones/AUTOS%202011/1917.pdf HTTP/1.1" 200 88699
188.165.15.223 - - [14/Feb/2015:07:07:20 -0500] "GET /BLA/resoluciones/RESOLUCIONES%202002/RES%202002%20351-400/00000386.tif HTTP/1.1" 200 63706
181.136.82.46 - - [14/Feb/2015:07:07:26 -0500] "GET /galeria/nivo-slider/themes/default/default.css HTTP/1.1" 200 1569
181.136.82.46 - - [14/Feb/2015:07:07:26 -0500] "GET /galeria/nivo-slider/themes/pascal/pascal.css HTTP/1.1" 200 2258
181.136.82.46 - - [14/Feb/2015:07:07:26 -0500] "GET /galeria/nivo-slider/themes/orman/orman.css HTTP/1.1" 200 2152
181.136.82.46 - - [14/Feb/2015:07:07:26 -0500] "GET /galeria/nivo-slider/demo/style.css HTTP/1.1" 200 2222
181.136.82.46 - - [14/Feb/2015:07:07:26 -0500] "GET /galeria/nivo-slider/nivo-slider.css HTTP/1.1" 200 1507
181.136.82.46 - - [14/Feb/2015:07:07:26 -0500] "GET /galeria/nivo-slider/demo/scripts/jquery-1.7.1.min.js HTTP/1.1" 200 93868
181.136.82.46 - - [14/Feb/2015:07:07:26 -0500] "GET /galeria/nivo-slider/demo/images/banner-V2.jpg HTTP/1.1" 200 167020
181.136.82.46 - - [14/Feb/2015:07:07:26 -0500] "GET /galeria/nivo-slider/jquery.nivo.slider.pack.js HTTP/1.1" 200 11561
181.136.82.46 - - [14/Feb/2015:07:07:26 -0500] "GET /galeria/nivo-slider/demo/images/bolsas-08.jpg HTTP/1.1" 200 85589
181.136.82.46 - - [14/Feb/2015:07:07:26 -0500] "GET /galeria/nivo-slider/demo/images/Ruta-vertimientos-01.jpg HTTP/1.1" 200 130151
181.136.82.46 - - [14/Feb/2015:07:07:26 -0500] "GET /galeria/nivo-slider/demo/images/bolsas-06.jpg HTTP/1.1" 200 90982
181.136.82.46 - - [14/Feb/2015:07:07:26 -0500] "GET /galeria/nivo-slider/demo/images/ecolecta-Dic2014.png HTTP/1.1" 200 288593
181.136.82.46 - - [14/Feb/2015:07:07:26 -0500] "GET /galeria/nivo-slider/demo/images/porloshumedales.jpg HTTP/1.1" 200 351238
190.157.106.118 - - [14/Feb/2015:07:07:27 -0500] "POST /forms/lservlet;jsessionid=ac16012b30d5ddc2480d5fcc4936bbc5ba516a66f83b.e3iSbxaKaheRe38Ma3iTb3aRc41ynknvrkLOlQzNp65In0 HTTP/1.1" 200 2
181.136.82.46 - - [14/Feb/2015:07:07:27 -0500] "GET /galeria/nivo-slider/demo/images/4Simple_Slider.png HTTP/1.1" 200 11722
181.136.82.46 - - [14/Feb/2015:07:07:27 -0500] "GET /galeria/nivo-slider/themes/default/loading.gif HTTP/1.1" 200 1737
181.136.82.46 - - [14/Feb/2015:07:07:29 -0500] "GET /galeria/nivo-slider/demo/images/Tingua-azul.jpg HTTP/1.1" 200 307638
181.136.82.46 - - [14/Feb/2015:07:07:29 -0500] "GET /galeria/nivo-slider/demo/images/Banner-Caracol-Africano.jpg HTTP/1.1" 200 331986
181.136.82.46 - - [14/Feb/2015:07:07:29 -0500] "GET /galeria/nivo-slider/demo/images/redes_sociales.jpg HTTP/1.1" 200 415652
181.136.82.46 - - [14/Feb/2015:07:07:29 -0500] "GET /galeria/nivo-slider/demo/images/9Signos.jpg HTTP/1.1" 200 93040
181.136.82.46 - - [14/Feb/2015:07:07:31 -0500] "GET /galeria/nivo-slider/demo/images/banner-llantas2.jpg HTTP/1.1" 200 73153
181.136.82.46 - - [14/Feb/2015:07:07:32 -0500] "GET /galeria/nivo-slider/demo/images/banner-caballos.png HTTP/1.1" 200 389106
181.136.82.46 - - [14/Feb/2015:07:07:33 -0500] "GET /videos/Humedals2015WEB.flv HTTP/1.1" 200 16650865
188.165.15.222 - - [14/Feb/2015:07:07:55 -0500] "GET /BLA/resoluciones/index.php?dir=RESOLUCIONES+2006%2FRES+2006+1801-1850%2F HTTP/1.1" 200 12357
186.28.151.199 - - [14/Feb/2015:07:08:22 -0500] "GET /autoliquidacion/ HTTP/1.1" 200 6375
190.157.106.118 - - [14/Feb/2015:07:09:27 -0500] "POST /forms/lservlet;jsessionid=ac16012b30d5ddc2480d5fcc4936bbc5ba516a66f83b.e3iSbxaKaheRe38Ma3iTb3aRc41ynknvrkLOlQzNp65In0 HTTP/1.1" 200 2
152.61.193.99 - - [14/Feb/2015:07:10:12 -0500] "HEAD / HTTP/1.1" 302 -
152.61.193.99 - - [14/Feb/2015:07:10:12 -0500] "GET /arcgis/services/Calidad_del_Agua_WQI/MapServer/WMSServer?request=GetCapabilities&service=WMS HTTP/1.1" 200 32135
152.61.193.99 - - [14/Feb/2015:07:10:13 -0500] "GET /arcgis/services/Calidad_del_Agua_WQI/MapServer/WMSServer?request=GetCapabilities&service=WMS HTTP/1.1" 200 32135
152.61.193.99 - - [14/Feb/2015:07:10:14 -0500] "GET /arcgis/services/Calidad_del_Agua_WQI/MapServer/WMSServer?request=GetCapabilities&service=WMS HTTP/1.1" 200 32135
152.61.193.99 - - [14/Feb/2015:07:10:14 -0500] "GET /arcgis/services/Calidad_del_Agua_WQI/MapServer/WMSServer?request=GetCapabilities&service=WMS HTTP/1.1" 200 32135
190.128.58.209 - - [14/Feb/2015:07:10:15 -0500] "GET /galeria/galeria/jquery.fancybox.css?v=2.1.5 HTTP/1.1" 200 4895
190.128.58.209 - - [14/Feb/2015:07:10:15 -0500] "GET /BLA/boletinlegal/js/jquery.scrollTo-min.js HTTP/1.1" 200 1150
190.128.58.209 - - [14/Feb/2015:07:10:15 -0500] "GET /galeria/galeria/jquery.fancybox.js?v=2.1.5 HTTP/1.1" 200 48706
190.128.58.209 - - [14/Feb/2015:07:10:15 -0500] "GET /BLA/boletinlegal/js/jquery.scrollShow.js HTTP/1.1" 200 4586
152.61.193.99 - - [14/Feb/2015:07:10:15 -0500] "GET /arcgis/services/Calidad_del_Agua_WQI/MapServer/WMSServer?VERSION=1.1.1&REQUEST=GetMap&LAYERS=0&SRS=EPSG:4326&BBOX=-74.473395,3.674381,-73.963300,4.920569&WIDTH=250&HEIGHT=250&FORMAT=image/bmp&STYLES=& HTTP/1.1" 200 188054
181.143.134.178 - - [14/Feb/2015:07:10:43 -0500] "GET /galeria/galeria/jquery.fancybox.js?v=2.1.5 HTTP/1.1" 200 48706
181.143.134.178 - - [14/Feb/2015:07:10:43 -0500] "GET /galeria/galeria/jquery.fancybox.css?v=2.1.5 HTTP/1.1" 200 4895
181.143.134.178 - - [14/Feb/2015:07:10:43 -0500] "GET /BLA/boletinlegal/js/jquery.scrollShow.js HTTP/1.1" 200 4586
181.143.134.178 - - [14/Feb/2015:07:10:43 -0500] "GET /BLA/boletinlegal/js/jquery.scrollTo-min.js HTTP/1.1" 200 1150
66.249.67.68 - - [14/Feb/2015:07:11:04 -0500] "GET /reports/rwservlet/getjobid223916?server=rep_srvapsda HTTP/1.1" 200 6439
74.86.158.107 - - [14/Feb/2015:07:11:18 -0500] "HEAD / HTTP/1.1" 302 -
190.157.106.118 - - [14/Feb/2015:07:11:27 -0500] "POST /forms/lservlet;jsessionid=ac16012b30d5ddc2480d5fcc4936bbc5ba516a66f83b.e3iSbxaKaheRe38Ma3iTb3aRc41ynknvrkLOlQzNp65In0 HTTP/1.1" 200 2
180.76.6.28 - - [14/Feb/2015:07:12:16 -0500] "GET /videos/galeria-fotografica/index8.html? HTTP/1.1" 200 1971
180.76.5.63 - - [14/Feb/2015:07:12:49 -0500] "GET /BLA/resoluciones/RESOLUCIONES%202007/RES%202007%201726%20AL%201800/RESOLUCION%201794%20DE%202007.pdf HTTP/1.1" 200 966949
190.252.117.201 - - [14/Feb/2015:07:12:56 -0500] "GET /galeria/galeria/jquery.fancybox.js?v=2.1.5 HTTP/1.1" 304 -
190.252.117.201 - - [14/Feb/2015:07:12:56 -0500] "GET /galeria/galeria/jquery.fancybox.css?v=2.1.5 HTTP/1.1" 304 -
190.252.117.201 - - [14/Feb/2015:07:12:57 -0500] "GET /galeria/nivo-slider/demo/demo.html HTTP/1.1" 304 -
190.252.117.201 - - [14/Feb/2015:07:12:57 -0500] "GET /galeria/nivo-slider/demo/images/redes_sociales.jpg HTTP/1.1" 304 -
190.252.117.201 - - [14/Feb/2015:07:12:58 -0500] "GET /videos/Humedals2015WEB.flv HTTP/1.1" 304 -
180.76.6.142 - - [14/Feb/2015:07:13:21 -0500] "GET /BLA/resoluciones/AUTOS%202012/2005.pdf HTTP/1.1" 200 2899427
190.157.106.118 - - [14/Feb/2015:07:13:27 -0500] "POST /forms/lservlet;jsessionid=ac16012b30d5ddc2480d5fcc4936bbc5ba516a66f83b.e3iSbxaKaheRe38Ma3iTb3aRc41ynknvrkLOlQzNp65In0 HTTP/1.1" 200 2
123.125.71.28 - - [14/Feb/2015:07:13:32 -0500] "GET /BLA/resoluciones/RESOLUCIONES%202010/7080.pdf HTTP/1.1" 200 66941
190.157.106.118 - - [14/Feb/2015:07:15:27 -0500] "POST /forms/lservlet;jsessionid=ac16012b30d5ddc2480d5fcc4936bbc5ba516a66f83b.e3iSbxaKaheRe38Ma3iTb3aRc41ynknvrkLOlQzNp65In0 HTTP/1.1" 200 2
190.159.1.102 - - [14/Feb/2015:07:16:07 -0500] "GET /galeria/mapa/aulaSantaM.jpg HTTP/1.1" 200 69216
66.249.67.68 - - [14/Feb/2015:07:16:08 -0500] "GET /BLA/resoluciones/RESOLUCIONES%202012/1114.pdf HTTP/1.1" 304 -
74.86.158.107 - - [14/Feb/2015:07:16:18 -0500] "HEAD / HTTP/1.1" 302 -
180.76.6.225 - - [14/Feb/2015:07:16:32 -0500] "GET /BLA/resoluciones/AUTOS%202009/0575.pdf HTTP/1.1" 200 125998
188.165.15.223 - - [14/Feb/2015:07:16:35 -0500] "GET /BLA/resoluciones/RESOLUCIONES%202004/RES%202004%20551-600/00000577.tif HTTP/1.1" 200 51974
190.26.177.97 - - [14/Feb/2015:07:16:46 -0500] "GET /BLA/boletinlegal/js/jquery.scrollShow.js HTTP/1.1" 200 4586
190.26.177.97 - - [14/Feb/2015:07:16:46 -0500] "GET /galeria/galeria/jquery.fancybox.css?v=2.1.5 HTTP/1.1" 200 4895
190.26.177.97 - - [14/Feb/2015:07:16:46 -0500] "GET /BLA/boletinlegal/js/jquery.scrollTo-min.js HTTP/1.1" 200 1150
190.26.177.97 - - [14/Feb/2015:07:16:46 -0500] "GET /galeria/galeria/jquery.fancybox.js?v=2.1.5 HTTP/1.1" 200 48706
66.249.67.76 - - [14/Feb/2015:07:16:59 -0500] "GET /galeria/nivo-slider/demo/demo.html HTTP/1.1" 200 3336
66.249.67.84 - - [14/Feb/2015:07:17:01 -0500] "GET /galeria/nivo-slider/themes/default/default.css HTTP/1.1" 200 1569
66.249.67.76 - - [14/Feb/2015:07:17:01 -0500] "GET /galeria/nivo-slider/jquery.nivo.slider.pack.js HTTP/1.1" 200 11561
66.249.67.84 - - [14/Feb/2015:07:17:02 -0500] "GET /galeria/nivo-slider/themes/orman/orman.css HTTP/1.1" 200 2152
66.249.67.84 - - [14/Feb/2015:07:17:02 -0500] "GET /galeria/nivo-slider/demo/style.css HTTP/1.1" 200 2222
66.249.67.76 - - [14/Feb/2015:07:17:03 -0500] "GET /galeria/nivo-slider/nivo-slider.css HTTP/1.1" 200 1507
66.249.67.76 - - [14/Feb/2015:07:17:03 -0500] "GET /galeria/nivo-slider/demo/scripts/jquery-1.7.1.min.js HTTP/1.1" 200 93868
66.249.67.84 - - [14/Feb/2015:07:17:03 -0500] "GET /galeria/nivo-slider/themes/pascal/pascal.css HTTP/1.1" 200 2258
190.157.106.118 - - [14/Feb/2015:07:17:27 -0500] "POST /forms/lservlet;jsessionid=ac16012b30d5ddc2480d5fcc4936bbc5ba516a66f83b.e3iSbxaKaheRe38Ma3iTb3aRc41ynknvrkLOlQzNp65In0 HTTP/1.1" 200 2
180.76.5.73 - - [14/Feb/2015:07:18:30 -0500] "GET /BLA/resoluciones/RESOLUCIONES%202007/RES%202007%203801%20AL%203900/RESOLUCION%203862%20DE%202007.pdf HTTP/1.1" 200 1080389
190.157.106.118 - - [14/Feb/2015:07:18:42 -0500] "POST /forms/lservlet;jsessionid=ac16012b30d5ddc2480d5fcc4936bbc5ba516a66f83b.e3iSbxaKaheRe38Ma3iTb3aRc41ynknvrkLOlQzNp65In0 HTTP/1.1" 200 2
190.157.106.118 - - [14/Feb/2015:07:18:42 -0500] "POST /forms/lservlet;jsessionid=ac16012b30d5ddc2480d5fcc4936bbc5ba516a66f83b.e3iSbxaKaheRe38Ma3iTb3aRc41ynknvrkLOlQzNp65In0 HTTP/1.1" 200 2251
190.157.106.118 - - [14/Feb/2015:07:18:43 -0500] "POST /forms/lservlet;jsessionid=ac16012b30d5ddc2480d5fcc4936bbc5ba516a66f83b.e3iSbxaKaheRe38Ma3iTb3aRc41ynknvrkLOlQzNp65In0 HTTP/1.1" 200 19
190.157.106.118 - - [14/Feb/2015:07:18:48 -0500] "POST /forms/lservlet;jsessionid=ac16012b30d5ddc2480d5fcc4936bbc5ba516a66f83b.e3iSbxaKaheRe38Ma3iTb3aRc41ynknvrkLOlQzNp65In0 HTTP/1.1" 200 24
190.157.106.118 - - [14/Feb/2015:07:18:48 -0500] "POST /forms/lservlet;jsessionid=ac16012b30d5ddc2480d5fcc4936bbc5ba516a66f83b.e3iSbxaKaheRe38Ma3iTb3aRc41ynknvrkLOlQzNp65In0 HTTP/1.1" 200 3867
190.157.106.118 - - [14/Feb/2015:07:18:49 -0500] "POST /forms/lservlet;jsessionid=ac16012b30d5ddc2480d5fcc4936bbc5ba516a66f83b.e3iSbxaKaheRe38Ma3iTb3aRc41ynknvrkLOlQzNp65In0 HTTP/1.1" 200 2
188.165.15.41 - - [14/Feb/2015:07:18:53 -0500] "GET /BLA/resoluciones/RESOLUCIONES%202002/RES%202002%201851-1900/20021879.tif HTTP/1.1" 200 165078
190.157.106.118 - - [14/Feb/2015:07:19:27 -0500] "POST /forms/lservlet;jsessionid=ac16012b30d5ddc2480d5fcc4936bbc5ba516a66f83b.e3iSbxaKaheRe38Ma3iTb3aRc41ynknvrkLOlQzNp65In0 HTTP/1.1" 200 2
186.145.26.148 - - [14/Feb/2015:07:20:42 -0500] "GET /galeria/galeria/jquery.fancybox.css?v=2.1.5 HTTP/1.1" 200 4895
186.145.26.148 - - [14/Feb/2015:07:20:42 -0500] "GET /BLA/boletinlegal/js/jquery.scrollTo-min.js HTTP/1.1" 200 1150
186.145.26.148 - - [14/Feb/2015:07:20:42 -0500] "GET /BLA/boletinlegal/js/jquery.scrollShow.js HTTP/1.1" 200 4586
186.145.26.148 - - [14/Feb/2015:07:20:42 -0500] "GET /galeria/galeria/jquery.fancybox.js?v=2.1.5 HTTP/1.1" 200 48706
190.157.106.118 - - [14/Feb/2015:07:20:43 -0500] "POST /forms/lservlet;jsessionid=ac16012b30d5ddc2480d5fcc4936bbc5ba516a66f83b.e3iSbxaKaheRe38Ma3iTb3aRc41ynknvrkLOlQzNp65In0 HTTP/1.1" 200 136
190.157.106.118 - - [14/Feb/2015:07:20:44 -0500] "POST /forms/lservlet;jsessionid=ac16012b30d5ddc2480d5fcc4936bbc5ba516a66f83b.e3iSbxaKaheRe38Ma3iTb3aRc41ynknvrkLOlQzNp65In0 HTTP/1.1" 200 7
190.157.106.118 - - [14/Feb/2015:07:20:51 -0500] "POST /forms/lservlet;jsessionid=ac16012b30d5ddc2480d5fcc4936bbc5ba516a66f83b.e3iSbxaKaheRe38Ma3iTb3aRc41ynknvrkLOlQzNp65In0 HTTP/1.1" 200 139
66.249.67.84 - - [14/Feb/2015:07:20:57 -0500] "GET /BLA/resoluciones/RESOLUCIONES%202008/5142.pdf HTTP/1.1" 304 -
188.165.15.41 - - [14/Feb/2015:07:21:03 -0500] "GET /BLA/resoluciones/RESOLUCIONES%202006/RES%202006%202301-2350/00002349.tif HTTP/1.1" 200 110760
74.86.158.107 - - [14/Feb/2015:07:21:18 -0500] "HEAD / HTTP/1.1" 302 -
190.157.106.118 - - [14/Feb/2015:07:21:27 -0500] "POST /forms/lservlet;jsessionid=ac16012b30d5ddc2480d5fcc4936bbc5ba516a66f83b.e3iSbxaKaheRe38Ma3iTb3aRc41ynknvrkLOlQzNp65In0 HTTP/1.1" 200 2
200.75.127.254 - - [14/Feb/2015:07:21:28 -0500] "GET /galeria/galeria/jquery.fancybox.js?v=2.1.5 HTTP/1.1" 304 -
200.75.127.254 - - [14/Feb/2015:07:21:30 -0500] "GET /galeria/galeria/jquery.fancybox.css?v=2.1.5 HTTP/1.1" 304 -
190.157.106.118 - - [14/Feb/2015:07:21:39 -0500] "POST /forms/lservlet;jsessionid=ac16012b30d5ddc2480d5fcc4936bbc5ba516a66f83b.e3iSbxaKaheRe38Ma3iTb3aRc41ynknvrkLOlQzNp65In0 HTTP/1.1" 200 2
190.157.106.118 - - [14/Feb/2015:07:21:39 -0500] "POST /forms/lservlet;jsessionid=ac16012b30d5ddc2480d5fcc4936bbc5ba516a66f83b.e3iSbxaKaheRe38Ma3iTb3aRc41ynknvrkLOlQzNp65In0 HTTP/1.1" 200 2314
190.157.106.118 - - [14/Feb/2015:07:21:39 -0500] "POST /forms/lservlet;jsessionid=ac16012b30d5ddc2480d5fcc4936bbc5ba516a66f83b.e3iSbxaKaheRe38Ma3iTb3aRc41ynknvrkLOlQzNp65In0 HTTP/1.1" 200 15
190.157.106.118 - - [14/Feb/2015:07:21:40 -0500] "POST /forms/lservlet;jsessionid=ac16012b30d5ddc2480d5fcc4936bbc5ba516a66f83b.e3iSbxaKaheRe38Ma3iTb3aRc41ynknvrkLOlQzNp65In0 HTTP/1.1" 200 2
190.157.106.118 - - [14/Feb/2015:07:21:40 -0500] "POST /forms/lservlet;jsessionid=ac16012b30d5ddc2480d5fcc4936bbc5ba516a66f83b.e3iSbxaKaheRe38Ma3iTb3aRc41ynknvrkLOlQzNp65In0 HTTP/1.1" 200 101
190.157.106.118 - - [14/Feb/2015:07:21:40 -0500] "POST /forms/lservlet;jsessionid=ac16012b30d5ddc2480d5fcc4936bbc5ba516a66f83b.e3iSbxaKaheRe38Ma3iTb3aRc41ynknvrkLOlQzNp65In0 HTTP/1.1" 200 2
190.157.106.118 - - [14/Feb/2015:07:21:42 -0500] "POST /forms/lservlet;jsessionid=ac16012b30d5ddc2480d5fcc4936bbc5ba516a66f83b.e3iSbxaKaheRe38Ma3iTb3aRc41ynknvrkLOlQzNp65In0 HTTP/1.1" 200 381
190.157.106.118 - - [14/Feb/2015:07:21:43 -0500] "POST /forms/lservlet;jsessionid=ac16012b30d5ddc2480d5fcc4936bbc5ba516a66f83b.e3iSbxaKaheRe38Ma3iTb3aRc41ynknvrkLOlQzNp65In0 HTTP/1.1" 200 2
190.157.106.118 - - [14/Feb/2015:07:21:43 -0500] "POST /forms/lservlet;jsessionid=ac16012b30d5ddc2480d5fcc4936bbc5ba516a66f83b.e3iSbxaKaheRe38Ma3iTb3aRc41ynknvrkLOlQzNp65In0 HTTP/1.1" 200 34
190.157.106.118 - - [14/Feb/2015:07:21:44 -0500] "POST /forms/lservlet;jsessionid=ac16012b30d5ddc2480d5fcc4936bbc5ba516a66f83b.e3iSbxaKaheRe38Ma3iTb3aRc41ynknvrkLOlQzNp65In0 HTTP/1.1" 200 2
190.157.106.118 - - [14/Feb/2015:07:21:44 -0500] "POST /forms/lservlet;jsessionid=ac16012b30d5ddc2480d5fcc4936bbc5ba516a66f83b.e3iSbxaKaheRe38Ma3iTb3aRc41ynknvrkLOlQzNp65In0 HTTP/1.1" 200 2029
190.157.106.118 - - [14/Feb/2015:07:21:45 -0500] "POST /forms/lservlet;jsessionid=ac16012b30d5ddc2480d5fcc4936bbc5ba516a66f83b.e3iSbxaKaheRe38Ma3iTb3aRc41ynknvrkLOlQzNp65In0 HTTP/1.1" 200 78
188.165.15.41 - - [14/Feb/2015:07:21:47 -0500] "GET /BLA/resoluciones/RESOLUCIONES%202002/RES%202002%201301-1350/20021325.tif HTTP/1.1" 200 84968
190.157.106.118 - - [14/Feb/2015:07:21:48 -0500] "POST /forms/lservlet;jsessionid=ac16012b30d5ddc2480d5fcc4936bbc5ba516a66f83b.e3iSbxaKaheRe38Ma3iTb3aRc41ynknvrkLOlQzNp65In0 HTTP/1.1" 200 34756
190.157.106.118 - - [14/Feb/2015:07:21:49 -0500] "GET /imagenes/listval.gif HTTP/1.1" 200 905
190.157.106.118 - - [14/Feb/2015:07:21:49 -0500] "POST /forms/lservlet;jsessionid=ac16012b30d5ddc2480d5fcc4936bbc5ba516a66f83b.e3iSbxaKaheRe38Ma3iTb3aRc41ynknvrkLOlQzNp65In0 HTTP/1.1" 200 7
190.157.106.118 - - [14/Feb/2015:07:21:49 -0500] "POST /forms/lservlet;jsessionid=ac16012b30d5ddc2480d5fcc4936bbc5ba516a66f83b.e3iSbxaKaheRe38Ma3iTb3aRc41ynknvrkLOlQzNp65In0 HTTP/1.1" 200 34
190.157.106.118 - - [14/Feb/2015:07:21:49 -0500] "POST /forms/lservlet;jsessionid=ac16012b30d5ddc2480d5fcc4936bbc5ba516a66f83b.e3iSbxaKaheRe38Ma3iTb3aRc41ynknvrkLOlQzNp65In0 HTTP/1.1" 200 2
190.157.106.118 - - [14/Feb/2015:07:21:50 -0500] "POST /forms/lservlet;jsessionid=ac16012b30d5ddc2480d5fcc4936bbc5ba516a66f83b.e3iSbxaKaheRe38Ma3iTb3aRc41ynknvrkLOlQzNp65In0 HTTP/1.1" 200 2
190.157.106.118 - - [14/Feb/2015:07:21:50 -0500] "POST /forms/lservlet;jsessionid=ac16012b30d5ddc2480d5fcc4936bbc5ba516a66f83b.e3iSbxaKaheRe38Ma3iTb3aRc41ynknvrkLOlQzNp65In0 HTTP/1.1" 200 662
190.157.106.118 - - [14/Feb/2015:07:21:50 -0500] "POST /forms/lservlet;jsessionid=ac16012b30d5ddc2480d5fcc4936bbc5ba516a66f83b.e3iSbxaKaheRe38Ma3iTb3aRc41ynknvrkLOlQzNp65In0 HTTP/1.1" 200 10
190.157.106.118 - - [14/Feb/2015:07:21:55 -0500] "POST /forms/lservlet;jsessionid=ac16012b30d5ddc2480d5fcc4936bbc5ba516a66f83b.e3iSbxaKaheRe38Ma3iTb3aRc41ynknvrkLOlQzNp65In0 HTTP/1.1" 200 26
190.157.106.118 - - [14/Feb/2015:07:21:55 -0500] "POST /forms/lservlet;jsessionid=ac16012b30d5ddc2480d5fcc4936bbc5ba516a66f83b.e3iSbxaKaheRe38Ma3iTb3aRc41ynknvrkLOlQzNp65In0 HTTP/1.1" 200 4194
190.157.106.118 - - [14/Feb/2015:07:21:56 -0500] "POST /forms/lservlet;jsessionid=ac16012b30d5ddc2480d5fcc4936bbc5ba516a66f83b.e3iSbxaKaheRe38Ma3iTb3aRc41ynknvrkLOlQzNp65In0 HTTP/1.1" 200 2
188.165.15.41 - - [14/Feb/2015:07:21:57 -0500] "GET /BLA/resoluciones/RESOLUCIONES%202004/RES%202004%20851-900/00000860.tif HTTP/1.1" 200 90312
190.157.106.118 - - [14/Feb/2015:07:22:00 -0500] "POST /forms/lservlet;jsessionid=ac16012b30d5ddc2480d5fcc4936bbc5ba516a66f83b.e3iSbxaKaheRe38Ma3iTb3aRc41ynknvrkLOlQzNp65In0 HTTP/1.1" 200 136
190.157.106.118 - - [14/Feb/2015:07:22:00 -0500] "POST /forms/lservlet;jsessionid=ac16012b30d5ddc2480d5fcc4936bbc5ba516a66f83b.e3iSbxaKaheRe38Ma3iTb3aRc41ynknvrkLOlQzNp65In0 HTTP/1.1" 200 7
190.157.106.118 - - [14/Feb/2015:07:22:02 -0500] "POST /forms/lservlet;jsessionid=ac16012b30d5ddc2480d5fcc4936bbc5ba516a66f83b.e3iSbxaKaheRe38Ma3iTb3aRc41ynknvrkLOlQzNp65In0 HTTP/1.1" 200 2
190.157.106.118 - - [14/Feb/2015:07:22:03 -0500] "POST /forms/lservlet;jsessionid=ac16012b30d5ddc2480d5fcc4936bbc5ba516a66f83b.e3iSbxaKaheRe38Ma3iTb3aRc41ynknvrkLOlQzNp65In0 HTTP/1.1" 200 8
190.157.106.118 - - [14/Feb/2015:07:22:03 -0500] "POST /forms/lservlet;jsessionid=ac16012b30d5ddc2480d5fcc4936bbc5ba516a66f83b.e3iSbxaKaheRe38Ma3iTb3aRc41ynknvrkLOlQzNp65In0 HTTP/1.1" 200 2
190.157.106.118 - - [14/Feb/2015:07:22:04 -0500] "POST /forms/lservlet;jsessionid=ac16012b30d5ddc2480d5fcc4936bbc5ba516a66f83b.e3iSbxaKaheRe38Ma3iTb3aRc41ynknvrkLOlQzNp65In0 HTTP/1.1" 200 152
190.157.106.118 - - [14/Feb/2015:07:22:05 -0500] "POST /forms/lservlet;jsessionid=ac16012b30d5ddc2480d5fcc4936bbc5ba516a66f83b.e3iSbxaKaheRe38Ma3iTb3aRc41ynknvrkLOlQzNp65In0 HTTP/1.1" 200 8
190.157.106.118 - - [14/Feb/2015:07:22:05 -0500] "POST /forms/lservlet;jsessionid=ac16012b30d5ddc2480d5fcc4936bbc5ba516a66f83b.e3iSbxaKaheRe38Ma3iTb3aRc41ynknvrkLOlQzNp65In0 HTTP/1.1" 200 2
188.165.15.78 - - [14/Feb/2015:07:22:36 -0500] "GET /BLA/resoluciones/RESOLUCIONES%202003/RES%202003%201051-1100/1085.tif HTTP/1.1" 200 140412
123.125.71.53 - - [14/Feb/2015:07:22:44 -0500] "GET / HTTP/1.1" 302 -
152.61.193.99 - - [14/Feb/2015:07:23:20 -0500] "HEAD / HTTP/1.1" 302 -
152.61.193.99 - - [14/Feb/2015:07:23:20 -0500] "GET /arcgis/services/Calidad_del_Agua_WQI/MapServer/WMSServer?SERVICE=WMS&REQUEST=GetCapabilities HTTP/1.1" 200 32135
152.61.193.99 - - [14/Feb/2015:07:23:21 -0500] "GET /arcgis/services/Calidad_del_Agua_WQI/MapServer/WMSServer?SERVICE=WMS&REQUEST=GetCapabilities HTTP/1.1" 200 32135
