186.28.186.199 - - [04/Mar/2015:08:17:38 -0500] "POST /forest/usutareas.do? HTTP/1.1" 200 76
181.143.145.214 - - [04/Mar/2015:08:17:39 -0500] "GET /galeria/nivo-slider/demo/images/Conoce-los-humedales.jpg HTTP/1.1" 200 294036
181.143.145.214 - - [04/Mar/2015:08:17:39 -0500] "GET /galeria/nivo-slider/demo/images/9Signos.jpg HTTP/1.1" 200 93040
201.245.192.253 - - [04/Mar/2015:08:17:39 -0500] "GET /isolucionsda/FrameSetGeneral.asp?Pagina=ListadoMaestroDocumentos3.asp HTTP/1.1" 200 6634
201.245.192.253 - - [04/Mar/2015:08:17:39 -0500] "GET /isolucionsda/Encabezado.asp?Pagina=ListadoMaestroDocumentos3.asp HTTP/1.1" 200 15364
201.245.192.253 - - [04/Mar/2015:08:17:39 -0500] "GET /isolucionsda/BarraTitulos.asp?Pagina=ListadoMaestroDocumentos3.asp HTTP/1.1" 200 6985
201.245.192.253 - - [04/Mar/2015:08:17:39 -0500] "GET /isolucionsda/BarraFavoritos.asp HTTP/1.1" 200 911
201.245.192.253 - - [04/Mar/2015:08:17:39 -0500] "GET /isolucionsda/Session.asp?Continue=1 HTTP/1.1" 200 6324
201.245.192.253 - - [04/Mar/2015:08:17:39 -0500] "GET /isolucionsda/ListadoMaestroDocumentos3.asp?Pagina=ListadoMaestroDocumentos3.asp HTTP/1.1" 200 11467
181.143.145.214 - - [04/Mar/2015:08:17:39 -0500] "GET /galeria/nivo-slider/demo/images/bolsas-06.jpg HTTP/1.1" 200 90982
181.143.145.214 - - [04/Mar/2015:08:17:39 -0500] "GET /galeria/nivo-slider/demo/images/ecolecta-Dic2014.png HTTP/1.1" 200 288593
181.143.145.214 - - [04/Mar/2015:08:17:39 -0500] "GET /galeria/nivo-slider/demo/images/redes_sociales.jpg HTTP/1.1" 200 415652
181.143.145.214 - - [04/Mar/2015:08:17:40 -0500] "GET /galeria/nivo-slider/demo/images/Banner-Caracol-Africano.jpg HTTP/1.1" 200 331986
186.28.186.199 - - [04/Mar/2015:08:17:40 -0500] "GET /forest/usutareas.do?group_system_actual=3&a=0.9316841880790889 HTTP/1.1" 200 19549
186.28.186.199 - - [04/Mar/2015:08:17:40 -0500] "GET /forest/session.jsp?a=0.1377483441028744 HTTP/1.1" 200 4
181.143.145.214 - - [04/Mar/2015:08:17:40 -0500] "GET /videos/Humedal_Comunidad.flv HTTP/1.1" 200 81021584
186.145.58.53 - - [04/Mar/2015:08:17:41 -0500] "GET /forms/frmservlet?config=sia HTTP/1.1" 200 4028
181.143.145.214 - - [04/Mar/2015:08:17:41 -0500] "GET /galeria/nivo-slider/demo/images/banner-llantas2.jpg HTTP/1.1" 200 73153
181.143.145.214 - - [04/Mar/2015:08:17:42 -0500] "GET /galeria/nivo-slider/demo/images/Ruta-vertimientos-01.jpg HTTP/1.1" 200 130151
186.28.186.199 - - [04/Mar/2015:08:17:42 -0500] "GET /forest/img/panel/view_icon.gif HTTP/1.1" 304 -
190.84.181.151 - - [04/Mar/2015:08:17:42 -0500] "GET /galeria/nivo-slider/demo/images/Banner-Caracol-Africano.jpg HTTP/1.1" 200 331986
186.28.186.199 - - [04/Mar/2015:08:17:42 -0500] "GET /forest/img/panel/menu/folder.png HTTP/1.1" 304 -
186.28.186.199 - - [04/Mar/2015:08:17:42 -0500] "GET /forest/img/panel/menu/hoy.png HTTP/1.1" 304 -
186.28.186.199 - - [04/Mar/2015:08:17:42 -0500] "GET /forest/img/panel/menu/add.png HTTP/1.1" 304 -
186.28.186.199 - - [04/Mar/2015:08:17:42 -0500] "GET /forest/img/panel/menu/danger2.png HTTP/1.1" 304 -
186.28.186.199 - - [04/Mar/2015:08:17:42 -0500] "GET /forest/js/inicio.js?version=1412.231748 HTTP/1.1" 304 -
186.28.186.199 - - [04/Mar/2015:08:17:42 -0500] "GET /forest/skins/gdocs-jar/js/misprocesos.js?version=1412.231748 HTTP/1.1" 304 -
186.28.186.199 - - [04/Mar/2015:08:17:42 -0500] "GET /forest/img/instanciar.gif HTTP/1.1" 304 -
186.28.186.199 - - [04/Mar/2015:08:17:42 -0500] "GET /forest/img/misdocumentos.gif HTTP/1.1" 304 -
181.143.145.214 - - [04/Mar/2015:08:17:43 -0500] "GET /galeria/nivo-slider/demo/images/Banner-Directorio.jpg HTTP/1.1" 200 182068
181.143.145.214 - - [04/Mar/2015:08:17:43 -0500] "GET /galeria/nivo-slider/demo/images/porloshumedales.jpg HTTP/1.1" 200 351238
186.145.58.53 - - [04/Mar/2015:08:17:43 -0500] "GET /forms/java/frmall_jinit.jar HTTP/1.1" 304 -
190.84.181.151 - - [04/Mar/2015:08:17:43 -0500] "GET /galeria/nivo-slider/demo/images/redes_sociales.jpg HTTP/1.1" 200 415652
186.145.58.53 - - [04/Mar/2015:08:17:43 -0500] "GET /forms/java/icons.jar HTTP/1.1" 304 -
186.28.186.199 - - [04/Mar/2015:08:17:42 -0500] "GET /forest/index2.jsp?_a=0.6236189501360059 HTTP/1.1" 200 53696
181.143.145.214 - - [04/Mar/2015:08:17:43 -0500] "GET /galeria/nivo-slider/demo/images/Banner_SEGAE.jpg HTTP/1.1" 200 169523
186.28.186.199 - - [04/Mar/2015:08:17:43 -0500] "GET /forest/session.jsp?a=0.29489018907770514 HTTP/1.1" 200 4
186.145.58.53 - - [04/Mar/2015:08:17:43 -0500] "GET /forms/java/java/awt/KeyboardFocusManager.class HTTP/1.1" 404 352
186.145.58.53 - - [04/Mar/2015:08:17:43 -0500] "GET /forms/java/java/awt/KeyboardFocusManager.class HTTP/1.1" 404 352
186.145.58.53 - - [04/Mar/2015:08:17:43 -0500] "GET /favicon.ico HTTP/1.1" 200 7782
186.145.58.53 - - [04/Mar/2015:08:17:43 -0500] "GET /forms/java/java/awt/event/MouseWheelListener.class HTTP/1.1" 404 356
186.145.58.53 - - [04/Mar/2015:08:17:43 -0500] "GET /forms/java/java/awt/event/MouseWheelListener.class HTTP/1.1" 404 356
186.145.58.53 - - [04/Mar/2015:08:17:44 -0500] "GET /forms/java/oracle/forms/registry/Registry.dat HTTP/1.1" 200 4213
190.9.203.118 - - [04/Mar/2015:08:17:44 -0500] "GET /galeria/carrusel/Carrusel/jquery.thumbnailScroller.css HTTP/1.1" 200 2066
190.9.203.118 - - [04/Mar/2015:08:17:44 -0500] "GET /galeria/carrusel/Carrusel/jquery-ui-1.8.13.custom.min.js HTTP/1.1" 200 10800
190.9.203.118 - - [04/Mar/2015:08:17:44 -0500] "GET /galeria/carrusel/Carrusel/jquery.thumbnailScroller.js HTTP/1.1" 200 8157
186.154.16.118 - - [04/Mar/2015:08:17:44 -0500] "GET /videos/galeria-fotografica/index19.html? HTTP/1.1" 304 -
201.245.192.253 - - [04/Mar/2015:08:17:44 -0500] "POST /isolucionsda/ListadoMaestroDocumentos3.asp HTTP/1.1" 200 12737
190.9.203.118 - - [04/Mar/2015:08:17:45 -0500] "GET /galeria/nivo-slider/demo/demo.html HTTP/1.1" 200 4182
186.145.58.53 - - [04/Mar/2015:08:17:45 -0500] "GET /forms/java/oracle/forms/registry/default.dat HTTP/1.1" 404 350
186.145.58.53 - - [04/Mar/2015:08:17:45 -0500] "GET /forms/frmservlet?config=sia&acceptLanguage=es-co&ifcmd=startsession HTTP/1.1" 200 118
186.145.58.53 - - [04/Mar/2015:08:17:45 -0500] "GET /forms/lservlet;jsessionid=ac16012b30d62e39ac9c910f4f59a238bef0617bd3a7.e3iSbxaKaheRe3eNbhaPbhuQa41ynknvrkLOlQzNp65In0?ifcmd=getinfo&ifhost=Edgar-PC&ifip=192.168.0.11 HTTP/1.1" 200 8
190.84.181.151 - - [04/Mar/2015:08:17:46 -0500] "GET /galeria/nivo-slider/demo/images/9Signos.jpg HTTP/1.1" 200 93040
186.145.58.53 - - [04/Mar/2015:08:17:45 -0500] "POST /forms/lservlet;jsessionid=ac16012b30d62e39ac9c910f4f59a238bef0617bd3a7.e3iSbxaKaheRe3eNbhaPbhuQa41ynknvrkLOlQzNp65In0 HTTP/1.1" 200 8
186.145.58.53 - - [04/Mar/2015:08:17:46 -0500] "GET /forms/java/oracle/forms/engine/RunformBundle_es_CO.class HTTP/1.1" 404 362
201.245.130.206 - - [04/Mar/2015:08:17:46 -0500] "GET /dama/libreria/jpg/sec_amb.jpg HTTP/1.1" 404 1019
186.145.58.53 - - [04/Mar/2015:08:17:46 -0500] "GET /forms/java/oracle/forms/engine/RunformBundle_es_CO.class HTTP/1.1" 404 362
186.145.58.53 - - [04/Mar/2015:08:17:46 -0500] "GET /forms/java/oracle/forms/engine/RunformBundle_es_CO.properties HTTP/1.1" 404 367
190.9.203.118 - - [04/Mar/2015:08:17:46 -0500] "GET /galeria/nivo-slider/themes/default/default.css HTTP/1.1" 200 1569
190.9.203.118 - - [04/Mar/2015:08:17:46 -0500] "GET /galeria/nivo-slider/themes/pascal/pascal.css HTTP/1.1" 200 2258
190.9.203.118 - - [04/Mar/2015:08:17:46 -0500] "GET /galeria/nivo-slider/themes/orman/orman.css HTTP/1.1" 200 2152
190.9.203.118 - - [04/Mar/2015:08:17:46 -0500] "GET /galeria/nivo-slider/nivo-slider.css HTTP/1.1" 200 1507
190.9.203.118 - - [04/Mar/2015:08:17:46 -0500] "GET /galeria/nivo-slider/demo/style.css HTTP/1.1" 200 2222
201.245.130.206 - - [04/Mar/2015:08:17:46 -0500] "GET /dama/libreria/jpg/sec_amb.jpg HTTP/1.1" 404 1019
181.143.145.214 - - [04/Mar/2015:08:17:46 -0500] "GET /galeria/nivo-slider/themes/default/bullets.png HTTP/1.1" 200 1281
190.9.203.118 - - [04/Mar/2015:08:17:47 -0500] "GET /galeria/nivo-slider/demo/images/Banner-decreto1299.jpg HTTP/1.1" 200 182613
190.9.203.118 - - [04/Mar/2015:08:17:47 -0500] "GET /galeria/nivo-slider/demo/scripts/jquery-1.7.1.min.js HTTP/1.1" 200 93868
190.9.203.118 - - [04/Mar/2015:08:17:47 -0500] "GET /galeria/nivo-slider/demo/images/Conoce-los-humedales.jpg HTTP/1.1" 200 294036
190.9.203.118 - - [04/Mar/2015:08:17:47 -0500] "GET /galeria/nivo-slider/demo/images/Banner-Directorio.jpg HTTP/1.1" 200 182068
190.9.203.118 - - [04/Mar/2015:08:17:47 -0500] "GET /galeria/nivo-slider/jquery.nivo.slider.pack.js HTTP/1.1" 200 11561
201.245.130.206 - - [04/Mar/2015:08:17:47 -0500] "GET /dama/libreria/jpg/sec_amb.jpg HTTP/1.1" 404 1019
201.245.192.253 - - [04/Mar/2015:08:17:47 -0500] "GET /forest/preview?__sessionId=20150304_082330_916&__imageid=filea52c93d14be19f21e5412.gif HTTP/1.1" 200 -
201.245.192.253 - - [04/Mar/2015:08:17:47 -0500] "GET /forest/preview?__sessionId=20150304_082330_916&__imageid=filea52c93d14be19f21e5413.gif HTTP/1.1" 200 -
201.245.130.206 - - [04/Mar/2015:08:17:47 -0500] "GET /dama/libreria/jpg/sec_amb.jpg HTTP/1.1" 404 1019
190.84.181.151 - - [04/Mar/2015:08:17:47 -0500] "GET /galeria/nivo-slider/demo/images/banner-llantas2.jpg HTTP/1.1" 200 73153
186.145.58.53 - - [04/Mar/2015:08:17:46 -0500] "POST /forms/lservlet;jsessionid=ac16012b30d62e39ac9c910f4f59a238bef0617bd3a7.e3iSbxaKaheRe3eNbhaPbhuQa41ynknvrkLOlQzNp65In0 HTTP/1.1" 200 64000
201.245.192.253 - - [04/Mar/2015:08:17:47 -0500] "GET /isolucionsda/FramesetArticulo.asp?Pagina=BancoConocimiento%2FA%2FActadevisitaevaluaciondeimpactosambientales%5Fv5%2FActadevisitaevaluaciondeimpactosambientales%5Fv5%2Easp&IdArticulo=4423 HTTP/1.1" 200 7453
190.9.203.118 - - [04/Mar/2015:08:17:47 -0500] "GET /galeria/nivo-slider/demo/images/4Simple_Slider.png HTTP/1.1" 200 11722
201.245.192.253 - - [04/Mar/2015:08:17:47 -0500] "GET /isolucionsda/Arriba.asp?Pagina=BancoConocimiento%2FA%2FActadevisitaevaluaciondeimpactosambientales%5Fv5%2FActadevisitaevaluaciondeimpactosambientales%5Fv5%2Easp&IdArticulo=4423 HTTP/1.1" 200 10674
201.245.130.206 - - [04/Mar/2015:08:17:48 -0500] "GET /dama/libreria/jpg/sec_amb.jpg HTTP/1.1" 404 1019
190.84.181.151 - - [04/Mar/2015:08:17:48 -0500] "GET /galeria/nivo-slider/demo/images/banner-caballos.png HTTP/1.1" 200 389106
181.143.145.214 - - [04/Mar/2015:08:17:48 -0500] "GET /galeria/nivo-slider/themes/default/arrows.png HTTP/1.1" 200 824
201.245.130.206 - - [04/Mar/2015:08:17:48 -0500] "GET /dama/libreria/jpg/sec_amb.jpg HTTP/1.1" 404 1019
190.9.203.118 - - [04/Mar/2015:08:17:48 -0500] "GET /galeria/nivo-slider/themes/default/loading.gif HTTP/1.1" 200 1737
190.9.203.118 - - [04/Mar/2015:08:17:48 -0500] "GET /galeria/nivo-slider/demo/images/Banner_SEGAE.jpg HTTP/1.1" 200 169523
190.84.181.151 - - [04/Mar/2015:08:17:48 -0500] "GET /galeria/nivo-slider/demo/images/4Simple_Slider.png HTTP/1.1" 200 11722
201.245.130.206 - - [04/Mar/2015:08:17:48 -0500] "GET /dama/libreria/jpg/sec_amb.jpg HTTP/1.1" 404 1019
190.84.181.151 - - [04/Mar/2015:08:17:48 -0500] "GET /galeria/nivo-slider/themes/default/loading.gif HTTP/1.1" 200 1737
201.245.192.253 - - [04/Mar/2015:08:17:48 -0500] "GET /forest/session.jsp?a=0.9555857628326448 HTTP/1.1" 200 4
201.245.130.206 - - [04/Mar/2015:08:17:49 -0500] "GET /dama/libreria/jpg/sec_amb.jpg HTTP/1.1" 404 1019
190.9.203.118 - - [04/Mar/2015:08:17:49 -0500] "GET /videos/Humedal_Comunidad.flv HTTP/1.1" 200 81021584
190.9.203.118 - - [04/Mar/2015:08:17:50 -0500] "GET /galeria/nivo-slider/demo/images/banner-V2.jpg HTTP/1.1" 200 167020
186.145.58.53 - - [04/Mar/2015:08:17:50 -0500] "POST /forms/lservlet;jsessionid=ac16012b30d62e39ac9c910f4f59a238bef0617bd3a7.e3iSbxaKaheRe3eNbhaPbhuQa41ynknvrkLOlQzNp65In0 HTTP/1.1" 200 64000
201.245.192.253 - - [04/Mar/2015:08:17:50 -0500] "GET /isolucionsda/BancoConocimiento/A/Actadevisitaevaluaciondeimpactosambientales_v5/Actadevisitaevaluaciondeimpactosambientales_v5.asp?IdArticulo=4423 HTTP/1.1" 302 144
186.145.58.53 - - [04/Mar/2015:08:17:51 -0500] "HEAD /imagenes/dama_logo.gif HTTP/1.1" 200 -
186.145.58.53 - - [04/Mar/2015:08:17:51 -0500] "GET /imagenes/dama_logo.gif HTTP/1.1" 200 21482
190.84.181.151 - - [04/Mar/2015:08:17:52 -0500] "GET /galeria/nivo-slider/themes/default/arrows.png HTTP/1.1" 200 824
190.84.181.151 - - [04/Mar/2015:08:17:52 -0500] "GET /galeria/nivo-slider/themes/default/bullets.png HTTP/1.1" 200 1281
186.145.58.53 - - [04/Mar/2015:08:17:52 -0500] "POST /forms/lservlet;jsessionid=ac16012b30d62e39ac9c910f4f59a238bef0617bd3a7.e3iSbxaKaheRe3eNbhaPbhuQa41ynknvrkLOlQzNp65In0 HTTP/1.1" 200 63623
186.145.58.53 - - [04/Mar/2015:08:17:53 -0500] "POST /forms/lservlet;jsessionid=ac16012b30d62e39ac9c910f4f59a238bef0617bd3a7.e3iSbxaKaheRe3eNbhaPbhuQa41ynknvrkLOlQzNp65In0 HTTP/1.1" 200 2
186.145.58.53 - - [04/Mar/2015:08:17:53 -0500] "POST /forms/lservlet;jsessionid=ac16012b30d62e39ac9c910f4f59a238bef0617bd3a7.e3iSbxaKaheRe3eNbhaPbhuQa41ynknvrkLOlQzNp65In0 HTTP/1.1" 200 2
201.244.55.205 - - [04/Mar/2015:08:17:55 -0500] "GET /isolucionsda/FrameSetGeneral.asp?Pagina1=FrameSetGeneral.asp& HTTP/1.1" 200 205
201.244.55.205 - - [04/Mar/2015:08:17:57 -0500] "GET /isolucionsda/ControlDeInicio.asp HTTP/1.1" 200 739
201.244.55.205 - - [04/Mar/2015:08:17:58 -0500] "GET /isolucionsda/IdentificaUsuario.asp?Pagina1=FrameSetGeneral.asp& HTTP/1.1" 200 4997
201.244.55.205 - - [04/Mar/2015:08:17:59 -0500] "POST /isolucionsda/IdentificaUsuario.asp?Pagina1=FrameSetGeneral.asp& HTTP/1.1" 302 173
201.244.55.205 - - [04/Mar/2015:08:18:00 -0500] "GET /isolucionsda/FrameSetGeneral.asp?Pagina1=FrameSetGeneral.asp& HTTP/1.1" 200 6613
186.145.58.53 - - [04/Mar/2015:08:18:00 -0500] "POST /forms/lservlet;jsessionid=ac16012b30d62e39ac9c910f4f59a238bef0617bd3a7.e3iSbxaKaheRe3eNbhaPbhuQa41ynknvrkLOlQzNp65In0 HTTP/1.1" 200 7999
201.244.55.205 - - [04/Mar/2015:08:18:00 -0500] "GET /isolucionsda/Encabezado.asp?Pagina1=FrameSetGeneral.asp&&Pagina=MagazinHome.asp HTTP/1.1" 200 15388
201.244.55.205 - - [04/Mar/2015:08:18:00 -0500] "GET /isolucionsda/BarraTitulos.asp?Pagina1=FrameSetGeneral.asp&&Pagina=MagazinHome.asp HTTP/1.1" 200 6972
201.244.55.205 - - [04/Mar/2015:08:18:00 -0500] "GET /isolucionsda/BarraFavoritos.asp HTTP/1.1" 200 911
201.244.55.205 - - [04/Mar/2015:08:18:00 -0500] "GET /isolucionsda/MagazinHome.asp HTTP/1.1" 200 27178
201.244.55.205 - - [04/Mar/2015:08:18:01 -0500] "GET /isolucionsda/Session.asp?Continue=1 HTTP/1.1" 200 6324
201.244.55.205 - - [04/Mar/2015:08:18:01 -0500] "GET /isolucionsda/g/Bullet_FlechaAzul.gif HTTP/1.1" 200 72
201.244.55.205 - - [04/Mar/2015:08:18:01 -0500] "GET /isolucionsda/g/Img_LineaPunteada.gif HTTP/1.1" 200 123
201.244.55.205 - - [04/Mar/2015:08:18:01 -0500] "GET /isolucionsda/g/Bgr_BarraMediaHome.jpg HTTP/1.1" 200 446
201.244.55.205 - - [04/Mar/2015:08:18:01 -0500] "GET /isolucionsda/g/Bgr_Destacado3399CC.jpg HTTP/1.1" 404 5217
201.244.55.205 - - [04/Mar/2015:08:18:01 -0500] "GET /isolucionsda/grafvinetas/logo%2030.jpg HTTP/1.1" 200 36055
201.244.55.205 - - [04/Mar/2015:08:18:01 -0500] "GET /isolucionsda/TareasSFRedirect.asp HTTP/1.1" 302 195
201.244.55.205 - - [04/Mar/2015:08:18:01 -0500] "GET /isolucionsda/g/Bgr_TituloCabezote3.jpg HTTP/1.1" 200 841
186.145.58.53 - - [04/Mar/2015:08:18:01 -0500] "POST /forms/lservlet;jsessionid=ac16012b30d62e39ac9c910f4f59a238bef0617bd3a7.e3iSbxaKaheRe3eNbhaPbhuQa41ynknvrkLOlQzNp65In0 HTTP/1.1" 200 64
186.145.58.53 - - [04/Mar/2015:08:18:01 -0500] "POST /forms/lservlet;jsessionid=ac16012b30d62e39ac9c910f4f59a238bef0617bd3a7.e3iSbxaKaheRe3eNbhaPbhuQa41ynknvrkLOlQzNp65In0 HTTP/1.1" 200 2
186.145.58.53 - - [04/Mar/2015:08:18:01 -0500] "POST /forms/lservlet;jsessionid=ac16012b30d62e39ac9c910f4f59a238bef0617bd3a7.e3iSbxaKaheRe3eNbhaPbhuQa41ynknvrkLOlQzNp65In0 HTTP/1.1" 200 2
186.145.58.53 - - [04/Mar/2015:08:18:01 -0500] "POST /forms/lservlet;jsessionid=ac16012b30d62e39ac9c910f4f59a238bef0617bd3a7.e3iSbxaKaheRe3eNbhaPbhuQa41ynknvrkLOlQzNp65In0 HTTP/1.1" 200 2
201.244.55.205 - - [04/Mar/2015:08:18:02 -0500] "GET /isolucionsda/g/Bot_DocumentosOver_ESP.jpg HTTP/1.1" 200 5899
201.244.55.205 - - [04/Mar/2015:08:18:02 -0500] "GET /isolucionsda/FrameSetGeneral.asp?Pagina=Menu.asp&IdModulo=4 HTTP/1.1" 200 6583
201.244.55.205 - - [04/Mar/2015:08:18:02 -0500] "GET /isolucionsda/Encabezado.asp?Pagina=Menu.asp&IdModulo=4 HTTP/1.1" 200 15389
201.244.55.205 - - [04/Mar/2015:08:18:02 -0500] "GET /isolucionsda/BarraTitulos.asp?Pagina=Menu.asp&IdModulo=4 HTTP/1.1" 200 6985
201.244.55.205 - - [04/Mar/2015:08:18:02 -0500] "GET /isolucionsda/BarraFavoritos.asp HTTP/1.1" 200 911
201.244.55.205 - - [04/Mar/2015:08:18:02 -0500] "GET /isolucionsda/Menu.asp?Pagina=Menu.asp&IdModulo=4 HTTP/1.1" 200 9695
201.244.55.205 - - [04/Mar/2015:08:18:01 -0500] "GET /isolucionsda/Login.aspx?TARGET=SFContainerFiltrado.aspx&number=54696553675168544548 HTTP/1.1" 302 886
201.244.55.205 - - [04/Mar/2015:08:18:02 -0500] "GET /isolucionsda/Session.asp?Continue=1 HTTP/1.1" 200 6324
201.244.55.205 - - [04/Mar/2015:08:18:04 -0500] "GET /isolucionsda/FrameSetGeneral.asp?Pagina=ListadoMaestroDocumentos3.asp HTTP/1.1" 200 6634
201.244.55.205 - - [04/Mar/2015:08:18:05 -0500] "GET /isolucionsda/Encabezado.asp?Pagina=ListadoMaestroDocumentos3.asp HTTP/1.1" 200 15364
201.244.55.205 - - [04/Mar/2015:08:18:05 -0500] "GET /isolucionsda/BarraTitulos.asp?Pagina=ListadoMaestroDocumentos3.asp HTTP/1.1" 200 6985
201.244.55.205 - - [04/Mar/2015:08:18:05 -0500] "GET /isolucionsda/BarraFavoritos.asp HTTP/1.1" 200 911
201.244.55.205 - - [04/Mar/2015:08:18:05 -0500] "GET /isolucionsda/ListadoMaestroDocumentos3.asp?Pagina=ListadoMaestroDocumentos3.asp HTTP/1.1" 200 11467
201.244.55.205 - - [04/Mar/2015:08:18:05 -0500] "GET /isolucionsda/Session.asp?Continue=1 HTTP/1.1" 200 6324
186.145.58.53 - - [04/Mar/2015:08:18:05 -0500] "POST /forms/lservlet;jsessionid=ac16012b30d62e39ac9c910f4f59a238bef0617bd3a7.e3iSbxaKaheRe3eNbhaPbhuQa41ynknvrkLOlQzNp65In0 HTTP/1.1" 200 34711
186.145.58.53 - - [04/Mar/2015:08:18:06 -0500] "GET /imagenes/listval.gif HTTP/1.1" 200 905
186.145.58.53 - - [04/Mar/2015:08:18:06 -0500] "GET /imagenes/tree1.gif HTTP/1.1" 200 1161
186.145.58.53 - - [04/Mar/2015:08:18:06 -0500] "GET /imagenes/listval.gif HTTP/1.1" 200 905
186.145.58.53 - - [04/Mar/2015:08:18:06 -0500] "GET /imagenes/CAMERA3.gif HTTP/1.1" 200 4150
186.145.58.53 - - [04/Mar/2015:08:18:06 -0500] "GET /imagenes/SLIDE1.gif HTTP/1.1" 200 1111
186.145.58.53 - - [04/Mar/2015:08:18:06 -0500] "GET /imagenes/flexcomb.gif HTTP/1.1" 200 1169
186.145.58.53 - - [04/Mar/2015:08:18:06 -0500] "GET /imagenes/GO.gif HTTP/1.1" 200 904
186.145.58.53 - - [04/Mar/2015:08:18:06 -0500] "GET /imagenes/HRTOOLS.gif HTTP/1.1" 200 2238
186.145.58.53 - - [04/Mar/2015:08:18:06 -0500] "GET /imagenes/rt_rec1.gif HTTP/1.1" 200 867
186.145.58.53 - - [04/Mar/2015:08:18:06 -0500] "GET /imagenes/apply.gif HTTP/1.1" 200 903
186.145.58.53 - - [04/Mar/2015:08:18:06 -0500] "GET /imagenes/exit.gif HTTP/1.1" 200 916
186.145.58.53 - - [04/Mar/2015:08:18:06 -0500] "GET /imagenes/LISTVAL.gif HTTP/1.1" 200 905
186.145.58.53 - - [04/Mar/2015:08:18:06 -0500] "GET /imagenes/edit.gif HTTP/1.1" 200 919
186.145.58.53 - - [04/Mar/2015:08:18:06 -0500] "GET /imagenes/rt_rec4.gif HTTP/1.1" 200 865
186.145.58.53 - - [04/Mar/2015:08:18:06 -0500] "GET /imagenes/rt_rec3.gif HTTP/1.1" 200 844
186.145.58.53 - - [04/Mar/2015:08:18:06 -0500] "GET /imagenes/rt_rec2.gif HTTP/1.1" 200 847
186.145.58.53 - - [04/Mar/2015:08:18:06 -0500] "GET /imagenes/rt_rdel.gif HTTP/1.1" 200 899
186.145.58.53 - - [04/Mar/2015:08:18:06 -0500] "GET /imagenes/rt_radd.gif HTTP/1.1" 200 907
186.145.58.53 - - [04/Mar/2015:08:18:06 -0500] "GET /imagenes/rt_quer3.gif HTTP/1.1" 200 939
186.145.58.53 - - [04/Mar/2015:08:18:06 -0500] "GET /imagenes/rt_quer2.gif HTTP/1.1" 200 936
186.145.58.53 - - [04/Mar/2015:08:18:06 -0500] "GET /imagenes/rt_quer1.gif HTTP/1.1" 200 930
190.9.203.118 - - [04/Mar/2015:08:18:06 -0500] "GET /galeria/nivo-slider/demo/images/bolsas-08.jpg HTTP/1.1" 200 85589
186.145.58.53 - - [04/Mar/2015:08:18:07 -0500] "GET /imagenes/rt_save.gif HTTP/1.1" 200 903
186.145.58.53 - - [04/Mar/2015:08:18:07 -0500] "GET /imagenes/rt_pset.gif HTTP/1.1" 200 914
186.145.58.53 - - [04/Mar/2015:08:18:07 -0500] "GET /imagenes/QUEJA.gif HTTP/1.1" 200 1091
186.145.58.53 - - [04/Mar/2015:08:18:07 -0500] "GET /imagenes/ARBOL.gif HTTP/1.1" 200 1026
186.145.58.53 - - [04/Mar/2015:08:18:07 -0500] "GET /imagenes/Clipboard.gif HTTP/1.1" 200 1466
186.145.58.53 - - [04/Mar/2015:08:18:07 -0500] "GET /imagenes/DINERO.gif HTTP/1.1" 200 1766
186.145.58.53 - - [04/Mar/2015:08:18:07 -0500] "GET /imagenes/URGENTE.gif HTTP/1.1" 200 964
186.145.58.53 - - [04/Mar/2015:08:18:07 -0500] "GET /imagenes/TREE4.gif HTTP/1.1" 200 4150
186.145.58.53 - - [04/Mar/2015:08:18:07 -0500] "POST /forms/lservlet;jsessionid=ac16012b30d62e39ac9c910f4f59a238bef0617bd3a7.e3iSbxaKaheRe3eNbhaPbhuQa41ynknvrkLOlQzNp65In0 HTTP/1.1" 200 7
186.145.58.53 - - [04/Mar/2015:08:18:07 -0500] "POST /forms/lservlet;jsessionid=ac16012b30d62e39ac9c910f4f59a238bef0617bd3a7.e3iSbxaKaheRe3eNbhaPbhuQa41ynknvrkLOlQzNp65In0 HTTP/1.1" 200 34
186.145.58.53 - - [04/Mar/2015:08:18:07 -0500] "POST /forms/lservlet;jsessionid=ac16012b30d62e39ac9c910f4f59a238bef0617bd3a7.e3iSbxaKaheRe3eNbhaPbhuQa41ynknvrkLOlQzNp65In0 HTTP/1.1" 200 2
190.9.203.118 - - [04/Mar/2015:08:18:07 -0500] "GET /galeria/nivo-slider/demo/images/Ruta-vertimientos-01.jpg HTTP/1.1" 200 130151
186.145.58.53 - - [04/Mar/2015:08:18:11 -0500] "POST /forms/lservlet;jsessionid=ac16012b30d62e39ac9c910f4f59a238bef0617bd3a7.e3iSbxaKaheRe3eNbhaPbhuQa41ynknvrkLOlQzNp65In0 HTTP/1.1" 200 29513
190.9.203.118 - - [04/Mar/2015:08:18:11 -0500] "GET /galeria/nivo-slider/demo/images/bolsas-06.jpg HTTP/1.1" 200 90982
186.145.58.53 - - [04/Mar/2015:08:18:12 -0500] "GET /imagenes/rt_print.gif HTTP/1.1" 200 916
186.145.58.53 - - [04/Mar/2015:08:18:12 -0500] "POST /forms/lservlet;jsessionid=ac16012b30d62e39ac9c910f4f59a238bef0617bd3a7.e3iSbxaKaheRe3eNbhaPbhuQa41ynknvrkLOlQzNp65In0 HTTP/1.1" 200 2
186.145.58.53 - - [04/Mar/2015:08:18:12 -0500] "POST /forms/lservlet;jsessionid=ac16012b30d62e39ac9c910f4f59a238bef0617bd3a7.e3iSbxaKaheRe3eNbhaPbhuQa41ynknvrkLOlQzNp65In0 HTTP/1.1" 200 27
186.145.58.53 - - [04/Mar/2015:08:18:13 -0500] "POST /forms/lservlet;jsessionid=ac16012b30d62e39ac9c910f4f59a238bef0617bd3a7.e3iSbxaKaheRe3eNbhaPbhuQa41ynknvrkLOlQzNp65In0 HTTP/1.1" 200 2
186.145.58.53 - - [04/Mar/2015:08:18:13 -0500] "POST /forms/lservlet;jsessionid=ac16012b30d62e39ac9c910f4f59a238bef0617bd3a7.e3iSbxaKaheRe3eNbhaPbhuQa41ynknvrkLOlQzNp65In0 HTTP/1.1" 200 94
186.145.58.53 - - [04/Mar/2015:08:18:15 -0500] "POST /forms/lservlet;jsessionid=ac16012b30d62e39ac9c910f4f59a238bef0617bd3a7.e3iSbxaKaheRe3eNbhaPbhuQa41ynknvrkLOlQzNp65In0 HTTP/1.1" 200 2
190.26.222.57 - - [04/Mar/2015:08:18:16 -0500] "GET /galeria/mapa/3MapaBogot%C3%A1.jpg HTTP/1.1" 200 688183
186.145.58.53 - - [04/Mar/2015:08:18:16 -0500] "POST /forms/lservlet;jsessionid=ac16012b30d62e39ac9c910f4f59a238bef0617bd3a7.e3iSbxaKaheRe3eNbhaPbhuQa41ynknvrkLOlQzNp65In0 HTTP/1.1" 200 655
186.145.58.53 - - [04/Mar/2015:08:18:16 -0500] "GET /imagenes/Srch_frw.gif HTTP/1.1" 200 925
186.145.58.53 - - [04/Mar/2015:08:18:16 -0500] "POST /forms/lservlet;jsessionid=ac16012b30d62e39ac9c910f4f59a238bef0617bd3a7.e3iSbxaKaheRe3eNbhaPbhuQa41ynknvrkLOlQzNp65In0 HTTP/1.1" 200 10
190.26.222.57 - - [04/Mar/2015:08:18:17 -0500] "GET /galeria/mapa/humedal.html? HTTP/1.1" 200 11204
190.26.222.57 - - [04/Mar/2015:08:18:17 -0500] "GET /galeria/mapa/3MapaBogot%C3%A1.jpg HTTP/1.1" 206 1
190.26.222.57 - - [04/Mar/2015:08:18:17 -0500] "GET /galeria/mapa/TORCA12.jpg HTTP/1.1" 200 24337
190.26.222.57 - - [04/Mar/2015:08:18:17 -0500] "GET /galeria/mapa/CONEJERA12.jpg HTTP/1.1" 200 21841
190.26.222.57 - - [04/Mar/2015:08:18:17 -0500] "GET /galeria/mapa/CORDOBA12.jpg HTTP/1.1" 200 23380
190.26.222.57 - - [04/Mar/2015:08:18:17 -0500] "GET /galeria/mapa/JUANAMARILLO12.jpg HTTP/1.1" 200 21131
190.26.222.57 - - [04/Mar/2015:08:18:17 -0500] "GET /galeria/mapa/Guaymaral12.jpg HTTP/1.1" 200 53686
190.26.222.57 - - [04/Mar/2015:08:18:17 -0500] "GET /galeria/mapa/SANTAMARIA22.jpg HTTP/1.1" 200 22321
190.26.222.57 - - [04/Mar/2015:08:18:18 -0500] "GET /galeria/mapa/MEANDRO12.jpg HTTP/1.1" 200 22732
190.26.222.57 - - [04/Mar/2015:08:18:18 -0500] "GET /galeria/mapa/3MapaBogot%C3%A1.jpg HTTP/1.1" 206 151260
190.26.222.57 - - [04/Mar/2015:08:18:18 -0500] "GET /galeria/mapa/TECHO12.jpg HTTP/1.1" 200 27716
190.26.222.57 - - [04/Mar/2015:08:18:18 -0500] "GET /galeria/mapa/BURRO12.jpg HTTP/1.1" 200 24169
190.26.222.57 - - [04/Mar/2015:08:18:18 -0500] "GET /galeria/mapa/VACA12.jpg HTTP/1.1" 200 22491
190.26.222.57 - - [04/Mar/2015:08:18:18 -0500] "GET /galeria/mapa/TIBANICA12.jpg HTTP/1.1" 200 23039
190.26.222.57 - - [04/Mar/2015:08:18:18 -0500] "GET /galeria/mapa/Aula-Soratama.jpg HTTP/1.1" 200 51270
190.26.222.57 - - [04/Mar/2015:08:18:18 -0500] "GET /galeria/mapa/Aula-Nevados.jpg HTTP/1.1" 200 64761
190.26.222.57 - - [04/Mar/2015:08:18:18 -0500] "GET /galeria/mapa/Montana-Entrenubes.jpg HTTP/1.1" 200 42011
190.26.222.57 - - [04/Mar/2015:08:18:18 -0500] "GET /galeria/mapa/aulaSantaM.jpg HTTP/1.1" 200 69216
190.26.222.57 - - [04/Mar/2015:08:18:18 -0500] "GET /galeria/mapa/JABOQUE12.jpg HTTP/1.1" 200 21815
190.26.222.57 - - [04/Mar/2015:08:18:18 -0500] "GET /galeria/mapa/capellania12.jpg HTTP/1.1" 200 22811
186.145.58.53 - - [04/Mar/2015:08:18:19 -0500] "POST /forms/lservlet;jsessionid=ac16012b30d62e39ac9c910f4f59a238bef0617bd3a7.e3iSbxaKaheRe3eNbhaPbhuQa41ynknvrkLOlQzNp65In0 HTTP/1.1" 200 59
186.145.58.53 - - [04/Mar/2015:08:18:22 -0500] "POST /forms/lservlet;jsessionid=ac16012b30d62e39ac9c910f4f59a238bef0617bd3a7.e3iSbxaKaheRe3eNbhaPbhuQa41ynknvrkLOlQzNp65In0 HTTP/1.1" 200 22
201.244.55.205 - - [04/Mar/2015:08:18:22 -0500] "GET /isolucionsda/Jerarquia.asp?Tabla=Proceso&Form=Admon&CampoDisplay=ProcesoDisplayObjetoProceso&CampoHidden=Proceso&bSubmit=True&items= HTTP/1.1" 200 10587
201.244.55.205 - - [04/Mar/2015:08:18:22 -0500] "GET /isolucionsda/StyleSheet/Stylesheet.css HTTP/1.1" 200 22894
186.145.58.53 - - [04/Mar/2015:08:18:22 -0500] "POST /forms/lservlet;jsessionid=ac16012b30d62e39ac9c910f4f59a238bef0617bd3a7.e3iSbxaKaheRe3eNbhaPbhuQa41ynknvrkLOlQzNp65In0 HTTP/1.1" 200 14
186.145.58.53 - - [04/Mar/2015:08:18:23 -0500] "POST /forms/lservlet;jsessionid=ac16012b30d62e39ac9c910f4f59a238bef0617bd3a7.e3iSbxaKaheRe3eNbhaPbhuQa41ynknvrkLOlQzNp65In0 HTTP/1.1" 200 2023
186.145.58.53 - - [04/Mar/2015:08:18:23 -0500] "POST /forms/lservlet;jsessionid=ac16012b30d62e39ac9c910f4f59a238bef0617bd3a7.e3iSbxaKaheRe3eNbhaPbhuQa41ynknvrkLOlQzNp65In0 HTTP/1.1" 200 2
190.26.222.57 - - [04/Mar/2015:08:18:23 -0500] "GET /galeria/mapa/humedal.html? HTTP/1.1" 200 11204
190.26.222.57 - - [04/Mar/2015:08:18:23 -0500] "GET /galeria/mapa/TORCA12.jpg HTTP/1.1" 200 24337
190.26.222.57 - - [04/Mar/2015:08:18:23 -0500] "GET /galeria/mapa/Guaymaral12.jpg HTTP/1.1" 200 53686
190.26.222.57 - - [04/Mar/2015:08:18:23 -0500] "GET /galeria/mapa/CORDOBA12.jpg HTTP/1.1" 200 23380
190.26.222.57 - - [04/Mar/2015:08:18:23 -0500] "GET /galeria/mapa/CONEJERA12.jpg HTTP/1.1" 200 21841
190.26.222.57 - - [04/Mar/2015:08:18:23 -0500] "GET /galeria/mapa/JUANAMARILLO12.jpg HTTP/1.1" 200 21131
190.26.222.57 - - [04/Mar/2015:08:18:23 -0500] "GET /galeria/mapa/SANTAMARIA22.jpg HTTP/1.1" 200 22321
190.26.222.57 - - [04/Mar/2015:08:18:23 -0500] "GET /galeria/mapa/JABOQUE12.jpg HTTP/1.1" 200 21815
190.26.222.57 - - [04/Mar/2015:08:18:24 -0500] "GET /galeria/mapa/capellania12.jpg HTTP/1.1" 200 22811
190.26.222.57 - - [04/Mar/2015:08:18:24 -0500] "GET /galeria/mapa/MEANDRO12.jpg HTTP/1.1" 200 22732
186.145.58.53 - - [04/Mar/2015:08:18:24 -0500] "POST /forms/lservlet;jsessionid=ac16012b30d62e39ac9c910f4f59a238bef0617bd3a7.e3iSbxaKaheRe3eNbhaPbhuQa41ynknvrkLOlQzNp65In0 HTTP/1.1" 200 2
190.26.222.57 - - [04/Mar/2015:08:18:24 -0500] "GET /galeria/mapa/TECHO12.jpg HTTP/1.1" 200 27716
190.26.222.57 - - [04/Mar/2015:08:18:24 -0500] "GET /galeria/mapa/BURRO12.jpg HTTP/1.1" 200 24169
190.26.222.57 - - [04/Mar/2015:08:18:24 -0500] "GET /galeria/mapa/VACA12.jpg HTTP/1.1" 200 22491
66.249.67.120 - - [04/Mar/2015:08:18:23 -0500] "GET /PORTAL_SIAC/swf/Residuos/impresion/files/guia_impresion-lit.pdf HTTP/1.1" 200 12573981
190.26.222.57 - - [04/Mar/2015:08:18:24 -0500] "GET /galeria/mapa/TIBANICA12.jpg HTTP/1.1" 200 23039
190.26.222.57 - - [04/Mar/2015:08:18:24 -0500] "GET /galeria/mapa/Aula-Soratama.jpg HTTP/1.1" 200 51270
190.26.222.57 - - [04/Mar/2015:08:18:24 -0500] "GET /galeria/mapa/Aula-Nevados.jpg HTTP/1.1" 200 64761
190.26.222.57 - - [04/Mar/2015:08:18:24 -0500] "GET /galeria/mapa/aulaSantaM.jpg HTTP/1.1" 200 69216
190.26.222.57 - - [04/Mar/2015:08:18:24 -0500] "GET /galeria/mapa/Montana-Entrenubes.jpg HTTP/1.1" 200 42011
201.244.55.205 - - [04/Mar/2015:08:18:26 -0500] "POST /isolucionsda/Jerarquia.asp HTTP/1.1" 200 8100
201.244.55.205 - - [04/Mar/2015:08:18:26 -0500] "POST /isolucionsda/ListadoMaestroDocumentos3.asp HTTP/1.1" 200 16444
190.26.222.57 - - [04/Mar/2015:08:18:28 -0500] "GET /videos/galeria-fotografica/index11.html? HTTP/1.1" 200 1972
186.145.58.53 - - [04/Mar/2015:08:18:28 -0500] "POST /forms/lservlet;jsessionid=ac16012b30d62e39ac9c910f4f59a238bef0617bd3a7.e3iSbxaKaheRe3eNbhaPbhuQa41ynknvrkLOlQzNp65In0 HTTP/1.1" 200 1054
186.145.58.53 - - [04/Mar/2015:08:18:28 -0500] "POST /forms/lservlet;jsessionid=ac16012b30d62e39ac9c910f4f59a238bef0617bd3a7.e3iSbxaKaheRe3eNbhaPbhuQa41ynknvrkLOlQzNp65In0 HTTP/1.1" 200 7
190.26.222.57 - - [04/Mar/2015:08:18:28 -0500] "GET /videos/galeria-fotografica/js/jquery-flickr-gallery/jquery-flickr.css HTTP/1.1" 200 711
190.26.222.57 - - [04/Mar/2015:08:18:28 -0500] "GET /videos/galeria-fotografica/js/jquery-flickr-gallery/jquery-flickr-gallery.js HTTP/1.1" 200 9050
190.26.222.57 - - [04/Mar/2015:08:18:28 -0500] "GET /videos/galeria-fotografica/js/jquery-flickr-gallery/loader.gif HTTP/1.1" 200 2129
201.244.55.205 - - [04/Mar/2015:08:18:29 -0500] "POST /isolucionsda/ListadoMaestroDocumentos3.asp HTTP/1.1" 200 12219
201.244.55.205 - - [04/Mar/2015:08:18:30 -0500] "GET /isolucionsda/FramesetArticulo.asp?Pagina=bancoconocimiento%2FC%2FCONTROLYMEJORA%5Fv7%2FCONTROLYMEJORA%5Fv7%2Easp&IdArticulo=7837 HTTP/1.1" 200 7221
201.244.55.205 - - [04/Mar/2015:08:18:30 -0500] "GET /isolucionsda/Arriba.asp?Pagina=bancoconocimiento%2FC%2FCONTROLYMEJORA%5Fv7%2FCONTROLYMEJORA%5Fv7%2Easp&IdArticulo=7837 HTTP/1.1" 200 10509
201.244.55.205 - - [04/Mar/2015:08:18:30 -0500] "GET /isolucionsda/StyleSheet.css HTTP/1.1" 200 4664
201.244.55.205 - - [04/Mar/2015:08:18:30 -0500] "GET /isolucionsda/g/icono_noconformidad.jpg HTTP/1.1" 200 1235
201.244.55.205 - - [04/Mar/2015:08:18:30 -0500] "GET /isolucionsda/g/icono_alerta.jpg HTTP/1.1" 200 1448
201.244.55.205 - - [04/Mar/2015:08:18:30 -0500] "GET /isolucionsda/bancoconocimiento/C/CONTROLYMEJORA_v7/CONTROLYMEJORA_v7.asp?IdArticulo=7837 HTTP/1.1" 200 82407
201.244.55.205 - - [04/Mar/2015:08:18:32 -0500] "GET /isolucionsda/g/vacio1x1.gif HTTP/1.1" 404 5195
201.244.55.205 - - [04/Mar/2015:08:18:32 -0500] "GET /isolucionsda/grafvinetas/logo%20documento0.jpg HTTP/1.1" 200 36055
186.145.58.53 - - [04/Mar/2015:08:18:35 -0500] "POST /forms/lservlet;jsessionid=ac16012b30d62e39ac9c910f4f59a238bef0617bd3a7.e3iSbxaKaheRe3eNbhaPbhuQa41ynknvrkLOlQzNp65In0 HTTP/1.1" 200 92
186.145.58.53 - - [04/Mar/2015:08:18:35 -0500] "GET /imagenes/open.gif HTTP/1.1" 200 919
201.244.55.205 - - [04/Mar/2015:08:18:38 -0500] "GET /isolucionsda/bancoconocimiento/S/Seguimiento_v2/Seguimiento_v2.asp?IdArticulo=3686 HTTP/1.1" 302 200
201.244.55.205 - - [04/Mar/2015:08:18:38 -0500] "GET /isolucionsda/bancoconocimiento/S/Seguimiento_v3/Seguimiento_v3.asp?Id_Articulo=7689 HTTP/1.1" 200 38284
201.244.55.205 - - [04/Mar/2015:08:18:39 -0500] "GET /isolucionsda/g/vacio1x1.gif HTTP/1.1" 404 5195
190.184.144.122 - - [04/Mar/2015:08:18:39 -0500] "GET /galeria/galeria/jquery.fancybox.css?v=2.1.5 HTTP/1.1" 200 4895
190.184.144.122 - - [04/Mar/2015:08:18:39 -0500] "GET /BLA/boletinlegal/js/jquery.scrollTo-min.js HTTP/1.1" 200 1150
190.184.144.122 - - [04/Mar/2015:08:18:39 -0500] "GET /BLA/boletinlegal/js/jquery.scrollShow.js HTTP/1.1" 200 4586
190.184.144.122 - - [04/Mar/2015:08:18:39 -0500] "GET /galeria/galeria/jquery.fancybox.js?v=2.1.5 HTTP/1.1" 200 48706
190.9.203.118 - - [04/Mar/2015:08:18:41 -0500] "GET /galeria/nivo-slider/demo/images/ecolecta-Dic2014.png HTTP/1.1" 200 288593
181.50.98.36 - - [04/Mar/2015:08:18:42 -0500] "GET /galeria/nivo-slider/demo/demo.html HTTP/1.1" 200 4182
186.145.58.53 - - [04/Mar/2015:08:18:43 -0500] "POST /forms/lservlet;jsessionid=ac16012b30d62e39ac9c910f4f59a238bef0617bd3a7.e3iSbxaKaheRe3eNbhaPbhuQa41ynknvrkLOlQzNp65In0 HTTP/1.1" 200 2
201.245.192.253 - - [04/Mar/2015:08:18:43 -0500] "GET /forest/parameter?action=parametersReportMDX&id_rpt=121&currentTab=tab_presentacion&a=0.5342624592594802 HTTP/1.1" 200 4845
181.50.98.36 - - [04/Mar/2015:08:18:44 -0500] "GET /galeria/nivo-slider/demo/images/Banner-Directorio.jpg HTTP/1.1" 304 -
181.50.98.36 - - [04/Mar/2015:08:18:44 -0500] "GET /galeria/nivo-slider/demo/images/Banner-decreto1299.jpg HTTP/1.1" 304 -
181.50.98.36 - - [04/Mar/2015:08:18:44 -0500] "GET /galeria/nivo-slider/demo/images/Conoce-los-humedales.jpg HTTP/1.1" 200 294036
181.50.98.36 - - [04/Mar/2015:08:18:44 -0500] "GET /galeria/nivo-slider/demo/images/Banner_SEGAE.jpg HTTP/1.1" 304 -
190.24.144.30 - - [04/Mar/2015:08:18:46 -0500] "GET / HTTP/1.1" 302 -
181.50.98.36 - - [04/Mar/2015:08:18:48 -0500] "GET /videos/Humedal_Comunidad.flv HTTP/1.1" 206 1
181.50.98.36 - - [04/Mar/2015:08:18:48 -0500] "GET /videos/Humedal_Comunidad.flv HTTP/1.1" 206 78115003
190.9.203.118 - - [04/Mar/2015:08:18:51 -0500] "GET /galeria/nivo-slider/demo/images/porloshumedales.jpg HTTP/1.1" 200 351238
190.24.144.30 - - [04/Mar/2015:08:18:51 -0500] "GET /BLA/boletinlegal/js/jquery.scrollShow.js HTTP/1.1" 200 4586
190.24.144.30 - - [04/Mar/2015:08:18:51 -0500] "GET /galeria/galeria/jquery.fancybox.js?v=2.1.5 HTTP/1.1" 200 48706
190.24.144.30 - - [04/Mar/2015:08:18:51 -0500] "GET /galeria/galeria/jquery.fancybox.css?v=2.1.5 HTTP/1.1" 200 4895
190.24.144.30 - - [04/Mar/2015:08:18:51 -0500] "GET /BLA/boletinlegal/js/jquery.scrollTo-min.js HTTP/1.1" 200 1150
190.24.144.30 - - [04/Mar/2015:08:18:51 -0500] "GET /galeria/carrusel/Carrusel/jquery.thumbnailScroller.css HTTP/1.1" 200 2066
190.24.144.30 - - [04/Mar/2015:08:18:53 -0500] "GET /galeria/carrusel/Carrusel/jquery-ui-1.8.13.custom.min.js HTTP/1.1" 200 10800
190.24.144.30 - - [04/Mar/2015:08:18:53 -0500] "GET /galeria/carrusel/Carrusel/jquery.thumbnailScroller.js HTTP/1.1" 200 8157
190.24.144.30 - - [04/Mar/2015:08:18:54 -0500] "GET /galeria/nivo-slider/demo/demo.html HTTP/1.1" 200 4182
190.24.144.30 - - [04/Mar/2015:08:18:55 -0500] "GET /galeria/nivo-slider/themes/default/default.css HTTP/1.1" 200 1569
190.24.144.30 - - [04/Mar/2015:08:18:55 -0500] "GET /galeria/nivo-slider/themes/pascal/pascal.css HTTP/1.1" 200 2258
190.24.144.30 - - [04/Mar/2015:08:18:55 -0500] "GET /galeria/nivo-slider/nivo-slider.css HTTP/1.1" 200 1507
190.24.144.30 - - [04/Mar/2015:08:18:55 -0500] "GET /galeria/nivo-slider/demo/style.css HTTP/1.1" 200 2222
190.24.144.30 - - [04/Mar/2015:08:18:56 -0500] "GET /galeria/nivo-slider/themes/orman/orman.css HTTP/1.1" 200 2152
190.24.144.30 - - [04/Mar/2015:08:18:57 -0500] "GET /galeria/nivo-slider/demo/scripts/jquery-1.7.1.min.js HTTP/1.1" 200 93868
190.24.144.30 - - [04/Mar/2015:08:18:58 -0500] "GET /galeria/nivo-slider/jquery.nivo.slider.pack.js HTTP/1.1" 200 11561
186.145.58.53 - - [04/Mar/2015:08:18:58 -0500] "POST /forms/lservlet;jsessionid=ac16012b30d62e39ac9c910f4f59a238bef0617bd3a7.e3iSbxaKaheRe3eNbhaPbhuQa41ynknvrkLOlQzNp65In0 HTTP/1.1" 200 2
186.145.58.53 - - [04/Mar/2015:08:18:59 -0500] "POST /forms/lservlet;jsessionid=ac16012b30d62e39ac9c910f4f59a238bef0617bd3a7.e3iSbxaKaheRe3eNbhaPbhuQa41ynknvrkLOlQzNp65In0 HTTP/1.1" 200 68
186.145.58.53 - - [04/Mar/2015:08:18:59 -0500] "POST /forms/lservlet;jsessionid=ac16012b30d62e39ac9c910f4f59a238bef0617bd3a7.e3iSbxaKaheRe3eNbhaPbhuQa41ynknvrkLOlQzNp65In0 HTTP/1.1" 200 2
201.244.55.205 - - [04/Mar/2015:08:18:59 -0500] "GET /isolucionsda//BancoConocimiento/R/Resolucion6788deOctubre8de2010/Resolucion6788deOctubre8de2010.asp HTTP/1.1" 302 179
186.145.58.53 - - [04/Mar/2015:08:19:00 -0500] "POST /forms/lservlet;jsessionid=ac16012b30d62e39ac9c910f4f59a238bef0617bd3a7.e3iSbxaKaheRe3eNbhaPbhuQa41ynknvrkLOlQzNp65In0 HTTP/1.1" 200 2
190.24.144.30 - - [04/Mar/2015:08:19:00 -0500] "GET /galeria/nivo-slider/demo/images/Banner-decreto1299.jpg HTTP/1.1" 200 182613
190.24.144.30 - - [04/Mar/2015:08:19:00 -0500] "GET /galeria/nivo-slider/demo/images/Banner-Directorio.jpg HTTP/1.1" 200 182068
186.145.58.53 - - [04/Mar/2015:08:19:00 -0500] "POST /forms/lservlet;jsessionid=ac16012b30d62e39ac9c910f4f59a238bef0617bd3a7.e3iSbxaKaheRe3eNbhaPbhuQa41ynknvrkLOlQzNp65In0 HTTP/1.1" 200 8670
190.24.144.30 - - [04/Mar/2015:08:19:00 -0500] "GET /galeria/nivo-slider/demo/images/Conoce-los-humedales.jpg HTTP/1.1" 200 294036
190.24.144.30 - - [04/Mar/2015:08:19:00 -0500] "GET /galeria/nivo-slider/demo/images/Banner_SEGAE.jpg HTTP/1.1" 200 169523
190.24.144.30 - - [04/Mar/2015:08:19:00 -0500] "GET /galeria/nivo-slider/demo/images/banner-V2.jpg HTTP/1.1" 200 167020
190.24.144.30 - - [04/Mar/2015:08:19:00 -0500] "GET /galeria/nivo-slider/demo/images/redes_sociales.jpg HTTP/1.1" 200 415652
186.145.58.53 - - [04/Mar/2015:08:19:00 -0500] "POST /forms/lservlet;jsessionid=ac16012b30d62e39ac9c910f4f59a238bef0617bd3a7.e3iSbxaKaheRe3eNbhaPbhuQa41ynknvrkLOlQzNp65In0 HTTP/1.1" 200 12
190.24.144.30 - - [04/Mar/2015:08:19:00 -0500] "GET /galeria/nivo-slider/demo/images/bolsas-08.jpg HTTP/1.1" 200 85589
190.24.144.30 - - [04/Mar/2015:08:19:00 -0500] "GET /galeria/nivo-slider/demo/images/Ruta-vertimientos-01.jpg HTTP/1.1" 200 130151
190.24.144.30 - - [04/Mar/2015:08:19:00 -0500] "GET /galeria/nivo-slider/demo/images/bolsas-06.jpg HTTP/1.1" 200 90982
190.24.144.30 - - [04/Mar/2015:08:19:00 -0500] "GET /galeria/nivo-slider/demo/images/ecolecta-Dic2014.png HTTP/1.1" 200 288593
201.244.55.205 - - [04/Mar/2015:08:18:59 -0500] "GET /isolucionsda//BancoConocimiento/R/Resolucion6788deOctubre8de2010/resoluci%F3n%206788%20de%202010%20modifica%20el%20mpp0.pdf HTTP/1.1" 200 285169
201.244.55.205 - - [04/Mar/2015:08:19:02 -0500] "GET /isolucionsda//BancoConocimiento/R/Resolucion6788deOctubre8de2010/resoluci%F3n%206788%20de%202010%20modifica%20el%20mpp0.pdf HTTP/1.1" 206 32768
190.9.203.118 - - [04/Mar/2015:08:19:02 -0500] "GET /galeria/nivo-slider/demo/images/Tingua-azul.jpg HTTP/1.1" 200 307638
186.145.58.53 - - [04/Mar/2015:08:19:02 -0500] "POST /forms/lservlet;jsessionid=ac16012b30d62e39ac9c910f4f59a238bef0617bd3a7.e3iSbxaKaheRe3eNbhaPbhuQa41ynknvrkLOlQzNp65In0 HTTP/1.1" 200 2
186.145.58.53 - - [04/Mar/2015:08:19:02 -0500] "POST /forms/lservlet;jsessionid=ac16012b30d62e39ac9c910f4f59a238bef0617bd3a7.e3iSbxaKaheRe3eNbhaPbhuQa41ynknvrkLOlQzNp65In0 HTTP/1.1" 200 661
186.145.58.53 - - [04/Mar/2015:08:19:02 -0500] "GET /imagenes/Srch_frw.gif HTTP/1.1" 200 925
186.145.58.53 - - [04/Mar/2015:08:19:02 -0500] "POST /forms/lservlet;jsessionid=ac16012b30d62e39ac9c910f4f59a238bef0617bd3a7.e3iSbxaKaheRe3eNbhaPbhuQa41ynknvrkLOlQzNp65In0 HTTP/1.1" 200 10
201.245.192.253 - - [04/Mar/2015:08:19:03 -0500] "POST /forest/parameter?action=runReportMDX&json=true&listdep=funcionario&id_rpt=121&a=0.8896623800974339 HTTP/1.1" 200 552
186.145.58.53 - - [04/Mar/2015:08:19:03 -0500] "POST /forms/lservlet;jsessionid=ac16012b30d62e39ac9c910f4f59a238bef0617bd3a7.e3iSbxaKaheRe3eNbhaPbhuQa41ynknvrkLOlQzNp65In0 HTTP/1.1" 200 30
201.245.192.253 - - [04/Mar/2015:08:19:03 -0500] "POST /forest/parameter?action=runReportMDX&json=true&listdep=funcionario&id_rpt=121&a=0.8956661028787494 HTTP/1.1" 200 552
186.145.58.53 - - [04/Mar/2015:08:19:04 -0500] "POST /forms/lservlet;jsessionid=ac16012b30d62e39ac9c910f4f59a238bef0617bd3a7.e3iSbxaKaheRe3eNbhaPbhuQa41ynknvrkLOlQzNp65In0 HTTP/1.1" 200 24
190.24.144.30 - - [04/Mar/2015:08:19:00 -0500] "GET /galeria/nivo-slider/demo/images/Banner-Caracol-Africano.jpg HTTP/1.1" 200 331986
190.24.144.30 - - [04/Mar/2015:08:19:05 -0500] "GET /galeria/nivo-slider/demo/images/4Simple_Slider.png HTTP/1.1" 200 11722
201.244.55.205 - - [04/Mar/2015:08:19:02 -0500] "GET /isolucionsda//BancoConocimiento/R/Resolucion6788deOctubre8de2010/resoluci%F3n%206788%20de%202010%20modifica%20el%20mpp0.pdf HTTP/1.1" 206 585617
186.145.58.53 - - [04/Mar/2015:08:19:05 -0500] "POST /forms/lservlet;jsessionid=ac16012b30d62e39ac9c910f4f59a238bef0617bd3a7.e3iSbxaKaheRe3eNbhaPbhuQa41ynknvrkLOlQzNp65In0 HTTP/1.1" 200 14
186.145.58.53 - - [04/Mar/2015:08:19:06 -0500] "POST /forms/lservlet;jsessionid=ac16012b30d62e39ac9c910f4f59a238bef0617bd3a7.e3iSbxaKaheRe3eNbhaPbhuQa41ynknvrkLOlQzNp65In0 HTTP/1.1" 200 14
201.245.192.253 - - [04/Mar/2015:08:19:07 -0500] "POST /forest/actions/manager.login?group_system_actual=3 HTTP/1.1" 200 14
201.245.192.253 - - [04/Mar/2015:08:19:08 -0500] "GET /forest/session.jsp?a=0.4429042771023207 HTTP/1.1" 200 4
190.9.203.118 - - [04/Mar/2015:08:19:08 -0500] "GET /galeria/nivo-slider/demo/images/Banner-Caracol-Africano.jpg HTTP/1.1" 200 331986
186.145.58.53 - - [04/Mar/2015:08:19:07 -0500] "POST /forms/lservlet;jsessionid=ac16012b30d62e39ac9c910f4f59a238bef0617bd3a7.e3iSbxaKaheRe3eNbhaPbhuQa41ynknvrkLOlQzNp65In0 HTTP/1.1" 200 14
186.115.219.202 - - [04/Mar/2015:08:19:08 -0500] "GET /galeria/galeria/jquery.fancybox.css?v=2.1.5 HTTP/1.1" 304 -
181.48.206.10 - - [04/Mar/2015:08:19:08 -0500] "GET /galeria/galeria/jquery.fancybox.js?v=2.1.5 HTTP/1.1" 304 -
186.28.186.199 - - [04/Mar/2015:08:19:09 -0500] "GET /forest/logout-redirect.jsp HTTP/1.1" 302 -
186.145.58.53 - - [04/Mar/2015:08:19:08 -0500] "POST /forms/lservlet;jsessionid=ac16012b30d62e39ac9c910f4f59a238bef0617bd3a7.e3iSbxaKaheRe3eNbhaPbhuQa41ynknvrkLOlQzNp65In0 HTTP/1.1" 200 14
181.48.206.10 - - [04/Mar/2015:08:19:09 -0500] "GET /galeria/nivo-slider/demo/demo.html HTTP/1.1" 200 4182
186.28.186.199 - - [04/Mar/2015:08:19:09 -0500] "GET /forest/login.do HTTP/1.1" 200 12815
186.28.186.199 - - [04/Mar/2015:08:19:10 -0500] "GET /forest/img/inicio/1.gif HTTP/1.1" 304 -
181.48.206.10 - - [04/Mar/2015:08:19:10 -0500] "GET /galeria/nivo-slider/demo/images/Banner-decreto1299.jpg HTTP/1.1" 304 -
186.28.186.199 - - [04/Mar/2015:08:19:10 -0500] "GET /forest/img/inicio/4.gif HTTP/1.1" 304 -
186.28.186.199 - - [04/Mar/2015:08:19:10 -0500] "GET /forest/img/inicio/2.gif HTTP/1.1" 304 -
186.28.186.199 - - [04/Mar/2015:08:19:10 -0500] "GET /forest/img/inicio/6.gif HTTP/1.1" 304 -
186.28.186.199 - - [04/Mar/2015:08:19:10 -0500] "GET /forest/img/inicio/7.gif HTTP/1.1" 304 -
186.28.186.199 - - [04/Mar/2015:08:19:10 -0500] "GET /forest/img/inicio/3.gif HTTP/1.1" 304 -
186.28.186.199 - - [04/Mar/2015:08:19:10 -0500] "GET /forest/img/inicio/5.gif HTTP/1.1" 304 -
181.48.206.10 - - [04/Mar/2015:08:19:10 -0500] "GET /galeria/nivo-slider/demo/images/Conoce-los-humedales.jpg HTTP/1.1" 200 294036
186.115.219.202 - - [04/Mar/2015:08:19:10 -0500] "GET /galeria/nivo-slider/demo/images/Banner-Directorio.jpg HTTP/1.1" 304 -
186.115.219.202 - - [04/Mar/2015:08:19:10 -0500] "GET /galeria/nivo-slider/demo/images/Banner_SEGAE.jpg HTTP/1.1" 304 -
186.145.58.53 - - [04/Mar/2015:08:19:10 -0500] "POST /forms/lservlet;jsessionid=ac16012b30d62e39ac9c910f4f59a238bef0617bd3a7.e3iSbxaKaheRe3eNbhaPbhuQa41ynknvrkLOlQzNp65In0 HTTP/1.1" 200 15
186.145.58.53 - - [04/Mar/2015:08:19:13 -0500] "POST /forms/lservlet;jsessionid=ac16012b30d62e39ac9c910f4f59a238bef0617bd3a7.e3iSbxaKaheRe3eNbhaPbhuQa41ynknvrkLOlQzNp65In0 HTTP/1.1" 200 4240
186.145.58.53 - - [04/Mar/2015:08:19:13 -0500] "POST /forms/lservlet;jsessionid=ac16012b30d62e39ac9c910f4f59a238bef0617bd3a7.e3iSbxaKaheRe3eNbhaPbhuQa41ynknvrkLOlQzNp65In0 HTTP/1.1" 200 20
201.245.192.253 - - [04/Mar/2015:08:19:16 -0500] "POST /forest/parameter?action=runReportMDX&json=true&listdep=funcionario&id_rpt=121&a=0.5398081985767931 HTTP/1.1" 200 552
201.245.192.253 - - [04/Mar/2015:08:19:16 -0500] "POST /forest/parameter?action=runReportMDX&json=true&listdep=funcionario&id_rpt=121&a=0.8772626754362136 HTTP/1.1" 200 552
201.245.192.253 - - [04/Mar/2015:08:19:17 -0500] "POST /forest/parameter?action=runReportMDX&json=true&listdep=funcionario&id_rpt=121&a=0.017783473012968898 HTTP/1.1" 200 71
201.245.192.253 - - [04/Mar/2015:08:19:18 -0500] "POST /forest/parameter?action=runReportMDX&json=true&listdep=funcionario&id_rpt=121&a=0.9216154308523983 HTTP/1.1" 200 71
190.84.181.151 - - [04/Mar/2015:08:19:21 -0500] "GET /galeria/galeria/jquery.fancybox.js?v=2.1.5 HTTP/1.1" 304 -
190.84.181.151 - - [04/Mar/2015:08:19:21 -0500] "GET /galeria/galeria/jquery.fancybox.css?v=2.1.5 HTTP/1.1" 304 -
190.24.144.30 - - [04/Mar/2015:08:19:00 -0500] "GET /galeria/nivo-slider/demo/images/porloshumedales.jpg HTTP/1.1" 200 351238
190.24.144.30 - - [04/Mar/2015:08:19:21 -0500] "GET /galeria/nivo-slider/demo/images/banner-llantas2.jpg HTTP/1.1" 200 73153
186.145.58.53 - - [04/Mar/2015:08:19:22 -0500] "POST /forms/lservlet;jsessionid=ac16012b30d62e39ac9c910f4f59a238bef0617bd3a7.e3iSbxaKaheRe3eNbhaPbhuQa41ynknvrkLOlQzNp65In0 HTTP/1.1" 200 2
190.24.144.30 - - [04/Mar/2015:08:19:00 -0500] "GET /galeria/nivo-slider/demo/images/Tingua-azul.jpg HTTP/1.1" 200 307638
190.24.144.30 - - [04/Mar/2015:08:19:22 -0500] "GET /galeria/nivo-slider/demo/images/banner-caballos.png HTTP/1.1" 200 389106
186.145.58.53 - - [04/Mar/2015:08:19:22 -0500] "POST /forms/lservlet;jsessionid=ac16012b30d62e39ac9c910f4f59a238bef0617bd3a7.e3iSbxaKaheRe3eNbhaPbhuQa41ynknvrkLOlQzNp65In0 HTTP/1.1" 200 14
201.245.192.253 - - [04/Mar/2015:08:19:24 -0500] "POST /forest/parameter?action=runReportMDX&json=true&listdep=funcionario&id_rpt=121&a=0.43465419951826334 HTTP/1.1" 200 552
186.145.58.53 - - [04/Mar/2015:08:19:23 -0500] "POST /forms/lservlet;jsessionid=ac16012b30d62e39ac9c910f4f59a238bef0617bd3a7.e3iSbxaKaheRe3eNbhaPbhuQa41ynknvrkLOlQzNp65In0 HTTP/1.1" 200 14
186.145.58.53 - - [04/Mar/2015:08:19:24 -0500] "POST /forms/lservlet;jsessionid=ac16012b30d62e39ac9c910f4f59a238bef0617bd3a7.e3iSbxaKaheRe3eNbhaPbhuQa41ynknvrkLOlQzNp65In0 HTTP/1.1" 200 14
186.145.58.53 - - [04/Mar/2015:08:19:26 -0500] "POST /forms/lservlet;jsessionid=ac16012b30d62e39ac9c910f4f59a238bef0617bd3a7.e3iSbxaKaheRe3eNbhaPbhuQa41ynknvrkLOlQzNp65In0 HTTP/1.1" 200 130
186.145.58.53 - - [04/Mar/2015:08:19:26 -0500] "POST /forms/lservlet;jsessionid=ac16012b30d62e39ac9c910f4f59a238bef0617bd3a7.e3iSbxaKaheRe3eNbhaPbhuQa41ynknvrkLOlQzNp65In0 HTTP/1.1" 200 2
190.24.144.30 - - [04/Mar/2015:08:19:00 -0500] "GET /galeria/nivo-slider/demo/images/9Signos.jpg HTTP/1.1" 200 93040
190.184.132.183 - - [04/Mar/2015:08:19:26 -0500] "GET /BLA/resoluciones/RESOLUCIONES%202007/RES%202007%20901%20AL%201000/RESOLUCION%200944%20DE%202007.pdf HTTP/1.1" 200 656084
190.27.41.88 - - [04/Mar/2015:08:19:27 -0500] "GET /BLA/resoluciones/RESOLUCIONES%202007/RES%202007%20701%20AL%20800/RESOLUCION%200705%20DE%202007.pdf HTTP/1.1" 200 1060513
190.184.132.183 - - [04/Mar/2015:08:19:27 -0500] "GET /BLA/resoluciones/RESOLUCIONES%202007/RES%202007%20901%20AL%201000/RESOLUCION%200944%20DE%202007.pdf HTTP/1.1" 206 32768
190.27.41.88 - - [04/Mar/2015:08:19:27 -0500] "GET /BLA/resoluciones/RESOLUCIONES%202007/RES%202007%20701%20AL%20800/RESOLUCION%200705%20DE%202007.pdf HTTP/1.1" 206 32768
190.184.132.183 - - [04/Mar/2015:08:19:27 -0500] "GET /BLA/resoluciones/RESOLUCIONES%202007/RES%202007%20901%20AL%201000/RESOLUCION%200944%20DE%202007.pdf HTTP/1.1" 206 623316
190.27.41.88 - - [04/Mar/2015:08:19:28 -0500] "GET /BLA/resoluciones/RESOLUCIONES%202007/RES%202007%20701%20AL%20800/RESOLUCION%200705%20DE%202007.pdf HTTP/1.1" 206 1027745
186.145.58.53 - - [04/Mar/2015:08:19:26 -0500] "GET /reports/rwservlet/getjobid344887?server=rep_srvapsda HTTP/1.1" 200 181074
190.184.132.183 - - [04/Mar/2015:08:19:31 -0500] "GET /favicon.ico HTTP/1.1" 200 7782
190.27.41.88 - - [04/Mar/2015:08:19:32 -0500] "GET /favicon.ico HTTP/1.1" 200 7782
190.24.144.30 - - [04/Mar/2015:08:19:00 -0500] "GET /galeria/nivo-slider/themes/default/loading.gif HTTP/1.1" 200 1737
201.244.55.205 - - [04/Mar/2015:08:19:36 -0500] "GET /isolucionsda/g/Bot_ManualOver_ESP.jpg HTTP/1.1" 200 4732
201.244.55.205 - - [04/Mar/2015:08:19:36 -0500] "GET /isolucionsda/g/Bot_AnteriorOver.jpg HTTP/1.1" 200 1752
201.244.55.205 - - [04/Mar/2015:08:19:36 -0500] "GET /isolucionsda/g/Bot_ManualOver_ESP.jpg HTTP/1.1" 200 4732
190.24.144.30 - - [04/Mar/2015:08:19:37 -0500] "GET /galeria/nivo-slider/themes/default/bullets.png HTTP/1.1" 200 1281
201.245.192.253 - - [04/Mar/2015:08:19:38 -0500] "GET /galeria/nivo-slider/demo/demo.html HTTP/1.1" 304 -
201.245.192.253 - - [04/Mar/2015:08:19:38 -0500] "GET /galeria/nivo-slider/demo/images/Banner-decreto1299.jpg HTTP/1.1" 304 -
201.245.192.253 - - [04/Mar/2015:08:19:38 -0500] "GET /galeria/nivo-slider/demo/images/Conoce-los-humedales.jpg HTTP/1.1" 304 -
201.245.192.253 - - [04/Mar/2015:08:19:38 -0500] "GET /galeria/nivo-slider/themes/default/default.css HTTP/1.1" 304 -
201.245.192.253 - - [04/Mar/2015:08:19:38 -0500] "POST /forest/frameset? HTTP/1.1" 200 53250
201.245.192.253 - - [04/Mar/2015:08:19:38 -0500] "GET /forestReports/webcontent/birt/pages/common/processing.jsp?__rtl=false HTTP/1.1" 200 719
190.24.144.30 - - [04/Mar/2015:08:19:39 -0500] "GET /galeria/nivo-slider/themes/default/arrows.png HTTP/1.1" 200 824
201.245.192.253 - - [04/Mar/2015:08:19:38 -0500] "POST /forest/frameset?__toolbar=true&__report=forest%2Frpts%2F121.rptdesign&__format=&__app=forest&__sessionId=20150304_082551_074&__dpi=96 HTTP/1.1" 200 30451
201.245.192.253 - - [04/Mar/2015:08:19:39 -0500] "GET /forest/preview?__sessionId=20150304_082551_074&__imageid=filea52c93d14be19f21e5416.gif HTTP/1.1" 200 4169
201.245.192.253 - - [04/Mar/2015:08:19:39 -0500] "GET /forest/preview?__sessionId=20150304_082551_074&__imageid=filea52c93d14be19f21e5417.gif HTTP/1.1" 200 2367
