201.245.192.253 - - [04/Mar/2015:08:22:40 -0500] "GET /ForestMSG_SDA/channelAsync/template_word_17606387?X-Atmosphere-tracking-id=57aeb463-1a09-735d-6257-1752e0a10444&X-Atmosphere-Framework=1.0.5&X-Atmosphere-Transport=long-polling&tabid=0.28832478422213237&X-Cache-Date=0&Content-Type=application/xml&_=1425475417680 HTTP/1.1" 200 8193
190.7.101.32 - - [04/Mar/2015:08:25:41 -0500] "GET /galeria/nivo-slider/themes/default/bullets.png HTTP/1.1" 200 1281
190.7.101.32 - - [04/Mar/2015:08:25:41 -0500] "GET /galeria/nivo-slider/themes/default/arrows.png HTTP/1.1" 200 824
201.245.192.253 - - [04/Mar/2015:08:25:42 -0500] "GET /forest/buscar.do?type=procesos HTTP/1.1" 200 84384
191.95.244.66 - - [04/Mar/2015:08:25:43 -0500] "GET /galeria/nivo-slider/demo/images/9Signos.jpg HTTP/1.1" 200 93040
201.245.192.253 - - [04/Mar/2015:08:25:44 -0500] "GET /forest/skins/gdocs-jar/popup/popup.jsp?width=1100&height=500&title=Buscar%20procesos&uri=/forest/buscar.do%3Ftype%3Dprocesos&name=undefined&_a=0.7420408776961267&a=0.13427120679989457 HTTP/1.1" 200 1296
201.245.192.253 - - [04/Mar/2015:08:25:44 -0500] "GET /forest/buscar.do?type=procesos HTTP/1.1" 200 84384
201.245.192.253 - - [04/Mar/2015:08:25:45 -0500] "GET /forest/json.do?query=usersByDep&coddep=7107 HTTP/1.1" 200 131
201.245.192.253 - - [04/Mar/2015:08:25:45 -0500] "GET /forest/json.do?query=versionListadas HTTP/1.1" 200 15
201.245.192.253 - - [04/Mar/2015:08:25:45 -0500] "GET /forest/json.do?query=usersByDep&coddep=7107 HTTP/1.1" 200 131
201.245.192.253 - - [04/Mar/2015:08:25:45 -0500] "GET /forest/json.do?query=procesIniciales HTTP/1.1" 200 10116
201.245.192.253 - - [04/Mar/2015:08:25:45 -0500] "GET /forest/radicacion.do?codMod=80&_a=0.86825873706973&group_system_actual=4 HTTP/1.1" 200 51715
201.245.192.253 - - [04/Mar/2015:08:25:46 -0500] "GET /forest/js/sarissa.js?version=1412.231748 HTTP/1.1" 304 -
201.245.192.253 - - [04/Mar/2015:08:25:46 -0500] "GET /forest/js/xml_utilities.js?version=1412.231748 HTTP/1.1" 304 -
201.245.192.253 - - [04/Mar/2015:08:25:46 -0500] "GET /forest/json.do?query=tipDocsByClaDoc&claDoc=1&a=0.844415511948772&a=0.5847434211919782 HTTP/1.1" 200 238
201.245.192.253 - - [04/Mar/2015:08:25:46 -0500] "GET /forest/session.jsp?a=0.3880558091919468 HTTP/1.1" 200 4
186.145.58.53 - - [04/Mar/2015:08:25:46 -0500] "POST /forms/lservlet;jsessionid=ac16012b30d62e39ac9c910f4f59a238bef0617bd3a7.e3iSbxaKaheRe3eNbhaPbhuQa41ynknvrkLOlQzNp65In0 HTTP/1.1" 200 2
201.245.192.253 - - [04/Mar/2015:08:25:46 -0500] "GET /forest/xmlresponse.do?xmlresult=1&lista=getXMLQuery&queryId=rpt/getListProcesosByDepNoProject&coddep=293&codmod=80&coddepx=293&a=0.2461443535821195&a=0.4235992768599418 HTTP/1.1" 200 19295
201.245.192.253 - - [04/Mar/2015:08:25:46 -0500] "GET /forest/json.do?query=fuenteTipMed&tipMed=&a=0.6206876260216679&a=0.6133042246301404 HTTP/1.1" 200 2
201.245.192.253 - - [04/Mar/2015:08:25:47 -0500] "GET /forest/session.jsp?a=0.9858061713253156 HTTP/1.1" 200 4
201.245.192.253 - - [04/Mar/2015:08:25:49 -0500] "GET /forest/xmlresponse.do?lista=searchTerceroByName&xmlret=1&todos=false&claDoc=1&partNomTer=ADRIANA%20MORA%20LEON&a=0.38183443696936203 HTTP/1.1" 200 189
201.245.192.253 - - [04/Mar/2015:08:25:49 -0500] "GET /forest/forms/showform.jsp?codPro=90&codForm=PRESTAMOEXPE&a=0.0963440656196326 HTTP/1.1" 200 17391
201.244.55.205 - - [04/Mar/2015:08:25:50 -0500] "GET /isolucionsda/g/Bot_SiguienteOver.jpg HTTP/1.1" 200 1668
191.95.244.66 - - [04/Mar/2015:08:25:51 -0500] "GET /galeria/nivo-slider/demo/images/banner-llantas2.jpg HTTP/1.1" 200 73153
201.245.192.253 - - [04/Mar/2015:08:25:51 -0500] "GET /forest/actions/forms.getList?codForm=PRESTAMOEXPE&id=Numeroexpedientenuevo60&text=S HTTP/1.1" 200 952
201.245.192.253 - - [04/Mar/2015:08:25:51 -0500] "GET /forest/actions/forms.getList?codForm=PRESTAMOEXPE&id=Numeroexpedientenuevo60&text=SD HTTP/1.1" 200 965
201.245.192.253 - - [04/Mar/2015:08:25:51 -0500] "GET /forest/actions/forms.getList?codForm=PRESTAMOEXPE&id=Numeroexpedientenuevo60&text=SDA HTTP/1.1" 200 965
191.95.244.66 - - [04/Mar/2015:08:25:52 -0500] "GET /galeria/nivo-slider/demo/images/banner-caballos.png HTTP/1.1" 200 389106
201.245.192.253 - - [04/Mar/2015:08:25:52 -0500] "GET /forest/xmlresponse.do?xmlresult=1&lista=getProcesosTerceros&numTer=51968384&a=0.8886656566892177 HTTP/1.1" 200 51
201.245.192.253 - - [04/Mar/2015:08:25:52 -0500] "GET /forest/json.do?query=processByTer&codter=51968384&a=0.0647470444602748 HTTP/1.1" 200 2994
201.245.192.253 - - [04/Mar/2015:08:25:52 -0500] "POST /forest/buscar.do? HTTP/1.1" 200 5162
201.245.192.253 - - [04/Mar/2015:08:25:51 -0500] "GET /forest/actions/forms.getList?codForm=PRESTAMOEXPE&id=Numeroexpedientenuevo60&text=SDA- HTTP/1.1" 200 965
201.244.51.187 - - [04/Mar/2015:08:25:52 -0500] "GET /galeria/galeria/jquery.fancybox.css?v=2.1.5 HTTP/1.1" 200 4895
201.244.51.187 - - [04/Mar/2015:08:25:52 -0500] "GET /BLA/boletinlegal/js/jquery.scrollTo-min.js HTTP/1.1" 200 1150
201.244.51.187 - - [04/Mar/2015:08:25:52 -0500] "GET /BLA/boletinlegal/js/jquery.scrollShow.js HTTP/1.1" 200 4586
201.244.51.187 - - [04/Mar/2015:08:25:52 -0500] "GET /galeria/galeria/jquery.fancybox.js?v=2.1.5 HTTP/1.1" 200 48706
201.245.192.253 - - [04/Mar/2015:08:25:52 -0500] "GET /forest/actions/forms.getList?codForm=PRESTAMOEXPE&id=Numeroexpedientenuevo60&text=SDA-0 HTTP/1.1" 200 965
201.245.192.253 - - [04/Mar/2015:08:25:52 -0500] "GET /forest/actions/forms.getList?codForm=PRESTAMOEXPE&id=Numeroexpedientenuevo60&text=SDA-08 HTTP/1.1" 200 982
201.245.192.253 - - [04/Mar/2015:08:25:52 -0500] "GET /forest/actions/forms.getList?codForm=PRESTAMOEXPE&id=Numeroexpedientenuevo60&text=SDA-08- HTTP/1.1" 200 982
201.244.55.205 - - [04/Mar/2015:08:25:52 -0500] "GET /isolucionsda/g/Bot_HomeOver.jpg HTTP/1.1" 200 1879
201.244.55.205 - - [04/Mar/2015:08:25:52 -0500] "GET /isolucionsda/g/Bot_AdministradorOver.jpg HTTP/1.1" 200 1630
201.244.55.205 - - [04/Mar/2015:08:25:52 -0500] "GET /isolucionsda/g/Bot_MejoramientoOver_ESP.jpg HTTP/1.1" 200 6165
201.245.192.253 - - [04/Mar/2015:08:25:52 -0500] "GET /forest/actions/forms.getList?codForm=PRESTAMOEXPE&id=Numeroexpedientenuevo60&text=SDA-08-2 HTTP/1.1" 200 1001
181.50.28.44 - - [04/Mar/2015:08:25:52 -0500] "GET /BLA/resoluciones/RESOLUCIONES%202009/9477.pdf HTTP/1.1" 200 538565
201.245.192.253 - - [04/Mar/2015:08:25:52 -0500] "GET /forest/actions/forms.getList?codForm=PRESTAMOEXPE&id=Numeroexpedientenuevo60&text=SDA-08-20 HTTP/1.1" 200 1001
201.245.192.253 - - [04/Mar/2015:08:25:52 -0500] "GET /forest/actions/forms.getList?codForm=PRESTAMOEXPE&id=Numeroexpedientenuevo60&text=SDA-08-201 HTTP/1.1" 200 835
201.245.192.253 - - [04/Mar/2015:08:25:53 -0500] "GET /forest/actions/forms.getList?codForm=PRESTAMOEXPE&id=Numeroexpedientenuevo60&text=SDA-08-2014 HTTP/1.1" 200 997
201.245.192.253 - - [04/Mar/2015:08:25:53 -0500] "GET /forest/actions/forms.getList?codForm=PRESTAMOEXPE&id=Numeroexpedientenuevo60&text=SDA-08-2014- HTTP/1.1" 200 997
201.245.192.253 - - [04/Mar/2015:08:25:54 -0500] "GET /forest/actions/forms.getList?codForm=PRESTAMOEXPE&id=Numeroexpedientenuevo60&text=SDA-08-2014-2 HTTP/1.1" 200 1001
201.245.192.253 - - [04/Mar/2015:08:25:54 -0500] "GET /forest/actions/forms.getList?codForm=PRESTAMOEXPE&id=Numeroexpedientenuevo60&text=SDA-08-2014-23 HTTP/1.1" 200 995
201.245.192.253 - - [04/Mar/2015:08:25:54 -0500] "GET /forest/actions/forms.getList?codForm=PRESTAMOEXPE&id=Numeroexpedientenuevo60&text=SDA-08-2014-235 HTTP/1.1" 200 250
201.244.55.205 - - [04/Mar/2015:08:25:55 -0500] "GET /isolucionsda/bancoconocimiento/A/AuditoriasInternas_v7/AuditoriasInternas_v7.asp?IdArticulo=3868 HTTP/1.1" 302 214
201.245.192.253 - - [04/Mar/2015:08:25:55 -0500] "GET /forest/actions/forms.getMappedValues?id=Numeroexpedientenuevo60&value=1390496073001&codForm=PRESTAMOEXPE&a=0.10014837002381682 HTTP/1.1" 200 34
201.244.55.205 - - [04/Mar/2015:08:25:55 -0500] "GET /isolucionsda/bancoconocimiento/A/AuditoriasInternas_v9/AuditoriasInternas_v9.asp?Id_Articulo=7800 HTTP/1.1" 200 69060
201.244.55.205 - - [04/Mar/2015:08:25:57 -0500] "GET /isolucionsda/g/vacio1x1.gif HTTP/1.1" 404 5195
180.76.6.20 - - [04/Mar/2015:08:25:59 -0500] "GET /BLA/resoluciones/RESOLUCIONES%202009/2776.pdf HTTP/1.1" 200 508704
201.245.192.253 - - [04/Mar/2015:08:26:00 -0500] "GET /forest/actions/forms.getList?codForm=PRESTAMOEXPE&id=tercero12&text=T HTTP/1.1" 200 1323
201.245.192.253 - - [04/Mar/2015:08:26:00 -0500] "GET /forest/actions/forms.getList?codForm=PRESTAMOEXPE&id=tercero12&text=TR HTTP/1.1" 200 1342
201.245.192.253 - - [04/Mar/2015:08:26:00 -0500] "GET /forest/actions/forms.getList?codForm=PRESTAMOEXPE&id=tercero12&text=TRA HTTP/1.1" 200 1383
201.245.192.253 - - [04/Mar/2015:08:26:00 -0500] "GET /forest/actions/forms.getList?codForm=PRESTAMOEXPE&id=tercero12&text=TRAN HTTP/1.1" 200 1154
181.48.9.61 - - [04/Mar/2015:08:26:01 -0500] "GET /galeria/nivo-slider/demo/demo.html HTTP/1.1" 304 -
201.245.192.253 - - [04/Mar/2015:08:26:02 -0500] "GET /forest/xmlresponse.do?xmlresult=1&lista=getProcesosTerceros&numTer=51968384&a=0.031570140004672176 HTTP/1.1" 200 51
201.245.192.253 - - [04/Mar/2015:08:26:02 -0500] "GET /forest/xmlresponse.do?xmlresult=1&lista=getXMLQuery&queryId=rpt/getListProcesosByDepNoProject&coddep=293&codmod=80&coddepx=293&a=0.22441136904782588&a=0.4706243596965123 HTTP/1.1" 200 19295
201.234.176.252 - - [04/Mar/2015:08:26:03 -0500] "GET /dama/libreria/jpg/sec_amb.jpg HTTP/1.1" 404 1019
201.234.176.252 - - [04/Mar/2015:08:26:03 -0500] "GET /dama/libreria/jpg/sec_amb.jpg HTTP/1.1" 404 1019
201.234.176.252 - - [04/Mar/2015:08:26:03 -0500] "GET /dama/libreria/jpg/sec_amb.jpg HTTP/1.1" 404 1019
201.234.176.252 - - [04/Mar/2015:08:26:03 -0500] "GET /dama/libreria/jpg/sec_amb.jpg HTTP/1.1" 404 1019
201.245.192.253 - - [04/Mar/2015:08:26:01 -0500] "GET /forest/actions/forms.getList?codForm=PRESTAMOEXPE&id=tercero12&text=TRANE HTTP/1.1" 200 193
201.245.192.253 - - [04/Mar/2015:08:26:01 -0500] "GET /forest/actions/forms.getList?codForm=PRESTAMOEXPE&id=tercero12&text=TRANEX HTTP/1.1" 200 138
201.234.176.252 - - [04/Mar/2015:08:26:03 -0500] "GET /dama/libreria/jpg/sec_amb.jpg HTTP/1.1" 404 1019
201.245.192.253 - - [04/Mar/2015:08:26:01 -0500] "GET /forest/actions/forms.getList?codForm=PRESTAMOEXPE&id=tercero12&text=TRANEXC HTTP/1.1" 200 138
201.234.176.252 - - [04/Mar/2015:08:26:03 -0500] "GET /dama/libreria/jpg/sec_amb.jpg HTTP/1.1" 404 1019
201.234.176.252 - - [04/Mar/2015:08:26:03 -0500] "GET /dama/libreria/jpg/sec_amb.jpg HTTP/1.1" 404 1019
201.234.176.252 - - [04/Mar/2015:08:26:03 -0500] "GET /dama/libreria/jpg/sec_amb.jpg HTTP/1.1" 404 1019
201.245.192.253 - - [04/Mar/2015:08:26:01 -0500] "GET /forest/actions/forms.getList?codForm=PRESTAMOEXPE&id=tercero12&text=TRANEXCO HTTP/1.1" 200 138
66.249.88.242 - - [04/Mar/2015:08:26:04 -0500] "GET /galeria/galeria/jquery.fancybox.css?v=2.1.5 HTTP/1.1" 200 4895
66.249.88.238 - - [04/Mar/2015:08:26:04 -0500] "GET /BLA/boletinlegal/js/jquery.scrollTo-min.js HTTP/1.1" 200 1150
201.245.192.253 - - [04/Mar/2015:08:26:04 -0500] "GET /forest/json.do?query=camposByTramite&codTra=0&a=0.3017142325024357 HTTP/1.1" 200 2
201.245.192.253 - - [04/Mar/2015:08:26:04 -0500] "GET /forest/json.do?query=camposByTramite&codTra=-1&a=0.6103314431306963 HTTP/1.1" 200 2
66.249.88.242 - - [04/Mar/2015:08:26:05 -0500] "GET /BLA/boletinlegal/js/jquery.scrollShow.js HTTP/1.1" 200 4586
66.249.88.238 - - [04/Mar/2015:08:26:05 -0500] "GET /galeria/carrusel/Carrusel/jquery.thumbnailScroller.css HTTP/1.1" 200 2066
66.249.88.242 - - [04/Mar/2015:08:26:05 -0500] "GET /galeria/galeria/jquery.fancybox.js?v=2.1.5 HTTP/1.1" 200 48706
66.249.88.240 - - [04/Mar/2015:08:26:05 -0500] "GET /galeria/carrusel/Carrusel/jquery.thumbnailScroller.js HTTP/1.1" 200 8157
66.249.88.240 - - [04/Mar/2015:08:26:05 -0500] "GET /galeria/carrusel/Carrusel/jquery-ui-1.8.13.custom.min.js HTTP/1.1" 200 10800
191.95.244.66 - - [04/Mar/2015:08:26:06 -0500] "GET /galeria/nivo-slider/themes/default/arrows.png HTTP/1.1" 200 824
191.95.244.66 - - [04/Mar/2015:08:26:06 -0500] "GET /galeria/nivo-slider/themes/default/bullets.png HTTP/1.1" 200 1281
66.249.88.242 - - [04/Mar/2015:08:26:08 -0500] "GET /galeria/nivo-slider/demo/demo.html HTTP/1.1" 200 4182
66.249.88.242 - - [04/Mar/2015:08:26:10 -0500] "GET /galeria/nivo-slider/themes/default/default.css HTTP/1.1" 200 1569
66.249.88.240 - - [04/Mar/2015:08:26:10 -0500] "GET /galeria/nivo-slider/themes/orman/orman.css HTTP/1.1" 200 2152
66.249.88.238 - - [04/Mar/2015:08:26:10 -0500] "GET /galeria/nivo-slider/themes/pascal/pascal.css HTTP/1.1" 200 2258
66.249.88.240 - - [04/Mar/2015:08:26:10 -0500] "GET /galeria/nivo-slider/nivo-slider.css HTTP/1.1" 200 1507
66.249.88.242 - - [04/Mar/2015:08:26:10 -0500] "GET /galeria/nivo-slider/demo/style.css HTTP/1.1" 200 2222
66.249.88.238 - - [04/Mar/2015:08:26:10 -0500] "GET /galeria/nivo-slider/demo/scripts/jquery-1.7.1.min.js HTTP/1.1" 200 93868
66.249.88.242 - - [04/Mar/2015:08:26:10 -0500] "GET /galeria/nivo-slider/demo/images/Banner-decreto1299.jpg HTTP/1.1" 200 182613
66.249.88.242 - - [04/Mar/2015:08:26:11 -0500] "GET /galeria/nivo-slider/demo/images/banner-llantas2.jpg HTTP/1.1" 200 73153
66.249.88.240 - - [04/Mar/2015:08:26:11 -0500] "GET /galeria/nivo-slider/demo/images/redes_sociales.jpg HTTP/1.1" 200 415652
66.249.88.240 - - [04/Mar/2015:08:26:11 -0500] "GET /galeria/nivo-slider/demo/images/bolsas-08.jpg HTTP/1.1" 200 85589
66.249.88.238 - - [04/Mar/2015:08:26:11 -0500] "GET /galeria/nivo-slider/demo/images/Conoce-los-humedales.jpg HTTP/1.1" 200 294036
66.249.88.238 - - [04/Mar/2015:08:26:11 -0500] "GET /galeria/nivo-slider/demo/images/banner-V2.jpg HTTP/1.1" 200 167020
66.249.88.238 - - [04/Mar/2015:08:26:11 -0500] "GET /galeria/nivo-slider/demo/images/Tingua-azul.jpg HTTP/1.1" 200 307638
66.249.88.242 - - [04/Mar/2015:08:26:11 -0500] "GET /galeria/nivo-slider/demo/images/Ruta-vertimientos-01.jpg HTTP/1.1" 200 130151
66.249.88.238 - - [04/Mar/2015:08:26:11 -0500] "GET /galeria/nivo-slider/demo/images/bolsas-06.jpg HTTP/1.1" 200 90982
66.249.88.238 - - [04/Mar/2015:08:26:11 -0500] "GET /galeria/nivo-slider/demo/images/Banner_SEGAE.jpg HTTP/1.1" 200 169523
66.249.88.238 - - [04/Mar/2015:08:26:11 -0500] "GET /galeria/nivo-slider/demo/images/9Signos.jpg HTTP/1.1" 200 93040
66.249.88.240 - - [04/Mar/2015:08:26:11 -0500] "GET /galeria/nivo-slider/demo/images/Banner-Caracol-Africano.jpg HTTP/1.1" 200 331986
66.249.88.238 - - [04/Mar/2015:08:26:11 -0500] "GET /galeria/nivo-slider/demo/images/banner-caballos.png HTTP/1.1" 200 389106
66.249.88.238 - - [04/Mar/2015:08:26:11 -0500] "GET /galeria/nivo-slider/demo/images/porloshumedales.jpg HTTP/1.1" 200 351238
66.249.88.242 - - [04/Mar/2015:08:26:11 -0500] "GET /galeria/nivo-slider/demo/images/Banner-Directorio.jpg HTTP/1.1" 200 182068
66.249.88.242 - - [04/Mar/2015:08:26:11 -0500] "GET /galeria/nivo-slider/demo/images/ecolecta-Dic2014.png HTTP/1.1" 200 288593
66.249.88.240 - - [04/Mar/2015:08:26:11 -0500] "GET /galeria/nivo-slider/jquery.nivo.slider.pack.js HTTP/1.1" 200 11561
66.249.88.240 - - [04/Mar/2015:08:26:11 -0500] "GET /galeria/nivo-slider/demo/images/4Simple_Slider.png HTTP/1.1" 200 11722
66.249.88.238 - - [04/Mar/2015:08:26:12 -0500] "GET /galeria/nivo-slider/themes/default/loading.gif HTTP/1.1" 200 1737
181.143.145.214 - - [04/Mar/2015:08:26:12 -0500] "GET /videos/Humedal_Comunidad.flv HTTP/1.1" 200 81021584
201.245.192.253 - - [04/Mar/2015:08:26:15 -0500] "GET /forest/actions/manager.calculateDateFin?dias=15&habil=true&a=0.24338415588756823 HTTP/1.1" 200 13
201.245.192.253 - - [04/Mar/2015:08:26:15 -0500] "GET /forest/json.do?query=camposByTramite&codTra=3098&a=0.7479801046642892 HTTP/1.1" 200 1119
66.249.67.120 - - [04/Mar/2015:08:26:19 -0500] "GET /PruebasSTORM/StormSDA_pruebas/userFiles/user_files/98/asociaFormula.xml HTTP/1.1" 200 54334
66.249.88.242 - - [04/Mar/2015:08:26:21 -0500] "GET /galeria/nivo-slider/themes/default/arrows.png HTTP/1.1" 200 824
66.249.88.242 - - [04/Mar/2015:08:26:21 -0500] "GET /galeria/nivo-slider/themes/default/bullets.png HTTP/1.1" 200 1281
201.245.192.253 - - [04/Mar/2015:08:26:24 -0500] "GET /forest/actions/forms.getList?codForm=PRESTAMOEXPE&id=Funcionario6&text=G HTTP/1.1" 200 1321
201.245.192.253 - - [04/Mar/2015:08:26:24 -0500] "GET /forest/actions/forms.getList?codForm=PRESTAMOEXPE&id=Funcionario6&text=GI HTTP/1.1" 200 1249
190.147.72.254 - - [04/Mar/2015:08:26:24 -0500] "GET /BLA/resoluciones/RESOLUCIONES%202008/0007.pdf HTTP/1.1" 200 1128719
201.245.192.253 - - [04/Mar/2015:08:26:24 -0500] "GET /forest/actions/forms.getList?codForm=PRESTAMOEXPE&id=Funcionario6&text=GIN HTTP/1.1" 200 318
190.147.72.254 - - [04/Mar/2015:08:26:24 -0500] "GET /BLA/resoluciones/RESOLUCIONES%202008/0007.pdf HTTP/1.1" 206 32768
201.245.192.253 - - [04/Mar/2015:08:26:25 -0500] "GET /forest/actions/forms.getList?codForm=PRESTAMOEXPE&id=Funcionario6&text=GINA HTTP/1.1" 200 244
190.147.72.254 - - [04/Mar/2015:08:26:25 -0500] "GET /BLA/resoluciones/RESOLUCIONES%202008/0007.pdf HTTP/1.1" 206 1095951
181.48.9.61 - - [04/Mar/2015:08:26:27 -0500] "GET /galeria/nivo-slider/demo/demo.html HTTP/1.1" 304 -
181.48.9.61 - - [04/Mar/2015:08:26:28 -0500] "GET /galeria/nivo-slider/themes/default/default.css HTTP/1.1" 304 -
181.48.9.61 - - [04/Mar/2015:08:26:28 -0500] "GET /galeria/nivo-slider/themes/pascal/pascal.css HTTP/1.1" 304 -
181.48.9.61 - - [04/Mar/2015:08:26:28 -0500] "GET /galeria/nivo-slider/themes/orman/orman.css HTTP/1.1" 304 -
181.48.9.61 - - [04/Mar/2015:08:26:28 -0500] "GET /galeria/nivo-slider/nivo-slider.css HTTP/1.1" 304 -
190.7.101.32 - - [04/Mar/2015:08:26:28 -0500] "GET /videos/Humedal_Comunidad.flv HTTP/1.1" 200 81021584
181.48.9.61 - - [04/Mar/2015:08:26:28 -0500] "GET /galeria/nivo-slider/demo/style.css HTTP/1.1" 304 -
66.249.67.84 - - [04/Mar/2015:08:26:34 -0500] "GET /BLA/resoluciones/AUTOS%202009/2774.pdf HTTP/1.1" 304 -
190.147.72.254 - - [04/Mar/2015:08:26:37 -0500] "GET /favicon.ico HTTP/1.1" 200 7782
181.48.9.61 - - [04/Mar/2015:08:26:37 -0500] "GET /galeria/nivo-slider/demo/scripts/jquery-1.7.1.min.js HTTP/1.1" 304 -
66.249.67.84 - - [04/Mar/2015:08:26:40 -0500] "GET /BLA/resoluciones/AUTOS%202006/AUTOS%202006%202101%20-%202200/00002176.tif HTTP/1.1" 200 56828
201.245.192.253 - - [04/Mar/2015:08:26:40 -0500] "POST /forest/actions/forms.saveForm?codPro=90 HTTP/1.1" 200 284
201.245.192.253 - - [04/Mar/2015:08:26:42 -0500] "GET /forest/index2.jsp?group_system_actual=5&a=0.6125999956857413 HTTP/1.1" 200 36028
201.245.192.253 - - [04/Mar/2015:08:26:42 -0500] "GET /forest/session.jsp?a=0.3000584542751312 HTTP/1.1" 200 4
201.245.192.253 - - [04/Mar/2015:08:26:42 -0500] "GET /galeria/nivo-slider/demo/demo.html HTTP/1.1" 304 -
201.245.192.253 - - [04/Mar/2015:08:26:43 -0500] "GET /galeria/nivo-slider/demo/images/Banner-decreto1299.jpg HTTP/1.1" 304 -
201.245.192.253 - - [04/Mar/2015:08:26:43 -0500] "GET /galeria/nivo-slider/demo/images/Conoce-los-humedales.jpg HTTP/1.1" 304 -
201.245.192.253 - - [04/Mar/2015:08:26:43 -0500] "GET /galeria/nivo-slider/themes/default/loading.gif HTTP/1.1" 304 -
201.245.192.253 - - [04/Mar/2015:08:26:43 -0500] "GET /forest/forms/showform.jsp?codPro=90&codForm=PRESTAMOEXPE&a=0.07947479793801904 HTTP/1.1" 200 17391
201.245.192.253 - - [04/Mar/2015:08:26:45 -0500] "GET /forest/actions/forms.getList?codForm=PRESTAMOEXPE&id=Numeroexpedientenuevo60&text=S HTTP/1.1" 200 952
201.245.192.253 - - [04/Mar/2015:08:26:46 -0500] "GET /forest/actions/forms.getList?codForm=PRESTAMOEXPE&id=Numeroexpedientenuevo60&text=SD HTTP/1.1" 200 965
181.48.9.61 - - [04/Mar/2015:08:26:46 -0500] "GET /galeria/nivo-slider/jquery.nivo.slider.pack.js HTTP/1.1" 304 -
201.245.192.253 - - [04/Mar/2015:08:26:46 -0500] "GET /forest/actions/forms.getList?codForm=PRESTAMOEXPE&id=Numeroexpedientenuevo60&text=SDA HTTP/1.1" 200 965
201.245.192.253 - - [04/Mar/2015:08:26:46 -0500] "GET /forest/actions/forms.getList?codForm=PRESTAMOEXPE&id=Numeroexpedientenuevo60&text=SDA- HTTP/1.1" 200 965
201.245.192.253 - - [04/Mar/2015:08:26:46 -0500] "GET /forest/actions/forms.getList?codForm=PRESTAMOEXPE&id=Numeroexpedientenuevo60&text=SDA-0 HTTP/1.1" 200 965
201.245.192.253 - - [04/Mar/2015:08:26:46 -0500] "GET /forest/actions/forms.getList?codForm=PRESTAMOEXPE&id=Numeroexpedientenuevo60&text=SDA-08 HTTP/1.1" 200 982
201.245.192.253 - - [04/Mar/2015:08:26:47 -0500] "GET /forest/actions/forms.getList?codForm=PRESTAMOEXPE&id=Numeroexpedientenuevo60&text=SDA-08- HTTP/1.1" 200 982
201.245.192.253 - - [04/Mar/2015:08:26:47 -0500] "GET /forest/actions/forms.getList?codForm=PRESTAMOEXPE&id=Numeroexpedientenuevo60&text=SDA-08-2 HTTP/1.1" 200 1001
201.245.192.253 - - [04/Mar/2015:08:26:47 -0500] "GET /forest/actions/forms.getList?codForm=PRESTAMOEXPE&id=Numeroexpedientenuevo60&text=SDA-08-20 HTTP/1.1" 200 1001
201.245.192.253 - - [04/Mar/2015:08:26:47 -0500] "GET /forest/actions/forms.getList?codForm=PRESTAMOEXPE&id=Numeroexpedientenuevo60&text=SDA-08-201 HTTP/1.1" 200 835
201.245.192.253 - - [04/Mar/2015:08:26:47 -0500] "GET /forest/actions/forms.getList?codForm=PRESTAMOEXPE&id=Numeroexpedientenuevo60&text=SDA-08-2014 HTTP/1.1" 200 997
201.245.192.253 - - [04/Mar/2015:08:26:47 -0500] "GET /forest/actions/forms.getList?codForm=PRESTAMOEXPE&id=Numeroexpedientenuevo60&text=SDA-08-2014- HTTP/1.1" 200 997
201.245.192.253 - - [04/Mar/2015:08:26:49 -0500] "GET /forest/actions/forms.getList?codForm=PRESTAMOEXPE&id=Numeroexpedientenuevo60&text=SDA-08-2014-2 HTTP/1.1" 200 1001
201.245.192.253 - - [04/Mar/2015:08:26:49 -0500] "GET /forest/actions/forms.getList?codForm=PRESTAMOEXPE&id=Numeroexpedientenuevo60&text=SDA-08-2014-23 HTTP/1.1" 200 995
201.245.192.253 - - [04/Mar/2015:08:26:49 -0500] "GET /forest/actions/forms.getList?codForm=PRESTAMOEXPE&id=Numeroexpedientenuevo60&text=SDA-08-2014-236 HTTP/1.1" 200 250
181.48.9.61 - - [04/Mar/2015:08:26:50 -0500] "GET /galeria/nivo-slider/demo/images/Banner-decreto1299.jpg HTTP/1.1" 304 -
201.245.192.253 - - [04/Mar/2015:08:26:50 -0500] "GET /forest/actions/forms.getMappedValues?id=Numeroexpedientenuevo60&value=1390496766077&codForm=PRESTAMOEXPE&a=0.8865099856629968 HTTP/1.1" 200 34
186.155.8.213 - - [04/Mar/2015:08:26:51 -0500] "GET /BLA/resoluciones/RESOLUCIONES%202008/0411.pdf HTTP/1.1" 200 991941
186.155.8.213 - - [04/Mar/2015:08:26:52 -0500] "GET /BLA/resoluciones/RESOLUCIONES%202008/0411.pdf HTTP/1.1" 206 32768
181.48.9.61 - - [04/Mar/2015:08:26:53 -0500] "GET /galeria/nivo-slider/demo/images/Banner-Directorio.jpg HTTP/1.1" 304 -
186.155.8.213 - - [04/Mar/2015:08:26:54 -0500] "GET /BLA/resoluciones/RESOLUCIONES%202008/0411.pdf HTTP/1.1" 206 959173
201.245.192.253 - - [04/Mar/2015:08:26:55 -0500] "GET /forest/actions/forms.getList?codForm=PRESTAMOEXPE&id=tercero12&text=8 HTTP/1.1" 200 1347
201.245.192.253 - - [04/Mar/2015:08:26:55 -0500] "GET /forest/actions/forms.getList?codForm=PRESTAMOEXPE&id=tercero12&text=83 HTTP/1.1" 200 1250
201.245.192.253 - - [04/Mar/2015:08:26:55 -0500] "GET /forest/actions/forms.getList?codForm=PRESTAMOEXPE&id=tercero12&text=830 HTTP/1.1" 200 1302
201.245.192.253 - - [04/Mar/2015:08:26:56 -0500] "GET /forest/actions/forms.getList?codForm=PRESTAMOEXPE&id=tercero12&text=8300 HTTP/1.1" 200 1270
201.245.192.253 - - [04/Mar/2015:08:26:57 -0500] "GET /forest/actions/forms.getList?codForm=PRESTAMOEXPE&id=tercero12&text=83004 HTTP/1.1" 200 1236
201.245.192.253 - - [04/Mar/2015:08:26:57 -0500] "GET /forest/xmlresponse.do?lista=searchTerceroByName&xmlret=1&todos=false&partNomTer=ADRIANA%20MORA%20LEON&a=0.754294130263004 HTTP/1.1" 200 189
201.245.192.253 - - [04/Mar/2015:08:26:57 -0500] "GET /forest/actions/forms.getList?codForm=PRESTAMOEXPE&id=tercero12&text=830042 HTTP/1.1" 200 1261
201.245.192.253 - - [04/Mar/2015:08:26:58 -0500] "GET /forest/json.do?query=terceroById&numTer=51968384&a=0.7185696938541898 HTTP/1.1" 200 659
201.245.192.253 - - [04/Mar/2015:08:26:57 -0500] "GET /forest/actions/forms.getList?codForm=PRESTAMOEXPE&id=tercero12&text=8300420 HTTP/1.1" 200 1101
201.245.192.253 - - [04/Mar/2015:08:26:58 -0500] "GET /forest/actions/forms.getList?codForm=PRESTAMOEXPE&id=tercero12&text=83004205 HTTP/1.1" 200 180
201.245.192.253 - - [04/Mar/2015:08:26:58 -0500] "GET /forest/actions/forms.getList?codForm=PRESTAMOEXPE&id=tercero12&text=830042052 HTTP/1.1" 200 63
181.48.9.61 - - [04/Mar/2015:08:27:03 -0500] "GET /galeria/nivo-slider/demo/images/Conoce-los-humedales.jpg HTTP/1.1" 304 -
190.26.246.94 - - [04/Mar/2015:08:27:04 -0500] "GET /galeria/galeria/jquery.fancybox.css?v=2.1.5 HTTP/1.1" 304 -
190.26.246.94 - - [04/Mar/2015:08:27:04 -0500] "GET /galeria/galeria/jquery.fancybox.js?v=2.1.5 HTTP/1.1" 304 -
190.26.246.94 - - [04/Mar/2015:08:27:06 -0500] "GET /galeria/nivo-slider/demo/demo.html HTTP/1.1" 200 4182
181.48.9.61 - - [04/Mar/2015:08:27:07 -0500] "GET /galeria/nivo-slider/demo/images/Banner_SEGAE.jpg HTTP/1.1" 304 -
181.50.28.44 - - [04/Mar/2015:08:27:08 -0500] "GET /BLA/resoluciones/RESOLUCIONES%202011/5156.pdf HTTP/1.1" 200 515521
201.245.192.253 - - [04/Mar/2015:08:27:10 -0500] "GET /forest/actions/forms.getList?codForm=PRESTAMOEXPE&id=Funcionario6&text=GI HTTP/1.1" 200 1249
201.245.192.253 - - [04/Mar/2015:08:27:11 -0500] "GET /forest/actions/forms.getList?codForm=PRESTAMOEXPE&id=Funcionario6&text=GIN HTTP/1.1" 200 318
201.245.192.253 - - [04/Mar/2015:08:27:11 -0500] "GET /forest/actions/forms.getList?codForm=PRESTAMOEXPE&id=Funcionario6&text=GINA HTTP/1.1" 200 244
190.26.246.94 - - [04/Mar/2015:08:27:11 -0500] "GET /galeria/nivo-slider/themes/default/default.css HTTP/1.1" 304 -
190.26.246.94 - - [04/Mar/2015:08:27:11 -0500] "GET /galeria/nivo-slider/demo/images/Banner-decreto1299.jpg HTTP/1.1" 200 182613
190.26.246.94 - - [04/Mar/2015:08:27:11 -0500] "GET /galeria/nivo-slider/demo/images/Banner-Directorio.jpg HTTP/1.1" 200 182068
190.26.246.94 - - [04/Mar/2015:08:27:11 -0500] "GET /galeria/nivo-slider/demo/images/Conoce-los-humedales.jpg HTTP/1.1" 200 294036
190.26.246.94 - - [04/Mar/2015:08:27:11 -0500] "GET /galeria/nivo-slider/demo/images/Banner_SEGAE.jpg HTTP/1.1" 200 169523
190.26.246.94 - - [04/Mar/2015:08:27:11 -0500] "GET /galeria/nivo-slider/demo/images/banner-V2.jpg HTTP/1.1" 200 167020
190.26.246.94 - - [04/Mar/2015:08:27:11 -0500] "GET /galeria/nivo-slider/demo/images/bolsas-08.jpg HTTP/1.1" 200 85589
190.26.246.94 - - [04/Mar/2015:08:27:12 -0500] "GET /galeria/nivo-slider/demo/images/Ruta-vertimientos-01.jpg HTTP/1.1" 200 130151
190.26.246.94 - - [04/Mar/2015:08:27:13 -0500] "GET /galeria/nivo-slider/demo/images/4Simple_Slider.png HTTP/1.1" 200 11722
190.26.246.94 - - [04/Mar/2015:08:27:13 -0500] "GET /galeria/nivo-slider/themes/default/loading.gif HTTP/1.1" 200 1737
190.26.246.94 - - [04/Mar/2015:08:27:13 -0500] "GET /galeria/nivo-slider/demo/images/ecolecta-Dic2014.png HTTP/1.1" 200 288593
201.245.192.253 - - [04/Mar/2015:08:27:13 -0500] "GET /forest/actions/forms.getList?codForm=PRESTAMOEXPE&id=Funcionario6&text=G HTTP/1.1" 200 1321
190.26.246.94 - - [04/Mar/2015:08:27:13 -0500] "GET /galeria/nivo-slider/demo/images/porloshumedales.jpg HTTP/1.1" 200 351238
190.26.246.94 - - [04/Mar/2015:08:27:13 -0500] "GET /galeria/nivo-slider/demo/images/Tingua-azul.jpg HTTP/1.1" 200 307638
190.26.246.94 - - [04/Mar/2015:08:27:13 -0500] "GET /galeria/nivo-slider/demo/images/Banner-Caracol-Africano.jpg HTTP/1.1" 200 331986
190.26.246.94 - - [04/Mar/2015:08:27:14 -0500] "GET /galeria/nivo-slider/demo/images/redes_sociales.jpg HTTP/1.1" 200 415652
190.26.246.94 - - [04/Mar/2015:08:27:14 -0500] "GET /galeria/nivo-slider/demo/images/9Signos.jpg HTTP/1.1" 200 93040
190.26.246.94 - - [04/Mar/2015:08:27:14 -0500] "GET /galeria/nivo-slider/demo/images/banner-llantas2.jpg HTTP/1.1" 200 73153
190.26.246.94 - - [04/Mar/2015:08:27:14 -0500] "GET /galeria/nivo-slider/demo/images/banner-caballos.png HTTP/1.1" 200 389106
190.26.246.94 - - [04/Mar/2015:08:27:15 -0500] "GET /galeria/nivo-slider/demo/images/bolsas-06.jpg HTTP/1.1" 200 90982
181.48.9.61 - - [04/Mar/2015:08:27:16 -0500] "GET /galeria/nivo-slider/demo/images/banner-V2.jpg HTTP/1.1" 304 -
186.155.8.213 - - [04/Mar/2015:08:27:17 -0500] "GET /favicon.ico HTTP/1.1" 200 7782
190.26.246.94 - - [04/Mar/2015:08:27:17 -0500] "GET /videos/Humedal_Comunidad.flv HTTP/1.1" 200 81021584
190.26.246.94 - - [04/Mar/2015:08:27:18 -0500] "GET /galeria/nivo-slider/themes/default/arrows.png HTTP/1.1" 200 824
190.26.246.94 - - [04/Mar/2015:08:27:18 -0500] "GET /galeria/nivo-slider/themes/default/bullets.png HTTP/1.1" 200 1281
201.245.192.253 - - [04/Mar/2015:08:27:19 -0500] "GET /forest/actions/forms.getList?codForm=PRESTAMOEXPE&id=Funcionario6&text=GINA HTTP/1.1" 200 244
201.245.192.253 - - [04/Mar/2015:08:27:19 -0500] "POST /forest/radicacion.do?codMod=80&group_system_actual=4 HTTP/1.1" 200 356
201.245.192.253 - - [04/Mar/2015:08:27:19 -0500] "GET /forest/xmlresponse.do?xmlresult=1&lista=getProcesosTerceros&numTer=51968384&a=0.5231299723968507 HTTP/1.1" 200 51
201.245.192.253 - - [04/Mar/2015:08:27:19 -0500] "GET /forest/xmlresponse.do?xmlresult=1&lista=getXMLQuery&queryId=rpt/getListProcesosByDepNoProject&coddep=293&codmod=80&coddepx=293&a=0.59721424776793&a=0.1908200851596359 HTTP/1.1" 200 19295
201.245.192.253 - - [04/Mar/2015:08:27:20 -0500] "GET /forest/json.do?query=tipDocsByClaDoc&claDoc=1&a=0.046153198814211316&a=0.12137405986994454 HTTP/1.1" 200 238
181.48.9.61 - - [04/Mar/2015:08:27:22 -0500] "GET /galeria/nivo-slider/demo/images/bolsas-08.jpg HTTP/1.1" 304 -
201.245.192.253 - - [04/Mar/2015:08:27:27 -0500] "GET /forest/session.jsp?a=0.7842999913264066 HTTP/1.1" 200 4
201.245.192.253 - - [04/Mar/2015:08:27:29 -0500] "GET /forest/forms/showform.jsp?codPro=90&codForm=PRESTAMOEXPE&a=0.8002219228073955 HTTP/1.1" 200 17391
191.95.248.117 - - [04/Mar/2015:08:27:33 -0500] "GET /BLA/boletinlegal/js/jquery.scrollShow.js HTTP/1.1" 200 4586
191.95.248.117 - - [04/Mar/2015:08:27:33 -0500] "GET /BLA/boletinlegal/js/jquery.scrollTo-min.js HTTP/1.1" 200 1150
191.95.248.117 - - [04/Mar/2015:08:27:33 -0500] "GET /galeria/galeria/jquery.fancybox.css?v=2.1.5 HTTP/1.1" 200 4895
191.95.248.117 - - [04/Mar/2015:08:27:36 -0500] "GET /galeria/galeria/jquery.fancybox.js?v=2.1.5 HTTP/1.1" 200 48706
201.245.192.253 - - [04/Mar/2015:08:27:35 -0500] "GET /forest/actions/forms.getList?codForm=PRESTAMOEXPE&id=Numeroexpedientenuevo60&text=S HTTP/1.1" 200 952
201.245.192.253 - - [04/Mar/2015:08:27:36 -0500] "GET /forest/actions/forms.getList?codForm=PRESTAMOEXPE&id=Numeroexpedientenuevo60&text=SD HTTP/1.1" 200 965
201.245.192.253 - - [04/Mar/2015:08:27:36 -0500] "GET /forest/actions/forms.getList?codForm=PRESTAMOEXPE&id=Numeroexpedientenuevo60&text=SDA HTTP/1.1" 200 965
201.245.192.253 - - [04/Mar/2015:08:27:36 -0500] "GET /forest/actions/forms.getList?codForm=PRESTAMOEXPE&id=Numeroexpedientenuevo60&text=SDA- HTTP/1.1" 200 965
201.245.192.253 - - [04/Mar/2015:08:27:36 -0500] "GET /forest/actions/forms.getList?codForm=PRESTAMOEXPE&id=Numeroexpedientenuevo60&text=SDA-0 HTTP/1.1" 200 965
186.30.212.171 - - [04/Mar/2015:08:27:36 -0500] "GET /BLA/boletinlegal/js/jquery.scrollShow.js HTTP/1.1" 200 4586
186.30.212.171 - - [04/Mar/2015:08:27:36 -0500] "GET /galeria/galeria/jquery.fancybox.css?v=2.1.5 HTTP/1.1" 200 4895
186.30.212.171 - - [04/Mar/2015:08:27:36 -0500] "GET /BLA/boletinlegal/js/jquery.scrollTo-min.js HTTP/1.1" 200 1150
186.30.212.171 - - [04/Mar/2015:08:27:36 -0500] "GET /galeria/galeria/jquery.fancybox.js?v=2.1.5 HTTP/1.1" 200 48706
201.245.192.253 - - [04/Mar/2015:08:27:36 -0500] "GET /forest/actions/forms.getList?codForm=PRESTAMOEXPE&id=Numeroexpedientenuevo60&text=SDA-08 HTTP/1.1" 200 982
201.245.192.253 - - [04/Mar/2015:08:27:37 -0500] "GET /forest/actions/forms.getList?codForm=PRESTAMOEXPE&id=Numeroexpedientenuevo60&text=SDA-08- HTTP/1.1" 200 982
186.155.8.213 - - [04/Mar/2015:08:27:37 -0500] "GET /BLA/boletinlegal/js/jquery.scrollTo-min.js HTTP/1.1" 200 1150
201.245.192.253 - - [04/Mar/2015:08:27:37 -0500] "GET /forest/actions/forms.getList?codForm=PRESTAMOEXPE&id=Numeroexpedientenuevo60&text=SDA-08-2 HTTP/1.1" 200 1001
186.155.8.213 - - [04/Mar/2015:08:27:37 -0500] "GET /galeria/galeria/jquery.fancybox.js?v=2.1.5 HTTP/1.1" 200 48706
186.155.8.213 - - [04/Mar/2015:08:27:37 -0500] "GET /BLA/boletinlegal/js/jquery.scrollShow.js HTTP/1.1" 200 4586
201.245.192.253 - - [04/Mar/2015:08:27:37 -0500] "GET /forest/actions/forms.getList?codForm=PRESTAMOEXPE&id=Numeroexpedientenuevo60&text=SDA-08-20 HTTP/1.1" 200 1001
201.245.192.253 - - [04/Mar/2015:08:27:37 -0500] "GET /forest/actions/forms.getList?codForm=PRESTAMOEXPE&id=Numeroexpedientenuevo60&text=SDA-08-201 HTTP/1.1" 200 835
201.245.192.253 - - [04/Mar/2015:08:27:37 -0500] "GET /forest/actions/forms.getList?codForm=PRESTAMOEXPE&id=Numeroexpedientenuevo60&text=SDA-08-2014 HTTP/1.1" 200 997
186.155.8.213 - - [04/Mar/2015:08:27:38 -0500] "GET /galeria/galeria/jquery.fancybox.css?v=2.1.5 HTTP/1.1" 200 4895
201.245.192.253 - - [04/Mar/2015:08:27:38 -0500] "GET /forest/actions/forms.getList?codForm=PRESTAMOEXPE&id=Numeroexpedientenuevo60&text=SDA-08-2014- HTTP/1.1" 200 997
201.245.192.253 - - [04/Mar/2015:08:27:38 -0500] "GET /forest/actions/forms.getList?codForm=PRESTAMOEXPE&id=Numeroexpedientenuevo60&text=SDA-08-2014-2 HTTP/1.1" 200 1001
201.245.192.253 - - [04/Mar/2015:08:27:38 -0500] "GET /forest/actions/forms.getList?codForm=PRESTAMOEXPE&id=Numeroexpedientenuevo60&text=SDA-08-2014-23 HTTP/1.1" 200 995
201.245.192.253 - - [04/Mar/2015:08:27:38 -0500] "GET /forest/actions/forms.getList?codForm=PRESTAMOEXPE&id=Numeroexpedientenuevo60&text=SDA-08-2014-237 HTTP/1.1" 200 300
201.245.192.253 - - [04/Mar/2015:08:27:40 -0500] "GET /forest/actions/forms.getMappedValues?id=Numeroexpedientenuevo60&value=1390497787021&codForm=PRESTAMOEXPE&a=0.12241152604110539 HTTP/1.1" 200 34
201.245.192.253 - - [04/Mar/2015:08:27:44 -0500] "GET /forest/actions/forms.getList?codForm=PRESTAMOEXPE&id=tercero12&text=8 HTTP/1.1" 200 1347
201.245.192.253 - - [04/Mar/2015:08:27:44 -0500] "GET /forest/actions/forms.getList?codForm=PRESTAMOEXPE&id=tercero12&text=86 HTTP/1.1" 200 1245
186.145.58.53 - - [04/Mar/2015:08:27:46 -0500] "POST /forms/lservlet;jsessionid=ac16012b30d62e39ac9c910f4f59a238bef0617bd3a7.e3iSbxaKaheRe3eNbhaPbhuQa41ynknvrkLOlQzNp65In0 HTTP/1.1" 200 2
201.245.192.253 - - [04/Mar/2015:08:27:47 -0500] "GET /forest/actions/forms.getList?codForm=PRESTAMOEXPE&id=Numeroexpedientenuevo60&text=SDA-08-2014-237 HTTP/1.1" 200 300
201.245.192.253 - - [04/Mar/2015:08:27:48 -0500] "GET /forest/actions/forms.getList?codForm=PRESTAMOEXPE&id=Numeroexpedientenuevo60&text=SDA-08-2014-23 HTTP/1.1" 200 995
201.245.192.253 - - [04/Mar/2015:08:27:48 -0500] "GET /forest/actions/forms.getList?codForm=PRESTAMOEXPE&id=Numeroexpedientenuevo60&text=SDA-08-2014-236 HTTP/1.1" 200 250
190.25.229.113 - - [04/Mar/2015:08:27:50 -0500] "GET /galeria/galeria/jquery.fancybox.css?v=2.1.5 HTTP/1.1" 200 4895
190.25.229.113 - - [04/Mar/2015:08:27:50 -0500] "GET /BLA/boletinlegal/js/jquery.scrollTo-min.js HTTP/1.1" 200 1150
190.25.229.113 - - [04/Mar/2015:08:27:50 -0500] "GET /BLA/boletinlegal/js/jquery.scrollShow.js HTTP/1.1" 200 4586
190.25.229.113 - - [04/Mar/2015:08:27:50 -0500] "GET /galeria/galeria/jquery.fancybox.js?v=2.1.5 HTTP/1.1" 200 48706
201.245.192.253 - - [04/Mar/2015:08:27:53 -0500] "GET /forest/actions/forms.getMappedValues?id=Numeroexpedientenuevo60&value=1390496766077&codForm=PRESTAMOEXPE&a=0.200446967035532 HTTP/1.1" 200 34
181.50.28.44 - - [04/Mar/2015:08:27:53 -0500] "GET /BLA/resoluciones/RESOLUCIONES%202011/6309.pdf HTTP/1.1" 200 277607
201.245.192.253 - - [04/Mar/2015:08:27:53 -0500] "GET /forest/actions/forms.getList?codForm=PRESTAMOEXPE&id=tercero12&text=86 HTTP/1.1" 200 1245
181.48.9.61 - - [04/Mar/2015:08:27:54 -0500] "GET /galeria/nivo-slider/themes/default/default.css HTTP/1.1" 304 -
66.249.67.104 - - [04/Mar/2015:08:27:54 -0500] "GET /PruebasSTORM/StormSDA_pruebas/userFiles/user_files/98/desasociaFormula.xml HTTP/1.1" 200 58
181.48.9.61 - - [04/Mar/2015:08:27:56 -0500] "GET /galeria/nivo-slider/themes/pascal/pascal.css HTTP/1.1" 304 -
201.245.192.253 - - [04/Mar/2015:08:27:57 -0500] "GET /forest/actions/forms.getList?codForm=PRESTAMOEXPE&id=tercero12&text=8 HTTP/1.1" 200 1347
190.85.107.166 - - [04/Mar/2015:08:27:57 -0500] "GET /BLA/boletinlegal/js/jquery.scrollTo-min.js HTTP/1.1" 200 1150
201.245.192.253 - - [04/Mar/2015:08:27:57 -0500] "GET /forest/actions/forms.getList?codForm=PRESTAMOEXPE&id=tercero12&text= HTTP/1.1" 200 1351
190.85.107.166 - - [04/Mar/2015:08:27:57 -0500] "GET /BLA/boletinlegal/js/jquery.scrollShow.js HTTP/1.1" 200 4586
190.85.107.166 - - [04/Mar/2015:08:27:57 -0500] "GET /galeria/galeria/jquery.fancybox.js?v=2.1.5 HTTP/1.1" 200 48706
201.245.192.253 - - [04/Mar/2015:08:27:58 -0500] "GET /forest/actions/forms.getList?codForm=PRESTAMOEXPE&id=tercero12&text=8 HTTP/1.1" 200 1347
190.85.107.166 - - [04/Mar/2015:08:27:58 -0500] "GET /galeria/galeria/jquery.fancybox.css?v=2.1.5 HTTP/1.1" 200 4895
201.245.192.253 - - [04/Mar/2015:08:27:58 -0500] "GET /forest/actions/forms.getList?codForm=PRESTAMOEXPE&id=tercero12&text=83 HTTP/1.1" 200 1250
201.245.192.253 - - [04/Mar/2015:08:27:58 -0500] "GET /forest/actions/forms.getList?codForm=PRESTAMOEXPE&id=tercero12&text=830 HTTP/1.1" 200 1302
201.245.192.253 - - [04/Mar/2015:08:27:59 -0500] "GET /forest/actions/forms.getList?codForm=PRESTAMOEXPE&id=tercero12&text=8300 HTTP/1.1" 200 1270
181.48.9.61 - - [04/Mar/2015:08:27:59 -0500] "GET /galeria/nivo-slider/themes/orman/orman.css HTTP/1.1" 304 -
201.245.192.253 - - [04/Mar/2015:08:27:59 -0500] "GET /forest/actions/forms.getList?codForm=PRESTAMOEXPE&id=tercero12&text=83004 HTTP/1.1" 200 1236
181.48.9.61 - - [04/Mar/2015:08:28:00 -0500] "GET /galeria/nivo-slider/nivo-slider.css HTTP/1.1" 304 -
201.245.192.253 - - [04/Mar/2015:08:27:59 -0500] "GET /forest/actions/forms.getList?codForm=PRESTAMOEXPE&id=tercero12&text=830042 HTTP/1.1" 200 1261
181.48.9.61 - - [04/Mar/2015:08:28:00 -0500] "GET /galeria/nivo-slider/demo/style.css HTTP/1.1" 304 -
201.245.192.253 - - [04/Mar/2015:08:28:00 -0500] "GET /isolucionsda/FrameSetGeneral.asp?Pagina=MagazinHome.asp HTTP/1.1" 200 6450
201.245.192.253 - - [04/Mar/2015:08:28:00 -0500] "GET /isolucionsda/Encabezado.asp?Pagina=MagazinHome.asp HTTP/1.1" 200 15210
201.245.192.253 - - [04/Mar/2015:08:28:00 -0500] "GET /isolucionsda/BarraTitulos.asp?Pagina=MagazinHome.asp HTTP/1.1" 200 6844
181.48.9.61 - - [04/Mar/2015:08:28:00 -0500] "GET /videos/Humedal_Comunidad.flv HTTP/1.1" 304 -
201.245.192.253 - - [04/Mar/2015:08:28:00 -0500] "GET /isolucionsda/BarraFavoritos.asp HTTP/1.1" 200 911
201.245.192.253 - - [04/Mar/2015:08:28:00 -0500] "GET /isolucionsda/Session.asp?Continue=1 HTTP/1.1" 200 6196
201.245.192.253 - - [04/Mar/2015:08:28:00 -0500] "GET /isolucionsda/MagazinHome.asp?Pagina=MagazinHome.asp HTTP/1.1" 200 27050
201.245.192.253 - - [04/Mar/2015:08:28:00 -0500] "GET /isolucionsda/g/Bgr_Destacado3399CC.jpg HTTP/1.1" 404 5217
201.245.192.253 - - [04/Mar/2015:08:28:00 -0500] "GET /isolucionsda/TareasSFRedirect.asp HTTP/1.1" 302 195
201.245.192.253 - - [04/Mar/2015:08:28:00 -0500] "GET /isolucionsda/Login.aspx?TARGET=SFContainerFiltrado.aspx&number=53695466685549484556 HTTP/1.1" 302 886
201.245.192.253 - - [04/Mar/2015:08:28:02 -0500] "GET /isolucionsda/SFContainerFiltrado.aspx?Number=53695466685549484556 HTTP/1.1" 200 14314
201.245.192.253 - - [04/Mar/2015:08:28:02 -0500] "GET /isolucionsda/DetalleTareas.aspx?Number=53695466685549484556 HTTP/1.1" 200 5355
201.245.192.253 - - [04/Mar/2015:08:28:02 -0500] "GET /isolucionsda/auxlib.js HTTP/1.1" 404 5185
201.245.192.253 - - [04/Mar/2015:08:28:02 -0500] "GET /isolucionsda/infowndcore.js HTTP/1.1" 404 5195
201.245.192.253 - - [04/Mar/2015:08:28:02 -0500] "GET /isolucionsda/infowndpublic.js HTTP/1.1" 404 5199
201.245.192.253 - - [04/Mar/2015:08:28:00 -0500] "GET /forest/actions/forms.getList?codForm=PRESTAMOEXPE&id=tercero12&text=8300420 HTTP/1.1" 200 1101
201.245.192.253 - - [04/Mar/2015:08:28:00 -0500] "GET /forest/actions/forms.getList?codForm=PRESTAMOEXPE&id=tercero12&text=83004205 HTTP/1.1" 200 180
201.245.192.253 - - [04/Mar/2015:08:28:02 -0500] "GET /forest/ HTTP/1.1" 200 12815
201.245.192.253 - - [04/Mar/2015:08:28:00 -0500] "GET /forest/actions/forms.getList?codForm=PRESTAMOEXPE&id=tercero12&text=830042052 HTTP/1.1" 200 63
201.244.55.205 - - [04/Mar/2015:08:28:05 -0500] "GET /isolucionsda/g/Bot_MejoramientoOver_ESP.jpg HTTP/1.1" 200 6165
201.245.192.253 - - [04/Mar/2015:08:28:06 -0500] "GET /forest/actions/forms.getList?codForm=PRESTAMOEXPE&id=Funcionario6&text=G HTTP/1.1" 200 1321
201.245.192.253 - - [04/Mar/2015:08:28:07 -0500] "GET /forest/actions/forms.getList?codForm=PRESTAMOEXPE&id=Funcionario6&text=GI HTTP/1.1" 200 1249
201.245.192.253 - - [04/Mar/2015:08:28:07 -0500] "GET /forest/actions/forms.getList?codForm=PRESTAMOEXPE&id=Funcionario6&text=GIN HTTP/1.1" 200 318
201.245.192.253 - - [04/Mar/2015:08:28:07 -0500] "GET /forest/actions/forms.getList?codForm=PRESTAMOEXPE&id=Funcionario6&text=GINA HTTP/1.1" 200 244
201.245.192.253 - - [04/Mar/2015:08:28:07 -0500] "GET /forest/actions/forms.getList?codForm=PRESTAMOEXPE&id=Funcionario6&text=GINA%20 HTTP/1.1" 200 244
201.245.192.253 - - [04/Mar/2015:08:28:08 -0500] "GET /forest/actions/forms.getList?codForm=PRESTAMOEXPE&id=Funcionario6&text=GINA%20E HTTP/1.1" 200 63
201.245.192.253 - - [04/Mar/2015:08:28:08 -0500] "GET /forest/actions/forms.getList?codForm=PRESTAMOEXPE&id=Funcionario6&text=GINA%20ED HTTP/1.1" 200 63
201.244.55.205 - - [04/Mar/2015:08:28:09 -0500] "GET /isolucionsda/g/Bot_RiesgosOver_ESP.jpg HTTP/1.1" 200 4907
201.245.192.253 - - [04/Mar/2015:08:28:12 -0500] "POST /forest/actions/forms.saveForm?codPro=90 HTTP/1.1" 200 284
201.245.192.253 - - [04/Mar/2015:08:28:14 -0500] "POST /forest/login.do HTTP/1.1" 302 -
190.9.200.217 - - [04/Mar/2015:08:28:14 -0500] "GET /galeria/galeria/jquery.fancybox.css?v=2.1.5 HTTP/1.1" 200 4895
190.9.200.217 - - [04/Mar/2015:08:28:14 -0500] "GET /BLA/boletinlegal/js/jquery.scrollTo-min.js HTTP/1.1" 200 1150
190.9.200.217 - - [04/Mar/2015:08:28:14 -0500] "GET /BLA/boletinlegal/js/jquery.scrollShow.js HTTP/1.1" 200 4586
190.9.200.217 - - [04/Mar/2015:08:28:14 -0500] "GET /galeria/galeria/jquery.fancybox.js?v=2.1.5 HTTP/1.1" 200 48706
201.245.192.253 - - [04/Mar/2015:08:28:15 -0500] "GET /forest/index2.jsp?group_system_actual=5&a=0.957029867451638 HTTP/1.1" 200 36028
201.245.192.253 - - [04/Mar/2015:08:28:15 -0500] "GET /forest/session.jsp?a=0.5073948490899056 HTTP/1.1" 200 4
201.245.192.253 - - [04/Mar/2015:08:28:14 -0500] "GET /forest/index2.jsp?a=0.6151484641773232 HTTP/1.1" 200 145572
201.245.192.253 - - [04/Mar/2015:08:28:16 -0500] "GET /forest/session.jsp?a=0.9093540250520428 HTTP/1.1" 200 4
181.48.9.61 - - [04/Mar/2015:08:28:19 -0500] "GET /videos/Humedal_Comunidad.flv HTTP/1.1" 304 -
181.48.9.61 - - [04/Mar/2015:08:28:19 -0500] "GET /galeria/nivo-slider/demo/scripts/jquery-1.7.1.min.js HTTP/1.1" 304 -
181.48.9.61 - - [04/Mar/2015:08:28:20 -0500] "GET /galeria/nivo-slider/jquery.nivo.slider.pack.js HTTP/1.1" 304 -
201.245.192.253 - - [04/Mar/2015:08:28:20 -0500] "GET /forest/radicacion.do?codMod=11&_a=0.518914000044145&group_system_actual=4 HTTP/1.1" 200 67799
201.245.192.253 - - [04/Mar/2015:08:28:20 -0500] "GET /forest/forms/showform.jsp?codPro=90&codForm=PRESTAMOEXPE&a=0.3405095376074314 HTTP/1.1" 200 17391
201.245.192.253 - - [04/Mar/2015:08:28:21 -0500] "GET /forest/js/sarissa.js?version=1412.231748 HTTP/1.1" 304 -
201.245.192.253 - - [04/Mar/2015:08:28:21 -0500] "GET /forest/json.do?query=tipDocsByClaDoc&claDoc=1&a=0.8493086777542802&a=0.14380369863704434 HTTP/1.1" 200 238
201.245.192.253 - - [04/Mar/2015:08:28:21 -0500] "GET /forest/js/xml_utilities.js?version=1412.231748 HTTP/1.1" 304 -
201.245.192.253 - - [04/Mar/2015:08:28:21 -0500] "GET /forest/session.jsp?a=0.9000057323155807 HTTP/1.1" 200 4
201.245.192.253 - - [04/Mar/2015:08:28:21 -0500] "GET /forest/json.do?query=fuenteTipMed&tipMed=&a=0.2583397440668398&a=0.006759326732336701 HTTP/1.1" 200 2
201.245.192.253 - - [04/Mar/2015:08:28:22 -0500] "GET /forest/actions/forms.getList?codForm=PRESTAMOEXPE&id=Numeroexpedientenuevo60&text=S HTTP/1.1" 200 952
201.245.192.253 - - [04/Mar/2015:08:28:22 -0500] "GET /forest/actions/forms.getList?codForm=PRESTAMOEXPE&id=Numeroexpedientenuevo60&text=SD HTTP/1.1" 200 965
201.245.192.253 - - [04/Mar/2015:08:28:22 -0500] "GET /forest/actions/forms.getList?codForm=PRESTAMOEXPE&id=Numeroexpedientenuevo60&text=SDA HTTP/1.1" 200 965
201.245.192.253 - - [04/Mar/2015:08:28:23 -0500] "GET /forest/actions/forms.getList?codForm=PRESTAMOEXPE&id=Numeroexpedientenuevo60&text=SDA- HTTP/1.1" 200 965
201.245.192.253 - - [04/Mar/2015:08:28:23 -0500] "GET /forest/actions/forms.getList?codForm=PRESTAMOEXPE&id=Numeroexpedientenuevo60&text=SDA-0 HTTP/1.1" 200 965
181.48.9.61 - - [04/Mar/2015:08:28:23 -0500] "GET /galeria/nivo-slider/demo/images/4Simple_Slider.png HTTP/1.1" 304 -
201.245.192.253 - - [04/Mar/2015:08:28:23 -0500] "GET /forest/actions/forms.getList?codForm=PRESTAMOEXPE&id=Numeroexpedientenuevo60&text=SDA-08 HTTP/1.1" 200 982
201.245.192.253 - - [04/Mar/2015:08:28:23 -0500] "GET /forest/actions/forms.getList?codForm=PRESTAMOEXPE&id=Numeroexpedientenuevo60&text=SDA-08- HTTP/1.1" 200 982
201.245.192.253 - - [04/Mar/2015:08:28:23 -0500] "GET /forest/actions/forms.getList?codForm=PRESTAMOEXPE&id=Numeroexpedientenuevo60&text=SDA-08-2 HTTP/1.1" 200 1001
201.245.192.253 - - [04/Mar/2015:08:28:23 -0500] "GET /forest/actions/forms.getList?codForm=PRESTAMOEXPE&id=Numeroexpedientenuevo60&text=SDA-08-20 HTTP/1.1" 200 1001
201.245.192.253 - - [04/Mar/2015:08:28:24 -0500] "GET /forest/actions/forms.getList?codForm=PRESTAMOEXPE&id=Numeroexpedientenuevo60&text=SDA-08-201 HTTP/1.1" 200 835
201.245.192.253 - - [04/Mar/2015:08:28:24 -0500] "GET /forest/actions/forms.getList?codForm=PRESTAMOEXPE&id=Numeroexpedientenuevo60&text=SDA-08-2014 HTTP/1.1" 200 997
190.9.200.217 - - [04/Mar/2015:08:28:24 -0500] "GET /galeria/carrusel/Carrusel/jquery-ui-1.8.13.custom.min.js HTTP/1.1" 200 10800
190.9.200.217 - - [04/Mar/2015:08:28:24 -0500] "GET /galeria/carrusel/Carrusel/jquery.thumbnailScroller.css HTTP/1.1" 200 2066
201.245.192.253 - - [04/Mar/2015:08:28:24 -0500] "GET /forest/actions/forms.getList?codForm=PRESTAMOEXPE&id=Numeroexpedientenuevo60&text=SDA-08-2014- HTTP/1.1" 200 997
181.48.9.61 - - [04/Mar/2015:08:28:25 -0500] "GET /galeria/nivo-slider/themes/default/loading.gif HTTP/1.1" 304 -
201.245.192.253 - - [04/Mar/2015:08:28:25 -0500] "GET /forest/actions/forms.getList?codForm=PRESTAMOEXPE&id=Numeroexpedientenuevo60&text=SDA-08-2014-2 HTTP/1.1" 200 1001
201.245.192.253 - - [04/Mar/2015:08:28:25 -0500] "GET /forest/actions/forms.getList?codForm=PRESTAMOEXPE&id=Numeroexpedientenuevo60&text=SDA-08-2014-27 HTTP/1.1" 200 996
181.48.9.61 - - [04/Mar/2015:08:28:25 -0500] "GET /galeria/nivo-slider/demo/images/Banner-decreto1299.jpg HTTP/1.1" 304 -
201.245.192.253 - - [04/Mar/2015:08:28:25 -0500] "GET /forest/actions/forms.getList?codForm=PRESTAMOEXPE&id=Numeroexpedientenuevo60&text=SDA-08-2014-2 HTTP/1.1" 200 1001
201.245.192.253 - - [04/Mar/2015:08:28:26 -0500] "GET /forest/actions/forms.getList?codForm=PRESTAMOEXPE&id=Numeroexpedientenuevo60&text=SDA-08-2014-23 HTTP/1.1" 200 995
181.48.9.61 - - [04/Mar/2015:08:28:26 -0500] "GET /galeria/nivo-slider/demo/images/bolsas-08.jpg HTTP/1.1" 304 -
201.245.192.253 - - [04/Mar/2015:08:28:26 -0500] "GET /forest/actions/forms.getList?codForm=PRESTAMOEXPE&id=Numeroexpedientenuevo60&text=SDA-08-2014-237 HTTP/1.1" 200 300
181.48.9.61 - - [04/Mar/2015:08:28:27 -0500] "GET /galeria/nivo-slider/demo/images/Ruta-vertimientos-01.jpg HTTP/1.1" 304 -
201.245.192.253 - - [04/Mar/2015:08:28:27 -0500] "GET /forest/actions/forms.getMappedValues?id=Numeroexpedientenuevo60&value=1390497787021&codForm=PRESTAMOEXPE&a=0.35239907330833375 HTTP/1.1" 200 34
201.245.192.253 - - [04/Mar/2015:08:28:30 -0500] "GET /forest/actions/forms.getList?codForm=PRESTAMOEXPE&id=tercero12&text=8 HTTP/1.1" 200 1347
201.245.192.253 - - [04/Mar/2015:08:28:31 -0500] "GET /forest/actions/forms.getList?codForm=PRESTAMOEXPE&id=tercero12&text=86 HTTP/1.1" 200 1245
201.245.192.253 - - [04/Mar/2015:08:28:31 -0500] "GET /forest/img/jquery/ui-bg_glass_75_d0e5f5_1x400.png HTTP/1.1" 304 -
201.245.192.253 - - [04/Mar/2015:08:28:31 -0500] "GET /forest/actions/forms.getList?codForm=PRESTAMOEXPE&id=tercero12&text=860 HTTP/1.1" 200 1113
201.245.192.253 - - [04/Mar/2015:08:28:31 -0500] "GET /forest/skins/gdocs-jar/popup/popup.jsp?width=1100&height=500&title=Buscar%20procesos&uri=/forest/buscar.do%3Ftype%3Dprocesos&name=undefined&_a=0.5213256270326085&a=0.2906422678678664 HTTP/1.1" 200 1296
201.245.192.253 - - [04/Mar/2015:08:28:32 -0500] "GET /forest/buscar.do?type=procesos HTTP/1.1" 200 84382
201.245.192.253 - - [04/Mar/2015:08:28:32 -0500] "GET /galeria/nivo-slider/demo/demo.html HTTP/1.1" 304 -
201.245.192.253 - - [04/Mar/2015:08:28:32 -0500] "GET /forest/skins/gdocs-jar/css/tree.css?version=1412.231748 HTTP/1.1" 304 -
201.245.192.253 - - [04/Mar/2015:08:28:32 -0500] "GET /forest/1ibre/protoaculous.js?version=1412.231748 HTTP/1.1" 304 -
201.245.192.253 - - [04/Mar/2015:08:28:32 -0500] "GET /forest/1ibre/jscalendar/calendar.js?version=1412.231748 HTTP/1.1" 304 -
201.245.192.253 - - [04/Mar/2015:08:28:32 -0500] "GET /forest/1ibre/jscalendar/calendar-setup.js?version=1412.231748 HTTP/1.1" 304 -
201.245.192.253 - - [04/Mar/2015:08:28:32 -0500] "GET /isolucionsda/FrameSetGeneral.asp?Pagina=Menu.asp&IdModulo=4 HTTP/1.1" 200 205
201.245.192.253 - - [04/Mar/2015:08:28:32 -0500] "GET /forest/json.do?query=versionListadas HTTP/1.1" 200 15
201.245.192.253 - - [04/Mar/2015:08:28:32 -0500] "GET /forest/json.do?query=procesIniciales HTTP/1.1" 200 10116
201.245.192.253 - - [04/Mar/2015:08:28:32 -0500] "GET /forest/actions/forms.getList?codForm=PRESTAMOEXPE&id=tercero12&text=8605 HTTP/1.1" 200 1157
201.245.192.253 - - [04/Mar/2015:08:28:33 -0500] "GET /forest/json.do?query=usersByDep&coddep=221 HTTP/1.1" 200 3566
