188.165.15.198 - - [28/Mar/2015:05:38:09 -0500] "GET /BLA/resoluciones/RESOLUCIONES%202005/RES%202005%202151-2200/00002176.tif HTTP/1.1" 200 172338
188.165.15.198 - - [28/Mar/2015:05:38:09 -0500] "GET /BLA/resoluciones/RESOLUCIONES%202005/RES%202005%201001-1050/00001029.tif HTTP/1.1" 200 149772
188.165.15.198 - - [28/Mar/2015:05:38:27 -0500] "GET /BLA/resoluciones/RESOLUCIONES%202004/RES%202004%20951-1000/00000977.tif HTTP/1.1" 200 153710
188.165.15.198 - - [28/Mar/2015:05:38:44 -0500] "GET /BLA/resoluciones/RESOLUCIONES%202004/RES%202004%20751-800/00000756.tif HTTP/1.1" 200 181434
188.165.15.198 - - [28/Mar/2015:05:38:51 -0500] "GET /BLA/resoluciones/RESOLUCIONES%202006/RES%202006%202101-2150/00002142.tif HTTP/1.1" 200 143946
201.245.192.253 - - [28/Mar/2015:05:40:33 -0500] "GET /forest/session.jsp?a=0.2708776729059629 HTTP/1.1" 200 4
188.165.15.198 - - [28/Mar/2015:05:40:41 -0500] "GET /BLA/resoluciones/RESOLUCIONES%202002/RES%202002%201901-1950/20021921.tif HTTP/1.1" 200 107624
188.165.15.198 - - [28/Mar/2015:05:40:59 -0500] "GET /BLA/resoluciones/RESOLUCIONES%202003/RES%202003%201701-1750/20031732.tif HTTP/1.1" 200 256718
66.249.75.36 - - [28/Mar/2015:05:41:15 -0500] "GET /BLA/resoluciones/Notificaciones/AUTOS%202014/4048.doc HTTP/1.1" 304 -
74.86.158.107 - - [28/Mar/2015:05:41:31 -0500] "HEAD / HTTP/1.1" 302 -
201.245.192.253 - - [28/Mar/2015:05:41:47 -0500] "GET /forest/session.jsp?a=0.4747909582201534 HTTP/1.1" 200 4
66.249.75.36 - - [28/Mar/2015:05:41:53 -0500] "GET /BLA/resoluciones/RESOLUCIONES%202005/RES%202005%203001-3050/00003041.tif HTTP/1.1" 200 138460
201.245.192.253 - - [28/Mar/2015:05:42:30 -0500] "GET /forest/session.jsp?a=0.7109130806788746 HTTP/1.1" 200 4
188.165.15.198 - - [28/Mar/2015:05:42:54 -0500] "GET /BLA/resoluciones/RESOLUCIONES%202003/RES%202003%20151-200/2003RES181.tif HTTP/1.1" 200 99216
186.29.191.112 - - [28/Mar/2015:05:43:26 -0500] "GET /BLA/normas/7189.pdf HTTP/1.1" 200 208906
186.29.191.112 - - [28/Mar/2015:05:43:27 -0500] "GET /BLA/normas/7189.pdf HTTP/1.1" 206 32768
186.29.191.112 - - [28/Mar/2015:05:43:27 -0500] "GET /BLA/normas/7189.pdf HTTP/1.1" 206 176138
186.29.191.112 - - [28/Mar/2015:05:43:29 -0500] "GET /favicon.ico HTTP/1.1" 200 7782
180.76.5.24 - - [28/Mar/2015:05:43:54 -0500] "GET /BLA/resoluciones/AUTOS%202012/1963.pdf HTTP/1.1" 200 315858
66.249.75.28 - - [28/Mar/2015:05:44:44 -0500] "GET /BLA/resoluciones/Notificaciones/AUTOS%202014/4048.doc HTTP/1.1" 304 -
207.46.13.5 - - [28/Mar/2015:05:44:55 -0500] "GET /BLA/boletinlegal/js/jquery.scrollTo-min.js HTTP/1.1" 200 1150
188.165.15.198 - - [28/Mar/2015:05:45:22 -0500] "GET /BLA/resoluciones/RESOLUCIONES%202005/RES%202005%202301-2350/00002333.tif HTTP/1.1" 200 427714
201.245.192.253 - - [28/Mar/2015:05:45:33 -0500] "GET /forest/session.jsp?a=0.030236791347743375 HTTP/1.1" 200 4
188.165.15.198 - - [28/Mar/2015:05:46:23 -0500] "GET /BLA/resoluciones/RESOLUCIONES%202005/RES%202005%202151-2200/00002185.tif HTTP/1.1" 200 171238
74.86.158.107 - - [28/Mar/2015:05:46:31 -0500] "HEAD / HTTP/1.1" 302 -
188.165.15.198 - - [28/Mar/2015:05:46:46 -0500] "GET /BLA/resoluciones/RESOLUCIONES%202003/RES%202003%20501-550/543.tif HTTP/1.1" 200 130304
201.245.192.253 - - [28/Mar/2015:05:46:47 -0500] "GET /forest/session.jsp?a=0.5611310326602232 HTTP/1.1" 200 4
201.245.192.253 - - [28/Mar/2015:05:47:30 -0500] "GET /forest/session.jsp?a=0.7200439297211175 HTTP/1.1" 200 4
188.165.15.198 - - [28/Mar/2015:05:47:44 -0500] "GET /BLA/resoluciones/RESOLUCIONES%202006/RES%202006%202351-2400/00002370.tif HTTP/1.1" 200 47120
66.249.75.28 - - [28/Mar/2015:05:48:14 -0500] "GET /BLA/resoluciones/Notificaciones/AUTOS%202014/4048.doc HTTP/1.1" 304 -
66.249.69.56 - - [28/Mar/2015:05:49:48 -0500] "GET /robots.txt HTTP/1.1" 404 1019
66.249.69.56 - - [28/Mar/2015:05:49:48 -0500] "GET /galeria/galeria/fotos/humedal-Burro4G.jpg HTTP/1.1" 200 436973
123.125.71.18 - - [28/Mar/2015:05:49:53 -0500] "GET / HTTP/1.1" 302 -
188.165.15.198 - - [28/Mar/2015:05:50:16 -0500] "GET /BLA/resoluciones/index.php?dir=RESOLUCIONES%202004/RES%202004%201251-1300/&sort=size&order=asc HTTP/1.1" 200 12352
201.245.192.253 - - [28/Mar/2015:05:50:33 -0500] "GET /forest/session.jsp?a=0.6982927022728502 HTTP/1.1" 200 4
188.165.15.198 - - [28/Mar/2015:05:51:16 -0500] "GET /BLA/resoluciones/RESOLUCIONES%202004/RES%202004%20151-200/00000156.tif HTTP/1.1" 200 353010
74.86.158.107 - - [28/Mar/2015:05:51:31 -0500] "HEAD / HTTP/1.1" 302 -
66.249.75.44 - - [28/Mar/2015:05:51:43 -0500] "GET /BLA/resoluciones/Notificaciones/AUTOS%202014/4048.doc HTTP/1.1" 304 -
201.245.192.253 - - [28/Mar/2015:05:51:47 -0500] "GET /forest/session.jsp?a=0.2206983806558409 HTTP/1.1" 200 4
201.245.192.253 - - [28/Mar/2015:05:52:30 -0500] "GET /forest/session.jsp?a=0.7657967821171957 HTTP/1.1" 200 4
188.165.15.198 - - [28/Mar/2015:05:53:27 -0500] "GET /BLA/resoluciones/RESOLUCIONES%202004/RES%202004%202351-2401/00002393.tif HTTP/1.1" 200 139442
66.249.75.44 - - [28/Mar/2015:05:55:26 -0500] "GET /BLA/resoluciones/Notificaciones/AUTOS%202014/4048.doc HTTP/1.1" 304 -
201.245.192.253 - - [28/Mar/2015:05:55:33 -0500] "GET /forest/session.jsp?a=0.23220341764110708 HTTP/1.1" 200 4
190.24.129.149 - - [28/Mar/2015:05:55:49 -0500] "GET /galeria/nivo-slider/demo/images/Licitaciones-proyecto-paramo.jpg HTTP/1.1" 304 -
74.86.158.107 - - [28/Mar/2015:05:56:31 -0500] "HEAD / HTTP/1.1" 302 -
201.245.192.253 - - [28/Mar/2015:05:56:47 -0500] "GET /forest/session.jsp?a=0.7513617089780901 HTTP/1.1" 200 4
180.76.6.66 - - [28/Mar/2015:05:56:53 -0500] "GET /BLA/resoluciones/index.php?dir=AUTOS%202006/AUTOS%202006%202301%20-%202400/&sort=size&order=asc HTTP/1.1" 200 22197
152.61.128.66 - - [28/Mar/2015:05:57:26 -0500] "HEAD / HTTP/1.1" 302 -
152.61.128.66 - - [28/Mar/2015:05:57:26 -0500] "GET /arcgis/services/Calidad_del_Agua_WQI/MapServer/WMSServer?request=GetCapabilities&service=WMS HTTP/1.1" 200 32135
152.61.128.66 - - [28/Mar/2015:05:57:27 -0500] "GET /arcgis/services/Calidad_del_Agua_WQI/MapServer/WMSServer?request=GetCapabilities&service=WMS HTTP/1.0" 200 32135
152.61.128.66 - - [28/Mar/2015:05:57:28 -0500] "GET /arcgis/services/Calidad_del_Agua_WQI/MapServer/WMSServer?request=GetCapabilities&service=WMS HTTP/1.0" 200 32135
152.61.128.66 - - [28/Mar/2015:05:57:29 -0500] "GET /arcgis/services/Calidad_del_Agua_WQI/MapServer/WMSServer?request=GetCapabilities&service=WMS HTTP/1.0" 200 32135
201.245.192.253 - - [28/Mar/2015:05:57:30 -0500] "GET /forest/session.jsp?a=0.5624541961118088 HTTP/1.1" 200 4
152.61.128.66 - - [28/Mar/2015:05:57:30 -0500] "GET /arcgis/services/Calidad_del_Agua_WQI/MapServer/WMSServer?VERSION=1.1.1&REQUEST=GetMap&LAYERS=0&SRS=EPSG:4326&BBOX=-74.473395,3.674381,-73.963300,4.920569&WIDTH=250&HEIGHT=250&FORMAT=image/bmp&STYLES=& HTTP/1.1" 200 188054
188.165.15.198 - - [28/Mar/2015:05:57:36 -0500] "GET /BLA/resoluciones/RESOLUCIONES%202004/RES%202004%20601-650/00000646.tif HTTP/1.1" 200 179184
152.61.128.66 - - [28/Mar/2015:05:57:57 -0500] "HEAD / HTTP/1.1" 302 -
152.61.128.66 - - [28/Mar/2015:05:57:58 -0500] "GET /arcgis/services/Calidad_del_Agua_WQI/MapServer/WMSServer?SERVICE=WMS&REQUEST=GetCapabilities HTTP/1.1" 200 32135
152.61.128.66 - - [28/Mar/2015:05:57:58 -0500] "GET /arcgis/services/Calidad_del_Agua_WQI/MapServer/WMSServer?SERVICE=WMS&REQUEST=GetCapabilities HTTP/1.0" 200 32135
152.61.128.66 - - [28/Mar/2015:05:57:59 -0500] "GET /arcgis/services/Calidad_del_Agua_WQI/MapServer/WMSServer?SERVICE=WMS&REQUEST=GetCapabilities HTTP/1.0" 200 32135
152.61.128.66 - - [28/Mar/2015:05:58:00 -0500] "GET /arcgis/services/Calidad_del_Agua_WQI/MapServer/WMSServer?SERVICE=WMS&REQUEST=GetCapabilities HTTP/1.0" 200 32135
152.61.128.66 - - [28/Mar/2015:05:58:01 -0500] "GET /arcgis/services/Calidad_del_Agua_WQI/MapServer/WMSServer?VERSION=1.1.1&REQUEST=GetMap&LAYERS=0&SRS=EPSG:4326&BBOX=-74.473395,3.674381,-73.963300,4.920569&WIDTH=250&HEIGHT=250&FORMAT=image/bmp&STYLES=& HTTP/1.1" 200 188054
188.165.15.198 - - [28/Mar/2015:05:58:08 -0500] "GET /BLA/resoluciones/RESOLUCIONES%202006/RES%202006%202501-2550/00002521.tif HTTP/1.1" 200 123718
66.249.75.28 - - [28/Mar/2015:05:59:13 -0500] "GET /Autoliquidacion/Grupo%20Forestal%20-%20Silvicultura/126PM04%E2%80%93PR30-M-A6-V%205.0%20%20ESPECIES%20DE%20FLORA%20EN%20LA%20CIUDAD%20DE%20BOGOTA.xlsx HTTP/1.1" 404 1018
188.165.15.198 - - [28/Mar/2015:05:59:31 -0500] "GET /BLA/resoluciones/AUTOS%202006/AUTOS%202006%20201-300/00000258.tif HTTP/1.1" 200 143640
188.165.15.198 - - [28/Mar/2015:05:59:36 -0500] "GET /BLA/resoluciones/RESOLUCIONES%202005/RES%202005%20701-750/00000706.tif HTTP/1.1" 200 260394
191.144.179.93 - - [28/Mar/2015:06:00:12 -0500] "GET /galeria/galeria/jquery.fancybox.css?v=2.1.5 HTTP/1.1" 200 4895
191.144.179.93 - - [28/Mar/2015:06:00:12 -0500] "GET /galeria/carrusel/Carrusel/jquery.thumbnailScroller.css HTTP/1.1" 200 2066
191.144.179.93 - - [28/Mar/2015:06:00:12 -0500] "GET /BLA/boletinlegal/js/jquery.scrollTo-min.js HTTP/1.1" 200 1150
191.144.179.93 - - [28/Mar/2015:06:00:12 -0500] "GET /BLA/boletinlegal/js/jquery.scrollShow.js HTTP/1.1" 200 4586
191.144.179.93 - - [28/Mar/2015:06:00:12 -0500] "GET /galeria/galeria/jquery.fancybox.js?v=2.1.5 HTTP/1.1" 200 48706
191.144.179.93 - - [28/Mar/2015:06:00:12 -0500] "GET /galeria/carrusel/Carrusel/jquery-ui-1.8.13.custom.min.js HTTP/1.1" 200 10800
191.144.179.93 - - [28/Mar/2015:06:00:12 -0500] "GET /galeria/carrusel/Carrusel/jquery.thumbnailScroller.js HTTP/1.1" 200 8157
188.165.15.198 - - [28/Mar/2015:06:00:18 -0500] "GET /BLA/resoluciones/RESOLUCIONES%202005/RES%202005%20851-900/00000871.tif HTTP/1.1" 200 146154
191.144.179.93 - - [28/Mar/2015:06:00:19 -0500] "GET /galeria/nivo-slider/demo/demo.html HTTP/1.1" 200 4356
191.144.179.93 - - [28/Mar/2015:06:00:21 -0500] "GET /galeria/nivo-slider/themes/default/default.css HTTP/1.1" 200 1569
191.144.179.93 - - [28/Mar/2015:06:00:21 -0500] "GET /galeria/nivo-slider/themes/pascal/pascal.css HTTP/1.1" 200 2258
191.144.179.93 - - [28/Mar/2015:06:00:21 -0500] "GET /galeria/nivo-slider/themes/orman/orman.css HTTP/1.1" 200 2152
191.144.179.93 - - [28/Mar/2015:06:00:21 -0500] "GET /galeria/nivo-slider/nivo-slider.css HTTP/1.1" 200 1507
191.144.179.93 - - [28/Mar/2015:06:00:21 -0500] "GET /galeria/nivo-slider/demo/style.css HTTP/1.1" 200 2222
191.144.179.93 - - [28/Mar/2015:06:00:21 -0500] "GET /galeria/nivo-slider/demo/scripts/jquery-1.7.1.min.js HTTP/1.1" 200 93868
191.144.179.93 - - [28/Mar/2015:06:00:21 -0500] "GET /galeria/nivo-slider/jquery.nivo.slider.pack.js HTTP/1.1" 200 11561
191.144.179.93 - - [28/Mar/2015:06:00:21 -0500] "GET /galeria/nivo-slider/demo/images/Banner-semana-santa.jpg HTTP/1.1" 200 350491
191.144.179.93 - - [28/Mar/2015:06:00:21 -0500] "GET /galeria/nivo-slider/demo/images/no-sea-victima.jpg HTTP/1.1" 200 254155
191.144.179.93 - - [28/Mar/2015:06:00:21 -0500] "GET /galeria/nivo-slider/demo/images/Convocatoria_recicladores.jpg HTTP/1.1" 200 213976
191.144.179.93 - - [28/Mar/2015:06:00:21 -0500] "GET /galeria/nivo-slider/demo/images/secretaria-de-ambiente.jpg HTTP/1.1" 200 259142
191.144.179.93 - - [28/Mar/2015:06:00:23 -0500] "GET /galeria/nivo-slider/demo/images/4Simple_Slider.png HTTP/1.1" 200 11722
191.144.179.93 - - [28/Mar/2015:06:00:24 -0500] "GET /galeria/nivo-slider/themes/default/loading.gif HTTP/1.1" 200 1737
157.55.39.37 - - [28/Mar/2015:06:00:26 -0500] "GET /BLA/boletinlegal/js/jquery.scrollShow.js HTTP/1.1" 200 4586
191.144.179.93 - - [28/Mar/2015:06:00:26 -0500] "GET /galeria/nivo-slider/demo/images/Licitaciones-proyecto-paramo.jpg HTTP/1.1" 200 221877
191.144.179.93 - - [28/Mar/2015:06:00:27 -0500] "GET /galeria/nivo-slider/demo/images/Banner-decreto1299.jpg HTTP/1.1" 200 182613
191.144.179.93 - - [28/Mar/2015:06:00:28 -0500] "GET /galeria/nivo-slider/demo/images/Banner-Directorio.jpg HTTP/1.1" 200 182068
191.144.179.93 - - [28/Mar/2015:06:00:30 -0500] "GET /galeria/nivo-slider/demo/images/banner-V2.jpg HTTP/1.1" 200 167020
191.144.179.93 - - [28/Mar/2015:06:00:30 -0500] "GET /galeria/nivo-slider/demo/images/Ruta-vertimientos-01.jpg HTTP/1.1" 200 130151
191.144.179.93 - - [28/Mar/2015:06:00:32 -0500] "GET /galeria/nivo-slider/demo/images/bolsas-06.jpg HTTP/1.1" 200 90982
191.144.179.93 - - [28/Mar/2015:06:00:33 -0500] "GET /galeria/nivo-slider/demo/images/bolsas-08.jpg HTTP/1.1" 200 85589
201.245.192.253 - - [28/Mar/2015:06:00:33 -0500] "GET /forest/session.jsp?a=0.09369942850552637 HTTP/1.1" 200 4
191.144.179.93 - - [28/Mar/2015:06:00:35 -0500] "GET /galeria/nivo-slider/demo/images/redes_sociales.jpg HTTP/1.1" 200 415652
191.144.179.93 - - [28/Mar/2015:06:00:35 -0500] "GET /galeria/nivo-slider/demo/images/Conoce-los-humedales.jpg HTTP/1.1" 200 294036
191.144.179.93 - - [28/Mar/2015:06:00:36 -0500] "GET /galeria/nivo-slider/demo/images/ecolecta-Dic2014.png HTTP/1.1" 200 288593
191.144.179.93 - - [28/Mar/2015:06:00:38 -0500] "GET /galeria/nivo-slider/demo/images/porloshumedales.jpg HTTP/1.1" 200 351238
191.144.179.93 - - [28/Mar/2015:06:00:38 -0500] "GET /galeria/nivo-slider/demo/images/Tingua-azul.jpg HTTP/1.1" 200 307638
191.144.179.93 - - [28/Mar/2015:06:00:38 -0500] "GET /galeria/nivo-slider/demo/images/banner-llantas2.jpg HTTP/1.1" 200 73153
191.144.179.93 - - [28/Mar/2015:06:00:42 -0500] "GET /galeria/nivo-slider/demo/images/9Signos.jpg HTTP/1.1" 200 93040
191.79.235.100 - - [28/Mar/2015:06:00:46 -0500] "GET /BLA/boletinlegal/js/jquery.scrollTo-min.js HTTP/1.1" 200 1150
191.79.235.100 - - [28/Mar/2015:06:00:46 -0500] "GET /BLA/boletinlegal/js/jquery.scrollShow.js HTTP/1.1" 200 4586
191.79.235.100 - - [28/Mar/2015:06:00:46 -0500] "GET /galeria/galeria/jquery.fancybox.css?v=2.1.5 HTTP/1.1" 200 4895
191.79.235.100 - - [28/Mar/2015:06:00:46 -0500] "GET /galeria/galeria/jquery.fancybox.js?v=2.1.5 HTTP/1.1" 200 48706
181.155.169.206 - - [28/Mar/2015:06:01:29 -0500] "GET /BLA/boletinlegal/js/jquery.scrollTo-min.js HTTP/1.1" 200 1150
181.155.169.206 - - [28/Mar/2015:06:01:29 -0500] "GET /galeria/galeria/jquery.fancybox.css?v=2.1.5 HTTP/1.1" 200 4895
181.155.169.206 - - [28/Mar/2015:06:01:30 -0500] "GET /BLA/boletinlegal/js/jquery.scrollShow.js HTTP/1.1" 200 4586
181.155.169.206 - - [28/Mar/2015:06:01:30 -0500] "GET /galeria/galeria/jquery.fancybox.js?v=2.1.5 HTTP/1.1" 200 48706
74.86.158.107 - - [28/Mar/2015:06:01:31 -0500] "HEAD / HTTP/1.1" 302 -
88.198.233.69 - - [28/Mar/2015:06:01:39 -0500] "GET / HTTP/1.1" 302 -
201.245.192.253 - - [28/Mar/2015:06:01:47 -0500] "GET /forest/session.jsp?a=0.5638186123499744 HTTP/1.1" 200 4
201.245.192.253 - - [28/Mar/2015:06:02:30 -0500] "GET /forest/session.jsp?a=0.1774111292736833 HTTP/1.1" 200 4
181.155.169.206 - - [28/Mar/2015:06:02:35 -0500] "GET /BLA/boletinlegal/js/jquery.scrollTo-min.js HTTP/1.1" 304 -
181.155.169.206 - - [28/Mar/2015:06:02:35 -0500] "GET /BLA/boletinlegal/js/jquery.scrollShow.js HTTP/1.1" 304 -
181.155.169.206 - - [28/Mar/2015:06:02:36 -0500] "GET /galeria/galeria/jquery.fancybox.js?v=2.1.5 HTTP/1.1" 304 -
181.155.169.206 - - [28/Mar/2015:06:02:36 -0500] "GET /galeria/galeria/jquery.fancybox.css?v=2.1.5 HTTP/1.1" 304 -
188.165.15.198 - - [28/Mar/2015:06:02:45 -0500] "GET /BLA/resoluciones/RESOLUCIONES%202005/RES%202005%20851-900/00000880.tif HTTP/1.1" 200 146612
68.180.229.40 - - [28/Mar/2015:06:02:35 -0500] "GET /BLA/boletinlegal/index.php HTTP/1.1" 200 44250
201.245.192.253 - - [28/Mar/2015:06:05:33 -0500] "GET /forest/session.jsp?a=0.4349138559913064 HTTP/1.1" 200 4
74.86.158.107 - - [28/Mar/2015:06:06:31 -0500] "HEAD / HTTP/1.1" 302 -
201.245.192.253 - - [28/Mar/2015:06:06:47 -0500] "GET /forest/session.jsp?a=0.9179659399682877 HTTP/1.1" 200 4
190.24.188.25 - - [28/Mar/2015:06:07:06 -0500] "GET /galeria/galeria/jquery.fancybox.css?v=2.1.5 HTTP/1.1" 200 4895
190.24.188.25 - - [28/Mar/2015:06:07:06 -0500] "GET /galeria/carrusel/Carrusel/jquery.thumbnailScroller.css HTTP/1.1" 200 2066
190.24.188.25 - - [28/Mar/2015:06:07:07 -0500] "GET /BLA/boletinlegal/js/jquery.scrollTo-min.js HTTP/1.1" 200 1150
190.24.188.25 - - [28/Mar/2015:06:07:07 -0500] "GET /BLA/boletinlegal/js/jquery.scrollShow.js HTTP/1.1" 200 4586
190.24.188.25 - - [28/Mar/2015:06:07:07 -0500] "GET /galeria/galeria/jquery.fancybox.js?v=2.1.5 HTTP/1.1" 200 48706
190.24.188.25 - - [28/Mar/2015:06:07:07 -0500] "GET /galeria/carrusel/Carrusel/jquery-ui-1.8.13.custom.min.js HTTP/1.1" 200 10800
190.24.188.25 - - [28/Mar/2015:06:07:07 -0500] "GET /galeria/carrusel/Carrusel/jquery.thumbnailScroller.js HTTP/1.1" 200 8157
190.24.188.25 - - [28/Mar/2015:06:07:12 -0500] "GET /galeria/nivo-slider/demo/demo.html HTTP/1.1" 200 4356
190.24.188.25 - - [28/Mar/2015:06:07:14 -0500] "GET /galeria/nivo-slider/themes/default/default.css HTTP/1.1" 200 1569
190.24.188.25 - - [28/Mar/2015:06:07:14 -0500] "GET /galeria/nivo-slider/themes/pascal/pascal.css HTTP/1.1" 200 2258
190.24.188.25 - - [28/Mar/2015:06:07:14 -0500] "GET /galeria/nivo-slider/themes/orman/orman.css HTTP/1.1" 200 2152
190.24.188.25 - - [28/Mar/2015:06:07:14 -0500] "GET /galeria/nivo-slider/nivo-slider.css HTTP/1.1" 200 1507
190.24.188.25 - - [28/Mar/2015:06:07:14 -0500] "GET /galeria/nivo-slider/demo/style.css HTTP/1.1" 200 2222
190.24.188.25 - - [28/Mar/2015:06:07:14 -0500] "GET /galeria/nivo-slider/demo/scripts/jquery-1.7.1.min.js HTTP/1.1" 200 93868
190.24.188.25 - - [28/Mar/2015:06:07:14 -0500] "GET /galeria/nivo-slider/jquery.nivo.slider.pack.js HTTP/1.1" 200 11561
190.24.188.25 - - [28/Mar/2015:06:07:16 -0500] "GET /galeria/nivo-slider/demo/images/Banner-semana-santa.jpg HTTP/1.1" 200 350491
190.24.188.25 - - [28/Mar/2015:06:07:16 -0500] "GET /galeria/nivo-slider/demo/images/no-sea-victima.jpg HTTP/1.1" 200 254155
190.24.188.25 - - [28/Mar/2015:06:07:16 -0500] "GET /galeria/nivo-slider/demo/images/Convocatoria_recicladores.jpg HTTP/1.1" 200 213976
190.24.188.25 - - [28/Mar/2015:06:07:16 -0500] "GET /galeria/nivo-slider/demo/images/secretaria-de-ambiente.jpg HTTP/1.1" 200 259142
190.24.188.25 - - [28/Mar/2015:06:07:16 -0500] "GET /galeria/nivo-slider/demo/images/Licitaciones-proyecto-paramo.jpg HTTP/1.1" 200 221877
190.24.188.25 - - [28/Mar/2015:06:07:17 -0500] "GET /galeria/nivo-slider/demo/images/Banner-decreto1299.jpg HTTP/1.1" 200 182613
190.24.188.25 - - [28/Mar/2015:06:07:19 -0500] "GET /galeria/nivo-slider/demo/images/Banner-Directorio.jpg HTTP/1.1" 200 182068
190.24.188.25 - - [28/Mar/2015:06:07:20 -0500] "GET /galeria/nivo-slider/demo/images/Ruta-vertimientos-01.jpg HTTP/1.1" 200 130151
190.24.188.25 - - [28/Mar/2015:06:07:20 -0500] "GET /galeria/nivo-slider/demo/images/bolsas-06.jpg HTTP/1.1" 200 90982
190.24.188.25 - - [28/Mar/2015:06:07:21 -0500] "GET /galeria/nivo-slider/demo/images/banner-V2.jpg HTTP/1.1" 200 167020
190.24.188.25 - - [28/Mar/2015:06:07:21 -0500] "GET /galeria/nivo-slider/demo/images/bolsas-08.jpg HTTP/1.1" 200 85589
190.24.188.25 - - [28/Mar/2015:06:07:21 -0500] "GET /galeria/nivo-slider/demo/images/redes_sociales.jpg HTTP/1.1" 200 415652
190.24.188.25 - - [28/Mar/2015:06:07:22 -0500] "GET /galeria/nivo-slider/demo/images/Conoce-los-humedales.jpg HTTP/1.1" 200 294036
190.24.188.25 - - [28/Mar/2015:06:07:22 -0500] "GET /galeria/nivo-slider/demo/images/4Simple_Slider.png HTTP/1.1" 200 11722
190.24.188.25 - - [28/Mar/2015:06:07:23 -0500] "GET /galeria/nivo-slider/themes/default/loading.gif HTTP/1.1" 200 1737
190.24.188.25 - - [28/Mar/2015:06:07:23 -0500] "GET /galeria/nivo-slider/demo/images/ecolecta-Dic2014.png HTTP/1.1" 200 288593
190.24.188.25 - - [28/Mar/2015:06:07:23 -0500] "GET /galeria/nivo-slider/demo/images/porloshumedales.jpg HTTP/1.1" 200 351238
190.24.188.25 - - [28/Mar/2015:06:07:23 -0500] "GET /galeria/nivo-slider/demo/images/Tingua-azul.jpg HTTP/1.1" 200 307638
190.24.188.25 - - [28/Mar/2015:06:07:23 -0500] "GET /galeria/nivo-slider/demo/images/banner-llantas2.jpg HTTP/1.1" 200 73153
190.24.188.25 - - [28/Mar/2015:06:07:24 -0500] "GET /galeria/nivo-slider/demo/images/9Signos.jpg HTTP/1.1" 200 93040
201.245.192.253 - - [28/Mar/2015:06:07:30 -0500] "GET /forest/session.jsp?a=0.5797027124728154 HTTP/1.1" 200 4
190.24.188.25 - - [28/Mar/2015:06:07:33 -0500] "GET /galeria/nivo-slider/themes/default/bullets.png HTTP/1.1" 200 1281
190.24.188.25 - - [28/Mar/2015:06:07:33 -0500] "GET /galeria/nivo-slider/themes/default/arrows.png HTTP/1.1" 200 824
190.24.188.25 - - [28/Mar/2015:06:07:37 -0500] "GET /videos/Humedal_Comunidad.flv HTTP/1.1" 200 81021584
188.165.15.198 - - [28/Mar/2015:06:07:59 -0500] "GET /BLA/resoluciones/RESOLUCIONES%202004/RES%202004%20351-400/00000390.tif HTTP/1.1" 200 102322
190.131.196.79 - - [28/Mar/2015:06:08:03 -0500] "GET /BLA/boletinlegal/js/jquery.scrollTo-min.js HTTP/1.1" 200 1150
190.131.196.79 - - [28/Mar/2015:06:08:03 -0500] "GET /galeria/galeria/jquery.fancybox.js?v=2.1.5 HTTP/1.1" 200 48706
190.131.196.79 - - [28/Mar/2015:06:08:03 -0500] "GET /galeria/galeria/jquery.fancybox.css?v=2.1.5 HTTP/1.1" 200 4895
190.131.196.79 - - [28/Mar/2015:06:08:03 -0500] "GET /BLA/boletinlegal/js/jquery.scrollShow.js HTTP/1.1" 200 4586
190.131.196.79 - - [28/Mar/2015:06:08:03 -0500] "GET /galeria/carrusel/Carrusel/jquery.thumbnailScroller.css HTTP/1.1" 200 2066
190.131.196.79 - - [28/Mar/2015:06:08:03 -0500] "GET /galeria/carrusel/Carrusel/jquery-ui-1.8.13.custom.min.js HTTP/1.1" 200 10800
190.131.196.79 - - [28/Mar/2015:06:08:03 -0500] "GET /galeria/carrusel/Carrusel/jquery.thumbnailScroller.js HTTP/1.1" 200 8157
190.131.196.79 - - [28/Mar/2015:06:08:04 -0500] "GET /galeria/nivo-slider/demo/demo.html HTTP/1.1" 200 4356
190.131.196.79 - - [28/Mar/2015:06:08:05 -0500] "GET /galeria/nivo-slider/themes/pascal/pascal.css HTTP/1.1" 200 2258
190.131.196.79 - - [28/Mar/2015:06:08:05 -0500] "GET /galeria/nivo-slider/themes/default/default.css HTTP/1.1" 200 1569
190.131.196.79 - - [28/Mar/2015:06:08:05 -0500] "GET /galeria/nivo-slider/nivo-slider.css HTTP/1.1" 200 1507
190.131.196.79 - - [28/Mar/2015:06:08:05 -0500] "GET /galeria/nivo-slider/demo/style.css HTTP/1.1" 200 2222
190.131.196.79 - - [28/Mar/2015:06:08:05 -0500] "GET /galeria/nivo-slider/themes/orman/orman.css HTTP/1.1" 200 2152
190.131.196.79 - - [28/Mar/2015:06:08:05 -0500] "GET /galeria/nivo-slider/demo/images/Banner-semana-santa.jpg HTTP/1.1" 200 350491
190.131.196.79 - - [28/Mar/2015:06:08:05 -0500] "GET /galeria/nivo-slider/demo/images/no-sea-victima.jpg HTTP/1.1" 200 254155
190.131.196.79 - - [28/Mar/2015:06:08:05 -0500] "GET /galeria/nivo-slider/demo/images/Convocatoria_recicladores.jpg HTTP/1.1" 200 213976
190.131.196.79 - - [28/Mar/2015:06:08:05 -0500] "GET /galeria/nivo-slider/demo/images/secretaria-de-ambiente.jpg HTTP/1.1" 200 259142
190.131.196.79 - - [28/Mar/2015:06:08:05 -0500] "GET /galeria/nivo-slider/demo/images/Licitaciones-proyecto-paramo.jpg HTTP/1.1" 200 221877
190.131.196.79 - - [28/Mar/2015:06:08:05 -0500] "GET /galeria/nivo-slider/demo/images/Banner-Directorio.jpg HTTP/1.1" 200 182068
190.131.196.79 - - [28/Mar/2015:06:08:05 -0500] "GET /galeria/nivo-slider/demo/images/Banner-decreto1299.jpg HTTP/1.1" 200 182613
190.131.196.79 - - [28/Mar/2015:06:08:05 -0500] "GET /galeria/nivo-slider/demo/images/banner-V2.jpg HTTP/1.1" 200 167020
190.131.196.79 - - [28/Mar/2015:06:08:06 -0500] "GET /galeria/nivo-slider/demo/images/Ruta-vertimientos-01.jpg HTTP/1.1" 200 130151
190.131.196.79 - - [28/Mar/2015:06:08:06 -0500] "GET /galeria/nivo-slider/demo/images/bolsas-06.jpg HTTP/1.1" 200 90982
190.131.196.79 - - [28/Mar/2015:06:08:06 -0500] "GET /galeria/nivo-slider/demo/images/redes_sociales.jpg HTTP/1.1" 200 415652
190.131.196.79 - - [28/Mar/2015:06:08:06 -0500] "GET /galeria/nivo-slider/demo/images/Conoce-los-humedales.jpg HTTP/1.1" 200 294036
190.131.196.79 - - [28/Mar/2015:06:08:07 -0500] "GET /galeria/nivo-slider/demo/images/ecolecta-Dic2014.png HTTP/1.1" 200 288593
190.131.196.79 - - [28/Mar/2015:06:08:07 -0500] "GET /galeria/nivo-slider/demo/images/bolsas-08.jpg HTTP/1.1" 200 85589
190.131.196.79 - - [28/Mar/2015:06:08:07 -0500] "GET /galeria/nivo-slider/demo/images/porloshumedales.jpg HTTP/1.1" 200 351238
190.131.196.79 - - [28/Mar/2015:06:08:07 -0500] "GET /galeria/nivo-slider/demo/images/Tingua-azul.jpg HTTP/1.1" 200 307638
190.131.196.79 - - [28/Mar/2015:06:08:07 -0500] "GET /videos/Humedal_Comunidad.flv HTTP/1.1" 200 81021584
190.131.196.79 - - [28/Mar/2015:06:08:08 -0500] "GET /galeria/nivo-slider/demo/images/banner-llantas2.jpg HTTP/1.1" 200 73153
190.131.196.79 - - [28/Mar/2015:06:08:08 -0500] "GET /galeria/nivo-slider/demo/images/9Signos.jpg HTTP/1.1" 200 93040
190.131.196.79 - - [28/Mar/2015:06:08:08 -0500] "GET /galeria/nivo-slider/demo/scripts/jquery-1.7.1.min.js HTTP/1.1" 200 93868
190.131.196.79 - - [28/Mar/2015:06:08:08 -0500] "GET /galeria/nivo-slider/jquery.nivo.slider.pack.js HTTP/1.1" 200 11561
190.131.196.79 - - [28/Mar/2015:06:08:08 -0500] "GET /galeria/nivo-slider/themes/default/loading.gif HTTP/1.1" 200 1737
190.131.196.79 - - [28/Mar/2015:06:08:08 -0500] "GET /galeria/nivo-slider/demo/images/4Simple_Slider.png HTTP/1.1" 200 11722
190.131.196.79 - - [28/Mar/2015:06:08:09 -0500] "GET /galeria/nivo-slider/themes/default/arrows.png HTTP/1.1" 200 824
190.131.196.79 - - [28/Mar/2015:06:08:09 -0500] "GET /galeria/nivo-slider/themes/default/bullets.png HTTP/1.1" 200 1281
190.99.250.143 - - [28/Mar/2015:06:08:24 -0500] "GET /galeria/galeria/jquery.fancybox.css?v=2.1.5 HTTP/1.1" 200 4895
190.99.250.143 - - [28/Mar/2015:06:08:24 -0500] "GET /BLA/boletinlegal/js/jquery.scrollTo-min.js HTTP/1.1" 200 1150
190.99.250.143 - - [28/Mar/2015:06:08:24 -0500] "GET /BLA/boletinlegal/js/jquery.scrollShow.js HTTP/1.1" 200 4586
190.99.250.143 - - [28/Mar/2015:06:08:24 -0500] "GET /galeria/galeria/jquery.fancybox.js?v=2.1.5 HTTP/1.1" 200 48706
190.131.196.79 - - [28/Mar/2015:06:08:28 -0500] "GET /BLA/boletinlegal/js/jquery.scrollTo-min.js HTTP/1.1" 200 1150
190.131.196.79 - - [28/Mar/2015:06:08:28 -0500] "GET /galeria/galeria/jquery.fancybox.js?v=2.1.5 HTTP/1.1" 200 48706
190.131.196.79 - - [28/Mar/2015:06:08:28 -0500] "GET /BLA/boletinlegal/js/jquery.scrollShow.js HTTP/1.1" 200 4586
190.131.196.79 - - [28/Mar/2015:06:08:28 -0500] "GET /galeria/galeria/jquery.fancybox.css?v=2.1.5 HTTP/1.1" 200 4895
188.165.15.198 - - [28/Mar/2015:06:08:33 -0500] "GET /BLA/resoluciones/RESOLUCIONES%202003/RES%202003%201851--1900/20031880.tif HTTP/1.1" 200 86928
190.99.250.143 - - [28/Mar/2015:06:08:41 -0500] "GET /galeria/galeria/jquery.fancybox.css?v=2.1.5 HTTP/1.1" 304 -
190.99.250.143 - - [28/Mar/2015:06:08:41 -0500] "GET /BLA/boletinlegal/js/jquery.scrollTo-min.js HTTP/1.1" 304 -
190.99.250.143 - - [28/Mar/2015:06:08:41 -0500] "GET /BLA/boletinlegal/js/jquery.scrollShow.js HTTP/1.1" 304 -
190.99.250.143 - - [28/Mar/2015:06:08:41 -0500] "GET /galeria/galeria/jquery.fancybox.js?v=2.1.5 HTTP/1.1" 304 -
180.76.4.53 - - [28/Mar/2015:06:08:43 -0500] "GET / HTTP/1.1" 302 -
188.165.15.198 - - [28/Mar/2015:06:09:07 -0500] "GET /BLA/resoluciones/RESOLUCIONES%202006/RES%202006%202151-2200/00002170.tif HTTP/1.1" 200 240648
188.165.15.198 - - [28/Mar/2015:06:09:20 -0500] "GET /BLA/resoluciones/index.php?dir=RESOLUCIONES%202003/RES%202003%20551-600/&sort=size&order=asc HTTP/1.1" 200 11305
188.165.15.198 - - [28/Mar/2015:06:10:29 -0500] "GET /BLA/resoluciones/index.php?dir=AUTOS%201997/&sort=size&order=asc HTTP/1.1" 200 1812
201.245.192.253 - - [28/Mar/2015:06:10:33 -0500] "GET /forest/session.jsp?a=0.40463585227823995 HTTP/1.1" 200 4
180.76.6.155 - - [28/Mar/2015:06:10:36 -0500] "GET /BLA/resoluciones/AUTOS%202013/0682.pdf HTTP/1.1" 200 239860
66.249.75.44 - - [28/Mar/2015:06:10:40 -0500] "GET /BLA/resoluciones/RESOLUCIONES%202005/RES%202005%202051-2100/00002086.tif HTTP/1.1" 200 66706
66.249.75.36 - - [28/Mar/2015:06:10:42 -0500] "GET /BLA/resoluciones/RESOLUCIONES%202007/RES%202007%202401%20AL%202500/RESOLUCION%202421%20DE%202007.pdf HTTP/1.1" 304 -
74.86.158.107 - - [28/Mar/2015:06:11:31 -0500] "HEAD / HTTP/1.1" 302 -
201.245.192.253 - - [28/Mar/2015:06:11:47 -0500] "GET /forest/session.jsp?a=0.3110683495038047 HTTP/1.1" 200 4
201.245.192.253 - - [28/Mar/2015:06:12:30 -0500] "GET /forest/session.jsp?a=0.31700048898955757 HTTP/1.1" 200 4
180.76.6.136 - - [28/Mar/2015:06:14:19 -0500] "GET /BLA/resoluciones/AUTOS%202012/1964.pdf HTTP/1.1" 200 627745
66.249.75.28 - - [28/Mar/2015:06:14:34 -0500] "GET /BLA/resoluciones/RESOLUCIONES%202008/3164.pdf HTTP/1.1" 304 -
188.165.15.198 - - [28/Mar/2015:06:14:39 -0500] "GET /BLA/resoluciones/RESOLUCIONES%202002/RES%202002%201951-1971/20021960.tif HTTP/1.1" 200 178418
152.61.193.99 - - [28/Mar/2015:06:14:47 -0500] "HEAD / HTTP/1.1" 302 -
152.61.193.99 - - [28/Mar/2015:06:14:47 -0500] "GET /arcgis/services/Calidad_del_Agua_WQI/MapServer/WMSServer?request=GetCapabilities&service=WMS HTTP/1.1" 200 32135
152.61.193.99 - - [28/Mar/2015:06:14:48 -0500] "GET /arcgis/services/Calidad_del_Agua_WQI/MapServer/WMSServer?request=GetCapabilities&service=WMS HTTP/1.1" 200 32135
152.61.193.99 - - [28/Mar/2015:06:14:49 -0500] "GET /arcgis/services/Calidad_del_Agua_WQI/MapServer/WMSServer?request=GetCapabilities&service=WMS HTTP/1.1" 200 32135
152.61.193.99 - - [28/Mar/2015:06:14:49 -0500] "GET /arcgis/services/Calidad_del_Agua_WQI/MapServer/WMSServer?request=GetCapabilities&service=WMS HTTP/1.1" 200 32135
152.61.193.99 - - [28/Mar/2015:06:14:50 -0500] "GET /arcgis/services/Calidad_del_Agua_WQI/MapServer/WMSServer?VERSION=1.1.1&REQUEST=GetMap&LAYERS=0&SRS=EPSG:4326&BBOX=-74.473395,3.674381,-73.963300,4.920569&WIDTH=250&HEIGHT=250&FORMAT=image/bmp&STYLES=& HTTP/1.1" 200 188054
201.245.192.253 - - [28/Mar/2015:06:15:33 -0500] "GET /forest/session.jsp?a=0.6302284140736396 HTTP/1.1" 200 4
74.86.158.107 - - [28/Mar/2015:06:16:31 -0500] "HEAD / HTTP/1.1" 302 -
201.245.192.253 - - [28/Mar/2015:06:16:47 -0500] "GET /forest/session.jsp?a=0.33346039814497586 HTTP/1.1" 200 4
201.245.192.253 - - [28/Mar/2015:06:17:30 -0500] "GET /forest/session.jsp?a=0.010163928612315298 HTTP/1.1" 200 4
66.249.75.44 - - [28/Mar/2015:06:17:54 -0500] "GET /BLA/resoluciones/AUTOS%202012/2170.pdf HTTP/1.1" 304 -
66.249.69.40 - - [28/Mar/2015:06:18:35 -0500] "GET /galeria/galeria/fotos/juan-amarillo4G.jpg HTTP/1.1" 200 202445
188.165.15.198 - - [28/Mar/2015:06:19:24 -0500] "GET /BLA/resoluciones/RESOLUCIONES%202005/RES%202005%202751-2800/00002790.tif HTTP/1.1" 200 143468
188.165.15.198 - - [28/Mar/2015:06:20:09 -0500] "GET /BLA/resoluciones/RESOLUCIONES%202003/RES%202003%20301-350/321.tif HTTP/1.1" 200 151868
201.245.192.253 - - [28/Mar/2015:06:20:33 -0500] "GET /forest/session.jsp?a=0.5881664624776873 HTTP/1.1" 200 4
188.165.15.198 - - [28/Mar/2015:06:20:48 -0500] "GET /BLA/resoluciones/RESOLUCIONES%202006/RES%202006%202251-2300/00002295.tif HTTP/1.1" 200 53812
74.86.158.107 - - [28/Mar/2015:06:21:31 -0500] "HEAD / HTTP/1.1" 302 -
66.249.75.44 - - [28/Mar/2015:06:21:31 -0500] "GET /BLA/resoluciones/RESOLUCIONES%202009/0789.pdf HTTP/1.1" 304 -
186.85.95.163 - - [28/Mar/2015:06:21:43 -0500] "GET /BLA/boletinlegal/js/jquery.scrollTo-min.js HTTP/1.1" 200 1150
186.85.95.163 - - [28/Mar/2015:06:21:43 -0500] "GET /BLA/boletinlegal/js/jquery.scrollShow.js HTTP/1.1" 200 4586
186.85.95.163 - - [28/Mar/2015:06:21:43 -0500] "GET /galeria/galeria/jquery.fancybox.js?v=2.1.5 HTTP/1.1" 200 48706
186.85.95.163 - - [28/Mar/2015:06:21:43 -0500] "GET /galeria/galeria/jquery.fancybox.css?v=2.1.5 HTTP/1.1" 200 4895
186.85.95.163 - - [28/Mar/2015:06:21:43 -0500] "GET /galeria/carrusel/Carrusel/jquery.thumbnailScroller.css HTTP/1.1" 200 2066
186.85.95.163 - - [28/Mar/2015:06:21:43 -0500] "GET /galeria/carrusel/Carrusel/jquery-ui-1.8.13.custom.min.js HTTP/1.1" 200 10800
186.85.95.163 - - [28/Mar/2015:06:21:43 -0500] "GET /galeria/carrusel/Carrusel/jquery.thumbnailScroller.js HTTP/1.1" 200 8157
186.85.95.163 - - [28/Mar/2015:06:21:45 -0500] "GET /galeria/nivo-slider/demo/demo.html HTTP/1.1" 200 4356
186.85.95.163 - - [28/Mar/2015:06:21:45 -0500] "GET /galeria/nivo-slider/themes/default/default.css HTTP/1.1" 200 1569
186.85.95.163 - - [28/Mar/2015:06:21:45 -0500] "GET /galeria/nivo-slider/themes/pascal/pascal.css HTTP/1.1" 200 2258
186.85.95.163 - - [28/Mar/2015:06:21:45 -0500] "GET /galeria/nivo-slider/nivo-slider.css HTTP/1.1" 200 1507
186.85.95.163 - - [28/Mar/2015:06:21:45 -0500] "GET /galeria/nivo-slider/themes/orman/orman.css HTTP/1.1" 200 2152
186.85.95.163 - - [28/Mar/2015:06:21:45 -0500] "GET /galeria/nivo-slider/demo/style.css HTTP/1.1" 200 2222
186.85.95.163 - - [28/Mar/2015:06:21:45 -0500] "GET /galeria/nivo-slider/demo/images/Banner-semana-santa.jpg HTTP/1.1" 200 350491
186.85.95.163 - - [28/Mar/2015:06:21:45 -0500] "GET /galeria/nivo-slider/demo/images/no-sea-victima.jpg HTTP/1.1" 200 254155
186.85.95.163 - - [28/Mar/2015:06:21:45 -0500] "GET /galeria/nivo-slider/demo/images/Convocatoria_recicladores.jpg HTTP/1.1" 200 213976
186.85.95.163 - - [28/Mar/2015:06:21:45 -0500] "GET /galeria/nivo-slider/demo/images/secretaria-de-ambiente.jpg HTTP/1.1" 200 259142
186.85.95.163 - - [28/Mar/2015:06:21:45 -0500] "GET /galeria/nivo-slider/demo/images/Licitaciones-proyecto-paramo.jpg HTTP/1.1" 200 221877
186.85.95.163 - - [28/Mar/2015:06:21:45 -0500] "GET /galeria/nivo-slider/demo/images/secretaria-de-ambiente.jpg HTTP/1.1" 200 259142
186.85.95.163 - - [28/Mar/2015:06:21:45 -0500] "GET /galeria/nivo-slider/demo/images/no-sea-victima.jpg HTTP/1.1" 206 1
186.85.95.163 - - [28/Mar/2015:06:21:45 -0500] "GET /galeria/nivo-slider/demo/images/Banner-semana-santa.jpg HTTP/1.1" 206 1
186.85.95.163 - - [28/Mar/2015:06:21:45 -0500] "GET /galeria/nivo-slider/demo/images/Convocatoria_recicladores.jpg HTTP/1.1" 206 1
186.85.95.163 - - [28/Mar/2015:06:21:45 -0500] "GET /galeria/nivo-slider/demo/images/Licitaciones-proyecto-paramo.jpg HTTP/1.1" 200 221877
186.85.95.163 - - [28/Mar/2015:06:21:45 -0500] "GET /galeria/nivo-slider/demo/images/Banner-decreto1299.jpg HTTP/1.1" 200 182613
186.85.95.163 - - [28/Mar/2015:06:21:45 -0500] "GET /galeria/nivo-slider/demo/scripts/jquery-1.7.1.min.js HTTP/1.1" 200 93868
186.85.95.163 - - [28/Mar/2015:06:21:45 -0500] "GET /galeria/nivo-slider/demo/images/no-sea-victima.jpg HTTP/1.1" 206 250049
186.85.95.163 - - [28/Mar/2015:06:21:46 -0500] "GET /galeria/nivo-slider/jquery.nivo.slider.pack.js HTTP/1.1" 200 11561
186.85.95.163 - - [28/Mar/2015:06:21:46 -0500] "GET /galeria/nivo-slider/demo/images/Convocatoria_recicladores.jpg HTTP/1.1" 206 183590
186.85.95.163 - - [28/Mar/2015:06:21:46 -0500] "GET /galeria/nivo-slider/demo/images/Banner-semana-santa.jpg HTTP/1.1" 206 67525
186.85.95.163 - - [28/Mar/2015:06:21:46 -0500] "GET /galeria/nivo-slider/demo/images/Banner-Directorio.jpg HTTP/1.1" 200 182068
186.85.95.163 - - [28/Mar/2015:06:21:46 -0500] "GET /galeria/nivo-slider/demo/images/banner-V2.jpg HTTP/1.1" 200 167020
186.85.95.163 - - [28/Mar/2015:06:21:46 -0500] "GET /galeria/nivo-slider/demo/images/Ruta-vertimientos-01.jpg HTTP/1.1" 200 130151
186.85.95.163 - - [28/Mar/2015:06:21:46 -0500] "GET /galeria/nivo-slider/demo/images/bolsas-06.jpg HTTP/1.1" 200 90982
186.85.95.163 - - [28/Mar/2015:06:21:47 -0500] "GET /galeria/nivo-slider/demo/images/bolsas-08.jpg HTTP/1.1" 200 85589
186.85.95.163 - - [28/Mar/2015:06:21:47 -0500] "GET /galeria/nivo-slider/demo/images/redes_sociales.jpg HTTP/1.1" 200 415652
186.85.95.163 - - [28/Mar/2015:06:21:47 -0500] "GET /galeria/nivo-slider/demo/images/Conoce-los-humedales.jpg HTTP/1.1" 200 294036
186.85.95.163 - - [28/Mar/2015:06:21:47 -0500] "GET /galeria/nivo-slider/demo/images/ecolecta-Dic2014.png HTTP/1.1" 200 288593
186.85.95.163 - - [28/Mar/2015:06:21:47 -0500] "GET /galeria/nivo-slider/demo/images/porloshumedales.jpg HTTP/1.1" 200 351238
201.245.192.253 - - [28/Mar/2015:06:21:47 -0500] "GET /forest/session.jsp?a=0.9066591142283048 HTTP/1.1" 200 4
186.85.95.163 - - [28/Mar/2015:06:21:48 -0500] "GET /galeria/nivo-slider/demo/images/4Simple_Slider.png HTTP/1.1" 200 11722
186.85.95.163 - - [28/Mar/2015:06:21:48 -0500] "GET /galeria/nivo-slider/themes/default/loading.gif HTTP/1.1" 200 1737
186.85.95.163 - - [28/Mar/2015:06:21:48 -0500] "GET /galeria/nivo-slider/demo/images/Tingua-azul.jpg HTTP/1.1" 200 307638
186.85.95.163 - - [28/Mar/2015:06:21:48 -0500] "GET /galeria/nivo-slider/demo/images/banner-llantas2.jpg HTTP/1.1" 200 73153
186.85.95.163 - - [28/Mar/2015:06:21:48 -0500] "GET /galeria/nivo-slider/demo/images/9Signos.jpg HTTP/1.1" 200 93040
186.85.95.163 - - [28/Mar/2015:06:21:49 -0500] "GET /galeria/nivo-slider/themes/default/arrows.png HTTP/1.1" 200 824
186.85.95.163 - - [28/Mar/2015:06:21:49 -0500] "GET /galeria/nivo-slider/themes/default/bullets.png HTTP/1.1" 200 1281
186.85.95.163 - - [28/Mar/2015:06:21:49 -0500] "GET /videos/Humedal_Comunidad.flv HTTP/1.1" 200 81021584
186.85.95.163 - - [28/Mar/2015:06:22:02 -0500] "GET /galeria/galeria/jquery.fancybox.css?v=2.1.5 HTTP/1.1" 304 -
186.85.95.163 - - [28/Mar/2015:06:22:02 -0500] "GET /BLA/boletinlegal/js/jquery.scrollTo-min.js HTTP/1.1" 304 -
186.85.95.163 - - [28/Mar/2015:06:22:02 -0500] "GET /galeria/galeria/jquery.fancybox.js?v=2.1.5 HTTP/1.1" 304 -
186.85.95.163 - - [28/Mar/2015:06:22:02 -0500] "GET /BLA/boletinlegal/js/jquery.scrollShow.js HTTP/1.1" 304 -
186.85.95.163 - - [28/Mar/2015:06:22:10 -0500] "GET /videos/Humedal_Comunidad.flv HTTP/1.1" 206 1
186.85.95.163 - - [28/Mar/2015:06:22:10 -0500] "GET /videos/Humedal_Comunidad.flv HTTP/1.1" 206 69192943
188.165.15.198 - - [28/Mar/2015:06:22:11 -0500] "GET /BLA/resoluciones/RESOLUCIONES%202006/RES%202006%20%202901-2950/00002908.tif HTTP/1.1" 200 36542
186.85.95.163 - - [28/Mar/2015:06:22:21 -0500] "GET /videos/Humedal_Comunidad.flv HTTP/1.1" 206 1
186.85.95.163 - - [28/Mar/2015:06:22:21 -0500] "GET /videos/Humedal_Comunidad.flv HTTP/1.1" 206 65700964
188.165.15.198 - - [28/Mar/2015:06:22:25 -0500] "GET /BLA/resoluciones/RESOLUCIONES%202006/RES%202006%202551-2600/00002561.tif HTTP/1.1" 200 130186
201.245.192.253 - - [28/Mar/2015:06:22:30 -0500] "GET /forest/session.jsp?a=0.49943089113365524 HTTP/1.1" 200 4
186.85.95.163 - - [28/Mar/2015:06:22:55 -0500] "GET /videos/Humedal_Comunidad.flv HTTP/1.1" 206 1
186.85.95.163 - - [28/Mar/2015:06:22:55 -0500] "GET /videos/Humedal_Comunidad.flv HTTP/1.1" 206 58412985
180.76.5.78 - - [28/Mar/2015:06:22:56 -0500] "GET /BLA/resoluciones/RESOLUCIONES%202011/0509.pdf HTTP/1.1" 200 368708
188.165.15.198 - - [28/Mar/2015:06:23:30 -0500] "GET /BLA/resoluciones/RESOLUCIONES%202002/RES%202002%201801-1850/20021849.tif HTTP/1.1" 200 98192
181.115.128.184 - - [28/Mar/2015:06:23:39 -0500] "GET /BLA/boletinlegal/js/jquery.scrollTo-min.js HTTP/1.1" 200 1150
181.115.128.184 - - [28/Mar/2015:06:23:39 -0500] "GET /galeria/galeria/jquery.fancybox.css?v=2.1.5 HTTP/1.1" 200 4895
181.115.128.184 - - [28/Mar/2015:06:23:39 -0500] "GET /BLA/boletinlegal/js/jquery.scrollShow.js HTTP/1.1" 200 4586
181.115.128.184 - - [28/Mar/2015:06:23:39 -0500] "GET /galeria/galeria/jquery.fancybox.js?v=2.1.5 HTTP/1.1" 200 48706
181.115.128.184 - - [28/Mar/2015:06:23:49 -0500] "GET /BLA/boletinlegal/js/jquery.scrollTo-min.js HTTP/1.1" 304 -
181.115.128.184 - - [28/Mar/2015:06:23:49 -0500] "GET /galeria/galeria/jquery.fancybox.css?v=2.1.5 HTTP/1.1" 304 -
181.115.128.184 - - [28/Mar/2015:06:23:49 -0500] "GET /BLA/boletinlegal/js/jquery.scrollShow.js HTTP/1.1" 304 -
181.115.128.184 - - [28/Mar/2015:06:23:49 -0500] "GET /galeria/galeria/jquery.fancybox.js?v=2.1.5 HTTP/1.1" 304 -
180.76.6.141 - - [28/Mar/2015:06:24:04 -0500] "GET /BLA/resoluciones/index.php?dir=RESOLUCIONES%202006/RES%202006%20%202901-2950/&sort=date&order=asc HTTP/1.1" 200 12406
188.165.15.198 - - [28/Mar/2015:06:24:08 -0500] "GET /BLA/resoluciones/RESOLUCIONES%202003/RES%202003%20501-550/526.tif HTTP/1.1" 200 150352
186.30.91.158 - - [28/Mar/2015:06:24:27 -0500] "GET /galeria/galeria/jquery.fancybox.css?v=2.1.5 HTTP/1.1" 200 4895
186.30.91.158 - - [28/Mar/2015:06:24:27 -0500] "GET /BLA/boletinlegal/js/jquery.scrollTo-min.js HTTP/1.1" 200 1150
186.30.91.158 - - [28/Mar/2015:06:24:27 -0500] "GET /BLA/boletinlegal/js/jquery.scrollShow.js HTTP/1.1" 200 4586
186.30.91.158 - - [28/Mar/2015:06:24:27 -0500] "GET /galeria/galeria/jquery.fancybox.js?v=2.1.5 HTTP/1.1" 200 48706
186.30.91.158 - - [28/Mar/2015:06:24:36 -0500] "GET /galeria/galeria/jquery.fancybox.css?v=2.1.5 HTTP/1.1" 304 -
186.30.91.158 - - [28/Mar/2015:06:24:36 -0500] "GET /BLA/boletinlegal/js/jquery.scrollTo-min.js HTTP/1.1" 304 -
186.30.91.158 - - [28/Mar/2015:06:24:36 -0500] "GET /galeria/galeria/jquery.fancybox.js?v=2.1.5 HTTP/1.1" 304 -
186.30.91.158 - - [28/Mar/2015:06:24:36 -0500] "GET /BLA/boletinlegal/js/jquery.scrollShow.js HTTP/1.1" 304 -
188.165.15.198 - - [28/Mar/2015:06:24:36 -0500] "GET /BLA/resoluciones/RESOLUCIONES%202002/RES%202002%201001-1050/2002RES1007.tif HTTP/1.1" 200 560072
180.76.6.136 - - [28/Mar/2015:06:25:13 -0500] "GET /BLA/resoluciones/AUTOS%202014/2073.pdf HTTP/1.1" 200 778989
66.249.75.36 - - [28/Mar/2015:06:25:21 -0500] "GET /BLA/resoluciones/AUTOS%202011/3223.pdf HTTP/1.1" 304 -
201.245.192.253 - - [28/Mar/2015:06:25:34 -0500] "GET /forest/session.jsp?a=0.9819066421601248 HTTP/1.1" 200 4
188.165.15.198 - - [28/Mar/2015:06:25:48 -0500] "GET /BLA/resoluciones/RESOLUCIONES%202006/RES%202006%20951-1000/00000961.tif HTTP/1.1" 200 344180
188.165.15.198 - - [28/Mar/2015:06:25:48 -0500] "GET /BLA/resoluciones/RESOLUCIONES%202002/RES%202002%20851-900/00000866.tif HTTP/1.1" 200 4388
180.76.5.169 - - [28/Mar/2015:06:26:21 -0500] "GET /BLA/resoluciones/AUTOS%202010/4640.pdf HTTP/1.1" 200 547477
188.165.15.198 - - [28/Mar/2015:06:26:26 -0500] "GET /BLA/resoluciones/RESOLUCIONES%202002/RES%202002%201351-1400/20021391.tif HTTP/1.1" 200 99140
74.86.158.107 - - [28/Mar/2015:06:26:31 -0500] "HEAD / HTTP/1.1" 302 -
188.165.15.198 - - [28/Mar/2015:06:26:40 -0500] "GET /BLA/resoluciones/index.php?dir=RESOLUCIONES%202003/RES%202003%20651-700/&sort=size&order=desc HTTP/1.1" 200 11299
201.245.192.253 - - [28/Mar/2015:06:26:48 -0500] "GET /forest/session.jsp?a=0.0007064020039574403 HTTP/1.1" 200 4
152.61.193.99 - - [28/Mar/2015:06:26:52 -0500] "HEAD / HTTP/1.1" 302 -
152.61.193.99 - - [28/Mar/2015:06:26:52 -0500] "GET /arcgis/services/Calidad_del_Agua_WQI/MapServer/WMSServer?SERVICE=WMS&REQUEST=GetCapabilities HTTP/1.1" 200 32135
152.61.193.99 - - [28/Mar/2015:06:26:53 -0500] "GET /arcgis/services/Calidad_del_Agua_WQI/MapServer/WMSServer?SERVICE=WMS&REQUEST=GetCapabilities HTTP/1.1" 200 32135
152.61.193.99 - - [28/Mar/2015:06:26:54 -0500] "GET /arcgis/services/Calidad_del_Agua_WQI/MapServer/WMSServer?SERVICE=WMS&REQUEST=GetCapabilities HTTP/1.1" 200 32135
152.61.193.99 - - [28/Mar/2015:06:26:54 -0500] "GET /arcgis/services/Calidad_del_Agua_WQI/MapServer/WMSServer?SERVICE=WMS&REQUEST=GetCapabilities HTTP/1.1" 200 32135
152.61.193.99 - - [28/Mar/2015:06:26:55 -0500] "GET /arcgis/services/Calidad_del_Agua_WQI/MapServer/WMSServer?VERSION=1.1.1&REQUEST=GetMap&LAYERS=0&SRS=EPSG:4326&BBOX=-74.473395,3.674381,-73.963300,4.920569&WIDTH=250&HEIGHT=250&FORMAT=image/bmp&STYLES=& HTTP/1.1" 200 188054
190.126.78.96 - - [28/Mar/2015:06:27:18 -0500] "GET /galeria/galeria/jquery.fancybox.js?v=2.1.5 HTTP/1.1" 304 -
190.126.78.96 - - [28/Mar/2015:06:27:18 -0500] "GET /galeria/galeria/jquery.fancybox.css?v=2.1.5 HTTP/1.1" 304 -
201.245.192.253 - - [28/Mar/2015:06:27:31 -0500] "GET /forest/session.jsp?a=0.361332460942963 HTTP/1.1" 200 4
190.126.78.96 - - [28/Mar/2015:06:27:42 -0500] "GET /BLA/boletinlegal/js/jquery.scrollTo-min.js HTTP/1.1" 304 -
190.126.78.96 - - [28/Mar/2015:06:27:42 -0500] "GET /BLA/boletinlegal/js/jquery.scrollShow.js HTTP/1.1" 304 -
190.126.78.96 - - [28/Mar/2015:06:27:43 -0500] "GET /galeria/galeria/jquery.fancybox.css?v=2.1.5 HTTP/1.1" 304 -
190.126.78.96 - - [28/Mar/2015:06:27:43 -0500] "GET /galeria/galeria/jquery.fancybox.js?v=2.1.5 HTTP/1.1" 304 -
186.85.95.163 - - [28/Mar/2015:06:27:55 -0500] "-" 408 -
186.85.95.163 - - [28/Mar/2015:06:27:55 -0500] "-" 408 -
186.85.95.163 - - [28/Mar/2015:06:27:55 -0500] "-" 408 -
186.85.95.163 - - [28/Mar/2015:06:27:55 -0500] "-" 408 -
181.136.116.33 - - [28/Mar/2015:06:29:11 -0500] "GET /BLA/circulares/2-2011.pdf HTTP/1.1" 200 496778
181.136.116.33 - - [28/Mar/2015:06:29:11 -0500] "GET /BLA/circulares/2-2011.pdf HTTP/1.1" 200 496778
181.136.116.33 - - [28/Mar/2015:06:29:13 -0500] "GET /BLA/circulares/2-2011.pdf HTTP/1.1" 206 32768
181.136.116.33 - - [28/Mar/2015:06:29:13 -0500] "GET /BLA/circulares/2-2011.pdf HTTP/1.1" 206 464010
66.249.75.28 - - [28/Mar/2015:06:29:14 -0500] "GET /BLA/resoluciones/AUTOS%202009/1252.pdf HTTP/1.1" 200 186039
181.136.116.33 - - [28/Mar/2015:06:29:17 -0500] "GET /favicon.ico HTTP/1.1" 200 7782
85.164.79.125 - - [28/Mar/2015:06:29:31 -0500] "GET /webdav/x32.php?host=192.168.1.147&time=60&port=80 HTTP/1.1" 404 1018
201.245.192.253 - - [28/Mar/2015:06:30:34 -0500] "GET /forest/session.jsp?a=0.9251902325459099 HTTP/1.1" 200 4
188.165.15.198 - - [28/Mar/2015:06:30:44 -0500] "GET /BLA/resoluciones/RESOLUCIONES%202002/RES%202002%201451-1500/20021500.tif HTTP/1.1" 200 112934
180.76.6.233 - - [28/Mar/2015:06:31:11 -0500] "GET /BLA/resoluciones/RESOLUCIONES%202011/1318.pdf HTTP/1.1" 200 66291
188.165.15.198 - - [28/Mar/2015:06:31:28 -0500] "GET /BLA/resoluciones/RESOLUCIONES%202003/RES%202003%201551-1601/20031594.tif HTTP/1.1" 200 92738
74.86.158.107 - - [28/Mar/2015:06:31:31 -0500] "HEAD / HTTP/1.1" 302 -
199.195.118.53 - - [28/Mar/2015:06:31:35 -0500] "GET / HTTP/1.1" 302 -
201.245.192.253 - - [28/Mar/2015:06:31:48 -0500] "GET /forest/session.jsp?a=0.5215838563651121 HTTP/1.1" 200 4
201.245.192.253 - - [28/Mar/2015:06:32:31 -0500] "GET /forest/session.jsp?a=0.2653774223301818 HTTP/1.1" 200 4
188.165.15.198 - - [28/Mar/2015:06:32:57 -0500] "GET /BLA/resoluciones/RESOLUCIONES%202005/RES%202005%203001-3050/00003032.tif HTTP/1.1" 200 152408
188.165.15.198 - - [28/Mar/2015:06:33:03 -0500] "GET /BLA/resoluciones/RESOLUCIONES%202004/RES%202004%201651-1700/00001684.tif HTTP/1.1" 200 145164
74.82.64.160 - - [28/Mar/2015:06:33:06 -0500] "GET /BLA/boletinlegal/js/jquery.scrollTo-min.js HTTP/1.1" 200 1150
74.82.68.144 - - [28/Mar/2015:06:33:06 -0500] "GET /BLA/boletinlegal/js/jquery.scrollShow.js HTTP/1.1" 200 4586
74.82.68.144 - - [28/Mar/2015:06:33:06 -0500] "GET /galeria/galeria/jquery.fancybox.js?v=2.1.5 HTTP/1.1" 200 48706
74.82.64.160 - - [28/Mar/2015:06:33:07 -0500] "GET /galeria/galeria/jquery.fancybox.css?v=2.1.5 HTTP/1.1" 200 4895
201.234.75.11 - - [28/Mar/2015:06:33:07 -0500] "GET /StormSDA/stormWeb/presentacion.html HTTP/1.1" 304 -
66.249.75.36 - - [28/Mar/2015:06:33:09 -0500] "GET /BLA/resoluciones/AUTOS%202014/2091.pdf HTTP/1.1" 200 541144
188.165.15.198 - - [28/Mar/2015:06:33:26 -0500] "GET /BLA/resoluciones/RESOLUCIONES%202003/RES%202003%201851--1900/20031855.tif HTTP/1.1" 200 54448
74.82.64.160 - - [28/Mar/2015:06:33:28 -0500] "GET /galeria/carrusel/Carrusel/jquery.thumbnailScroller.css HTTP/1.1" 200 2066
74.82.64.160 - - [28/Mar/2015:06:33:29 -0500] "GET /galeria/carrusel/Carrusel/jquery-ui-1.8.13.custom.min.js HTTP/1.1" 200 10800
74.82.64.160 - - [28/Mar/2015:06:33:29 -0500] "GET /galeria/carrusel/Carrusel/jquery.thumbnailScroller.js HTTP/1.1" 200 8157
74.82.64.144 - - [28/Mar/2015:06:33:29 -0500] "GET /galeria/nivo-slider/demo/demo.html HTTP/1.1" 200 4356
74.82.64.160 - - [28/Mar/2015:06:33:33 -0500] "GET /galeria/nivo-slider/themes/default/default.css HTTP/1.1" 200 1569
74.82.64.160 - - [28/Mar/2015:06:33:33 -0500] "GET /galeria/nivo-slider/demo/scripts/jquery-1.7.1.min.js HTTP/1.1" 200 93868
74.82.64.160 - - [28/Mar/2015:06:33:33 -0500] "GET /galeria/nivo-slider/demo/images/Banner-semana-santa.jpg HTTP/1.1" 200 350491
74.82.64.160 - - [28/Mar/2015:06:33:33 -0500] "GET /galeria/nivo-slider/nivo-slider.css HTTP/1.1" 200 1507
74.82.64.144 - - [28/Mar/2015:06:33:34 -0500] "GET /galeria/nivo-slider/demo/images/secretaria-de-ambiente.jpg HTTP/1.1" 200 259142
74.82.64.144 - - [28/Mar/2015:06:33:34 -0500] "GET /galeria/nivo-slider/themes/pascal/pascal.css HTTP/1.1" 200 2258
74.82.64.160 - - [28/Mar/2015:06:33:34 -0500] "GET /galeria/nivo-slider/themes/orman/orman.css HTTP/1.1" 200 2152
74.82.64.160 - - [28/Mar/2015:06:33:34 -0500] "GET /galeria/nivo-slider/demo/images/no-sea-victima.jpg HTTP/1.1" 200 254155
74.82.64.144 - - [28/Mar/2015:06:33:34 -0500] "GET /galeria/nivo-slider/demo/style.css HTTP/1.1" 200 2222
74.82.64.160 - - [28/Mar/2015:06:33:34 -0500] "GET /galeria/nivo-slider/demo/images/Licitaciones-proyecto-paramo.jpg HTTP/1.1" 200 221877
74.82.64.144 - - [28/Mar/2015:06:33:34 -0500] "GET /galeria/nivo-slider/demo/images/Convocatoria_recicladores.jpg HTTP/1.1" 200 213976
74.82.64.160 - - [28/Mar/2015:06:33:34 -0500] "GET /galeria/nivo-slider/demo/images/Banner-decreto1299.jpg HTTP/1.1" 200 182613
74.82.64.160 - - [28/Mar/2015:06:33:34 -0500] "GET /galeria/nivo-slider/demo/images/Conoce-los-humedales.jpg HTTP/1.1" 200 294036
74.82.64.160 - - [28/Mar/2015:06:33:36 -0500] "GET /galeria/nivo-slider/demo/images/bolsas-06.jpg HTTP/1.1" 200 90982
74.82.64.160 - - [28/Mar/2015:06:33:36 -0500] "GET /galeria/nivo-slider/demo/images/banner-llantas2.jpg HTTP/1.1" 200 73153
74.82.64.160 - - [28/Mar/2015:06:33:36 -0500] "GET /galeria/nivo-slider/demo/images/bolsas-08.jpg HTTP/1.1" 200 85589
74.82.64.160 - - [28/Mar/2015:06:33:36 -0500] "GET /galeria/nivo-slider/demo/images/Banner-Directorio.jpg HTTP/1.1" 200 182068
74.82.64.160 - - [28/Mar/2015:06:33:36 -0500] "GET /galeria/nivo-slider/demo/images/Tingua-azul.jpg HTTP/1.1" 200 307638
74.82.64.144 - - [28/Mar/2015:06:33:36 -0500] "GET /galeria/nivo-slider/demo/images/Ruta-vertimientos-01.jpg HTTP/1.1" 200 130151
74.82.64.160 - - [28/Mar/2015:06:33:38 -0500] "GET /galeria/nivo-slider/demo/images/9Signos.jpg HTTP/1.1" 200 93040
74.82.64.160 - - [28/Mar/2015:06:33:38 -0500] "GET /galeria/nivo-slider/demo/images/redes_sociales.jpg HTTP/1.1" 200 415652
74.82.64.160 - - [28/Mar/2015:06:33:39 -0500] "GET /galeria/nivo-slider/themes/default/loading.gif HTTP/1.1" 200 1737
74.82.64.160 - - [28/Mar/2015:06:33:39 -0500] "GET /galeria/nivo-slider/demo/images/4Simple_Slider.png HTTP/1.1" 200 11722
74.82.68.144 - - [28/Mar/2015:06:33:40 -0500] "GET /galeria/nivo-slider/demo/images/banner-V2.jpg HTTP/1.1" 200 167020
