181.60.160.209 - - [29/Mar/2015:01:26:23 -0500] "GET /forest/session.jsp?a=0.24916095822118223 HTTP/1.1" 200 4
188.165.15.198 - - [29/Mar/2015:01:26:32 -0500] "GET /BLA/resoluciones/RESOLUCIONES%202006/RES%202006%202451-2500/00002470.tif HTTP/1.1" 200 93868
74.86.158.107 - - [29/Mar/2015:01:27:07 -0500] "HEAD / HTTP/1.1" 302 -
66.249.67.68 - - [29/Mar/2015:01:27:11 -0500] "GET /BLA/resoluciones/RESOLUCIONES%202009/6151.pdf HTTP/1.1" 200 635186
148.0.11.239 - - [29/Mar/2015:01:27:41 -0500] "GET /BLA/boletinlegal/js/jquery.scrollTo-min.js HTTP/1.1" 200 1150
148.0.11.239 - - [29/Mar/2015:01:27:41 -0500] "GET /BLA/boletinlegal/js/jquery.scrollShow.js HTTP/1.1" 200 4586
148.0.11.239 - - [29/Mar/2015:01:27:41 -0500] "GET /galeria/galeria/jquery.fancybox.css?v=2.1.5 HTTP/1.1" 200 4895
148.0.11.239 - - [29/Mar/2015:01:27:41 -0500] "GET /galeria/galeria/jquery.fancybox.js?v=2.1.5 HTTP/1.1" 200 48706
148.0.11.239 - - [29/Mar/2015:01:28:02 -0500] "GET /galeria/galeria/jquery.fancybox.js?v=2.1.5 HTTP/1.1" 304 -
148.0.11.239 - - [29/Mar/2015:01:28:02 -0500] "GET /BLA/boletinlegal/js/jquery.scrollShow.js HTTP/1.1" 304 -
148.0.11.239 - - [29/Mar/2015:01:28:02 -0500] "GET /galeria/galeria/jquery.fancybox.css?v=2.1.5 HTTP/1.1" 304 -
148.0.11.239 - - [29/Mar/2015:01:28:02 -0500] "GET /BLA/boletinlegal/js/jquery.scrollTo-min.js HTTP/1.1" 304 -
188.165.15.198 - - [29/Mar/2015:01:28:12 -0500] "GET /BLA/resoluciones/RESOLUCIONES%202006/RES%202006%20701-750/00000715.tif HTTP/1.1" 200 131064
188.165.15.198 - - [29/Mar/2015:01:28:18 -0500] "GET /BLA/resoluciones/RESOLUCIONES%202003/RES%202003%201301-1350/20031331.tif HTTP/1.1" 200 151588
181.60.160.209 - - [29/Mar/2015:01:22:51 -0500] "GET /ForestMSG_SDA/channelAsync/template_word_17793739?X-Atmosphere-tracking-id=58b6e672-4963-d9f0-5950-7c55c3188684&X-Atmosphere-Framework=1.0.5&X-Atmosphere-Transport=long-polling&tabid=0.06024929182603955&X-Cache-Date=0&Content-Type=application/xml&_=1427610333544 HTTP/1.1" 200 8193
66.249.67.76 - - [29/Mar/2015:01:29:49 -0500] "GET /BLA/resoluciones/RESOLUCIONES%202009/5625.pdf HTTP/1.1" 200 679010
186.114.229.15 - - [29/Mar/2015:01:30:00 -0500] "GET /galeria/galeria/jquery.fancybox.css?v=2.1.5 HTTP/1.1" 200 4895
186.114.229.15 - - [29/Mar/2015:01:30:00 -0500] "GET /BLA/boletinlegal/js/jquery.scrollTo-min.js HTTP/1.1" 200 1150
186.114.229.15 - - [29/Mar/2015:01:30:00 -0500] "GET /BLA/boletinlegal/js/jquery.scrollShow.js HTTP/1.1" 200 4586
186.114.229.15 - - [29/Mar/2015:01:30:00 -0500] "GET /galeria/galeria/jquery.fancybox.js?v=2.1.5 HTTP/1.1" 200 48706
186.114.229.15 - - [29/Mar/2015:01:30:03 -0500] "GET /BLA/boletinlegal/js/jquery.scrollTo-min.js HTTP/1.1" 304 -
186.114.229.15 - - [29/Mar/2015:01:30:03 -0500] "GET /BLA/boletinlegal/js/jquery.scrollShow.js HTTP/1.1" 304 -
186.114.229.15 - - [29/Mar/2015:01:30:03 -0500] "GET /galeria/galeria/jquery.fancybox.js?v=2.1.5 HTTP/1.1" 304 -
186.114.229.15 - - [29/Mar/2015:01:30:03 -0500] "GET /galeria/galeria/jquery.fancybox.css?v=2.1.5 HTTP/1.1" 304 -
186.154.25.155 - - [29/Mar/2015:01:24:55 -0500] "GET /ForestMSG_SDA/channelAsync/template_word_17341724?X-Atmosphere-tracking-id=4c48a1f3-1d66-b262-7a32-5e8fdd1076e3&X-Atmosphere-Framework=1.0.5&X-Atmosphere-Transport=long-polling&tabid=0.6107235250528902&X-Cache-Date=0&Content-Type=application/xml&_=1427610454900 HTTP/1.1" 200 8193
181.60.160.209 - - [29/Mar/2015:01:31:23 -0500] "GET /forest/session.jsp?a=0.49007350159808993 HTTP/1.1" 200 4
199.195.118.53 - - [29/Mar/2015:01:31:33 -0500] "GET / HTTP/1.1" 302 -
180.76.6.152 - - [29/Mar/2015:01:31:44 -0500] "GET /videos/galeria-fotografica/index17.html? HTTP/1.1" 200 1971
74.86.158.107 - - [29/Mar/2015:01:32:07 -0500] "HEAD / HTTP/1.1" 302 -
188.165.15.198 - - [29/Mar/2015:01:32:09 -0500] "GET /BLA/resoluciones/RESOLUCIONES%202005/RES%202005%20%201601-1650/00001636.tif HTTP/1.1" 200 157736
66.249.67.76 - - [29/Mar/2015:01:32:27 -0500] "GET /BLA/resoluciones/RESOLUCIONES%202004/RES%202004%20301-350/ HTTP/1.1" 200 11824
180.76.6.37 - - [29/Mar/2015:01:32:53 -0500] "GET /BLA/resoluciones/RESOLUCIONES%202008/1671.pdf HTTP/1.1" 200 155068
206.53.226.251 - - [29/Mar/2015:01:33:04 -0500] "GET /galeria/nivo-slider/demo/images/banner-redes.jpg HTTP/1.1" 304 -
181.60.160.209 - - [29/Mar/2015:01:28:52 -0500] "GET /ForestMSG_SDA/channelAsync/template_word_17793739?X-Atmosphere-tracking-id=58b6e672-4963-d9f0-5950-7c55c3188684&X-Atmosphere-Framework=1.0.5&X-Atmosphere-Transport=long-polling&tabid=0.06024929182603955&X-Cache-Date=0&Content-Type=application/xml&_=1427610694519 HTTP/1.1" 200 8193
66.249.67.84 - - [29/Mar/2015:01:35:07 -0500] "GET /BLA/resoluciones/AUTOS%202008/0879.pdf HTTP/1.1" 200 102649
190.24.129.149 - - [29/Mar/2015:01:35:41 -0500] "GET /galeria/nivo-slider/demo/images/no-sea-victima.jpg HTTP/1.1" 304 -
188.165.15.198 - - [29/Mar/2015:01:35:48 -0500] "GET /BLA/resoluciones/index.php?dir=RESOLUCIONES%202002/RES%202002%201651-1700/&sort=name&order=desc HTTP/1.1" 200 12154
66.249.67.76 - - [29/Mar/2015:01:36:31 -0500] "GET /BLA/resoluciones/RESOLUCIONES%202007/RES%202007%203101%20AL%203200/RESOLUCION%203114%20DE%202007.pdf HTTP/1.1" 200 781143
186.154.25.155 - - [29/Mar/2015:01:30:55 -0500] "GET /ForestMSG_SDA/channelAsync/template_word_17341724?X-Atmosphere-tracking-id=4c48a1f3-1d66-b262-7a32-5e8fdd1076e3&X-Atmosphere-Framework=1.0.5&X-Atmosphere-Transport=long-polling&tabid=0.6107235250528902&X-Cache-Date=0&Content-Type=application/xml&_=1427610815004 HTTP/1.1" 200 8193
74.86.158.107 - - [29/Mar/2015:01:37:07 -0500] "HEAD / HTTP/1.1" 302 -
66.249.67.84 - - [29/Mar/2015:01:37:47 -0500] "GET /BLA/resoluciones/AUTOS%202010/6258.pdf HTTP/1.1" 304 -
188.165.15.198 - - [29/Mar/2015:01:38:06 -0500] "GET /BLA/resoluciones/RESOLUCIONES%202004/RES%202004%20351-400/00000396.tif HTTP/1.1" 200 220322
66.249.67.68 - - [29/Mar/2015:01:38:08 -0500] "GET /BLA/resoluciones/Notificaciones/AUTOS%202014/0858.doc HTTP/1.1" 200 956416
66.249.67.76 - - [29/Mar/2015:01:38:34 -0500] "GET /BLA/resoluciones/RESOLUCIONES%202011/5368.pdf HTTP/1.1" 200 390909
180.76.5.193 - - [29/Mar/2015:01:38:52 -0500] "GET /BLA/resoluciones/AUTOS%202012/2667.pdf HTTP/1.1" 200 291693
188.165.15.198 - - [29/Mar/2015:01:39:28 -0500] "GET /BLA/resoluciones/RESOLUCIONES%202004/RES%202004%20651-700/00000651.tif HTTP/1.1" 200 261968
180.76.6.49 - - [29/Mar/2015:01:40:01 -0500] "GET /BLA/resoluciones/RESOLUCIONES%202009/8470.pdf HTTP/1.1" 200 47360
66.249.67.84 - - [29/Mar/2015:01:40:24 -0500] "GET /BLA/resoluciones/RESOLUCIONES%202009/8863.pdf HTTP/1.1" 200 309394
181.60.160.209 - - [29/Mar/2015:01:34:53 -0500] "GET /ForestMSG_SDA/channelAsync/template_word_17793739?X-Atmosphere-tracking-id=58b6e672-4963-d9f0-5950-7c55c3188684&X-Atmosphere-Framework=1.0.5&X-Atmosphere-Transport=long-polling&tabid=0.06024929182603955&X-Cache-Date=0&Content-Type=application/xml&_=1427611055519 HTTP/1.1" 200 8193
180.76.6.54 - - [29/Mar/2015:01:41:09 -0500] "GET /BLA/resoluciones/AUTOS%202012/0074.pdf HTTP/1.1" 200 167870
188.165.15.198 - - [29/Mar/2015:01:41:37 -0500] "GET /BLA/resoluciones/index.php?dir=RESOLUCIONES%202004/RES%202004%2051-100/&sort=name&order=desc HTTP/1.1" 200 11979
74.86.158.107 - - [29/Mar/2015:01:42:07 -0500] "HEAD / HTTP/1.1" 302 -
180.76.5.81 - - [29/Mar/2015:01:42:18 -0500] "GET /BLA/resoluciones/RESOLUCIONES%202008/0951.pdf HTTP/1.1" 200 421446
186.154.25.155 - - [29/Mar/2015:01:36:56 -0500] "GET /ForestMSG_SDA/channelAsync/template_word_17341724?X-Atmosphere-tracking-id=4c48a1f3-1d66-b262-7a32-5e8fdd1076e3&X-Atmosphere-Framework=1.0.5&X-Atmosphere-Transport=long-polling&tabid=0.6107235250528902&X-Cache-Date=0&Content-Type=application/xml&_=1427611175155 HTTP/1.1" 200 8193
66.249.67.84 - - [29/Mar/2015:01:43:05 -0500] "GET /BLA/resoluciones/RESOLUCIONES%202009/9521.pdf HTTP/1.1" 304 -
188.165.15.198 - - [29/Mar/2015:01:43:12 -0500] "GET /BLA/resoluciones/RESOLUCIONES%202002/RES%202002%20601-650/00000628.tif HTTP/1.1" 200 38332
66.249.67.68 - - [29/Mar/2015:01:43:16 -0500] "GET /BLA/resoluciones/RESOLUCIONES%202011/4520.pdf HTTP/1.1" 200 842254
188.165.15.198 - - [29/Mar/2015:01:43:17 -0500] "GET /BLA/resoluciones/RESOLUCIONES%202005/RES%202005%203001-3050/00003044.tif HTTP/1.1" 200 233696
180.76.6.150 - - [29/Mar/2015:01:43:26 -0500] "GET /BLA/resoluciones/RESOLUCIONES%202008/2157.pdf HTTP/1.1" 200 263435
188.165.15.198 - - [29/Mar/2015:01:43:50 -0500] "GET /BLA/resoluciones/RESOLUCIONES%202005/RES%202005%202951-3000/00002955.tif HTTP/1.1" 200 60010
66.249.67.84 - - [29/Mar/2015:01:43:55 -0500] "GET /BLA/resoluciones/RESOLUCIONES%202005/RES%202005%201251-1300/00001259.tif HTTP/1.1" 200 207800
66.249.67.84 - - [29/Mar/2015:01:44:16 -0500] "GET /BLA/resoluciones/RESOLUCIONES%202007/RES%202007%201401%20AL%201500/RESOLUCION%201406%20DE%202007.pdf HTTP/1.1" 304 -
180.76.6.144 - - [29/Mar/2015:01:44:35 -0500] "GET /BLA/resoluciones/RESOLUCIONES%202008/2676.pdf HTTP/1.1" 200 73614
188.165.15.198 - - [29/Mar/2015:01:44:53 -0500] "GET /BLA/resoluciones/RESOLUCIONES%202006/RES%202006%202351-2400/INDEX.DAT HTTP/1.1" 200 2000
188.165.15.198 - - [29/Mar/2015:01:45:26 -0500] "GET /BLA/resoluciones/RESOLUCIONES%202006/RES%202006%202501-2550/00002513.tif HTTP/1.1" 200 324314
66.249.67.68 - - [29/Mar/2015:01:45:46 -0500] "GET /BLA/resoluciones/AUTOS%202007/2857.pdf HTTP/1.1" 200 172131
66.249.67.76 - - [29/Mar/2015:01:46:06 -0500] "GET /BLA/resoluciones/index.php?dir=RESOLUCIONES+2007%2FRES+2007+2801+AL+2900%2F HTTP/1.1" 200 26859
186.28.80.182 - - [29/Mar/2015:01:46:25 -0500] "GET /BLA/resoluciones/RESOLUCIONES%202013/0763.pdf HTTP/1.1" 200 1854679
186.28.80.182 - - [29/Mar/2015:01:46:26 -0500] "GET /favicon.ico HTTP/1.1" 200 7782
186.28.80.182 - - [29/Mar/2015:01:46:26 -0500] "GET /BLA/resoluciones/RESOLUCIONES%202013/0763.pdf HTTP/1.1" 206 32768
186.28.80.182 - - [29/Mar/2015:01:46:26 -0500] "GET /BLA/resoluciones/RESOLUCIONES%202013/0763.pdf HTTP/1.1" 206 1821911
180.76.6.152 - - [29/Mar/2015:01:46:52 -0500] "GET /BLA/resoluciones/RESOLUCIONES%202009/9227.pdf HTTP/1.1" 200 507632
181.60.160.209 - - [29/Mar/2015:01:40:54 -0500] "GET /ForestMSG_SDA/channelAsync/template_word_17793739?X-Atmosphere-tracking-id=58b6e672-4963-d9f0-5950-7c55c3188684&X-Atmosphere-Framework=1.0.5&X-Atmosphere-Transport=long-polling&tabid=0.06024929182603955&X-Cache-Date=0&Content-Type=application/xml&_=1427611416517 HTTP/1.1" 200 8193
74.86.158.107 - - [29/Mar/2015:01:47:07 -0500] "HEAD / HTTP/1.1" 302 -
180.76.4.154 - - [29/Mar/2015:01:47:08 -0500] "GET / HTTP/1.1" 302 -
66.249.67.84 - - [29/Mar/2015:01:47:57 -0500] "GET /BLA/resoluciones/RESOLUCIONES%202011/3774.pdf HTTP/1.1" 200 489441
66.249.67.84 - - [29/Mar/2015:01:48:30 -0500] "GET /BLA/resoluciones/AUTOS%202009/2287.pdf HTTP/1.1" 200 103619
188.165.15.198 - - [29/Mar/2015:01:48:45 -0500] "GET /BLA/resoluciones/RESOLUCIONES%202004/RES%202004%2051-100/00000051.tif HTTP/1.1" 200 35722
186.154.25.155 - - [29/Mar/2015:01:42:56 -0500] "GET /ForestMSG_SDA/channelAsync/template_word_17341724?X-Atmosphere-tracking-id=4c48a1f3-1d66-b262-7a32-5e8fdd1076e3&X-Atmosphere-Framework=1.0.5&X-Atmosphere-Transport=long-polling&tabid=0.6107235250528902&X-Cache-Date=0&Content-Type=application/xml&_=1427611536241 HTTP/1.1" 200 8193
180.76.5.153 - - [29/Mar/2015:01:50:09 -0500] "GET /BLA/resoluciones/AUTOS%202014/0838.pdf HTTP/1.1" 200 275032
66.249.67.76 - - [29/Mar/2015:01:50:15 -0500] "GET /BLA/resoluciones/RESOLUCIONES%202011/4925.pdf HTTP/1.1" 200 353445
66.249.67.84 - - [29/Mar/2015:01:50:26 -0500] "GET /BLA/resoluciones/AUTOS%202013/3099.pdf HTTP/1.1" 200 669406
66.249.67.84 - - [29/Mar/2015:01:50:28 -0500] "GET /BLA/resoluciones/RESOLUCIONES%202011/4867.pdf HTTP/1.1" 200 458261
66.249.67.84 - - [29/Mar/2015:01:50:56 -0500] "GET /BLA/resoluciones/RESOLUCIONES%202011/5710.pdf HTTP/1.1" 200 890376
188.165.15.198 - - [29/Mar/2015:01:51:14 -0500] "GET /BLA/resoluciones/RESOLUCIONES%202003/RES%202003%201801-1850/20031820.tif HTTP/1.1" 200 126686
66.249.67.76 - - [29/Mar/2015:01:51:15 -0500] "GET /BLA/resoluciones/RESOLUCIONES%202011/2734.pdf HTTP/1.1" 200 525095
66.249.67.84 - - [29/Mar/2015:01:51:29 -0500] "GET /BLA/resoluciones/RESOLUCIONES%202011/5848.pdf HTTP/1.1" 200 311574
188.165.15.198 - - [29/Mar/2015:01:51:38 -0500] "GET /BLA/resoluciones/RESOLUCIONES%202006/RES%202006%201301-1350/00001324.tif HTTP/1.1" 200 154354
188.165.15.198 - - [29/Mar/2015:01:52:04 -0500] "GET /BLA/resoluciones/RESOLUCIONES%202002/RES%202002%201551-1600/20021555.tif HTTP/1.1" 200 141082
74.86.158.107 - - [29/Mar/2015:01:52:07 -0500] "HEAD / HTTP/1.1" 302 -
66.249.67.76 - - [29/Mar/2015:01:52:49 -0500] "GET /BLA/resoluciones/RESOLUCIONES%202011/3658.pdf HTTP/1.1" 200 550648
188.165.15.198 - - [29/Mar/2015:01:52:54 -0500] "GET /BLA/resoluciones/RESOLUCIONES%202004/RES%202004%201451-1500/00001480.tif HTTP/1.1" 200 110134
181.60.160.209 - - [29/Mar/2015:01:46:55 -0500] "GET /ForestMSG_SDA/channelAsync/template_word_17793739?X-Atmosphere-tracking-id=58b6e672-4963-d9f0-5950-7c55c3188684&X-Atmosphere-Framework=1.0.5&X-Atmosphere-Transport=long-polling&tabid=0.06024929182603955&X-Cache-Date=0&Content-Type=application/xml&_=1427611777534 HTTP/1.1" 200 8193
66.249.67.84 - - [29/Mar/2015:01:53:04 -0500] "GET /BLA/resoluciones/RESOLUCIONES%202011/3704.pdf HTTP/1.1" 200 542068
66.249.67.68 - - [29/Mar/2015:01:53:06 -0500] "GET /BLA/resoluciones/RESOLUCIONES%202011/0803.pdf HTTP/1.1" 200 796714
66.249.67.84 - - [29/Mar/2015:01:53:16 -0500] "GET /BLA/resoluciones/RESOLUCIONES%202011/4840.pdf HTTP/1.1" 200 588074
66.249.67.84 - - [29/Mar/2015:01:53:23 -0500] "GET /BLA/resoluciones/RESOLUCIONES%202011/4233.pdf HTTP/1.1" 200 614463
66.249.67.68 - - [29/Mar/2015:01:54:01 -0500] "GET /BLA/resoluciones/AUTOS%202011/1963.pdf HTTP/1.1" 304 -
180.76.6.225 - - [29/Mar/2015:01:54:24 -0500] "GET /BLA/resoluciones/RESOLUCIONES%202009/7775.pdf HTTP/1.1" 200 496745
186.154.25.155 - - [29/Mar/2015:01:48:56 -0500] "GET /ForestMSG_SDA/channelAsync/template_word_17341724?X-Atmosphere-tracking-id=4c48a1f3-1d66-b262-7a32-5e8fdd1076e3&X-Atmosphere-Framework=1.0.5&X-Atmosphere-Transport=long-polling&tabid=0.6107235250528902&X-Cache-Date=0&Content-Type=application/xml&_=1427611896319 HTTP/1.1" 200 8193
66.249.67.76 - - [29/Mar/2015:01:55:23 -0500] "GET /BLA/resoluciones/RESOLUCIONES%202010/3715.pdf HTTP/1.1" 200 498135
190.24.129.149 - - [29/Mar/2015:01:55:25 -0500] "GET /galeria/nivo-slider/demo/images/Licitaciones-proyecto-paramo.jpg HTTP/1.1" 304 -
180.76.6.42 - - [29/Mar/2015:01:55:26 -0500] "GET /BLA/boletinlegal/Directivas/2012/Directiva%20No.%201%20del%2030%20de%20octubre%20de%202012.pdf HTTP/1.1" 200 1522771
66.249.67.76 - - [29/Mar/2015:01:56:00 -0500] "GET /BLA/resoluciones/RESOLUCIONES%202011/2915.pdf HTTP/1.1" 200 518562
188.165.15.198 - - [29/Mar/2015:01:56:09 -0500] "GET /BLA/resoluciones/RESOLUCIONES%202003/RES%202003%201251-1300/20031252.tif HTTP/1.1" 200 111820
123.125.71.82 - - [29/Mar/2015:01:56:23 -0500] "GET / HTTP/1.1" 302 -
180.76.5.167 - - [29/Mar/2015:01:56:35 -0500] "GET /BLA/resoluciones/AUTOS%202010/0133.pdf HTTP/1.1" 200 188041
66.249.67.76 - - [29/Mar/2015:01:56:35 -0500] "GET /BLA/resoluciones/RESOLUCIONES%202011/1561.pdf HTTP/1.1" 304 -
188.165.15.198 - - [29/Mar/2015:01:56:36 -0500] "GET /BLA/resoluciones/RESOLUCIONES%202005/RES%202005%20701-750/00000725.tif HTTP/1.1" 200 63718
66.249.67.68 - - [29/Mar/2015:01:56:47 -0500] "GET /BLA/resoluciones/RESOLUCIONES%202010/5957.pdf HTTP/1.1" 200 325670
74.86.158.107 - - [29/Mar/2015:01:57:06 -0500] "HEAD / HTTP/1.1" 302 -
181.60.160.209 - - [29/Mar/2015:01:52:56 -0500] "GET /ForestMSG_SDA/channelAsync/template_word_17793739?X-Atmosphere-tracking-id=58b6e672-4963-d9f0-5950-7c55c3188684&X-Atmosphere-Framework=1.0.5&X-Atmosphere-Transport=long-polling&tabid=0.06024929182603955&X-Cache-Date=0&Content-Type=application/xml&_=1427612138518 HTTP/1.1" 200 8193
66.249.67.68 - - [29/Mar/2015:01:59:09 -0500] "GET /BLA/resoluciones/Autos%202008/2397.pdf HTTP/1.1" 200 100087
66.249.67.68 - - [29/Mar/2015:01:59:32 -0500] "GET /BLA/resoluciones/RESOLUCIONES%202008/5694.pdf HTTP/1.1" 304 -
66.249.67.84 - - [29/Mar/2015:02:00:48 -0500] "GET /BLA/resoluciones/RESOLUCIONES%202007/RES%202007%202701%20AL%202800/RESOLUCION%202712%20%20DE%202007.pdf HTTP/1.1" 200 499083
186.154.25.155 - - [29/Mar/2015:01:54:56 -0500] "GET /ForestMSG_SDA/channelAsync/template_word_17341724?X-Atmosphere-tracking-id=4c48a1f3-1d66-b262-7a32-5e8fdd1076e3&X-Atmosphere-Framework=1.0.5&X-Atmosphere-Transport=long-polling&tabid=0.6107235250528902&X-Cache-Date=0&Content-Type=application/xml&_=1427612256449 HTTP/1.1" 200 8193
180.76.6.145 - - [29/Mar/2015:02:01:14 -0500] "GET /BLA/resoluciones/AUTOS%202009/3593.pdf HTTP/1.1" 200 208899
181.60.160.209 - - [29/Mar/2015:02:01:21 -0500] "GET /forest/session.jsp?a=0.9680613274686038 HTTP/1.1" 200 4
181.60.160.209 - - [29/Mar/2015:02:01:22 -0500] "GET /forest/skins/gdocs-jar/popup/escritorio/subirborrador.jsp?form=RevisarDocumento&codTpl=&codBorr=563563&a=0.041979740373790264 HTTP/1.1" 200 23292
181.60.160.209 - - [29/Mar/2015:02:01:23 -0500] "GET /forest/skins/gdocs-jar/img/top-search-icon.gif HTTP/1.1" 304 -
181.60.160.209 - - [29/Mar/2015:02:01:23 -0500] "GET /forest/json.do?query=borradoresByTpls&codInst=3082704&codTare=1468&firma=0&a=0.11036051949486136 HTTP/1.1" 200 188
181.60.160.209 - - [29/Mar/2015:02:01:23 -0500] "GET /forest/json.do?query=plantillasByTarea&codTare=1468&codInst=3082704&firma=0&a=0.6502245259471238 HTTP/1.1" 200 381
181.60.160.209 - - [29/Mar/2015:02:01:23 -0500] "GET /forest/json.do?query=terceroById&numTer=79509953&a=0.5470502020325512 HTTP/1.1" 200 637
181.60.160.209 - - [29/Mar/2015:02:01:23 -0500] "GET /forest/img/lapiz.gif HTTP/1.1" 304 -
181.60.160.209 - - [29/Mar/2015:02:01:23 -0500] "GET /forest/img/adduser.gif HTTP/1.1" 304 -
181.60.160.209 - - [29/Mar/2015:02:01:23 -0500] "GET /forest/img/historial.gif HTTP/1.1" 304 -
181.60.160.209 - - [29/Mar/2015:02:01:23 -0500] "GET /forest/skins/gdocs-jar/img/expandido.gif HTTP/1.1" 304 -
181.60.160.209 - - [29/Mar/2015:02:01:23 -0500] "GET /forest/skins/gdocs-jar/img/icons/docx.gif HTTP/1.1" 304 -
181.60.160.209 - - [29/Mar/2015:02:01:23 -0500] "GET /forest/json.do?query=datosBorradorByCodTraBorr&codTraBorr=1699690&a=0.3614138236735016 HTTP/1.1" 200 180
181.60.160.209 - - [29/Mar/2015:02:01:23 -0500] "GET /forest/json.do?query=adjuntosByBorrador&codTraBorr=1699690&a=0.27217179839499295 HTTP/1.1" 200 2
181.60.160.209 - - [29/Mar/2015:02:01:23 -0500] "GET /forest/json.do?query=ultimoBorradorByTpl&codTpl=781&codInst=3082704&a=0.3429262244608253 HTTP/1.1" 200 2
181.60.160.209 - - [29/Mar/2015:02:01:23 -0500] "GET /forest/json.do?query=ultimoBorradorByTpl&codTpl=1241&codInst=3082704&a=0.031117799691855907 HTTP/1.1" 200 20
181.60.160.209 - - [29/Mar/2015:02:01:23 -0500] "GET /forest/json.do?query=ultimoBorradorByTpl&codTpl=921&codInst=3082704&a=0.0558021548204124 HTTP/1.1" 200 2
220.181.108.166 - - [29/Mar/2015:02:01:25 -0500] "GET / HTTP/1.1" 302 -
88.198.233.69 - - [29/Mar/2015:02:01:37 -0500] "GET / HTTP/1.1" 302 -
74.86.158.107 - - [29/Mar/2015:02:02:06 -0500] "HEAD / HTTP/1.1" 302 -
181.60.160.209 - - [29/Mar/2015:02:02:30 -0500] "POST /forest/usutareas.do?group_system_actual=3 HTTP/1.1" 200 204
181.60.160.209 - - [29/Mar/2015:02:02:34 -0500] "GET /forest/usutareas.do?group_system_actual=3&a=0.10765558667480946 HTTP/1.1" 200 110292
181.60.160.209 - - [29/Mar/2015:02:02:34 -0500] "GET /forest/skins/gdocs-jar/css/forest.css?version=1503.161801 HTTP/1.1" 304 -
181.60.160.209 - - [29/Mar/2015:02:02:34 -0500] "GET /forest/skins/gdocs-jar/css/menu.css?version=1503.161801 HTTP/1.1" 304 -
181.60.160.209 - - [29/Mar/2015:02:02:34 -0500] "GET /forest/skins/gdocs-jar/css/autocomplete.css?version=1503.161801 HTTP/1.1" 304 -
181.60.160.209 - - [29/Mar/2015:02:02:34 -0500] "GET /forest/css/escritorio.css?version=1503.161801 HTTP/1.1" 304 -
181.60.160.209 - - [29/Mar/2015:02:02:34 -0500] "GET /forest/css/index.css?version=1503.161801 HTTP/1.1" 304 -
181.60.160.209 - - [29/Mar/2015:02:02:34 -0500] "GET /forest/1ibre/jscalendar/calendar-win2k-1.css?version=1503.161801 HTTP/1.1" 304 -
181.60.160.209 - - [29/Mar/2015:02:02:34 -0500] "GET /forest/skins/gdocs-jar/css/dialog.css?version=1503.161801 HTTP/1.1" 304 -
181.60.160.209 - - [29/Mar/2015:02:02:34 -0500] "GET /forest/skins/gdocs-jar/css/autocomplete.css HTTP/1.1" 304 -
181.60.160.209 - - [29/Mar/2015:02:02:34 -0500] "GET /forest/skins/gdocs-jar/css/forms.css?version=1503.161801 HTTP/1.1" 304 -
181.60.160.209 - - [29/Mar/2015:02:02:34 -0500] "GET /forest/skins/gdocs-jar/css/tree.css HTTP/1.1" 304 -
181.60.160.209 - - [29/Mar/2015:02:02:34 -0500] "GET /forest/skins/gdocs-jar/css/forms.css HTTP/1.1" 304 -
181.60.160.209 - - [29/Mar/2015:02:02:34 -0500] "GET /forest/js/json3.js HTTP/1.1" 304 -
181.60.160.209 - - [29/Mar/2015:02:02:34 -0500] "GET /forest/skins/gdocs-jar/js/tareas.js?version=1503.161801 HTTP/1.1" 304 -
181.60.160.209 - - [29/Mar/2015:02:02:34 -0500] "GET /forest/skins/gdocs-jar/js/autocompletar2.js?version=1503.161801 HTTP/1.1" 304 -
181.60.160.209 - - [29/Mar/2015:02:02:34 -0500] "GET /forest/skins/gdocs-jar/js/xml_utilities.js?version=1503.161801 HTTP/1.1" 304 -
181.60.160.209 - - [29/Mar/2015:02:02:34 -0500] "GET /forest/skins/gdocs-jar/js/grid.js?version=1503.161801 HTTP/1.1" 304 -
181.60.160.209 - - [29/Mar/2015:02:02:34 -0500] "GET /forest/js/usutareas-docs.js HTTP/1.1" 304 -
181.60.160.209 - - [29/Mar/2015:02:02:34 -0500] "GET /forest/js/jquery/jquery-1.5.2.min.js HTTP/1.1" 304 -
181.60.160.209 - - [29/Mar/2015:02:02:34 -0500] "GET /forest/js/jquery/jquery.atmosphere.js HTTP/1.1" 304 -
181.60.160.209 - - [29/Mar/2015:02:02:34 -0500] "GET /forest/js/socketConnection.js HTTP/1.1" 304 -
181.60.160.209 - - [29/Mar/2015:02:02:34 -0500] "GET /forest/skins/gdocs-jar/js/number-functions.js?version=1503.161801 HTTP/1.1" 304 -
181.60.160.209 - - [29/Mar/2015:02:02:34 -0500] "GET /forest/skins/gdocs-jar/js/swfobject.js?version=1503.161801 HTTP/1.1" 304 -
181.60.160.209 - - [29/Mar/2015:02:02:34 -0500] "GET /forest/skins/gdocs-jar/js/formsBase.js?version=1503.161801 HTTP/1.1" 304 -
181.60.160.209 - - [29/Mar/2015:02:02:34 -0500] "GET /forest/skins/gdocs-jar/js/graphicForm.js?version=1503.161801 HTTP/1.1" 304 -
181.60.160.209 - - [29/Mar/2015:02:02:34 -0500] "GET /forest/skins/gdocs-jar/img/actividad2.gif HTTP/1.1" 304 -
181.60.160.209 - - [29/Mar/2015:02:02:35 -0500] "GET /forest/skins/gdocs-jar/img/print.gif HTTP/1.1" 304 -
181.60.160.209 - - [29/Mar/2015:02:02:35 -0500] "GET /forest/img/loading.gif HTTP/1.1" 304 -
181.60.160.209 - - [29/Mar/2015:02:02:35 -0500] "GET /forest/img/spacer.gif HTTP/1.1" 304 -
181.60.160.209 - - [29/Mar/2015:02:02:35 -0500] "GET /forest/img/inicio.jpg HTTP/1.1" 304 -
181.60.160.209 - - [29/Mar/2015:02:02:35 -0500] "GET /forest/img/users/3.gif HTTP/1.1" 304 -
181.60.160.209 - - [29/Mar/2015:02:02:35 -0500] "GET /forest/img/users/5.gif HTTP/1.1" 304 -
181.60.160.209 - - [29/Mar/2015:02:02:35 -0500] "GET /forest/img/users/7.gif HTTP/1.1" 304 -
181.60.160.209 - - [29/Mar/2015:02:02:35 -0500] "GET /forest/img/download_large.gif HTTP/1.1" 304 -
181.60.160.209 - - [29/Mar/2015:02:02:35 -0500] "GET /forest/img/buscar.jpg HTTP/1.1" 304 -
181.60.160.209 - - [29/Mar/2015:02:02:35 -0500] "GET /forest/img/buscar_documentos.gif HTTP/1.1" 304 -
181.60.160.209 - - [29/Mar/2015:02:02:35 -0500] "GET /forest/img/buscar_procesos.gif HTTP/1.1" 304 -
181.60.160.209 - - [29/Mar/2015:02:02:35 -0500] "GET /forest/img/notify.gif HTTP/1.1" 304 -
181.60.160.209 - - [29/Mar/2015:02:02:35 -0500] "GET /forest/img/ayuda.gif HTTP/1.1" 304 -
181.60.160.209 - - [29/Mar/2015:02:02:35 -0500] "GET /forest/img/pantalla.gif HTTP/1.1" 304 -
181.60.160.209 - - [29/Mar/2015:02:02:35 -0500] "GET /forest/img/salir3.gif HTTP/1.1" 304 -
181.60.160.209 - - [29/Mar/2015:02:02:35 -0500] "GET /forest/skins/gdocs-jar/img/desasociarUser.gif HTTP/1.1" 304 -
181.60.160.209 - - [29/Mar/2015:02:02:35 -0500] "GET /forest/img/asociarUser.gif HTTP/1.1" 304 -
181.60.160.209 - - [29/Mar/2015:02:02:35 -0500] "GET /forest/skins/gdocs-jar/img/asociarUserOtraDependencia.gif HTTP/1.1" 304 -
181.60.160.209 - - [29/Mar/2015:02:02:35 -0500] "GET /forest/img/base/bsc2_r1_c1.gif HTTP/1.1" 304 -
181.60.160.209 - - [29/Mar/2015:02:02:35 -0500] "GET /forest/img/base/bsc2_r1_c2.gif HTTP/1.1" 304 -
181.60.160.209 - - [29/Mar/2015:02:02:35 -0500] "GET /forest/img/base/bsc2_r1_c3.gif HTTP/1.1" 304 -
181.60.160.209 - - [29/Mar/2015:02:02:35 -0500] "GET /forest/skins/gdocs-jar/img/comments.gif HTTP/1.1" 304 -
181.60.160.209 - - [29/Mar/2015:02:02:35 -0500] "GET /forest/skins/gdocs-jar/img/vertodossubprocesos.gif HTTP/1.1" 304 -
181.60.160.209 - - [29/Mar/2015:02:02:35 -0500] "GET /forest/skins/gdocs-jar/img/ok.gif HTTP/1.1" 304 -
181.60.160.209 - - [29/Mar/2015:02:02:35 -0500] "GET /forest/skins/gdocs-jar/img/clip.gif HTTP/1.1" 304 -
181.60.160.209 - - [29/Mar/2015:02:02:35 -0500] "GET /forest/skins/gdocs-jar/img/bola.gif HTTP/1.1" 304 -
181.60.160.209 - - [29/Mar/2015:02:02:35 -0500] "GET /forest/skins/gdocs-jar/img/alert.gif HTTP/1.1" 304 -
181.60.160.209 - - [29/Mar/2015:02:02:35 -0500] "GET /forest/skins/gdocs-jar/img/disk.png HTTP/1.1" 304 -
181.60.160.209 - - [29/Mar/2015:02:02:35 -0500] "GET /forest/skins/gdocs-jar/img/control-double.png HTTP/1.1" 304 -
181.60.160.209 - - [29/Mar/2015:02:02:35 -0500] "GET /forest/skins/gdocs-jar/img/close.gif HTTP/1.1" 304 -
181.60.160.209 - - [29/Mar/2015:02:02:35 -0500] "GET /forest/skins/gdocs-jar/img/okey.gif HTTP/1.1" 304 -
181.60.160.209 - - [29/Mar/2015:02:02:35 -0500] "GET /forest/skins/gdocs-jar/img/cancel.gif HTTP/1.1" 304 -
181.60.160.209 - - [29/Mar/2015:02:02:35 -0500] "GET /forest/skins/gdocs-jar/img/spacer.gif HTTP/1.1" 304 -
181.60.160.209 - - [29/Mar/2015:02:02:35 -0500] "GET /forest/skins/gdocs-jar/img/prev.gif HTTP/1.1" 304 -
181.60.160.209 - - [29/Mar/2015:02:02:35 -0500] "GET /forest/img/mplogo.gif HTTP/1.1" 304 -
181.60.160.209 - - [29/Mar/2015:02:02:35 -0500] "GET /forest/img/close.gif HTTP/1.1" 304 -
181.60.160.209 - - [29/Mar/2015:02:02:35 -0500] "GET /forest/img/fondo-barra.gif HTTP/1.1" 304 -
181.60.160.209 - - [29/Mar/2015:01:58:57 -0500] "GET /ForestMSG_SDA/channelAsync/template_word_17793739?X-Atmosphere-tracking-id=58b6e672-4963-d9f0-5950-7c55c3188684&X-Atmosphere-Framework=1.0.5&X-Atmosphere-Transport=long-polling&tabid=0.06024929182603955&X-Cache-Date=0&Content-Type=application/xml&_=1427612499522 HTTP/1.1" 200 8193
181.60.160.209 - - [29/Mar/2015:02:02:35 -0500] "GET /forest/1ibre/1ibre.css HTTP/1.1" 304 -
181.60.160.209 - - [29/Mar/2015:02:02:35 -0500] "GET /forest/session.jsp?a=0.08538047480396926 HTTP/1.1" 200 4
181.60.160.209 - - [29/Mar/2015:02:02:35 -0500] "GET /forest/actions/forms.getMappedValues?id=id_Numeracion4&value=1426104427734&codForm=RevisarDocumento&a=0.4833109250757843 HTTP/1.1" 200 196
181.60.160.209 - - [29/Mar/2015:02:02:37 -0500] "GET /forest/borrador/1702998/Borrador%20juridico%202015-03-11.docx HTTP/1.1" 200 76233
66.249.67.104 - - [29/Mar/2015:02:02:47 -0500] "GET /POT-2013/index.php?dir=Cartografia%2F HTTP/1.1" 200 11465
66.249.67.68 - - [29/Mar/2015:02:02:51 -0500] "GET /BLA/resoluciones/RESOLUCIONES%202007/RES%202007%203701%20AL%203800/RESOLUCION%203753%20DE%202007.pdf HTTP/1.1" 200 1170758
181.60.160.209 - - [29/Mar/2015:02:03:10 -0500] "GET /forest/actions/forms.getList?codForm=RevisarDocumento&id=Fun_revisar&text=s HTTP/1.1" 200 1239
181.60.160.209 - - [29/Mar/2015:02:03:10 -0500] "GET /forest/actions/forms.getList?codForm=RevisarDocumento&id=Fun_revisar&text=sa HTTP/1.1" 200 1259
181.60.160.209 - - [29/Mar/2015:02:03:10 -0500] "GET /forest/actions/forms.getList?codForm=RevisarDocumento&id=Fun_revisar&text=san HTTP/1.1" 200 1255
181.60.160.209 - - [29/Mar/2015:02:03:11 -0500] "GET /forest/actions/forms.getList?codForm=RevisarDocumento&id=Fun_revisar&text=sand HTTP/1.1" 200 1303
181.60.160.209 - - [29/Mar/2015:02:03:11 -0500] "GET /forest/actions/forms.getList?codForm=RevisarDocumento&id=Fun_revisar&text=sandr HTTP/1.1" 200 1300
181.60.160.209 - - [29/Mar/2015:02:03:11 -0500] "GET /forest/actions/forms.getList?codForm=RevisarDocumento&id=Fun_revisar&text=sandra HTTP/1.1" 200 1300
66.249.67.84 - - [29/Mar/2015:02:03:11 -0500] "GET /BLA/resoluciones/RESOLUCIONES%202007/RES%202007%20101%20AL%20200/RESOLUCION%200184%20DE%202007.pdf HTTP/1.1" 200 131557
181.60.160.209 - - [29/Mar/2015:02:03:11 -0500] "GET /forest/actions/forms.getList?codForm=RevisarDocumento&id=Fun_revisar&text=sandra%20 HTTP/1.1" 200 1300
181.60.160.209 - - [29/Mar/2015:02:03:11 -0500] "GET /forest/actions/forms.getList?codForm=RevisarDocumento&id=Fun_revisar&text=sandra%20l HTTP/1.1" 200 257
181.60.160.209 - - [29/Mar/2015:02:03:12 -0500] "GET /forest/actions/forms.getList?codForm=RevisarDocumento&id=Fun_revisar&text=sandra%20lu HTTP/1.1" 200 61
181.60.160.209 - - [29/Mar/2015:02:03:12 -0500] "GET /forest/actions/forms.getList?codForm=RevisarDocumento&id=Fun_revisar&text=sandra%20luc HTTP/1.1" 200 61
181.60.160.209 - - [29/Mar/2015:02:03:12 -0500] "GET /forest/actions/forms.getList?codForm=RevisarDocumento&id=Fun_revisar&text=sandra%20luci HTTP/1.1" 200 61
181.60.160.209 - - [29/Mar/2015:02:03:12 -0500] "GET /forest/actions/forms.getList?codForm=RevisarDocumento&id=Fun_revisar&text=sandra%20lucia HTTP/1.1" 200 61
181.60.160.209 - - [29/Mar/2015:02:03:16 -0500] "POST /forest/usutareas.do? HTTP/1.1" 200 76
181.60.160.209 - - [29/Mar/2015:02:03:19 -0500] "GET /forest/usutareas.do?group_system_actual=3&a=0.04661779967136681 HTTP/1.1" 200 19921
181.60.160.209 - - [29/Mar/2015:02:03:19 -0500] "GET /forest/session.jsp?a=0.9290468289982527 HTTP/1.1" 200 4
181.60.160.209 - - [29/Mar/2015:02:03:21 -0500] "GET /forest/index2.jsp?_a=0.7653694625478238 HTTP/1.1" 200 79801
181.60.160.209 - - [29/Mar/2015:02:03:21 -0500] "GET /forest/js/inicio.js?version=1503.161801 HTTP/1.1" 304 -
181.60.160.209 - - [29/Mar/2015:02:03:21 -0500] "GET /forest/skins/gdocs-jar/js/misprocesos.js?version=1503.161801 HTTP/1.1" 304 -
181.60.160.209 - - [29/Mar/2015:02:03:21 -0500] "GET /forest/img/panel/view_icon.gif HTTP/1.1" 304 -
181.60.160.209 - - [29/Mar/2015:02:03:21 -0500] "GET /forest/img/panel/menu/folder.png HTTP/1.1" 304 -
181.60.160.209 - - [29/Mar/2015:02:03:21 -0500] "GET /forest/img/panel/menu/add.png HTTP/1.1" 304 -
181.60.160.209 - - [29/Mar/2015:02:03:22 -0500] "GET /forest/img/panel/menu/hoy.png HTTP/1.1" 304 -
181.60.160.209 - - [29/Mar/2015:02:03:22 -0500] "GET /forest/img/panel/menu/danger2.png HTTP/1.1" 304 -
181.60.160.209 - - [29/Mar/2015:02:03:22 -0500] "GET /forest/img/mireparto.gif HTTP/1.1" 304 -
181.60.160.209 - - [29/Mar/2015:02:03:22 -0500] "GET /forest/img/instanciar.gif HTTP/1.1" 304 -
181.60.160.209 - - [29/Mar/2015:02:03:22 -0500] "GET /forest/img/misdocumentos.gif HTTP/1.1" 304 -
181.60.160.209 - - [29/Mar/2015:02:03:22 -0500] "GET /forest/session.jsp?a=0.9497666421812028 HTTP/1.1" 200 4
181.60.160.209 - - [29/Mar/2015:02:03:26 -0500] "GET /forest/misactividades.do?group_system_actual=3&codPro=90&_a=0.5239062271279125 HTTP/1.1" 200 38547
181.60.160.209 - - [29/Mar/2015:02:03:26 -0500] "GET /forest/js/jquery/jquery-latest.js HTTP/1.1" 304 -
181.60.160.209 - - [29/Mar/2015:02:03:26 -0500] "GET /forest/js/jquery/css/jquery-ui-1.8.1.custom.css HTTP/1.1" 304 -
181.60.160.209 - - [29/Mar/2015:02:03:26 -0500] "GET /forest/js/jquery/css/jquery-ui-selectmenu.css HTTP/1.1" 304 -
181.60.160.209 - - [29/Mar/2015:02:03:26 -0500] "GET /forest/js/jquery/grid/css/ui.jqgrid.css HTTP/1.1" 304 -
181.60.160.209 - - [29/Mar/2015:02:03:26 -0500] "GET /forest/js/jquery/grid/css/ui.multiselect.css HTTP/1.1" 304 -
181.60.160.209 - - [29/Mar/2015:02:03:26 -0500] "GET /forest/js/jquery/jquery-ui-latest.js HTTP/1.1" 304 -
181.60.160.209 - - [29/Mar/2015:02:03:26 -0500] "GET /forest/js/jquery/plugins/jquery.ui.selectmenu.js HTTP/1.1" 304 -
181.60.160.209 - - [29/Mar/2015:02:03:26 -0500] "GET /forest/js/jquery/jquery.layout-latest.js HTTP/1.1" 304 -
181.60.160.209 - - [29/Mar/2015:02:03:26 -0500] "GET /forest/js/jquery/i18n/grid.locale-en.js HTTP/1.1" 304 -
181.60.160.209 - - [29/Mar/2015:02:03:26 -0500] "GET /forest/js/jquery/plugins/jquery.searchFilter.js HTTP/1.1" 304 -
181.60.160.209 - - [29/Mar/2015:02:03:26 -0500] "GET /forest/js/jquery/plugins/ui.multiselect.js HTTP/1.1" 304 -
181.60.160.209 - - [29/Mar/2015:02:03:26 -0500] "GET /forest/js/jquery/jquery.jqGrid.src.js HTTP/1.1" 304 -
181.60.160.209 - - [29/Mar/2015:02:03:26 -0500] "GET /forest/js/jquery/plugins/jquery.tablednd.js HTTP/1.1" 304 -
181.60.160.209 - - [29/Mar/2015:02:03:26 -0500] "GET /forest/js/jquery/plugins/jquery.contextmenu.js HTTP/1.1" 304 -
181.60.160.209 - - [29/Mar/2015:02:03:26 -0500] "GET /forest/js/jquery/plugins/grid.setcolumns.js HTTP/1.1" 304 -
181.60.160.209 - - [29/Mar/2015:02:03:26 -0500] "GET /forest/js/jqGridConf.js HTTP/1.1" 304 -
181.60.160.209 - - [29/Mar/2015:02:03:26 -0500] "GET /forest/skins/gdocs-jar/jsp/cookie.jsp?name=grid_nompro&del HTTP/1.1" 200 -
181.60.160.209 - - [29/Mar/2015:02:03:26 -0500] "GET /forest/session.jsp?a=0.9083339441567659 HTTP/1.1" 200 4
181.60.160.209 - - [29/Mar/2015:02:03:27 -0500] "POST /forest/misactividades.do?ajax=true&a=0.0021608001552522182 HTTP/1.1" 200 10034
181.60.160.209 - - [29/Mar/2015:02:03:27 -0500] "GET /forest/skins/gdocs-jar/img/doc-alert.gif HTTP/1.1" 304 -
181.60.160.209 - - [29/Mar/2015:02:03:27 -0500] "GET /forest/img/newdocs.gif HTTP/1.1" 304 -
188.165.15.198 - - [29/Mar/2015:02:03:28 -0500] "GET /BLA/resoluciones/RESOLUCIONES%202005/RES%202005%201951-2000/00001968.tif HTTP/1.1" 200 140476
181.60.160.209 - - [29/Mar/2015:02:03:36 -0500] "GET /forest/usutareas.do?_a=0.889189240988344&group_system_actual=3 HTTP/1.1" 200 91032
181.60.160.209 - - [29/Mar/2015:02:03:36 -0500] "GET /forest/session.jsp?a=0.773639716906473 HTTP/1.1" 200 4
181.60.160.209 - - [29/Mar/2015:02:03:39 -0500] "GET /forest/skins/gdocs-jar/popup/escritorio/reasignar.jsp?codTraEsc=17794034&a=0.8347700771410018 HTTP/1.1" 200 3741
181.60.160.209 - - [29/Mar/2015:02:03:39 -0500] "GET /forest/skins/gdocs-jar/img/user_search.gif HTTP/1.1" 304 -
181.60.160.209 - - [29/Mar/2015:02:04:16 -0500] "GET /forest/skins/gdocs-jar/popup/buscarfuncionarios.jsp?a=0.9820341698359698 HTTP/1.1" 200 30224
181.60.160.209 - - [29/Mar/2015:02:04:16 -0500] "GET /forest/skins/gdocs-jar/img/select.gif HTTP/1.1" 304 -
181.60.160.209 - - [29/Mar/2015:02:04:16 -0500] "GET /forest/1ibre/images/spacer.gif HTTP/1.1" 304 -
181.60.160.209 - - [29/Mar/2015:02:04:16 -0500] "GET /forest/skins/gdocs-jar/img/dependencia-tree.gif HTTP/1.1" 304 -
181.60.160.209 - - [29/Mar/2015:02:04:16 -0500] "GET /forest/1ibre/images/minus.gif HTTP/1.1" 304 -
181.60.160.209 - - [29/Mar/2015:02:04:16 -0500] "GET /forest/1ibre/images/plus.gif HTTP/1.1" 304 -
181.60.160.209 - - [29/Mar/2015:02:04:20 -0500] "GET /forest/xmlresponse.do?lista=funcionarioByName&xmlret=1&partNomFun=sandra%20lucia%20&a=0.6644285107031465 HTTP/1.1" 200 185
181.60.160.209 - - [29/Mar/2015:02:04:22 -0500] "GET /forest/json.do?query=dependenciaByFun&codFun=LUCIA.RODRIGUEZ&a=0.4315537316724658 HTTP/1.1" 200 96
181.60.160.209 - - [29/Mar/2015:02:04:41 -0500] "POST /forest/usutareas.do?group_system_actual=3 HTTP/1.1" 200 148
181.60.160.209 - - [29/Mar/2015:02:04:43 -0500] "GET /forest/usutareas.do?group_system_actual=3&a=0.012563619762659073 HTTP/1.1" 200 19921
181.60.160.209 - - [29/Mar/2015:02:04:43 -0500] "GET /forest/session.jsp?a=0.6685805656015873 HTTP/1.1" 200 4
181.60.160.209 - - [29/Mar/2015:02:04:45 -0500] "GET /forest/index2.jsp?_a=0.6767020344268531 HTTP/1.1" 200 79377
181.60.160.209 - - [29/Mar/2015:02:04:45 -0500] "GET /forest/session.jsp?a=0.8452668620739132 HTTP/1.1" 200 4
66.249.67.76 - - [29/Mar/2015:02:04:54 -0500] "GET /BLA/resoluciones/RESOLUCIONES%202008/4518.pdf HTTP/1.1" 304 -
186.29.79.98 - - [29/Mar/2015:02:05:10 -0500] "GET /BLA/boletinlegal/js/jquery.scrollTo-min.js HTTP/1.1" 200 1150
186.29.79.98 - - [29/Mar/2015:02:05:10 -0500] "GET /BLA/boletinlegal/js/jquery.scrollShow.js HTTP/1.1" 200 4586
186.29.79.98 - - [29/Mar/2015:02:05:10 -0500] "GET /galeria/galeria/jquery.fancybox.js?v=2.1.5 HTTP/1.1" 200 48706
186.29.79.98 - - [29/Mar/2015:02:05:11 -0500] "GET /galeria/galeria/jquery.fancybox.css?v=2.1.5 HTTP/1.1" 200 4895
186.29.79.98 - - [29/Mar/2015:02:05:18 -0500] "GET /galeria/galeria/jquery.fancybox.css?v=2.1.5 HTTP/1.1" 304 -
186.29.79.98 - - [29/Mar/2015:02:05:18 -0500] "GET /BLA/boletinlegal/js/jquery.scrollTo-min.js HTTP/1.1" 304 -
186.29.79.98 - - [29/Mar/2015:02:05:18 -0500] "GET /BLA/boletinlegal/js/jquery.scrollShow.js HTTP/1.1" 304 -
186.29.79.98 - - [29/Mar/2015:02:05:18 -0500] "GET /galeria/galeria/jquery.fancybox.js?v=2.1.5 HTTP/1.1" 304 -
66.249.67.76 - - [29/Mar/2015:02:05:36 -0500] "GET /BLA/resoluciones/Autos%202008/2036.pdf HTTP/1.1" 200 162368
188.165.15.198 - - [29/Mar/2015:02:06:10 -0500] "GET /BLA/resoluciones/RESOLUCIONES%202005/RES%202005%201201-1250/00001227.tif HTTP/1.1" 200 138222
180.76.6.63 - - [29/Mar/2015:02:06:20 -0500] "GET /BLA/resoluciones/RESOLUCIONES%202009/7565.pdf HTTP/1.1" 200 489511
186.154.25.155 - - [29/Mar/2015:02:00:56 -0500] "GET /ForestMSG_SDA/channelAsync/template_word_17341724?X-Atmosphere-tracking-id=4c48a1f3-1d66-b262-7a32-5e8fdd1076e3&X-Atmosphere-Framework=1.0.5&X-Atmosphere-Transport=long-polling&tabid=0.6107235250528902&X-Cache-Date=0&Content-Type=application/xml&_=1427612616555 HTTP/1.1" 200 8193
66.249.67.68 - - [29/Mar/2015:02:06:57 -0500] "GET /BLA/resoluciones/AUTOS%202014/3680.pdf HTTP/1.1" 200 455512
74.86.158.107 - - [29/Mar/2015:02:07:06 -0500] "HEAD / HTTP/1.1" 302 -
66.249.67.68 - - [29/Mar/2015:02:07:48 -0500] "GET /BLA/resoluciones/index.php?dir=RESOLUCIONES%202009/&sort=name&order=desc HTTP/1.1" 200 1672911
66.249.67.68 - - [29/Mar/2015:02:07:58 -0500] "GET /BLA/resoluciones/AUTOS%202010/5295.pdf HTTP/1.1" 200 105120
181.60.160.209 - - [29/Mar/2015:02:02:35 -0500] "GET /ForestMSG_SDA/channelAsync/template_word_17793739?X-Atmosphere-tracking-id=9ffb7edd-1cf9-abe5-825e-e7ae44a1c2eb&X-Atmosphere-Framework=1.0.5&X-Atmosphere-Transport=long-polling&tabid=0.44036728725768626&X-Cache-Date=0&Content-Type=application/xml&_=1427612717245 HTTP/1.1" 200 8193
181.60.160.209 - - [29/Mar/2015:02:08:54 -0500] "GET /forest/misactividades.do?group_system_actual=3&codPro=134&_a=0.2725995819532401 HTTP/1.1" 200 38583
181.60.160.209 - - [29/Mar/2015:02:08:54 -0500] "GET /forest/session.jsp?a=0.6063821581192315 HTTP/1.1" 200 4
181.60.160.209 - - [29/Mar/2015:02:08:55 -0500] "POST /forest/misactividades.do?ajax=true&a=0.2703552693128586 HTTP/1.1" 200 7009
66.249.67.76 - - [29/Mar/2015:02:08:59 -0500] "GET /BLA/resoluciones/RESOLUCIONES%202014/2622.pdf HTTP/1.1" 200 289969
66.249.67.76 - - [29/Mar/2015:02:09:05 -0500] "GET /BLA/resoluciones/AUTOS%202007/0758.pdf HTTP/1.1" 200 80012
66.249.67.68 - - [29/Mar/2015:02:10:26 -0500] "GET /BLA/resoluciones/AUTOS%202007/3695.pdf HTTP/1.1" 200 64617
66.249.67.84 - - [29/Mar/2015:02:10:30 -0500] "GET /BLA/resoluciones/Autos%202008/0971.pdf HTTP/1.1" 200 34131
181.60.160.209 - - [29/Mar/2015:02:10:36 -0500] "GET /forest/skins/gdocs-jar/popup/popup.jsp?width=1100&height=500&title=Buscar%20procesos&uri=/forest/buscar.do%3Ftype%3Dprocesos&name=undefined&_a=0.7790493131615222&a=0.12005743896588683 HTTP/1.1" 200 1296
181.60.160.209 - - [29/Mar/2015:02:10:36 -0500] "GET /forest/buscar.do?type=procesos HTTP/1.1" 200 14695
180.76.6.137 - - [29/Mar/2015:02:10:36 -0500] "GET /BLA/resoluciones/RESOLUCIONES%202011/0124.pdf HTTP/1.1" 200 515931
181.60.160.209 - - [29/Mar/2015:02:10:36 -0500] "GET /forest/buscar.do?type=procesos HTTP/1.1" 200 84915
181.60.160.209 - - [29/Mar/2015:02:10:36 -0500] "GET /forest/css/autocomplete.css?version=1503.161801 HTTP/1.1" 304 -
181.60.160.209 - - [29/Mar/2015:02:10:36 -0500] "GET /forest/skins/gdocs-jar/css/tree.css?version=1503.161801 HTTP/1.1" 304 -
181.60.160.209 - - [29/Mar/2015:02:10:36 -0500] "GET /forest/1ibre/jscalendar/calendar-win2k-1.css HTTP/1.1" 304 -
181.60.160.209 - - [29/Mar/2015:02:10:36 -0500] "GET /forest/js/load_func.js?version=1503.161801 HTTP/1.1" 304 -
181.60.160.209 - - [29/Mar/2015:02:10:36 -0500] "GET /forest/js/dialog.js?version=1503.161801 HTTP/1.1" 304 -
181.60.160.209 - - [29/Mar/2015:02:10:36 -0500] "GET /forest/js/sarissa.js?version=1503.161801 HTTP/1.1" 304 -
181.60.160.209 - - [29/Mar/2015:02:10:36 -0500] "GET /forest/js/escritorio/escritorio.js?version=1503.161801 HTTP/1.1" 304 -
181.60.160.209 - - [29/Mar/2015:02:10:36 -0500] "GET /forest/js/internJS.js?version=1503.161801 HTTP/1.1" 304 -
181.60.160.209 - - [29/Mar/2015:02:10:36 -0500] "GET /forest/js/autocompletar2.js?version=1503.161801 HTTP/1.1" 304 -
181.60.160.209 - - [29/Mar/2015:02:10:36 -0500] "GET /forest/1ibre/protoaculous.js?version=1503.161801 HTTP/1.1" 304 -
181.60.160.209 - - [29/Mar/2015:02:10:36 -0500] "GET /forest/1ibre/jscalendar/calendar.js?version=1503.161801 HTTP/1.1" 304 -
181.60.160.209 - - [29/Mar/2015:02:10:36 -0500] "GET /forest/1ibre/jscalendar/lang/calendar-es.js?version=1503.161801 HTTP/1.1" 304 -
181.60.160.209 - - [29/Mar/2015:02:10:36 -0500] "GET /forest/1ibre/jscalendar/calendar-setup.js?version=1503.161801 HTTP/1.1" 304 -
181.60.160.209 - - [29/Mar/2015:02:10:36 -0500] "GET /forest/1ibre/1ibre.js?version=1503.161801 HTTP/1.1" 304 -
181.60.160.209 - - [29/Mar/2015:02:10:36 -0500] "GET /forest/js/xml_utilities.js?version=1503.161801 HTTP/1.1" 304 -
181.60.160.209 - - [29/Mar/2015:02:10:36 -0500] "GET /forest/1ibre/jscalendar/img.gif HTTP/1.1" 304 -
181.60.160.209 - - [29/Mar/2015:02:10:36 -0500] "GET /forest/json.do?query=versionListadas HTTP/1.1" 200 15
181.60.160.209 - - [29/Mar/2015:02:10:36 -0500] "GET /forest/json.do?query=usersByDep&coddep=7105 HTTP/1.1" 200 117
181.60.160.209 - - [29/Mar/2015:02:10:36 -0500] "GET /forest/json.do?query=usersByDep&coddep=7105 HTTP/1.1" 200 117
181.60.160.209 - - [29/Mar/2015:02:10:36 -0500] "GET /forest/json.do?query=procesIniciales HTTP/1.1" 200 10282
181.60.160.209 - - [29/Mar/2015:02:10:37 -0500] "GET /forest/json.do?query=bpmnIniciales HTTP/1.1" 200 638
181.60.160.209 - - [29/Mar/2015:02:10:39 -0500] "POST /forest/buscar.do? HTTP/1.1" 200 5145
181.60.160.209 - - [29/Mar/2015:02:10:39 -0500] "GET /forest/css/escritorio.css HTTP/1.1" 304 -
181.60.160.209 - - [29/Mar/2015:02:10:39 -0500] "GET /forest/img/nav_first.gif HTTP/1.1" 304 -
181.60.160.209 - - [29/Mar/2015:02:10:39 -0500] "GET /forest/img/nav_prev.gif HTTP/1.1" 304 -
181.60.160.209 - - [29/Mar/2015:02:10:39 -0500] "GET /forest/skins/gdocs-jar/img/more_details.gif HTTP/1.1" 304 -
181.60.160.209 - - [29/Mar/2015:02:10:39 -0500] "GET /forest/img/nav_next.gif HTTP/1.1" 304 -
181.60.160.209 - - [29/Mar/2015:02:10:39 -0500] "GET /forest/img/nav_last.gif HTTP/1.1" 304 -
181.60.160.209 - - [29/Mar/2015:02:10:49 -0500] "GET /forest/buscar.do?type=procesos HTTP/1.1" 200 84915
181.60.160.209 - - [29/Mar/2015:02:10:50 -0500] "GET /forest/json.do?query=usersByDep&coddep=7105 HTTP/1.1" 200 117
181.60.160.209 - - [29/Mar/2015:02:10:50 -0500] "GET /forest/json.do?query=versionListadas HTTP/1.1" 200 15
181.60.160.209 - - [29/Mar/2015:02:10:50 -0500] "GET /forest/json.do?query=usersByDep&coddep=7105 HTTP/1.1" 200 117
181.60.160.209 - - [29/Mar/2015:02:10:50 -0500] "GET /forest/json.do?query=procesIniciales HTTP/1.1" 200 10282
181.60.160.209 - - [29/Mar/2015:02:10:50 -0500] "GET /forest/json.do?query=bpmnIniciales HTTP/1.1" 200 638
181.60.160.209 - - [29/Mar/2015:02:10:54 -0500] "POST /forest/buscar.do? HTTP/1.1" 200 5160
66.249.67.84 - - [29/Mar/2015:02:10:59 -0500] "GET /BLA/resoluciones/AUTOS%202010/5441.pdf HTTP/1.1" 200 194155
188.165.15.198 - - [29/Mar/2015:02:11:03 -0500] "GET /BLA/resoluciones/RESOLUCIONES%202006/RES%202006%202501-2550/00002522.tif HTTP/1.1" 200 119424
66.249.67.68 - - [29/Mar/2015:02:11:14 -0500] "GET /BLA/resoluciones/AUTOS%202012/1632.pdf HTTP/1.1" 200 423490
181.60.160.209 - - [29/Mar/2015:02:11:16 -0500] "GET /forest/buscar.do?type=procesos HTTP/1.1" 200 84915
181.60.160.209 - - [29/Mar/2015:02:11:17 -0500] "GET /forest/json.do?query=usersByDep&coddep=7105 HTTP/1.1" 200 117
181.60.160.209 - - [29/Mar/2015:02:11:17 -0500] "GET /forest/json.do?query=versionListadas HTTP/1.1" 200 15
181.60.160.209 - - [29/Mar/2015:02:11:17 -0500] "GET /forest/json.do?query=usersByDep&coddep=7105 HTTP/1.1" 200 117
181.60.160.209 - - [29/Mar/2015:02:11:17 -0500] "GET /forest/json.do?query=procesIniciales HTTP/1.1" 200 10282
181.60.160.209 - - [29/Mar/2015:02:11:17 -0500] "GET /forest/json.do?query=bpmnIniciales HTTP/1.1" 200 638
181.60.160.209 - - [29/Mar/2015:02:11:21 -0500] "POST /forest/buscar.do? HTTP/1.1" 200 5144
181.60.160.209 - - [29/Mar/2015:02:11:41 -0500] "GET /forest/buscar.do?type=procesos HTTP/1.1" 200 84915
181.60.160.209 - - [29/Mar/2015:02:11:41 -0500] "GET /forest/json.do?query=usersByDep&coddep=7105 HTTP/1.1" 200 117
181.60.160.209 - - [29/Mar/2015:02:11:41 -0500] "GET /forest/json.do?query=versionListadas HTTP/1.1" 200 15
181.60.160.209 - - [29/Mar/2015:02:11:41 -0500] "GET /forest/json.do?query=usersByDep&coddep=7105 HTTP/1.1" 200 117
181.60.160.209 - - [29/Mar/2015:02:11:41 -0500] "GET /forest/json.do?query=procesIniciales HTTP/1.1" 200 10282
181.60.160.209 - - [29/Mar/2015:02:11:41 -0500] "GET /forest/json.do?query=bpmnIniciales HTTP/1.1" 200 638
181.60.160.209 - - [29/Mar/2015:02:11:44 -0500] "POST /forest/buscar.do? HTTP/1.1" 200 5160
66.249.67.84 - - [29/Mar/2015:02:11:46 -0500] "GET /BLA/resoluciones/RESOLUCIONES%202011/5880.pdf HTTP/1.1" 200 494859
181.60.160.209 - - [29/Mar/2015:02:11:57 -0500] "GET /forest/buscar.do?type=procesos HTTP/1.1" 200 84915
181.60.160.209 - - [29/Mar/2015:02:11:58 -0500] "GET /forest/json.do?query=usersByDep&coddep=7105 HTTP/1.1" 200 117
181.60.160.209 - - [29/Mar/2015:02:11:58 -0500] "GET /forest/json.do?query=versionListadas HTTP/1.1" 200 15
181.60.160.209 - - [29/Mar/2015:02:11:58 -0500] "GET /forest/json.do?query=usersByDep&coddep=7105 HTTP/1.1" 200 117
181.60.160.209 - - [29/Mar/2015:02:11:58 -0500] "GET /forest/json.do?query=procesIniciales HTTP/1.1" 200 10282
181.60.160.209 - - [29/Mar/2015:02:11:58 -0500] "GET /forest/json.do?query=bpmnIniciales HTTP/1.1" 200 638
181.60.160.209 - - [29/Mar/2015:02:12:01 -0500] "POST /forest/buscar.do? HTTP/1.1" 200 5165
74.86.158.107 - - [29/Mar/2015:02:12:06 -0500] "HEAD / HTTP/1.1" 302 -
188.165.15.198 - - [29/Mar/2015:02:12:26 -0500] "GET /BLA/resoluciones/RESOLUCIONES%202004/RES%202004%201551-1600/00001562.tif HTTP/1.1" 200 138296
66.249.67.68 - - [29/Mar/2015:02:12:43 -0500] "GET /BLA/resoluciones/RESOLUCIONES%202005/RES%202005%203001-3050/00003042.tif HTTP/1.1" 200 313310
186.154.25.155 - - [29/Mar/2015:02:06:56 -0500] "GET /ForestMSG_SDA/channelAsync/template_word_17341724?X-Atmosphere-tracking-id=4c48a1f3-1d66-b262-7a32-5e8fdd1076e3&X-Atmosphere-Framework=1.0.5&X-Atmosphere-Transport=long-polling&tabid=0.6107235250528902&X-Cache-Date=0&Content-Type=application/xml&_=1427612976636 HTTP/1.1" 200 8193
188.165.15.198 - - [29/Mar/2015:02:13:10 -0500] "GET /BLA/resoluciones/RESOLUCIONES%202003/RES%202003%201551-1601/20031591.tif HTTP/1.1" 200 81376
181.60.160.209 - - [29/Mar/2015:02:13:15 -0500] "GET /forest/buscar.do?type=procesos HTTP/1.1" 200 84915
181.60.160.209 - - [29/Mar/2015:02:13:16 -0500] "GET /forest/json.do?query=usersByDep&coddep=7105 HTTP/1.1" 200 117
181.60.160.209 - - [29/Mar/2015:02:13:16 -0500] "GET /forest/json.do?query=usersByDep&coddep=7105 HTTP/1.1" 200 117
181.60.160.209 - - [29/Mar/2015:02:13:16 -0500] "GET /forest/json.do?query=versionListadas HTTP/1.1" 200 15
181.60.160.209 - - [29/Mar/2015:02:13:16 -0500] "GET /forest/json.do?query=procesIniciales HTTP/1.1" 200 10282
181.60.160.209 - - [29/Mar/2015:02:13:16 -0500] "GET /forest/json.do?query=bpmnIniciales HTTP/1.1" 200 638
181.60.160.209 - - [29/Mar/2015:02:13:19 -0500] "POST /forest/buscar.do? HTTP/1.1" 200 5153
188.165.15.198 - - [29/Mar/2015:02:13:22 -0500] "GET /BLA/resoluciones/RESOLUCIONES%202005/RES%202005%20651-700/00000660.tif HTTP/1.1" 200 538694
66.249.67.76 - - [29/Mar/2015:02:13:25 -0500] "GET /BLA/resoluciones/RESOLUCIONES%202009/4557.pdf HTTP/1.1" 200 641693
181.60.160.209 - - [29/Mar/2015:02:13:27 -0500] "GET /forest/buscar.do?type=procesos HTTP/1.1" 200 84915
181.60.160.209 - - [29/Mar/2015:02:13:28 -0500] "GET /forest/json.do?query=usersByDep&coddep=7105 HTTP/1.1" 200 117
181.60.160.209 - - [29/Mar/2015:02:13:28 -0500] "GET /forest/json.do?query=versionListadas HTTP/1.1" 200 15
181.60.160.209 - - [29/Mar/2015:02:13:28 -0500] "GET /forest/json.do?query=usersByDep&coddep=7105 HTTP/1.1" 200 117
181.60.160.209 - - [29/Mar/2015:02:13:28 -0500] "GET /forest/json.do?query=procesIniciales HTTP/1.1" 200 10282
181.60.160.209 - - [29/Mar/2015:02:13:28 -0500] "GET /forest/json.do?query=bpmnIniciales HTTP/1.1" 200 638
181.60.160.209 - - [29/Mar/2015:02:13:31 -0500] "POST /forest/buscar.do? HTTP/1.1" 200 5151
181.60.160.209 - - [29/Mar/2015:02:13:55 -0500] "GET /forest/session.jsp?a=0.8267618748359382 HTTP/1.1" 200 4
188.165.15.198 - - [29/Mar/2015:02:14:03 -0500] "GET /BLA/resoluciones/RESOLUCIONES%202004/RES%202004%201401-1450/00001442.tif HTTP/1.1" 200 253450
181.60.160.209 - - [29/Mar/2015:02:14:05 -0500] "GET /forest/buscar.do?type=procesos HTTP/1.1" 200 84915
181.60.160.209 - - [29/Mar/2015:02:14:06 -0500] "GET /forest/json.do?query=usersByDep&coddep=7105 HTTP/1.1" 200 117
181.60.160.209 - - [29/Mar/2015:02:14:06 -0500] "GET /forest/json.do?query=versionListadas HTTP/1.1" 200 15
181.60.160.209 - - [29/Mar/2015:02:14:06 -0500] "GET /forest/json.do?query=usersByDep&coddep=7105 HTTP/1.1" 200 117
181.60.160.209 - - [29/Mar/2015:02:14:06 -0500] "GET /forest/json.do?query=procesIniciales HTTP/1.1" 200 10282
181.60.160.209 - - [29/Mar/2015:02:14:06 -0500] "GET /forest/json.do?query=bpmnIniciales HTTP/1.1" 200 638
181.60.160.209 - - [29/Mar/2015:02:14:09 -0500] "POST /forest/buscar.do? HTTP/1.1" 200 5179
