186.154.25.155 - - [29/Mar/2015:06:07:01 -0500] "GET /ForestMSG_SDA/channelAsync/template_word_17341724?X-Atmosphere-tracking-id=4c48a1f3-1d66-b262-7a32-5e8fdd1076e3&X-Atmosphere-Framework=1.0.5&X-Atmosphere-Transport=long-polling&tabid=0.6107235250528902&X-Cache-Date=0&Content-Type=application/xml&_=1427627382071 HTTP/1.1" 200 8193
123.125.71.27 - - [29/Mar/2015:06:13:20 -0500] "GET /BLA/resoluciones/RESOLUCIONES%202013/0184.pdf HTTP/1.1" 200 5727923
188.165.15.198 - - [29/Mar/2015:06:13:29 -0500] "GET /BLA/resoluciones/RESOLUCIONES%202003/RES%202003%201351-1400/20031399.tif HTTP/1.1" 200 127264
188.165.15.198 - - [29/Mar/2015:06:13:54 -0500] "GET /BLA/resoluciones/index.php?dir=RESOLUCIONES%202004/RES%202004%20701-750/&sort=date&order=asc HTTP/1.1" 200 12059
66.249.67.68 - - [29/Mar/2015:06:14:37 -0500] "GET /BLA/resoluciones/RESOLUCIONES%202010/7062.pdf HTTP/1.1" 200 754485
201.245.192.253 - - [29/Mar/2015:06:15:36 -0500] "GET /galeria/nivo-slider/demo/images/Convocatoria_recicladores.jpg HTTP/1.1" 304 -
188.165.15.198 - - [29/Mar/2015:06:15:43 -0500] "GET /BLA/resoluciones/RESOLUCIONES%202006/RES%202006%201651-1700/00001653.tif HTTP/1.1" 200 248882
188.165.15.198 - - [29/Mar/2015:06:16:23 -0500] "GET /BLA/resoluciones/RESOLUCIONES%202004/RES%202004%20951-1000/00000956.tif HTTP/1.1" 200 44816
66.249.67.76 - - [29/Mar/2015:06:16:29 -0500] "GET /BLA/resoluciones/RESOLUCIONES%202010/6193.pdf HTTP/1.1" 200 13804782
188.165.15.198 - - [29/Mar/2015:06:16:33 -0500] "GET /BLA/resoluciones/RESOLUCIONES%202005/RES%202005%203051-3100/00003088.tif HTTP/1.1" 200 157446
74.86.158.107 - - [29/Mar/2015:06:17:06 -0500] "HEAD / HTTP/1.1" 302 -
188.165.15.198 - - [29/Mar/2015:06:17:21 -0500] "GET /BLA/resoluciones/RESOLUCIONES%202000/2000%20750-799.tif HTTP/1.1" 200 5237505
66.249.67.84 - - [29/Mar/2015:06:18:15 -0500] "GET /BLA/resoluciones/RESOLUCIONES%202007/RES%202007%201301%20AL%201400/RESOLUCION%201387%20DE%202007.pdf HTTP/1.1" 200 222843
66.249.67.84 - - [29/Mar/2015:06:18:21 -0500] "GET /BLA/resoluciones/RESOLUCIONES%202008/2051.pdf HTTP/1.1" 304 -
66.249.67.120 - - [29/Mar/2015:06:18:45 -0500] "GET /galeria/galeria/fotos/Humedal-Santa-Mar%C3%ADa-del-Lago2G.jpg HTTP/1.1" 200 313606
186.154.25.155 - - [29/Mar/2015:06:13:01 -0500] "GET /ForestMSG_SDA/channelAsync/template_word_17341724?X-Atmosphere-tracking-id=4c48a1f3-1d66-b262-7a32-5e8fdd1076e3&X-Atmosphere-Framework=1.0.5&X-Atmosphere-Transport=long-polling&tabid=0.6107235250528902&X-Cache-Date=0&Content-Type=application/xml&_=1427627742153 HTTP/1.1" 200 8193
188.165.15.198 - - [29/Mar/2015:06:19:12 -0500] "GET /BLA/resoluciones/RESOLUCIONES%202005/RES%202005%2051-100/00000065.tif HTTP/1.1" 200 139490
66.249.67.68 - - [29/Mar/2015:06:19:14 -0500] "GET /BLA/resoluciones/RESOLUCIONES%202014/1465.pdf HTTP/1.1" 200 422264
66.249.67.84 - - [29/Mar/2015:06:19:46 -0500] "GET /BLA/resoluciones/index.php?dir=RESOLUCIONES%202007/RES%202007%20901%20AL%201000/&sort=size&order=asc HTTP/1.1" 200 26734
66.249.67.76 - - [29/Mar/2015:06:20:13 -0500] "GET /BLA/resoluciones/RESOLUCIONES%202007/RES%202007%202801%20AL%202900/RESOLUCION%202873%20DE%202007.pdf HTTP/1.1" 200 351498
188.165.15.198 - - [29/Mar/2015:06:20:57 -0500] "GET /BLA/resoluciones/RESOLUCIONES%202003/RES%202003%202151-2189/20032174.tif HTTP/1.1" 200 1557568
188.165.15.198 - - [29/Mar/2015:06:21:59 -0500] "GET /BLA/resoluciones/index.php?dir=RESOLUCIONES+2006%2FRES+2006+2651-2700%2F HTTP/1.1" 200 12365
66.249.67.84 - - [29/Mar/2015:06:22:05 -0500] "GET /BLA/resoluciones/RESOLUCIONES%202007/RES%202007%202701%20AL%202800/RESOLUCION%202724%20DE%202007.pdf HTTP/1.1" 200 373529
74.86.158.107 - - [29/Mar/2015:06:22:06 -0500] "HEAD / HTTP/1.1" 302 -
162.210.196.130 - - [29/Mar/2015:06:22:58 -0500] "GET /robots.txt HTTP/1.0" 404 1015
162.210.196.130 - - [29/Mar/2015:06:22:59 -0500] "GET /PruebasSTORM/silvicultura2Pruebas/?C=M;O=A HTTP/1.0" 200 1231
162.210.196.130 - - [29/Mar/2015:06:23:01 -0500] "GET /PruebasSTORM/silvicultura2Pruebas/?C=N;O=A HTTP/1.0" 200 1231
162.210.196.130 - - [29/Mar/2015:06:23:02 -0500] "GET /PruebasSTORM/silvicultura2Pruebas/?C=S;O=A HTTP/1.0" 200 1231
162.210.196.130 - - [29/Mar/2015:06:23:04 -0500] "GET /PruebasSTORM/silvicultura2Pruebas/index2.php HTTP/1.0" 200 414
178.63.49.82 - - [29/Mar/2015:06:23:23 -0500] "GET /robots.txt HTTP/1.0" 404 1015
178.63.49.82 - - [29/Mar/2015:06:23:28 -0500] "GET /portalsiaccapacitaciones/Soportes%20Capacitaciones%20A%C3%B1o%202013/?C=D;O=A HTTP/1.0" 200 16997
178.63.49.82 - - [29/Mar/2015:06:23:31 -0500] "GET /portalsiaccapacitaciones/Soportes%20Capacitaciones%20A%C3%B1o%202013/?C=M;O=A HTTP/1.0" 200 16997
178.63.49.82 - - [29/Mar/2015:06:23:36 -0500] "GET /portalsiaccapacitaciones/Soportes%20Capacitaciones%20A%C3%B1o%202013/?C=N;O=D HTTP/1.0" 200 16997
178.63.49.82 - - [29/Mar/2015:06:23:47 -0500] "GET /portalsiaccapacitaciones/Soportes%20Capacitaciones%20A%C3%B1o%202013/?C=S;O=A HTTP/1.0" 200 16997
178.63.49.82 - - [29/Mar/2015:06:23:50 -0500] "GET /portalsiaccapacitaciones/Soportes%20Capacitaciones%20A%C3%B1o%202014/?C=D;O=A HTTP/1.0" 200 19494
178.63.49.82 - - [29/Mar/2015:06:23:53 -0500] "GET /portalsiaccapacitaciones/Soportes%20Capacitaciones%20A%C3%B1o%202014/?C=M;O=A HTTP/1.0" 200 19494
66.249.67.84 - - [29/Mar/2015:06:23:57 -0500] "GET /BLA/resoluciones/RESOLUCIONES%202009/1908.pdf HTTP/1.1" 200 563739
178.63.49.82 - - [29/Mar/2015:06:24:07 -0500] "GET /portalsiaccapacitaciones/Soportes%20Capacitaciones%20A%C3%B1o%202014/?C=N;O=D HTTP/1.0" 200 19494
178.63.49.82 - - [29/Mar/2015:06:24:10 -0500] "GET /portalsiaccapacitaciones/Soportes%20Capacitaciones%20A%C3%B1o%202014/?C=S;O=A HTTP/1.0" 200 19494
178.63.49.82 - - [29/Mar/2015:06:24:11 -0500] "GET /robots.txt HTTP/1.0" 404 1019
178.63.49.82 - - [29/Mar/2015:06:24:13 -0500] "GET /portalsiaccapacitaciones/Soportes%20Capacitaciones%20A%C3%B1o%202013/?C=D;O=A HTTP/1.0" 200 17001
178.63.49.82 - - [29/Mar/2015:06:24:15 -0500] "GET /portalsiaccapacitaciones/Soportes%20Capacitaciones%20A%C3%B1o%202013/?C=M;O=A HTTP/1.0" 200 17001
152.61.193.99 - - [29/Mar/2015:06:24:18 -0500] "HEAD / HTTP/1.1" 302 -
178.63.49.82 - - [29/Mar/2015:06:24:18 -0500] "GET /portalsiaccapacitaciones/Soportes%20Capacitaciones%20A%C3%B1o%202013/?C=N;O=D HTTP/1.0" 200 17001
152.61.193.99 - - [29/Mar/2015:06:24:19 -0500] "GET /arcgis/services/Calidad_del_Agua_WQI/MapServer/WMSServer?SERVICE=WMS&REQUEST=GetCapabilities HTTP/1.1" 200 32135
152.61.193.99 - - [29/Mar/2015:06:24:21 -0500] "GET /arcgis/services/Calidad_del_Agua_WQI/MapServer/WMSServer?SERVICE=WMS&REQUEST=GetCapabilities HTTP/1.1" 200 32135
152.61.193.99 - - [29/Mar/2015:06:24:22 -0500] "GET /arcgis/services/Calidad_del_Agua_WQI/MapServer/WMSServer?SERVICE=WMS&REQUEST=GetCapabilities HTTP/1.1" 200 32135
180.76.6.232 - - [29/Mar/2015:06:24:23 -0500] "GET /BLA/resoluciones/RESOLUCIONES%202007/RES%202007%203301%20AL%203400/RESOLUCION%203360%20DE%202007.pdf HTTP/1.1" 200 412265
152.61.193.99 - - [29/Mar/2015:06:24:23 -0500] "GET /arcgis/services/Calidad_del_Agua_WQI/MapServer/WMSServer?SERVICE=WMS&REQUEST=GetCapabilities HTTP/1.1" 200 32135
152.61.193.99 - - [29/Mar/2015:06:24:24 -0500] "GET /arcgis/services/Calidad_del_Agua_WQI/MapServer/WMSServer?VERSION=1.1.1&REQUEST=GetMap&LAYERS=0&SRS=EPSG:4326&BBOX=-74.473395,3.674381,-73.963300,4.920569&WIDTH=250&HEIGHT=250&FORMAT=image/bmp&STYLES=& HTTP/1.1" 200 188054
178.63.49.82 - - [29/Mar/2015:06:24:28 -0500] "GET /portalsiaccapacitaciones/Soportes%20Capacitaciones%20A%C3%B1o%202013/?C=S;O=A HTTP/1.0" 200 17001
178.63.49.82 - - [29/Mar/2015:06:24:31 -0500] "GET /portalsiaccapacitaciones/Soportes%20Capacitaciones%20A%C3%B1o%202014/?C=D;O=A HTTP/1.0" 200 19498
178.63.49.82 - - [29/Mar/2015:06:24:33 -0500] "GET /portalsiaccapacitaciones/Soportes%20Capacitaciones%20A%C3%B1o%202014/?C=M;O=A HTTP/1.0" 200 19498
178.63.49.82 - - [29/Mar/2015:06:24:35 -0500] "GET /portalsiaccapacitaciones/Soportes%20Capacitaciones%20A%C3%B1o%202014/?C=N;O=D HTTP/1.0" 200 19498
66.249.67.76 - - [29/Mar/2015:06:24:38 -0500] "GET /BLA/resoluciones/RESOLUCIONES%202011/0648.pdf HTTP/1.1" 200 513727
178.63.49.82 - - [29/Mar/2015:06:24:39 -0500] "GET /portalsiaccapacitaciones/Soportes%20Capacitaciones%20A%C3%B1o%202014/?C=S;O=A HTTP/1.0" 200 19498
186.154.25.155 - - [29/Mar/2015:06:19:01 -0500] "GET /ForestMSG_SDA/channelAsync/template_word_17341724?X-Atmosphere-tracking-id=4c48a1f3-1d66-b262-7a32-5e8fdd1076e3&X-Atmosphere-Framework=1.0.5&X-Atmosphere-Transport=long-polling&tabid=0.6107235250528902&X-Cache-Date=0&Content-Type=application/xml&_=1427628102238 HTTP/1.1" 200 8193
66.249.67.68 - - [29/Mar/2015:06:25:49 -0500] "GET /BLA/resoluciones/RESOLUCIONES%202008/4133.pdf HTTP/1.1" 200 374204
188.165.15.198 - - [29/Mar/2015:06:26:24 -0500] "GET /BLA/resoluciones/RESOLUCIONES%202006/RES%202006%20401-450/00000440.tif HTTP/1.1" 200 233436
74.86.158.107 - - [29/Mar/2015:06:27:06 -0500] "HEAD / HTTP/1.1" 302 -
66.249.67.84 - - [29/Mar/2015:06:27:41 -0500] "GET /BLA/resoluciones/RESOLUCIONES%202011/5926.pdf HTTP/1.1" 200 631942
188.165.15.198 - - [29/Mar/2015:06:28:41 -0500] "GET /BLA/resoluciones/RESOLUCIONES%202005/RES%202005%202551-2600/00002598.tif HTTP/1.1" 200 99258
188.165.15.198 - - [29/Mar/2015:06:28:44 -0500] "GET /BLA/resoluciones/RESOLUCIONES%202002/RES%202002%201351-1400/20021381.tif HTTP/1.1" 200 39750
84.13.41.250 - - [29/Mar/2015:06:29:03 -0500] "GET /BLA/resoluciones/AUTOS%202010/5274.pdf HTTP/1.1" 200 252089
84.13.41.250 - - [29/Mar/2015:06:29:05 -0500] "GET /favicon.ico HTTP/1.1" 200 7782
66.249.67.84 - - [29/Mar/2015:06:29:33 -0500] "GET /BLA/resoluciones/RESOLUCIONES%202008/5551.pdf HTTP/1.1" 200 158299
188.165.15.198 - - [29/Mar/2015:06:30:07 -0500] "GET /BLA/resoluciones/AUTOS%202006/AUTOS%202006%20801-900/00000897.tif HTTP/1.1" 200 79662
188.165.15.198 - - [29/Mar/2015:06:30:32 -0500] "GET /BLA/resoluciones/RESOLUCIONES%202003/RES%202003%20151-200/2003RES193.tif HTTP/1.1" 200 91292
161.10.168.244 - - [29/Mar/2015:06:30:52 -0500] "GET /galeria/galeria/jquery.fancybox.css?v=2.1.5 HTTP/1.1" 200 4895
161.10.168.244 - - [29/Mar/2015:06:30:52 -0500] "GET /galeria/galeria/jquery.fancybox.js?v=2.1.5 HTTP/1.1" 200 48706
161.10.168.244 - - [29/Mar/2015:06:30:52 -0500] "GET /BLA/boletinlegal/js/jquery.scrollShow.js HTTP/1.1" 200 4586
161.10.168.244 - - [29/Mar/2015:06:30:52 -0500] "GET /BLA/boletinlegal/js/jquery.scrollTo-min.js HTTP/1.1" 200 1150
188.165.15.198 - - [29/Mar/2015:06:30:56 -0500] "GET /BLA/resoluciones/RESOLUCIONES%202006/RES%202006%201801-1850/00001825.tif HTTP/1.1" 200 510330
186.154.25.155 - - [29/Mar/2015:06:25:01 -0500] "GET /ForestMSG_SDA/channelAsync/template_word_17341724?X-Atmosphere-tracking-id=4c48a1f3-1d66-b262-7a32-5e8fdd1076e3&X-Atmosphere-Framework=1.0.5&X-Atmosphere-Transport=long-polling&tabid=0.6107235250528902&X-Cache-Date=0&Content-Type=application/xml&_=1427628462312 HTTP/1.1" 200 8193
66.249.67.76 - - [29/Mar/2015:06:31:03 -0500] "GET /BLA/resoluciones/RESOLUCIONES%202010/0427.pdf HTTP/1.1" 200 434330
161.10.168.244 - - [29/Mar/2015:06:31:09 -0500] "GET /BLA/boletinlegal/js/jquery.scrollTo-min.js HTTP/1.1" 304 -
161.10.168.244 - - [29/Mar/2015:06:31:09 -0500] "GET /BLA/boletinlegal/js/jquery.scrollShow.js HTTP/1.1" 304 -
161.10.168.244 - - [29/Mar/2015:06:31:09 -0500] "GET /galeria/galeria/jquery.fancybox.js?v=2.1.5 HTTP/1.1" 304 -
161.10.168.244 - - [29/Mar/2015:06:31:09 -0500] "GET /galeria/galeria/jquery.fancybox.css?v=2.1.5 HTTP/1.1" 304 -
180.76.6.29 - - [29/Mar/2015:06:31:20 -0500] "GET /robots.txt HTTP/1.1" 404 1018
66.249.67.84 - - [29/Mar/2015:06:31:25 -0500] "GET /BLA/resoluciones/RESOLUCIONES%202008/4070.pdf HTTP/1.1" 304 -
199.195.118.53 - - [29/Mar/2015:06:31:31 -0500] "GET / HTTP/1.1" 302 -
66.249.67.68 - - [29/Mar/2015:06:31:54 -0500] "GET /BLA/resoluciones/RESOLUCIONES%202005/RES%202005%202551-2600/00002598.tif HTTP/1.1" 200 99258
74.86.158.107 - - [29/Mar/2015:06:32:06 -0500] "HEAD / HTTP/1.1" 302 -
66.249.67.68 - - [29/Mar/2015:06:33:17 -0500] "GET /BLA/resoluciones/RESOLUCIONES%202011/5022.pdf HTTP/1.1" 200 437149
186.155.91.211 - - [29/Mar/2015:06:34:08 -0500] "GET /BLA/boletinlegal/js/jquery.scrollShow.js HTTP/1.1" 200 4586
186.155.91.211 - - [29/Mar/2015:06:34:08 -0500] "GET /BLA/boletinlegal/js/jquery.scrollTo-min.js HTTP/1.1" 200 1150
186.155.91.211 - - [29/Mar/2015:06:34:08 -0500] "GET /galeria/galeria/jquery.fancybox.js?v=2.1.5 HTTP/1.1" 200 48706
186.155.91.211 - - [29/Mar/2015:06:34:08 -0500] "GET /galeria/galeria/jquery.fancybox.css?v=2.1.5 HTTP/1.1" 200 4895
66.249.67.68 - - [29/Mar/2015:06:35:08 -0500] "GET /BLA/resoluciones/RESOLUCIONES%202008/4957.pdf HTTP/1.1" 200 273250
52.11.30.250 - - [29/Mar/2015:06:35:07 -0500] "HEAD /BLA/boletinlegal/index.php? HTTP/1.1" 200 -
188.165.15.198 - - [29/Mar/2015:06:35:48 -0500] "GET /BLA/resoluciones/RESOLUCIONES%202006/RES%202006%201301-1350/00001312.tif HTTP/1.1" 200 133798
52.11.30.250 - - [29/Mar/2015:06:36:06 -0500] "HEAD /videos/Humedal_Comunidad.flv HTTP/1.1" 200 -
188.165.15.198 - - [29/Mar/2015:06:36:41 -0500] "GET /BLA/resoluciones/RESOLUCIONES%202005/RES%202005%201-50/00000029.tif HTTP/1.1" 200 280462
188.165.15.198 - - [29/Mar/2015:06:36:47 -0500] "GET /BLA/resoluciones/RESOLUCIONES%202006/RES%202006%202051-2100/00002058.tif HTTP/1.1" 200 138786
66.249.67.76 - - [29/Mar/2015:06:37:00 -0500] "GET /videos/galeria-fotografica/index10.html? HTTP/1.1" 200 1971
186.154.25.155 - - [29/Mar/2015:06:31:01 -0500] "GET /ForestMSG_SDA/channelAsync/template_word_17341724?X-Atmosphere-tracking-id=4c48a1f3-1d66-b262-7a32-5e8fdd1076e3&X-Atmosphere-Framework=1.0.5&X-Atmosphere-Transport=long-polling&tabid=0.6107235250528902&X-Cache-Date=0&Content-Type=application/xml&_=1427628822388 HTTP/1.1" 200 8193
74.86.158.107 - - [29/Mar/2015:06:37:06 -0500] "HEAD / HTTP/1.1" 302 -
66.249.67.68 - - [29/Mar/2015:06:37:27 -0500] "GET /BLA/resoluciones/AUTOS%202011/4448.pdf HTTP/1.1" 200 245427
190.85.128.212 - - [29/Mar/2015:06:38:11 -0500] "GET /BLA/resoluciones/RESOLUCIONES%202008/5178.pdf HTTP/1.1" 200 419951
190.85.128.212 - - [29/Mar/2015:06:38:11 -0500] "GET /BLA/resoluciones/RESOLUCIONES%202008/5178.pdf HTTP/1.1" 206 32768
190.85.128.212 - - [29/Mar/2015:06:38:11 -0500] "GET /BLA/resoluciones/RESOLUCIONES%202008/5178.pdf HTTP/1.1" 206 387183
190.85.128.212 - - [29/Mar/2015:06:38:12 -0500] "GET /favicon.ico HTTP/1.1" 200 7782
188.165.15.198 - - [29/Mar/2015:06:38:52 -0500] "GET /BLA/resoluciones/RESOLUCIONES%202002/RES%202002%201351-1400/20021353.tif HTTP/1.1" 200 41864
66.249.67.76 - - [29/Mar/2015:06:38:52 -0500] "GET /BLA/resoluciones/RESOLUCIONES%202011/4418.pdf HTTP/1.1" 200 889093
188.165.15.198 - - [29/Mar/2015:06:39:24 -0500] "GET /BLA/resoluciones/RESOLUCIONES%202005/RES%202005%202701%20-2750/00002734.tif HTTP/1.1" 200 23494
188.165.15.198 - - [29/Mar/2015:06:39:25 -0500] "GET /BLA/resoluciones/RESOLUCIONES%202003/RES%202003%201301-1350/20031309.tif HTTP/1.1" 200 207680
188.165.15.198 - - [29/Mar/2015:06:39:45 -0500] "GET /BLA/resoluciones/RESOLUCIONES%202002/RES%202002%20701-750/00000734.tif HTTP/1.1" 200 40476
188.165.15.198 - - [29/Mar/2015:06:40:31 -0500] "GET /BLA/resoluciones/AUTOS%202006/AUTOS%202006%20801-900/00000896.tif HTTP/1.1" 200 77174
66.249.67.76 - - [29/Mar/2015:06:40:44 -0500] "GET /BLA/resoluciones/AUTOS%202012/0344.pdf HTTP/1.1" 200 335885
188.165.15.198 - - [29/Mar/2015:06:41:45 -0500] "GET /BLA/resoluciones/RESOLUCIONES%202006/RES%202006%2051-100/00000073.tif HTTP/1.1" 200 331006
180.76.5.76 - - [29/Mar/2015:06:41:51 -0500] "GET /BLA/resoluciones/RESOLUCIONES%202009/0748.pdf HTTP/1.1" 200 233606
52.11.30.250 - - [29/Mar/2015:06:41:51 -0500] "HEAD /videos/CRRFFS.mp4 HTTP/1.1" 200 -
74.86.158.107 - - [29/Mar/2015:06:42:06 -0500] "HEAD / HTTP/1.1" 302 -
200.118.43.7 - - [29/Mar/2015:06:42:12 -0500] "GET /BLA/resoluciones/RESOLUCIONES%202011/5916.pdf HTTP/1.1" 200 184831
200.118.43.7 - - [29/Mar/2015:06:42:13 -0500] "GET /BLA/resoluciones/RESOLUCIONES%202011/5916.pdf HTTP/1.1" 200 184831
66.249.67.76 - - [29/Mar/2015:06:42:36 -0500] "GET /BLA/ HTTP/1.1" 200 538
188.165.15.198 - - [29/Mar/2015:06:42:58 -0500] "GET /BLA/resoluciones/RESOLUCIONES%202006/RES%202006%201401-1450/00001401.tif HTTP/1.1" 200 50692
180.76.6.41 - - [29/Mar/2015:06:42:59 -0500] "GET /BLA/resoluciones/AUTOS%202012/0227.pdf HTTP/1.1" 200 165931
186.154.25.155 - - [29/Mar/2015:06:37:01 -0500] "GET /ForestMSG_SDA/channelAsync/template_word_17341724?X-Atmosphere-tracking-id=4c48a1f3-1d66-b262-7a32-5e8fdd1076e3&X-Atmosphere-Framework=1.0.5&X-Atmosphere-Transport=long-polling&tabid=0.6107235250528902&X-Cache-Date=0&Content-Type=application/xml&_=1427629182472 HTTP/1.1" 200 8193
66.249.67.68 - - [29/Mar/2015:06:43:03 -0500] "GET /BLA/resoluciones/AUTOS%202014/1882.pdf HTTP/1.1" 200 526619
66.249.67.76 - - [29/Mar/2015:06:43:51 -0500] "GET /BLA/resoluciones/RESOLUCIONES%202009/4318.pdf HTTP/1.1" 200 767241
180.76.5.67 - - [29/Mar/2015:06:44:11 -0500] "GET /BLA/resoluciones/RESOLUCIONES%202009/6127.pdf HTTP/1.1" 200 848066
66.249.67.76 - - [29/Mar/2015:06:44:28 -0500] "GET /BLA/resoluciones/RESOLUCIONES%202012/1586.pdf HTTP/1.1" 200 3145357
188.165.15.198 - - [29/Mar/2015:06:44:34 -0500] "GET /BLA/resoluciones/RESOLUCIONES%202003/RES%202003%20501-550/521.tif HTTP/1.1" 200 63672
180.76.5.172 - - [29/Mar/2015:06:45:17 -0500] "GET /BLA/resoluciones/index.php?dir=RESOLUCIONES%202007/RES%202007%20801%20AL%20900/&sort=name&order=asc HTTP/1.1" 200 26642
66.249.67.84 - - [29/Mar/2015:06:46:20 -0500] "GET /BLA/resoluciones/AUTOS%202013/0886.pdf HTTP/1.1" 200 2145708
180.76.6.156 - - [29/Mar/2015:06:46:25 -0500] "GET /BLA/resoluciones/AUTOS%202011/1416.pdf HTTP/1.1" 200 99280
52.11.30.250 - - [29/Mar/2015:06:46:08 -0500] "GET /BLA/boletinlegal/index.php? HTTP/1.1" 200 43876
74.86.158.107 - - [29/Mar/2015:06:47:06 -0500] "HEAD / HTTP/1.1" 302 -
66.249.67.120 - - [29/Mar/2015:06:47:20 -0500] "GET /galeria/galeria/fotos/Humedal-Santa-Mar%C3%ADa-del-Lago2P.jpg HTTP/1.1" 200 37138
52.11.30.250 - - [29/Mar/2015:06:46:48 -0500] "HEAD /BLA/boletinlegal/index.php HTTP/1.1" 200 -
52.11.30.250 - - [29/Mar/2015:06:47:28 -0500] "HEAD /BLA/boletinlegal/norma_menu.php HTTP/1.1" 200 -
52.11.30.250 - - [29/Mar/2015:06:47:29 -0500] "HEAD /BLA/boletinlegal/actos.php HTTP/1.1" 200 -
52.11.30.250 - - [29/Mar/2015:06:47:29 -0500] "HEAD /BLA/boletinlegal/doctrina.php HTTP/1.1" 200 -
52.11.30.250 - - [29/Mar/2015:06:47:29 -0500] "HEAD /BLA/boletinlegal/jurisprudencia.php HTTP/1.1" 200 -
52.11.30.250 - - [29/Mar/2015:06:47:30 -0500] "HEAD /BLA/boletinlegal/documentos-importantes.php HTTP/1.1" 200 -
180.76.6.133 - - [29/Mar/2015:06:47:34 -0500] "GET /BLA/resoluciones/RESOLUCIONES%202008/0101.pdf HTTP/1.1" 200 63333
188.165.15.198 - - [29/Mar/2015:06:47:37 -0500] "GET /BLA/resoluciones/RESOLUCIONES%202003/RES%202003%201951-2000/00001993.tif HTTP/1.1" 200 91650
52.11.30.250 - - [29/Mar/2015:06:47:30 -0500] "HEAD /BLA/boletinlegal/ HTTP/1.1" 200 -
52.11.30.250 - - [29/Mar/2015:06:48:10 -0500] "HEAD /BLA/boletinlegal/f = HTTP/1.1" 404 -
66.249.67.76 - - [29/Mar/2015:06:48:12 -0500] "GET /BLA/resoluciones/RESOLUCIONES%202009/9062.pdf HTTP/1.1" 200 519568
52.11.30.250 - - [29/Mar/2015:06:48:10 -0500] "HEAD /BLA/boletinlegal/ HTTP/1.1" 200 -
188.165.15.198 - - [29/Mar/2015:06:48:52 -0500] "GET /BLA/resoluciones/RESOLUCIONES%202005/RES%202005%20751-800/00000776.tif HTTP/1.1" 200 385472
186.154.25.155 - - [29/Mar/2015:06:43:01 -0500] "GET /ForestMSG_SDA/channelAsync/template_word_17341724?X-Atmosphere-tracking-id=4c48a1f3-1d66-b262-7a32-5e8fdd1076e3&X-Atmosphere-Framework=1.0.5&X-Atmosphere-Transport=long-polling&tabid=0.6107235250528902&X-Cache-Date=0&Content-Type=application/xml&_=1427629542578 HTTP/1.1" 200 8193
188.165.15.198 - - [29/Mar/2015:06:49:33 -0500] "GET /BLA/resoluciones/RESOLUCIONES%202005/RES%202005%202301-2350/00002320.tif HTTP/1.1" 200 156490
123.125.71.74 - - [29/Mar/2015:06:49:43 -0500] "GET / HTTP/1.1" 302 -
188.165.15.198 - - [29/Mar/2015:06:49:48 -0500] "GET /BLA/resoluciones/RESOLUCIONES%202006/RES%202006%201101-1150/00001135.tif HTTP/1.1" 200 195968
52.11.30.250 - - [29/Mar/2015:06:49:57 -0500] "HEAD /BLA/ HTTP/1.1" 200 -
66.249.67.76 - - [29/Mar/2015:06:50:04 -0500] "GET /BLA/resoluciones/RESOLUCIONES%202009/6192.pdf HTTP/1.1" 200 654148
66.249.67.84 - - [29/Mar/2015:06:50:16 -0500] "GET /BLA/resoluciones/AUTOS%202008/0624.pdf HTTP/1.1" 200 91191
84.120.250.87 - - [29/Mar/2015:06:50:28 -0500] "GET /galeria/galeria/jquery.fancybox.css?v=2.1.5 HTTP/1.1" 200 4895
84.120.250.87 - - [29/Mar/2015:06:50:28 -0500] "GET /BLA/boletinlegal/js/jquery.scrollShow.js HTTP/1.1" 200 4586
84.120.250.87 - - [29/Mar/2015:06:50:28 -0500] "GET /galeria/galeria/jquery.fancybox.js?v=2.1.5 HTTP/1.1" 200 48706
84.120.250.87 - - [29/Mar/2015:06:50:28 -0500] "GET /BLA/boletinlegal/js/jquery.scrollTo-min.js HTTP/1.1" 200 1150
157.55.39.37 - - [29/Mar/2015:06:50:31 -0500] "GET /videos/galeria-fotografica/index13.html? HTTP/1.1" 200 1971
84.120.250.87 - - [29/Mar/2015:06:50:38 -0500] "GET /galeria/galeria/jquery.fancybox.css?v=2.1.5 HTTP/1.1" 304 -
84.120.250.87 - - [29/Mar/2015:06:50:38 -0500] "GET /BLA/boletinlegal/js/jquery.scrollTo-min.js HTTP/1.1" 304 -
84.120.250.87 - - [29/Mar/2015:06:50:38 -0500] "GET /BLA/boletinlegal/js/jquery.scrollShow.js HTTP/1.1" 304 -
84.120.250.87 - - [29/Mar/2015:06:50:38 -0500] "GET /galeria/galeria/jquery.fancybox.js?v=2.1.5 HTTP/1.1" 304 -
66.249.67.68 - - [29/Mar/2015:06:51:56 -0500] "GET /BLA/resoluciones/RESOLUCIONES%202009/4386.pdf HTTP/1.1" 200 736038
74.86.158.107 - - [29/Mar/2015:06:52:06 -0500] "HEAD / HTTP/1.1" 302 -
188.165.15.198 - - [29/Mar/2015:06:52:57 -0500] "GET /BLA/resoluciones/RESOLUCIONES%202002/RES%202002%201251-1301/20021295.tif HTTP/1.1" 200 101708
188.165.15.198 - - [29/Mar/2015:06:53:13 -0500] "GET /BLA/resoluciones/RESOLUCIONES%202006/RES%202006%20301-350/00000329.tif HTTP/1.1" 200 226752
180.76.5.65 - - [29/Mar/2015:06:53:18 -0500] "GET /BLA/resoluciones/RESOLUCIONES%202008/1793.pdf HTTP/1.1" 200 268537
66.249.67.76 - - [29/Mar/2015:06:53:48 -0500] "GET /BLA/resoluciones/RESOLUCIONES%202009/5434.pdf HTTP/1.1" 200 513403
66.249.80.52 - - [29/Mar/2015:06:54:34 -0500] "GET /galeria/galeria/jquery.fancybox.css?v=2.1.5 HTTP/1.1" 200 4895
220.181.108.140 - - [29/Mar/2015:06:54:51 -0500] "GET / HTTP/1.1" 302 -
186.154.25.155 - - [29/Mar/2015:06:49:01 -0500] "GET /ForestMSG_SDA/channelAsync/template_word_17341724?X-Atmosphere-tracking-id=4c48a1f3-1d66-b262-7a32-5e8fdd1076e3&X-Atmosphere-Framework=1.0.5&X-Atmosphere-Transport=long-polling&tabid=0.6107235250528902&X-Cache-Date=0&Content-Type=application/xml&_=1427629902672 HTTP/1.1" 200 8193
66.249.67.68 - - [29/Mar/2015:06:55:40 -0500] "GET /BLA/resoluciones/RESOLUCIONES%202009/6734.pdf HTTP/1.1" 200 1567240
188.165.15.198 - - [29/Mar/2015:06:55:44 -0500] "GET /BLA/resoluciones/RESOLUCIONES%202006/RES%202006%202501-2550/00002510.tif HTTP/1.1" 200 224356
66.249.67.84 - - [29/Mar/2015:06:56:39 -0500] "GET /BLA/resoluciones/RESOLUCIONES%202007/RES%202007%204001%20AL%204100/RESOLUCION%204100%20DE%202007.pdf HTTP/1.1" 200 262278
74.86.158.107 - - [29/Mar/2015:06:57:06 -0500] "HEAD / HTTP/1.1" 302 -
157.56.1.138 - - [29/Mar/2015:06:57:08 -0500] "GET /BLA/boletinlegal/js/jquery.scrollShow.js HTTP/1.1" 200 4586
157.56.1.138 - - [29/Mar/2015:06:57:08 -0500] "GET /BLA/boletinlegal/js/jquery.scrollTo-min.js HTTP/1.1" 200 1150
157.56.1.138 - - [29/Mar/2015:06:57:08 -0500] "GET /galeria/galeria/jquery.fancybox.js?v=2.1.5 HTTP/1.1" 200 48706
157.56.1.138 - - [29/Mar/2015:06:57:08 -0500] "GET /galeria/galeria/jquery.fancybox.css?v=2.1.5 HTTP/1.1" 200 4895
157.56.1.138 - - [29/Mar/2015:06:57:30 -0500] "GET /BLA/boletinlegal/js/jquery.scrollShow.js HTTP/1.1" 200 4586
157.56.1.138 - - [29/Mar/2015:06:57:30 -0500] "GET /BLA/boletinlegal/js/jquery.scrollTo-min.js HTTP/1.1" 200 1150
157.56.1.138 - - [29/Mar/2015:06:57:30 -0500] "GET /galeria/galeria/jquery.fancybox.js?v=2.1.5 HTTP/1.1" 200 48706
157.56.1.138 - - [29/Mar/2015:06:57:30 -0500] "GET /galeria/galeria/jquery.fancybox.css?v=2.1.5 HTTP/1.1" 200 4895
66.249.67.68 - - [29/Mar/2015:06:57:31 -0500] "GET /BLA/resoluciones/RESOLUCIONES%202009/6086.pdf HTTP/1.1" 200 348836
188.165.15.198 - - [29/Mar/2015:06:57:52 -0500] "GET /BLA/resoluciones/RESOLUCIONES%202005/RES%202005%202951-3000/00002976.tif HTTP/1.1" 200 151258
66.249.67.68 - - [29/Mar/2015:06:59:23 -0500] "GET /BLA/resoluciones/RESOLUCIONES%202009/5870.pdf HTTP/1.1" 200 526129
66.249.67.68 - - [29/Mar/2015:07:00:42 -0500] "GET /BLA/resoluciones/RESOLUCIONES%202005/RES%202005%201151-1200/00001162.tif HTTP/1.1" 200 134690
188.165.15.198 - - [29/Mar/2015:07:00:59 -0500] "GET /BLA/resoluciones/RESOLUCIONES%202006/RES%202006%201901-1950/00001948.tif HTTP/1.1" 200 181124
186.154.25.155 - - [29/Mar/2015:06:55:01 -0500] "GET /ForestMSG_SDA/channelAsync/template_word_17341724?X-Atmosphere-tracking-id=4c48a1f3-1d66-b262-7a32-5e8fdd1076e3&X-Atmosphere-Framework=1.0.5&X-Atmosphere-Transport=long-polling&tabid=0.6107235250528902&X-Cache-Date=0&Content-Type=application/xml&_=1427630262746 HTTP/1.1" 200 8193
66.249.67.84 - - [29/Mar/2015:07:01:15 -0500] "GET /BLA/resoluciones/RESOLUCIONES%202009/6474.pdf HTTP/1.1" 200 107000
88.198.233.69 - - [29/Mar/2015:07:01:42 -0500] "GET / HTTP/1.1" 302 -
74.86.158.107 - - [29/Mar/2015:07:02:06 -0500] "HEAD / HTTP/1.1" 302 -
66.249.67.76 - - [29/Mar/2015:07:03:03 -0500] "GET /BLA/resoluciones/RESOLUCIONES%202012/0329.pdf HTTP/1.1" 200 285292
180.76.5.74 - - [29/Mar/2015:07:03:05 -0500] "GET /BLA/resoluciones/RESOLUCIONES%202008/0677.pdf HTTP/1.1" 200 646850
66.249.67.84 - - [29/Mar/2015:07:03:07 -0500] "GET /BLA/resoluciones/RESOLUCIONES%202009/8617.pdf HTTP/1.1" 200 101825
188.165.15.198 - - [29/Mar/2015:07:03:19 -0500] "GET /BLA/resoluciones/index.php?dir=RESOLUCIONES+2004%2FRES+2004+1451-1500%2F HTTP/1.1" 200 12353
188.165.15.198 - - [29/Mar/2015:07:04:11 -0500] "GET /BLA/resoluciones/index.php?dir=AUTOS%202004/&sort=date&order=asc HTTP/1.1" 200 1974
66.249.67.76 - - [29/Mar/2015:07:04:59 -0500] "GET /BLA/resoluciones/RESOLUCIONES%202009/4648.pdf HTTP/1.1" 200 567458
181.50.3.67 - - [29/Mar/2015:07:06:01 -0500] "GET /galeria/galeria/jquery.fancybox.css?v=2.1.5 HTTP/1.1" 200 4895
181.50.3.67 - - [29/Mar/2015:07:06:01 -0500] "GET /galeria/carrusel/Carrusel/jquery.thumbnailScroller.css HTTP/1.1" 200 2066
181.50.3.67 - - [29/Mar/2015:07:06:01 -0500] "GET /BLA/boletinlegal/js/jquery.scrollTo-min.js HTTP/1.1" 200 1150
181.50.3.67 - - [29/Mar/2015:07:06:01 -0500] "GET /BLA/boletinlegal/js/jquery.scrollShow.js HTTP/1.1" 200 4586
181.50.3.67 - - [29/Mar/2015:07:06:01 -0500] "GET /galeria/galeria/jquery.fancybox.js?v=2.1.5 HTTP/1.1" 200 48706
181.50.3.67 - - [29/Mar/2015:07:06:01 -0500] "GET /galeria/carrusel/Carrusel/jquery-ui-1.8.13.custom.min.js HTTP/1.1" 200 10800
181.50.3.67 - - [29/Mar/2015:07:06:01 -0500] "GET /galeria/carrusel/Carrusel/jquery.thumbnailScroller.js HTTP/1.1" 200 8157
181.50.3.67 - - [29/Mar/2015:07:06:03 -0500] "GET /galeria/nivo-slider/demo/demo.html HTTP/1.1" 200 4356
181.50.3.67 - - [29/Mar/2015:07:06:03 -0500] "GET /galeria/nivo-slider/themes/default/default.css HTTP/1.1" 200 1569
181.50.3.67 - - [29/Mar/2015:07:06:03 -0500] "GET /galeria/nivo-slider/themes/pascal/pascal.css HTTP/1.1" 200 2258
181.50.3.67 - - [29/Mar/2015:07:06:03 -0500] "GET /galeria/nivo-slider/nivo-slider.css HTTP/1.1" 200 1507
181.50.3.67 - - [29/Mar/2015:07:06:03 -0500] "GET /galeria/nivo-slider/themes/orman/orman.css HTTP/1.1" 200 2152
181.50.3.67 - - [29/Mar/2015:07:06:03 -0500] "GET /galeria/nivo-slider/demo/style.css HTTP/1.1" 200 2222
181.50.3.67 - - [29/Mar/2015:07:06:03 -0500] "GET /galeria/nivo-slider/demo/images/Banner-semana-santa.jpg HTTP/1.1" 200 350491
181.50.3.67 - - [29/Mar/2015:07:06:03 -0500] "GET /galeria/nivo-slider/demo/scripts/jquery-1.7.1.min.js HTTP/1.1" 200 93868
181.50.3.67 - - [29/Mar/2015:07:06:03 -0500] "GET /galeria/nivo-slider/jquery.nivo.slider.pack.js HTTP/1.1" 200 11561
181.50.3.67 - - [29/Mar/2015:07:06:03 -0500] "GET /galeria/nivo-slider/demo/images/no-sea-victima.jpg HTTP/1.1" 200 254155
181.50.3.67 - - [29/Mar/2015:07:06:03 -0500] "GET /galeria/nivo-slider/demo/images/Convocatoria_recicladores.jpg HTTP/1.1" 200 213976
181.50.3.67 - - [29/Mar/2015:07:06:05 -0500] "GET /galeria/nivo-slider/demo/images/4Simple_Slider.png HTTP/1.1" 200 11722
181.50.3.67 - - [29/Mar/2015:07:06:05 -0500] "GET /galeria/nivo-slider/themes/default/loading.gif HTTP/1.1" 200 1737
181.50.3.67 - - [29/Mar/2015:07:06:06 -0500] "GET /galeria/nivo-slider/demo/images/secretaria-de-ambiente.jpg HTTP/1.1" 200 259142
181.50.3.67 - - [29/Mar/2015:07:06:06 -0500] "GET /galeria/nivo-slider/demo/images/Licitaciones-proyecto-paramo.jpg HTTP/1.1" 200 221877
181.50.3.67 - - [29/Mar/2015:07:06:06 -0500] "GET /galeria/nivo-slider/demo/images/Banner-decreto1299.jpg HTTP/1.1" 200 182613
181.50.3.67 - - [29/Mar/2015:07:06:07 -0500] "GET /galeria/nivo-slider/demo/images/Banner-Directorio.jpg HTTP/1.1" 200 182068
181.50.3.67 - - [29/Mar/2015:07:06:07 -0500] "GET /galeria/nivo-slider/demo/images/banner-V2.jpg HTTP/1.1" 200 167020
181.50.3.67 - - [29/Mar/2015:07:06:08 -0500] "GET /galeria/nivo-slider/demo/images/Ruta-vertimientos-01.jpg HTTP/1.1" 200 130151
181.50.3.67 - - [29/Mar/2015:07:06:08 -0500] "GET /galeria/nivo-slider/demo/images/bolsas-06.jpg HTTP/1.1" 200 90982
181.50.3.67 - - [29/Mar/2015:07:06:08 -0500] "GET /galeria/nivo-slider/demo/images/bolsas-08.jpg HTTP/1.1" 200 85589
181.50.3.67 - - [29/Mar/2015:07:06:08 -0500] "GET /galeria/nivo-slider/demo/images/redes_sociales.jpg HTTP/1.1" 200 415652
181.50.3.67 - - [29/Mar/2015:07:06:08 -0500] "GET /galeria/nivo-slider/demo/images/Conoce-los-humedales.jpg HTTP/1.1" 200 294036
181.50.3.67 - - [29/Mar/2015:07:06:08 -0500] "GET /galeria/nivo-slider/demo/images/ecolecta-Dic2014.png HTTP/1.1" 200 288593
181.50.3.67 - - [29/Mar/2015:07:06:09 -0500] "GET /galeria/nivo-slider/demo/images/porloshumedales.jpg HTTP/1.1" 200 351238
181.50.3.67 - - [29/Mar/2015:07:06:10 -0500] "GET /galeria/nivo-slider/demo/images/Tingua-azul.jpg HTTP/1.1" 200 307638
181.50.3.67 - - [29/Mar/2015:07:06:10 -0500] "GET /galeria/nivo-slider/demo/images/banner-llantas2.jpg HTTP/1.1" 200 73153
181.50.3.67 - - [29/Mar/2015:07:06:11 -0500] "GET /galeria/nivo-slider/demo/images/9Signos.jpg HTTP/1.1" 200 93040
181.50.3.67 - - [29/Mar/2015:07:06:12 -0500] "GET /galeria/nivo-slider/themes/default/bullets.png HTTP/1.1" 200 1281
181.50.3.67 - - [29/Mar/2015:07:06:13 -0500] "GET /galeria/nivo-slider/themes/default/arrows.png HTTP/1.1" 200 824
188.165.15.198 - - [29/Mar/2015:07:06:48 -0500] "GET /BLA/resoluciones/RESOLUCIONES%202002/RES%202002%201251-1301/20021297.tif HTTP/1.1" 200 103102
66.249.67.76 - - [29/Mar/2015:07:06:51 -0500] "GET /BLA/resoluciones/RESOLUCIONES%202010/6266.pdf HTTP/1.1" 200 346896
186.154.25.155 - - [29/Mar/2015:07:01:01 -0500] "GET /ForestMSG_SDA/channelAsync/template_word_17341724?X-Atmosphere-tracking-id=4c48a1f3-1d66-b262-7a32-5e8fdd1076e3&X-Atmosphere-Framework=1.0.5&X-Atmosphere-Transport=long-polling&tabid=0.6107235250528902&X-Cache-Date=0&Content-Type=application/xml&_=1427630622820 HTTP/1.1" 200 8193
74.86.158.107 - - [29/Mar/2015:07:07:06 -0500] "HEAD / HTTP/1.1" 302 -
66.249.67.68 - - [29/Mar/2015:07:08:43 -0500] "GET /BLA/resoluciones/RESOLUCIONES%202009/2862.pdf HTTP/1.1" 200 543781
66.249.67.76 - - [29/Mar/2015:07:09:29 -0500] "GET /BLA/resoluciones/RESOLUCIONES%202007/RES%202007%202601%20AL%202700/RESOLUCION%202627%20DE%202007.pdf HTTP/1.1" 200 383300
188.165.15.198 - - [29/Mar/2015:07:10:01 -0500] "GET /BLA/resoluciones/RESOLUCIONES%202006/RES%202006%202701-2750/00002727.tif HTTP/1.1" 200 202492
188.165.15.198 - - [29/Mar/2015:07:10:02 -0500] "GET /BLA/resoluciones/RESOLUCIONES%202003/RES%202003%20601-650/619.tif HTTP/1.1" 200 118200
188.165.15.198 - - [29/Mar/2015:07:10:09 -0500] "GET /BLA/resoluciones/index.php?dir=RESOLUCIONES%202006/RES%202006%20551-600/&sort=date&order=asc HTTP/1.1" 200 12250
66.249.67.76 - - [29/Mar/2015:07:10:35 -0500] "GET /BLA/resoluciones/RESOLUCIONES%202012/0814.pdf HTTP/1.1" 200 390998
186.81.155.95 - - [29/Mar/2015:07:11:37 -0500] "GET /galeria/galeria/jquery.fancybox.css?v=2.1.5 HTTP/1.1" 200 4895
186.81.155.95 - - [29/Mar/2015:07:11:37 -0500] "GET /BLA/boletinlegal/js/jquery.scrollTo-min.js HTTP/1.1" 200 1150
186.81.155.95 - - [29/Mar/2015:07:11:37 -0500] "GET /BLA/boletinlegal/js/jquery.scrollShow.js HTTP/1.1" 200 4586
186.81.155.95 - - [29/Mar/2015:07:11:37 -0500] "GET /galeria/galeria/jquery.fancybox.js?v=2.1.5 HTTP/1.1" 200 48706
186.81.155.95 - - [29/Mar/2015:07:11:40 -0500] "GET /autoliquidacion/ HTTP/1.1" 200 6375
188.165.15.198 - - [29/Mar/2015:07:11:41 -0500] "GET /BLA/resoluciones/RESOLUCIONES%202005/RES%202005%203001-3050/00003022.tif HTTP/1.1" 200 274170
152.61.193.99 - - [29/Mar/2015:07:12:03 -0500] "HEAD / HTTP/1.1" 302 -
152.61.193.99 - - [29/Mar/2015:07:12:03 -0500] "GET /arcgis/services/Calidad_del_Agua_WQI/MapServer/WMSServer?request=GetCapabilities&service=WMS HTTP/1.1" 200 32135
152.61.193.99 - - [29/Mar/2015:07:12:03 -0500] "GET /arcgis/services/Calidad_del_Agua_WQI/MapServer/WMSServer?request=GetCapabilities&service=WMS HTTP/1.1" 200 32135
152.61.193.99 - - [29/Mar/2015:07:12:04 -0500] "GET /arcgis/services/Calidad_del_Agua_WQI/MapServer/WMSServer?request=GetCapabilities&service=WMS HTTP/1.1" 200 32135
152.61.193.99 - - [29/Mar/2015:07:12:05 -0500] "GET /arcgis/services/Calidad_del_Agua_WQI/MapServer/WMSServer?request=GetCapabilities&service=WMS HTTP/1.1" 200 32135
74.86.158.107 - - [29/Mar/2015:07:12:06 -0500] "HEAD / HTTP/1.1" 302 -
152.61.193.99 - - [29/Mar/2015:07:12:06 -0500] "GET /arcgis/services/Calidad_del_Agua_WQI/MapServer/WMSServer?VERSION=1.1.1&REQUEST=GetMap&LAYERS=0&SRS=EPSG:4326&BBOX=-74.473395,3.674381,-73.963300,4.920569&WIDTH=250&HEIGHT=250&FORMAT=image/bmp&STYLES=& HTTP/1.1" 200 188054
186.154.25.155 - - [29/Mar/2015:07:07:01 -0500] "GET /ForestMSG_SDA/channelAsync/template_word_17341724?X-Atmosphere-tracking-id=4c48a1f3-1d66-b262-7a32-5e8fdd1076e3&X-Atmosphere-Framework=1.0.5&X-Atmosphere-Transport=long-polling&tabid=0.6107235250528902&X-Cache-Date=0&Content-Type=application/xml&_=1427630982893 HTTP/1.1" 200 8193
66.249.67.68 - - [29/Mar/2015:07:13:14 -0500] "GET /BLA/resoluciones/RESOLUCIONES%202007/RES%202007%201%20AL%20100/RESOLUCION%200068%20DE%202007.pdf HTTP/1.1" 200 1598693
186.155.158.236 - - [29/Mar/2015:07:13:37 -0500] "GET /BLA/boletinlegal/js/jquery.scrollTo-min.js HTTP/1.1" 200 1150
186.155.158.236 - - [29/Mar/2015:07:13:37 -0500] "GET /BLA/boletinlegal/js/jquery.scrollShow.js HTTP/1.1" 200 4586
186.155.158.236 - - [29/Mar/2015:07:13:37 -0500] "GET /galeria/galeria/jquery.fancybox.js?v=2.1.5 HTTP/1.1" 200 48706
186.155.158.236 - - [29/Mar/2015:07:13:37 -0500] "GET /galeria/galeria/jquery.fancybox.css?v=2.1.5 HTTP/1.1" 200 4895
186.155.158.236 - - [29/Mar/2015:07:13:49 -0500] "GET /galeria/galeria/jquery.fancybox.css?v=2.1.5 HTTP/1.1" 304 -
186.155.158.236 - - [29/Mar/2015:07:13:49 -0500] "GET /BLA/boletinlegal/js/jquery.scrollTo-min.js HTTP/1.1" 304 -
186.155.158.236 - - [29/Mar/2015:07:13:49 -0500] "GET /BLA/boletinlegal/js/jquery.scrollShow.js HTTP/1.1" 304 -
186.155.158.236 - - [29/Mar/2015:07:13:49 -0500] "GET /galeria/galeria/jquery.fancybox.js?v=2.1.5 HTTP/1.1" 304 -
186.117.157.226 - - [29/Mar/2015:07:13:59 -0500] "GET /BLA/boletinlegal/js/jquery.scrollTo-min.js HTTP/1.1" 200 1150
186.117.157.226 - - [29/Mar/2015:07:13:59 -0500] "GET /galeria/galeria/jquery.fancybox.css?v=2.1.5 HTTP/1.1" 200 4895
186.117.157.226 - - [29/Mar/2015:07:13:59 -0500] "GET /galeria/galeria/jquery.fancybox.js?v=2.1.5 HTTP/1.1" 200 48706
186.117.157.226 - - [29/Mar/2015:07:13:59 -0500] "GET /BLA/boletinlegal/js/jquery.scrollShow.js HTTP/1.1" 200 4586
186.117.157.226 - - [29/Mar/2015:07:14:02 -0500] "GET /BLA/boletinlegal/js/jquery.scrollTo-min.js HTTP/1.1" 200 1150
186.117.157.226 - - [29/Mar/2015:07:14:02 -0500] "GET /galeria/galeria/jquery.fancybox.js?v=2.1.5 HTTP/1.1" 200 48706
186.117.157.226 - - [29/Mar/2015:07:14:02 -0500] "GET /BLA/boletinlegal/js/jquery.scrollShow.js HTTP/1.1" 200 4586
186.117.157.226 - - [29/Mar/2015:07:14:02 -0500] "GET /galeria/galeria/jquery.fancybox.css?v=2.1.5 HTTP/1.1" 200 4895
66.249.67.68 - - [29/Mar/2015:07:14:19 -0500] "GET /BLA/resoluciones/RESOLUCIONES%202010/2603.pdf HTTP/1.1" 200 523287
188.165.15.198 - - [29/Mar/2015:07:15:23 -0500] "GET /BLA/resoluciones/RESOLUCIONES%202006/RES%202006%201301-1350/00001328.tif HTTP/1.1" 200 292980
66.249.93.252 - - [29/Mar/2015:07:15:40 -0500] "GET /galeria/galeria/jquery.fancybox.js?v=2.1.5 HTTP/1.1" 200 48706
66.249.93.249 - - [29/Mar/2015:07:15:40 -0500] "GET /galeria/carrusel/Carrusel/jquery.thumbnailScroller.css HTTP/1.1" 200 2066
66.249.93.252 - - [29/Mar/2015:07:15:40 -0500] "GET /BLA/boletinlegal/js/jquery.scrollTo-min.js HTTP/1.1" 200 1150
66.249.93.249 - - [29/Mar/2015:07:15:40 -0500] "GET /galeria/galeria/jquery.fancybox.css?v=2.1.5 HTTP/1.1" 200 4895
66.249.93.132 - - [29/Mar/2015:07:15:40 -0500] "GET /galeria/carrusel/Carrusel/jquery-ui-1.8.13.custom.min.js HTTP/1.1" 200 10800
66.249.93.249 - - [29/Mar/2015:07:15:40 -0500] "GET /BLA/boletinlegal/js/jquery.scrollShow.js HTTP/1.1" 200 4586
66.249.93.252 - - [29/Mar/2015:07:15:40 -0500] "GET /galeria/carrusel/Carrusel/jquery.thumbnailScroller.js HTTP/1.1" 200 8157
66.249.93.132 - - [29/Mar/2015:07:15:42 -0500] "GET /galeria/nivo-slider/demo/demo.html HTTP/1.1" 200 4356
66.249.93.249 - - [29/Mar/2015:07:15:43 -0500] "GET /galeria/nivo-slider/themes/default/default.css HTTP/1.1" 200 1569
66.249.93.252 - - [29/Mar/2015:07:15:43 -0500] "GET /galeria/nivo-slider/themes/pascal/pascal.css HTTP/1.1" 200 2258
66.249.93.249 - - [29/Mar/2015:07:15:43 -0500] "GET /galeria/nivo-slider/demo/style.css HTTP/1.1" 200 2222
66.249.93.252 - - [29/Mar/2015:07:15:43 -0500] "GET /galeria/nivo-slider/demo/images/Banner-Directorio.jpg HTTP/1.1" 200 182068
66.249.93.132 - - [29/Mar/2015:07:15:43 -0500] "GET /galeria/nivo-slider/nivo-slider.css HTTP/1.1" 200 1507
66.249.93.252 - - [29/Mar/2015:07:15:43 -0500] "GET /galeria/nivo-slider/themes/orman/orman.css HTTP/1.1" 200 2152
66.249.93.249 - - [29/Mar/2015:07:15:43 -0500] "GET /galeria/nivo-slider/demo/images/no-sea-victima.jpg HTTP/1.1" 200 254155
66.249.93.132 - - [29/Mar/2015:07:15:43 -0500] "GET /galeria/nivo-slider/demo/images/Banner-semana-santa.jpg HTTP/1.1" 200 350491
66.249.93.132 - - [29/Mar/2015:07:15:43 -0500] "GET /galeria/nivo-slider/demo/images/secretaria-de-ambiente.jpg HTTP/1.1" 200 259142
66.249.93.249 - - [29/Mar/2015:07:15:43 -0500] "GET /galeria/nivo-slider/demo/images/redes_sociales.jpg HTTP/1.1" 200 415652
66.249.93.252 - - [29/Mar/2015:07:15:43 -0500] "GET /galeria/nivo-slider/demo/images/porloshumedales.jpg HTTP/1.1" 200 351238
66.249.93.252 - - [29/Mar/2015:07:15:43 -0500] "GET /galeria/nivo-slider/demo/images/Ruta-vertimientos-01.jpg HTTP/1.1" 200 130151
66.249.93.132 - - [29/Mar/2015:07:15:43 -0500] "GET /galeria/nivo-slider/demo/images/Conoce-los-humedales.jpg HTTP/1.1" 200 294036
66.249.93.132 - - [29/Mar/2015:07:15:43 -0500] "GET /galeria/nivo-slider/demo/images/9Signos.jpg HTTP/1.1" 200 93040
66.249.93.252 - - [29/Mar/2015:07:15:43 -0500] "GET /galeria/nivo-slider/demo/images/banner-llantas2.jpg HTTP/1.1" 200 73153
66.249.93.249 - - [29/Mar/2015:07:15:43 -0500] "GET /galeria/nivo-slider/demo/images/Convocatoria_recicladores.jpg HTTP/1.1" 200 213976
66.249.93.132 - - [29/Mar/2015:07:15:43 -0500] "GET /galeria/nivo-slider/jquery.nivo.slider.pack.js HTTP/1.1" 200 11561
66.249.93.249 - - [29/Mar/2015:07:15:43 -0500] "GET /galeria/nivo-slider/demo/images/bolsas-08.jpg HTTP/1.1" 200 85589
66.249.93.132 - - [29/Mar/2015:07:15:43 -0500] "GET /galeria/nivo-slider/demo/scripts/jquery-1.7.1.min.js HTTP/1.1" 200 93868
66.249.93.249 - - [29/Mar/2015:07:15:43 -0500] "GET /galeria/nivo-slider/demo/images/bolsas-06.jpg HTTP/1.1" 200 90982
66.249.93.132 - - [29/Mar/2015:07:15:43 -0500] "GET /galeria/nivo-slider/demo/images/Banner-decreto1299.jpg HTTP/1.1" 200 182613
66.249.93.252 - - [29/Mar/2015:07:15:43 -0500] "GET /galeria/nivo-slider/demo/images/banner-V2.jpg HTTP/1.1" 200 167020
66.249.93.252 - - [29/Mar/2015:07:15:43 -0500] "GET /galeria/nivo-slider/demo/images/Licitaciones-proyecto-paramo.jpg HTTP/1.1" 200 221877
66.249.93.132 - - [29/Mar/2015:07:15:43 -0500] "GET /galeria/nivo-slider/demo/images/ecolecta-Dic2014.png HTTP/1.1" 200 288593
66.249.93.252 - - [29/Mar/2015:07:15:43 -0500] "GET /galeria/nivo-slider/demo/images/Tingua-azul.jpg HTTP/1.1" 200 307638
66.249.93.132 - - [29/Mar/2015:07:15:43 -0500] "GET /galeria/nivo-slider/themes/default/loading.gif HTTP/1.1" 200 1737
66.249.93.132 - - [29/Mar/2015:07:15:43 -0500] "GET /galeria/nivo-slider/demo/images/4Simple_Slider.png HTTP/1.1" 200 11722
66.249.93.249 - - [29/Mar/2015:07:15:46 -0500] "GET /galeria/galeria/jquery.fancybox.css?v=2.1.5 HTTP/1.1" 200 4895
66.249.93.132 - - [29/Mar/2015:07:15:46 -0500] "GET /galeria/carrusel/Carrusel/jquery-ui-1.8.13.custom.min.js HTTP/1.1" 200 10800
66.249.93.132 - - [29/Mar/2015:07:15:46 -0500] "GET /BLA/boletinlegal/js/jquery.scrollTo-min.js HTTP/1.1" 200 1150
66.249.93.249 - - [29/Mar/2015:07:15:46 -0500] "GET /galeria/carrusel/Carrusel/jquery.thumbnailScroller.css HTTP/1.1" 200 2066
66.249.93.132 - - [29/Mar/2015:07:15:46 -0500] "GET /galeria/galeria/jquery.fancybox.js?v=2.1.5 HTTP/1.1" 200 48706
66.249.93.132 - - [29/Mar/2015:07:15:46 -0500] "GET /galeria/carrusel/Carrusel/jquery.thumbnailScroller.js HTTP/1.1" 200 8157
66.249.93.132 - - [29/Mar/2015:07:15:46 -0500] "GET /BLA/boletinlegal/js/jquery.scrollShow.js HTTP/1.1" 200 4586
66.249.93.249 - - [29/Mar/2015:07:15:48 -0500] "GET /galeria/nivo-slider/themes/default/bullets.png HTTP/1.1" 200 1281
66.249.93.249 - - [29/Mar/2015:07:15:48 -0500] "GET /galeria/nivo-slider/themes/default/arrows.png HTTP/1.1" 200 824
66.249.93.249 - - [29/Mar/2015:07:15:48 -0500] "GET /galeria/nivo-slider/demo/demo.html HTTP/1.1" 200 4356
66.249.93.249 - - [29/Mar/2015:07:15:49 -0500] "GET /galeria/nivo-slider/themes/pascal/pascal.css HTTP/1.1" 200 2258
66.249.93.132 - - [29/Mar/2015:07:15:49 -0500] "GET /galeria/nivo-slider/demo/scripts/jquery-1.7.1.min.js HTTP/1.1" 200 93868
66.249.93.132 - - [29/Mar/2015:07:15:49 -0500] "GET /galeria/nivo-slider/nivo-slider.css HTTP/1.1" 200 1507
66.249.93.249 - - [29/Mar/2015:07:15:49 -0500] "GET /galeria/nivo-slider/jquery.nivo.slider.pack.js HTTP/1.1" 200 11561
66.249.93.249 - - [29/Mar/2015:07:15:49 -0500] "GET /galeria/nivo-slider/demo/images/Banner-semana-santa.jpg HTTP/1.1" 200 350491
66.249.93.132 - - [29/Mar/2015:07:15:49 -0500] "GET /galeria/nivo-slider/demo/images/Licitaciones-proyecto-paramo.jpg HTTP/1.1" 200 221877
66.249.93.132 - - [29/Mar/2015:07:15:49 -0500] "GET /galeria/nivo-slider/demo/images/Convocatoria_recicladores.jpg HTTP/1.1" 200 213976
66.249.93.132 - - [29/Mar/2015:07:15:49 -0500] "GET /galeria/nivo-slider/demo/images/secretaria-de-ambiente.jpg HTTP/1.1" 200 259142
66.249.93.252 - - [29/Mar/2015:07:15:49 -0500] "GET /galeria/nivo-slider/demo/images/redes_sociales.jpg HTTP/1.1" 200 415652
66.249.93.252 - - [29/Mar/2015:07:15:49 -0500] "GET /galeria/nivo-slider/themes/orman/orman.css HTTP/1.1" 200 2152
66.249.93.252 - - [29/Mar/2015:07:15:49 -0500] "GET /galeria/nivo-slider/demo/images/bolsas-06.jpg HTTP/1.1" 200 90982
66.249.93.132 - - [29/Mar/2015:07:15:49 -0500] "GET /galeria/nivo-slider/demo/images/Ruta-vertimientos-01.jpg HTTP/1.1" 200 130151
66.249.93.252 - - [29/Mar/2015:07:15:49 -0500] "GET /galeria/nivo-slider/demo/images/Conoce-los-humedales.jpg HTTP/1.1" 200 294036
66.249.93.132 - - [29/Mar/2015:07:15:49 -0500] "GET /galeria/nivo-slider/demo/images/banner-V2.jpg HTTP/1.1" 200 167020
66.249.93.249 - - [29/Mar/2015:07:15:49 -0500] "GET /galeria/nivo-slider/demo/style.css HTTP/1.1" 200 2222
66.249.93.249 - - [29/Mar/2015:07:15:49 -0500] "GET /galeria/nivo-slider/demo/images/no-sea-victima.jpg HTTP/1.1" 200 254155
66.249.93.249 - - [29/Mar/2015:07:15:49 -0500] "GET /galeria/nivo-slider/demo/images/Banner-Directorio.jpg HTTP/1.1" 200 182068
66.249.93.249 - - [29/Mar/2015:07:15:49 -0500] "GET /galeria/nivo-slider/demo/images/porloshumedales.jpg HTTP/1.1" 200 351238
66.249.93.132 - - [29/Mar/2015:07:15:49 -0500] "GET /galeria/nivo-slider/demo/images/bolsas-08.jpg HTTP/1.1" 200 85589
66.249.93.249 - - [29/Mar/2015:07:15:49 -0500] "GET /galeria/nivo-slider/demo/images/Tingua-azul.jpg HTTP/1.1" 200 307638
66.249.93.252 - - [29/Mar/2015:07:15:49 -0500] "GET /galeria/nivo-slider/themes/default/default.css HTTP/1.1" 200 1569
66.249.93.249 - - [29/Mar/2015:07:15:49 -0500] "GET /galeria/nivo-slider/demo/images/Banner-decreto1299.jpg HTTP/1.1" 200 182613
66.249.93.252 - - [29/Mar/2015:07:15:50 -0500] "GET /galeria/nivo-slider/demo/images/ecolecta-Dic2014.png HTTP/1.1" 200 288593
66.249.93.249 - - [29/Mar/2015:07:15:50 -0500] "GET /galeria/nivo-slider/demo/images/banner-llantas2.jpg HTTP/1.1" 200 73153
66.249.93.132 - - [29/Mar/2015:07:15:50 -0500] "GET /galeria/nivo-slider/themes/default/loading.gif HTTP/1.1" 200 1737
66.249.93.249 - - [29/Mar/2015:07:15:50 -0500] "GET /galeria/nivo-slider/demo/images/9Signos.jpg HTTP/1.1" 200 93040
66.249.93.249 - - [29/Mar/2015:07:15:50 -0500] "GET /galeria/nivo-slider/demo/images/4Simple_Slider.png HTTP/1.1" 200 11722
66.249.81.210 - - [29/Mar/2015:07:15:50 -0500] "GET /galeria/carrusel/Carrusel/jquery-ui-1.8.13.custom.min.js HTTP/1.1" 200 10800
66.249.81.210 - - [29/Mar/2015:07:15:50 -0500] "GET /BLA/boletinlegal/js/jquery.scrollShow.js HTTP/1.1" 200 4586
66.249.81.204 - - [29/Mar/2015:07:15:50 -0500] "GET /galeria/galeria/jquery.fancybox.js?v=2.1.5 HTTP/1.1" 200 48706
66.249.81.204 - - [29/Mar/2015:07:15:50 -0500] "GET /BLA/boletinlegal/js/jquery.scrollTo-min.js HTTP/1.1" 200 1150
66.249.81.204 - - [29/Mar/2015:07:15:50 -0500] "GET /galeria/carrusel/Carrusel/jquery.thumbnailScroller.css HTTP/1.1" 200 2066
66.249.81.210 - - [29/Mar/2015:07:15:50 -0500] "GET /galeria/carrusel/Carrusel/jquery.thumbnailScroller.js HTTP/1.1" 200 8157
66.249.81.207 - - [29/Mar/2015:07:15:50 -0500] "GET /galeria/galeria/jquery.fancybox.css?v=2.1.5 HTTP/1.1" 200 4895
66.249.67.84 - - [29/Mar/2015:07:15:52 -0500] "GET /BLA/resoluciones/RESOLUCIONES%202009/6898.pdf HTTP/1.1" 200 337127
66.249.81.210 - - [29/Mar/2015:07:15:53 -0500] "GET /galeria/nivo-slider/demo/demo.html HTTP/1.1" 200 4356
66.249.81.210 - - [29/Mar/2015:07:15:53 -0500] "GET /galeria/nivo-slider/nivo-slider.css HTTP/1.1" 200 1507
66.249.81.207 - - [29/Mar/2015:07:15:53 -0500] "GET /galeria/nivo-slider/themes/pascal/pascal.css HTTP/1.1" 200 2258
66.249.81.204 - - [29/Mar/2015:07:15:53 -0500] "GET /galeria/nivo-slider/themes/orman/orman.css HTTP/1.1" 200 2152
66.249.81.210 - - [29/Mar/2015:07:15:53 -0500] "GET /galeria/nivo-slider/demo/images/secretaria-de-ambiente.jpg HTTP/1.1" 200 259142
66.249.81.204 - - [29/Mar/2015:07:15:53 -0500] "GET /galeria/nivo-slider/demo/images/Banner-semana-santa.jpg HTTP/1.1" 200 350491
66.249.81.210 - - [29/Mar/2015:07:15:53 -0500] "GET /galeria/nivo-slider/demo/images/Convocatoria_recicladores.jpg HTTP/1.1" 200 213976
66.249.81.204 - - [29/Mar/2015:07:15:53 -0500] "GET /galeria/nivo-slider/demo/images/no-sea-victima.jpg HTTP/1.1" 200 254155
66.249.81.207 - - [29/Mar/2015:07:15:53 -0500] "GET /galeria/nivo-slider/themes/default/default.css HTTP/1.1" 200 1569
66.249.81.207 - - [29/Mar/2015:07:15:53 -0500] "GET /galeria/nivo-slider/jquery.nivo.slider.pack.js HTTP/1.1" 200 11561
66.249.81.210 - - [29/Mar/2015:07:15:53 -0500] "GET /galeria/nivo-slider/demo/images/banner-V2.jpg HTTP/1.1" 200 167020
66.249.81.207 - - [29/Mar/2015:07:15:53 -0500] "GET /galeria/nivo-slider/demo/images/Licitaciones-proyecto-paramo.jpg HTTP/1.1" 200 221877
66.249.81.207 - - [29/Mar/2015:07:15:53 -0500] "GET /galeria/nivo-slider/demo/style.css HTTP/1.1" 200 2222
66.249.81.204 - - [29/Mar/2015:07:15:53 -0500] "GET /galeria/nivo-slider/demo/images/Ruta-vertimientos-01.jpg HTTP/1.1" 200 130151
66.249.81.210 - - [29/Mar/2015:07:15:53 -0500] "GET /galeria/nivo-slider/demo/images/Banner-Directorio.jpg HTTP/1.1" 200 182068
66.249.81.207 - - [29/Mar/2015:07:15:53 -0500] "GET /galeria/nivo-slider/demo/scripts/jquery-1.7.1.min.js HTTP/1.1" 200 93868
66.249.81.210 - - [29/Mar/2015:07:15:53 -0500] "GET /galeria/nivo-slider/demo/images/bolsas-08.jpg HTTP/1.1" 200 85589
66.249.81.204 - - [29/Mar/2015:07:15:53 -0500] "GET /galeria/nivo-slider/demo/images/redes_sociales.jpg HTTP/1.1" 200 415652
66.249.81.207 - - [29/Mar/2015:07:15:53 -0500] "GET /galeria/nivo-slider/demo/images/Banner-decreto1299.jpg HTTP/1.1" 200 182613
66.249.81.207 - - [29/Mar/2015:07:15:53 -0500] "GET /galeria/nivo-slider/demo/images/bolsas-06.jpg HTTP/1.1" 200 90982
66.249.81.204 - - [29/Mar/2015:07:15:53 -0500] "GET /galeria/nivo-slider/demo/images/Conoce-los-humedales.jpg HTTP/1.1" 200 294036
66.249.81.210 - - [29/Mar/2015:07:15:54 -0500] "GET /galeria/nivo-slider/demo/images/ecolecta-Dic2014.png HTTP/1.1" 200 288593
66.249.81.204 - - [29/Mar/2015:07:15:54 -0500] "GET /galeria/nivo-slider/demo/images/porloshumedales.jpg HTTP/1.1" 200 351238
66.249.81.204 - - [29/Mar/2015:07:15:54 -0500] "GET /galeria/nivo-slider/demo/images/Tingua-azul.jpg HTTP/1.1" 200 307638
66.249.81.204 - - [29/Mar/2015:07:15:54 -0500] "GET /galeria/nivo-slider/demo/images/banner-llantas2.jpg HTTP/1.1" 200 73153
66.249.81.204 - - [29/Mar/2015:07:15:54 -0500] "GET /galeria/nivo-slider/demo/images/9Signos.jpg HTTP/1.1" 200 93040
66.249.81.210 - - [29/Mar/2015:07:15:54 -0500] "GET /galeria/nivo-slider/demo/images/4Simple_Slider.png HTTP/1.1" 200 11722
66.249.81.207 - - [29/Mar/2015:07:15:54 -0500] "GET /galeria/nivo-slider/themes/default/loading.gif HTTP/1.1" 200 1737
66.249.93.252 - - [29/Mar/2015:07:15:57 -0500] "GET /galeria/nivo-slider/themes/default/arrows.png HTTP/1.1" 200 824
66.249.93.249 - - [29/Mar/2015:07:15:57 -0500] "GET /galeria/nivo-slider/themes/default/bullets.png HTTP/1.1" 200 1281
