188.165.15.198 - - [29/Mar/2015:04:27:24 -0500] "GET /BLA/resoluciones/index.php?dir=RESOLUCIONES%202002/RES%202002%201701-1750/&sort=size&order=asc HTTP/1.1" 200 12141
66.249.67.68 - - [29/Mar/2015:04:27:40 -0500] "GET /Anexos%20estudio%20Organizacional%20SDA/index.php?dir=ANEXO%20No.%208%20-%20MATRICES%20DE%20REGISTRO%20Y%20DE%20SALIDA%20MEDICI%D3N%20CARGAS%20LABORALES%20SDA/5.%20Direcci%F3n%20de%20Gesti%F3n/&sort=date&order=asc HTTP/1.1" 200 2931
188.165.15.198 - - [29/Mar/2015:04:28:03 -0500] "GET /BLA/resoluciones/RESOLUCIONES%202005/RES%202005%20301-351/00000323.tif HTTP/1.1" 200 154252
66.249.67.84 - - [29/Mar/2015:04:28:32 -0500] "GET /BLA/resoluciones/RESOLUCIONES%202011/5783.pdf HTTP/1.1" 200 760324
188.165.15.198 - - [29/Mar/2015:04:29:47 -0500] "GET /BLA/resoluciones/RESOLUCIONES%202004/RES%202004%201901-1950/00001903.tif HTTP/1.1" 200 200392
188.165.15.198 - - [29/Mar/2015:04:30:03 -0500] "GET /BLA/resoluciones/RESOLUCIONES%202004/RES%202004%201001-1050/00001027.tif HTTP/1.1" 200 177244
188.165.15.198 - - [29/Mar/2015:04:30:22 -0500] "GET /BLA/resoluciones/RESOLUCIONES%202004/RES%202004%2001-%2050/00000014.tif HTTP/1.1" 200 57186
186.154.25.155 - - [29/Mar/2015:04:24:59 -0500] "GET /ForestMSG_SDA/channelAsync/template_word_17341724?X-Atmosphere-tracking-id=4c48a1f3-1d66-b262-7a32-5e8fdd1076e3&X-Atmosphere-Framework=1.0.5&X-Atmosphere-Transport=long-polling&tabid=0.6107235250528902&X-Cache-Date=0&Content-Type=application/xml&_=1427621260312 HTTP/1.1" 200 8193
66.249.67.84 - - [29/Mar/2015:04:31:22 -0500] "GET /BLA/resoluciones/AUTOS%202007/1051.pdf HTTP/1.1" 200 27029
199.195.118.53 - - [29/Mar/2015:04:31:32 -0500] "GET / HTTP/1.1" 302 -
196.22.142.2 - - [29/Mar/2015:04:31:38 -0500] "GET /wp/wp-admin/ HTTP/1.1" 404 1018
180.76.6.56 - - [29/Mar/2015:04:31:53 -0500] "GET /BLA/resoluciones/RESOLUCIONES%202009/4432.pdf HTTP/1.1" 200 546859
74.86.158.107 - - [29/Mar/2015:04:32:06 -0500] "HEAD / HTTP/1.1" 302 -
188.165.15.198 - - [29/Mar/2015:04:32:13 -0500] "GET /BLA/resoluciones/RESOLUCIONES%202003/RES%202003%20601-650/622.tif HTTP/1.1" 200 113780
66.249.67.76 - - [29/Mar/2015:04:32:30 -0500] "GET /PruebasSTORM/StormSDA_pruebas/userFiles/user_files/formulas/4/ HTTP/1.1" 200 904
188.165.15.198 - - [29/Mar/2015:04:32:49 -0500] "GET /BLA/resoluciones/RESOLUCIONES%202006/RES%202006%20251-300/00000290.tif HTTP/1.1" 200 36256
66.249.67.84 - - [29/Mar/2015:04:33:08 -0500] "GET /BLA/resoluciones/RESOLUCIONES%202011/6222.pdf HTTP/1.1" 200 1271808
188.165.15.198 - - [29/Mar/2015:04:34:04 -0500] "GET /BLA/resoluciones/RESOLUCIONES%202002/RES%202002%20251-300/00000288.tif HTTP/1.1" 200 88704
157.55.39.121 - - [29/Mar/2015:04:34:43 -0500] "GET /BLA/boletinlegal/jurisprudencia/analisis/Analisis%20jurisprudencial%20Sentencia%20C-366-11.doc HTTP/1.1" 200 59392
66.249.67.84 - - [29/Mar/2015:04:34:56 -0500] "GET /re1/Que%20es/Marco%20pedagocico/educacion%20ambiental/ HTTP/1.1" 404 1018
180.76.6.62 - - [29/Mar/2015:04:35:33 -0500] "GET /BLA/resoluciones/AUTOS%202012/2309.pdf HTTP/1.1" 200 342960
188.165.15.198 - - [29/Mar/2015:04:35:40 -0500] "GET /BLA/resoluciones/RESOLUCIONES%202003/RES%202003%20501-550/541.tif HTTP/1.1" 200 112944
66.249.67.68 - - [29/Mar/2015:04:36:43 -0500] "GET /BLA/resoluciones/RESOLUCIONES%202005/RES%202005%202051-2100/00002091.tif HTTP/1.1" 200 140458
186.154.25.155 - - [29/Mar/2015:04:31:00 -0500] "GET /ForestMSG_SDA/channelAsync/template_word_17341724?X-Atmosphere-tracking-id=4c48a1f3-1d66-b262-7a32-5e8fdd1076e3&X-Atmosphere-Framework=1.0.5&X-Atmosphere-Transport=long-polling&tabid=0.6107235250528902&X-Cache-Date=0&Content-Type=application/xml&_=1427621620756 HTTP/1.1" 200 8193
74.86.158.107 - - [29/Mar/2015:04:37:06 -0500] "HEAD / HTTP/1.1" 302 -
66.249.67.112 - - [29/Mar/2015:04:37:22 -0500] "GET /PruebasSTORM/silvicultura1Pruebas/ HTTP/1.1" 200 414
188.165.15.198 - - [29/Mar/2015:04:37:43 -0500] "GET /BLA/resoluciones/RESOLUCIONES%202005/RES%202005%202851-2900/00002875.tif HTTP/1.1" 200 36910
188.165.15.198 - - [29/Mar/2015:04:37:46 -0500] "GET /BLA/resoluciones/RESOLUCIONES%202005/RES%202005%20351-400/00000396.tif HTTP/1.1" 200 190356
180.76.6.213 - - [29/Mar/2015:04:38:23 -0500] "GET /BLA/resoluciones/AUTOS%202011/0954.pdf HTTP/1.1" 200 157505
188.165.15.198 - - [29/Mar/2015:04:39:05 -0500] "GET /BLA/resoluciones/RESOLUCIONES%202002/RES%202002%201751-1800/20021764.tif HTTP/1.1" 200 99014
66.249.67.120 - - [29/Mar/2015:04:39:48 -0500] "GET /Anexos%20estudio%20Organizacional%20SDA/ANEXO%20No.%208%20-%20MATRICES%20DE%20REGISTRO%20Y%20DE%20SALIDA%20MEDICI%C3%93N%20CARGAS%20LABORALES%20SDA/7.%20Direcci%C3%B3n%20Legal%20Ambiental/Legal.xls HTTP/1.1" 200 203264
188.165.15.198 - - [29/Mar/2015:04:39:57 -0500] "GET /BLA/resoluciones/RESOLUCIONES%202004/RES%202004%201701-1750/INDEX.DAT HTTP/1.1" 200 2000
186.29.76.228 - - [29/Mar/2015:04:40:32 -0500] "GET /BLA/boletinlegal/js/jquery.scrollTo-min.js HTTP/1.1" 200 1150
186.29.76.228 - - [29/Mar/2015:04:40:32 -0500] "GET /BLA/boletinlegal/js/jquery.scrollShow.js HTTP/1.1" 200 4586
186.29.76.228 - - [29/Mar/2015:04:40:32 -0500] "GET /galeria/galeria/jquery.fancybox.js?v=2.1.5 HTTP/1.1" 200 48706
186.29.76.228 - - [29/Mar/2015:04:40:32 -0500] "GET /galeria/galeria/jquery.fancybox.css?v=2.1.5 HTTP/1.1" 200 4895
186.29.76.228 - - [29/Mar/2015:04:40:32 -0500] "GET /galeria/carrusel/Carrusel/jquery.thumbnailScroller.css HTTP/1.1" 200 2066
186.29.76.228 - - [29/Mar/2015:04:40:32 -0500] "GET /galeria/carrusel/Carrusel/jquery-ui-1.8.13.custom.min.js HTTP/1.1" 200 10800
186.29.76.228 - - [29/Mar/2015:04:40:32 -0500] "GET /galeria/carrusel/Carrusel/jquery.thumbnailScroller.js HTTP/1.1" 200 8157
186.29.76.228 - - [29/Mar/2015:04:40:37 -0500] "GET /galeria/nivo-slider/demo/demo.html HTTP/1.1" 200 4356
186.29.76.228 - - [29/Mar/2015:04:40:40 -0500] "GET /galeria/nivo-slider/themes/default/default.css HTTP/1.1" 200 1569
186.29.76.228 - - [29/Mar/2015:04:40:40 -0500] "GET /galeria/nivo-slider/themes/pascal/pascal.css HTTP/1.1" 200 2258
186.29.76.228 - - [29/Mar/2015:04:40:40 -0500] "GET /galeria/nivo-slider/themes/orman/orman.css HTTP/1.1" 200 2152
186.29.76.228 - - [29/Mar/2015:04:40:40 -0500] "GET /galeria/nivo-slider/nivo-slider.css HTTP/1.1" 200 1507
186.29.76.228 - - [29/Mar/2015:04:40:40 -0500] "GET /galeria/nivo-slider/demo/style.css HTTP/1.1" 200 2222
186.29.76.228 - - [29/Mar/2015:04:40:40 -0500] "GET /galeria/nivo-slider/demo/images/Banner-semana-santa.jpg HTTP/1.1" 200 350491
186.29.76.228 - - [29/Mar/2015:04:40:40 -0500] "GET /galeria/nivo-slider/demo/scripts/jquery-1.7.1.min.js HTTP/1.1" 200 93868
186.29.76.228 - - [29/Mar/2015:04:40:40 -0500] "GET /galeria/nivo-slider/jquery.nivo.slider.pack.js HTTP/1.1" 200 11561
186.29.76.228 - - [29/Mar/2015:04:40:40 -0500] "GET /galeria/nivo-slider/demo/images/no-sea-victima.jpg HTTP/1.1" 200 254155
186.29.76.228 - - [29/Mar/2015:04:40:40 -0500] "GET /galeria/nivo-slider/demo/images/Convocatoria_recicladores.jpg HTTP/1.1" 200 213976
186.29.76.228 - - [29/Mar/2015:04:40:40 -0500] "GET /galeria/nivo-slider/demo/images/secretaria-de-ambiente.jpg HTTP/1.1" 200 259142
186.29.76.228 - - [29/Mar/2015:04:40:41 -0500] "GET /galeria/nivo-slider/demo/images/Licitaciones-proyecto-paramo.jpg HTTP/1.1" 200 221877
186.29.76.228 - - [29/Mar/2015:04:40:41 -0500] "GET /galeria/nivo-slider/demo/images/Banner-decreto1299.jpg HTTP/1.1" 200 182613
186.29.76.228 - - [29/Mar/2015:04:40:42 -0500] "GET /galeria/nivo-slider/demo/images/Banner-Directorio.jpg HTTP/1.1" 200 182068
186.29.76.228 - - [29/Mar/2015:04:40:42 -0500] "GET /galeria/nivo-slider/demo/images/banner-V2.jpg HTTP/1.1" 200 167020
186.29.76.228 - - [29/Mar/2015:04:40:42 -0500] "GET /galeria/nivo-slider/demo/images/Ruta-vertimientos-01.jpg HTTP/1.1" 200 130151
186.29.76.228 - - [29/Mar/2015:04:40:43 -0500] "GET /galeria/nivo-slider/demo/images/bolsas-06.jpg HTTP/1.1" 200 90982
186.29.76.228 - - [29/Mar/2015:04:40:43 -0500] "GET /galeria/nivo-slider/demo/images/bolsas-08.jpg HTTP/1.1" 200 85589
186.29.76.228 - - [29/Mar/2015:04:40:43 -0500] "GET /galeria/nivo-slider/demo/images/redes_sociales.jpg HTTP/1.1" 200 415652
186.29.76.228 - - [29/Mar/2015:04:40:43 -0500] "GET /galeria/nivo-slider/demo/images/4Simple_Slider.png HTTP/1.1" 200 11722
186.29.76.228 - - [29/Mar/2015:04:40:43 -0500] "GET /galeria/nivo-slider/themes/default/loading.gif HTTP/1.1" 200 1737
186.29.76.228 - - [29/Mar/2015:04:40:43 -0500] "GET /galeria/nivo-slider/demo/images/Conoce-los-humedales.jpg HTTP/1.1" 200 294036
186.29.76.228 - - [29/Mar/2015:04:40:43 -0500] "GET /galeria/nivo-slider/demo/images/ecolecta-Dic2014.png HTTP/1.1" 200 288593
186.29.76.228 - - [29/Mar/2015:04:40:43 -0500] "GET /galeria/nivo-slider/demo/images/porloshumedales.jpg HTTP/1.1" 200 351238
186.29.76.228 - - [29/Mar/2015:04:40:43 -0500] "GET /galeria/nivo-slider/demo/images/Tingua-azul.jpg HTTP/1.1" 200 307638
186.29.76.228 - - [29/Mar/2015:04:40:44 -0500] "GET /galeria/nivo-slider/demo/images/banner-llantas2.jpg HTTP/1.1" 200 73153
186.29.76.228 - - [29/Mar/2015:04:40:44 -0500] "GET /videos/Humedal_Comunidad.flv HTTP/1.1" 200 81021584
186.29.76.228 - - [29/Mar/2015:04:40:46 -0500] "GET /galeria/nivo-slider/demo/images/9Signos.jpg HTTP/1.1" 200 93040
186.29.76.228 - - [29/Mar/2015:04:40:47 -0500] "GET /galeria/nivo-slider/themes/default/bullets.png HTTP/1.1" 200 1281
186.29.76.228 - - [29/Mar/2015:04:40:47 -0500] "GET /galeria/nivo-slider/themes/default/arrows.png HTTP/1.1" 200 824
188.165.15.198 - - [29/Mar/2015:04:41:27 -0500] "GET /BLA/resoluciones/RESOLUCIONES%202004/RES%202004%20101-150/00000143.tif HTTP/1.1" 200 111960
218.30.103.61 - - [29/Mar/2015:04:42:00 -0500] "GET /robots.txt HTTP/1.1" 404 1018
74.86.158.107 - - [29/Mar/2015:04:42:06 -0500] "HEAD / HTTP/1.1" 302 -
218.30.103.61 - - [29/Mar/2015:04:42:11 -0500] "GET /resoluciones/RESOLUCIONES%202009/0475.pdf HTTP/1.1" 404 1018
66.249.67.68 - - [29/Mar/2015:04:42:15 -0500] "GET /BLA/resoluciones/Notificaciones/AUTOS%202014/5801.doc HTTP/1.1" 200 155648
66.249.67.84 - - [29/Mar/2015:04:42:16 -0500] "GET /manual_funciones_Listado/2.%20Subsecretar%C3%ADa%20General%20y%20de%20Control%20Disciplinario/Auxiliar%20Administrativo%20407-09.pdf HTTP/1.1" 404 1018
218.30.103.61 - - [29/Mar/2015:04:42:32 -0500] "GET /resoluciones/RESOLUCIONES%202009/0385.pdf HTTP/1.1" 404 1018
196.22.142.2 - - [29/Mar/2015:04:42:36 -0500] "GET /old/wp-admin/ HTTP/1.1" 404 1018
180.76.6.43 - - [29/Mar/2015:04:42:50 -0500] "GET /BLA/resoluciones/AUTOS%202011/0947.pdf HTTP/1.1" 200 215320
218.30.103.61 - - [29/Mar/2015:04:42:53 -0500] "GET /stormWeb/ HTTP/1.1" 200 12126
186.154.25.155 - - [29/Mar/2015:04:37:00 -0500] "GET /ForestMSG_SDA/channelAsync/template_word_17341724?X-Atmosphere-tracking-id=4c48a1f3-1d66-b262-7a32-5e8fdd1076e3&X-Atmosphere-Framework=1.0.5&X-Atmosphere-Transport=long-polling&tabid=0.6107235250528902&X-Cache-Date=0&Content-Type=application/xml&_=1427621980831 HTTP/1.1" 200 8193
188.165.15.198 - - [29/Mar/2015:04:43:06 -0500] "GET /BLA/resoluciones/index.php?dir=RESOLUCIONES%202002/RES%202002%201201-1250/&sort=size&order=desc HTTP/1.1" 200 12150
180.76.6.53 - - [29/Mar/2015:04:43:58 -0500] "GET /BLA/resoluciones/RESOLUCIONES%202007/RES%202007%203301%20AL%203400/RESOLUCION%203376%20DE%202007.pdf HTTP/1.1" 200 472622
66.249.67.76 - - [29/Mar/2015:04:44:43 -0500] "GET /BLA/resoluciones/AUTOS%202013/1296.pdf HTTP/1.1" 304 -
188.165.15.198 - - [29/Mar/2015:04:44:55 -0500] "GET /BLA/resoluciones/RESOLUCIONES%202002/RES%202002%20801-850/00000821.tif HTTP/1.1" 200 92548
188.165.15.198 - - [29/Mar/2015:04:45:05 -0500] "GET /BLA/resoluciones/RESOLUCIONES%202005/RES%202005%203051-3100/00003068.tif HTTP/1.1" 200 134088
180.76.6.50 - - [29/Mar/2015:04:45:07 -0500] "GET /BLA/resoluciones/AUTOS%202013/2575.pdf HTTP/1.1" 200 405064
188.165.15.198 - - [29/Mar/2015:04:46:14 -0500] "GET /BLA/resoluciones/RESOLUCIONES%202004/RES%202004%20251-300/00000274.tif HTTP/1.1" 200 180662
66.249.67.68 - - [29/Mar/2015:04:46:48 -0500] "GET /BLA/resoluciones/RESOLUCIONES%202011/6971.pdf HTTP/1.1" 304 -
74.86.158.107 - - [29/Mar/2015:04:47:06 -0500] "HEAD / HTTP/1.1" 302 -
66.249.67.120 - - [29/Mar/2015:04:47:11 -0500] "GET /kmz/vallas_abril_2013_1.kmz HTTP/1.1" 200 83259
66.249.84.192 - - [29/Mar/2015:04:47:15 -0500] "GET / HTTP/1.1" 302 -
188.165.15.198 - - [29/Mar/2015:04:47:23 -0500] "GET /BLA/resoluciones/RESOLUCIONES%202004/RES%202004%201951-2000/00001976.tif HTTP/1.1" 200 210770
180.76.6.14 - - [29/Mar/2015:04:47:24 -0500] "GET /BLA/resoluciones/RESOLUCIONES%202007/RES%202007%203301%20AL%203400/RESOLUCION%203302%20DE%202007.pdf HTTP/1.1" 200 667749
190.24.129.149 - - [29/Mar/2015:04:48:48 -0500] "GET /galeria/nivo-slider/demo/images/secretaria-de-ambiente.jpg HTTP/1.1" 304 -
186.154.25.155 - - [29/Mar/2015:04:43:00 -0500] "GET /ForestMSG_SDA/channelAsync/template_word_17341724?X-Atmosphere-tracking-id=4c48a1f3-1d66-b262-7a32-5e8fdd1076e3&X-Atmosphere-Framework=1.0.5&X-Atmosphere-Transport=long-polling&tabid=0.6107235250528902&X-Cache-Date=0&Content-Type=application/xml&_=1427622340905 HTTP/1.1" 200 8193
188.165.15.198 - - [29/Mar/2015:04:49:00 -0500] "GET /BLA/resoluciones/RESOLUCIONES%202006/RES%202006%201001-1050/00001046.tif HTTP/1.1" 200 162330
66.249.67.76 - - [29/Mar/2015:04:49:40 -0500] "GET /BLA/resoluciones/RESOLUCIONES%202009/5476.pdf HTTP/1.1" 304 -
180.76.5.24 - - [29/Mar/2015:04:49:41 -0500] "GET /BLA/resoluciones/RESOLUCIONES%202007/RES%202007%203301%20AL%203400/RESOLUCION%203364%20DE%202007.pdf HTTP/1.1" 200 904628
74.86.158.107 - - [29/Mar/2015:04:52:06 -0500] "HEAD / HTTP/1.1" 302 -
66.249.67.84 - - [29/Mar/2015:04:52:10 -0500] "GET /BLA/resoluciones/RESOLUCIONES%202009/6747.pdf HTTP/1.1" 304 -
123.125.71.29 - - [29/Mar/2015:04:53:53 -0500] "GET / HTTP/1.1" 302 -
180.76.6.55 - - [29/Mar/2015:04:53:59 -0500] "GET /BLA/resoluciones/AUTOS%202012/0919.pdf HTTP/1.1" 200 172711
188.165.15.198 - - [29/Mar/2015:04:54:27 -0500] "GET /BLA/resoluciones/AUTOS%202006/AUTOS%202006%201401%20-%201500/00001438.tif HTTP/1.1" 200 83886
66.249.67.76 - - [29/Mar/2015:04:54:41 -0500] "GET /BLA/resoluciones/RESOLUCIONES%202010/2514.pdf HTTP/1.1" 304 -
186.154.25.155 - - [29/Mar/2015:04:49:00 -0500] "GET /ForestMSG_SDA/channelAsync/template_word_17341724?X-Atmosphere-tracking-id=4c48a1f3-1d66-b262-7a32-5e8fdd1076e3&X-Atmosphere-Framework=1.0.5&X-Atmosphere-Transport=long-polling&tabid=0.6107235250528902&X-Cache-Date=0&Content-Type=application/xml&_=1427622701068 HTTP/1.1" 200 8193
188.165.15.198 - - [29/Mar/2015:04:55:45 -0500] "GET /BLA/resoluciones/index.php?dir=RESOLUCIONES%202005/RES%202005%202701%20-2750/&sort=size&order=asc HTTP/1.1" 200 12404
188.165.15.198 - - [29/Mar/2015:04:56:22 -0500] "GET /BLA/resoluciones/index.php?dir=RESOLUCIONES%202004/RES%202004%20901-950/&sort=size&order=asc HTTP/1.1" 200 12049
74.86.158.107 - - [29/Mar/2015:04:57:06 -0500] "HEAD / HTTP/1.1" 302 -
66.249.67.68 - - [29/Mar/2015:04:57:12 -0500] "GET /BLA/resoluciones/RESOLUCIONES%202009/8031.pdf HTTP/1.1" 200 500999
188.165.15.198 - - [29/Mar/2015:04:58:17 -0500] "GET /BLA/resoluciones/RESOLUCIONES%202002/RES%202002%20551-600/00000587.tif HTTP/1.1" 200 134188
188.165.15.198 - - [29/Mar/2015:04:58:40 -0500] "GET /BLA/resoluciones/index.php?dir=RESOLUCIONES+2005%2FRES+2005+2451-2500%2F HTTP/1.1" 200 12370
66.249.67.84 - - [29/Mar/2015:04:59:30 -0500] "GET /BLA/resoluciones/AUTOS%202011/4145.pdf HTTP/1.1" 304 -
175.44.4.74 - - [29/Mar/2015:04:59:44 -0500] "GET /BLA/resoluciones/RESOLUCIONES HTTP/1.1" 404 1018
220.181.108.154 - - [29/Mar/2015:04:59:47 -0500] "GET / HTTP/1.1" 302 -
186.154.25.155 - - [29/Mar/2015:04:55:00 -0500] "GET /ForestMSG_SDA/channelAsync/template_word_17341724?X-Atmosphere-tracking-id=4c48a1f3-1d66-b262-7a32-5e8fdd1076e3&X-Atmosphere-Framework=1.0.5&X-Atmosphere-Transport=long-polling&tabid=0.6107235250528902&X-Cache-Date=0&Content-Type=application/xml&_=1427623061137 HTTP/1.1" 200 8193
66.249.67.68 - - [29/Mar/2015:05:01:10 -0500] "GET /BLA/resoluciones/AUTOS%202013/1124.pdf HTTP/1.1" 200 1012585
88.198.233.69 - - [29/Mar/2015:05:01:38 -0500] "GET / HTTP/1.1" 302 -
74.86.158.107 - - [29/Mar/2015:05:02:06 -0500] "HEAD / HTTP/1.1" 302 -
66.249.67.76 - - [29/Mar/2015:05:03:09 -0500] "GET /BLA/resoluciones/AUTOS%202009/1848.pdf HTTP/1.1" 304 -
188.165.15.198 - - [29/Mar/2015:05:03:25 -0500] "GET /BLA/resoluciones/RESOLUCIONES%202006/RES%202006%201701-1751/00001742.tif HTTP/1.1" 200 183806
180.76.6.141 - - [29/Mar/2015:05:04:12 -0500] "GET /BLA/resoluciones/AUTOS%202011/0047.pdf HTTP/1.1" 200 129232
188.165.15.198 - - [29/Mar/2015:05:04:23 -0500] "GET /BLA/resoluciones/RESOLUCIONES%202002/RES%202002%201201-1250/20021207.tif HTTP/1.1" 200 138162
201.234.75.11 - - [29/Mar/2015:05:04:32 -0500] "GET /galeria/nivo-slider/demo/images/mesTIC.jpg HTTP/1.1" 304 -
188.165.15.198 - - [29/Mar/2015:05:04:46 -0500] "GET /BLA/resoluciones/RESOLUCIONES%202006/RES%202006%201601-1650/00001641.tif HTTP/1.1" 200 315572
66.249.67.76 - - [29/Mar/2015:05:04:48 -0500] "GET /BLA/resoluciones/AUTOS%202013/2798.pdf HTTP/1.1" 200 1671818
188.165.15.198 - - [29/Mar/2015:05:05:00 -0500] "GET /BLA/resoluciones/RESOLUCIONES%202005/RES%202005%20751-800/00000759.tif HTTP/1.1" 200 149342
188.165.15.198 - - [29/Mar/2015:05:05:07 -0500] "GET /BLA/resoluciones/RESOLUCIONES%202006/RES%202006%202401-2450/00002429.tif HTTP/1.1" 200 180082
66.249.67.84 - - [29/Mar/2015:05:05:31 -0500] "GET /BLA/resoluciones/RESOLUCIONES%202005/RES%202005%202051-2100/00002088.tif HTTP/1.1" 200 64912
66.249.67.76 - - [29/Mar/2015:05:06:36 -0500] "GET /BLA/resoluciones/RESOLUCIONES%202011/3764.pdf HTTP/1.1" 304 -
186.154.25.155 - - [29/Mar/2015:05:01:00 -0500] "GET /ForestMSG_SDA/channelAsync/template_word_17341724?X-Atmosphere-tracking-id=4c48a1f3-1d66-b262-7a32-5e8fdd1076e3&X-Atmosphere-Framework=1.0.5&X-Atmosphere-Transport=long-polling&tabid=0.6107235250528902&X-Cache-Date=0&Content-Type=application/xml&_=1427623421238 HTTP/1.1" 200 8193
74.86.158.107 - - [29/Mar/2015:05:07:06 -0500] "HEAD / HTTP/1.1" 302 -
66.249.67.68 - - [29/Mar/2015:05:07:49 -0500] "GET /even/Ca0jr6ay/tsld014.htm HTTP/1.1" 404 1018
66.249.93.252 - - [29/Mar/2015:05:07:52 -0500] "GET /galeria/galeria/jquery.fancybox.js?v=2.1.5 HTTP/1.1" 200 48706
66.249.93.132 - - [29/Mar/2015:05:07:52 -0500] "GET /BLA/boletinlegal/js/jquery.scrollShow.js HTTP/1.1" 200 4586
66.249.93.252 - - [29/Mar/2015:05:07:52 -0500] "GET /BLA/boletinlegal/js/jquery.scrollTo-min.js HTTP/1.1" 200 1150
66.249.93.252 - - [29/Mar/2015:05:07:52 -0500] "GET /galeria/galeria/jquery.fancybox.css?v=2.1.5 HTTP/1.1" 200 4895
66.249.93.252 - - [29/Mar/2015:05:07:57 -0500] "GET /galeria/galeria/jquery.fancybox.js?v=2.1.5 HTTP/1.1" 304 -
66.249.93.252 - - [29/Mar/2015:05:07:57 -0500] "GET /galeria/galeria/jquery.fancybox.css?v=2.1.5 HTTP/1.1" 304 -
66.249.93.252 - - [29/Mar/2015:05:07:57 -0500] "GET /BLA/boletinlegal/js/jquery.scrollTo-min.js HTTP/1.1" 304 -
66.249.93.249 - - [29/Mar/2015:05:07:57 -0500] "GET /BLA/boletinlegal/js/jquery.scrollShow.js HTTP/1.1" 304 -
188.165.15.198 - - [29/Mar/2015:05:08:02 -0500] "GET /BLA/resoluciones/RESOLUCIONES%202005/RES%202005%20201-250/00000215.tif HTTP/1.1" 200 759370
66.249.67.76 - - [29/Mar/2015:05:08:28 -0500] "GET /BLA/resoluciones/RESOLUCIONES%202010/6086.pdf HTTP/1.1" 200 1914783
188.165.15.198 - - [29/Mar/2015:05:08:29 -0500] "GET /BLA/resoluciones/RESOLUCIONES%202005/RES%202005%20851-900/00000856.tif HTTP/1.1" 200 79330
180.76.5.60 - - [29/Mar/2015:05:08:51 -0500] "GET /BLA/resoluciones/AUTOS%202012/0127.pdf HTTP/1.1" 200 409010
66.249.67.112 - - [29/Mar/2015:05:09:19 -0500] "GET /publnew/casa/cas5.htm HTTP/1.1" 404 1019
66.249.67.104 - - [29/Mar/2015:05:09:19 -0500] "GET /publnew/casa/cas6.htm HTTP/1.1" 404 1019
66.249.67.120 - - [29/Mar/2015:05:09:21 -0500] "GET /publnew/casa/cas7.htm HTTP/1.1" 404 1019
66.249.67.104 - - [29/Mar/2015:05:09:23 -0500] "GET /publnew/casa/cas2.htm HTTP/1.1" 404 1019
66.249.67.104 - - [29/Mar/2015:05:09:26 -0500] "GET /publnew/casa/cas4.htm HTTP/1.1" 404 1019
66.249.67.112 - - [29/Mar/2015:05:09:28 -0500] "GET /publnew/casa/cas3.htm HTTP/1.1" 404 1019
66.249.67.112 - - [29/Mar/2015:05:09:30 -0500] "GET /publnew/casa/cas1.htm HTTP/1.1" 404 1019
66.249.67.104 - - [29/Mar/2015:05:09:32 -0500] "GET /publnew/casa/cas8.htm HTTP/1.1" 404 1019
188.165.15.198 - - [29/Mar/2015:05:10:14 -0500] "GET /BLA/resoluciones/RESOLUCIONES%202004/RES%202004%201951-2000/00001973.tif HTTP/1.1" 200 151348
66.249.67.84 - - [29/Mar/2015:05:10:20 -0500] "GET /BLA/resoluciones/RESOLUCIONES%202010/4103.pdf HTTP/1.1" 200 339958
188.165.15.198 - - [29/Mar/2015:05:10:44 -0500] "GET /BLA/resoluciones/index.php?dir=RESOLUCIONES%202003/RES%202003%201851--1900/&sort=name&order=desc HTTP/1.1" 200 12205
74.86.158.107 - - [29/Mar/2015:05:12:06 -0500] "HEAD / HTTP/1.1" 302 -
188.165.15.198 - - [29/Mar/2015:05:12:09 -0500] "GET /BLA/resoluciones/RESOLUCIONES%202005/RES%202005%202951-3000/00002962.tif HTTP/1.1" 200 40178
66.249.67.84 - - [29/Mar/2015:05:12:12 -0500] "GET /BLA/resoluciones/RESOLUCIONES%202007/RES%202007%203601%20AL%203700/RESOLUCION%203660%20DE%202007.pdf HTTP/1.1" 200 344496
186.154.25.155 - - [29/Mar/2015:05:07:00 -0500] "GET /ForestMSG_SDA/channelAsync/template_word_17341724?X-Atmosphere-tracking-id=4c48a1f3-1d66-b262-7a32-5e8fdd1076e3&X-Atmosphere-Framework=1.0.5&X-Atmosphere-Transport=long-polling&tabid=0.6107235250528902&X-Cache-Date=0&Content-Type=application/xml&_=1427623781317 HTTP/1.1" 200 8193
66.249.67.76 - - [29/Mar/2015:05:14:08 -0500] "GET /BLA/resoluciones/RESOLUCIONES%202007/RES%202007%202601%20AL%202700/RESOLUCION%202630%20DE%202007.pdf HTTP/1.1" 200 154733
188.165.15.198 - - [29/Mar/2015:05:14:21 -0500] "GET /BLA/resoluciones/RESOLUCIONES%202006/RES%202006%201651-1700/00001677.tif HTTP/1.1" 200 283504
66.249.67.76 - - [29/Mar/2015:05:14:57 -0500] "GET /BLA/resoluciones/RESOLUCIONES%202008/2051.pdf HTTP/1.1" 304 -
66.249.67.76 - - [29/Mar/2015:05:16:04 -0500] "GET /BLA/resoluciones/RESOLUCIONES%202009/2448.pdf HTTP/1.1" 200 325626
74.86.158.107 - - [29/Mar/2015:05:17:06 -0500] "HEAD / HTTP/1.1" 302 -
188.165.15.198 - - [29/Mar/2015:05:17:20 -0500] "GET /BLA/resoluciones/RESOLUCIONES%202006/RES%202006%201301-1350/INDEX.DAT HTTP/1.1" 200 2000
66.249.67.68 - - [29/Mar/2015:05:18:02 -0500] "GET /BLA/resoluciones/RESOLUCIONES%202007/RES%202007%20401%20AL%20500/RESOLUCION%200408%20DE%202007.pdf HTTP/1.1" 304 -
188.165.15.198 - - [29/Mar/2015:05:18:23 -0500] "GET /BLA/resoluciones/RESOLUCIONES%202002/RES%202002%2051-100/2002RES72.tif HTTP/1.1" 200 69756
180.76.5.195 - - [29/Mar/2015:05:18:23 -0500] "GET /BLA/boletinlegal/Circulares/2012/Circular%20No.%2016%20del%2022%20de%20octubre%20de%202012.pdf HTTP/1.1" 200 381186
186.154.25.155 - - [29/Mar/2015:05:13:00 -0500] "GET /ForestMSG_SDA/channelAsync/template_word_17341724?X-Atmosphere-tracking-id=4c48a1f3-1d66-b262-7a32-5e8fdd1076e3&X-Atmosphere-Framework=1.0.5&X-Atmosphere-Transport=long-polling&tabid=0.6107235250528902&X-Cache-Date=0&Content-Type=application/xml&_=1427624141388 HTTP/1.1" 200 8193
186.29.250.62 - - [29/Mar/2015:05:19:48 -0500] "GET /BLA/boletinlegal/js/jquery.scrollTo-min.js HTTP/1.1" 200 1150
186.29.250.62 - - [29/Mar/2015:05:19:48 -0500] "GET /BLA/boletinlegal/js/jquery.scrollShow.js HTTP/1.1" 200 4586
186.29.250.62 - - [29/Mar/2015:05:19:48 -0500] "GET /galeria/galeria/jquery.fancybox.js?v=2.1.5 HTTP/1.1" 200 48706
186.29.250.62 - - [29/Mar/2015:05:19:48 -0500] "GET /galeria/galeria/jquery.fancybox.css?v=2.1.5 HTTP/1.1" 200 4895
186.29.250.62 - - [29/Mar/2015:05:19:51 -0500] "GET /BLA/boletinlegal/js/jquery.scrollTo-min.js HTTP/1.1" 304 -
186.29.250.62 - - [29/Mar/2015:05:19:51 -0500] "GET /galeria/galeria/jquery.fancybox.css?v=2.1.5 HTTP/1.1" 304 -
186.29.250.62 - - [29/Mar/2015:05:19:51 -0500] "GET /BLA/boletinlegal/js/jquery.scrollShow.js HTTP/1.1" 304 -
186.29.250.62 - - [29/Mar/2015:05:19:51 -0500] "GET /galeria/galeria/jquery.fancybox.js?v=2.1.5 HTTP/1.1" 304 -
66.249.67.76 - - [29/Mar/2015:05:20:01 -0500] "GET /BLA/resoluciones/RESOLUCIONES%202013/0748.pdf HTTP/1.1" 304 -
66.249.67.84 - - [29/Mar/2015:05:20:37 -0500] "GET /Residuos/metalmecanica/images/page40.swf HTTP/1.1" 404 1018
188.165.15.198 - - [29/Mar/2015:05:20:38 -0500] "GET /BLA/resoluciones/RESOLUCIONES%202002/RES%202002%20851-900/00000890.tif HTTP/1.1" 200 221568
180.76.5.76 - - [29/Mar/2015:05:20:41 -0500] "GET /BLA/resoluciones/AUTOS%202014/4195.pdf HTTP/1.1" 200 278649
66.249.67.104 - - [29/Mar/2015:05:20:56 -0500] "GET /galeria/galeria/fotos/Humedal-Santa-Mar%C3%ADa-del-Lago3G.jpg HTTP/1.1" 200 271832
190.52.138.184 - - [29/Mar/2015:05:21:15 -0500] "GET /BLA/boletinlegal/js/jquery.scrollTo-min.js HTTP/1.1" 200 1150
190.52.138.184 - - [29/Mar/2015:05:21:15 -0500] "GET /BLA/boletinlegal/js/jquery.scrollShow.js HTTP/1.1" 200 4586
190.52.138.184 - - [29/Mar/2015:05:21:15 -0500] "GET /galeria/galeria/jquery.fancybox.js?v=2.1.5 HTTP/1.1" 200 48706
190.52.138.184 - - [29/Mar/2015:05:21:15 -0500] "GET /galeria/galeria/jquery.fancybox.css?v=2.1.5 HTTP/1.1" 200 4895
201.234.75.11 - - [29/Mar/2015:05:21:17 -0500] "GET /galeria/nivo-slider/themes/orman/orman.css HTTP/1.1" 304 -
190.52.138.184 - - [29/Mar/2015:05:21:27 -0500] "GET /BLA/boletinlegal/js/jquery.scrollTo-min.js HTTP/1.1" 200 1150
190.52.138.184 - - [29/Mar/2015:05:21:27 -0500] "GET /BLA/boletinlegal/js/jquery.scrollShow.js HTTP/1.1" 200 4586
190.52.138.184 - - [29/Mar/2015:05:21:28 -0500] "GET /galeria/galeria/jquery.fancybox.js?v=2.1.5 HTTP/1.1" 200 48706
190.52.138.184 - - [29/Mar/2015:05:21:28 -0500] "GET /galeria/galeria/jquery.fancybox.css?v=2.1.5 HTTP/1.1" 200 4895
66.249.67.68 - - [29/Mar/2015:05:21:59 -0500] "GET /BLA/resoluciones/RESOLUCIONES%202007/RES%202007%203801%20AL%203900/RESOLUCION%203893%20DE%202007.pdf HTTP/1.1" 200 291097
74.86.158.107 - - [29/Mar/2015:05:22:06 -0500] "HEAD / HTTP/1.1" 302 -
188.165.15.198 - - [29/Mar/2015:05:22:22 -0500] "GET /BLA/resoluciones/RESOLUCIONES%202004/RES%202004%20851-900/00000879.tif HTTP/1.1" 200 93566
66.249.67.76 - - [29/Mar/2015:05:22:25 -0500] "GET /galeria/carrusel/Carrusel/jquery.thumbnailScroller.css HTTP/1.1" 200 2066
188.165.15.198 - - [29/Mar/2015:05:22:38 -0500] "GET /BLA/resoluciones/RESOLUCIONES%202006/RES%202006%201051-1100/00001057.tif HTTP/1.1" 200 161818
188.165.15.198 - - [29/Mar/2015:05:22:45 -0500] "GET /BLA/resoluciones/RESOLUCIONES%202004/RES%202004%201601-1650/00001625.tif HTTP/1.1" 200 212592
188.165.15.198 - - [29/Mar/2015:05:23:08 -0500] "GET /BLA/resoluciones/RESOLUCIONES%202005/RES%202005%20701-750/00000743.tif HTTP/1.1" 200 154268
188.165.15.198 - - [29/Mar/2015:05:23:18 -0500] "GET /BLA/resoluciones/index.php?dir=RESOLUCIONES%202002/RES%202002%20901-950/&sort=date&order=asc HTTP/1.1" 200 12227
188.165.15.198 - - [29/Mar/2015:05:23:43 -0500] "GET /BLA/resoluciones/RESOLUCIONES%202005/RES%202005%20251-300/00000284.tif HTTP/1.1" 200 114790
66.249.67.84 - - [29/Mar/2015:05:24:03 -0500] "GET /BLA/resoluciones/RESOLUCIONES%202011/4566.pdf HTTP/1.1" 200 640310
190.52.138.184 - - [29/Mar/2015:05:24:12 -0500] "GET /galeria/galeria/jquery.fancybox.js?v=2.1.5 HTTP/1.1" 304 -
190.52.138.184 - - [29/Mar/2015:05:24:12 -0500] "GET /galeria/galeria/jquery.fancybox.css?v=2.1.5 HTTP/1.1" 304 -
186.154.25.155 - - [29/Mar/2015:05:19:00 -0500] "GET /ForestMSG_SDA/channelAsync/template_word_17341724?X-Atmosphere-tracking-id=4c48a1f3-1d66-b262-7a32-5e8fdd1076e3&X-Atmosphere-Framework=1.0.5&X-Atmosphere-Transport=long-polling&tabid=0.6107235250528902&X-Cache-Date=0&Content-Type=application/xml&_=1427624501458 HTTP/1.1" 200 8193
188.165.15.198 - - [29/Mar/2015:05:25:19 -0500] "GET /BLA/resoluciones/AUTOS%202006/AUTOS%202006%20801-900/00000846.tif HTTP/1.1" 200 42126
188.165.15.198 - - [29/Mar/2015:05:26:04 -0500] "GET /BLA/resoluciones/index.php?dir=RESOLUCIONES%202003/RES%202003%202151-2189/&sort=name&order=desc HTTP/1.1" 200 9914
66.249.67.76 - - [29/Mar/2015:05:26:08 -0500] "GET /BLA/resoluciones/RESOLUCIONES%202007/RES%202007%20701%20AL%20800/RESOLUCION%200792%20DE%202007.pdf HTTP/1.1" 304 -
188.165.15.198 - - [29/Mar/2015:05:26:58 -0500] "GET /BLA/resoluciones/RESOLUCIONES%202002/RES%202002%20751-800/2002RES780.tif HTTP/1.1" 200 84268
66.249.67.104 - - [29/Mar/2015:05:27:01 -0500] "GET /dama/libreria/pdf/pies_doc.pdf HTTP/1.1" 404 1019
74.86.158.107 - - [29/Mar/2015:05:27:06 -0500] "HEAD / HTTP/1.1" 302 -
188.165.15.198 - - [29/Mar/2015:05:27:32 -0500] "GET /BLA/resoluciones/index.php?dir=RESOLUCIONES+2005%2FRES+2005+2551-2600%2F HTTP/1.1" 200 12367
107.182.19.66 - - [29/Mar/2015:05:28:06 -0500] "GET /BLA/resoluciones/RESOLUCIONES%25202011/1830.pdf HTTP/1.0" 404 1018
180.76.6.44 - - [29/Mar/2015:05:28:07 -0500] "GET /BLA/resoluciones/RESOLUCIONES%202011/1053.pdf HTTP/1.1" 200 78397
188.165.15.198 - - [29/Mar/2015:05:28:09 -0500] "GET /BLA/resoluciones/RESOLUCIONES%202003/RES%202003%201201-1250/2003RES1214.tif HTTP/1.1" 200 196440
66.249.67.68 - - [29/Mar/2015:05:28:12 -0500] "GET /BLA/resoluciones/AUTOS%202011/1547.pdf HTTP/1.1" 200 152015
207.46.13.5 - - [29/Mar/2015:05:28:13 -0500] "GET /php/reqintranet.php HTTP/1.1" 404 1018
188.165.15.198 - - [29/Mar/2015:05:28:39 -0500] "GET /BLA/resoluciones/RESOLUCIONES%202004/RES%202004%202201-2250/00002231.tif HTTP/1.1" 200 88240
188.165.15.198 - - [29/Mar/2015:05:28:53 -0500] "GET /BLA/resoluciones/RESOLUCIONES%202004/RES%202004%201201-1250/00001231.tif HTTP/1.1" 200 91088
186.113.10.143 - - [29/Mar/2015:05:29:05 -0500] "GET /galeria/nivo-slider/demo/images/Banner-Ecourbanismo.jpg HTTP/1.1" 304 -
188.165.15.198 - - [29/Mar/2015:05:29:13 -0500] "GET /BLA/resoluciones/RESOLUCIONES%202004/RES%202004%20751-800/00000796.tif HTTP/1.1" 200 178640
188.165.15.198 - - [29/Mar/2015:05:29:21 -0500] "GET /BLA/resoluciones/RESOLUCIONES%202006/RES%202006%202051-2100/00002095.tif HTTP/1.1" 200 159142
66.249.67.68 - - [29/Mar/2015:05:29:52 -0500] "GET /BLA/resoluciones/AUTOS%202010/1389.pdf HTTP/1.1" 200 255177
186.154.25.155 - - [29/Mar/2015:05:25:00 -0500] "GET /ForestMSG_SDA/channelAsync/template_word_17341724?X-Atmosphere-tracking-id=4c48a1f3-1d66-b262-7a32-5e8fdd1076e3&X-Atmosphere-Framework=1.0.5&X-Atmosphere-Transport=long-polling&tabid=0.6107235250528902&X-Cache-Date=0&Content-Type=application/xml&_=1427624861528 HTTP/1.1" 200 8193
188.165.15.198 - - [29/Mar/2015:05:31:15 -0500] "GET /BLA/resoluciones/RESOLUCIONES%202005/RES%202005%20201-250/00000220.tif HTTP/1.1" 200 752188
66.249.67.76 - - [29/Mar/2015:05:31:43 -0500] "GET /BLA/resoluciones/AUTOS%202014/2076.pdf HTTP/1.1" 200 737095
74.86.158.107 - - [29/Mar/2015:05:32:06 -0500] "HEAD / HTTP/1.1" 302 -
199.195.118.53 - - [29/Mar/2015:05:32:15 -0500] "GET / HTTP/1.1" 302 -
188.165.15.198 - - [29/Mar/2015:05:32:16 -0500] "GET /BLA/resoluciones/RESOLUCIONES%202002/RES%202002%20651-700/00000676.tif HTTP/1.1" 200 93970
188.165.15.198 - - [29/Mar/2015:05:33:21 -0500] "GET /BLA/resoluciones/RESOLUCIONES%202006/RES%202006%201051-1100/00001054.tif HTTP/1.1" 200 160444
66.249.67.84 - - [29/Mar/2015:05:33:35 -0500] "GET /BLA/resoluciones/AUTOS%202012/1585.pdf HTTP/1.1" 304 -
66.249.67.76 - - [29/Mar/2015:05:34:19 -0500] "GET /BLA/resoluciones/RESOLUCIONES%202005/RES%202005%201351-1400/00001356.tif HTTP/1.1" 200 646364
62.210.189.96 - - [29/Mar/2015:05:34:21 -0500] "GET /BLA/boletinlegal/js/jquery.scrollTo-min.js HTTP/1.1" 200 1150
62.210.189.96 - - [29/Mar/2015:05:34:21 -0500] "GET /BLA/boletinlegal/js/jquery.scrollShow.js HTTP/1.1" 200 4586
62.210.189.96 - - [29/Mar/2015:05:34:21 -0500] "GET /galeria/carrusel/Carrusel/jquery-ui-1.8.13.custom.min.js HTTP/1.1" 200 10800
62.210.189.96 - - [29/Mar/2015:05:34:21 -0500] "GET /galeria/galeria/jquery.fancybox.js?v=2.1.5 HTTP/1.1" 200 48706
62.210.189.96 - - [29/Mar/2015:05:34:21 -0500] "GET /galeria/carrusel/Carrusel/jquery.thumbnailScroller.js HTTP/1.1" 200 8157
62.210.189.96 - - [29/Mar/2015:05:34:22 -0500] "GET /galeria/nivo-slider/demo/demo.html HTTP/1.1" 200 4356
62.210.189.96 - - [29/Mar/2015:05:34:22 -0500] "GET /galeria/nivo-slider/demo/scripts/jquery-1.7.1.min.js HTTP/1.1" 200 93868
62.210.189.96 - - [29/Mar/2015:05:34:22 -0500] "GET /galeria/nivo-slider/jquery.nivo.slider.pack.js HTTP/1.1" 200 11561
188.165.15.198 - - [29/Mar/2015:05:34:29 -0500] "GET /BLA/resoluciones/RESOLUCIONES%202002/RES%202002%201051-1100/00001051.tif HTTP/1.1" 200 32260
188.165.15.198 - - [29/Mar/2015:05:34:57 -0500] "GET /BLA/resoluciones/RESOLUCIONES%202003/RES%202003%20501-550/520.tif HTTP/1.1" 200 154944
66.249.67.84 - - [29/Mar/2015:05:35:27 -0500] "GET /BLA/resoluciones/RESOLUCIONES%202010/2823.pdf HTTP/1.1" 304 -
188.165.15.198 - - [29/Mar/2015:05:35:36 -0500] "GET /BLA/resoluciones/RESOLUCIONES%202002/RES%202002%201851-1900/20021898.tif HTTP/1.1" 200 79264
186.154.25.155 - - [29/Mar/2015:05:31:00 -0500] "GET /ForestMSG_SDA/channelAsync/template_word_17341724?X-Atmosphere-tracking-id=4c48a1f3-1d66-b262-7a32-5e8fdd1076e3&X-Atmosphere-Framework=1.0.5&X-Atmosphere-Transport=long-polling&tabid=0.6107235250528902&X-Cache-Date=0&Content-Type=application/xml&_=1427625221605 HTTP/1.1" 200 8193
74.86.158.107 - - [29/Mar/2015:05:37:06 -0500] "HEAD / HTTP/1.1" 302 -
66.249.67.68 - - [29/Mar/2015:05:37:19 -0500] "GET /Anexos%20estudio%20Organizacional%20SDA/index.php?dir=ANEXO%20No.%208%20-%20MATRICES%20DE%20REGISTRO%20Y%20DE%20SALIDA%20MEDICI%D3N%20CARGAS%20LABORALES%20SDA/1.1%20Oficina%20de%20Control%20Int/&sort=date&order=asc HTTP/1.1" 200 2939
188.165.15.198 - - [29/Mar/2015:05:38:52 -0500] "GET /BLA/resoluciones/RESOLUCIONES%202003/RES%202003%20551-600/592.tif HTTP/1.1" 200 148316
188.165.15.198 - - [29/Mar/2015:05:39:07 -0500] "GET /BLA/resoluciones/RESOLUCIONES%202005/RES%202005%201251-1300/00001294.tif HTTP/1.1" 200 137882
66.249.67.84 - - [29/Mar/2015:05:39:11 -0500] "GET /BLA/resoluciones/RESOLUCIONES%202010/5359.pdf HTTP/1.1" 304 -
188.165.15.198 - - [29/Mar/2015:05:39:24 -0500] "GET /BLA/resoluciones/RESOLUCIONES%202005/RES%202005%202551-2600/00002600.tif HTTP/1.1" 200 285232
188.165.15.198 - - [29/Mar/2015:05:39:44 -0500] "GET /BLA/resoluciones/index.php?dir=AUTOS+2012%2F HTTP/1.1" 200 251527
66.249.67.68 - - [29/Mar/2015:05:39:50 -0500] "GET /BLA/resoluciones/AUTOS%202008/2537.pdf HTTP/1.1" 200 94283
188.165.15.198 - - [29/Mar/2015:05:40:17 -0500] "GET /BLA/resoluciones/RESOLUCIONES%202002/RES%202002%201001-1050/2002RES1012.tif HTTP/1.1" 200 113344
190.27.181.29 - - [29/Mar/2015:05:40:36 -0500] "GET /BLA/boletinlegal/js/jquery.scrollTo-min.js HTTP/1.1" 200 1150
190.27.181.29 - - [29/Mar/2015:05:40:36 -0500] "GET /galeria/galeria/jquery.fancybox.css?v=2.1.5 HTTP/1.1" 200 4895
190.27.181.29 - - [29/Mar/2015:05:40:36 -0500] "GET /BLA/boletinlegal/js/jquery.scrollShow.js HTTP/1.1" 200 4586
190.27.181.29 - - [29/Mar/2015:05:40:36 -0500] "GET /galeria/galeria/jquery.fancybox.js?v=2.1.5 HTTP/1.1" 200 48706
190.27.181.29 - - [29/Mar/2015:05:40:38 -0500] "GET /BLA/boletinlegal/js/jquery.scrollTo-min.js HTTP/1.1" 304 -
190.27.181.29 - - [29/Mar/2015:05:40:38 -0500] "GET /BLA/boletinlegal/js/jquery.scrollShow.js HTTP/1.1" 304 -
190.27.181.29 - - [29/Mar/2015:05:40:38 -0500] "GET /galeria/galeria/jquery.fancybox.js?v=2.1.5 HTTP/1.1" 304 -
190.27.181.29 - - [29/Mar/2015:05:40:38 -0500] "GET /galeria/galeria/jquery.fancybox.css?v=2.1.5 HTTP/1.1" 304 -
66.249.67.84 - - [29/Mar/2015:05:41:03 -0500] "GET /BLA/resoluciones/Notificaciones/AUTOS%202014/6589.doc HTTP/1.1" 200 156160
188.165.15.198 - - [29/Mar/2015:05:41:34 -0500] "GET /BLA/resoluciones/RESOLUCIONES%202004/RES%202004%201851-1900/00001882.tif HTTP/1.1" 200 147802
188.165.15.198 - - [29/Mar/2015:05:41:37 -0500] "GET /BLA/resoluciones/AUTOS%202006/AUTOS%202006%20401-500/00000459.tif HTTP/1.1" 200 38924
74.86.158.107 - - [29/Mar/2015:05:42:06 -0500] "HEAD / HTTP/1.1" 302 -
180.76.4.54 - - [29/Mar/2015:05:42:39 -0500] "GET / HTTP/1.1" 302 -
66.249.67.84 - - [29/Mar/2015:05:42:55 -0500] "GET /BLA/resoluciones/RESOLUCIONES%202008/2806.pdf HTTP/1.1" 304 -
186.154.25.155 - - [29/Mar/2015:05:37:00 -0500] "GET /ForestMSG_SDA/channelAsync/template_word_17341724?X-Atmosphere-tracking-id=4c48a1f3-1d66-b262-7a32-5e8fdd1076e3&X-Atmosphere-Framework=1.0.5&X-Atmosphere-Transport=long-polling&tabid=0.6107235250528902&X-Cache-Date=0&Content-Type=application/xml&_=1427625581675 HTTP/1.1" 200 8193
188.165.15.198 - - [29/Mar/2015:05:43:20 -0500] "GET /BLA/resoluciones/index.php?dir=RESOLUCIONES%202005/RES%202005%20551-600/&sort=name&order=desc HTTP/1.1" 200 12248
188.165.15.198 - - [29/Mar/2015:05:43:47 -0500] "GET /BLA/resoluciones/RESOLUCIONES%202005/RES%202005%202301-2350/00002337.tif HTTP/1.1" 200 337146
188.165.15.198 - - [29/Mar/2015:05:44:10 -0500] "GET /BLA/resoluciones/RESOLUCIONES%202005/RES%202005%203151-3180/00003174.tif HTTP/1.1" 200 114716
188.165.15.198 - - [29/Mar/2015:05:44:19 -0500] "GET /BLA/resoluciones/RESOLUCIONES%202003/RES%202003%201351-1400/20031377.tif HTTP/1.1" 200 160702
66.249.67.68 - - [29/Mar/2015:05:44:47 -0500] "GET /BLA/resoluciones/RESOLUCIONES%202009/6619.pdf HTTP/1.1" 200 524269
180.76.6.46 - - [29/Mar/2015:05:45:11 -0500] "GET /BLA/resoluciones/RESOLUCIONES%202007/RES%202007%201%20AL%20100/RESOLUCION%200066%20DE%202007.pdf HTTP/1.1" 200 946700
114.198.219.127 - - [29/Mar/2015:05:45:25 -0500] "GET /galeria/nivo-slider/demo/demo.html HTTP/1.1" 304 -
114.198.219.127 - - [29/Mar/2015:05:45:26 -0500] "GET /galeria/nivo-slider/demo/images/Banner-semana-santa.jpg HTTP/1.1" 304 -
114.198.219.127 - - [29/Mar/2015:05:45:26 -0500] "GET /galeria/nivo-slider/demo/images/Convocatoria_recicladores.jpg HTTP/1.1" 304 -
114.198.219.127 - - [29/Mar/2015:05:45:26 -0500] "GET /galeria/nivo-slider/demo/images/secretaria-de-ambiente.jpg HTTP/1.1" 304 -
114.198.219.127 - - [29/Mar/2015:05:45:27 -0500] "GET /galeria/nivo-slider/demo/images/Licitaciones-proyecto-paramo.jpg HTTP/1.1" 304 -
114.198.219.127 - - [29/Mar/2015:05:45:28 -0500] "GET /videos/Humedal_Comunidad.flv HTTP/1.1" 200 81021584
66.249.67.68 - - [29/Mar/2015:05:46:13 -0500] "GET /BLA/resoluciones/RESOLUCIONES%202011/5135.pdf HTTP/1.1" 200 778378
66.249.67.68 - - [29/Mar/2015:05:46:39 -0500] "GET /BLA/resoluciones/RESOLUCIONES%202009/6768.pdf HTTP/1.1" 200 668946
74.86.158.107 - - [29/Mar/2015:05:47:06 -0500] "HEAD / HTTP/1.1" 302 -
188.165.15.198 - - [29/Mar/2015:05:47:57 -0500] "GET /BLA/resoluciones/RESOLUCIONES%202002/RES%202002%201851-1900/20021876.tif HTTP/1.1" 200 141154
66.249.67.68 - - [29/Mar/2015:05:48:31 -0500] "GET /BLA/resoluciones/RESOLUCIONES%202010/3230.pdf HTTP/1.1" 304 -
186.154.25.155 - - [29/Mar/2015:05:43:01 -0500] "GET /ForestMSG_SDA/channelAsync/template_word_17341724?X-Atmosphere-tracking-id=4c48a1f3-1d66-b262-7a32-5e8fdd1076e3&X-Atmosphere-Framework=1.0.5&X-Atmosphere-Transport=long-polling&tabid=0.6107235250528902&X-Cache-Date=0&Content-Type=application/xml&_=1427625941748 HTTP/1.1" 200 8193
188.165.15.198 - - [29/Mar/2015:05:49:16 -0500] "GET /BLA/resoluciones/RESOLUCIONES%202005/RES%202005%202501-2550/00002535.tif HTTP/1.1" 200 147222
188.165.15.198 - - [29/Mar/2015:05:49:26 -0500] "GET /BLA/resoluciones/RESOLUCIONES%202006/RES%202006%201951-2000/00001957.tif HTTP/1.1" 200 259400
66.249.67.104 - - [29/Mar/2015:05:49:44 -0500] "GET /galeria/galeria/fotos/Humedal-Santa-Mar%C3%ADa-del-Lago1G.jpg HTTP/1.1" 200 290867
66.249.67.84 - - [29/Mar/2015:05:50:23 -0500] "GET /BLA/resoluciones/RESOLUCIONES%202007/RES%202007%204101%20AL%204200/RESOLUCION%204179%20DE%202007.pdf HTTP/1.1" 304 -
188.165.15.198 - - [29/Mar/2015:05:51:36 -0500] "GET /BLA/resoluciones/RESOLUCIONES%202006/RES%202006%20251-300/00000275.tif HTTP/1.1" 200 221998
188.165.15.198 - - [29/Mar/2015:05:51:55 -0500] "GET /BLA/resoluciones/RESOLUCIONES%202005/RES%202005%201551-1600/00001566.tif HTTP/1.1" 200 322700
188.165.15.198 - - [29/Mar/2015:05:51:55 -0500] "GET /BLA/resoluciones/RESOLUCIONES%202004/RES%202004%201201-1250/00001210.tif HTTP/1.1" 200 184356
74.86.158.107 - - [29/Mar/2015:05:52:06 -0500] "HEAD / HTTP/1.1" 302 -
66.249.67.104 - - [29/Mar/2015:05:52:15 -0500] "GET /BLA/boletinlegal/jurisprudencia/analisis/analisis%20sentencia%20C-596-10.doc HTTP/1.1" 200 36352
188.165.15.198 - - [29/Mar/2015:05:52:27 -0500] "GET /BLA/resoluciones/RESOLUCIONES%202003/RES%202003%20051-100/2003RES90.tif HTTP/1.1" 200 265828
188.165.15.198 - - [29/Mar/2015:05:52:32 -0500] "GET /BLA/resoluciones/RESOLUCIONES%202002/RES%202002%201901-1950/20021948.tif HTTP/1.1" 200 43518
66.249.67.68 - - [29/Mar/2015:05:52:37 -0500] "GET /BLA/resoluciones/AUTOS%202012/1887.pdf HTTP/1.1" 200 1560610
123.125.71.94 - - [29/Mar/2015:05:53:55 -0500] "GET / HTTP/1.1" 302 -
66.249.67.84 - - [29/Mar/2015:05:54:06 -0500] "GET /BLA/resoluciones/RESOLUCIONES%202007/RES%202007%204101%20AL%204200/RESOLUCION%204101%20DE%202007.pdf HTTP/1.1" 304 -
186.154.25.155 - - [29/Mar/2015:05:49:01 -0500] "GET /ForestMSG_SDA/channelAsync/template_word_17341724?X-Atmosphere-tracking-id=4c48a1f3-1d66-b262-7a32-5e8fdd1076e3&X-Atmosphere-Framework=1.0.5&X-Atmosphere-Transport=long-polling&tabid=0.6107235250528902&X-Cache-Date=0&Content-Type=application/xml&_=1427626301852 HTTP/1.1" 200 8193
188.165.15.198 - - [29/Mar/2015:05:55:07 -0500] "GET /BLA/resoluciones/index.php?dir=RESOLUCIONES+2006%2FRES+2006+2351-2400%2F HTTP/1.1" 200 12357
188.165.15.198 - - [29/Mar/2015:05:55:32 -0500] "GET /BLA/resoluciones/RESOLUCIONES%202006/RES%202006%202651-2700/00002688.tif HTTP/1.1" 200 329010
66.249.67.76 - - [29/Mar/2015:05:55:58 -0500] "GET /BLA/resoluciones/AUTOS%202012/0437.pdf HTTP/1.1" 304 -
74.86.158.107 - - [29/Mar/2015:05:57:06 -0500] "HEAD / HTTP/1.1" 302 -
188.165.15.198 - - [29/Mar/2015:05:57:08 -0500] "GET /BLA/resoluciones/RESOLUCIONES%202006/RES%202006%201701-1751/00001706.tif HTTP/1.1" 200 133252
66.249.67.76 - - [29/Mar/2015:05:57:50 -0500] "GET /BLA/resoluciones/RESOLUCIONES%202008/1847.pdf HTTP/1.1" 304 -
188.165.15.198 - - [29/Mar/2015:05:58:52 -0500] "GET /BLA/resoluciones/RESOLUCIONES%202004/RES%202004%201501-1550/00001515.tif HTTP/1.1" 200 216284
66.249.67.68 - - [29/Mar/2015:05:59:03 -0500] "GET /BLA/resoluciones/RESOLUCIONES%202012/1878.pdf HTTP/1.1" 200 420221
220.181.108.149 - - [29/Mar/2015:05:59:06 -0500] "GET / HTTP/1.1" 302 -
180.76.5.154 - - [29/Mar/2015:05:59:26 -0500] "GET /BLA/resoluciones/RESOLUCIONES%202011/4482.pdf HTTP/1.1" 200 326321
188.165.15.198 - - [29/Mar/2015:05:59:37 -0500] "GET /BLA/resoluciones/RESOLUCIONES%202004/RES%202004%202351-2401/00002378.tif HTTP/1.1" 200 137374
66.249.67.76 - - [29/Mar/2015:05:59:42 -0500] "GET /BLA/resoluciones/RESOLUCIONES%202011/6416.pdf HTTP/1.1" 200 3596143
186.154.25.155 - - [29/Mar/2015:05:55:01 -0500] "GET /ForestMSG_SDA/channelAsync/template_word_17341724?X-Atmosphere-tracking-id=4c48a1f3-1d66-b262-7a32-5e8fdd1076e3&X-Atmosphere-Framework=1.0.5&X-Atmosphere-Transport=long-polling&tabid=0.6107235250528902&X-Cache-Date=0&Content-Type=application/xml&_=1427626661924 HTTP/1.1" 200 8193
188.165.15.198 - - [29/Mar/2015:06:01:15 -0500] "GET /BLA/resoluciones/RESOLUCIONES%202006/RES%202006%202751-2800/00002798.tif HTTP/1.1" 200 178326
188.165.15.198 - - [29/Mar/2015:06:01:19 -0500] "GET /BLA/resoluciones/RESOLUCIONES%202002/RES%202002%20251-300/00000286.tif HTTP/1.1" 200 127228
66.249.67.76 - - [29/Mar/2015:06:01:34 -0500] "GET /BLA/resoluciones/RESOLUCIONES%202009/3836.pdf HTTP/1.1" 200 391224
88.198.233.69 - - [29/Mar/2015:06:01:37 -0500] "GET / HTTP/1.1" 302 -
74.86.158.107 - - [29/Mar/2015:06:02:06 -0500] "HEAD / HTTP/1.1" 302 -
188.165.15.198 - - [29/Mar/2015:06:02:19 -0500] "GET /BLA/resoluciones/RESOLUCIONES%202002/RES%202002%20301-350/00000338.tif HTTP/1.1" 200 84466
66.249.67.76 - - [29/Mar/2015:06:03:06 -0500] "GET /BLA/resoluciones/RESOLUCIONES%202005/RES%202005%202401-2450/00002428.tif HTTP/1.1" 200 553270
66.249.67.68 - - [29/Mar/2015:06:03:26 -0500] "GET /BLA/resoluciones/RESOLUCIONES%202009/4523.pdf HTTP/1.1" 304 -
188.165.15.198 - - [29/Mar/2015:06:04:10 -0500] "GET /BLA/resoluciones/RESOLUCIONES%202004/RES%202004%20251-300/00000278.tif HTTP/1.1" 200 93192
188.165.15.198 - - [29/Mar/2015:06:04:29 -0500] "GET /BLA/resoluciones/RESOLUCIONES%202005/RES%202005%20651-700/00000692.tif HTTP/1.1" 200 85440
188.165.15.198 - - [29/Mar/2015:06:04:43 -0500] "GET /BLA/resoluciones/RESOLUCIONES%202002/RES%202002%20301-350/00000303.tif HTTP/1.1" 200 38408
66.249.67.100 - - [29/Mar/2015:06:05:18 -0500] "GET /BLA/resoluciones/RESOLUCIONES%202009/4835.pdf HTTP/1.1" 200 414597
188.165.15.198 - - [29/Mar/2015:06:05:20 -0500] "GET /BLA/resoluciones/index.php?dir=RESOLUCIONES%202004/RES%202004%20851-900/&sort=size&order=desc HTTP/1.1" 200 12039
66.249.67.136 - - [29/Mar/2015:06:05:26 -0500] "GET /POT-2013/Cartografia/16_Sistema%20de%20Movilidad_Subsistema%20de%20Transporte_SITP_FEB.pdf HTTP/1.1" 200 6510656
152.61.128.66 - - [29/Mar/2015:06:06:17 -0500] "HEAD / HTTP/1.1" 302 -
152.61.128.66 - - [29/Mar/2015:06:06:17 -0500] "GET /arcgis/services/Calidad_del_Agua_WQI/MapServer/WMSServer?SERVICE=WMS&REQUEST=GetCapabilities HTTP/1.1" 200 32135
152.61.128.66 - - [29/Mar/2015:06:06:18 -0500] "GET /arcgis/services/Calidad_del_Agua_WQI/MapServer/WMSServer?SERVICE=WMS&REQUEST=GetCapabilities HTTP/1.0" 200 32135
188.165.15.198 - - [29/Mar/2015:06:06:19 -0500] "GET /BLA/resoluciones/RESOLUCIONES%202004/RES%202004%201351-1400/00001396.tif HTTP/1.1" 200 195100
152.61.128.66 - - [29/Mar/2015:06:06:19 -0500] "GET /arcgis/services/Calidad_del_Agua_WQI/MapServer/WMSServer?SERVICE=WMS&REQUEST=GetCapabilities HTTP/1.0" 200 32135
152.61.128.66 - - [29/Mar/2015:06:06:20 -0500] "GET /arcgis/services/Calidad_del_Agua_WQI/MapServer/WMSServer?SERVICE=WMS&REQUEST=GetCapabilities HTTP/1.0" 200 32135
152.61.128.66 - - [29/Mar/2015:06:06:21 -0500] "GET /arcgis/services/Calidad_del_Agua_WQI/MapServer/WMSServer?VERSION=1.1.1&REQUEST=GetMap&LAYERS=0&SRS=EPSG:4326&BBOX=-74.473395,3.674381,-73.963300,4.920569&WIDTH=250&HEIGHT=250&FORMAT=image/bmp&STYLES=& HTTP/1.1" 200 188054
186.154.25.155 - - [29/Mar/2015:06:01:01 -0500] "GET /ForestMSG_SDA/channelAsync/template_word_17341724?X-Atmosphere-tracking-id=4c48a1f3-1d66-b262-7a32-5e8fdd1076e3&X-Atmosphere-Framework=1.0.5&X-Atmosphere-Transport=long-polling&tabid=0.6107235250528902&X-Cache-Date=0&Content-Type=application/xml&_=1427627021995 HTTP/1.1" 200 8193
74.86.158.107 - - [29/Mar/2015:06:07:06 -0500] "HEAD / HTTP/1.1" 302 -
66.249.67.68 - - [29/Mar/2015:06:07:10 -0500] "GET /BLA/resoluciones/RESOLUCIONES%202010/2773.pdf HTTP/1.1" 304 -
188.165.15.198 - - [29/Mar/2015:06:07:10 -0500] "GET /BLA/resoluciones/RESOLUCIONES%202003/RES%202003%20051-100/2003RES62.tif HTTP/1.1" 200 87668
180.76.5.17 - - [29/Mar/2015:06:07:24 -0500] "GET /BLA/resoluciones/RESOLUCIONES%202011/0864.pdf HTTP/1.1" 200 264657
188.165.15.198 - - [29/Mar/2015:06:08:23 -0500] "GET /BLA/resoluciones/RESOLUCIONES%202003/RES%202003%201001-1050/1021.tif HTTP/1.1" 200 74920
66.249.67.76 - - [29/Mar/2015:06:09:02 -0500] "GET /BLA/resoluciones/AUTOS%202012/0469.pdf HTTP/1.1" 200 174095
200.26.155.142 - - [29/Mar/2015:06:09:05 -0500] "GET /galeria/nivo-slider/demo/images/bolsas-08.jpg HTTP/1.1" 304 -
188.165.15.198 - - [29/Mar/2015:06:09:20 -0500] "GET /BLA/resoluciones/RESOLUCIONES%202005/RES%202005%202201-2250/00002242.tif HTTP/1.1" 200 97794
66.249.67.76 - - [29/Mar/2015:06:09:55 -0500] "GET /BLA/resoluciones/RESOLUCIONES%202009/2960.pdf HTTP/1.1" 200 511489
188.165.15.198 - - [29/Mar/2015:06:10:28 -0500] "GET /BLA/resoluciones/RESOLUCIONES%202005/RES%202005%202751-2800/00002784.tif HTTP/1.1" 200 50468
66.249.67.76 - - [29/Mar/2015:06:10:54 -0500] "GET /BLA/resoluciones/RESOLUCIONES%202013/0311.pdf HTTP/1.1" 200 2306597
152.61.128.66 - - [29/Mar/2015:06:11:01 -0500] "HEAD / HTTP/1.1" 302 -
152.61.128.66 - - [29/Mar/2015:06:11:01 -0500] "GET /arcgis/services/Calidad_del_Agua_WQI/MapServer/WMSServer?request=GetCapabilities&service=WMS HTTP/1.1" 200 32135
152.61.128.66 - - [29/Mar/2015:06:11:02 -0500] "GET /arcgis/services/Calidad_del_Agua_WQI/MapServer/WMSServer?request=GetCapabilities&service=WMS HTTP/1.0" 200 32135
152.61.128.66 - - [29/Mar/2015:06:11:03 -0500] "GET /arcgis/services/Calidad_del_Agua_WQI/MapServer/WMSServer?request=GetCapabilities&service=WMS HTTP/1.0" 200 32135
152.61.128.66 - - [29/Mar/2015:06:11:04 -0500] "GET /arcgis/services/Calidad_del_Agua_WQI/MapServer/WMSServer?request=GetCapabilities&service=WMS HTTP/1.0" 200 32135
152.61.128.66 - - [29/Mar/2015:06:11:05 -0500] "GET /arcgis/services/Calidad_del_Agua_WQI/MapServer/WMSServer?VERSION=1.1.1&REQUEST=GetMap&LAYERS=0&SRS=EPSG:4326&BBOX=-74.473395,3.674381,-73.963300,4.920569&WIDTH=250&HEIGHT=250&FORMAT=image/bmp&STYLES=& HTTP/1.1" 200 188054
201.234.75.11 - - [29/Mar/2015:06:11:13 -0500] "GET /galeria/nivo-slider/demo/images/JornadaAdopcion.jpg HTTP/1.1" 304 -
188.165.15.198 - - [29/Mar/2015:06:11:23 -0500] "GET /BLA/resoluciones/RESOLUCIONES%202003/RES%202003%20501-550/535.tif HTTP/1.1" 200 148208
188.165.15.198 - - [29/Mar/2015:06:11:50 -0500] "GET /BLA/resoluciones/RESOLUCIONES%202005/RES%202005%201251-1300/00001287.tif HTTP/1.1" 200 165354
66.249.67.76 - - [29/Mar/2015:06:11:51 -0500] "GET /BLA/resoluciones/AUTOS%202014/5688.pdf HTTP/1.1" 304 -
188.165.15.198 - - [29/Mar/2015:06:12:00 -0500] "GET /BLA/resoluciones/RESOLUCIONES%202003/RES%202003%20401-450/407.tif HTTP/1.1" 200 132304
74.86.158.107 - - [29/Mar/2015:06:12:06 -0500] "HEAD / HTTP/1.1" 302 -
180.76.6.53 - - [29/Mar/2015:06:12:13 -0500] "GET /robots.txt HTTP/1.1" 404 1018
188.165.15.198 - - [29/Mar/2015:06:12:14 -0500] "GET /BLA/resoluciones/RESOLUCIONES%202006/RES%202006%201401-1450/00001410.tif HTTP/1.1" 200 175852
66.249.67.76 - - [29/Mar/2015:06:12:46 -0500] "GET /autoliquidacion/TR%C3%81MITES%20ACEITES-RESIDUOS-ESTACIONES/REG.%20GENERADOR/126PM04-PR75-F-A3-V2.0%20oficio%20Solicitud%20inscripci%C3%B3n.doc HTTP/1.1" 200 213504
