181.60.160.209 - - [29/Mar/2015:03:23:02 -0500] "GET /forest/json.do?query=usersByDep&coddep=7105 HTTP/1.1" 200 117
181.60.160.209 - - [29/Mar/2015:03:23:02 -0500] "GET /forest/json.do?query=versionListadas HTTP/1.1" 200 15
181.60.160.209 - - [29/Mar/2015:03:23:02 -0500] "GET /forest/json.do?query=usersByDep&coddep=7105 HTTP/1.1" 200 117
181.60.160.209 - - [29/Mar/2015:03:23:02 -0500] "GET /forest/json.do?query=procesIniciales HTTP/1.1" 200 10282
181.60.160.209 - - [29/Mar/2015:03:23:02 -0500] "GET /forest/json.do?query=bpmnIniciales HTTP/1.1" 200 638
181.60.160.209 - - [29/Mar/2015:03:23:05 -0500] "POST /forest/buscar.do? HTTP/1.1" 200 5145
181.60.160.209 - - [29/Mar/2015:03:23:06 -0500] "GET /forest/session.jsp?a=0.22985517070628703 HTTP/1.1" 200 4
181.60.160.209 - - [29/Mar/2015:03:23:21 -0500] "GET /forest/buscar.do?type=procesos HTTP/1.1" 200 84915
181.60.160.209 - - [29/Mar/2015:03:23:22 -0500] "GET /forest/json.do?query=usersByDep&coddep=7105 HTTP/1.1" 200 117
181.60.160.209 - - [29/Mar/2015:03:23:22 -0500] "GET /forest/json.do?query=usersByDep&coddep=7105 HTTP/1.1" 200 117
181.60.160.209 - - [29/Mar/2015:03:23:22 -0500] "GET /forest/json.do?query=versionListadas HTTP/1.1" 200 15
181.60.160.209 - - [29/Mar/2015:03:23:22 -0500] "GET /forest/json.do?query=procesIniciales HTTP/1.1" 200 10282
181.60.160.209 - - [29/Mar/2015:03:23:22 -0500] "GET /forest/json.do?query=bpmnIniciales HTTP/1.1" 200 638
181.60.160.209 - - [29/Mar/2015:03:23:25 -0500] "POST /forest/buscar.do? HTTP/1.1" 200 5160
181.60.160.209 - - [29/Mar/2015:03:23:35 -0500] "GET /forest/buscar.do?type=procesos HTTP/1.1" 200 84915
181.60.160.209 - - [29/Mar/2015:03:23:35 -0500] "GET /forest/json.do?query=usersByDep&coddep=7105 HTTP/1.1" 200 117
181.60.160.209 - - [29/Mar/2015:03:23:35 -0500] "GET /forest/json.do?query=usersByDep&coddep=7105 HTTP/1.1" 200 117
181.60.160.209 - - [29/Mar/2015:03:23:35 -0500] "GET /forest/json.do?query=versionListadas HTTP/1.1" 200 15
181.60.160.209 - - [29/Mar/2015:03:23:36 -0500] "GET /forest/json.do?query=procesIniciales HTTP/1.1" 200 10282
181.60.160.209 - - [29/Mar/2015:03:23:36 -0500] "GET /forest/json.do?query=bpmnIniciales HTTP/1.1" 200 638
181.60.160.209 - - [29/Mar/2015:03:23:39 -0500] "POST /forest/buscar.do? HTTP/1.1" 200 5165
181.60.160.209 - - [29/Mar/2015:03:23:48 -0500] "GET /forest/buscar.do?type=procesos HTTP/1.1" 200 84915
181.60.160.209 - - [29/Mar/2015:03:23:48 -0500] "GET /forest/json.do?query=usersByDep&coddep=7105 HTTP/1.1" 200 117
181.60.160.209 - - [29/Mar/2015:03:23:48 -0500] "GET /forest/json.do?query=versionListadas HTTP/1.1" 200 15
181.60.160.209 - - [29/Mar/2015:03:23:49 -0500] "GET /forest/json.do?query=usersByDep&coddep=7105 HTTP/1.1" 200 117
181.60.160.209 - - [29/Mar/2015:03:23:49 -0500] "GET /forest/json.do?query=procesIniciales HTTP/1.1" 200 10282
181.60.160.209 - - [29/Mar/2015:03:23:49 -0500] "GET /forest/json.do?query=bpmnIniciales HTTP/1.1" 200 638
181.60.160.209 - - [29/Mar/2015:03:23:52 -0500] "POST /forest/buscar.do? HTTP/1.1" 200 5160
181.60.160.209 - - [29/Mar/2015:03:24:04 -0500] "GET /forest/buscar.do?type=procesos HTTP/1.1" 200 84915
181.60.160.209 - - [29/Mar/2015:03:24:05 -0500] "GET /forest/json.do?query=usersByDep&coddep=7105 HTTP/1.1" 200 117
181.60.160.209 - - [29/Mar/2015:03:24:05 -0500] "GET /forest/json.do?query=versionListadas HTTP/1.1" 200 15
181.60.160.209 - - [29/Mar/2015:03:24:05 -0500] "GET /forest/json.do?query=usersByDep&coddep=7105 HTTP/1.1" 200 117
181.60.160.209 - - [29/Mar/2015:03:24:05 -0500] "GET /forest/json.do?query=procesIniciales HTTP/1.1" 200 10282
181.60.160.209 - - [29/Mar/2015:03:24:05 -0500] "GET /forest/json.do?query=bpmnIniciales HTTP/1.1" 200 638
181.60.160.209 - - [29/Mar/2015:03:24:08 -0500] "POST /forest/buscar.do? HTTP/1.1" 200 5156
66.249.67.84 - - [29/Mar/2015:03:24:22 -0500] "GET /BLA/resoluciones/RESOLUCIONES%202008/5397.pdf HTTP/1.1" 200 212503
188.165.15.198 - - [29/Mar/2015:03:24:31 -0500] "GET /BLA/resoluciones/RESOLUCIONES%202005/RES%202005%20201-250/00000241.tif HTTP/1.1" 200 125286
181.60.160.209 - - [29/Mar/2015:03:24:34 -0500] "GET /forest/buscar.do?type=procesos HTTP/1.1" 200 84915
181.60.160.209 - - [29/Mar/2015:03:24:35 -0500] "GET /forest/json.do?query=usersByDep&coddep=7105 HTTP/1.1" 200 117
181.60.160.209 - - [29/Mar/2015:03:24:35 -0500] "GET /forest/json.do?query=usersByDep&coddep=7105 HTTP/1.1" 200 117
181.60.160.209 - - [29/Mar/2015:03:24:35 -0500] "GET /forest/json.do?query=versionListadas HTTP/1.1" 200 15
181.60.160.209 - - [29/Mar/2015:03:24:35 -0500] "GET /forest/json.do?query=procesIniciales HTTP/1.1" 200 10282
181.60.160.209 - - [29/Mar/2015:03:24:35 -0500] "GET /forest/json.do?query=bpmnIniciales HTTP/1.1" 200 638
181.60.160.209 - - [29/Mar/2015:03:24:38 -0500] "POST /forest/buscar.do? HTTP/1.1" 200 5856
181.60.160.209 - - [29/Mar/2015:03:24:45 -0500] "GET /forest/skins/gdocs-jar/popup/popup.jsp?width=900&height=600&title=Informaci%F3n%20de%20proceso&uri=/forest/system/process.jsp%3FnumPro%3D2888223&name=undefined&_a=0.19377756351605058&a=0.7609060981776565 HTTP/1.1" 200 1312
181.60.160.209 - - [29/Mar/2015:03:24:45 -0500] "GET /forest/system/process.jsp?numPro=2888223 HTTP/1.1" 200 19834
181.60.160.209 - - [29/Mar/2015:03:24:47 -0500] "GET /forest/skins/gdocs-jar/img/clip.gif HTTP/1.1" 304 -
181.60.160.209 - - [29/Mar/2015:03:24:46 -0500] "GET /forest/system/process.jsp?numPro=2888223 HTTP/1.1" 200 108311
181.60.160.209 - - [29/Mar/2015:03:24:47 -0500] "GET /forest/skins/gdocs-jar/img/eye.gif HTTP/1.1" 304 -
181.60.160.209 - - [29/Mar/2015:03:24:47 -0500] "GET /forest/skins/gdocs-jar/img/icons/pdf.gif HTTP/1.1" 304 -
181.60.160.209 - - [29/Mar/2015:03:24:47 -0500] "GET /forest/skins/gdocs-jar/img/icons/p7z.gif HTTP/1.1" 304 -
181.60.160.209 - - [29/Mar/2015:03:24:47 -0500] "GET /forest/skins/gdocs-jar/img/icons/doc.gif HTTP/1.1" 304 -
181.60.160.209 - - [29/Mar/2015:03:24:56 -0500] "GET /forest/usudocumentos.do?p7z=2040683&a=0.9861004946287721&a=0.5786814540624619 HTTP/1.1" 200 2576
181.60.160.209 - - [29/Mar/2015:03:24:56 -0500] "GET /forest/skins/gdocs-jar/img/contraido.gif HTTP/1.1" 304 -
186.154.25.155 - - [29/Mar/2015:03:18:57 -0500] "GET /ForestMSG_SDA/channelAsync/template_word_17341724?X-Atmosphere-tracking-id=4c48a1f3-1d66-b262-7a32-5e8fdd1076e3&X-Atmosphere-Framework=1.0.5&X-Atmosphere-Transport=long-polling&tabid=0.6107235250528902&X-Cache-Date=0&Content-Type=application/xml&_=1427617297816 HTTP/1.1" 200 8193
181.60.160.209 - - [29/Mar/2015:03:24:58 -0500] "GET /forest/documentos/2040683/2015EE48310.p7z:claro/Acto%20Adminstrativo.docx HTTP/1.1" 200 109207
180.76.5.192 - - [29/Mar/2015:03:25:09 -0500] "GET /BLA/resoluciones/RESOLUCIONES%202007/RES%202007%202201%20AL%202300/RESOLUCION%202239%20DE%202007.pdf HTTP/1.1" 200 472254
66.249.67.84 - - [29/Mar/2015:03:25:47 -0500] "GET /BLA/resoluciones/RESOLUCIONES%202011/4465.pdf HTTP/1.1" 200 551382
66.249.67.76 - - [29/Mar/2015:03:26:01 -0500] "GET /BLA/resoluciones/RESOLUCIONES%202011/6199.pdf HTTP/1.1" 200 333639
181.60.160.209 - - [29/Mar/2015:03:26:02 -0500] "GET /forest/buscar.do?type=procesos HTTP/1.1" 200 84915
181.60.160.209 - - [29/Mar/2015:03:26:03 -0500] "GET /forest/json.do?query=usersByDep&coddep=7105 HTTP/1.1" 200 117
181.60.160.209 - - [29/Mar/2015:03:26:03 -0500] "GET /forest/json.do?query=versionListadas HTTP/1.1" 200 15
181.60.160.209 - - [29/Mar/2015:03:26:03 -0500] "GET /forest/json.do?query=usersByDep&coddep=7105 HTTP/1.1" 200 117
181.60.160.209 - - [29/Mar/2015:03:26:03 -0500] "GET /forest/json.do?query=procesIniciales HTTP/1.1" 200 10282
181.60.160.209 - - [29/Mar/2015:03:26:03 -0500] "GET /forest/json.do?query=bpmnIniciales HTTP/1.1" 200 638
181.60.160.209 - - [29/Mar/2015:03:26:07 -0500] "POST /forest/buscar.do? HTTP/1.1" 200 5171
181.60.160.209 - - [29/Mar/2015:03:26:18 -0500] "GET /forest/buscar.do?type=procesos HTTP/1.1" 200 84915
181.60.160.209 - - [29/Mar/2015:03:26:18 -0500] "GET /forest/json.do?query=usersByDep&coddep=7105 HTTP/1.1" 200 117
181.60.160.209 - - [29/Mar/2015:03:26:18 -0500] "GET /forest/json.do?query=versionListadas HTTP/1.1" 200 15
181.60.160.209 - - [29/Mar/2015:03:26:18 -0500] "GET /forest/json.do?query=usersByDep&coddep=7105 HTTP/1.1" 200 117
181.60.160.209 - - [29/Mar/2015:03:26:18 -0500] "GET /forest/json.do?query=procesIniciales HTTP/1.1" 200 10282
181.60.160.209 - - [29/Mar/2015:03:26:18 -0500] "GET /forest/json.do?query=bpmnIniciales HTTP/1.1" 200 638
181.60.160.209 - - [29/Mar/2015:03:26:22 -0500] "POST /forest/buscar.do? HTTP/1.1" 200 5207
181.60.160.209 - - [29/Mar/2015:03:26:25 -0500] "GET /forest/skins/gdocs-jar/popup/popup.jsp?width=900&height=600&title=Informaci%F3n%20de%20proceso&uri=/forest/system/process.jsp%3FnumPro%3D2972710&name=undefined&_a=0.7692132946103811&a=0.03020971384830773 HTTP/1.1" 200 1312
181.60.160.209 - - [29/Mar/2015:03:26:25 -0500] "GET /forest/system/process.jsp?numPro=2972710 HTTP/1.1" 200 24552
181.60.160.209 - - [29/Mar/2015:03:26:25 -0500] "GET /forest/system/process.jsp?numPro=2972710 HTTP/1.1" 200 78051
186.113.10.143 - - [29/Mar/2015:03:26:29 -0500] "GET /galeria/nivo-slider/demo/images/redes_sociales.jpg HTTP/1.1" 304 -
181.60.160.209 - - [29/Mar/2015:03:26:32 -0500] "GET /forest/usudocumentos.do?p7z=2039078&a=0.6661285988520831&a=0.19583979668095708 HTTP/1.1" 200 2584
181.60.160.209 - - [29/Mar/2015:03:26:34 -0500] "GET /forest/documentos/2039078/2015EE46704.p7z:claro/Requerimiento%20Jur%C3%ADdico%20V.2.docx HTTP/1.1" 200 107798
66.249.67.68 - - [29/Mar/2015:03:26:57 -0500] "GET /BLA/resoluciones/RESOLUCIONES%202010/3142.pdf HTTP/1.1" 200 754433
66.249.67.76 - - [29/Mar/2015:03:26:58 -0500] "GET /BLA/resoluciones/RESOLUCIONES%202011/3700.pdf HTTP/1.1" 200 553232
74.86.158.107 - - [29/Mar/2015:03:27:06 -0500] "HEAD / HTTP/1.1" 302 -
181.60.160.209 - - [29/Mar/2015:03:27:46 -0500] "GET /forest/buscar.do?type=procesos HTTP/1.1" 200 84915
181.60.160.209 - - [29/Mar/2015:03:27:46 -0500] "GET /forest/json.do?query=usersByDep&coddep=7105 HTTP/1.1" 200 117
181.60.160.209 - - [29/Mar/2015:03:27:46 -0500] "GET /forest/json.do?query=versionListadas HTTP/1.1" 200 15
181.60.160.209 - - [29/Mar/2015:03:27:46 -0500] "GET /forest/json.do?query=usersByDep&coddep=7105 HTTP/1.1" 200 117
181.60.160.209 - - [29/Mar/2015:03:27:46 -0500] "GET /forest/json.do?query=procesIniciales HTTP/1.1" 200 10282
181.60.160.209 - - [29/Mar/2015:03:27:46 -0500] "GET /forest/json.do?query=bpmnIniciales HTTP/1.1" 200 638
181.60.160.209 - - [29/Mar/2015:03:27:50 -0500] "POST /forest/buscar.do? HTTP/1.1" 200 5149
66.249.67.76 - - [29/Mar/2015:03:27:52 -0500] "GET /BLA/resoluciones/RESOLUCIONES%202011/3576.pdf HTTP/1.1" 200 557446
181.60.160.209 - - [29/Mar/2015:03:28:06 -0500] "GET /forest/session.jsp?a=0.021588576026260853 HTTP/1.1" 200 4
66.249.67.84 - - [29/Mar/2015:03:28:08 -0500] "GET /BLA/resoluciones/RESOLUCIONES%202011/5138.pdf HTTP/1.1" 200 439641
188.165.15.198 - - [29/Mar/2015:03:29:05 -0500] "GET /BLA/resoluciones/RESOLUCIONES%202005/RES%202005%201851-1900/00001888.tif HTTP/1.1" 200 186760
66.249.67.68 - - [29/Mar/2015:03:29:34 -0500] "GET /BLA/boletinlegal/?/? HTTP/1.1" 200 46941
188.165.15.198 - - [29/Mar/2015:03:30:56 -0500] "GET /BLA/resoluciones/RESOLUCIONES%202003/RES%202003%20301-350/318.tif HTTP/1.1" 200 169988
186.154.25.155 - - [29/Mar/2015:03:24:57 -0500] "GET /ForestMSG_SDA/channelAsync/template_word_17341724?X-Atmosphere-tracking-id=4c48a1f3-1d66-b262-7a32-5e8fdd1076e3&X-Atmosphere-Framework=1.0.5&X-Atmosphere-Transport=long-polling&tabid=0.6107235250528902&X-Cache-Date=0&Content-Type=application/xml&_=1427617657923 HTTP/1.1" 200 8193
199.195.118.53 - - [29/Mar/2015:03:31:33 -0500] "GET / HTTP/1.1" 302 -
66.249.67.84 - - [29/Mar/2015:03:31:47 -0500] "GET /re/Cuento/cuadro22/boton%20cuadro22/ HTTP/1.1" 404 1018
74.86.158.107 - - [29/Mar/2015:03:32:06 -0500] "HEAD / HTTP/1.1" 302 -
66.249.67.84 - - [29/Mar/2015:03:32:10 -0500] "GET /BLA/resoluciones/RESOLUCIONES%202009/2669.pdf HTTP/1.1" 200 588461
66.249.67.84 - - [29/Mar/2015:03:33:05 -0500] "GET /BLA/resoluciones/Autos%202008/0135.pdf HTTP/1.1" 200 186620
181.60.160.209 - - [29/Mar/2015:03:33:07 -0500] "GET /forest/session.jsp?a=0.06786499917507172 HTTP/1.1" 200 4
66.249.67.68 - - [29/Mar/2015:03:33:32 -0500] "GET /BLA/resoluciones/RESOLUCIONES%202011/3777.pdf HTTP/1.1" 200 433037
188.165.15.198 - - [29/Mar/2015:03:33:39 -0500] "GET /BLA/resoluciones/RESOLUCIONES%202002/RES%202002%20651-700/00000696.tif HTTP/1.1" 200 140738
188.165.15.198 - - [29/Mar/2015:03:34:32 -0500] "GET /BLA/resoluciones/RESOLUCIONES%202003/RES%202003%201151-1200/1183.tif HTTP/1.1" 200 176744
180.76.6.158 - - [29/Mar/2015:03:34:36 -0500] "GET /BLA/resoluciones/RESOLUCIONES%202009/7217.pdf HTTP/1.1" 200 767934
66.249.67.104 - - [29/Mar/2015:03:34:49 -0500] "GET /POT-2013/Cartografia/10_EEP_Urbana.pdf HTTP/1.1" 304 -
188.165.15.198 - - [29/Mar/2015:03:34:49 -0500] "GET /BLA/resoluciones/RESOLUCIONES%202004/RES%202004%20251-300/00000277.tif HTTP/1.1" 200 94612
180.76.5.194 - - [29/Mar/2015:03:35:45 -0500] "GET /BLA/resoluciones/RESOLUCIONES%202007/RES%202007%203301%20AL%203400/RESOLUCION%203339%20DE%202007.pdf HTTP/1.1" 200 575691
66.249.67.68 - - [29/Mar/2015:03:36:43 -0500] "GET /BLA/resoluciones/RESOLUCIONES%202011/4329.pdf HTTP/1.1" 200 750454
180.76.5.71 - - [29/Mar/2015:03:36:57 -0500] "GET /BLA/resoluciones/RESOLUCIONES%202008/0463.pdf HTTP/1.1" 200 231428
186.154.25.155 - - [29/Mar/2015:03:30:58 -0500] "GET /ForestMSG_SDA/channelAsync/template_word_17341724?X-Atmosphere-tracking-id=4c48a1f3-1d66-b262-7a32-5e8fdd1076e3&X-Atmosphere-Framework=1.0.5&X-Atmosphere-Transport=long-polling&tabid=0.6107235250528902&X-Cache-Date=0&Content-Type=application/xml&_=1427618018145 HTTP/1.1" 200 8193
66.249.67.84 - - [29/Mar/2015:03:37:00 -0500] "GET /BLA/resoluciones/RESOLUCIONES%202011/2319.pdf HTTP/1.1" 200 269160
188.165.15.198 - - [29/Mar/2015:03:37:04 -0500] "GET /BLA/resoluciones/RESOLUCIONES%202005/RES%202005%201251-1300/00001297.tif HTTP/1.1" 200 151384
74.86.158.107 - - [29/Mar/2015:03:37:06 -0500] "HEAD / HTTP/1.1" 302 -
66.249.67.68 - - [29/Mar/2015:03:37:28 -0500] "GET /BLA/resoluciones/RESOLUCIONES%202009/3784.pdf HTTP/1.1" 200 392754
188.165.15.198 - - [29/Mar/2015:03:37:47 -0500] "GET /BLA/resoluciones/RESOLUCIONES%202006/RES%202006%20951-1000/00000983.tif HTTP/1.1" 200 161690
180.76.6.17 - - [29/Mar/2015:03:38:02 -0500] "GET /BLA/resoluciones/RESOLUCIONES%202007/RES%202007%202201%20AL%202300/RESOLUCION%202285%20DE%202007.pdf HTTP/1.1" 200 671418
188.165.15.198 - - [29/Mar/2015:03:38:03 -0500] "GET /BLA/resoluciones/RESOLUCIONES%202006/RES%202006%202251-2300/00002285.tif HTTP/1.1" 200 41320
186.119.217.7 - - [29/Mar/2015:03:38:06 -0500] "GET /BLA/boletinlegal/js/jquery.scrollTo-min.js HTTP/1.1" 200 1150
186.119.217.7 - - [29/Mar/2015:03:38:06 -0500] "GET /BLA/boletinlegal/js/jquery.scrollShow.js HTTP/1.1" 200 4586
186.119.217.7 - - [29/Mar/2015:03:38:06 -0500] "GET /galeria/galeria/jquery.fancybox.css?v=2.1.5 HTTP/1.1" 200 4895
186.119.217.7 - - [29/Mar/2015:03:38:06 -0500] "GET /galeria/galeria/jquery.fancybox.js?v=2.1.5 HTTP/1.1" 200 48706
66.249.67.84 - - [29/Mar/2015:03:38:10 -0500] "GET /manual_funciones_Listado/index.php?dir=2.1.2.%20Subdireccion%20de%20Proyectos%20y%20Cooperacion%20Internacional/&sort=name&order=desc HTTP/1.1" 404 1018
186.119.217.7 - - [29/Mar/2015:03:38:24 -0500] "GET /galeria/galeria/jquery.fancybox.css?v=2.1.5 HTTP/1.1" 304 -
186.119.217.7 - - [29/Mar/2015:03:38:24 -0500] "GET /BLA/boletinlegal/js/jquery.scrollTo-min.js HTTP/1.1" 304 -
186.119.217.7 - - [29/Mar/2015:03:38:24 -0500] "GET /BLA/boletinlegal/js/jquery.scrollShow.js HTTP/1.1" 304 -
186.119.217.7 - - [29/Mar/2015:03:38:24 -0500] "GET /galeria/galeria/jquery.fancybox.js?v=2.1.5 HTTP/1.1" 304 -
66.249.67.84 - - [29/Mar/2015:03:39:07 -0500] "GET /BLA/resoluciones/RESOLUCIONES%202005/RES%202005%202001-2050/00002038.tif HTTP/1.1" 200 133474
180.76.6.63 - - [29/Mar/2015:03:39:11 -0500] "GET /BLA/resoluciones/RESOLUCIONES%202009/1512.pdf HTTP/1.1" 200 796255
188.165.15.198 - - [29/Mar/2015:03:39:36 -0500] "GET /BLA/resoluciones/index.php?dir=RESOLUCIONES+2002%2FRES+2002+1951-1971%2F HTTP/1.1" 200 6225
66.249.67.68 - - [29/Mar/2015:03:40:09 -0500] "GET /BLA/resoluciones/RESOLUCIONES%202007/RES%202007%204101%20AL%204200/RESOLUCION%204193%20DE%202007.pdf HTTP/1.1" 200 203909
188.165.15.198 - - [29/Mar/2015:03:40:24 -0500] "GET /BLA/resoluciones/RESOLUCIONES%202006/RES%202006%2051-100/00000081.tif HTTP/1.1" 200 289692
188.165.15.198 - - [29/Mar/2015:03:40:26 -0500] "GET /BLA/resoluciones/RESOLUCIONES%202002/RES%202002%201551-1600/20021580.tif HTTP/1.1" 200 46670
188.165.15.198 - - [29/Mar/2015:03:40:33 -0500] "GET /BLA/resoluciones/RESOLUCIONES%202005/RES%202005%202351-2400/00002373.tif HTTP/1.1" 200 199884
188.165.15.198 - - [29/Mar/2015:03:41:44 -0500] "GET /BLA/resoluciones/RESOLUCIONES%202006/RES%202006%201201-1250/00001203.tif HTTP/1.1" 200 491220
74.86.158.107 - - [29/Mar/2015:03:42:06 -0500] "HEAD / HTTP/1.1" 302 -
188.165.15.198 - - [29/Mar/2015:03:42:10 -0500] "GET /BLA/resoluciones/RESOLUCIONES%202002/RES%202002%20951-1000/00000990.tif HTTP/1.1" 200 119802
188.165.15.198 - - [29/Mar/2015:03:42:32 -0500] "GET /BLA/resoluciones/RESOLUCIONES%202002/RES%202002%201751-1800/20021786.tif HTTP/1.1" 200 148812
188.165.15.198 - - [29/Mar/2015:03:42:36 -0500] "GET /BLA/resoluciones/RESOLUCIONES%202006/RES%202006%201901-1950/00001945.tif HTTP/1.1" 200 252416
66.249.67.76 - - [29/Mar/2015:03:42:51 -0500] "GET /BLA/resoluciones/RESOLUCIONES%202007/RES%202007%201201%20AL%201300/RESOLUCION%201295%20DE%202007.pdf HTTP/1.1" 200 2503255
180.76.6.46 - - [29/Mar/2015:03:42:57 -0500] "GET /BLA/resoluciones/RESOLUCIONES%202009/8981.pdf HTTP/1.1" 200 511063
186.154.25.155 - - [29/Mar/2015:03:36:58 -0500] "GET /ForestMSG_SDA/channelAsync/template_word_17341724?X-Atmosphere-tracking-id=4c48a1f3-1d66-b262-7a32-5e8fdd1076e3&X-Atmosphere-Framework=1.0.5&X-Atmosphere-Transport=long-polling&tabid=0.6107235250528902&X-Cache-Date=0&Content-Type=application/xml&_=1427618378220 HTTP/1.1" 200 8193
66.249.67.84 - - [29/Mar/2015:03:44:34 -0500] "GET /manual_funciones_Listado/index.php?dir=2.1.2.+Subdireccion+de+Proyectos+y+Cooperacion+Internacional%2F HTTP/1.1" 404 1018
66.249.67.76 - - [29/Mar/2015:03:44:38 -0500] "GET /BLA/boletinlegal/js/jquery.js HTTP/1.1" 200 57254
66.249.67.68 - - [29/Mar/2015:03:44:49 -0500] "GET /galeria/galeria/jquery.fancybox.css?v=2.1.5 HTTP/1.1" 200 4895
66.249.67.68 - - [29/Mar/2015:03:44:53 -0500] "GET /galeria/galeria/jquery.fancybox.js?v=2.1.5 HTTP/1.1" 200 48706
66.249.67.68 - - [29/Mar/2015:03:45:20 -0500] "GET /BLA/boletinlegal/js/jquery.scrollShow.js HTTP/1.1" 200 4586
66.249.67.84 - - [29/Mar/2015:03:45:22 -0500] "GET /BLA/boletinlegal/js/jquery.scrollTo-min.js HTTP/1.1" 200 1150
66.249.67.68 - - [29/Mar/2015:03:45:29 -0500] "GET /BLA/resoluciones/AUTOS%202009/0639.pdf HTTP/1.1" 304 -
66.249.67.76 - - [29/Mar/2015:03:46:23 -0500] "GET /BLA/resoluciones/RESOLUCIONES%202011/2249.pdf HTTP/1.1" 200 1113175
188.165.15.198 - - [29/Mar/2015:03:46:34 -0500] "GET /BLA/resoluciones/RESOLUCIONES%202006/RES%202006%20201-250/00000228.tif HTTP/1.1" 200 96948
17.142.151.80 - - [29/Mar/2015:03:46:35 -0500] "GET / HTTP/1.1" 302 -
66.249.67.68 - - [29/Mar/2015:03:46:45 -0500] "GET /BLA/resoluciones/RESOLUCIONES%202011/5329.pdf HTTP/1.1" 200 563556
74.86.158.107 - - [29/Mar/2015:03:47:06 -0500] "HEAD / HTTP/1.1" 302 -
66.249.67.84 - - [29/Mar/2015:03:48:06 -0500] "GET /BLA/resoluciones/AUTOS%202010/4486.pdf HTTP/1.1" 200 181437
180.76.6.53 - - [29/Mar/2015:03:48:06 -0500] "GET /BLA/resoluciones/AUTOS%202011/0134.pdf HTTP/1.1" 200 165347
66.249.67.76 - - [29/Mar/2015:03:48:12 -0500] "GET /BLA/resoluciones/Notificaciones/REGISTROS%202014/01217.doc HTTP/1.1" 200 148480
104.154.19.2 - - [29/Mar/2015:03:48:18 -0500] "GET /galeria/galeria/jquery.fancybox.css?v=2.1.5 HTTP/1.1" 200 4895
104.154.19.2 - - [29/Mar/2015:03:48:18 -0500] "GET /galeria/carrusel/Carrusel/jquery.thumbnailScroller.css HTTP/1.1" 200 2066
104.154.19.2 - - [29/Mar/2015:03:48:18 -0500] "GET /BLA/boletinlegal/js/jquery.scrollTo-min.js HTTP/1.1" 200 1150
104.154.19.2 - - [29/Mar/2015:03:48:18 -0500] "GET /BLA/boletinlegal/js/jquery.scrollShow.js HTTP/1.1" 200 4586
104.154.19.2 - - [29/Mar/2015:03:48:18 -0500] "GET /galeria/galeria/jquery.fancybox.js?v=2.1.5 HTTP/1.1" 200 48706
104.154.19.2 - - [29/Mar/2015:03:48:18 -0500] "GET /galeria/carrusel/Carrusel/jquery-ui-1.8.13.custom.min.js HTTP/1.1" 200 10800
104.154.19.2 - - [29/Mar/2015:03:48:18 -0500] "GET /galeria/carrusel/Carrusel/jquery.thumbnailScroller.js HTTP/1.1" 200 8157
62.210.90.118 - - [29/Mar/2015:03:48:27 -0500] "GET /robots.txt HTTP/1.0" 404 1015
62.210.90.118 - - [29/Mar/2015:03:48:29 -0500] "GET /Anexos%20estudio%20Organizacional%20SDA/ANEXO%20No.%201-%20NORMAS%20LEGALES%20DE%20ESTRUCTURA%20Y%20PLANTA/Acuerdo%209%20de%201990%20Concejo%20de%20Bogot%C3%A1..htm HTTP/1.0" 200 34207
62.210.90.118 - - [29/Mar/2015:03:48:44 -0500] "GET /Autoliquidacion/Grupo%20Forestal%20-%20Silvicultura/126PM04%C2%96PR30-M-A6-V%205.0%20%20ESPECIES%20DE%20FLORA%20EN%20LA%20CIUDAD%20DE%20BOGOTA.xlsx HTTP/1.0" 404 1015
62.210.90.118 - - [29/Mar/2015:03:48:46 -0500] "GET /Autoliquidacion/Grupo%20Forestal%20-%20Silvicultura/Solicitud%20y%20lista%20de%20chequeo%20Evaluaci%C3%B3n%20Silvicultural.xlsx HTTP/1.0" 200 100649
62.210.90.118 - - [29/Mar/2015:03:48:48 -0500] "GET /Politica%20Distrital%20de%20Biodiversidad/%3C?%3E HTTP/1.0" 404 1015
62.210.90.118 - - [29/Mar/2015:03:48:50 -0500] "GET /even1/Secci%C3%B3n%201/ HTTP/1.0" 404 1015
62.210.90.118 - - [29/Mar/2015:03:48:51 -0500] "GET /even1/Secci%C3%B3n%202/ HTTP/1.0" 404 1015
186.154.25.155 - - [29/Mar/2015:03:42:58 -0500] "GET /ForestMSG_SDA/channelAsync/template_word_17341724?X-Atmosphere-tracking-id=4c48a1f3-1d66-b262-7a32-5e8fdd1076e3&X-Atmosphere-Framework=1.0.5&X-Atmosphere-Transport=long-polling&tabid=0.6107235250528902&X-Cache-Date=0&Content-Type=application/xml&_=1427618738307 HTTP/1.1" 200 8193
66.249.67.84 - - [29/Mar/2015:03:49:15 -0500] "GET /BLA/resoluciones/RESOLUCIONES%202011/5712.pdf HTTP/1.1" 200 559355
66.249.67.76 - - [29/Mar/2015:03:49:43 -0500] "GET /BLA/resoluciones/RESOLUCIONES%202007/RES%202007%203401%20AL%203500/RESOLUCION%203480%20DE%202007.pdf HTTP/1.1" 200 542920
188.165.15.198 - - [29/Mar/2015:03:49:50 -0500] "GET /BLA/resoluciones/AUTOS%202006/AUTOS%202006%20201-300/00000240.tif HTTP/1.1" 200 50972
188.165.15.198 - - [29/Mar/2015:03:50:23 -0500] "GET /BLA/resoluciones/RESOLUCIONES%202005/RES%202005%20501-550/00000537.tif HTTP/1.1" 200 372702
188.165.15.198 - - [29/Mar/2015:03:50:53 -0500] "GET /BLA/resoluciones/RESOLUCIONES%202003/RES%202003%20601-650/601.tif HTTP/1.1" 200 112920
66.249.67.76 - - [29/Mar/2015:03:50:55 -0500] "GET /BLA/resoluciones/RESOLUCIONES%202009/8752.pdf HTTP/1.1" 304 -
62.210.90.118 - - [29/Mar/2015:03:51:01 -0500] "GET /even1/Secci%C3%B3n%203/ HTTP/1.0" 404 1015
62.210.90.118 - - [29/Mar/2015:03:51:12 -0500] "GET /even1/Secci%C3%B3n%204/ HTTP/1.0" 404 1015
188.165.15.198 - - [29/Mar/2015:03:51:12 -0500] "GET /BLA/resoluciones/RESOLUCIONES%202006/RES%202006%201401-1450/00001448.tif HTTP/1.1" 200 232652
62.210.90.118 - - [29/Mar/2015:03:51:13 -0500] "GET /hum/FotosHumedales-Fb05/Fotos%20Fundaci%C3%B3n%20La%20Conejera/ HTTP/1.0" 404 1015
62.210.90.118 - - [29/Mar/2015:03:51:15 -0500] "GET /portalsiaccapacitaciones/Soportes%20Capacitaciones%20A%C3%B1o%202013 HTTP/1.0" 301 357
62.210.90.118 - - [29/Mar/2015:03:51:17 -0500] "GET /portalsiaccapacitaciones/Soportes%20Capacitaciones%20A%c3%b1o%202013/ HTTP/1.0" 200 16997
62.210.90.118 - - [29/Mar/2015:03:51:31 -0500] "GET /portalsiaccapacitaciones/Soportes%20Capacitaciones%20A%C3%B1o%202014 HTTP/1.0" 301 357
62.210.90.118 - - [29/Mar/2015:03:51:33 -0500] "GET /portalsiaccapacitaciones/Soportes%20Capacitaciones%20A%c3%b1o%202014/ HTTP/1.0" 200 19494
180.76.4.217 - - [29/Mar/2015:03:51:35 -0500] "GET / HTTP/1.1" 302 -
62.210.90.118 - - [29/Mar/2015:03:51:47 -0500] "GET /re1/Que%20es/Marco%20pedagocico/modelo%20pedagogico/imagen%20modelo%20pedagogico/barra%20modelo%20pedag%C3%B3gico.htm HTTP/1.0" 404 1015
62.210.90.118 - - [29/Mar/2015:03:51:49 -0500] "GET / HTTP/1.0" 302 -
74.86.158.107 - - [29/Mar/2015:03:52:06 -0500] "HEAD / HTTP/1.1" 302 -
62.210.90.118 - - [29/Mar/2015:03:52:07 -0500] "GET /robots.txt HTTP/1.0" 404 1019
62.210.90.118 - - [29/Mar/2015:03:52:10 -0500] "GET /Anexos%20estudio%20Organizacional%20SDA/ANEXO%20No.%201-%20NORMAS%20LEGALES%20DE%20ESTRUCTURA%20Y%20PLANTA/Acuerdo%209%20de%201990%20Concejo%20de%20Bogot%C3%A1..htm HTTP/1.0" 200 34207
66.249.67.76 - - [29/Mar/2015:03:52:10 -0500] "GET /BLA/resoluciones/RESOLUCIONES%202010/3934.pdf HTTP/1.1" 200 502485
62.210.90.118 - - [29/Mar/2015:03:52:12 -0500] "GET /Autoliquidacion/Grupo%20Forestal%20-%20Silvicultura/126PM04%C2%96PR30-M-A6-V%205.0%20%20ESPECIES%20DE%20FLORA%20EN%20LA%20CIUDAD%20DE%20BOGOTA.xlsx HTTP/1.0" 404 1019
62.210.90.118 - - [29/Mar/2015:03:52:14 -0500] "GET /Autoliquidacion/Grupo%20Forestal%20-%20Silvicultura/Solicitud%20y%20lista%20de%20chequeo%20Evaluaci%C3%B3n%20Silvicultural.xlsx HTTP/1.0" 200 100649
62.210.90.118 - - [29/Mar/2015:03:52:27 -0500] "GET /Politica%20Distrital%20de%20Biodiversidad/%3C?%3E HTTP/1.0" 404 1019
62.210.90.118 - - [29/Mar/2015:03:52:29 -0500] "GET /even1/Secci%C3%B3n%201/ HTTP/1.0" 404 1019
62.210.90.118 - - [29/Mar/2015:03:52:31 -0500] "GET /even1/Secci%C3%B3n%202/ HTTP/1.0" 404 1019
62.210.90.118 - - [29/Mar/2015:03:52:33 -0500] "GET /even1/Secci%C3%B3n%203/ HTTP/1.0" 404 1019
62.210.90.118 - - [29/Mar/2015:03:52:48 -0500] "GET /even1/Secci%C3%B3n%204/ HTTP/1.0" 404 1019
62.210.90.118 - - [29/Mar/2015:03:52:50 -0500] "GET /hum/FotosHumedales-Fb05/Fotos%20Fundaci%C3%B3n%20La%20Conejera/ HTTP/1.0" 404 1019
62.210.90.118 - - [29/Mar/2015:03:52:52 -0500] "GET /portalsiaccapacitaciones/Soportes%20Capacitaciones%20A%C3%B1o%202013 HTTP/1.0" 301 365
62.210.90.118 - - [29/Mar/2015:03:52:54 -0500] "GET /portalsiaccapacitaciones/Soportes%20Capacitaciones%20A%c3%b1o%202013/ HTTP/1.0" 200 17001
188.165.15.198 - - [29/Mar/2015:03:53:00 -0500] "GET /BLA/resoluciones/RESOLUCIONES%202005/RES%202005%20401-450/00000423.tif HTTP/1.1" 200 145810
196.22.142.2 - - [29/Mar/2015:03:53:05 -0500] "GET /wp-admin/ HTTP/1.1" 404 1018
62.210.90.118 - - [29/Mar/2015:03:53:07 -0500] "GET /portalsiaccapacitaciones/Soportes%20Capacitaciones%20A%C3%B1o%202014 HTTP/1.0" 301 365
62.210.90.118 - - [29/Mar/2015:03:53:09 -0500] "GET /portalsiaccapacitaciones/Soportes%20Capacitaciones%20A%c3%b1o%202014/ HTTP/1.0" 200 19498
123.125.71.113 - - [29/Mar/2015:03:53:17 -0500] "GET / HTTP/1.1" 302 -
62.210.90.118 - - [29/Mar/2015:03:53:27 -0500] "GET /portel_dama/configuracion/Para%20Portel%20Instalaci%C3%B3n%20Nueva.sql HTTP/1.0" 404 1019
62.210.90.118 - - [29/Mar/2015:03:53:39 -0500] "GET /portel_dama/documentacion/Logo_1era_Versi%C3%B3n.psd HTTP/1.0" 404 1019
66.249.67.68 - - [29/Mar/2015:03:53:41 -0500] "GET /BLA/resoluciones/RESOLUCIONES%202009/4039.pdf HTTP/1.1" 304 -
62.210.90.118 - - [29/Mar/2015:03:53:51 -0500] "GET /re1/Que%20es/Marco%20pedagocico/modelo%20pedagogico/imagen%20modelo%20pedagogico/barra%20modelo%20pedag%C3%B3gico.htm HTTP/1.0" 404 1019
190.24.129.149 - - [29/Mar/2015:03:54:21 -0500] "GET /galeria/nivo-slider/demo/images/Banner-semana-santa.jpg HTTP/1.1" 304 -
186.154.25.155 - - [29/Mar/2015:03:48:58 -0500] "GET /ForestMSG_SDA/channelAsync/template_word_17341724?X-Atmosphere-tracking-id=4c48a1f3-1d66-b262-7a32-5e8fdd1076e3&X-Atmosphere-Framework=1.0.5&X-Atmosphere-Transport=long-polling&tabid=0.6107235250528902&X-Cache-Date=0&Content-Type=application/xml&_=1427619098417 HTTP/1.1" 200 8193
188.165.15.198 - - [29/Mar/2015:03:55:00 -0500] "GET /BLA/resoluciones/RESOLUCIONES%202003/RES%202003%201501-1550/20031517.tif HTTP/1.1" 200 94370
66.249.67.76 - - [29/Mar/2015:03:55:03 -0500] "GET /BLA/resoluciones/Autos%202008/0767.pdf HTTP/1.1" 200 111040
188.165.15.198 - - [29/Mar/2015:03:55:03 -0500] "GET /BLA/resoluciones/RESOLUCIONES%202004/RES%202004%2051-100/00000076.tif HTTP/1.1" 200 8086
188.165.15.198 - - [29/Mar/2015:03:55:45 -0500] "GET /BLA/resoluciones/index.php?dir=RESOLUCIONES%202015/&sort=name&order=asc HTTP/1.1" 200 2720
66.249.67.76 - - [29/Mar/2015:03:56:27 -0500] "GET /BLA/resoluciones/RESOLUCIONES%202009/3862.pdf HTTP/1.1" 304 -
74.86.158.107 - - [29/Mar/2015:03:57:06 -0500] "HEAD / HTTP/1.1" 302 -
66.249.67.76 - - [29/Mar/2015:03:57:23 -0500] "GET /manual_funciones_Listado/2.3.%20Direcci%C3%B3n%20de%20Gesti%C3%B3n%20Ambiental/Profesional%20Especializado%20222-24.pdf HTTP/1.1" 404 1018
66.249.64.176 - - [29/Mar/2015:03:57:32 -0500] "GET /BLA/resoluciones/RESOLUCIONES%202011/5265.pdf HTTP/1.1" 200 483225
188.165.15.198 - - [29/Mar/2015:03:58:01 -0500] "GET /BLA/resoluciones/RESOLUCIONES%202006/RES%202006%202051-2100/00002053.tif HTTP/1.1" 200 172416
188.165.15.198 - - [29/Mar/2015:03:58:09 -0500] "GET /BLA/resoluciones/RESOLUCIONES%202005/RES%202005%202851-2900/00002870.tif HTTP/1.1" 200 258362
66.249.67.76 - - [29/Mar/2015:03:58:10 -0500] "GET /BLA/resoluciones/RESOLUCIONES%202011/2601.pdf HTTP/1.1" 200 759606
66.249.67.68 - - [29/Mar/2015:03:58:13 -0500] "GET /BLA/resoluciones/RESOLUCIONES%202011/2438.pdf HTTP/1.1" 200 747256
220.181.108.173 - - [29/Mar/2015:03:58:24 -0500] "GET / HTTP/1.1" 302 -
66.249.67.84 - - [29/Mar/2015:03:59:13 -0500] "GET /BLA/resoluciones/RESOLUCIONES%202008/5370.pdf HTTP/1.1" 200 226476
66.249.67.68 - - [29/Mar/2015:03:59:24 -0500] "GET /BLA/resoluciones/AUTOS%202010/5101.pdf HTTP/1.1" 200 214324
66.249.67.76 - - [29/Mar/2015:03:59:55 -0500] "GET /BLA/resoluciones/Autos%202008/2941.pdf HTTP/1.1" 200 77311
41.203.67.171 - - [29/Mar/2015:04:00:08 -0500] "GET /ecodirectorio/files/res/other/search.txt HTTP/1.1" 200 91128
41.203.67.171 - - [29/Mar/2015:04:00:11 -0500] "GET /favicon.ico HTTP/1.1" 200 7782
186.154.25.155 - - [29/Mar/2015:03:54:58 -0500] "GET /ForestMSG_SDA/channelAsync/template_word_17341724?X-Atmosphere-tracking-id=4c48a1f3-1d66-b262-7a32-5e8fdd1076e3&X-Atmosphere-Framework=1.0.5&X-Atmosphere-Transport=long-polling&tabid=0.6107235250528902&X-Cache-Date=0&Content-Type=application/xml&_=1427619458492 HTTP/1.1" 200 8193
66.249.67.68 - - [29/Mar/2015:04:01:19 -0500] "GET /BLA/resoluciones/RESOLUCIONES%202011/2441.pdf HTTP/1.1" 200 697538
188.165.15.198 - - [29/Mar/2015:04:01:45 -0500] "GET /BLA/resoluciones/RESOLUCIONES%202005/RES%202005%20201-250/00000202.tif HTTP/1.1" 200 42116
88.198.233.69 - - [29/Mar/2015:04:01:47 -0500] "GET / HTTP/1.1" 302 -
180.76.5.192 - - [29/Mar/2015:04:01:54 -0500] "GET /BLA/resoluciones/RESOLUCIONES%202011/1445.pdf HTTP/1.1" 200 62345
66.249.67.84 - - [29/Mar/2015:04:01:59 -0500] "GET /BLA/resoluciones/RESOLUCIONES%202010/5787.pdf HTTP/1.1" 304 -
74.86.158.107 - - [29/Mar/2015:04:02:06 -0500] "HEAD / HTTP/1.1" 302 -
188.165.15.198 - - [29/Mar/2015:04:02:16 -0500] "GET /BLA/resoluciones/RESOLUCIONES%202005/RES%202005%201551-1600/00001555.tif HTTP/1.1" 200 90618
188.165.15.198 - - [29/Mar/2015:04:02:37 -0500] "GET /BLA/resoluciones/RESOLUCIONES%202003/RES%202003%20101-150/2003RES104.tif HTTP/1.1" 200 305012
196.22.142.2 - - [29/Mar/2015:04:02:50 -0500] "GET /test/wp-admin/ HTTP/1.1" 404 1018
66.249.67.84 - - [29/Mar/2015:04:03:47 -0500] "GET /even/Ca0jr6ay/tsld010.htm HTTP/1.1" 404 1018
66.249.67.84 - - [29/Mar/2015:04:04:29 -0500] "GET /BLA/resoluciones/RESOLUCIONES%202007/RES%202007%20701%20AL%20800/RESOLUCION%200703%20DE%202007.pdf HTTP/1.1" 200 172739
66.249.67.76 - - [29/Mar/2015:04:04:32 -0500] "GET /BLA/resoluciones/RESOLUCIONES%202008/1695.pdf HTTP/1.1" 200 220780
180.76.6.137 - - [29/Mar/2015:04:05:43 -0500] "GET /BLA/resoluciones/index.php?dir=RESOLUCIONES%202007/RES%202007%204001%20AL%204100/&sort=date&order=desc HTTP/1.1" 200 26863
188.165.15.198 - - [29/Mar/2015:04:05:53 -0500] "GET /BLA/resoluciones/RESOLUCIONES%202002/RES%202002%201601-1650/20021641.tif HTTP/1.1" 200 51130
66.249.67.84 - - [29/Mar/2015:04:06:33 -0500] "GET /BLA/resoluciones/AUTOS%202010/5655.pdf HTTP/1.1" 200 201474
66.249.67.68 - - [29/Mar/2015:04:06:37 -0500] "GET /BLA/resoluciones/RESOLUCIONES%202007/RES%202007%203201%20AL%203300/RESOLUCION%203275%20DE%202007.pdf HTTP/1.1" 200 716473
180.76.5.57 - - [29/Mar/2015:04:06:52 -0500] "GET /BLA/resoluciones/RESOLUCIONES%202009/7352.pdf HTTP/1.1" 200 108008
186.154.25.155 - - [29/Mar/2015:04:00:58 -0500] "GET /ForestMSG_SDA/channelAsync/template_word_17341724?X-Atmosphere-tracking-id=4c48a1f3-1d66-b262-7a32-5e8fdd1076e3&X-Atmosphere-Framework=1.0.5&X-Atmosphere-Transport=long-polling&tabid=0.6107235250528902&X-Cache-Date=0&Content-Type=application/xml&_=1427619819025 HTTP/1.1" 200 8193
188.165.15.198 - - [29/Mar/2015:04:07:05 -0500] "GET /BLA/resoluciones/RESOLUCIONES%202005/RES%202005%201751-1800/00001753.tif HTTP/1.1" 200 188820
74.86.158.107 - - [29/Mar/2015:04:07:06 -0500] "HEAD / HTTP/1.1" 302 -
188.165.15.198 - - [29/Mar/2015:04:07:10 -0500] "GET /BLA/resoluciones/RESOLUCIONES%202003/RES%202003%20551-600/578.tif HTTP/1.1" 200 295864
85.103.96.156 - - [29/Mar/2015:04:07:42 -0500] "GET /BLA/resoluciones/RESOLUCIONES%202011/0614.pdf HTTP/1.1" 200 75425
85.103.96.156 - - [29/Mar/2015:04:07:43 -0500] "GET /BLA/resoluciones/RESOLUCIONES%202011/0614.pdf HTTP/1.1" 200 75425
66.249.67.68 - - [29/Mar/2015:04:08:00 -0500] "GET /BLA/resoluciones/RESOLUCIONES%202011/5055.pdf HTTP/1.1" 200 660428
66.249.67.76 - - [29/Mar/2015:04:08:24 -0500] "GET /BLA/resoluciones/RESOLUCIONES%202005/RES%202005%202551-2600/00002566.tif HTTP/1.1" 200 131854
66.249.67.84 - - [29/Mar/2015:04:08:53 -0500] "GET /BLA/resoluciones/Notificaciones/AUTOS%202014/0227.doc HTTP/1.1" 200 232448
66.249.67.68 - - [29/Mar/2015:04:10:44 -0500] "GET /BLA/resoluciones/RESOLUCIONES%202007/RES%202007%204001%20AL%204100/RESOLUCION%204068%20DE%202007.pdf HTTP/1.1" 200 257470
66.249.67.68 - - [29/Mar/2015:04:11:13 -0500] "GET /BLA/resoluciones/Notificaciones/AUTOS%202014/6544.doc HTTP/1.1" 200 154624
125.96.160.132 - - [29/Mar/2015:04:11:25 -0500] "GET / HTTP/1.1" 302 -
125.96.160.132 - - [29/Mar/2015:04:11:28 -0500] "GET /BLA/boletinlegal/js/jquery.scrollTo-min.js HTTP/1.1" 200 1150
125.96.160.132 - - [29/Mar/2015:04:11:28 -0500] "GET /BLA/boletinlegal/js/jquery.scrollShow.js HTTP/1.1" 200 4586
125.96.160.132 - - [29/Mar/2015:04:11:31 -0500] "GET /galeria/galeria/jquery.fancybox.css?v=2.1.5 HTTP/1.1" 200 4895
125.96.160.132 - - [29/Mar/2015:04:11:31 -0500] "GET /galeria/carrusel/Carrusel/jquery.thumbnailScroller.css HTTP/1.1" 200 2066
125.96.160.132 - - [29/Mar/2015:04:11:31 -0500] "GET /galeria/galeria/jquery.fancybox.js?v=2.1.5 HTTP/1.1" 200 48706
125.96.160.132 - - [29/Mar/2015:04:11:35 -0500] "GET /galeria/carrusel/Carrusel/jquery-ui-1.8.13.custom.min.js HTTP/1.1" 200 10800
125.96.160.132 - - [29/Mar/2015:04:11:37 -0500] "GET /galeria/carrusel/Carrusel/jquery.thumbnailScroller.js HTTP/1.1" 200 8157
125.96.160.132 - - [29/Mar/2015:04:11:37 -0500] "GET /galeria/nivo-slider/demo/demo.html HTTP/1.1" 200 4356
125.96.160.132 - - [29/Mar/2015:04:11:38 -0500] "GET /galeria/nivo-slider/themes/default/default.css HTTP/1.1" 200 1569
125.96.160.132 - - [29/Mar/2015:04:11:38 -0500] "GET /galeria/nivo-slider/themes/pascal/pascal.css HTTP/1.1" 200 2258
125.96.160.132 - - [29/Mar/2015:04:11:38 -0500] "GET /galeria/nivo-slider/themes/orman/orman.css HTTP/1.1" 200 2152
125.96.160.132 - - [29/Mar/2015:04:11:38 -0500] "GET /galeria/nivo-slider/nivo-slider.css HTTP/1.1" 200 1507
125.96.160.132 - - [29/Mar/2015:04:11:38 -0500] "GET /galeria/nivo-slider/demo/images/Banner-semana-santa.jpg HTTP/1.1" 200 350491
125.96.160.132 - - [29/Mar/2015:04:11:38 -0500] "GET /galeria/nivo-slider/demo/style.css HTTP/1.1" 200 2222
125.96.160.132 - - [29/Mar/2015:04:11:38 -0500] "GET /galeria/nivo-slider/demo/images/no-sea-victima.jpg HTTP/1.1" 200 254155
125.96.160.132 - - [29/Mar/2015:04:11:38 -0500] "GET /galeria/nivo-slider/demo/images/secretaria-de-ambiente.jpg HTTP/1.1" 200 259142
125.96.160.132 - - [29/Mar/2015:04:11:38 -0500] "GET /galeria/nivo-slider/demo/images/Convocatoria_recicladores.jpg HTTP/1.1" 200 213976
125.96.160.132 - - [29/Mar/2015:04:11:38 -0500] "GET /galeria/nivo-slider/demo/images/Licitaciones-proyecto-paramo.jpg HTTP/1.1" 200 221877
125.96.160.132 - - [29/Mar/2015:04:11:38 -0500] "GET /galeria/nivo-slider/demo/images/Banner-decreto1299.jpg HTTP/1.1" 200 182613
125.96.160.132 - - [29/Mar/2015:04:11:39 -0500] "GET /galeria/nivo-slider/demo/images/Banner-Directorio.jpg HTTP/1.1" 200 182068
125.96.160.132 - - [29/Mar/2015:04:11:40 -0500] "GET /galeria/nivo-slider/demo/images/banner-V2.jpg HTTP/1.1" 200 167020
125.96.160.132 - - [29/Mar/2015:04:11:41 -0500] "GET /galeria/nivo-slider/demo/images/Ruta-vertimientos-01.jpg HTTP/1.1" 200 130151
125.96.160.132 - - [29/Mar/2015:04:11:41 -0500] "GET /galeria/nivo-slider/demo/images/bolsas-06.jpg HTTP/1.1" 200 90982
125.96.160.132 - - [29/Mar/2015:04:11:42 -0500] "GET /galeria/nivo-slider/demo/images/bolsas-08.jpg HTTP/1.1" 200 85589
125.96.160.132 - - [29/Mar/2015:04:11:42 -0500] "GET /galeria/nivo-slider/demo/images/redes_sociales.jpg HTTP/1.1" 200 415652
125.96.160.132 - - [29/Mar/2015:04:11:42 -0500] "GET /galeria/nivo-slider/demo/images/Conoce-los-humedales.jpg HTTP/1.1" 200 294036
125.96.160.132 - - [29/Mar/2015:04:11:42 -0500] "GET /galeria/nivo-slider/demo/images/ecolecta-Dic2014.png HTTP/1.1" 200 288593
125.96.160.132 - - [29/Mar/2015:04:11:43 -0500] "GET /galeria/nivo-slider/demo/images/porloshumedales.jpg HTTP/1.1" 200 351238
125.96.160.132 - - [29/Mar/2015:04:11:43 -0500] "GET /galeria/nivo-slider/demo/images/Tingua-azul.jpg HTTP/1.1" 200 307638
125.96.160.132 - - [29/Mar/2015:04:11:43 -0500] "GET /galeria/nivo-slider/demo/images/banner-llantas2.jpg HTTP/1.1" 200 73153
125.96.160.132 - - [29/Mar/2015:04:11:44 -0500] "GET /galeria/nivo-slider/demo/images/9Signos.jpg HTTP/1.1" 200 93040
125.96.160.132 - - [29/Mar/2015:04:11:44 -0500] "GET /galeria/nivo-slider/demo/scripts/jquery-1.7.1.min.js HTTP/1.1" 200 93868
125.96.160.132 - - [29/Mar/2015:04:11:45 -0500] "GET /galeria/nivo-slider/jquery.nivo.slider.pack.js HTTP/1.1" 200 11561
125.96.160.132 - - [29/Mar/2015:04:11:45 -0500] "GET /galeria/nivo-slider/demo/images/4Simple_Slider.png HTTP/1.1" 200 11722
125.96.160.132 - - [29/Mar/2015:04:11:45 -0500] "GET /galeria/nivo-slider/themes/default/loading.gif HTTP/1.1" 200 1737
188.165.15.198 - - [29/Mar/2015:04:11:45 -0500] "GET /BLA/resoluciones/RESOLUCIONES%202006/RES%202006%20651-700/00000652.tif HTTP/1.1" 200 128236
66.249.67.68 - - [29/Mar/2015:04:12:01 -0500] "GET /BLA/resoluciones/RESOLUCIONES%202011/4275.pdf HTTP/1.1" 200 1186071
74.86.158.107 - - [29/Mar/2015:04:12:06 -0500] "HEAD / HTTP/1.1" 302 -
66.249.67.68 - - [29/Mar/2015:04:12:15 -0500] "GET /BLA/resoluciones/Autos%202008/0321.pdf HTTP/1.1" 200 106120
196.22.142.2 - - [29/Mar/2015:04:12:22 -0500] "GET /wordpress/wp-admin/ HTTP/1.1" 404 1018
186.154.25.155 - - [29/Mar/2015:04:06:59 -0500] "GET /ForestMSG_SDA/channelAsync/template_word_17341724?X-Atmosphere-tracking-id=4c48a1f3-1d66-b262-7a32-5e8fdd1076e3&X-Atmosphere-Framework=1.0.5&X-Atmosphere-Transport=long-polling&tabid=0.6107235250528902&X-Cache-Date=0&Content-Type=application/xml&_=1427620179488 HTTP/1.1" 200 8193
66.249.67.104 - - [29/Mar/2015:04:13:34 -0500] "GET /PORTAL_SIAC/swf/vallas2.swf HTTP/1.1" 200 29921
180.76.6.63 - - [29/Mar/2015:04:13:47 -0500] "GET /BLA/resoluciones/AUTOS%202012/0460.pdf HTTP/1.1" 200 338605
66.249.67.68 - - [29/Mar/2015:04:14:37 -0500] "GET /BLA/resoluciones/RESOLUCIONES%202010/1790.pdf HTTP/1.1" 200 411085
188.165.15.198 - - [29/Mar/2015:04:14:51 -0500] "GET /BLA/resoluciones/RESOLUCIONES%202003/RES%202003%20151-200/2003RES170.tif HTTP/1.1" 200 233320
188.165.15.198 - - [29/Mar/2015:04:15:37 -0500] "GET /BLA/resoluciones/RESOLUCIONES%202005/RES%202005%201-50/00000008.tif HTTP/1.1" 200 170794
66.249.67.76 - - [29/Mar/2015:04:15:54 -0500] "GET /BLA/resoluciones/AUTOS%202012/2429.pdf HTTP/1.1" 200 647509
66.249.67.68 - - [29/Mar/2015:04:16:34 -0500] "GET /BLA/resoluciones/RESOLUCIONES%202011/5384.pdf HTTP/1.1" 200 480467
180.76.6.51 - - [29/Mar/2015:04:17:02 -0500] "GET /BLA/resoluciones/RESOLUCIONES%202008/0683.pdf HTTP/1.1" 200 319414
74.86.158.107 - - [29/Mar/2015:04:17:06 -0500] "HEAD / HTTP/1.1" 302 -
188.165.15.198 - - [29/Mar/2015:04:17:17 -0500] "GET /BLA/resoluciones/RESOLUCIONES%202002/RES%202002%2001-50/2002RES47.tif HTTP/1.1" 200 191952
66.249.67.76 - - [29/Mar/2015:04:17:41 -0500] "GET /BLA/resoluciones/RESOLUCIONES%202011/3805.pdf HTTP/1.1" 200 637900
66.249.67.76 - - [29/Mar/2015:04:18:15 -0500] "GET /BLA/resoluciones/AUTOS%202012/2247.pdf HTTP/1.1" 200 347564
181.54.0.161 - - [29/Mar/2015:04:18:17 -0500] "GET /galeria/galeria/jquery.fancybox.css?v=2.1.5 HTTP/1.1" 200 4895
181.54.0.161 - - [29/Mar/2015:04:18:17 -0500] "GET /galeria/carrusel/Carrusel/jquery.thumbnailScroller.css HTTP/1.1" 200 2066
181.54.0.161 - - [29/Mar/2015:04:18:17 -0500] "GET /galeria/galeria/jquery.fancybox.js?v=2.1.5 HTTP/1.1" 200 48706
181.54.0.161 - - [29/Mar/2015:04:18:17 -0500] "GET /BLA/boletinlegal/js/jquery.scrollTo-min.js HTTP/1.1" 200 1150
181.54.0.161 - - [29/Mar/2015:04:18:17 -0500] "GET /BLA/boletinlegal/js/jquery.scrollShow.js HTTP/1.1" 200 4586
181.54.0.161 - - [29/Mar/2015:04:18:17 -0500] "GET /galeria/carrusel/Carrusel/jquery-ui-1.8.13.custom.min.js HTTP/1.1" 200 10800
181.54.0.161 - - [29/Mar/2015:04:18:17 -0500] "GET /galeria/carrusel/Carrusel/jquery.thumbnailScroller.js HTTP/1.1" 200 8157
181.54.0.161 - - [29/Mar/2015:04:18:17 -0500] "GET /galeria/nivo-slider/demo/demo.html HTTP/1.1" 200 4356
181.54.0.161 - - [29/Mar/2015:04:18:18 -0500] "GET /galeria/nivo-slider/themes/orman/orman.css HTTP/1.1" 200 2152
181.54.0.161 - - [29/Mar/2015:04:18:18 -0500] "GET /galeria/nivo-slider/demo/style.css HTTP/1.1" 200 2222
181.54.0.161 - - [29/Mar/2015:04:18:18 -0500] "GET /galeria/nivo-slider/demo/scripts/jquery-1.7.1.min.js HTTP/1.1" 200 93868
181.54.0.161 - - [29/Mar/2015:04:18:18 -0500] "GET /galeria/nivo-slider/themes/pascal/pascal.css HTTP/1.1" 200 2258
181.54.0.161 - - [29/Mar/2015:04:18:18 -0500] "GET /galeria/nivo-slider/nivo-slider.css HTTP/1.1" 200 1507
181.54.0.161 - - [29/Mar/2015:04:18:18 -0500] "GET /galeria/nivo-slider/themes/default/default.css HTTP/1.1" 200 1569
181.54.0.161 - - [29/Mar/2015:04:18:18 -0500] "GET /galeria/nivo-slider/jquery.nivo.slider.pack.js HTTP/1.1" 200 11561
181.54.0.161 - - [29/Mar/2015:04:18:18 -0500] "GET /galeria/nivo-slider/demo/images/no-sea-victima.jpg HTTP/1.1" 200 254155
181.54.0.161 - - [29/Mar/2015:04:18:18 -0500] "GET /galeria/nivo-slider/demo/images/Banner-semana-santa.jpg HTTP/1.1" 200 350491
181.54.0.161 - - [29/Mar/2015:04:18:18 -0500] "GET /galeria/nivo-slider/demo/images/Convocatoria_recicladores.jpg HTTP/1.1" 200 213976
181.54.0.161 - - [29/Mar/2015:04:18:19 -0500] "GET /galeria/nivo-slider/demo/images/secretaria-de-ambiente.jpg HTTP/1.1" 200 259142
181.54.0.161 - - [29/Mar/2015:04:18:19 -0500] "GET /galeria/nivo-slider/demo/images/Licitaciones-proyecto-paramo.jpg HTTP/1.1" 200 221877
181.54.0.161 - - [29/Mar/2015:04:18:19 -0500] "GET /galeria/nivo-slider/demo/images/Banner-decreto1299.jpg HTTP/1.1" 200 182613
181.54.0.161 - - [29/Mar/2015:04:18:20 -0500] "GET /galeria/nivo-slider/demo/images/Banner-Directorio.jpg HTTP/1.1" 200 182068
181.54.0.161 - - [29/Mar/2015:04:18:20 -0500] "GET /galeria/nivo-slider/demo/images/banner-V2.jpg HTTP/1.1" 200 167020
181.54.0.161 - - [29/Mar/2015:04:18:20 -0500] "GET /galeria/nivo-slider/demo/images/Ruta-vertimientos-01.jpg HTTP/1.1" 200 130151
181.54.0.161 - - [29/Mar/2015:04:18:20 -0500] "GET /galeria/nivo-slider/demo/images/bolsas-06.jpg HTTP/1.1" 200 90982
181.54.0.161 - - [29/Mar/2015:04:18:20 -0500] "GET /galeria/nivo-slider/demo/images/bolsas-08.jpg HTTP/1.1" 200 85589
181.54.0.161 - - [29/Mar/2015:04:18:20 -0500] "GET /galeria/nivo-slider/demo/images/redes_sociales.jpg HTTP/1.1" 200 415652
181.54.0.161 - - [29/Mar/2015:04:18:23 -0500] "GET /galeria/nivo-slider/demo/images/4Simple_Slider.png HTTP/1.1" 200 11722
181.54.0.161 - - [29/Mar/2015:04:18:23 -0500] "GET /galeria/nivo-slider/themes/default/loading.gif HTTP/1.1" 200 1737
181.54.0.161 - - [29/Mar/2015:04:18:23 -0500] "GET /galeria/nivo-slider/demo/images/Conoce-los-humedales.jpg HTTP/1.1" 200 294036
181.54.0.161 - - [29/Mar/2015:04:18:23 -0500] "GET /galeria/nivo-slider/demo/images/porloshumedales.jpg HTTP/1.1" 200 351238
181.54.0.161 - - [29/Mar/2015:04:18:23 -0500] "GET /galeria/nivo-slider/demo/images/ecolecta-Dic2014.png HTTP/1.1" 200 288593
181.54.0.161 - - [29/Mar/2015:04:18:23 -0500] "GET /galeria/nivo-slider/demo/images/Tingua-azul.jpg HTTP/1.1" 200 307638
181.54.0.161 - - [29/Mar/2015:04:18:23 -0500] "GET /galeria/nivo-slider/demo/images/banner-llantas2.jpg HTTP/1.1" 200 73153
181.54.0.161 - - [29/Mar/2015:04:18:23 -0500] "GET /galeria/nivo-slider/demo/images/9Signos.jpg HTTP/1.1" 200 93040
181.54.0.161 - - [29/Mar/2015:04:18:24 -0500] "GET /galeria/nivo-slider/themes/default/arrows.png HTTP/1.1" 200 824
181.54.0.161 - - [29/Mar/2015:04:18:24 -0500] "GET /galeria/nivo-slider/themes/default/bullets.png HTTP/1.1" 200 1281
181.54.0.161 - - [29/Mar/2015:04:18:26 -0500] "GET /videos/Humedal_Comunidad.flv HTTP/1.1" 200 81021584
66.249.67.76 - - [29/Mar/2015:04:18:27 -0500] "GET /BLA/resoluciones/index.php?dir=RESOLUCIONES%202007/RES%202007%202301%20AL%202400/&sort=date&order=asc HTTP/1.1" 200 26611
66.249.67.76 - - [29/Mar/2015:04:18:39 -0500] "GET /BLA/resoluciones/RESOLUCIONES%202011/3533.pdf HTTP/1.1" 200 385400
188.165.15.198 - - [29/Mar/2015:04:18:43 -0500] "GET /BLA/resoluciones/RESOLUCIONES%202006/RES%202006%202001-2050/00002028.tif HTTP/1.1" 200 165530
66.249.67.68 - - [29/Mar/2015:04:18:55 -0500] "GET /BLA/resoluciones/RESOLUCIONES%202007/RES%202007%203601%20AL%203700/RESOLUCION%203619%20DE%202007.pdf HTTP/1.1" 200 998334
186.154.25.155 - - [29/Mar/2015:04:12:59 -0500] "GET /ForestMSG_SDA/channelAsync/template_word_17341724?X-Atmosphere-tracking-id=4c48a1f3-1d66-b262-7a32-5e8fdd1076e3&X-Atmosphere-Framework=1.0.5&X-Atmosphere-Transport=long-polling&tabid=0.6107235250528902&X-Cache-Date=0&Content-Type=application/xml&_=1427620540117 HTTP/1.1" 200 8193
181.54.0.161 - - [29/Mar/2015:04:19:27 -0500] "GET /galeria/galeria/jquery.fancybox.css?v=2.1.5 HTTP/1.1" 304 -
181.54.0.161 - - [29/Mar/2015:04:19:27 -0500] "GET /BLA/boletinlegal/js/jquery.scrollTo-min.js HTTP/1.1" 304 -
181.54.0.161 - - [29/Mar/2015:04:19:27 -0500] "GET /galeria/galeria/jquery.fancybox.js?v=2.1.5 HTTP/1.1" 304 -
181.54.0.161 - - [29/Mar/2015:04:19:27 -0500] "GET /BLA/boletinlegal/js/jquery.scrollShow.js HTTP/1.1" 304 -
188.165.15.198 - - [29/Mar/2015:04:20:00 -0500] "GET /BLA/resoluciones/RESOLUCIONES%202002/RES%202002%201651-1700/20021659.tif HTTP/1.1" 200 94020
66.249.67.76 - - [29/Mar/2015:04:20:36 -0500] "GET /BLA/resoluciones/AUTOS%202014/4622.pdf HTTP/1.1" 200 2741907
66.249.67.76 - - [29/Mar/2015:04:21:06 -0500] "GET /BLA/resoluciones/RESOLUCIONES%202011/3566.pdf HTTP/1.1" 200 755118
188.165.15.198 - - [29/Mar/2015:04:21:29 -0500] "GET /BLA/resoluciones/RESOLUCIONES%202003/RES%202003%20001-050/2003RES2.tif HTTP/1.1" 200 71788
188.165.15.198 - - [29/Mar/2015:04:22:01 -0500] "GET /BLA/resoluciones/RESOLUCIONES%202004/RES%202004%201101-1150/00001144.tif HTTP/1.1" 200 199542
196.22.142.2 - - [29/Mar/2015:04:22:04 -0500] "GET /blog/wp-admin/ HTTP/1.1" 404 1018
180.76.6.149 - - [29/Mar/2015:04:22:06 -0500] "GET /BLA/resoluciones/RESOLUCIONES%202011/0548.pdf HTTP/1.1" 200 69239
74.86.158.107 - - [29/Mar/2015:04:22:06 -0500] "HEAD / HTTP/1.1" 302 -
188.165.15.198 - - [29/Mar/2015:04:22:20 -0500] "GET /BLA/resoluciones/RESOLUCIONES%202006/RES%202006%201601-1650/00001602.tif HTTP/1.1" 200 193192
66.249.67.68 - - [29/Mar/2015:04:22:33 -0500] "GET /BLA/resoluciones/RESOLUCIONES%202011/3335.pdf HTTP/1.1" 200 751768
66.249.67.104 - - [29/Mar/2015:04:22:57 -0500] "GET /PruebasSTORM/silvicultura2Pruebas/ HTTP/1.1" 200 1235
66.249.67.68 - - [29/Mar/2015:04:22:59 -0500] "GET /manual_funciones_Listado/index.php?dir=1.1.%20Oficina%20de%20Control%20Interno/&sort=size&order=desc HTTP/1.1" 404 1018
66.249.67.76 - - [29/Mar/2015:04:23:29 -0500] "GET /BLA/resoluciones/AUTOS%202014/4622.pdf HTTP/1.1" 200 2741907
66.249.67.76 - - [29/Mar/2015:04:23:45 -0500] "GET /BLA/resoluciones/RESOLUCIONES%202011/6493.pdf HTTP/1.1" 200 451307
180.76.6.156 - - [29/Mar/2015:04:24:23 -0500] "GET /BLA/resoluciones/AUTOS%202014/1111.pdf HTTP/1.1" 200 424329
66.249.67.76 - - [29/Mar/2015:04:24:43 -0500] "GET /BLA/resoluciones/RESOLUCIONES%202011/5831.pdf HTTP/1.1" 200 540555
188.165.15.198 - - [29/Mar/2015:04:24:57 -0500] "GET /BLA/resoluciones/RESOLUCIONES%202006/RES%202006%202251-2300/00002278.tif HTTP/1.1" 200 305430
186.154.25.155 - - [29/Mar/2015:04:18:59 -0500] "GET /ForestMSG_SDA/channelAsync/template_word_17341724?X-Atmosphere-tracking-id=4c48a1f3-1d66-b262-7a32-5e8fdd1076e3&X-Atmosphere-Framework=1.0.5&X-Atmosphere-Transport=long-polling&tabid=0.6107235250528902&X-Cache-Date=0&Content-Type=application/xml&_=1427620900219 HTTP/1.1" 200 8193
66.249.67.84 - - [29/Mar/2015:04:25:19 -0500] "GET /PruebasSTORM/StormSDA_pruebas/userFiles/user_files/97/ HTTP/1.1" 200 1755
180.76.6.147 - - [29/Mar/2015:04:25:32 -0500] "GET /BLA/resoluciones/RESOLUCIONES%202010/4773.pdf HTTP/1.1" 200 1012409
188.165.15.198 - - [29/Mar/2015:04:25:40 -0500] "GET /BLA/resoluciones/RESOLUCIONES%202006/RES%202006%201-50/00000033.tif HTTP/1.1" 200 374770
188.165.15.198 - - [29/Mar/2015:04:26:18 -0500] "GET /BLA/resoluciones/RESOLUCIONES%202003/RES%202003%201751-1800/20031797.tif HTTP/1.1" 200 57620
180.76.6.225 - - [29/Mar/2015:04:26:40 -0500] "GET /BLA/boletinlegal/Directivas/2011/Directiva%20No.%208%20del%2020%20de%20Septiembre%20de%202011.pdf HTTP/1.1" 200 727150
74.86.158.107 - - [29/Mar/2015:04:27:06 -0500] "HEAD / HTTP/1.1" 302 -
