186.83.131.71 - - [13/Apr/2015:01:48:11 -0500] "GET /galeria/nivo-slider/demo/images/9Signos.jpg HTTP/1.1" 200 81776
186.83.131.71 - - [13/Apr/2015:01:48:12 -0500] "GET /galeria/nivo-slider/themes/default/arrows.png HTTP/1.1" 200 824
186.83.131.71 - - [13/Apr/2015:01:48:12 -0500] "GET /galeria/nivo-slider/themes/default/bullets.png HTTP/1.1" 200 1281
190.238.168.89 - - [13/Apr/2015:01:48:18 -0500] "GET /videos/CRRFFS.mp4 HTTP/1.1" 206 1
180.76.5.144 - - [13/Apr/2015:01:48:22 -0500] "GET /BLA/boletinlegal;jsessionid=5A8D6A0217808C0D8F05911C4E7340BE?/? HTTP/1.1" 404 1018
190.238.168.89 - - [13/Apr/2015:01:48:20 -0500] "GET /videos/CRRFFS.mp4 HTTP/1.1" 206 282698043
66.249.64.172 - - [13/Apr/2015:01:49:08 -0500] "GET /BLA/resoluciones/RESOLUCIONES%202009/4685.pdf HTTP/1.1" 200 707740
180.76.5.143 - - [13/Apr/2015:01:49:24 -0500] "GET /BLA/boletinlegal;jsessionid=FD89E0B154F45BD9A20DEAF4826AB1D3?/? HTTP/1.1" 404 1018
201.102.52.19 - - [13/Apr/2015:01:49:45 -0500] "GET /galeria/galeria/jquery.fancybox.css?v=2.1.5 HTTP/1.1" 200 4895
201.102.52.19 - - [13/Apr/2015:01:49:45 -0500] "GET /BLA/boletinlegal/js/jquery.scrollTo-min.js HTTP/1.1" 200 1150
201.102.52.19 - - [13/Apr/2015:01:49:45 -0500] "GET /BLA/boletinlegal/js/jquery.scrollShow.js HTTP/1.1" 200 4586
201.102.52.19 - - [13/Apr/2015:01:49:45 -0500] "GET /galeria/galeria/jquery.fancybox.js?v=2.1.5 HTTP/1.1" 200 48706
201.102.52.19 - - [13/Apr/2015:01:49:57 -0500] "GET /galeria/galeria/jquery.fancybox.css?v=2.1.5 HTTP/1.1" 304 -
201.102.52.19 - - [13/Apr/2015:01:49:57 -0500] "GET /BLA/boletinlegal/js/jquery.scrollTo-min.js HTTP/1.1" 304 -
201.102.52.19 - - [13/Apr/2015:01:49:57 -0500] "GET /BLA/boletinlegal/js/jquery.scrollShow.js HTTP/1.1" 304 -
201.102.52.19 - - [13/Apr/2015:01:49:57 -0500] "GET /galeria/galeria/jquery.fancybox.js?v=2.1.5 HTTP/1.1" 304 -
66.249.64.172 - - [13/Apr/2015:01:50:24 -0500] "GET /BLA/resoluciones/RESOLUCIONES%202008/2715.pdf HTTP/1.1" 200 367180
186.83.131.71 - - [13/Apr/2015:01:51:16 -0500] "GET /galeria/galeria/jquery.fancybox.css?v=2.1.5 HTTP/1.1" 304 -
186.83.131.71 - - [13/Apr/2015:01:51:16 -0500] "GET /galeria/galeria/jquery.fancybox.js?v=2.1.5 HTTP/1.1" 304 -
186.83.131.71 - - [13/Apr/2015:01:51:16 -0500] "GET /BLA/boletinlegal/js/jquery.scrollTo-min.js HTTP/1.1" 304 -
186.83.131.71 - - [13/Apr/2015:01:51:16 -0500] "GET /BLA/boletinlegal/js/jquery.scrollShow.js HTTP/1.1" 304 -
66.249.64.168 - - [13/Apr/2015:01:51:39 -0500] "GET /BLA/resoluciones/AUTOS%202012/1748.pdf HTTP/1.1" 200 308426
66.249.64.172 - - [13/Apr/2015:01:51:50 -0500] "GET /BLA/resoluciones/AUTOS%202007/0961.pdf HTTP/1.1" 200 127397
207.46.13.5 - - [13/Apr/2015:01:51:50 -0500] "GET /videos/galeria-fotografica/index24.html? HTTP/1.1" 200 2210
207.46.13.5 - - [13/Apr/2015:01:51:50 -0500] "GET /videos/galeria-fotografica/index19.html? HTTP/1.1" 200 1972
66.249.64.168 - - [13/Apr/2015:01:52:12 -0500] "GET /BLA/resoluciones/RESOLUCIONES%202006/RES%202006%202551-2600/00002570.tif HTTP/1.1" 304 -
186.83.131.71 - - [13/Apr/2015:01:52:14 -0500] "GET /galeria/galeria/jquery.fancybox.css?v=2.1.5 HTTP/1.1" 304 -
186.83.131.71 - - [13/Apr/2015:01:52:14 -0500] "GET /BLA/boletinlegal/js/jquery.scrollTo-min.js HTTP/1.1" 304 -
186.83.131.71 - - [13/Apr/2015:01:52:14 -0500] "GET /galeria/galeria/jquery.fancybox.js?v=2.1.5 HTTP/1.1" 304 -
186.83.131.71 - - [13/Apr/2015:01:52:14 -0500] "GET /BLA/boletinlegal/js/jquery.scrollShow.js HTTP/1.1" 304 -
157.55.39.47 - - [13/Apr/2015:01:52:16 -0500] "GET /bla/resoluciones/resoluciones%202009/8779.pdf HTTP/1.1" 200 1286561
186.83.138.53 - - [13/Apr/2015:01:52:42 -0500] "GET /BLA/boletinlegal/js/jquery.scrollTo-min.js HTTP/1.1" 200 1150
186.83.138.53 - - [13/Apr/2015:01:52:42 -0500] "GET /BLA/boletinlegal/js/jquery.scrollShow.js HTTP/1.1" 200 4586
186.83.138.53 - - [13/Apr/2015:01:52:42 -0500] "GET /galeria/galeria/jquery.fancybox.js?v=2.1.5 HTTP/1.1" 200 48706
186.83.138.53 - - [13/Apr/2015:01:52:42 -0500] "GET /galeria/galeria/jquery.fancybox.css?v=2.1.5 HTTP/1.1" 200 4895
186.83.138.53 - - [13/Apr/2015:01:52:51 -0500] "GET /BLA/boletinlegal/js/jquery.scrollShow.js HTTP/1.1" 304 -
186.83.138.53 - - [13/Apr/2015:01:52:51 -0500] "GET /BLA/boletinlegal/js/jquery.scrollTo-min.js HTTP/1.1" 304 -
186.83.138.53 - - [13/Apr/2015:01:52:51 -0500] "GET /galeria/galeria/jquery.fancybox.css?v=2.1.5 HTTP/1.1" 304 -
186.83.138.53 - - [13/Apr/2015:01:52:51 -0500] "GET /galeria/galeria/jquery.fancybox.js?v=2.1.5 HTTP/1.1" 304 -
66.249.64.164 - - [13/Apr/2015:01:52:55 -0500] "GET /BLA/resoluciones/AUTOS%202013/1593.pdf HTTP/1.1" 200 1725992
74.86.158.107 - - [13/Apr/2015:01:53:09 -0500] "HEAD / HTTP/1.1" 200 -
151.237.103.54 - - [13/Apr/2015:01:53:49 -0500] "GET /test/wp-admin/ HTTP/1.1" 404 1018
66.249.64.172 - - [13/Apr/2015:01:54:10 -0500] "GET /BLA/resoluciones/RESOLUCIONES%202013/1363.pdf HTTP/1.1" 200 668317
186.83.131.71 - - [13/Apr/2015:01:55:10 -0500] "GET /galeria/galeria/jquery.fancybox.css?v=2.1.5 HTTP/1.1" 200 4895
186.83.131.71 - - [13/Apr/2015:01:55:10 -0500] "GET /BLA/boletinlegal/js/jquery.scrollTo-min.js HTTP/1.1" 200 1150
186.83.131.71 - - [13/Apr/2015:01:55:10 -0500] "GET /BLA/boletinlegal/js/jquery.scrollShow.js HTTP/1.1" 200 4586
186.83.131.71 - - [13/Apr/2015:01:55:10 -0500] "GET /galeria/galeria/jquery.fancybox.js?v=2.1.5 HTTP/1.1" 200 48706
186.83.131.71 - - [13/Apr/2015:01:55:15 -0500] "GET /galeria/galeria/jquery.fancybox.css?v=2.1.5 HTTP/1.1" 304 -
186.83.131.71 - - [13/Apr/2015:01:55:15 -0500] "GET /BLA/boletinlegal/js/jquery.scrollShow.js HTTP/1.1" 304 -
186.83.131.71 - - [13/Apr/2015:01:55:15 -0500] "GET /BLA/boletinlegal/js/jquery.scrollTo-min.js HTTP/1.1" 304 -
186.83.131.71 - - [13/Apr/2015:01:55:15 -0500] "GET /galeria/galeria/jquery.fancybox.js?v=2.1.5 HTTP/1.1" 304 -
66.249.64.172 - - [13/Apr/2015:01:55:26 -0500] "GET /BLA/resoluciones/AUTOS%202011/0216.pdf HTTP/1.1" 200 194813
66.249.64.164 - - [13/Apr/2015:01:55:35 -0500] "GET /BLA/resoluciones/RESOLUCIONES%202009/9604.pdf HTTP/1.1" 200 321513
180.76.4.240 - - [13/Apr/2015:01:55:38 -0500] "GET / HTTP/1.1" 200 10190
66.249.64.168 - - [13/Apr/2015:01:55:50 -0500] "GET /BLA/resoluciones/RESOLUCIONES%202005/RES%202005%201801-1850/00001810.tif HTTP/1.1" 200 41296
66.249.64.172 - - [13/Apr/2015:01:56:41 -0500] "GET /BLA/resoluciones/Notificaciones/AUTOS%202014/3129.doc HTTP/1.1" 200 139776
186.83.131.71 - - [13/Apr/2015:01:57:13 -0500] "GET /hidrico/aguas%20subterraneas/ HTTP/1.1" 404 1200
123.125.71.103 - - [13/Apr/2015:01:57:31 -0500] "GET /BLA/resoluciones/RESOLUCIONES%202014/3464.pdf HTTP/1.1" 200 817105
180.76.5.145 - - [13/Apr/2015:01:57:41 -0500] "GET /BLA/resoluciones/RESOLUCIONES%202008/1222.pdf HTTP/1.1" 200 47262
66.249.64.172 - - [13/Apr/2015:01:57:57 -0500] "GET /BLA/resoluciones/Notificaciones/AUTOS%202013/1824.doc HTTP/1.1" 200 265728
74.86.158.107 - - [13/Apr/2015:01:58:09 -0500] "HEAD / HTTP/1.1" 200 -
207.46.13.147 - - [13/Apr/2015:01:59:07 -0500] "GET / HTTP/1.1" 200 10190
66.249.64.168 - - [13/Apr/2015:01:59:12 -0500] "GET /BLA/resoluciones/RESOLUCIONES%202007/RES%202007%202501%20AL%202600/RESOLUCION%202537%20DE%202007.pdf HTTP/1.1" 200 64832
66.249.64.172 - - [13/Apr/2015:01:59:23 -0500] "GET /BLA/resoluciones/AUTOS%202008/0127.pdf HTTP/1.1" 200 182766
66.249.64.168 - - [13/Apr/2015:02:00:28 -0500] "GET /BLA/resoluciones/AUTOS%202011/6959.pdf HTTP/1.1" 200 142176
190.111.231.163 - - [13/Apr/2015:02:00:51 -0500] "GET /BLA/resoluciones/RESOLUCIONES%202013/0912.pdf HTTP/1.1" 200 448654
181.143.226.132 - - [13/Apr/2015:02:00:58 -0500] "GET /galeria/galeria/jquery.fancybox.css?v=2.1.5 HTTP/1.1" 200 4895
181.143.226.132 - - [13/Apr/2015:02:00:58 -0500] "GET /BLA/boletinlegal/js/jquery.scrollTo-min.js HTTP/1.1" 200 1150
181.143.226.132 - - [13/Apr/2015:02:00:58 -0500] "GET /BLA/boletinlegal/js/jquery.scrollShow.js HTTP/1.1" 200 4586
181.143.226.132 - - [13/Apr/2015:02:00:58 -0500] "GET /galeria/galeria/jquery.fancybox.js?v=2.1.5 HTTP/1.1" 200 48706
66.249.64.168 - - [13/Apr/2015:02:01:43 -0500] "GET /BLA/resoluciones/RESOLUCIONES%202011/6113.pdf HTTP/1.1" 304 -
88.198.233.69 - - [13/Apr/2015:02:01:59 -0500] "GET / HTTP/1.1" 200 10190
151.237.103.54 - - [13/Apr/2015:02:02:49 -0500] "GET /wordpress/wp-admin/ HTTP/1.1" 404 1018
186.86.242.230 - - [13/Apr/2015:02:02:51 -0500] "GET /BLA/boletinlegal/js/jquery.scrollShow.js HTTP/1.1" 200 4586
186.86.242.230 - - [13/Apr/2015:02:02:51 -0500] "GET /galeria/galeria/jquery.fancybox.css?v=2.1.5 HTTP/1.1" 200 4895
186.86.242.230 - - [13/Apr/2015:02:02:51 -0500] "GET /BLA/boletinlegal/js/jquery.scrollTo-min.js HTTP/1.1" 200 1150
186.86.242.230 - - [13/Apr/2015:02:02:51 -0500] "GET /galeria/galeria/jquery.fancybox.js?v=2.1.5 HTTP/1.1" 200 48706
66.249.64.164 - - [13/Apr/2015:02:02:59 -0500] "GET /BLA/resoluciones/RESOLUCIONES%202008/4786.pdf HTTP/1.1" 200 157359
186.86.242.230 - - [13/Apr/2015:02:03:00 -0500] "GET /galeria/galeria/jquery.fancybox.css?v=2.1.5 HTTP/1.1" 304 -
186.86.242.230 - - [13/Apr/2015:02:03:00 -0500] "GET /BLA/boletinlegal/js/jquery.scrollTo-min.js HTTP/1.1" 304 -
186.86.242.230 - - [13/Apr/2015:02:03:00 -0500] "GET /galeria/galeria/jquery.fancybox.js?v=2.1.5 HTTP/1.1" 304 -
186.86.242.230 - - [13/Apr/2015:02:03:00 -0500] "GET /BLA/boletinlegal/js/jquery.scrollShow.js HTTP/1.1" 304 -
66.249.64.164 - - [13/Apr/2015:02:03:08 -0500] "GET /BLA/resoluciones/AUTOS%202008/0115.pdf HTTP/1.1" 200 164543
74.86.158.107 - - [13/Apr/2015:02:03:09 -0500] "HEAD / HTTP/1.1" 200 -
66.249.64.164 - - [13/Apr/2015:02:03:38 -0500] "GET /BLA/resoluciones/RESOLUCIONES%202004/RES%202004%20601-650/00000638.tif HTTP/1.1" 200 122368
66.249.64.168 - - [13/Apr/2015:02:04:14 -0500] "GET /BLA/resoluciones/AUTOS%202011/1596.pdf HTTP/1.1" 200 135626
190.9.192.112 - - [13/Apr/2015:02:04:44 -0500] "GET /BLA/boletinlegal/js/jquery.scrollTo-min.js HTTP/1.1" 200 1150
190.9.192.112 - - [13/Apr/2015:02:04:44 -0500] "GET /galeria/galeria/jquery.fancybox.css?v=2.1.5 HTTP/1.1" 200 4895
190.9.192.112 - - [13/Apr/2015:02:04:44 -0500] "GET /BLA/boletinlegal/js/jquery.scrollShow.js HTTP/1.1" 200 4586
190.9.192.112 - - [13/Apr/2015:02:04:44 -0500] "GET /galeria/galeria/jquery.fancybox.js?v=2.1.5 HTTP/1.1" 200 48706
190.9.192.112 - - [13/Apr/2015:02:04:55 -0500] "GET /galeria/galeria/jquery.fancybox.css?v=2.1.5 HTTP/1.1" 304 -
190.9.192.112 - - [13/Apr/2015:02:04:55 -0500] "GET /BLA/boletinlegal/js/jquery.scrollTo-min.js HTTP/1.1" 304 -
190.9.192.112 - - [13/Apr/2015:02:04:55 -0500] "GET /BLA/boletinlegal/js/jquery.scrollShow.js HTTP/1.1" 304 -
190.9.192.112 - - [13/Apr/2015:02:04:55 -0500] "GET /galeria/galeria/jquery.fancybox.js?v=2.1.5 HTTP/1.1" 304 -
190.9.192.112 - - [13/Apr/2015:02:04:57 -0500] "GET /BLA/boletinlegal/js/jquery.scrollTo-min.js HTTP/1.1" 200 1150
190.9.192.112 - - [13/Apr/2015:02:04:57 -0500] "GET /BLA/boletinlegal/js/jquery.scrollShow.js HTTP/1.1" 200 4586
190.9.192.112 - - [13/Apr/2015:02:04:57 -0500] "GET /galeria/galeria/jquery.fancybox.js?v=2.1.5 HTTP/1.1" 200 48706
66.249.64.164 - - [13/Apr/2015:02:05:30 -0500] "GET /BLA/resoluciones/AUTOS%202008/0912.pdf HTTP/1.1" 200 72373
66.249.64.172 - - [13/Apr/2015:02:06:45 -0500] "GET /BLA/resoluciones/RESOLUCIONES%202009/0811.pdf HTTP/1.1" 200 63424
66.249.64.164 - - [13/Apr/2015:02:06:58 -0500] "GET /BLA/resoluciones/AUTOS%202007/2726.pdf HTTP/1.1" 200 53135
66.249.64.172 - - [13/Apr/2015:02:08:01 -0500] "GET /BLA/resoluciones/RESOLUCIONES%202007/RES%202007%202401%20AL%202500/RESOLUCION%202459%20DE%202007.pdf HTTP/1.1" 200 858374
74.86.158.107 - - [13/Apr/2015:02:08:09 -0500] "HEAD / HTTP/1.1" 200 -
66.249.64.172 - - [13/Apr/2015:02:09:16 -0500] "GET /BLA/resoluciones/RESOLUCIONES%202008/2232.pdf HTTP/1.1" 200 201021
180.76.5.61 - - [13/Apr/2015:02:09:16 -0500] "GET /BLA/boletinlegal;jsessionid=8DE0F91B3FDE270DF48B98119D93F0F4?/? HTTP/1.1" 404 1018
201.234.75.11 - - [13/Apr/2015:02:09:45 -0500] "GET /StormSDA/stormWeb/presentacion.html HTTP/1.1" 304 -
66.249.64.164 - - [13/Apr/2015:02:10:32 -0500] "GET /BLA/resoluciones/RESOLUCIONES%202011/0325.pdf HTTP/1.1" 200 88729
66.249.64.172 - - [13/Apr/2015:02:10:45 -0500] "GET /BLA/resoluciones/AUTOS%202008/1935.pdf HTTP/1.1" 200 93873
123.125.71.97 - - [13/Apr/2015:02:10:55 -0500] "GET / HTTP/1.1" 200 10190
66.249.64.172 - - [13/Apr/2015:02:11:47 -0500] "GET /BLA/resoluciones/AUTOS%202009/3589.pdf HTTP/1.1" 200 209521
151.237.103.54 - - [13/Apr/2015:02:11:50 -0500] "GET /blog/wp-admin/ HTTP/1.1" 404 1018
66.249.64.168 - - [13/Apr/2015:02:12:44 -0500] "GET /BLA/resoluciones/RESOLUCIONES%202006/RES%202006%202551-2600/00002586.tif HTTP/1.1" 304 -
66.249.64.168 - - [13/Apr/2015:02:13:03 -0500] "GET /BLA/resoluciones/AUTOS%202008/0419.pdf HTTP/1.1" 200 142871
74.86.158.107 - - [13/Apr/2015:02:13:09 -0500] "HEAD / HTTP/1.1" 200 -
66.249.64.172 - - [13/Apr/2015:02:14:18 -0500] "GET /BLA/resoluciones/RESOLUCIONES%202009/3787.pdf HTTP/1.1" 304 -
66.249.64.172 - - [13/Apr/2015:02:14:30 -0500] "GET /BLA/resoluciones/RESOLUCIONES%202009/4750.pdf HTTP/1.1" 200 612049
193.97.170.5 - - [13/Apr/2015:02:15:02 -0500] "GET /galeria/galeria/jquery.fancybox.css?v=2.1.5 HTTP/1.1" 200 4895
193.97.170.5 - - [13/Apr/2015:02:15:02 -0500] "GET /BLA/boletinlegal/js/jquery.scrollShow.js HTTP/1.1" 200 4586
193.97.170.6 - - [13/Apr/2015:02:15:02 -0500] "GET /BLA/boletinlegal/js/jquery.scrollTo-min.js HTTP/1.1" 200 1150
193.97.170.5 - - [13/Apr/2015:02:15:02 -0500] "GET /galeria/galeria/jquery.fancybox.js?v=2.1.5 HTTP/1.1" 200 48706
66.249.64.172 - - [13/Apr/2015:02:15:34 -0500] "GET /BLA/resoluciones/RESOLUCIONES%202009/3442.pdf HTTP/1.1" 200 409048
220.181.108.172 - - [13/Apr/2015:02:16:41 -0500] "GET / HTTP/1.1" 200 10190
66.249.64.164 - - [13/Apr/2015:02:16:49 -0500] "GET /BLA/resoluciones/RESOLUCIONES%202011/1186.pdf HTTP/1.1" 304 -
180.76.6.146 - - [13/Apr/2015:02:16:53 -0500] "GET /BLA/resoluciones/RESOLUCIONES%202010/0854.pdf HTTP/1.1" 200 137192
66.249.64.164 - - [13/Apr/2015:02:18:05 -0500] "GET /BLA/resoluciones/AUTOS%202013/1388.pdf HTTP/1.1" 200 420477
74.86.158.107 - - [13/Apr/2015:02:18:09 -0500] "HEAD / HTTP/1.1" 200 -
66.249.64.172 - - [13/Apr/2015:02:18:20 -0500] "GET /BLA/resoluciones/AUTOS%202007/3558.pdf HTTP/1.1" 200 186846
201.234.75.11 - - [13/Apr/2015:02:19:09 -0500] "GET /galeria/nivo-slider/demo/images/coplima.jpg HTTP/1.1" 304 -
66.249.64.168 - - [13/Apr/2015:02:19:21 -0500] "GET /BLA/resoluciones/RESOLUCIONES%202010/2862.pdf HTTP/1.1" 200 423601
180.76.5.61 - - [13/Apr/2015:02:20:20 -0500] "GET /BLA/boletinlegal;jsessionid=34FC03818E60C0B4E395601746CCE249?/? HTTP/1.1" 404 1018
66.249.64.168 - - [13/Apr/2015:02:20:36 -0500] "GET /BLA/resoluciones/RESOLUCIONES%202014/3003.pdf HTTP/1.1" 200 447115
151.237.103.54 - - [13/Apr/2015:02:20:42 -0500] "GET /wp/wp-admin/ HTTP/1.1" 404 1018
180.76.6.47 - - [13/Apr/2015:02:21:07 -0500] "GET /BLA/resoluciones/AUTOS%202012/0479.pdf HTTP/1.1" 200 286875
186.30.71.156 - - [13/Apr/2015:02:21:50 -0500] "GET /POT-2013/Cartografia/25_Sistema_Equipamientos_Existentes_2013_V1.pdf HTTP/1.1" 206 3191333
66.249.64.168 - - [13/Apr/2015:02:21:52 -0500] "GET /BLA/resoluciones/RESOLUCIONES%202010/1700.pdf HTTP/1.1" 304 -
180.76.6.137 - - [13/Apr/2015:02:21:54 -0500] "GET /BLA/resoluciones/RESOLUCIONES%202007/RES%202007%20101%20AL%20200/RESOLUCION%200147%20DE%202007.pdf HTTP/1.1" 200 326283
66.249.64.168 - - [13/Apr/2015:02:22:05 -0500] "GET /BLA/resoluciones/AUTOS%202013/3059.pdf HTTP/1.1" 200 1194595
180.76.5.145 - - [13/Apr/2015:02:22:41 -0500] "GET /BLA/resoluciones/AUTOS%202012/2723.pdf HTTP/1.1" 200 1163605
66.249.64.164 - - [13/Apr/2015:02:23:07 -0500] "GET /BLA/resoluciones/AUTOS%202013/1640.pdf HTTP/1.1" 200 258035
74.86.158.107 - - [13/Apr/2015:02:23:09 -0500] "HEAD / HTTP/1.1" 200 -
186.30.71.156 - - [13/Apr/2015:02:23:10 -0500] "GET /POT-2013/index.php?dir=Cartografia%2F HTTP/1.1" 200 11465
186.30.71.156 - - [13/Apr/2015:02:23:10 -0500] "GET /POT-2013/dlf/dirup.png HTTP/1.1" 200 644
186.30.71.156 - - [13/Apr/2015:02:23:21 -0500] "GET /POT-2013/index.php HTTP/1.1" 200 2679
186.30.71.156 - - [13/Apr/2015:02:23:23 -0500] "GET /POT-2013/index.php?dir=Articulado%2F HTTP/1.1" 200 1857
186.30.71.156 - - [13/Apr/2015:02:23:27 -0500] "GET /POT-2013/Articulado/MEPOT_CTPD_FEBRERO%2020%20DE%202013.pdf HTTP/1.1" 200 11297416
180.76.5.73 - - [13/Apr/2015:02:23:28 -0500] "GET /BLA/boletinlegal;jsessionid=EB0D83A93F9B85BE748A7B9B7681EAC6?/? HTTP/1.1" 404 1018
186.30.71.156 - - [13/Apr/2015:02:23:28 -0500] "GET /POT-2013/Articulado/MEPOT_CTPD_FEBRERO%2020%20DE%202013.pdf HTTP/1.1" 206 32768
186.30.71.156 - - [13/Apr/2015:02:23:29 -0500] "GET /POT-2013/Articulado/MEPOT_CTPD_FEBRERO%2020%20DE%202013.pdf HTTP/1.1" 206 11264648
66.249.64.168 - - [13/Apr/2015:02:23:51 -0500] "GET /videos/galeria-fotografica/js/jquery-flickr-gallery/jquery-flickr.css HTTP/1.1" 200 711
66.249.64.48 - - [13/Apr/2015:02:24:23 -0500] "GET / HTTP/1.1" 200 10190
66.249.64.172 - - [13/Apr/2015:02:24:38 -0500] "GET /BLA/resoluciones/RESOLUCIONES%202005/RES%202005%202551-2600/00002579.tif HTTP/1.1" 200 169336
66.249.64.164 - - [13/Apr/2015:02:25:38 -0500] "GET /BLA/resoluciones/RESOLUCIONES%202010/7577.pdf HTTP/1.1" 200 171594
66.249.64.164 - - [13/Apr/2015:02:25:54 -0500] "GET /BLA/resoluciones/RESOLUCIONES%202011/0165.pdf HTTP/1.1" 200 323387
180.76.6.153 - - [13/Apr/2015:02:26:15 -0500] "GET /BLA/resoluciones/RESOLUCIONES%202010/0079.pdf HTTP/1.1" 200 539275
66.249.64.164 - - [13/Apr/2015:02:26:40 -0500] "GET /BLA/resoluciones/RESOLUCIONES%202004/RES%202004%20601-650/00000650.tif HTTP/1.1" 200 157534
66.249.64.164 - - [13/Apr/2015:02:26:54 -0500] "GET /BLA/resoluciones/RESOLUCIONES%202010/4181.pdf HTTP/1.1" 200 219483
74.86.158.107 - - [13/Apr/2015:02:28:09 -0500] "HEAD / HTTP/1.1" 200 -
66.249.64.172 - - [13/Apr/2015:02:28:09 -0500] "GET /BLA/resoluciones/AUTOS%202011/3701.pdf HTTP/1.1" 304 -
50.104.205.153 - - [13/Apr/2015:02:29:01 -0500] "GET /webdav/x32.php?host=192.168.254.33&time=60&port=80 HTTP/1.1" 404 1018
66.249.64.168 - - [13/Apr/2015:02:29:25 -0500] "GET /BLA/resoluciones/AUTOS%202011/6538.pdf HTTP/1.1" 200 212025
151.237.103.54 - - [13/Apr/2015:02:29:41 -0500] "GET /old/wp-admin/ HTTP/1.1" 404 1018
66.249.64.164 - - [13/Apr/2015:02:29:42 -0500] "GET /BLA/resoluciones/RESOLUCIONES%202011/4558.pdf HTTP/1.1" 200 487760
186.30.71.156 - - [13/Apr/2015:02:29:45 -0500] "GET /POT-2013/index.php HTTP/1.1" 200 2679
186.30.71.156 - - [13/Apr/2015:02:29:47 -0500] "GET /POT-2013/index.php?dir=DTS%2F HTTP/1.1" 200 1771
186.30.71.156 - - [13/Apr/2015:02:29:49 -0500] "GET /POT-2013/DTS/DTS_20FEB2013_300pm.pdf HTTP/1.1" 200 10600308
186.30.71.156 - - [13/Apr/2015:02:29:49 -0500] "GET /POT-2013/DTS/DTS_20FEB2013_300pm.pdf HTTP/1.1" 206 32768
186.30.71.156 - - [13/Apr/2015:02:29:49 -0500] "GET /POT-2013/DTS/DTS_20FEB2013_300pm.pdf HTTP/1.1" 206 10567540
66.249.64.172 - - [13/Apr/2015:02:30:08 -0500] "GET /BLA/resoluciones/RESOLUCIONES%202006/RES%202006%20601-650/00000634.tif HTTP/1.1" 304 -
66.249.64.168 - - [13/Apr/2015:02:30:40 -0500] "GET /BLA/resoluciones/AUTOS%202011/2347.pdf HTTP/1.1" 200 143923
180.76.6.157 - - [13/Apr/2015:02:30:45 -0500] "GET /BLA/resoluciones/RESOLUCIONES%202007/RES%202007%20701%20AL%20800/RESOLUCION%200795%20DE%202007.pdf HTTP/1.1" 200 566590
220.181.108.90 - - [13/Apr/2015:02:30:51 -0500] "GET /BLA/resoluciones/RESOLUCIONES%202008/3586.pdf HTTP/1.1" 200 288178
123.125.71.97 - - [13/Apr/2015:02:30:52 -0500] "GET /robots.txt HTTP/1.1" 404 1018
50.104.205.153 - - [13/Apr/2015:02:31:30 -0500] "GET /webdav/x32.php?host=192.168.254.33&time=60&port=80 HTTP/1.1" 404 1018
180.76.6.52 - - [13/Apr/2015:02:31:33 -0500] "GET /BLA/resoluciones/RESOLUCIONES%202012/1266.pdf HTTP/1.1" 200 440671
66.249.64.164 - - [13/Apr/2015:02:31:56 -0500] "GET /BLA/resoluciones/AUTOS%202013/2554.pdf HTTP/1.1" 200 1993380
199.195.118.53 - - [13/Apr/2015:02:32:14 -0500] "GET / HTTP/1.1" 200 10190
181.64.192.214 - - [13/Apr/2015:02:32:24 -0500] "GET /galeria/galeria/jquery.fancybox.css?v=2.1.5 HTTP/1.1" 200 4895
181.64.192.214 - - [13/Apr/2015:02:32:24 -0500] "GET /BLA/boletinlegal/js/jquery.scrollTo-min.js HTTP/1.1" 200 1150
181.64.192.214 - - [13/Apr/2015:02:32:24 -0500] "GET /BLA/boletinlegal/js/jquery.scrollShow.js HTTP/1.1" 200 4586
181.64.192.214 - - [13/Apr/2015:02:32:24 -0500] "GET /galeria/galeria/jquery.fancybox.js?v=2.1.5 HTTP/1.1" 200 48706
74.86.158.107 - - [13/Apr/2015:02:33:09 -0500] "HEAD / HTTP/1.1" 200 -
66.249.64.172 - - [13/Apr/2015:02:33:11 -0500] "GET /BLA/resoluciones/RESOLUCIONES%202007/RES%202007%20101%20AL%20200/RESOLUCION%200115%20%20DE%202007.pdf HTTP/1.1" 200 430546
66.249.64.172 - - [13/Apr/2015:02:33:27 -0500] "GET /BLA/resoluciones/RESOLUCIONES%202009/1781.pdf HTTP/1.1" 200 583503
186.30.175.225 - - [13/Apr/2015:02:33:55 -0500] "GET /menu/css/demo.css HTTP/1.1" 404 1342
186.30.175.225 - - [13/Apr/2015:02:33:55 -0500] "GET /menu/css/style.css HTTP/1.1" 404 1342
186.30.175.225 - - [13/Apr/2015:02:33:55 -0500] "GET /menu/js/jquery.easing.1.3.js HTTP/1.1" 404 1342
186.30.175.225 - - [13/Apr/2015:02:33:55 -0500] "GET /menu/js/jquery.mousewheel.js HTTP/1.1" 404 1342
186.30.175.225 - - [13/Apr/2015:02:33:55 -0500] "GET /menu/js/jquery.vaccordion.js HTTP/1.1" 404 1342
186.30.175.225 - - [13/Apr/2015:02:34:04 -0500] "GET /menu/css/demo.css HTTP/1.1" 404 1342
186.30.175.225 - - [13/Apr/2015:02:34:04 -0500] "GET /menu/css/style.css HTTP/1.1" 404 1342
186.30.175.225 - - [13/Apr/2015:02:34:05 -0500] "GET /menu/js/jquery.easing.1.3.js HTTP/1.1" 404 1342
186.30.175.225 - - [13/Apr/2015:02:34:05 -0500] "GET /menu/js/jquery.mousewheel.js HTTP/1.1" 404 1342
186.30.175.225 - - [13/Apr/2015:02:34:05 -0500] "GET /menu/js/jquery.vaccordion.js HTTP/1.1" 404 1342
66.249.64.164 - - [13/Apr/2015:02:34:27 -0500] "GET /BLA/resoluciones/RESOLUCIONES%202007/RES%202007%201001%20AL%201100/RESOLUCION%201062%20DE%202007.pdf HTTP/1.1" 200 76205
186.30.71.156 - - [13/Apr/2015:02:34:59 -0500] "GET /POT-2013/index.php HTTP/1.1" 200 2679
186.30.71.156 - - [13/Apr/2015:02:35:01 -0500] "GET /POT-2013/index.php?dir=expediente%2F HTTP/1.1" 200 1903
186.30.71.156 - - [13/Apr/2015:02:35:05 -0500] "GET /POT-2013/index.php?dir=memoria+justificativa%2F HTTP/1.1" 200 2484
186.30.71.156 - - [13/Apr/2015:02:35:07 -0500] "GET /POT-2013/memoria%20justificativa/ANEXOS_2,3,4.pdf HTTP/1.1" 200 617731
186.30.71.156 - - [13/Apr/2015:02:35:07 -0500] "GET /POT-2013/memoria%20justificativa/ANEXOS_2,3,4.pdf HTTP/1.1" 206 32768
186.30.71.156 - - [13/Apr/2015:02:35:08 -0500] "GET /POT-2013/memoria%20justificativa/ANEXOS_2,3,4.pdf HTTP/1.1" 206 584963
186.30.71.156 - - [13/Apr/2015:02:35:24 -0500] "GET /POT-2013/memoria%20justificativa/ANEXO_1.pdf HTTP/1.1" 200 3808179
186.30.71.156 - - [13/Apr/2015:02:35:24 -0500] "GET /POT-2013/memoria%20justificativa/ANEXO_1.pdf HTTP/1.1" 206 32768
186.30.71.156 - - [13/Apr/2015:02:35:24 -0500] "GET /POT-2013/memoria%20justificativa/ANEXO_1.pdf HTTP/1.1" 206 3775411
66.249.64.164 - - [13/Apr/2015:02:35:42 -0500] "GET /BLA/resoluciones/RESOLUCIONES%202007/RES%202007%202101%20AL%202200/RESOLUCION%202166%20DE%202007.pdf HTTP/1.1" 200 701015
186.30.71.156 - - [13/Apr/2015:02:35:51 -0500] "GET /POT-2013/memoria%20justificativa/ANEXO_5.pdf HTTP/1.1" 200 23205
180.76.5.169 - - [13/Apr/2015:02:35:54 -0500] "GET /BLA/resoluciones/RESOLUCIONES%202008/0013.pdf HTTP/1.1" 200 181445
186.30.71.156 - - [13/Apr/2015:02:35:57 -0500] "GET /POT-2013/memoria%20justificativa/Memoria_Justificativa.pdf HTTP/1.1" 200 2916360
186.30.71.156 - - [13/Apr/2015:02:35:57 -0500] "GET /POT-2013/memoria%20justificativa/Memoria_Justificativa.pdf HTTP/1.1" 206 32768
186.30.71.156 - - [13/Apr/2015:02:35:57 -0500] "GET /POT-2013/memoria%20justificativa/Memoria_Justificativa.pdf HTTP/1.1" 206 2883592
186.113.10.143 - - [13/Apr/2015:02:36:03 -0500] "GET /galeria/nivo-slider/demo/images/no-sea-victima.jpg HTTP/1.1" 304 -
186.30.71.156 - - [13/Apr/2015:02:36:23 -0500] "GET /POT-2013/index.php HTTP/1.1" 200 2679
186.30.71.156 - - [13/Apr/2015:02:36:25 -0500] "GET /POT-2013/index.php?dir=SEGUIMIENTO%2F HTTP/1.1" 200 2147
186.30.71.156 - - [13/Apr/2015:02:36:29 -0500] "GET /POT-2013/SEGUIMIENTO/Anexos_POT_PDD_OCT25.xls.pdf HTTP/1.1" 200 225569
186.30.71.156 - - [13/Apr/2015:02:36:29 -0500] "GET /POT-2013/SEGUIMIENTO/Anexos_POT_PDD_OCT25.xls.pdf HTTP/1.1" 206 32768
186.30.71.156 - - [13/Apr/2015:02:36:29 -0500] "GET /POT-2013/SEGUIMIENTO/Anexos_POT_PDD_OCT25.xls.pdf HTTP/1.1" 206 192801
66.249.64.172 - - [13/Apr/2015:02:36:58 -0500] "GET /BLA/resoluciones/RESOLUCIONES%202010/1696.pdf HTTP/1.1" 200 422222
66.249.64.164 - - [13/Apr/2015:02:37:16 -0500] "GET /BLA/resoluciones/RESOLUCIONES%202007/RES%202007%202301%20AL%202400/RESOLUCION%202341%20DE%202007.pdf HTTP/1.1" 200 62383
180.76.5.60 - - [13/Apr/2015:02:37:47 -0500] "GET /BLA/boletinlegal;jsessionid=020693B9AFCEE623182745870A5AD2EF?/? HTTP/1.1" 404 1018
74.86.158.107 - - [13/Apr/2015:02:38:09 -0500] "HEAD / HTTP/1.1" 200 -
66.249.64.164 - - [13/Apr/2015:02:38:13 -0500] "GET /BLA/resoluciones/AUTOS%202011/1683.pdf HTTP/1.1" 200 158051
66.249.64.164 - - [13/Apr/2015:02:39:29 -0500] "GET /BLA/resoluciones/RESOLUCIONES%202007/RES%202007%202201%20AL%202300/RESOLUCION%202223%20DE%202007.pdf HTTP/1.1" 200 677133
66.249.64.172 - - [13/Apr/2015:02:40:44 -0500] "GET /BLA/resoluciones/AUTOS%202009/2265.pdf HTTP/1.1" 200 122334
66.249.64.172 - - [13/Apr/2015:02:41:04 -0500] "GET /BLA/resoluciones/RESOLUCIONES%202012/1754.pdf HTTP/1.1" 200 1799345
180.76.6.140 - - [13/Apr/2015:02:41:59 -0500] "GET /BLA/resoluciones/RESOLUCIONES%202007/RES%202007%20201%20AL%20300/RESOLUCION%200240%20DE%202007.pdf HTTP/1.1" 200 298902
66.249.64.168 - - [13/Apr/2015:02:42:00 -0500] "GET /BLA/resoluciones/AUTOS%202014/0433.pdf HTTP/1.1" 200 433875
74.86.158.107 - - [13/Apr/2015:02:43:09 -0500] "HEAD / HTTP/1.1" 200 -
66.249.64.168 - - [13/Apr/2015:02:43:15 -0500] "GET /BLA/resoluciones/AUTOS%202011/4411.pdf HTTP/1.1" 200 245701
180.76.6.61 - - [13/Apr/2015:02:43:34 -0500] "GET /BLA/resoluciones/AUTOS%202013/1763.pdf HTTP/1.1" 200 203814
66.249.64.168 - - [13/Apr/2015:02:44:31 -0500] "GET /BLA/resoluciones/RESOLUCIONES%202010/1723.pdf HTTP/1.1" 200 409426
201.245.94.98 - - [13/Apr/2015:02:44:35 -0500] "GET /BLA/boletinlegal/js/jquery.scrollTo-min.js HTTP/1.1" 200 1150
201.245.94.98 - - [13/Apr/2015:02:44:35 -0500] "GET /BLA/boletinlegal/js/jquery.scrollShow.js HTTP/1.1" 200 4586
201.245.94.98 - - [13/Apr/2015:02:44:35 -0500] "GET /galeria/galeria/jquery.fancybox.css?v=2.1.5 HTTP/1.1" 200 4895
201.245.94.98 - - [13/Apr/2015:02:44:35 -0500] "GET /galeria/galeria/jquery.fancybox.js?v=2.1.5 HTTP/1.1" 200 48706
201.245.94.98 - - [13/Apr/2015:02:44:46 -0500] "GET /galeria/galeria/jquery.fancybox.css?v=2.1.5 HTTP/1.1" 304 -
201.245.94.98 - - [13/Apr/2015:02:44:46 -0500] "GET /BLA/boletinlegal/js/jquery.scrollTo-min.js HTTP/1.1" 304 -
201.245.94.98 - - [13/Apr/2015:02:44:46 -0500] "GET /BLA/boletinlegal/js/jquery.scrollShow.js HTTP/1.1" 304 -
201.245.94.98 - - [13/Apr/2015:02:44:46 -0500] "GET /galeria/galeria/jquery.fancybox.js?v=2.1.5 HTTP/1.1" 304 -
66.249.64.172 - - [13/Apr/2015:02:44:49 -0500] "GET /POT-2013/Cartografia/37_PROGRAMA%20DE%20MEJORAMIENTO%20INTEGRAL.pdf HTTP/1.1" 200 4112752
37.228.107.14 - - [13/Apr/2015:02:45:03 -0500] "GET /BLA/boletinlegal/js/jquery.scrollTo-min.js HTTP/1.1" 200 1150
37.228.107.14 - - [13/Apr/2015:02:45:03 -0500] "GET /BLA/boletinlegal/js/jquery.scrollShow.js HTTP/1.1" 200 4586
37.228.107.14 - - [13/Apr/2015:02:45:03 -0500] "GET /galeria/galeria/jquery.fancybox.js?v=2.1.5 HTTP/1.1" 200 48706
37.228.107.14 - - [13/Apr/2015:02:45:04 -0500] "GET /galeria/galeria/jquery.fancybox.css?v=2.1.5 HTTP/1.1" 200 4895
37.228.107.14 - - [13/Apr/2015:02:45:07 -0500] "GET /BLA/boletinlegal/js/jquery.scrollTo-min.js HTTP/1.1" 200 1150
37.228.107.14 - - [13/Apr/2015:02:45:07 -0500] "GET /BLA/boletinlegal/js/jquery.scrollShow.js HTTP/1.1" 200 4586
37.228.107.14 - - [13/Apr/2015:02:45:07 -0500] "GET /galeria/galeria/jquery.fancybox.js?v=2.1.5 HTTP/1.1" 200 48706
37.228.107.14 - - [13/Apr/2015:02:45:07 -0500] "GET /galeria/galeria/jquery.fancybox.css?v=2.1.5 HTTP/1.1" 200 4895
66.249.64.172 - - [13/Apr/2015:02:45:46 -0500] "GET /BLA/resoluciones/AUTOS%202007/1640.pdf HTTP/1.1" 200 128207
66.249.64.164 - - [13/Apr/2015:02:47:02 -0500] "GET /BLA/resoluciones/RESOLUCIONES%202008/2912.pdf HTTP/1.1" 200 238071
66.220.156.115 - - [13/Apr/2015:02:47:53 -0500] "GET /BLA/resoluciones/RESOLUCIONES%202009/1909.pdf HTTP/1.1" 206 524288
66.249.64.48 - - [13/Apr/2015:02:47:57 -0500] "GET /Autoliquidacion/index.php?dir=TR%C1MITES%20AGUAS%20SUPERFICIALES/&sort=name&order=asc HTTP/1.1" 200 2674
180.76.5.172 - - [13/Apr/2015:02:48:06 -0500] "GET /Autoliquidacion/index.php?dir=Grupo%20Forestal%20-%20Industria%20de%20la%20Madera/&sort=size&order=desc HTTP/1.1" 200 7133
74.86.158.107 - - [13/Apr/2015:02:48:09 -0500] "HEAD / HTTP/1.1" 200 -
66.249.64.164 - - [13/Apr/2015:02:48:18 -0500] "GET /BLA/resoluciones/index.php?dir=RESOLUCIONES%202004/RES%202004%201701-1750/&sort=size&order=desc HTTP/1.1" 200 12357
66.249.64.164 - - [13/Apr/2015:02:48:38 -0500] "GET /BLA/resoluciones/RESOLUCIONES%202009/3229.pdf HTTP/1.1" 200 485176
180.76.6.152 - - [13/Apr/2015:02:48:54 -0500] "GET /BLA/resoluciones/AUTOS%202012/1204.pdf HTTP/1.1" 200 171488
68.180.229.40 - - [13/Apr/2015:02:49:32 -0500] "GET /videos/DiadelatierraHD_1min.flv HTTP/1.1" 200 7316200
66.249.64.168 - - [13/Apr/2015:02:49:33 -0500] "GET /BLA/resoluciones/AUTOS%202007/1615.pdf HTTP/1.1" 200 152270
66.249.64.164 - - [13/Apr/2015:02:49:42 -0500] "GET /BLA/resoluciones/RESOLUCIONES%202004/RES%202004%20601-650/00000649.tif HTTP/1.1" 200 63476
207.46.13.140 - - [13/Apr/2015:02:50:31 -0500] "GET /robots.txt HTTP/1.1" 404 1019
66.249.64.172 - - [13/Apr/2015:02:50:49 -0500] "GET /BLA/resoluciones/AUTOS%202011/3109.pdf HTTP/1.1" 200 272451
66.249.64.164 - - [13/Apr/2015:02:51:33 -0500] "GET /BLA/resoluciones/RESOLUCIONES%202006/RES%202006%20601-650/00000641.tif HTTP/1.1" 304 -
66.249.64.172 - - [13/Apr/2015:02:52:04 -0500] "GET /BLA/resoluciones/AUTOS%202012/1575.pdf HTTP/1.1" 200 411568
62.160.8.25 - - [13/Apr/2015:02:52:11 -0500] "GET /BLA/boletinlegal/js/jquery.scrollTo-min.js HTTP/1.1" 200 1150
62.160.8.25 - - [13/Apr/2015:02:52:11 -0500] "GET /galeria/galeria/jquery.fancybox.js?v=2.1.5 HTTP/1.1" 200 48706
62.160.8.25 - - [13/Apr/2015:02:52:11 -0500] "GET /BLA/boletinlegal/js/jquery.scrollShow.js HTTP/1.1" 200 4586
62.160.8.25 - - [13/Apr/2015:02:52:11 -0500] "GET /galeria/galeria/jquery.fancybox.css?v=2.1.5 HTTP/1.1" 200 4895
62.160.8.25 - - [13/Apr/2015:02:52:20 -0500] "GET /BLA/boletinlegal/js/jquery.scrollShow.js HTTP/1.1" 200 4586
62.160.8.25 - - [13/Apr/2015:02:52:20 -0500] "GET /galeria/galeria/jquery.fancybox.css?v=2.1.5 HTTP/1.1" 200 4895
62.160.8.25 - - [13/Apr/2015:02:52:20 -0500] "GET /BLA/boletinlegal/js/jquery.scrollTo-min.js HTTP/1.1" 200 1150
62.160.8.25 - - [13/Apr/2015:02:52:20 -0500] "GET /galeria/galeria/jquery.fancybox.js?v=2.1.5 HTTP/1.1" 200 48706
66.249.64.172 - - [13/Apr/2015:02:52:24 -0500] "GET /BLA/resoluciones/RESOLUCIONES%202008/1580.pdf HTTP/1.1" 200 379464
180.76.6.138 - - [13/Apr/2015:02:52:41 -0500] "GET /BLA/resoluciones/RESOLUCIONES%202007/RES%202007%204301%20AL%204352/RESOLUCION%204339%20DE%202007.pdf HTTP/1.1" 200 895090
157.55.39.215 - - [13/Apr/2015:02:52:58 -0500] "GET /videos/galeria-fotografica/js/jquery-flickr-gallery/jquery-flickr-gallery.js HTTP/1.1" 200 9050
74.86.158.107 - - [13/Apr/2015:02:53:09 -0500] "HEAD / HTTP/1.1" 200 -
66.249.64.164 - - [13/Apr/2015:02:53:20 -0500] "GET /BLA/resoluciones/AUTOS%202011/1675.pdf HTTP/1.1" 200 146859
66.249.64.164 - - [13/Apr/2015:02:53:26 -0500] "GET /BLA/resoluciones/RESOLUCIONES%202005/RES%202005%201151-1200/00001161.tif HTTP/1.1" 200 136576
180.76.5.190 - - [13/Apr/2015:02:53:28 -0500] "GET /BLA/resoluciones/RESOLUCIONES%202007/RES%202007%203301%20AL%203400/RESOLUCION%203362%20DE%202007.pdf HTTP/1.1" 200 581298
66.249.64.164 - - [13/Apr/2015:02:54:35 -0500] "GET /BLA/resoluciones/RESOLUCIONES%202008/2792.pdf HTTP/1.1" 200 255458
66.249.64.168 - - [13/Apr/2015:02:55:51 -0500] "GET /BLA/resoluciones/RESOLUCIONES%202011/2304.pdf HTTP/1.1" 200 411500
201.234.75.11 - - [13/Apr/2015:02:55:51 -0500] "GET /galeria/nivo-slider/demo/images/Jornada-adopcion.jpg HTTP/1.1" 304 -
66.249.64.172 - - [13/Apr/2015:02:56:13 -0500] "GET /BLA/resoluciones/RESOLUCIONES%202012/0908.pdf HTTP/1.1" 200 379330
66.249.64.168 - - [13/Apr/2015:02:57:06 -0500] "GET /BLA/resoluciones/AUTOS%202010/5419.pdf HTTP/1.1" 200 203074
180.76.5.17 - - [13/Apr/2015:02:57:53 -0500] "GET /BLA/resoluciones/RESOLUCIONES%202011/5881.pdf HTTP/1.1" 200 450923
74.86.158.107 - - [13/Apr/2015:02:58:09 -0500] "HEAD / HTTP/1.1" 200 -
66.249.64.164 - - [13/Apr/2015:02:58:22 -0500] "GET /BLA/resoluciones/RESOLUCIONES%202009/0414.pdf HTTP/1.1" 200 213065
66.249.64.172 - - [13/Apr/2015:02:59:37 -0500] "GET /BLA/resoluciones/RESOLUCIONES%202008/3472.pdf HTTP/1.1" 200 234473
180.76.5.18 - - [13/Apr/2015:02:59:42 -0500] "GET /BLA/boletinlegal;jsessionid=C62E6A7523E0727EE4732991FC9F7090?/? HTTP/1.1" 404 1018
66.249.64.172 - - [13/Apr/2015:03:00:00 -0500] "GET /BLA/resoluciones/RESOLUCIONES%202010/1843.pdf HTTP/1.1" 200 413580
66.249.64.172 - - [13/Apr/2015:03:00:53 -0500] "GET /BLA/resoluciones/RESOLUCIONES%202013/0586.pdf HTTP/1.1" 200 2602098
78.4.240.40 - - [13/Apr/2015:03:00:55 -0500] "GET /galeria/galeria/jquery.fancybox.css?v=2.1.5 HTTP/1.1" 200 4895
78.4.240.40 - - [13/Apr/2015:03:00:55 -0500] "GET /BLA/boletinlegal/js/jquery.scrollTo-min.js HTTP/1.1" 200 1150
78.4.240.40 - - [13/Apr/2015:03:00:55 -0500] "GET /BLA/boletinlegal/js/jquery.scrollShow.js HTTP/1.1" 200 4586
78.4.240.40 - - [13/Apr/2015:03:00:55 -0500] "GET /galeria/galeria/jquery.fancybox.js?v=2.1.5 HTTP/1.1" 200 48706
78.4.240.40 - - [13/Apr/2015:03:01:02 -0500] "GET /galeria/galeria/jquery.fancybox.js?v=2.1.5 HTTP/1.1" 304 -
78.4.240.40 - - [13/Apr/2015:03:01:02 -0500] "GET /BLA/boletinlegal/js/jquery.scrollTo-min.js HTTP/1.1" 304 -
78.4.240.40 - - [13/Apr/2015:03:01:02 -0500] "GET /BLA/boletinlegal/js/jquery.scrollShow.js HTTP/1.1" 304 -
78.4.240.40 - - [13/Apr/2015:03:01:02 -0500] "GET /galeria/galeria/jquery.fancybox.css?v=2.1.5 HTTP/1.1" 304 -
66.249.64.172 - - [13/Apr/2015:03:02:08 -0500] "GET /BLA/resoluciones/RESOLUCIONES%202008/5048.pdf HTTP/1.1" 200 240704
88.198.233.69 - - [13/Apr/2015:03:02:10 -0500] "GET / HTTP/1.1" 200 10190
180.76.6.150 - - [13/Apr/2015:03:03:05 -0500] "GET /BLA/boletinlegal;jsessionid=EF41642C63F9872F13BD3CD12C80C189?/? HTTP/1.1" 404 1018
74.86.158.107 - - [13/Apr/2015:03:03:09 -0500] "HEAD / HTTP/1.1" 200 -
66.249.64.168 - - [13/Apr/2015:03:03:24 -0500] "GET /BLA/resoluciones/RESOLUCIONES%202010/0605.pdf HTTP/1.1" 304 -
66.249.64.172 - - [13/Apr/2015:03:03:46 -0500] "GET /BLA/resoluciones/AUTOS%202012/0071.pdf HTTP/1.1" 200 163513
220.181.108.114 - - [13/Apr/2015:03:04:11 -0500] "GET /BLA/resoluciones/RESOLUCIONES%202007/RES%202007%20201%20AL%20300/RESOLUCION%200279%20DE%202007.pdf HTTP/1.1" 200 158805
66.249.64.172 - - [13/Apr/2015:03:04:39 -0500] "GET /BLA/resoluciones/AUTOS%202011/2041.pdf HTTP/1.1" 200 148347
180.76.5.58 - - [13/Apr/2015:03:05:08 -0500] "GET /BLA/resoluciones/RESOLUCIONES%202007/RES%202007%201601%20AL%201725/RESOLUCION%201606%20DE%202007.pdf HTTP/1.1" 200 642057
66.249.64.168 - - [13/Apr/2015:03:05:55 -0500] "GET /BLA/resoluciones/RESOLUCIONES%202009/4931.pdf HTTP/1.1" 200 574317
66.249.64.168 - - [13/Apr/2015:03:07:10 -0500] "GET /BLA/resoluciones/AUTOS%202009/3323.pdf HTTP/1.1" 200 123575
66.249.64.164 - - [13/Apr/2015:03:07:35 -0500] "GET /BLA/resoluciones/RESOLUCIONES%202010/6736.pdf HTTP/1.1" 200 525853
74.86.158.107 - - [13/Apr/2015:03:08:09 -0500] "HEAD / HTTP/1.1" 200 -
66.249.64.168 - - [13/Apr/2015:03:08:26 -0500] "GET /BLA/resoluciones/RESOLUCIONES%202009/8784.pdf HTTP/1.1" 200 550830
66.249.64.168 - - [13/Apr/2015:03:09:41 -0500] "GET /BLA/resoluciones/AUTOS%202011/6985.pdf HTTP/1.1" 200 138367
123.125.71.71 - - [13/Apr/2015:03:10:04 -0500] "GET / HTTP/1.1" 200 10190
66.249.64.164 - - [13/Apr/2015:03:10:57 -0500] "GET /BLA/resoluciones/AUTOS%202007/0308.pdf HTTP/1.1" 200 65640
66.249.64.164 - - [13/Apr/2015:03:11:22 -0500] "GET /BLA/resoluciones/AUTOS%202008/0491.pdf HTTP/1.1" 200 117941
181.54.77.168 - - [13/Apr/2015:03:11:49 -0500] "GET /BLA/resoluciones/AUTOS%202009/0408.pdf HTTP/1.1" 200 107811
181.54.77.168 - - [13/Apr/2015:03:11:52 -0500] "GET /favicon.ico HTTP/1.1" 200 7782
66.249.64.168 - - [13/Apr/2015:03:12:13 -0500] "GET /BLA/resoluciones/AUTOS%202007/2347.pdf HTTP/1.1" 200 87670
66.249.64.164 - - [13/Apr/2015:03:12:38 -0500] "GET /BLA/resoluciones/RESOLUCIONES%202004/RES%202004%20601-650/00000633.tif HTTP/1.1" 200 121404
66.249.64.44 - - [13/Apr/2015:03:12:57 -0500] "GET /PORTAL_SIAC/swf/Residuos/cosmeticos/images/page14_thumbnail.jpg HTTP/1.1" 200 4459
74.86.158.107 - - [13/Apr/2015:03:13:09 -0500] "HEAD / HTTP/1.1" 200 -
66.249.64.164 - - [13/Apr/2015:03:13:28 -0500] "GET /BLA/resoluciones/AUTOS%202013/2165.pdf HTTP/1.1" 200 1847921
180.76.5.24 - - [13/Apr/2015:03:14:16 -0500] "GET /BLA/resoluciones/RESOLUCIONES%202010/2223.pdf HTTP/1.1" 200 511978
66.249.64.172 - - [13/Apr/2015:03:14:43 -0500] "GET /BLA/resoluciones/RESOLUCIONES%202007/RES%202007%201101%20AL%201200/RESOLUCION%201134%20DE%202007.pdf HTTP/1.1" 200 312384
208.113.198.126 - - [13/Apr/2015:03:15:01 -0500] "GET /wp-admin/ HTTP/1.1" 404 1018
66.249.64.172 - - [13/Apr/2015:03:15:08 -0500] "GET /BLA/resoluciones/RESOLUCIONES%202008/1549.pdf HTTP/1.1" 200 261052
180.76.5.59 - - [13/Apr/2015:03:15:17 -0500] "GET /galeria/nivo-slider/demo/ HTTP/1.1" 200 2278
220.181.108.92 - - [13/Apr/2015:03:15:25 -0500] "GET / HTTP/1.1" 200 10190
66.249.64.168 - - [13/Apr/2015:03:15:59 -0500] "GET /BLA/resoluciones/RESOLUCIONES%202009/2491.pdf HTTP/1.1" 200 363100
66.249.64.164 - - [13/Apr/2015:03:17:15 -0500] "GET /BLA/resoluciones/index.php?dir=RESOLUCIONES%202010/&sort=size&order=asc HTTP/1.1" 200 1288837
74.86.158.107 - - [13/Apr/2015:03:18:09 -0500] "HEAD / HTTP/1.1" 200 -
66.249.64.164 - - [13/Apr/2015:03:18:30 -0500] "GET /BLA/resoluciones/RESOLUCIONES%202009/7129.pdf HTTP/1.1" 304 -
66.249.64.164 - - [13/Apr/2015:03:18:57 -0500] "GET /BLA/resoluciones/AUTOS%202009/1606.pdf HTTP/1.1" 200 205320
66.249.64.168 - - [13/Apr/2015:03:19:46 -0500] "GET /BLA/resoluciones/AUTOS%202012/0821.pdf HTTP/1.1" 200 379000
66.249.64.40 - - [13/Apr/2015:03:21:01 -0500] "GET /portalsiaccapacitaciones/Soportes%20Capacitaciones%20A%C3%B1o%202013/0032.%20PRESENTACI%C3%93N%20FUENTES%20FIJAS%20-%2015%20de%20Agosto.pdf HTTP/1.1" 304 -
66.249.64.164 - - [13/Apr/2015:03:22:14 -0500] "GET /BLA/resoluciones/RESOLUCIONES%202005/RES%202005%202601-2650/00002607.tif HTTP/1.1" 200 148480
66.249.64.172 - - [13/Apr/2015:03:22:17 -0500] "GET /BLA/resoluciones/AUTOS%202010/0531.pdf HTTP/1.1" 304 -
66.249.64.164 - - [13/Apr/2015:03:22:42 -0500] "GET /BLA/resoluciones/RESOLUCIONES%202009/5435.pdf HTTP/1.1" 200 678300
186.113.10.143 - - [13/Apr/2015:03:22:49 -0500] "GET /galeria/nivo-slider/demo/images/redes_sociales.jpg HTTP/1.1" 304 -
74.86.158.107 - - [13/Apr/2015:03:23:09 -0500] "HEAD / HTTP/1.1" 200 -
66.249.64.172 - - [13/Apr/2015:03:23:32 -0500] "GET /autoliquidacion/Solicitud%20de%20expedici%C3%B3n%20de%20certificados%20de%20estado%20de%20conservaci%C3%B3n%20ambiental%20(CECA)/Aplicativo%20liquidador%202015%20-%20CECA.xlsx HTTP/1.1" 200 123268
208.113.198.126 - - [13/Apr/2015:03:24:17 -0500] "GET /test/wp-admin/ HTTP/1.1" 404 1018
66.249.64.40 - - [13/Apr/2015:03:24:48 -0500] "GET / HTTP/1.1" 200 10190
66.249.64.168 - - [13/Apr/2015:03:26:03 -0500] "GET /BLA/resoluciones/AUTOS%202014/7159.pdf HTTP/1.1" 304 -
5.9.104.46 - - [13/Apr/2015:03:26:04 -0500] "GET /robots.txt HTTP/1.0" 404 1019
5.9.104.46 - - [13/Apr/2015:03:26:06 -0500] "GET /PruebasSTORM/StormSDA_pruebas/userFiles/user_files/formulas/3/?C=D;O=D HTTP/1.0" 200 111022
5.9.104.46 - - [13/Apr/2015:03:26:13 -0500] "GET /PruebasSTORM/StormSDA_pruebas/userFiles/user_files/formulas/3/?C=M;O=D HTTP/1.0" 200 111022
5.9.104.46 - - [13/Apr/2015:03:26:26 -0500] "GET /PruebasSTORM/StormSDA_pruebas/userFiles/user_files/formulas/3/?C=N;O=A HTTP/1.0" 200 111022
66.249.64.168 - - [13/Apr/2015:03:26:32 -0500] "GET /BLA/resoluciones/RESOLUCIONES%202009/2158.pdf HTTP/1.1" 200 561571
5.9.104.46 - - [13/Apr/2015:03:26:38 -0500] "GET /PruebasSTORM/StormSDA_pruebas/userFiles/user_files/formulas/3/?C=S;O=D HTTP/1.0" 200 111022
120.81.189.34 - - [13/Apr/2015:03:27:54 -0500] "OPTIONS / HTTP/1.1" 200 -
74.86.158.107 - - [13/Apr/2015:03:28:09 -0500] "HEAD / HTTP/1.1" 200 -
66.249.64.172 - - [13/Apr/2015:03:28:34 -0500] "GET /BLA/resoluciones/AUTOS%202008/2144.pdf HTTP/1.1" 304 -
180.76.6.63 - - [13/Apr/2015:03:29:07 -0500] "GET /BLA/resoluciones/AUTOS%202009/1396.pdf HTTP/1.1" 200 116085
66.249.64.164 - - [13/Apr/2015:03:29:50 -0500] "GET /BLA/resoluciones/RESOLUCIONES%202010/2235.pdf HTTP/1.1" 200 473965
180.76.5.65 - - [13/Apr/2015:03:30:09 -0500] "GET /BLA/boletinlegal;jsessionid=E66BDFD645491A2EFA798716652AFC8A?/? HTTP/1.1" 404 1018
66.249.64.172 - - [13/Apr/2015:03:30:19 -0500] "GET /BLA/resoluciones/AUTOS%202012/3098.pdf HTTP/1.1" 200 2046946
66.249.64.168 - - [13/Apr/2015:03:31:05 -0500] "GET /BLA/resoluciones/RESOLUCIONES%202010/7208.pdf HTTP/1.1" 200 111024
190.24.151.57 - - [13/Apr/2015:03:31:23 -0500] "GET /BLA/resoluciones/RESOLUCIONES%202010/6978.pdf HTTP/1.1" 200 249946
199.195.118.53 - - [13/Apr/2015:03:31:42 -0500] "GET / HTTP/1.1" 200 10190
66.249.64.164 - - [13/Apr/2015:03:32:21 -0500] "GET /BLA/resoluciones/AUTOS%202008/0159.pdf HTTP/1.1" 200 155384
74.86.158.107 - - [13/Apr/2015:03:33:09 -0500] "HEAD / HTTP/1.1" 200 -
208.113.198.126 - - [13/Apr/2015:03:33:14 -0500] "GET /wordpress/wp-admin/ HTTP/1.1" 404 1018
95.215.9.222 - - [13/Apr/2015:03:33:25 -0500] "GET / HTTP/1.0" 200 10190
66.249.64.172 - - [13/Apr/2015:03:33:28 -0500] "GET /BLA/resoluciones/RESOLUCIONES%202004/RES%202004%20451-500/00000473.tif HTTP/1.1" 200 57314
66.249.64.168 - - [13/Apr/2015:03:33:36 -0500] "GET /BLA/resoluciones/RESOLUCIONES%202009/3144.pdf HTTP/1.1" 200 476543
181.60.134.122 - - [13/Apr/2015:03:33:48 -0500] "GET /BLA/boletinlegal/js/jquery.scrollTo-min.js HTTP/1.1" 200 1150
181.60.134.122 - - [13/Apr/2015:03:33:48 -0500] "GET /BLA/boletinlegal/js/jquery.scrollShow.js HTTP/1.1" 200 4586
181.60.134.122 - - [13/Apr/2015:03:33:48 -0500] "GET /galeria/galeria/jquery.fancybox.js?v=2.1.5 HTTP/1.1" 200 48706
181.60.134.122 - - [13/Apr/2015:03:33:48 -0500] "GET /galeria/carrusel/Carrusel/jquery-ui-1.8.13.custom.min.js HTTP/1.1" 200 10800
181.60.134.122 - - [13/Apr/2015:03:33:48 -0500] "GET /galeria/carrusel/Carrusel/jquery.thumbnailScroller.js HTTP/1.1" 200 8157
181.60.134.122 - - [13/Apr/2015:03:33:48 -0500] "GET /galeria/carrusel/Carrusel/jquery.thumbnailScroller.css HTTP/1.1" 200 2066
181.60.134.122 - - [13/Apr/2015:03:33:48 -0500] "GET /galeria/galeria/jquery.fancybox.css?v=2.1.5 HTTP/1.1" 200 4895
181.60.134.122 - - [13/Apr/2015:03:33:50 -0500] "GET /galeria/nivo-slider/demo/demo.html HTTP/1.1" 200 4579
181.60.134.122 - - [13/Apr/2015:03:33:57 -0500] "GET /galeria/nivo-slider/themes/default/default.css HTTP/1.1" 200 1569
181.60.134.122 - - [13/Apr/2015:03:33:57 -0500] "GET /galeria/nivo-slider/themes/orman/orman.css HTTP/1.1" 200 2152
181.60.134.122 - - [13/Apr/2015:03:33:57 -0500] "GET /galeria/nivo-slider/themes/pascal/pascal.css HTTP/1.1" 200 2258
181.60.134.122 - - [13/Apr/2015:03:33:57 -0500] "GET /galeria/nivo-slider/demo/images/marcha2015.jpg HTTP/1.1" 200 85177
181.60.134.122 - - [13/Apr/2015:03:33:57 -0500] "GET /galeria/nivo-slider/demo/style.css HTTP/1.1" 200 2222
181.60.134.122 - - [13/Apr/2015:03:33:57 -0500] "GET /galeria/nivo-slider/nivo-slider.css HTTP/1.1" 200 1507
181.60.134.122 - - [13/Apr/2015:03:33:57 -0500] "GET /galeria/nivo-slider/demo/images/no-sea-victima.jpg HTTP/1.1" 200 254155
181.60.134.122 - - [13/Apr/2015:03:33:57 -0500] "GET /galeria/nivo-slider/demo/images/Convocatoria_recicladores.jpg HTTP/1.1" 200 213976
181.60.134.122 - - [13/Apr/2015:03:33:57 -0500] "GET /galeria/nivo-slider/demo/images/acuerdo_569.jpg HTTP/1.1" 200 62670
181.60.134.122 - - [13/Apr/2015:03:33:57 -0500] "GET /galeria/nivo-slider/demo/images/Licitaciones-proyecto-paramo.jpg HTTP/1.1" 200 221877
181.60.134.122 - - [13/Apr/2015:03:33:57 -0500] "GET /galeria/nivo-slider/demo/images/Banner-decreto1299.jpg HTTP/1.1" 200 182613
181.60.134.122 - - [13/Apr/2015:03:33:58 -0500] "GET /galeria/nivo-slider/demo/scripts/jquery-1.7.1.min.js HTTP/1.1" 200 93868
181.60.134.122 - - [13/Apr/2015:03:33:58 -0500] "GET /galeria/nivo-slider/jquery.nivo.slider.pack.js HTTP/1.1" 200 11561
181.60.134.122 - - [13/Apr/2015:03:33:59 -0500] "GET /galeria/nivo-slider/demo/images/Banner-Directorio.jpg HTTP/1.1" 200 182068
181.60.134.122 - - [13/Apr/2015:03:33:59 -0500] "GET /galeria/nivo-slider/demo/images/banner-V2.jpg HTTP/1.1" 200 59297
181.60.134.122 - - [13/Apr/2015:03:33:59 -0500] "GET /galeria/nivo-slider/demo/images/Ruta-vertimientos-01.jpg HTTP/1.1" 200 130151
181.60.134.122 - - [13/Apr/2015:03:34:00 -0500] "GET /galeria/nivo-slider/demo/images/bolsas-06.jpg HTTP/1.1" 200 90982
181.60.134.122 - - [13/Apr/2015:03:34:00 -0500] "GET /galeria/nivo-slider/demo/images/bolsas-08.jpg HTTP/1.1" 200 85589
181.60.134.122 - - [13/Apr/2015:03:34:02 -0500] "GET /galeria/nivo-slider/demo/images/redes_sociales.jpg HTTP/1.1" 304 -
181.60.134.122 - - [13/Apr/2015:03:34:02 -0500] "GET /galeria/nivo-slider/demo/images/Conoce-los-humedales.jpg HTTP/1.1" 304 -
181.60.134.122 - - [13/Apr/2015:03:34:02 -0500] "GET /galeria/nivo-slider/demo/images/9Signos.jpg HTTP/1.1" 200 81776
181.60.134.122 - - [13/Apr/2015:03:34:04 -0500] "GET /forest/index2.jsp?a=0.733576050503009 HTTP/1.1" 200 12815
66.249.64.40 - - [13/Apr/2015:03:34:04 -0500] "GET /Anexos%20estudio%20Organizacional%20SDA/ANEXO%20No.%204%20-%20ENCUESTA%20DE%20AN%C3%81LISIS%20ORGANIZACIONAL/ENCUESTA%20SUBDIRECCI%C3%93N%20SILVICULTURA.DOC HTTP/1.1" 200 245760
181.60.134.122 - - [13/Apr/2015:03:34:04 -0500] "GET /forest/img/forestIcon.gif?version=1503.161801 HTTP/1.1" 200 573
181.60.134.122 - - [13/Apr/2015:03:34:05 -0500] "GET /forest/index2.jsp?a=0.733576050503009 HTTP/1.1" 200 12815
181.60.134.122 - - [13/Apr/2015:03:34:06 -0500] "GET /apple-touch-icon-precomposed.png HTTP/1.1" 404 1120
181.60.134.122 - - [13/Apr/2015:03:34:06 -0500] "GET /apple-touch-icon.png HTTP/1.1" 404 1120
181.60.134.122 - - [13/Apr/2015:03:34:47 -0500] "GET /videos/DiadelatierraHD_1min.flv HTTP/1.1" 200 7316200
66.249.64.172 - - [13/Apr/2015:03:34:52 -0500] "GET /BLA/resoluciones/RESOLUCIONES%202008/3389.pdf HTTP/1.1" 200 282968
190.9.202.99 - - [13/Apr/2015:03:35:51 -0500] "GET /BLA/resoluciones/RESOLUCIONES%202007/RES%202007%201501%20AL%201600/RESOLUCION%201577%20DE%202007.pdf HTTP/1.1" 200 532471
190.9.202.99 - - [13/Apr/2015:03:35:51 -0500] "GET /BLA/resoluciones/RESOLUCIONES%202007/RES%202007%201501%20AL%201600/RESOLUCION%201577%20DE%202007.pdf HTTP/1.1" 206 32768
190.9.202.99 - - [13/Apr/2015:03:35:52 -0500] "GET /BLA/resoluciones/RESOLUCIONES%202007/RES%202007%201501%20AL%201600/RESOLUCION%201577%20DE%202007.pdf HTTP/1.1" 206 499703
190.9.202.99 - - [13/Apr/2015:03:36:02 -0500] "GET /favicon.ico HTTP/1.1" 200 7782
66.249.64.168 - - [13/Apr/2015:03:36:07 -0500] "GET /BLA/resoluciones/RESOLUCIONES%202014/0826.pdf HTTP/1.1" 304 -
66.249.64.164 - - [13/Apr/2015:03:37:23 -0500] "GET /BLA/resoluciones/index.php?dir=RESOLUCIONES%202005/RES%202005%202451-2500/&sort=date&order=asc HTTP/1.1" 200 12370
123.125.71.112 - - [13/Apr/2015:03:37:31 -0500] "GET /BLA/resoluciones/AUTOS%202008/0511.pdf HTTP/1.1" 304 -
123.125.71.113 - - [13/Apr/2015:03:37:32 -0500] "GET /robots.txt HTTP/1.1" 404 1018
66.249.64.172 - - [13/Apr/2015:03:37:54 -0500] "GET /BLA/resoluciones/RESOLUCIONES%202008/3699.pdf HTTP/1.1" 200 225772
74.86.158.107 - - [13/Apr/2015:03:38:09 -0500] "HEAD / HTTP/1.1" 200 -
66.249.64.164 - - [13/Apr/2015:03:38:38 -0500] "GET /BLA/resoluciones/RESOLUCIONES%202008/5591.pdf HTTP/1.1" 200 260766
180.76.5.187 - - [13/Apr/2015:03:39:37 -0500] "GET /BLA/resoluciones/RESOLUCIONES%202010/2161.pdf HTTP/1.1" 200 511134
66.249.64.168 - - [13/Apr/2015:03:39:54 -0500] "GET /BLA/resoluciones/RESOLUCIONES%202012/0618.pdf HTTP/1.1" 200 328549
180.76.5.28 - - [13/Apr/2015:03:40:38 -0500] "GET /BLA/resoluciones/RESOLUCIONES%202009/2732.pdf HTTP/1.1" 200 1124156
66.249.64.172 - - [13/Apr/2015:03:41:09 -0500] "GET /BLA/resoluciones/AUTOS%202011/0036.pdf HTTP/1.1" 200 168503
66.249.64.172 - - [13/Apr/2015:03:41:43 -0500] "GET /BLA/resoluciones/AUTOS%202010/0843.pdf HTTP/1.1" 200 398014
208.113.198.126 - - [13/Apr/2015:03:42:03 -0500] "GET /blog/wp-admin/ HTTP/1.1" 404 1018
186.145.133.70 - - [13/Apr/2015:03:42:06 -0500] "GET /galeria/carrusel/Carrusel/jquery-ui-1.8.13.custom.min.js HTTP/1.1" 200 10800
186.145.133.70 - - [13/Apr/2015:03:42:06 -0500] "GET /galeria/carrusel/Carrusel/jquery.thumbnailScroller.css HTTP/1.1" 200 2066
186.145.133.70 - - [13/Apr/2015:03:42:06 -0500] "GET /BLA/boletinlegal/js/jquery.scrollTo-min.js HTTP/1.1" 200 1150
186.145.133.70 - - [13/Apr/2015:03:42:06 -0500] "GET /galeria/galeria/jquery.fancybox.css?v=2.1.5 HTTP/1.1" 200 4895
186.145.133.70 - - [13/Apr/2015:03:42:06 -0500] "GET /galeria/galeria/jquery.fancybox.js?v=2.1.5 HTTP/1.1" 200 48706
186.145.133.70 - - [13/Apr/2015:03:42:07 -0500] "GET /galeria/carrusel/Carrusel/jquery.thumbnailScroller.js HTTP/1.1" 200 8157
186.145.133.70 - - [13/Apr/2015:03:42:07 -0500] "GET /BLA/boletinlegal/js/jquery.scrollShow.js HTTP/1.1" 200 4586
186.145.133.70 - - [13/Apr/2015:03:42:10 -0500] "GET /galeria/nivo-slider/demo/demo.html HTTP/1.1" 200 4579
186.145.133.70 - - [13/Apr/2015:03:42:10 -0500] "GET /galeria/nivo-slider/themes/default/default.css HTTP/1.1" 200 1569
186.145.133.70 - - [13/Apr/2015:03:42:10 -0500] "GET /galeria/nivo-slider/themes/orman/orman.css HTTP/1.1" 200 2152
186.145.133.70 - - [13/Apr/2015:03:42:10 -0500] "GET /galeria/nivo-slider/nivo-slider.css HTTP/1.1" 200 1507
