201.216.20.108 - - [13/Apr/2015:00:43:06 -0500] "POST /forms/lservlet;jsessionid=ac16012b30d6986a2ed817134ab7a024c8d1604c1db7.e3iSbxaKaheRe3eNbhaPbhuQa41ynknvrkLOlQzNp65In0 HTTP/1.1" 200 7
201.216.20.108 - - [13/Apr/2015:00:43:07 -0500] "POST /forms/lservlet;jsessionid=ac16012b30d6986a2ed817134ab7a024c8d1604c1db7.e3iSbxaKaheRe3eNbhaPbhuQa41ynknvrkLOlQzNp65In0 HTTP/1.1" 200 2
201.216.20.108 - - [13/Apr/2015:00:43:07 -0500] "POST /forms/lservlet;jsessionid=ac16012b30d6986a2ed817134ab7a024c8d1604c1db7.e3iSbxaKaheRe3eNbhaPbhuQa41ynknvrkLOlQzNp65In0 HTTP/1.1" 200 395
201.216.20.108 - - [13/Apr/2015:00:43:07 -0500] "POST /forms/lservlet;jsessionid=ac16012b30d6986a2ed817134ab7a024c8d1604c1db7.e3iSbxaKaheRe3eNbhaPbhuQa41ynknvrkLOlQzNp65In0 HTTP/1.1" 200 7
201.216.20.108 - - [13/Apr/2015:00:43:08 -0500] "POST /forms/lservlet;jsessionid=ac16012b30d6986a2ed817134ab7a024c8d1604c1db7.e3iSbxaKaheRe3eNbhaPbhuQa41ynknvrkLOlQzNp65In0 HTTP/1.1" 200 2
201.216.20.108 - - [13/Apr/2015:00:43:08 -0500] "POST /forms/lservlet;jsessionid=ac16012b30d6986a2ed817134ab7a024c8d1604c1db7.e3iSbxaKaheRe3eNbhaPbhuQa41ynknvrkLOlQzNp65In0 HTTP/1.1" 200 154
201.216.20.108 - - [13/Apr/2015:00:43:08 -0500] "POST /forms/lservlet;jsessionid=ac16012b30d6986a2ed817134ab7a024c8d1604c1db7.e3iSbxaKaheRe3eNbhaPbhuQa41ynknvrkLOlQzNp65In0 HTTP/1.1" 200 2
201.216.20.108 - - [13/Apr/2015:00:43:09 -0500] "POST /forms/lservlet;jsessionid=ac16012b30d6986a2ed817134ab7a024c8d1604c1db7.e3iSbxaKaheRe3eNbhaPbhuQa41ynknvrkLOlQzNp65In0 HTTP/1.1" 200 2
74.86.158.107 - - [13/Apr/2015:00:43:09 -0500] "HEAD / HTTP/1.1" 200 -
201.216.20.108 - - [13/Apr/2015:00:43:09 -0500] "POST /forms/lservlet;jsessionid=ac16012b30d6986a2ed817134ab7a024c8d1604c1db7.e3iSbxaKaheRe3eNbhaPbhuQa41ynknvrkLOlQzNp65In0 HTTP/1.1" 200 8577
201.216.20.108 - - [13/Apr/2015:00:43:09 -0500] "POST /forms/lservlet;jsessionid=ac16012b30d6986a2ed817134ab7a024c8d1604c1db7.e3iSbxaKaheRe3eNbhaPbhuQa41ynknvrkLOlQzNp65In0 HTTP/1.1" 200 2
62.24.122.25 - - [13/Apr/2015:00:43:24 -0500] "GET /wp-admin/ HTTP/1.1" 404 1018
66.249.64.44 - - [13/Apr/2015:00:43:25 -0500] "GET /PORTAL_SIAC/swf/Residuos/impresion/images/page1.swf HTTP/1.1" 200 758003
201.216.20.108 - - [13/Apr/2015:00:43:28 -0500] "POST /forms/lservlet;jsessionid=ac16012b30d6986a2ed817134ab7a024c8d1604c1db7.e3iSbxaKaheRe3eNbhaPbhuQa41ynknvrkLOlQzNp65In0 HTTP/1.1" 200 2
66.249.64.168 - - [13/Apr/2015:00:43:35 -0500] "GET /BLA/resoluciones/RESOLUCIONES%202007/RES%202007%202801%20AL%202900/RESOLUCION%202849%20DE%202007.pdf HTTP/1.1" 200 333870
66.249.64.168 - - [13/Apr/2015:00:43:41 -0500] "GET /BLA/resoluciones/index.php?dir=RESOLUCIONES%202002/RES%202002%20401-450/&sort=name&order=desc HTTP/1.1" 200 12023
66.249.64.48 - - [13/Apr/2015:00:44:10 -0500] "GET /PORTAL_SIAC/swf/Residuos/impresion/images/page2.swf HTTP/1.1" 200 31322
66.249.64.48 - - [13/Apr/2015:00:44:11 -0500] "GET /PORTAL_SIAC/swf/Residuos/impresion/files/search/search1.xml HTTP/1.1" 200 630
66.249.64.172 - - [13/Apr/2015:00:44:56 -0500] "GET /BLA/resoluciones/RESOLUCIONES%202012/0847.pdf HTTP/1.1" 304 -
201.216.20.108 - - [13/Apr/2015:00:45:28 -0500] "POST /forms/lservlet;jsessionid=ac16012b30d6986a2ed817134ab7a024c8d1604c1db7.e3iSbxaKaheRe3eNbhaPbhuQa41ynknvrkLOlQzNp65In0 HTTP/1.1" 200 2
180.76.6.66 - - [13/Apr/2015:00:45:35 -0500] "GET /BLA/resoluciones/RESOLUCIONES%202007/RES%202007%20201%20AL%20300/RESOLUCION%200225%20DE%202007.pdf HTTP/1.1" 200 345276
66.249.64.164 - - [13/Apr/2015:00:46:12 -0500] "GET /BLA/resoluciones/index.php?dir=RESOLUCIONES%202003/RES%202003%20801-850/&sort=size&order=desc HTTP/1.1" 200 11307
66.249.64.44 - - [13/Apr/2015:00:46:36 -0500] "GET /PORTAL_SIAC/swf/Residuos/impresion/files/search/search4.xml HTTP/1.1" 200 10398
66.249.64.40 - - [13/Apr/2015:00:46:36 -0500] "GET /PORTAL_SIAC/swf/Residuos/impresion/images/page5.swf HTTP/1.1" 200 23014
66.249.64.168 - - [13/Apr/2015:00:47:24 -0500] "GET /BLA/resoluciones/RESOLUCIONES%202007/RES%202007%201501%20AL%201600/RESOLUCION%201575%20DE%202007.pdf HTTP/1.1" 200 680956
66.249.64.172 - - [13/Apr/2015:00:47:27 -0500] "GET /BLA/resoluciones/RESOLUCIONES%202007/RES%202007%20801%20AL%20900/RESOLUCION%200856%20DE%202007.pdf HTTP/1.1" 200 1372344
201.216.20.108 - - [13/Apr/2015:00:47:28 -0500] "POST /forms/lservlet;jsessionid=ac16012b30d6986a2ed817134ab7a024c8d1604c1db7.e3iSbxaKaheRe3eNbhaPbhuQa41ynknvrkLOlQzNp65In0 HTTP/1.1" 200 2
180.76.6.154 - - [13/Apr/2015:00:47:37 -0500] "GET /BLA/resoluciones/RESOLUCIONES%202009/8825.pdf HTTP/1.1" 200 1682197
74.86.158.107 - - [13/Apr/2015:00:48:09 -0500] "HEAD / HTTP/1.1" 200 -
54.145.80.183 - - [13/Apr/2015:00:48:23 -0500] "GET /galeria/galeria/jquery.fancybox.js?v=2.1.5 HTTP/1.1" 200 48706
54.145.80.183 - - [13/Apr/2015:00:48:23 -0500] "GET /BLA/boletinlegal/js/jquery.scrollShow.js HTTP/1.1" 200 4586
54.145.80.183 - - [13/Apr/2015:00:48:23 -0500] "GET /BLA/boletinlegal/js/jquery.scrollTo-min.js HTTP/1.1" 200 1150
54.145.80.183 - - [13/Apr/2015:00:48:23 -0500] "GET /galeria/galeria/jquery.fancybox.css?v=2.1.5 HTTP/1.1" 200 4895
180.76.6.133 - - [13/Apr/2015:00:48:39 -0500] "GET /BLA/resoluciones/RESOLUCIONES%202013/0203.pdf HTTP/1.1" 200 2110941
66.249.64.172 - - [13/Apr/2015:00:48:43 -0500] "GET /BLA/resoluciones/RESOLUCIONES%202009/8068.pdf HTTP/1.1" 200 562730
190.12.151.209 - - [13/Apr/2015:00:49:01 -0500] "GET /galeria/galeria/jquery.fancybox.css?v=2.1.5 HTTP/1.1" 200 4895
190.12.151.209 - - [13/Apr/2015:00:49:01 -0500] "GET /BLA/boletinlegal/js/jquery.scrollShow.js HTTP/1.1" 200 4586
190.12.151.209 - - [13/Apr/2015:00:49:01 -0500] "GET /BLA/boletinlegal/js/jquery.scrollTo-min.js HTTP/1.1" 200 1150
190.12.151.209 - - [13/Apr/2015:00:49:01 -0500] "GET /galeria/galeria/jquery.fancybox.js?v=2.1.5 HTTP/1.1" 200 48706
190.12.151.209 - - [13/Apr/2015:00:49:05 -0500] "GET /BLA/boletinlegal/js/jquery.scrollShow.js HTTP/1.1" 304 -
190.12.151.209 - - [13/Apr/2015:00:49:05 -0500] "GET /BLA/boletinlegal/js/jquery.scrollTo-min.js HTTP/1.1" 304 -
190.12.151.209 - - [13/Apr/2015:00:49:05 -0500] "GET /galeria/galeria/jquery.fancybox.js?v=2.1.5 HTTP/1.1" 304 -
190.12.151.209 - - [13/Apr/2015:00:49:05 -0500] "GET /galeria/galeria/jquery.fancybox.css?v=2.1.5 HTTP/1.1" 304 -
201.216.20.108 - - [13/Apr/2015:00:49:28 -0500] "POST /forms/lservlet;jsessionid=ac16012b30d6986a2ed817134ab7a024c8d1604c1db7.e3iSbxaKaheRe3eNbhaPbhuQa41ynknvrkLOlQzNp65In0 HTTP/1.1" 200 2
66.249.64.172 - - [13/Apr/2015:00:49:59 -0500] "GET /BLA/resoluciones/RESOLUCIONES%202009/8649.pdf HTTP/1.1" 200 130859
180.76.5.17 - - [13/Apr/2015:00:50:41 -0500] "GET /BLA/resoluciones/RESOLUCIONES%202010/1756.pdf HTTP/1.1" 200 274663
66.249.64.164 - - [13/Apr/2015:00:51:11 -0500] "GET /BLA/resoluciones/RESOLUCIONES%202009/7655.pdf HTTP/1.1" 200 528333
66.249.64.172 - - [13/Apr/2015:00:51:14 -0500] "GET /BLA/resoluciones/AUTOS%202011/0272.pdf HTTP/1.1" 200 48180
201.216.20.108 - - [13/Apr/2015:00:51:28 -0500] "POST /forms/lservlet;jsessionid=ac16012b30d6986a2ed817134ab7a024c8d1604c1db7.e3iSbxaKaheRe3eNbhaPbhuQa41ynknvrkLOlQzNp65In0 HTTP/1.1" 200 2
66.249.64.164 - - [13/Apr/2015:00:51:32 -0500] "GET /BLA/resoluciones/RESOLUCIONES%202006/RES%202006%202551-2600/00002561.tif HTTP/1.1" 304 -
180.76.5.18 - - [13/Apr/2015:00:51:43 -0500] "GET /BLA/boletinlegal/Circulares/2012/Circular%20No.%2010%20del%2022%20de%20Agosto%20de%202012.pdf HTTP/1.1" 200 1563219
66.249.64.168 - - [13/Apr/2015:00:52:30 -0500] "GET /BLA/resoluciones/AUTOS%202008/2593.pdf HTTP/1.1" 200 360517
180.76.6.134 - - [13/Apr/2015:00:52:44 -0500] "GET /BLA/resoluciones/RESOLUCIONES%202011/4340.pdf HTTP/1.1" 200 607564
157.55.39.47 - - [13/Apr/2015:00:52:49 -0500] "GET /robots.txt HTTP/1.1" 404 1018
157.55.39.47 - - [13/Apr/2015:00:52:53 -0500] "GET /Residuos/impresion/impresion.html HTTP/1.1" 404 1018
207.46.13.147 - - [13/Apr/2015:00:52:58 -0500] "GET /Anexos%20estudio%20Organizacional%20SDA/ANEXO%20No.%203-%20CONTRATACI%C3%93N%20%20OPS%C2%B4s%202008-2012/CONTRATOS%20SDA%202012%20POR%20DEPENDENCIA.xls HTTP/1.1" 200 269824
74.86.158.107 - - [13/Apr/2015:00:53:09 -0500] "HEAD / HTTP/1.1" 200 -
62.24.122.25 - - [13/Apr/2015:00:53:15 -0500] "GET /test/wp-admin/ HTTP/1.1" 404 1018
201.216.20.108 - - [13/Apr/2015:00:53:28 -0500] "POST /forms/lservlet;jsessionid=ac16012b30d6986a2ed817134ab7a024c8d1604c1db7.e3iSbxaKaheRe3eNbhaPbhuQa41ynknvrkLOlQzNp65In0 HTTP/1.1" 200 2
190.216.136.150 - - [13/Apr/2015:00:53:44 -0500] "GET /galeria/galeria/jquery.fancybox.css?v=2.1.5 HTTP/1.1" 200 4895
190.13.109.249 - - [13/Apr/2015:00:53:44 -0500] "GET /galeria/carrusel/Carrusel/jquery.thumbnailScroller.css HTTP/1.1" 200 2066
190.13.109.249 - - [13/Apr/2015:00:53:44 -0500] "GET /BLA/boletinlegal/js/jquery.scrollTo-min.js HTTP/1.1" 200 1150
190.13.109.249 - - [13/Apr/2015:00:53:44 -0500] "GET /BLA/boletinlegal/js/jquery.scrollShow.js HTTP/1.1" 200 4586
190.13.109.249 - - [13/Apr/2015:00:53:44 -0500] "GET /galeria/carrusel/Carrusel/jquery-ui-1.8.13.custom.min.js HTTP/1.1" 200 10800
190.13.109.249 - - [13/Apr/2015:00:53:44 -0500] "GET /galeria/galeria/jquery.fancybox.js?v=2.1.5 HTTP/1.1" 200 48706
190.216.136.150 - - [13/Apr/2015:00:53:44 -0500] "GET /galeria/carrusel/Carrusel/jquery.thumbnailScroller.js HTTP/1.1" 200 8157
190.216.136.150 - - [13/Apr/2015:00:53:45 -0500] "GET /galeria/nivo-slider/demo/demo.html HTTP/1.1" 200 4579
180.76.6.62 - - [13/Apr/2015:00:53:45 -0500] "GET /BLA/resoluciones/RESOLUCIONES%202009/9751.pdf HTTP/1.1" 200 384154
190.13.109.249 - - [13/Apr/2015:00:53:45 -0500] "GET /galeria/nivo-slider/themes/default/default.css HTTP/1.1" 200 1569
190.13.109.249 - - [13/Apr/2015:00:53:45 -0500] "GET /galeria/nivo-slider/themes/pascal/pascal.css HTTP/1.1" 200 2258
190.13.109.249 - - [13/Apr/2015:00:53:45 -0500] "GET /galeria/nivo-slider/themes/orman/orman.css HTTP/1.1" 200 2152
190.13.109.249 - - [13/Apr/2015:00:53:45 -0500] "GET /galeria/nivo-slider/nivo-slider.css HTTP/1.1" 200 1507
190.13.109.249 - - [13/Apr/2015:00:53:45 -0500] "GET /galeria/nivo-slider/demo/style.css HTTP/1.1" 200 2222
66.249.64.168 - - [13/Apr/2015:00:53:45 -0500] "GET /BLA/resoluciones/RESOLUCIONES%202008/0504.pdf HTTP/1.1" 200 809257
190.13.109.249 - - [13/Apr/2015:00:53:45 -0500] "GET /galeria/nivo-slider/demo/images/marcha2015.jpg HTTP/1.1" 200 85177
190.13.109.249 - - [13/Apr/2015:00:53:45 -0500] "GET /galeria/nivo-slider/demo/images/no-sea-victima.jpg HTTP/1.1" 200 254155
190.13.109.249 - - [13/Apr/2015:00:53:45 -0500] "GET /galeria/nivo-slider/demo/images/Convocatoria_recicladores.jpg HTTP/1.1" 200 213976
190.216.136.150 - - [13/Apr/2015:00:53:45 -0500] "GET /galeria/nivo-slider/demo/images/acuerdo_569.jpg HTTP/1.1" 200 62670
190.216.136.150 - - [13/Apr/2015:00:53:46 -0500] "GET /galeria/nivo-slider/demo/scripts/jquery-1.7.1.min.js HTTP/1.1" 200 93868
190.13.109.249 - - [13/Apr/2015:00:53:46 -0500] "GET /galeria/nivo-slider/jquery.nivo.slider.pack.js HTTP/1.1" 200 11561
190.13.109.249 - - [13/Apr/2015:00:53:46 -0500] "GET /galeria/nivo-slider/demo/images/4Simple_Slider.png HTTP/1.1" 200 11722
190.216.136.150 - - [13/Apr/2015:00:53:46 -0500] "GET /galeria/nivo-slider/themes/default/loading.gif HTTP/1.1" 200 1737
190.13.109.249 - - [13/Apr/2015:00:53:46 -0500] "GET /galeria/nivo-slider/demo/images/Licitaciones-proyecto-paramo.jpg HTTP/1.1" 200 221877
190.13.109.249 - - [13/Apr/2015:00:53:46 -0500] "GET /galeria/nivo-slider/demo/images/Banner-decreto1299.jpg HTTP/1.1" 200 182613
190.13.109.249 - - [13/Apr/2015:00:53:46 -0500] "GET /galeria/nivo-slider/demo/images/Banner-Directorio.jpg HTTP/1.1" 200 182068
190.216.136.150 - - [13/Apr/2015:00:53:47 -0500] "GET /galeria/nivo-slider/demo/images/banner-V2.jpg HTTP/1.1" 200 59297
190.13.109.249 - - [13/Apr/2015:00:53:47 -0500] "GET /galeria/nivo-slider/demo/images/Ruta-vertimientos-01.jpg HTTP/1.1" 200 130151
190.13.109.249 - - [13/Apr/2015:00:53:47 -0500] "GET /galeria/nivo-slider/demo/images/bolsas-06.jpg HTTP/1.1" 200 90982
190.216.136.150 - - [13/Apr/2015:00:53:47 -0500] "GET /galeria/nivo-slider/demo/images/bolsas-08.jpg HTTP/1.1" 200 85589
190.13.109.249 - - [13/Apr/2015:00:53:48 -0500] "GET /galeria/nivo-slider/demo/images/redes_sociales.jpg HTTP/1.1" 200 415652
190.216.136.150 - - [13/Apr/2015:00:53:48 -0500] "GET /galeria/nivo-slider/demo/images/Conoce-los-humedales.jpg HTTP/1.1" 200 294036
190.216.136.150 - - [13/Apr/2015:00:53:48 -0500] "GET /galeria/nivo-slider/demo/images/ecolecta-Dic2014.png HTTP/1.1" 200 288593
190.13.109.249 - - [13/Apr/2015:00:53:48 -0500] "GET /galeria/nivo-slider/demo/images/porloshumedales.jpg HTTP/1.1" 200 351238
190.216.136.150 - - [13/Apr/2015:00:53:48 -0500] "GET /galeria/nivo-slider/demo/images/Tingua-azul.jpg HTTP/1.1" 200 307638
190.13.109.249 - - [13/Apr/2015:00:53:49 -0500] "GET /galeria/nivo-slider/demo/images/banner-llantas2.jpg HTTP/1.1" 200 73153
190.13.109.249 - - [13/Apr/2015:00:53:49 -0500] "GET /galeria/nivo-slider/demo/images/9Signos.jpg HTTP/1.1" 200 81776
190.216.136.150 - - [13/Apr/2015:00:53:52 -0500] "GET /galeria/nivo-slider/themes/default/arrows.png HTTP/1.1" 200 824
190.13.109.249 - - [13/Apr/2015:00:53:52 -0500] "GET /galeria/nivo-slider/themes/default/bullets.png HTTP/1.1" 200 1281
66.249.64.172 - - [13/Apr/2015:00:54:57 -0500] "GET /BLA/resoluciones/AUTOS%202013/2331.pdf HTTP/1.1" 200 1450781
66.249.64.168 - - [13/Apr/2015:00:55:01 -0500] "GET /autoliquidacion/TR%C3%81MITES%20AGUAS%20SUBTERR%C3%81NEAS/126PM04-PR94-SOLICITUD%20MODIFICACI%C3%92N%20CONCESI%C3%93N%20AGUAS%20SUBTERR%C3%81NEAS/chequeo.xls HTTP/1.1" 200 195584
201.216.20.108 - - [13/Apr/2015:00:55:28 -0500] "POST /forms/lservlet;jsessionid=ac16012b30d6986a2ed817134ab7a024c8d1604c1db7.e3iSbxaKaheRe3eNbhaPbhuQa41ynknvrkLOlQzNp65In0 HTTP/1.1" 200 2
66.249.64.164 - - [13/Apr/2015:00:56:08 -0500] "GET /BLA/resoluciones/RESOLUCIONES%202003/RES%202003%20451-500/496.tif HTTP/1.1" 200 160784
66.249.64.172 - - [13/Apr/2015:00:56:16 -0500] "GET /BLA/resoluciones/RESOLUCIONES%202011/1263.pdf HTTP/1.1" 200 366146
180.76.6.42 - - [13/Apr/2015:00:56:17 -0500] "GET /BLA/resoluciones/RESOLUCIONES%202007/RES%202007%203301%20AL%203400/RESOLUCION%203337%20DE%202007.pdf HTTP/1.1" 200 317872
180.76.6.61 - - [13/Apr/2015:00:57:18 -0500] "GET /BLA/resoluciones/RESOLUCIONES%202009/1023.pdf HTTP/1.1" 200 200806
201.216.20.108 - - [13/Apr/2015:00:57:28 -0500] "POST /forms/lservlet;jsessionid=ac16012b30d6986a2ed817134ab7a024c8d1604c1db7.e3iSbxaKaheRe3eNbhaPbhuQa41ynknvrkLOlQzNp65In0 HTTP/1.1" 200 2
66.249.64.172 - - [13/Apr/2015:00:57:32 -0500] "GET /BLA/resoluciones/AUTOS%202007/2878.pdf HTTP/1.1" 200 79432
66.249.64.172 - - [13/Apr/2015:00:58:02 -0500] "GET /BLA/resoluciones/AUTOS%202013/3048.pdf HTTP/1.1" 200 3351677
74.86.158.107 - - [13/Apr/2015:00:58:09 -0500] "HEAD / HTTP/1.1" 200 -
66.249.64.172 - - [13/Apr/2015:00:58:32 -0500] "GET /BLA/resoluciones/RESOLUCIONES%202005/RES%202005%202601-2650/00002648.tif HTTP/1.1" 200 736604
66.249.64.168 - - [13/Apr/2015:00:58:46 -0500] "GET /BLA/resoluciones/RESOLUCIONES%202007/RES%202007%20101%20AL%20200/RESOLUCION%200194%20DE%202007.pdf HTTP/1.1" 200 70622
66.249.64.168 - - [13/Apr/2015:00:58:47 -0500] "GET /BLA/resoluciones/AUTOS%202008/0460.pdf HTTP/1.1" 200 101849
201.171.123.75 - - [13/Apr/2015:00:59:24 -0500] "GET /galeria/galeria/jquery.fancybox.css?v=2.1.5 HTTP/1.1" 200 4895
201.171.123.75 - - [13/Apr/2015:00:59:24 -0500] "GET /BLA/boletinlegal/js/jquery.scrollShow.js HTTP/1.1" 200 4586
201.171.123.75 - - [13/Apr/2015:00:59:24 -0500] "GET /galeria/galeria/jquery.fancybox.js?v=2.1.5 HTTP/1.1" 200 48706
201.171.123.75 - - [13/Apr/2015:00:59:24 -0500] "GET /BLA/boletinlegal/js/jquery.scrollTo-min.js HTTP/1.1" 200 1150
201.216.20.108 - - [13/Apr/2015:00:59:28 -0500] "POST /forms/lservlet;jsessionid=ac16012b30d6986a2ed817134ab7a024c8d1604c1db7.e3iSbxaKaheRe3eNbhaPbhuQa41ynknvrkLOlQzNp65In0 HTTP/1.1" 200 2
180.76.6.157 - - [13/Apr/2015:00:59:54 -0500] "GET /BLA/boletinlegal;jsessionid=E89817270497C4785F8A49026F923B62?/? HTTP/1.1" 404 1018
66.249.64.168 - - [13/Apr/2015:01:00:03 -0500] "GET /BLA/resoluciones/RESOLUCIONES%202007/RES%202007%20901%20AL%201000/RESOLUCION%200956%20DE%202007.pdf HTTP/1.1" 200 226802
201.216.20.108 - - [13/Apr/2015:01:00:19 -0500] "POST /forms/lservlet;jsessionid=ac16012b30d6986a2ed817134ab7a024c8d1604c1db7.e3iSbxaKaheRe3eNbhaPbhuQa41ynknvrkLOlQzNp65In0 HTTP/1.1" 200 2
201.216.20.108 - - [13/Apr/2015:01:00:20 -0500] "POST /forms/lservlet;jsessionid=ac16012b30d6986a2ed817134ab7a024c8d1604c1db7.e3iSbxaKaheRe3eNbhaPbhuQa41ynknvrkLOlQzNp65In0 HTTP/1.1" 200 14
201.216.20.108 - - [13/Apr/2015:01:00:21 -0500] "POST /forms/lservlet;jsessionid=ac16012b30d6986a2ed817134ab7a024c8d1604c1db7.e3iSbxaKaheRe3eNbhaPbhuQa41ynknvrkLOlQzNp65In0 HTTP/1.1" 200 14
201.216.20.108 - - [13/Apr/2015:01:00:22 -0500] "POST /forms/lservlet;jsessionid=ac16012b30d6986a2ed817134ab7a024c8d1604c1db7.e3iSbxaKaheRe3eNbhaPbhuQa41ynknvrkLOlQzNp65In0 HTTP/1.1" 200 113
201.216.20.108 - - [13/Apr/2015:01:00:23 -0500] "POST /forms/lservlet;jsessionid=ac16012b30d6986a2ed817134ab7a024c8d1604c1db7.e3iSbxaKaheRe3eNbhaPbhuQa41ynknvrkLOlQzNp65In0 HTTP/1.1" 200 2
201.216.20.108 - - [13/Apr/2015:01:00:23 -0500] "GET /reports/rwservlet/getjobid347032?server=rep_srvapsda HTTP/1.1" 200 47790
201.216.20.108 - - [13/Apr/2015:01:00:24 -0500] "POST /forms/lservlet;jsessionid=ac16012b30d6986a2ed817134ab7a024c8d1604c1db7.e3iSbxaKaheRe3eNbhaPbhuQa41ynknvrkLOlQzNp65In0 HTTP/1.1" 200 2
201.216.20.108 - - [13/Apr/2015:01:00:25 -0500] "POST /forms/lservlet;jsessionid=ac16012b30d6986a2ed817134ab7a024c8d1604c1db7.e3iSbxaKaheRe3eNbhaPbhuQa41ynknvrkLOlQzNp65In0 HTTP/1.1" 200 97
201.216.20.108 - - [13/Apr/2015:01:00:25 -0500] "POST /forms/lservlet;jsessionid=ac16012b30d6986a2ed817134ab7a024c8d1604c1db7.e3iSbxaKaheRe3eNbhaPbhuQa41ynknvrkLOlQzNp65In0 HTTP/1.1" 200 2
201.216.20.108 - - [13/Apr/2015:01:00:25 -0500] "GET /reports/rwservlet/getjobid347033?server=rep_srvapsda HTTP/1.1" 200 47763
64.76.213.197 - - [13/Apr/2015:01:00:33 -0500] "GET /galeria/nivo-slider/demo/images/acuerdo_569.jpg HTTP/1.1" 304 -
190.12.151.209 - - [13/Apr/2015:01:01:03 -0500] "GET /BLA/boletinlegal/js/jquery.scrollTo-min.js HTTP/1.1" 304 -
190.12.151.209 - - [13/Apr/2015:01:01:03 -0500] "GET /galeria/galeria/jquery.fancybox.css?v=2.1.5 HTTP/1.1" 304 -
190.12.151.209 - - [13/Apr/2015:01:01:03 -0500] "GET /BLA/boletinlegal/js/jquery.scrollShow.js HTTP/1.1" 304 -
190.12.151.209 - - [13/Apr/2015:01:01:03 -0500] "GET /galeria/galeria/jquery.fancybox.js?v=2.1.5 HTTP/1.1" 304 -
66.249.64.164 - - [13/Apr/2015:01:01:18 -0500] "GET /BLA/resoluciones/RESOLUCIONES%202010/2181.pdf HTTP/1.1" 304 -
201.216.20.108 - - [13/Apr/2015:01:01:28 -0500] "POST /forms/lservlet;jsessionid=ac16012b30d6986a2ed817134ab7a024c8d1604c1db7.e3iSbxaKaheRe3eNbhaPbhuQa41ynknvrkLOlQzNp65In0 HTTP/1.1" 200 2
88.198.233.69 - - [13/Apr/2015:01:02:00 -0500] "GET / HTTP/1.1" 200 10190
62.24.122.25 - - [13/Apr/2015:01:02:07 -0500] "GET /wordpress/wp-admin/ HTTP/1.1" 404 1018
66.249.64.172 - - [13/Apr/2015:01:02:31 -0500] "GET /BLA/resoluciones/RESOLUCIONES%202009/4075.pdf HTTP/1.1" 200 323893
66.249.64.172 - - [13/Apr/2015:01:02:34 -0500] "GET /BLA/resoluciones/AUTOS%202013/0058.pdf HTTP/1.1" 304 -
180.76.5.188 - - [13/Apr/2015:01:02:58 -0500] "GET /BLA/resoluciones/AUTOS%202009/1924.pdf HTTP/1.1" 200 182898
74.86.158.107 - - [13/Apr/2015:01:03:09 -0500] "HEAD / HTTP/1.1" 200 -
201.216.20.108 - - [13/Apr/2015:01:03:28 -0500] "POST /forms/lservlet;jsessionid=ac16012b30d6986a2ed817134ab7a024c8d1604c1db7.e3iSbxaKaheRe3eNbhaPbhuQa41ynknvrkLOlQzNp65In0 HTTP/1.1" 200 2
66.249.64.172 - - [13/Apr/2015:01:03:49 -0500] "GET /BLA/resoluciones/RESOLUCIONES%202013/1322.pdf HTTP/1.1" 304 -
66.249.64.168 - - [13/Apr/2015:01:05:05 -0500] "GET /BLA/resoluciones/AUTOS%202009/3257.pdf HTTP/1.1" 200 213306
201.216.20.108 - - [13/Apr/2015:01:05:28 -0500] "POST /forms/lservlet;jsessionid=ac16012b30d6986a2ed817134ab7a024c8d1604c1db7.e3iSbxaKaheRe3eNbhaPbhuQa41ynknvrkLOlQzNp65In0 HTTP/1.1" 200 2
66.249.64.172 - - [13/Apr/2015:01:06:20 -0500] "GET /BLA/resoluciones/RESOLUCIONES%202011/1170.pdf HTTP/1.1" 200 264376
66.249.64.168 - - [13/Apr/2015:01:06:21 -0500] "GET /BLA/resoluciones/RESOLUCIONES%202011/3206.pdf HTTP/1.1" 200 2972214
180.76.6.138 - - [13/Apr/2015:01:07:01 -0500] "GET /BLA/boletinlegal;jsessionid=294A27998CC2080A688FDFCC121B5E94?/? HTTP/1.1" 404 1018
201.216.20.108 - - [13/Apr/2015:01:07:29 -0500] "POST /forms/lservlet;jsessionid=ac16012b30d6986a2ed817134ab7a024c8d1604c1db7.e3iSbxaKaheRe3eNbhaPbhuQa41ynknvrkLOlQzNp65In0 HTTP/1.1" 200 2
66.249.64.172 - - [13/Apr/2015:01:07:36 -0500] "GET /BLA/resoluciones/AUTOS%202012/1756.pdf HTTP/1.1" 304 -
190.28.146.196 - - [13/Apr/2015:01:08:05 -0500] "GET /BLA/boletinlegal/js/jquery.scrollTo-min.js HTTP/1.1" 200 1150
190.28.146.196 - - [13/Apr/2015:01:08:05 -0500] "GET /galeria/galeria/jquery.fancybox.js?v=2.1.5 HTTP/1.1" 200 48706
190.28.146.196 - - [13/Apr/2015:01:08:05 -0500] "GET /galeria/galeria/jquery.fancybox.css?v=2.1.5 HTTP/1.1" 200 4895
190.28.146.196 - - [13/Apr/2015:01:08:05 -0500] "GET /BLA/boletinlegal/js/jquery.scrollShow.js HTTP/1.1" 200 4586
74.86.158.107 - - [13/Apr/2015:01:08:09 -0500] "HEAD / HTTP/1.1" 200 -
66.249.64.168 - - [13/Apr/2015:01:08:51 -0500] "GET /BLA/resoluciones/RESOLUCIONES%202009/4394.pdf HTTP/1.1" 200 202239
180.76.5.21 - - [13/Apr/2015:01:09:03 -0500] "GET /BLA/resoluciones/RESOLUCIONES%202007/RES%202007%20501%20AL%20600/RESOLUCION%200546%20DE%202007.pdf HTTP/1.1" 200 434322
201.216.20.108 - - [13/Apr/2015:01:09:29 -0500] "POST /forms/lservlet;jsessionid=ac16012b30d6986a2ed817134ab7a024c8d1604c1db7.e3iSbxaKaheRe3eNbhaPbhuQa41ynknvrkLOlQzNp65In0 HTTP/1.1" 200 2
180.76.6.154 - - [13/Apr/2015:01:10:05 -0500] "GET /BLA/resoluciones/RESOLUCIONES%202014/1622.pdf HTTP/1.1" 200 1948014
66.249.64.172 - - [13/Apr/2015:01:10:07 -0500] "GET /BLA/resoluciones/AUTOS%202013/0516.pdf HTTP/1.1" 200 1132312
66.249.64.168 - - [13/Apr/2015:01:10:09 -0500] "GET /BLA/resoluciones/RESOLUCIONES%202012/0042.pdf HTTP/1.1" 200 797096
186.83.86.180 - - [13/Apr/2015:01:10:10 -0500] "GET /BLA/resoluciones/RESOLUCIONES%202007/RES%202007%201401%20AL%201500/RESOLUCION%201402%20DE%202007.pdf HTTP/1.1" 200 224148
186.83.86.180 - - [13/Apr/2015:01:10:16 -0500] "GET /BLA/resoluciones/RESOLUCIONES%202007/RES%202007%201401%20AL%201500/RESOLUCION%201402%20DE%202007.pdf HTTP/1.1" 200 224148
62.24.122.25 - - [13/Apr/2015:01:11:04 -0500] "GET /blog/wp-admin/ HTTP/1.1" 404 1018
66.249.64.164 - - [13/Apr/2015:01:11:22 -0500] "GET /BLA/resoluciones/AUTOS%202007/1891.pdf HTTP/1.1" 200 124700
201.216.20.108 - - [13/Apr/2015:01:11:29 -0500] "POST /forms/lservlet;jsessionid=ac16012b30d6986a2ed817134ab7a024c8d1604c1db7.e3iSbxaKaheRe3eNbhaPbhuQa41ynknvrkLOlQzNp65In0 HTTP/1.1" 200 2
66.249.64.172 - - [13/Apr/2015:01:12:05 -0500] "GET /BLA/resoluciones/RESOLUCIONES%202006/RES%202006%202551-2600/00002600.tif HTTP/1.1" 304 -
180.76.5.28 - - [13/Apr/2015:01:12:07 -0500] "GET /BLA/resoluciones/RESOLUCIONES%202009/0320.pdf HTTP/1.1" 200 218849
190.13.63.107 - - [13/Apr/2015:01:12:17 -0500] "GET /BLA/resoluciones/RESOLUCIONES%202007/RES%202007%202301%20AL%202400/RESOLUCION%202347%20DE%202007.pdf HTTP/1.1" 200 381354
190.13.63.107 - - [13/Apr/2015:01:12:17 -0500] "GET /BLA/resoluciones/RESOLUCIONES%202007/RES%202007%202301%20AL%202400/RESOLUCION%202347%20DE%202007.pdf HTTP/1.1" 206 32768
190.13.63.107 - - [13/Apr/2015:01:12:17 -0500] "GET /BLA/resoluciones/RESOLUCIONES%202007/RES%202007%202301%20AL%202400/RESOLUCION%202347%20DE%202007.pdf HTTP/1.1" 206 348586
190.13.63.107 - - [13/Apr/2015:01:12:18 -0500] "GET /favicon.ico HTTP/1.1" 200 7782
186.181.144.157 - - [13/Apr/2015:01:12:37 -0500] "GET /portalsiaccapacitaciones/Soportes%20Capacitaciones%20A%C3%B1o%202014/0103.%20Presentaci%C3%B3n%20Guia%20PGIRCD%2030-09-14.pdf HTTP/1.1" 200 1605907
186.181.144.157 - - [13/Apr/2015:01:12:38 -0500] "GET /portalsiaccapacitaciones/Soportes%20Capacitaciones%20A%C3%B1o%202014/0103.%20Presentaci%C3%B3n%20Guia%20PGIRCD%2030-09-14.pdf HTTP/1.1" 206 32768
66.249.64.164 - - [13/Apr/2015:01:12:38 -0500] "GET /BLA/resoluciones/RESOLUCIONES%202007/RES%202007%20101%20AL%20200/RESOLUCION%200118%20DE%202007.pdf HTTP/1.1" 200 276741
186.181.144.157 - - [13/Apr/2015:01:12:40 -0500] "GET /portalsiaccapacitaciones/Soportes%20Capacitaciones%20A%C3%B1o%202014/0103.%20Presentaci%C3%B3n%20Guia%20PGIRCD%2030-09-14.pdf HTTP/1.1" 206 1573139
186.181.144.157 - - [13/Apr/2015:01:12:49 -0500] "GET /portalsiaccapacitaciones/Soportes%20Capacitaciones%20A%C3%B1o%202014/0103.%20Presentaci%C3%B3n%20Guia%20PGIRCD%2030-09-14.pdf HTTP/1.1" 206 1412749
180.76.5.61 - - [13/Apr/2015:01:13:08 -0500] "GET /BLA/resoluciones/AUTOS%202012/1551.pdf HTTP/1.1" 200 370001
74.86.158.107 - - [13/Apr/2015:01:13:09 -0500] "HEAD / HTTP/1.1" 200 -
201.216.20.108 - - [13/Apr/2015:01:13:29 -0500] "POST /forms/lservlet;jsessionid=ac16012b30d6986a2ed817134ab7a024c8d1604c1db7.e3iSbxaKaheRe3eNbhaPbhuQa41ynknvrkLOlQzNp65In0 HTTP/1.1" 200 2
186.181.144.157 - - [13/Apr/2015:01:13:43 -0500] "GET /favicon.ico HTTP/1.1" 200 7782
66.249.64.168 - - [13/Apr/2015:01:13:53 -0500] "GET /BLA/resoluciones/AUTOS%202012/0029.pdf HTTP/1.1" 200 190048
180.76.5.197 - - [13/Apr/2015:01:14:10 -0500] "GET /BLA/resoluciones/RESOLUCIONES%202008/0154.pdf HTTP/1.1" 200 59559
62.210.138.75 - - [13/Apr/2015:01:14:12 -0500] "GET /BLA/boletinlegal/js/jquery.scrollTo-min.js HTTP/1.1" 200 1150
62.210.138.75 - - [13/Apr/2015:01:14:12 -0500] "GET /BLA/boletinlegal/js/jquery.scrollShow.js HTTP/1.1" 200 4586
62.210.138.75 - - [13/Apr/2015:01:14:12 -0500] "GET /galeria/galeria/jquery.fancybox.js?v=2.1.5 HTTP/1.1" 200 48706
62.210.138.75 - - [13/Apr/2015:01:14:12 -0500] "GET /galeria/carrusel/Carrusel/jquery-ui-1.8.13.custom.min.js HTTP/1.1" 200 10800
62.210.138.75 - - [13/Apr/2015:01:14:12 -0500] "GET /galeria/carrusel/Carrusel/jquery.thumbnailScroller.js HTTP/1.1" 200 8157
62.210.138.75 - - [13/Apr/2015:01:14:14 -0500] "GET /galeria/nivo-slider/demo/demo.html HTTP/1.1" 200 4579
62.210.138.75 - - [13/Apr/2015:01:14:14 -0500] "GET /galeria/nivo-slider/demo/scripts/jquery-1.7.1.min.js HTTP/1.1" 200 93868
62.210.138.75 - - [13/Apr/2015:01:14:14 -0500] "GET /galeria/nivo-slider/jquery.nivo.slider.pack.js HTTP/1.1" 200 11561
190.78.100.141 - - [13/Apr/2015:01:14:27 -0500] "GET /webdav/x32.php HTTP/1.1" 404 1018
66.249.64.172 - - [13/Apr/2015:01:15:09 -0500] "GET /BLA/resoluciones/RESOLUCIONES%202012/0770.pdf HTTP/1.1" 304 -
201.216.20.108 - - [13/Apr/2015:01:15:29 -0500] "POST /forms/lservlet;jsessionid=ac16012b30d6986a2ed817134ab7a024c8d1604c1db7.e3iSbxaKaheRe3eNbhaPbhuQa41ynknvrkLOlQzNp65In0 HTTP/1.1" 200 2
190.240.120.34 - - [13/Apr/2015:01:15:47 -0500] "GET /BLA/boletinlegal/js/jquery.scrollTo-min.js HTTP/1.1" 200 1150
190.240.120.34 - - [13/Apr/2015:01:15:47 -0500] "GET /BLA/boletinlegal/js/jquery.scrollShow.js HTTP/1.1" 200 4586
190.240.120.34 - - [13/Apr/2015:01:15:48 -0500] "GET /galeria/galeria/jquery.fancybox.css?v=2.1.5 HTTP/1.1" 200 4895
190.240.120.34 - - [13/Apr/2015:01:15:48 -0500] "GET /galeria/galeria/jquery.fancybox.js?v=2.1.5 HTTP/1.1" 200 48706
66.249.64.164 - - [13/Apr/2015:01:16:18 -0500] "GET /BLA/resoluciones/RESOLUCIONES%202004/RES%202004%2051-100/00000096.tif HTTP/1.1" 200 103916
66.249.64.164 - - [13/Apr/2015:01:16:24 -0500] "GET /BLA/resoluciones/RESOLUCIONES%202009/8632.pdf HTTP/1.1" 304 -
190.240.120.34 - - [13/Apr/2015:01:16:26 -0500] "GET /galeria/galeria/jquery.fancybox.css?v=2.1.5 HTTP/1.1" 304 -
190.240.120.34 - - [13/Apr/2015:01:16:26 -0500] "GET /BLA/boletinlegal/js/jquery.scrollTo-min.js HTTP/1.1" 304 -
190.240.120.34 - - [13/Apr/2015:01:16:26 -0500] "GET /BLA/boletinlegal/js/jquery.scrollShow.js HTTP/1.1" 304 -
190.240.120.34 - - [13/Apr/2015:01:16:27 -0500] "GET /galeria/galeria/jquery.fancybox.js?v=2.1.5 HTTP/1.1" 304 -
181.62.188.165 - - [13/Apr/2015:01:16:32 -0500] "GET /BLA/boletinlegal/js/jquery.scrollShow.js HTTP/1.1" 200 4586
181.62.188.165 - - [13/Apr/2015:01:16:32 -0500] "GET /BLA/boletinlegal/js/jquery.scrollTo-min.js HTTP/1.1" 200 1150
181.62.188.165 - - [13/Apr/2015:01:16:32 -0500] "GET /galeria/galeria/jquery.fancybox.css?v=2.1.5 HTTP/1.1" 200 4895
181.62.188.165 - - [13/Apr/2015:01:16:32 -0500] "GET /galeria/galeria/jquery.fancybox.js?v=2.1.5 HTTP/1.1" 200 48706
181.62.188.165 - - [13/Apr/2015:01:16:43 -0500] "GET /galeria/galeria/jquery.fancybox.css?v=2.1.5 HTTP/1.1" 304 -
181.62.188.165 - - [13/Apr/2015:01:16:43 -0500] "GET /BLA/boletinlegal/js/jquery.scrollTo-min.js HTTP/1.1" 304 -
181.62.188.165 - - [13/Apr/2015:01:16:43 -0500] "GET /BLA/boletinlegal/js/jquery.scrollShow.js HTTP/1.1" 304 -
181.62.188.165 - - [13/Apr/2015:01:16:43 -0500] "GET /galeria/galeria/jquery.fancybox.js?v=2.1.5 HTTP/1.1" 304 -
201.216.20.108 - - [13/Apr/2015:01:17:29 -0500] "POST /forms/lservlet;jsessionid=ac16012b30d6986a2ed817134ab7a024c8d1604c1db7.e3iSbxaKaheRe3eNbhaPbhuQa41ynknvrkLOlQzNp65In0 HTTP/1.1" 200 2
66.249.64.164 - - [13/Apr/2015:01:17:40 -0500] "GET /BLA/resoluciones/AUTOS%202007/1654.pdf HTTP/1.1" 304 -
66.249.64.164 - - [13/Apr/2015:01:17:42 -0500] "GET /BLA/resoluciones/RESOLUCIONES%202009/9801.pdf HTTP/1.1" 200 639785
188.165.25.173 - - [13/Apr/2015:01:18:04 -0500] "GET /robots.txt HTTP/1.0" 404 1019
74.86.158.107 - - [13/Apr/2015:01:18:09 -0500] "HEAD / HTTP/1.1" 200 -
188.165.25.173 - - [13/Apr/2015:01:18:11 -0500] "GET /PruebasSTORM/StormSDA_pruebas/userFiles/user_files/formatos/eventos/?C=D;O=D HTTP/1.0" 200 917
188.165.25.173 - - [13/Apr/2015:01:18:19 -0500] "GET /PruebasSTORM/StormSDA_pruebas/userFiles/user_files/formatos/eventos/?C=M;O=D HTTP/1.0" 200 917
188.165.25.173 - - [13/Apr/2015:01:18:27 -0500] "GET /PruebasSTORM/StormSDA_pruebas/userFiles/user_files/formatos/eventos/?C=S;O=D HTTP/1.0" 200 917
188.165.25.173 - - [13/Apr/2015:01:18:37 -0500] "GET /StormSDA/userFiles%20-%20Copy%2019-07-2012/user_files/formatos/eventos/?C=D;O=D HTTP/1.0" 200 914
188.165.25.173 - - [13/Apr/2015:01:18:46 -0500] "GET /StormSDA/userFiles%20-%20Copy%2019-07-2012/user_files/formatos/eventos/?C=M;O=D HTTP/1.0" 200 914
188.165.25.173 - - [13/Apr/2015:01:18:52 -0500] "GET /StormSDA/userFiles%20-%20Copy%2019-07-2012/user_files/formatos/eventos/?C=S;O=D HTTP/1.0" 200 914
123.125.71.105 - - [13/Apr/2015:01:18:52 -0500] "GET / HTTP/1.1" 200 10190
66.249.64.40 - - [13/Apr/2015:01:18:56 -0500] "GET / HTTP/1.1" 200 10190
188.165.25.173 - - [13/Apr/2015:01:19:00 -0500] "GET /StormSDA/userFiles%20-%20Copy%2019-07-2012/user_files/formulas/2/?C=D;O=D HTTP/1.0" 200 902
188.165.25.173 - - [13/Apr/2015:01:19:10 -0500] "GET /StormSDA/userFiles%20-%20Copy%2019-07-2012/user_files/formulas/2/?C=M;O=D HTTP/1.0" 200 902
188.165.25.173 - - [13/Apr/2015:01:19:14 -0500] "GET /StormSDA/userFiles%20-%20Copy%2019-07-2012/user_files/formulas/2/?C=S;O=D HTTP/1.0" 200 902
188.165.25.173 - - [13/Apr/2015:01:19:25 -0500] "GET /StormSDA/userFiles%20-%20Copy%2019-07-2012/user_files/formulas/3/?C=D;O=D HTTP/1.0" 200 902
201.216.20.108 - - [13/Apr/2015:01:19:29 -0500] "POST /forms/lservlet;jsessionid=ac16012b30d6986a2ed817134ab7a024c8d1604c1db7.e3iSbxaKaheRe3eNbhaPbhuQa41ynknvrkLOlQzNp65In0 HTTP/1.1" 200 2
188.165.25.173 - - [13/Apr/2015:01:19:33 -0500] "GET /StormSDA/userFiles%20-%20Copy%2019-07-2012/user_files/formulas/3/?C=M;O=D HTTP/1.0" 200 902
188.165.25.173 - - [13/Apr/2015:01:19:42 -0500] "GET /StormSDA/userFiles%20-%20Copy%2019-07-2012/user_files/formulas/3/?C=S;O=D HTTP/1.0" 200 902
188.165.25.173 - - [13/Apr/2015:01:19:47 -0500] "GET /StormSDA/userFiles%20-%20Copy%2019-07-2012/user_files/formulas/4/?C=D;O=D HTTP/1.0" 200 902
62.24.122.25 - - [13/Apr/2015:01:19:47 -0500] "GET /wp/wp-admin/ HTTP/1.1" 404 1018
188.165.25.173 - - [13/Apr/2015:01:19:56 -0500] "GET /StormSDA/userFiles%20-%20Copy%2019-07-2012/user_files/formulas/4/?C=M;O=D HTTP/1.0" 200 902
188.165.25.173 - - [13/Apr/2015:01:20:02 -0500] "GET /StormSDA/userFiles%20-%20Copy%2019-07-2012/user_files/formulas/4/?C=S;O=D HTTP/1.0" 200 902
66.249.64.164 - - [13/Apr/2015:01:20:11 -0500] "GET /BLA/resoluciones/RESOLUCIONES%202014/2245.pdf HTTP/1.1" 200 456037
188.165.25.173 - - [13/Apr/2015:01:20:12 -0500] "GET /StormSDA/userFiles/user_files/formatos/eventos/?C=D;O=D HTTP/1.0" 200 854
188.165.25.173 - - [13/Apr/2015:01:20:18 -0500] "GET /StormSDA/userFiles/user_files/formatos/eventos/?C=M;O=D HTTP/1.0" 200 854
66.249.64.168 - - [13/Apr/2015:01:20:21 -0500] "GET /BLA/resoluciones/RESOLUCIONES%202011/2888.pdf HTTP/1.1" 304 -
180.76.5.60 - - [13/Apr/2015:01:20:22 -0500] "GET /BLA/boletinlegal;jsessionid=20721916892C40CA063F32A79B40401B?/? HTTP/1.1" 404 1018
188.165.25.173 - - [13/Apr/2015:01:20:26 -0500] "GET /StormSDA/userFiles/user_files/formatos/eventos/?C=S;O=D HTTP/1.0" 200 854
188.165.25.173 - - [13/Apr/2015:01:20:34 -0500] "GET /StormSDA/userFiles/user_files/formulas/2/?C=D;O=D HTTP/1.0" 200 842
186.28.43.238 - - [13/Apr/2015:01:20:36 -0500] "GET /galeria/galeria/jquery.fancybox.js?v=2.1.5 HTTP/1.1" 304 -
186.28.43.238 - - [13/Apr/2015:01:20:36 -0500] "GET /galeria/galeria/jquery.fancybox.css?v=2.1.5 HTTP/1.1" 304 -
188.165.25.173 - - [13/Apr/2015:01:20:39 -0500] "GET /StormSDA/userFiles/user_files/formulas/2/?C=M;O=D HTTP/1.0" 200 842
188.165.25.173 - - [13/Apr/2015:01:20:44 -0500] "GET /StormSDA/userFiles/user_files/formulas/2/?C=S;O=D HTTP/1.0" 200 842
188.165.25.173 - - [13/Apr/2015:01:20:50 -0500] "GET /StormSDA/userFiles/user_files/formulas/3/?C=D;O=D HTTP/1.0" 200 842
186.113.10.143 - - [13/Apr/2015:01:20:51 -0500] "GET /galeria/nivo-slider/themes/default/default.css HTTP/1.1" 304 -
188.165.25.173 - - [13/Apr/2015:01:21:00 -0500] "GET /StormSDA/userFiles/user_files/formulas/3/?C=M;O=D HTTP/1.0" 200 842
188.165.25.173 - - [13/Apr/2015:01:21:05 -0500] "GET /StormSDA/userFiles/user_files/formulas/3/?C=S;O=D HTTP/1.0" 200 842
188.165.25.173 - - [13/Apr/2015:01:21:10 -0500] "GET /StormSDA/userFiles/user_files/formulas/4/?C=D;O=D HTTP/1.0" 200 842
188.165.25.173 - - [13/Apr/2015:01:21:17 -0500] "GET /StormSDA/userFiles/user_files/formulas/4/?C=M;O=D HTTP/1.0" 200 842
188.165.25.173 - - [13/Apr/2015:01:21:23 -0500] "GET /StormSDA/userFiles/user_files/formulas/4/?C=S;O=D HTTP/1.0" 200 842
186.28.43.238 - - [13/Apr/2015:01:21:25 -0500] "GET /galeria/galeria/jquery.fancybox.js?v=2.1.5 HTTP/1.1" 304 -
186.28.43.238 - - [13/Apr/2015:01:21:25 -0500] "GET /galeria/galeria/jquery.fancybox.css?v=2.1.5 HTTP/1.1" 304 -
66.249.64.172 - - [13/Apr/2015:01:21:27 -0500] "GET /BLA/resoluciones/RESOLUCIONES%202011/1240.pdf HTTP/1.1" 200 276767
201.216.20.108 - - [13/Apr/2015:01:21:29 -0500] "POST /forms/lservlet;jsessionid=ac16012b30d6986a2ed817134ab7a024c8d1604c1db7.e3iSbxaKaheRe3eNbhaPbhuQa41ynknvrkLOlQzNp65In0 HTTP/1.1" 200 2
66.249.64.168 - - [13/Apr/2015:01:21:30 -0500] "GET /BLA/resoluciones/RESOLUCIONES%202008/4813.pdf HTTP/1.1" 200 236145
186.28.43.238 - - [13/Apr/2015:01:21:44 -0500] "GET /galeria/galeria/jquery.fancybox.css?v=2.1.5 HTTP/1.1" 304 -
186.28.43.238 - - [13/Apr/2015:01:21:44 -0500] "GET /galeria/galeria/jquery.fancybox.js?v=2.1.5 HTTP/1.1" 304 -
123.125.71.95 - - [13/Apr/2015:01:21:52 -0500] "GET /robots.txt HTTP/1.1" 404 1018
180.76.6.20 - - [13/Apr/2015:01:22:24 -0500] "GET /BLA/resoluciones/RESOLUCIONES%202007/RES%202007%204101%20AL%204200/RESOLUCION%204146%20DE%202007.pdf HTTP/1.1" 200 56385
186.28.43.238 - - [13/Apr/2015:01:22:40 -0500] "GET /galeria/galeria/jquery.fancybox.js?v=2.1.5 HTTP/1.1" 304 -
186.28.43.238 - - [13/Apr/2015:01:22:40 -0500] "GET /galeria/galeria/jquery.fancybox.css?v=2.1.5 HTTP/1.1" 304 -
66.249.64.168 - - [13/Apr/2015:01:22:42 -0500] "GET /BLA/resoluciones/AUTOS%202013/2746.pdf HTTP/1.1" 200 227231
74.86.158.107 - - [13/Apr/2015:01:23:09 -0500] "HEAD / HTTP/1.1" 200 -
201.228.104.247 - - [13/Apr/2015:01:23:20 -0500] "GET /videos/ArchivoSDA.flv HTTP/1.1" 200 31205279
180.76.6.41 - - [13/Apr/2015:01:23:26 -0500] "GET /BLA/resoluciones/RESOLUCIONES%202014/1098.pdf HTTP/1.1" 200 1076824
201.216.20.108 - - [13/Apr/2015:01:23:29 -0500] "POST /forms/lservlet;jsessionid=ac16012b30d6986a2ed817134ab7a024c8d1604c1db7.e3iSbxaKaheRe3eNbhaPbhuQa41ynknvrkLOlQzNp65In0 HTTP/1.1" 200 2
220.181.108.146 - - [13/Apr/2015:01:23:52 -0500] "GET / HTTP/1.1" 200 10190
220.181.108.186 - - [13/Apr/2015:01:24:11 -0500] "GET /BLA/resoluciones/RESOLUCIONES%202007/RES%202007%20201%20AL%20300/RESOLUCION%200233%20DE%202007.pdf HTTP/1.1" 200 161306
66.249.64.164 - - [13/Apr/2015:01:25:13 -0500] "GET /BLA/resoluciones/RESOLUCIONES%202012/0299.pdf HTTP/1.1" 304 -
66.249.64.164 - - [13/Apr/2015:01:25:17 -0500] "GET /BLA/resoluciones/AUTOS%202007/1766.pdf HTTP/1.1" 200 35853
180.76.6.135 - - [13/Apr/2015:01:25:28 -0500] "GET /BLA/resoluciones/AUTOS%202013/3100.pdf HTTP/1.1" 200 1012609
201.216.20.108 - - [13/Apr/2015:01:25:29 -0500] "POST /forms/lservlet;jsessionid=ac16012b30d6986a2ed817134ab7a024c8d1604c1db7.e3iSbxaKaheRe3eNbhaPbhuQa41ynknvrkLOlQzNp65In0 HTTP/1.1" 200 2
66.249.64.172 - - [13/Apr/2015:01:26:29 -0500] "GET /BLA/resoluciones/RESOLUCIONES%202008/3282.pdf HTTP/1.1" 200 219049
180.76.5.169 - - [13/Apr/2015:01:26:30 -0500] "GET /BLA/resoluciones/AUTOS%202010/6628.pdf HTTP/1.1" 200 150195
66.249.64.164 - - [13/Apr/2015:01:27:02 -0500] "GET /BLA/resoluciones/RESOLUCIONES%202005/RES%202005%201751-1800/00001778.tif HTTP/1.1" 200 173108
201.216.20.108 - - [13/Apr/2015:01:27:29 -0500] "POST /forms/lservlet;jsessionid=ac16012b30d6986a2ed817134ab7a024c8d1604c1db7.e3iSbxaKaheRe3eNbhaPbhuQa41ynknvrkLOlQzNp65In0 HTTP/1.1" 200 2
180.76.5.20 - - [13/Apr/2015:01:27:31 -0500] "GET /BLA/resoluciones/AUTOS%202010/0852.pdf HTTP/1.1" 200 187169
66.249.64.168 - - [13/Apr/2015:01:27:44 -0500] "GET /BLA/resoluciones/RESOLUCIONES%202009/5697.pdf HTTP/1.1" 200 496301
74.86.158.107 - - [13/Apr/2015:01:28:09 -0500] "HEAD / HTTP/1.1" 200 -
62.24.122.25 - - [13/Apr/2015:01:28:22 -0500] "GET /old/wp-admin/ HTTP/1.1" 404 1018
180.76.6.59 - - [13/Apr/2015:01:28:32 -0500] "GET /BLA/resoluciones/AUTOS%202009/3437.pdf HTTP/1.1" 200 97547
186.30.71.156 - - [13/Apr/2015:01:28:44 -0500] "GET /POT-2013/Cartografia/28_USOS%20Y%20AREAS%20DE%20ACTIVIDAD.pdf HTTP/1.1" 206 2706346
66.249.64.164 - - [13/Apr/2015:01:29:00 -0500] "GET /BLA/resoluciones/RESOLUCIONES%202009/4427.pdf HTTP/1.1" 304 -
66.249.64.172 - - [13/Apr/2015:01:29:04 -0500] "GET /BLA/resoluciones/RESOLUCIONES%202008/4786.pdf HTTP/1.1" 200 157359
201.216.20.108 - - [13/Apr/2015:01:29:29 -0500] "POST /forms/lservlet;jsessionid=ac16012b30d6986a2ed817134ab7a024c8d1604c1db7.e3iSbxaKaheRe3eNbhaPbhuQa41ynknvrkLOlQzNp65In0 HTTP/1.1" 200 2
180.76.6.141 - - [13/Apr/2015:01:29:33 -0500] "GET /BLA/resoluciones/RESOLUCIONES%202007/RES%202007%20701%20AL%20800/RESOLUCION%200738%20DE%202007.pdf HTTP/1.1" 200 224385
66.249.64.168 - - [13/Apr/2015:01:30:15 -0500] "GET /BLA/resoluciones/RESOLUCIONES%202012/1754.pdf HTTP/1.1" 200 1799345
201.216.20.108 - - [13/Apr/2015:01:31:24 -0500] "POST /forms/lservlet;jsessionid=ac16012b30d6986a2ed817134ab7a024c8d1604c1db7.e3iSbxaKaheRe3eNbhaPbhuQa41ynknvrkLOlQzNp65In0 HTTP/1.1" 200 190
201.216.20.108 - - [13/Apr/2015:01:31:29 -0500] "POST /forms/lservlet;jsessionid=ac16012b30d6986a2ed817134ab7a024c8d1604c1db7.e3iSbxaKaheRe3eNbhaPbhuQa41ynknvrkLOlQzNp65In0 HTTP/1.1" 200 2
66.249.64.164 - - [13/Apr/2015:01:31:31 -0500] "GET /BLA/resoluciones/RESOLUCIONES%202009/9834.pdf HTTP/1.1" 304 -
199.195.118.53 - - [13/Apr/2015:01:31:49 -0500] "GET / HTTP/1.1" 200 10190
66.249.64.164 - - [13/Apr/2015:01:32:39 -0500] "GET /BLA/resoluciones/RESOLUCIONES%202006/RES%202006%202551-2600/00002582.tif HTTP/1.1" 304 -
66.249.64.164 - - [13/Apr/2015:01:32:46 -0500] "GET /reports/rwservlet/getjobid224138?server=rep_srvapsda HTTP/1.1" 200 6554
66.249.64.168 - - [13/Apr/2015:01:32:50 -0500] "GET /BLA/resoluciones/AUTOS%202013/3446.pdf HTTP/1.1" 200 363192
74.86.158.107 - - [13/Apr/2015:01:33:09 -0500] "HEAD / HTTP/1.1" 200 -
66.249.64.172 - - [13/Apr/2015:01:33:24 -0500] "GET /reports/images/blaf-en.css HTTP/1.1" 200 16003
201.216.20.108 - - [13/Apr/2015:01:33:29 -0500] "POST /forms/lservlet;jsessionid=ac16012b30d6986a2ed817134ab7a024c8d1604c1db7.e3iSbxaKaheRe3eNbhaPbhuQa41ynknvrkLOlQzNp65In0 HTTP/1.1" 200 2
180.76.6.139 - - [13/Apr/2015:01:33:39 -0500] "GET /BLA/resoluciones/RESOLUCIONES%202008/2897.pdf HTTP/1.1" 200 315215
66.249.64.164 - - [13/Apr/2015:01:34:02 -0500] "GET /BLA/resoluciones/AUTOS%202008/3315.pdf HTTP/1.1" 200 63200
201.216.20.108 - - [13/Apr/2015:01:35:07 -0500] "POST /forms/lservlet;jsessionid=ac16012b30d6986a2ed817134ab7a024c8d1604c1db7.e3iSbxaKaheRe3eNbhaPbhuQa41ynknvrkLOlQzNp65In0 HTTP/1.1" 200 1988
201.216.20.108 - - [13/Apr/2015:01:35:07 -0500] "POST /forms/lservlet;jsessionid=ac16012b30d6986a2ed817134ab7a024c8d1604c1db7.e3iSbxaKaheRe3eNbhaPbhuQa41ynknvrkLOlQzNp65In0 HTTP/1.1" 200 78
201.216.20.108 - - [13/Apr/2015:01:35:08 -0500] "POST /forms/lservlet;jsessionid=ac16012b30d6986a2ed817134ab7a024c8d1604c1db7.e3iSbxaKaheRe3eNbhaPbhuQa41ynknvrkLOlQzNp65In0 HTTP/1.1" 200 86
201.216.20.108 - - [13/Apr/2015:01:35:08 -0500] "POST /forms/lservlet;jsessionid=ac16012b30d6986a2ed817134ab7a024c8d1604c1db7.e3iSbxaKaheRe3eNbhaPbhuQa41ynknvrkLOlQzNp65In0 HTTP/1.1" 200 -
66.249.64.172 - - [13/Apr/2015:01:35:17 -0500] "GET /BLA/resoluciones/RESOLUCIONES%202007/RES%202007%201726%20AL%201800/RESOLUCION%201781%20DE%202007.pdf HTTP/1.1" 200 1025055
191.102.114.23 - - [13/Apr/2015:01:35:57 -0500] "GET /galeria/galeria/jquery.fancybox.css?v=2.1.5 HTTP/1.1" 200 4895
191.102.114.23 - - [13/Apr/2015:01:35:57 -0500] "GET /BLA/boletinlegal/js/jquery.scrollShow.js HTTP/1.1" 200 4586
191.102.114.23 - - [13/Apr/2015:01:35:57 -0500] "GET /galeria/galeria/jquery.fancybox.js?v=2.1.5 HTTP/1.1" 200 48706
191.102.114.23 - - [13/Apr/2015:01:35:57 -0500] "GET /BLA/boletinlegal/js/jquery.scrollTo-min.js HTTP/1.1" 200 1150
191.102.114.23 - - [13/Apr/2015:01:36:23 -0500] "GET /BLA/boletinlegal/js/jquery.scrollTo-min.js HTTP/1.1" 304 -
191.102.114.23 - - [13/Apr/2015:01:36:23 -0500] "GET /galeria/galeria/jquery.fancybox.css?v=2.1.5 HTTP/1.1" 304 -
191.102.114.23 - - [13/Apr/2015:01:36:23 -0500] "GET /BLA/boletinlegal/js/jquery.scrollShow.js HTTP/1.1" 304 -
191.102.114.23 - - [13/Apr/2015:01:36:23 -0500] "GET /galeria/galeria/jquery.fancybox.js?v=2.1.5 HTTP/1.1" 304 -
66.249.64.164 - - [13/Apr/2015:01:36:33 -0500] "GET /BLA/resoluciones/RESOLUCIONES%202007/RES%202007%20301%20AL%20400/RESOLUCION%200343%20DE%202007.pdf HTTP/1.1" 200 301425
66.249.64.168 - - [13/Apr/2015:01:36:39 -0500] "GET /BLA/resoluciones/AUTOS%202011/3902.pdf HTTP/1.1" 200 217118
66.249.64.168 - - [13/Apr/2015:01:37:48 -0500] "GET /BLA/resoluciones/ HTTP/1.1" 200 7728
180.76.5.146 - - [13/Apr/2015:01:37:54 -0500] "GET /BLA/boletinlegal;jsessionid=843538D380D409BA75948E28B5A17708?/? HTTP/1.1" 404 1018
74.86.158.107 - - [13/Apr/2015:01:38:09 -0500] "HEAD / HTTP/1.1" 200 -
180.76.5.77 - - [13/Apr/2015:01:38:55 -0500] "GET /BLA/resoluciones/AUTOS%202010/5367.pdf HTTP/1.1" 200 2137369
66.249.64.168 - - [13/Apr/2015:01:39:04 -0500] "GET /BLA/resoluciones/AUTOS%202010/5373.pdf HTTP/1.1" 200 1540998
66.249.64.172 - - [13/Apr/2015:01:40:19 -0500] "GET /BLA/resoluciones/AUTOS%202009/3429.pdf HTTP/1.1" 200 98475
66.249.64.164 - - [13/Apr/2015:01:40:26 -0500] "GET /BLA/resoluciones/AUTOS%202007/2916.pdf HTTP/1.1" 200 251870
180.76.6.45 - - [13/Apr/2015:01:40:57 -0500] "GET /POT-2013/index.php?dir=Cartografia/&sort=date&order=desc HTTP/1.1" 200 11464
66.249.64.172 - - [13/Apr/2015:01:41:35 -0500] "GET /BLA/resoluciones/RESOLUCIONES%202009/8350.pdf HTTP/1.1" 200 404028
66.249.64.168 - - [13/Apr/2015:01:42:37 -0500] "GET /BLA/resoluciones/RESOLUCIONES%202004/RES%202004%2051-100/00000077.tif HTTP/1.1" 200 61052
66.249.64.172 - - [13/Apr/2015:01:42:50 -0500] "GET /BLA/resoluciones/RESOLUCIONES%202008/5432.pdf HTTP/1.1" 200 265113
74.86.158.107 - - [13/Apr/2015:01:43:09 -0500] "HEAD / HTTP/1.1" 200 -
66.249.64.164 - - [13/Apr/2015:01:44:06 -0500] "GET /BLA/resoluciones/RESOLUCIONES%202011/5068.pdf HTTP/1.1" 200 440475
66.249.64.172 - - [13/Apr/2015:01:44:12 -0500] "GET /BLA/resoluciones/RESOLUCIONES%202008/0517.pdf HTTP/1.1" 200 219557
151.237.103.54 - - [13/Apr/2015:01:44:37 -0500] "GET /wp-admin/ HTTP/1.1" 404 1018
66.249.64.164 - - [13/Apr/2015:01:45:21 -0500] "GET /BLA/resoluciones/RESOLUCIONES%202009/1945.pdf HTTP/1.1" 200 771182
180.76.6.16 - - [13/Apr/2015:01:46:20 -0500] "GET /BLA/resoluciones/RESOLUCIONES%202007/RES%202007%20801%20AL%20900/RESOLUCION%200812%20DE%202007.pdf HTTP/1.1" 200 132675
66.249.64.172 - - [13/Apr/2015:01:46:37 -0500] "GET /BLA/resoluciones/index.php?dir=RESOLUCIONES%202002/RES%202002%20401-450/&sort=date&order=asc HTTP/1.1" 200 12024
190.238.168.89 - - [13/Apr/2015:01:47:44 -0500] "GET /galeria/galeria/jquery.fancybox.css?v=2.1.5 HTTP/1.1" 200 4895
190.238.168.89 - - [13/Apr/2015:01:47:44 -0500] "GET /BLA/boletinlegal/js/jquery.scrollTo-min.js HTTP/1.1" 200 1150
190.238.168.89 - - [13/Apr/2015:01:47:44 -0500] "GET /BLA/boletinlegal/js/jquery.scrollShow.js HTTP/1.1" 200 4586
190.238.168.89 - - [13/Apr/2015:01:47:44 -0500] "GET /galeria/galeria/jquery.fancybox.js?v=2.1.5 HTTP/1.1" 200 48706
66.249.64.172 - - [13/Apr/2015:01:47:53 -0500] "GET /BLA/resoluciones/AUTOS%202012/1119.pdf HTTP/1.1" 200 180142
66.249.64.164 - - [13/Apr/2015:01:48:01 -0500] "GET /BLA/resoluciones/RESOLUCIONES%202009/1387.pdf HTTP/1.1" 200 1644927
186.83.131.71 - - [13/Apr/2015:01:48:06 -0500] "GET /galeria/carrusel/Carrusel/jquery.thumbnailScroller.css HTTP/1.1" 200 2066
186.83.131.71 - - [13/Apr/2015:01:48:06 -0500] "GET /galeria/galeria/jquery.fancybox.css?v=2.1.5 HTTP/1.1" 200 4895
186.83.131.71 - - [13/Apr/2015:01:48:06 -0500] "GET /BLA/boletinlegal/js/jquery.scrollShow.js HTTP/1.1" 200 4586
186.83.131.71 - - [13/Apr/2015:01:48:06 -0500] "GET /BLA/boletinlegal/js/jquery.scrollTo-min.js HTTP/1.1" 200 1150
186.83.131.71 - - [13/Apr/2015:01:48:06 -0500] "GET /galeria/galeria/jquery.fancybox.js?v=2.1.5 HTTP/1.1" 200 48706
186.83.131.71 - - [13/Apr/2015:01:48:06 -0500] "GET /galeria/carrusel/Carrusel/jquery-ui-1.8.13.custom.min.js HTTP/1.1" 200 10800
186.83.131.71 - - [13/Apr/2015:01:48:06 -0500] "GET /galeria/carrusel/Carrusel/jquery.thumbnailScroller.js HTTP/1.1" 200 8157
186.83.131.71 - - [13/Apr/2015:01:48:08 -0500] "GET /galeria/nivo-slider/demo/demo.html HTTP/1.1" 200 4579
186.83.131.71 - - [13/Apr/2015:01:48:08 -0500] "GET /galeria/nivo-slider/themes/default/default.css HTTP/1.1" 200 1569
186.83.131.71 - - [13/Apr/2015:01:48:08 -0500] "GET /galeria/nivo-slider/themes/orman/orman.css HTTP/1.1" 200 2152
186.83.131.71 - - [13/Apr/2015:01:48:08 -0500] "GET /galeria/nivo-slider/nivo-slider.css HTTP/1.1" 200 1507
186.83.131.71 - - [13/Apr/2015:01:48:08 -0500] "GET /galeria/nivo-slider/themes/pascal/pascal.css HTTP/1.1" 200 2258
186.83.131.71 - - [13/Apr/2015:01:48:08 -0500] "GET /galeria/nivo-slider/demo/style.css HTTP/1.1" 200 2222
186.83.131.71 - - [13/Apr/2015:01:48:08 -0500] "GET /galeria/nivo-slider/demo/images/marcha2015.jpg HTTP/1.1" 200 85177
186.83.131.71 - - [13/Apr/2015:01:48:09 -0500] "GET /galeria/nivo-slider/demo/images/no-sea-victima.jpg HTTP/1.1" 200 254155
186.83.131.71 - - [13/Apr/2015:01:48:09 -0500] "GET /galeria/nivo-slider/demo/images/Convocatoria_recicladores.jpg HTTP/1.1" 200 213976
186.83.131.71 - - [13/Apr/2015:01:48:09 -0500] "GET /galeria/nivo-slider/demo/images/acuerdo_569.jpg HTTP/1.1" 200 62670
186.83.131.71 - - [13/Apr/2015:01:48:09 -0500] "GET /galeria/nivo-slider/demo/images/Banner-decreto1299.jpg HTTP/1.1" 200 182613
186.83.131.71 - - [13/Apr/2015:01:48:09 -0500] "GET /galeria/nivo-slider/demo/images/Licitaciones-proyecto-paramo.jpg HTTP/1.1" 200 221877
186.83.131.71 - - [13/Apr/2015:01:48:09 -0500] "GET /galeria/nivo-slider/demo/scripts/jquery-1.7.1.min.js HTTP/1.1" 200 93868
190.238.168.89 - - [13/Apr/2015:01:48:00 -0500] "GET /videos/CRRFFS.mp4 HTTP/1.1" 200 286784363
74.86.158.107 - - [13/Apr/2015:01:48:09 -0500] "HEAD / HTTP/1.1" 200 -
186.83.131.71 - - [13/Apr/2015:01:48:09 -0500] "GET /galeria/nivo-slider/jquery.nivo.slider.pack.js HTTP/1.1" 200 11561
186.83.131.71 - - [13/Apr/2015:01:48:09 -0500] "GET /galeria/nivo-slider/demo/images/4Simple_Slider.png HTTP/1.1" 200 11722
186.83.131.71 - - [13/Apr/2015:01:48:09 -0500] "GET /galeria/nivo-slider/themes/default/loading.gif HTTP/1.1" 200 1737
186.83.131.71 - - [13/Apr/2015:01:48:09 -0500] "GET /galeria/nivo-slider/demo/images/Banner-Directorio.jpg HTTP/1.1" 200 182068
186.83.131.71 - - [13/Apr/2015:01:48:10 -0500] "GET /galeria/nivo-slider/demo/images/Ruta-vertimientos-01.jpg HTTP/1.1" 200 130151
186.83.131.71 - - [13/Apr/2015:01:48:10 -0500] "GET /galeria/nivo-slider/demo/images/banner-V2.jpg HTTP/1.1" 200 59297
186.83.131.71 - - [13/Apr/2015:01:48:10 -0500] "GET /galeria/nivo-slider/demo/images/bolsas-06.jpg HTTP/1.1" 200 90982
186.83.131.71 - - [13/Apr/2015:01:48:10 -0500] "GET /galeria/nivo-slider/demo/images/bolsas-08.jpg HTTP/1.1" 200 85589
186.83.131.71 - - [13/Apr/2015:01:48:10 -0500] "GET /galeria/nivo-slider/demo/images/redes_sociales.jpg HTTP/1.1" 200 415652
186.83.131.71 - - [13/Apr/2015:01:48:10 -0500] "GET /galeria/nivo-slider/demo/images/Conoce-los-humedales.jpg HTTP/1.1" 200 294036
186.83.131.71 - - [13/Apr/2015:01:48:10 -0500] "GET /galeria/nivo-slider/demo/images/ecolecta-Dic2014.png HTTP/1.1" 200 288593
190.238.168.89 - - [13/Apr/2015:01:48:10 -0500] "GET /galeria/galeria/jquery.fancybox.css?v=2.1.5 HTTP/1.1" 304 -
190.238.168.89 - - [13/Apr/2015:01:48:10 -0500] "GET /BLA/boletinlegal/js/jquery.scrollTo-min.js HTTP/1.1" 304 -
186.83.131.71 - - [13/Apr/2015:01:48:10 -0500] "GET /galeria/nivo-slider/demo/images/porloshumedales.jpg HTTP/1.1" 200 351238
190.238.168.89 - - [13/Apr/2015:01:48:10 -0500] "GET /BLA/boletinlegal/js/jquery.scrollShow.js HTTP/1.1" 304 -
190.238.168.89 - - [13/Apr/2015:01:48:10 -0500] "GET /galeria/galeria/jquery.fancybox.js?v=2.1.5 HTTP/1.1" 304 -
186.83.131.71 - - [13/Apr/2015:01:48:10 -0500] "GET /galeria/nivo-slider/demo/images/Tingua-azul.jpg HTTP/1.1" 200 307638
186.83.131.71 - - [13/Apr/2015:01:48:10 -0500] "GET /galeria/nivo-slider/demo/images/banner-llantas2.jpg HTTP/1.1" 200 73153
