186.85.44.30 - - [17/May/2015:14:45:32 -0500] "GET /forest/js/jquery/grid/css/ui.multiselect.css HTTP/1.1" 304 -
186.85.44.30 - - [17/May/2015:14:45:32 -0500] "GET /forest/js/jquery/grid/css/ui.jqgrid.css HTTP/1.1" 304 -
186.85.44.30 - - [17/May/2015:14:45:32 -0500] "GET /forest/js/jquery/jquery-ui-latest.js HTTP/1.1" 304 -
186.85.44.30 - - [17/May/2015:14:45:32 -0500] "GET /forest/js/jquery/jquery.layout-latest.js HTTP/1.1" 304 -
186.85.44.30 - - [17/May/2015:14:45:32 -0500] "GET /forest/js/jquery/i18n/grid.locale-en.js HTTP/1.1" 304 -
186.85.44.30 - - [17/May/2015:14:45:32 -0500] "GET /forest/js/jquery/plugins/ui.multiselect.js HTTP/1.1" 304 -
186.85.44.30 - - [17/May/2015:14:45:32 -0500] "GET /forest/js/jquery/plugins/jquery.ui.selectmenu.js HTTP/1.1" 304 -
186.85.44.30 - - [17/May/2015:14:45:32 -0500] "GET /forest/js/jquery/plugins/jquery.searchFilter.js HTTP/1.1" 304 -
186.85.44.30 - - [17/May/2015:14:45:32 -0500] "GET /forest/js/jquery/jquery.jqGrid.src.js HTTP/1.1" 304 -
186.85.44.30 - - [17/May/2015:14:45:32 -0500] "GET /forest/js/jquery/plugins/jquery.contextmenu.js HTTP/1.1" 304 -
186.85.44.30 - - [17/May/2015:14:45:32 -0500] "GET /forest/js/jquery/plugins/jquery.tablednd.js HTTP/1.1" 304 -
186.85.44.30 - - [17/May/2015:14:45:32 -0500] "GET /forest/js/jqGridConf.js HTTP/1.1" 304 -
186.85.44.30 - - [17/May/2015:14:45:32 -0500] "GET /forest/js/jquery/plugins/grid.setcolumns.js HTTP/1.1" 304 -
186.85.44.30 - - [17/May/2015:14:45:33 -0500] "GET /forest/session.jsp?a=0.43004701449535787 HTTP/1.1" 200 4
186.85.44.30 - - [17/May/2015:14:45:33 -0500] "GET /forest/img/jquery/ui-bg_inset-hard_100_f5f8f9_1x100.png HTTP/1.1" 304 -
186.85.44.30 - - [17/May/2015:14:45:33 -0500] "GET /forest/img/jquery/ui-bg_flat_0_aaaaaa_40x100.png HTTP/1.1" 304 -
186.85.44.30 - - [17/May/2015:14:45:33 -0500] "GET /forest/img/jquery/ui-bg_inset-hard_100_fcfdfd_1x100.png HTTP/1.1" 304 -
186.85.44.30 - - [17/May/2015:14:45:33 -0500] "GET /forest/img/jquery/ui-bg_glass_85_dfeffc_1x400.png HTTP/1.1" 304 -
186.85.44.30 - - [17/May/2015:14:45:33 -0500] "GET /forest/img/jquery/ui-icons_6da8d5_256x240.png HTTP/1.1" 304 -
186.85.44.30 - - [17/May/2015:14:45:33 -0500] "GET /forest/img/jquery/ui-bg_gloss-wave_55_5c9ccc_500x100.png HTTP/1.1" 304 -
186.85.44.30 - - [17/May/2015:14:45:33 -0500] "GET /forest/img/jquery/ui-icons_469bdd_256x240.png HTTP/1.1" 304 -
186.85.44.30 - - [17/May/2015:14:45:33 -0500] "GET /forest/img/jquery/ui-icons_d8e7f3_256x240.png HTTP/1.1" 304 -
186.85.44.30 - - [17/May/2015:14:45:33 -0500] "GET /forest/img/jquery/columnshide.gif HTTP/1.1" 304 -
186.85.44.30 - - [17/May/2015:14:45:33 -0500] "GET /forest/img/jquery/save.gif HTTP/1.1" 304 -
186.85.44.30 - - [17/May/2015:14:45:33 -0500] "GET /forest/img/jquery/quitarfiltrar.gif HTTP/1.1" 304 -
186.85.44.30 - - [17/May/2015:14:45:33 -0500] "GET /forest/skins/gdocs-jar/img/clip.gif HTTP/1.1" 304 -
186.85.44.30 - - [17/May/2015:14:45:33 -0500] "POST /forest/misactividades.do?ajax=true&a=0.7170919352211058 HTTP/1.1" 200 11846
186.85.44.30 - - [17/May/2015:14:45:33 -0500] "GET /forest/img/newdocs.gif HTTP/1.1" 304 -
186.85.44.30 - - [17/May/2015:14:45:33 -0500] "GET /forest/skins/gdocs-jar/img/doc-alert.gif HTTP/1.1" 304 -
181.70.73.247 - - [17/May/2015:14:45:41 -0500] "GET /autoliquidacion/index.php?dir=TR%C1MITES+AGUAS+SUPERFICIALES%2F HTTP/1.1" 200 2674
181.70.73.247 - - [17/May/2015:14:45:41 -0500] "GET /autoliquidacion/dlf/pdf.gif HTTP/1.1" 200 272
186.85.44.30 - - [17/May/2015:14:45:45 -0500] "GET /forest/img/jquery/ui-bg_glass_75_d0e5f5_1x400.png HTTP/1.1" 304 -
180.76.5.81 - - [17/May/2015:14:45:46 -0500] "GET /BLA/resoluciones/RESOLUCIONES%202011/1242.pdf HTTP/1.1" 200 175705
181.70.73.247 - - [17/May/2015:14:45:47 -0500] "GET /autoliquidacion/TR%C3%81MITES%20AGUAS%20SUPERFICIALES/Lista%20de%20chequeo%20concesion%20de%20aguas%20superficiales.XLS HTTP/1.1" 200 70144
181.70.73.247 - - [17/May/2015:14:45:50 -0500] "GET /autoliquidacion/TR%C3%81MITES%20AGUAS%20SUPERFICIALES/FORMULARIO%20NACIONAL%20SOLICITUD%20-Concesion%20Aguas%20Superficiales.pdf HTTP/1.1" 200 94522
181.70.73.247 - - [17/May/2015:14:45:52 -0500] "GET /autoliquidacion/TR%C3%81MITES%20AGUAS%20SUPERFICIALES/FORMULARIO%20NACIONAL%20SOLICITUD%20-Concesion%20Aguas%20Superficiales.pdf HTTP/1.1" 206 32768
181.50.92.73 - - [17/May/2015:14:45:52 -0500] "GET /forest/skins/gdocs-jar/popup/escritorio/subirborrador.jsp?form=RevisarDocumento&codTpl=&codBorr=594091&a=0.5081964777782559 HTTP/1.1" 200 23292
181.142.194.87 - - [17/May/2015:14:45:52 -0500] "GET /galeria/galeria/jquery.fancybox.css?v=2.1.5 HTTP/1.1" 200 4895
181.142.194.87 - - [17/May/2015:14:45:52 -0500] "GET /BLA/boletinlegal/js/jquery.scrollShow.js HTTP/1.1" 200 4586
181.142.194.87 - - [17/May/2015:14:45:52 -0500] "GET /BLA/boletinlegal/js/jquery.scrollTo-min.js HTTP/1.1" 200 1150
181.142.194.87 - - [17/May/2015:14:45:52 -0500] "GET /galeria/galeria/jquery.fancybox.js?v=2.1.5 HTTP/1.1" 200 48706
181.50.92.73 - - [17/May/2015:14:45:52 -0500] "GET /forest/json.do?query=borradoresByTpls&codInst=3143507&codTare=1468&firma=0&a=0.9619883396662772 HTTP/1.1" 200 186
181.50.92.73 - - [17/May/2015:14:45:52 -0500] "GET /forest/json.do?query=plantillasByTarea&codTare=1468&codInst=3143507&firma=0&a=0.5508245802484453 HTTP/1.1" 200 381
181.50.92.73 - - [17/May/2015:14:45:53 -0500] "GET /forest/json.do?query=terceroById&numTer=-3000124&a=0.40081836096942425 HTTP/1.1" 200 639
181.50.92.73 - - [17/May/2015:14:45:53 -0500] "GET /forest/json.do?query=datosBorradorByCodTraBorr&codTraBorr=1774934&a=0.8977561134379357 HTTP/1.1" 200 180
181.50.92.73 - - [17/May/2015:14:45:53 -0500] "GET /forest/json.do?query=adjuntosByBorrador&codTraBorr=1774934&a=0.5581725141964853 HTTP/1.1" 200 58
181.50.92.73 - - [17/May/2015:14:45:53 -0500] "GET /forest/json.do?query=ultimoBorradorByTpl&codTpl=781&codInst=3143507&a=0.9890583481173962 HTTP/1.1" 200 20
181.50.92.73 - - [17/May/2015:14:45:53 -0500] "GET /forest/json.do?query=ultimoBorradorByTpl&codTpl=1241&codInst=3143507&a=0.6202978426590562 HTTP/1.1" 200 2
181.50.92.73 - - [17/May/2015:14:45:53 -0500] "GET /forest/json.do?query=ultimoBorradorByTpl&codTpl=921&codInst=3143507&a=0.011274904711171985 HTTP/1.1" 200 2
181.70.73.247 - - [17/May/2015:14:45:53 -0500] "GET /autoliquidacion/TR%C3%81MITES%20AGUAS%20SUPERFICIALES/FORMULARIO%20NACIONAL%20SOLICITUD%20-Concesion%20Aguas%20Superficiales.pdf HTTP/1.1" 206 60270
181.70.73.247 - - [17/May/2015:14:45:54 -0500] "GET /autoliquidacion/TR%C3%81MITES%20AGUAS%20SUPERFICIALES/FORMULARIO%20NACIONAL%20SOLICITUD%20-Concesion%20Aguas%20Superficiales.pdf HTTP/1.1" 206 1484
181.50.92.73 - - [17/May/2015:14:45:57 -0500] "POST /forest/usutareas.do?group_system_actual=3 HTTP/1.1" 200 203
186.85.44.30 - - [17/May/2015:14:45:58 -0500] "POST /forest/misactividades.do?ajax=true&a=0.26938063954003155 HTTP/1.1" 200 42574
181.50.92.73 - - [17/May/2015:14:46:04 -0500] "GET /forest/usutareas.do?group_system_actual=3&a=0.20625209505669773 HTTP/1.1" 200 116999
181.50.92.73 - - [17/May/2015:14:43:19 -0500] "GET /ForestMSG_SDA/channelAsync/template_word_18168819?X-Atmosphere-tracking-id=8b3ee4d2-e48a-2e3f-57f2-02b5bff84d4e&X-Atmosphere-Framework=1.0.5&X-Atmosphere-Transport=long-polling&tabid=0.40013342001475394&X-Cache-Date=0&Content-Type=application/xml&_=1431891944266 HTTP/1.1" 200 8193
181.50.92.73 - - [17/May/2015:14:46:04 -0500] "GET /forest/session.jsp?a=0.29967722040601075 HTTP/1.1" 200 4
181.50.92.73 - - [17/May/2015:14:46:04 -0500] "GET /forest/actions/forms.getMappedValues?id=id_Numeracion4&value=1431886440597&codForm=RevisarDocumento&a=0.034030206967145205 HTTP/1.1" 200 115
181.50.92.73 - - [17/May/2015:14:46:06 -0500] "GET /forest/borrador/1774953/Borrador%20tecnico%202015-05-17.docx HTTP/1.1" 200 157899
185.10.104.131 - - [17/May/2015:14:46:06 -0500] "GET /BLA/resoluciones/RESOLUCIONES%202009/9145.pdf HTTP/1.1" 200 437773
181.142.194.87 - - [17/May/2015:14:46:14 -0500] "GET /galeria/galeria/jquery.fancybox.css?v=2.1.5 HTTP/1.1" 304 -
181.142.194.87 - - [17/May/2015:14:46:14 -0500] "GET /BLA/boletinlegal/js/jquery.scrollTo-min.js HTTP/1.1" 304 -
181.142.194.87 - - [17/May/2015:14:46:14 -0500] "GET /BLA/boletinlegal/js/jquery.scrollShow.js HTTP/1.1" 304 -
181.142.194.87 - - [17/May/2015:14:46:14 -0500] "GET /galeria/galeria/jquery.fancybox.js?v=2.1.5 HTTP/1.1" 304 -
181.50.92.73 - - [17/May/2015:14:46:16 -0500] "GET /forest/actions/forms.getList?codForm=RevisarDocumento&id=Fun_Correccion42&text=%D1 HTTP/1.1" 200 1240
181.50.92.73 - - [17/May/2015:14:46:16 -0500] "GET /forest/actions/forms.getList?codForm=RevisarDocumento&id=Fun_Correccion42&text=%D1U HTTP/1.1" 200 1264
181.50.92.73 - - [17/May/2015:14:46:16 -0500] "GET /forest/actions/forms.getList?codForm=RevisarDocumento&id=Fun_Correccion42&text=%D1UN HTTP/1.1" 200 169
181.50.92.73 - - [17/May/2015:14:46:16 -0500] "GET /forest/actions/forms.getList?codForm=RevisarDocumento&id=Fun_Correccion42&text=%D1UNG HTTP/1.1" 200 63
181.50.92.73 - - [17/May/2015:14:46:16 -0500] "GET /forest/actions/forms.getList?codForm=RevisarDocumento&id=Fun_Correccion42&text=%D1UNGO HTTP/1.1" 200 63
181.70.73.247 - - [17/May/2015:14:46:25 -0500] "GET /autoliquidacion HTTP/1.1" 301 310
181.70.73.247 - - [17/May/2015:14:46:27 -0500] "GET /autoliquidacion/ HTTP/1.1" 200 6375
186.85.44.30 - - [17/May/2015:14:46:32 -0500] "POST /forest/misactividades.do?loadList=1&name=nomact&a=0.0945603926666081 HTTP/1.1" 200 559
186.85.44.30 - - [17/May/2015:14:46:32 -0500] "GET /forest/img/jquery/ui-icons_f9bd01_256x240.png HTTP/1.1" 404 185
180.76.5.223 - - [17/May/2015:14:46:35 -0500] "GET /BLA/boletinlegal;jsessionid=3FACA069D3E749FCD7E5A6BC06BE5B95?/? HTTP/1.1" 404 1018
186.85.44.30 - - [17/May/2015:14:46:35 -0500] "GET /forest/img/jquery/ui-icons_217bc0_256x240.png HTTP/1.1" 200 70221
186.85.44.30 - - [17/May/2015:14:46:35 -0500] "POST /forest/misactividades.do?ajax=true&a=0.7815679728519171 HTTP/1.1" 200 1720
186.31.124.113 - - [17/May/2015:14:46:42 -0500] "GET /BLA/boletinlegal/js/jquery.scrollTo-min.js HTTP/1.1" 200 1150
186.31.124.113 - - [17/May/2015:14:46:42 -0500] "GET /galeria/galeria/jquery.fancybox.css?v=2.1.5 HTTP/1.1" 200 4895
186.31.124.113 - - [17/May/2015:14:46:42 -0500] "GET /galeria/galeria/jquery.fancybox.js?v=2.1.5 HTTP/1.1" 200 48706
186.31.124.113 - - [17/May/2015:14:46:42 -0500] "GET /BLA/boletinlegal/js/jquery.scrollShow.js HTTP/1.1" 200 4586
186.85.44.30 - - [17/May/2015:14:46:43 -0500] "POST /forest/misactividades.do?ajax=true&a=0.8336715379264206 HTTP/1.1" 200 2302
186.31.124.113 - - [17/May/2015:14:46:43 -0500] "GET /galeria/carrusel/Carrusel/jquery.thumbnailScroller.css HTTP/1.1" 200 2066
186.31.124.113 - - [17/May/2015:14:46:43 -0500] "GET /galeria/carrusel/Carrusel/jquery-ui-1.8.13.custom.min.js HTTP/1.1" 200 10800
186.31.124.113 - - [17/May/2015:14:46:43 -0500] "GET /galeria/carrusel/Carrusel/jquery.thumbnailScroller.js HTTP/1.1" 200 8157
186.31.124.113 - - [17/May/2015:14:46:44 -0500] "GET /galeria/nivo-slider/demo/demo.html HTTP/1.1" 200 4417
180.76.5.195 - - [17/May/2015:14:46:45 -0500] "GET /BLA/resoluciones/RESOLUCIONES%202009/1755.pdf HTTP/1.1" 200 506913
186.31.124.113 - - [17/May/2015:14:46:52 -0500] "GET /galeria/nivo-slider/themes/default/default.css HTTP/1.1" 200 1569
186.31.124.113 - - [17/May/2015:14:46:52 -0500] "GET /galeria/nivo-slider/themes/pascal/pascal.css HTTP/1.1" 200 2258
186.31.124.113 - - [17/May/2015:14:46:52 -0500] "GET /galeria/nivo-slider/themes/orman/orman.css HTTP/1.1" 200 2152
186.31.124.113 - - [17/May/2015:14:46:52 -0500] "GET /galeria/nivo-slider/nivo-slider.css HTTP/1.1" 200 1507
186.31.124.113 - - [17/May/2015:14:46:52 -0500] "GET /galeria/nivo-slider/demo/style.css HTTP/1.1" 200 2222
186.31.124.113 - - [17/May/2015:14:46:52 -0500] "GET /galeria/nivo-slider/demo/images/9Signos.jpg HTTP/1.1" 200 81776
186.31.124.113 - - [17/May/2015:14:46:52 -0500] "GET /galeria/nivo-slider/demo/scripts/jquery-1.7.1.min.js HTTP/1.1" 200 93868
186.31.124.113 - - [17/May/2015:14:46:52 -0500] "GET /galeria/nivo-slider/jquery.nivo.slider.pack.js HTTP/1.1" 200 11561
186.31.124.113 - - [17/May/2015:14:46:52 -0500] "GET /galeria/nivo-slider/demo/images/capacitaciones-de-ecourbanismo.jpg HTTP/1.1" 200 171664
186.31.124.113 - - [17/May/2015:14:46:52 -0500] "GET /galeria/nivo-slider/demo/images/banner-Pacto-por-la-madera.jpg HTTP/1.1" 200 209966
186.31.124.113 - - [17/May/2015:14:46:52 -0500] "GET /galeria/nivo-slider/demo/images/dia-del-rio-bogota.jpg HTTP/1.1" 200 283516
186.31.124.113 - - [17/May/2015:14:46:53 -0500] "GET /galeria/nivo-slider/demo/images/Banner-salud.jpg HTTP/1.1" 200 181685
186.31.124.113 - - [17/May/2015:14:46:53 -0500] "GET /galeria/nivo-slider/demo/images/mailling-acercar-xpress.jpg HTTP/1.1" 200 137233
186.31.124.113 - - [17/May/2015:14:46:54 -0500] "GET /galeria/nivo-slider/demo/images/acuerdo_569.jpg HTTP/1.1" 200 62670
186.31.124.113 - - [17/May/2015:14:46:54 -0500] "GET /galeria/nivo-slider/demo/images/Licitaciones-proyecto-paramo.jpg HTTP/1.1" 200 221877
186.31.124.113 - - [17/May/2015:14:46:55 -0500] "GET /galeria/nivo-slider/demo/images/Banner-decreto1299.jpg HTTP/1.1" 200 182613
186.31.124.113 - - [17/May/2015:14:46:55 -0500] "GET /galeria/nivo-slider/demo/images/Banner-Directorio.jpg HTTP/1.1" 200 182068
186.31.124.113 - - [17/May/2015:14:46:55 -0500] "GET /galeria/nivo-slider/demo/images/4Simple_Slider.png HTTP/1.1" 200 11722
186.31.124.113 - - [17/May/2015:14:46:55 -0500] "GET /galeria/nivo-slider/themes/default/loading.gif HTTP/1.1" 200 1737
186.31.124.113 - - [17/May/2015:14:46:55 -0500] "GET /galeria/nivo-slider/demo/images/Ruta-vertimientos-01.jpg HTTP/1.1" 200 130151
186.31.124.113 - - [17/May/2015:14:46:56 -0500] "GET /galeria/nivo-slider/demo/images/bolsas-06.jpg HTTP/1.1" 200 90982
186.31.124.113 - - [17/May/2015:14:46:56 -0500] "GET /galeria/nivo-slider/demo/images/Conoce-los-humedales.jpg HTTP/1.1" 200 294036
186.31.124.113 - - [17/May/2015:14:46:56 -0500] "GET /galeria/nivo-slider/demo/images/ecolecta-Dic2014.png HTTP/1.1" 200 288593
186.31.124.113 - - [17/May/2015:14:46:56 -0500] "GET /galeria/nivo-slider/demo/images/Banner-Caracol-Africano.jpg HTTP/1.1" 200 331986
186.31.124.113 - - [17/May/2015:14:46:57 -0500] "GET /galeria/nivo-slider/demo/images/banner-llantas2.jpg HTTP/1.1" 200 73153
186.31.124.113 - - [17/May/2015:14:47:00 -0500] "GET /galeria/nivo-slider/themes/default/arrows.png HTTP/1.1" 200 824
186.31.124.113 - - [17/May/2015:14:47:00 -0500] "GET /galeria/nivo-slider/themes/default/bullets.png HTTP/1.1" 200 1281
186.85.44.30 - - [17/May/2015:14:47:01 -0500] "GET /forest/skins/gdocs-jar/jsp/cookie.jsp?name=grid_nomact&del HTTP/1.1" 200 -
186.85.44.30 - - [17/May/2015:14:47:01 -0500] "POST /forest/misactividades.do?ajax=true&a=0.13241331349126995 HTTP/1.1" 200 40228
66.249.73.171 - - [17/May/2015:14:47:04 -0500] "GET /BLA/resoluciones/AUTOS%202011/3212.pdf HTTP/1.1" 200 308045
181.50.92.73 - - [17/May/2015:14:47:06 -0500] "POST /forest/usutareas.do? HTTP/1.1" 200 76
181.50.92.73 - - [17/May/2015:14:47:08 -0500] "GET /forest/usutareas.do?group_system_actual=3&a=0.5910625029355288 HTTP/1.1" 200 20632
180.76.5.168 - - [17/May/2015:14:47:08 -0500] "GET /BLA/boletinlegal;jsessionid=D4AEFF27882B7F41D3997DA555E12E7D?/? HTTP/1.1" 404 1018
181.50.92.73 - - [17/May/2015:14:47:08 -0500] "GET /forest/session.jsp?a=0.02458595484495163 HTTP/1.1" 200 4
181.50.92.73 - - [17/May/2015:14:47:09 -0500] "GET /forest/index2.jsp?_a=0.2634630047250539 HTTP/1.1" 200 42467
181.50.92.73 - - [17/May/2015:14:47:09 -0500] "GET /forest/session.jsp?a=0.18292723130434752 HTTP/1.1" 200 4
181.50.92.73 - - [17/May/2015:14:47:12 -0500] "GET /forest/misactividades.do?group_system_actual=3&codPro=95&_a=0.9639832091273782 HTTP/1.1" 200 39286
181.50.92.73 - - [17/May/2015:14:47:12 -0500] "GET /forest/skins/gdocs-jar/jsp/cookie.jsp?name=grid_nompro&del HTTP/1.1" 200 -
181.50.92.73 - - [17/May/2015:14:47:12 -0500] "GET /forest/session.jsp?a=0.14872500230558217 HTTP/1.1" 200 4
181.50.92.73 - - [17/May/2015:14:47:12 -0500] "POST /forest/misactividades.do?ajax=true&a=0.21416873554699123 HTTP/1.1" 200 2086
180.76.5.94 - - [17/May/2015:14:47:13 -0500] "GET /BLA/resoluciones/RESOLUCIONES%202011/4662.pdf HTTP/1.1" 200 392163
186.85.44.30 - - [17/May/2015:14:47:14 -0500] "GET /forest/img/jquery/ui-bg_flat_55_fbec88_40x100.png HTTP/1.1" 200 47994
181.50.92.73 - - [17/May/2015:14:47:15 -0500] "GET /forest/img/jquery/ui-icons_217bc0_256x240.png HTTP/1.1" 304 -
181.70.73.247 - - [17/May/2015:14:47:16 -0500] "GET /autoliquidacion/index.php?dir=TR%C1MITES+ACEITES-RESIDUOS-ESTACIONES%2F HTTP/1.1" 200 2849
186.85.44.30 - - [17/May/2015:14:47:17 -0500] "GET /forest/skins/gdocs-jar/js/grid.js?version=1503.161801 HTTP/1.1" 200 7034
186.85.44.30 - - [17/May/2015:14:47:17 -0500] "GET /forest/js/usutareas-docs.js HTTP/1.1" 200 646
186.85.44.30 - - [17/May/2015:14:47:17 -0500] "GET /forest/js/jquery/jquery-1.5.2.min.js HTTP/1.1" 304 -
186.85.44.30 - - [17/May/2015:14:47:15 -0500] "GET /forest/usutareas.do?_a=0.21847391710616648&group_system_actual=3 HTTP/1.1" 200 137565
186.85.44.30 - - [17/May/2015:14:47:17 -0500] "GET /forest/skins/gdocs-jar/css/forms.css HTTP/1.1" 200 7180
186.85.44.30 - - [17/May/2015:14:47:17 -0500] "GET /forest/js/socketConnection.js HTTP/1.1" 200 3648
186.85.44.30 - - [17/May/2015:14:47:16 -0500] "GET /forest/skins/gdocs-jar/js/tareas.js?version=1503.161801 HTTP/1.1" 200 41572
186.85.44.30 - - [17/May/2015:14:47:17 -0500] "GET /forest/skins/gdocs-jar/js/number-functions.js?version=1503.161801 HTTP/1.1" 200 9577
181.50.92.73 - - [17/May/2015:14:47:17 -0500] "GET /forest/logout-redirect.jsp HTTP/1.1" 302 -
186.85.44.30 - - [17/May/2015:14:47:17 -0500] "GET /forest/skins/gdocs-jar/img/desasociarUser.gif HTTP/1.1" 200 1209
186.85.44.30 - - [17/May/2015:14:47:17 -0500] "GET /forest/skins/gdocs-jar/js/swfobject.js?version=1503.161801 HTTP/1.1" 200 6887
186.85.44.30 - - [17/May/2015:14:47:17 -0500] "GET /forest/img/asociarUser.gif HTTP/1.1" 200 1227
181.50.92.73 - - [17/May/2015:14:47:17 -0500] "GET /forest/login.do HTTP/1.1" 200 12815
186.85.44.30 - - [17/May/2015:14:47:17 -0500] "GET /forest/skins/gdocs-jar/img/asociarUserOtraDependencia.gif HTTP/1.1" 200 1217
186.85.44.30 - - [17/May/2015:14:47:17 -0500] "GET /forest/skins/gdocs-jar/img/comments.gif HTTP/1.1" 200 672
186.85.44.30 - - [17/May/2015:14:47:17 -0500] "GET /forest/skins/gdocs-jar/js/graphicForm.js?version=1503.161801 HTTP/1.1" 200 16490
186.85.44.30 - - [17/May/2015:14:47:17 -0500] "GET /forest/skins/gdocs-jar/img/print.gif HTTP/1.1" 200 1195
186.85.44.30 - - [17/May/2015:14:47:17 -0500] "GET /forest/skins/gdocs-jar/img/vertodossubprocesos.gif HTTP/1.1" 200 167
186.85.44.30 - - [17/May/2015:14:47:17 -0500] "GET /forest/skins/gdocs-jar/img/actividad2.gif HTTP/1.1" 200 1189
186.85.44.30 - - [17/May/2015:14:47:17 -0500] "GET /forest/skins/gdocs-jar/img/bola.gif HTTP/1.1" 200 272
186.85.44.30 - - [17/May/2015:14:47:17 -0500] "GET /forest/skins/gdocs-jar/img/ok.gif HTTP/1.1" 200 579
186.85.44.30 - - [17/May/2015:14:47:17 -0500] "GET /forest/js/jquery/jquery.atmosphere.js HTTP/1.1" 200 103614
186.85.44.30 - - [17/May/2015:14:47:17 -0500] "GET /forest/skins/gdocs-jar/img/iconCallForm.gif HTTP/1.1" 200 1043
186.85.44.30 - - [17/May/2015:14:47:17 -0500] "GET /forest/skins/gdocs-jar/img/alert.gif HTTP/1.1" 200 595
186.85.44.30 - - [17/May/2015:14:47:17 -0500] "GET /forest/skins/gdocs-jar/js/formsBase.js?version=1503.161801 HTTP/1.1" 200 100846
186.85.44.30 - - [17/May/2015:14:47:17 -0500] "GET /forest/skins/gdocs-jar/img/close.gif HTTP/1.1" 200 571
186.85.44.30 - - [17/May/2015:14:47:17 -0500] "GET /forest/skins/gdocs-jar/img/spacer.gif HTTP/1.1" 200 43
186.85.44.30 - - [17/May/2015:14:47:17 -0500] "GET /forest/skins/gdocs-jar/img/control-double.png HTTP/1.1" 200 21754
186.85.44.30 - - [17/May/2015:14:47:17 -0500] "GET /forest/skins/gdocs-jar/img/prev.gif HTTP/1.1" 200 827
186.85.44.30 - - [17/May/2015:14:47:17 -0500] "GET /forest/skins/gdocs-jar/img/disk.png HTTP/1.1" 200 22070
186.85.44.30 - - [17/May/2015:14:47:17 -0500] "GET /forest/skins/gdocs-jar/img/icons/pdf.gif HTTP/1.1" 200 230
186.85.44.30 - - [17/May/2015:14:47:17 -0500] "GET /forest/session.jsp?a=0.19716221862472594 HTTP/1.1" 200 4
186.85.44.30 - - [17/May/2015:14:47:17 -0500] "GET /forest/skins/gdocs-jar/img/bgPanel.jpg HTTP/1.1" 200 430
186.85.44.30 - - [17/May/2015:14:47:17 -0500] "GET /forest/skins/gdocs-jar/img/green.gif HTTP/1.1" 200 134
186.85.44.30 - - [17/May/2015:14:47:19 -0500] "GET /forest/skins/gdocs-jar/popup/escritorio/comentarios.jsp?codInst=2862467&a=0.87722835293971 HTTP/1.1" 200 36675
186.85.44.30 - - [17/May/2015:14:47:19 -0500] "GET /forest/skins/gdocs-jar/img/filtrar.png HTTP/1.1" 200 243
186.85.44.30 - - [17/May/2015:14:47:19 -0500] "GET /forest/skins/gdocs-jar/img/splitter.gif HTTP/1.1" 200 830
186.85.44.30 - - [17/May/2015:14:47:19 -0500] "GET /forest/skins/gdocs-jar/img/grid-first.gif HTTP/1.1" 200 371
186.85.44.30 - - [17/May/2015:14:47:19 -0500] "GET /forest/skins/gdocs-jar/img/grid-next.gif HTTP/1.1" 200 325
186.85.44.30 - - [17/May/2015:14:47:19 -0500] "GET /forest/skins/gdocs-jar/img/grid-prev.gif HTTP/1.1" 200 325
186.85.44.30 - - [17/May/2015:14:47:19 -0500] "GET /forest/skins/gdocs-jar/img/grid-last.gif HTTP/1.1" 200 371
186.85.44.30 - - [17/May/2015:14:47:24 -0500] "GET /favicon.ico HTTP/1.1" 200 7782
186.85.44.30 - - [17/May/2015:14:47:24 -0500] "GET /forest/documentos/1861884/2014ER91508.pdf HTTP/1.1" 200 435379
66.249.73.163 - - [17/May/2015:14:47:27 -0500] "GET /BLA/resoluciones/RESOLUCIONES%202003/RES%202003%201851--1900/20031892.tif HTTP/1.1" 200 101220
181.70.73.247 - - [17/May/2015:14:47:30 -0500] "GET /autoliquidacion/index.php?dir=TR%C1MITES+ACEITES-RESIDUOS-ESTACIONES%2Faceites-ES%2F HTTP/1.1" 200 3334
181.70.73.247 - - [17/May/2015:14:47:30 -0500] "GET /autoliquidacion/dlf/doc.gif HTTP/1.1" 200 1079
190.25.72.235 - - [17/May/2015:14:47:31 -0500] "GET /galeria/galeria/jquery.fancybox.css?v=2.1.5 HTTP/1.1" 304 -
190.25.72.235 - - [17/May/2015:14:47:31 -0500] "GET /galeria/galeria/jquery.fancybox.js?v=2.1.5 HTTP/1.1" 304 -
186.84.50.252 - - [17/May/2015:14:47:32 -0500] "POST /forms/lservlet;jsessionid=ac16012b30d6252de996537a4c2783c798ce22d5ce35.e3iSbxaKaheRe3eNbhaPbhuQa41ynknvrkLOlQzNp65In0 HTTP/1.1" 200 2
181.50.92.73 - - [17/May/2015:14:47:34 -0500] "GET /forest/index2.jsp?a=0.16015404366217223 HTTP/1.1" 200 12815
180.76.5.57 - - [17/May/2015:14:47:35 -0500] "GET /BLA/resoluciones/RESOLUCIONES%202011/5309.pdf HTTP/1.1" 200 622461
186.31.124.113 - - [17/May/2015:14:47:36 -0500] "GET /galeria/galeria/jquery.fancybox.css?v=2.1.5 HTTP/1.1" 304 -
186.31.124.113 - - [17/May/2015:14:47:36 -0500] "GET /BLA/boletinlegal/js/jquery.scrollTo-min.js HTTP/1.1" 304 -
186.31.124.113 - - [17/May/2015:14:47:36 -0500] "GET /BLA/boletinlegal/js/jquery.scrollShow.js HTTP/1.1" 304 -
186.31.124.113 - - [17/May/2015:14:47:36 -0500] "GET /galeria/galeria/jquery.fancybox.js?v=2.1.5 HTTP/1.1" 304 -
190.25.72.235 - - [17/May/2015:14:47:36 -0500] "GET /BLA/boletinlegal/js/jquery.scrollTo-min.js HTTP/1.1" 200 1150
190.25.72.235 - - [17/May/2015:14:47:36 -0500] "GET /galeria/galeria/jquery.fancybox.js?v=2.1.5 HTTP/1.1" 200 48706
190.25.72.235 - - [17/May/2015:14:47:36 -0500] "GET /BLA/boletinlegal/js/jquery.scrollShow.js HTTP/1.1" 200 4586
190.25.72.235 - - [17/May/2015:14:47:39 -0500] "GET /galeria/galeria/jquery.fancybox.css?v=2.1.5 HTTP/1.1" 200 4895
181.50.92.73 - - [17/May/2015:14:47:40 -0500] "POST /forest/login.do HTTP/1.1" 302 -
181.50.92.73 - - [17/May/2015:14:47:40 -0500] "GET /forest/index2.jsp?a=0.4495431602339858 HTTP/1.1" 200 42466
181.50.92.73 - - [17/May/2015:14:47:40 -0500] "GET /forest/session.jsp?a=0.9278400030452758 HTTP/1.1" 200 4
186.84.50.252 - - [17/May/2015:14:47:43 -0500] "POST /forms/lservlet;jsessionid=ac16012b30d6252de996537a4c2783c798ce22d5ce35.e3iSbxaKaheRe3eNbhaPbhuQa41ynknvrkLOlQzNp65In0 HTTP/1.1" 200 2414
181.50.92.73 - - [17/May/2015:14:47:43 -0500] "POST /forest/index.do HTTP/1.1" 302 -
181.50.92.73 - - [17/May/2015:14:47:43 -0500] "GET /forest/index2.jsp?a=0.6385937087401866 HTTP/1.1" 200 61271
181.50.92.73 - - [17/May/2015:14:47:44 -0500] "GET /forest/session.jsp?a=0.6139463069848716 HTTP/1.1" 200 4
186.84.50.252 - - [17/May/2015:14:47:44 -0500] "POST /forms/lservlet;jsessionid=ac16012b30d6252de996537a4c2783c798ce22d5ce35.e3iSbxaKaheRe3eNbhaPbhuQa41ynknvrkLOlQzNp65In0 HTTP/1.1" 200 49
190.66.151.202 - - [17/May/2015:14:47:46 -0500] "GET /galeria/galeria/jquery.fancybox.css?v=2.1.5 HTTP/1.1" 200 4895
190.66.151.202 - - [17/May/2015:14:47:46 -0500] "GET /BLA/boletinlegal/js/jquery.scrollTo-min.js HTTP/1.1" 200 1150
190.66.151.202 - - [17/May/2015:14:47:46 -0500] "GET /BLA/boletinlegal/js/jquery.scrollShow.js HTTP/1.1" 200 4586
190.66.151.202 - - [17/May/2015:14:47:46 -0500] "GET /galeria/galeria/jquery.fancybox.js?v=2.1.5 HTTP/1.1" 200 48706
180.76.5.144 - - [17/May/2015:14:47:47 -0500] "GET /BLA/resoluciones/RESOLUCIONES%202010/2549.pdf HTTP/1.1" 200 638520
186.84.50.252 - - [17/May/2015:14:47:53 -0500] "POST /forms/lservlet;jsessionid=ac16012b30d6252de996537a4c2783c798ce22d5ce35.e3iSbxaKaheRe3eNbhaPbhuQa41ynknvrkLOlQzNp65In0 HTTP/1.1" 200 40
186.84.50.252 - - [17/May/2015:14:47:53 -0500] "POST /forms/lservlet;jsessionid=ac16012b30d6252de996537a4c2783c798ce22d5ce35.e3iSbxaKaheRe3eNbhaPbhuQa41ynknvrkLOlQzNp65In0 HTTP/1.1" 200 8
186.84.50.252 - - [17/May/2015:14:47:53 -0500] "POST /forms/lservlet;jsessionid=ac16012b30d6252de996537a4c2783c798ce22d5ce35.e3iSbxaKaheRe3eNbhaPbhuQa41ynknvrkLOlQzNp65In0 HTTP/1.1" 200 2
190.66.151.202 - - [17/May/2015:14:47:55 -0500] "GET /galeria/galeria/jquery.fancybox.css?v=2.1.5 HTTP/1.1" 304 -
190.66.151.202 - - [17/May/2015:14:47:55 -0500] "GET /BLA/boletinlegal/js/jquery.scrollTo-min.js HTTP/1.1" 304 -
190.66.151.202 - - [17/May/2015:14:47:55 -0500] "GET /BLA/boletinlegal/js/jquery.scrollShow.js HTTP/1.1" 304 -
190.66.151.202 - - [17/May/2015:14:47:55 -0500] "GET /galeria/galeria/jquery.fancybox.js?v=2.1.5 HTTP/1.1" 304 -
186.84.50.252 - - [17/May/2015:14:47:56 -0500] "POST /forms/lservlet;jsessionid=ac16012b30d6252de996537a4c2783c798ce22d5ce35.e3iSbxaKaheRe3eNbhaPbhuQa41ynknvrkLOlQzNp65In0 HTTP/1.1" 200 24
186.84.50.252 - - [17/May/2015:14:47:56 -0500] "POST /forms/lservlet;jsessionid=ac16012b30d6252de996537a4c2783c798ce22d5ce35.e3iSbxaKaheRe3eNbhaPbhuQa41ynknvrkLOlQzNp65In0 HTTP/1.1" 200 4126
186.84.50.252 - - [17/May/2015:14:47:57 -0500] "POST /forms/lservlet;jsessionid=ac16012b30d6252de996537a4c2783c798ce22d5ce35.e3iSbxaKaheRe3eNbhaPbhuQa41ynknvrkLOlQzNp65In0 HTTP/1.1" 200 20
181.50.92.73 - - [17/May/2015:14:48:00 -0500] "GET /forest/logout-redirect.jsp HTTP/1.1" 302 -
181.50.92.73 - - [17/May/2015:14:48:00 -0500] "GET /forest/login.do HTTP/1.1" 200 12815
180.76.5.144 - - [17/May/2015:14:48:09 -0500] "GET /BLA/resoluciones/RESOLUCIONES%202008/3496.pdf HTTP/1.1" 200 256999
186.85.44.30 - - [17/May/2015:14:48:13 -0500] "GET /forest/borrador/1734794/Formato%20Oficio%20Salida%20(CON%20LOGO)%20-2014ER91508-GRUPO%20MEGACENTRO.docx HTTP/1.1" 200 101301
200.118.69.33 - - [17/May/2015:14:48:20 -0500] "GET /BLA/boletinlegal/js/jquery.scrollTo-min.js HTTP/1.1" 200 1150
200.118.69.33 - - [17/May/2015:14:48:20 -0500] "GET /BLA/boletinlegal/js/jquery.scrollShow.js HTTP/1.1" 200 4586
200.118.69.33 - - [17/May/2015:14:48:20 -0500] "GET /galeria/galeria/jquery.fancybox.js?v=2.1.5 HTTP/1.1" 200 48706
200.118.69.33 - - [17/May/2015:14:48:20 -0500] "GET /galeria/galeria/jquery.fancybox.css?v=2.1.5 HTTP/1.1" 200 4895
200.118.69.33 - - [17/May/2015:14:48:30 -0500] "GET /BLA/boletinlegal/js/jquery.scrollTo-min.js HTTP/1.1" 304 -
200.118.69.33 - - [17/May/2015:14:48:30 -0500] "GET /galeria/galeria/jquery.fancybox.css?v=2.1.5 HTTP/1.1" 304 -
200.118.69.33 - - [17/May/2015:14:48:30 -0500] "GET /BLA/boletinlegal/js/jquery.scrollShow.js HTTP/1.1" 304 -
200.118.69.33 - - [17/May/2015:14:48:30 -0500] "GET /galeria/galeria/jquery.fancybox.js?v=2.1.5 HTTP/1.1" 304 -
66.249.73.171 - - [17/May/2015:14:48:39 -0500] "GET /galeria/galeria/fotos/Soratama3P.jpg HTTP/1.1" 304 -
66.249.73.163 - - [17/May/2015:14:48:40 -0500] "GET /BLA/resoluciones/RESOLUCIONES%202009/1878.pdf HTTP/1.1" 200 300529
180.76.5.176 - - [17/May/2015:14:48:42 -0500] "GET /BLA/resoluciones/RESOLUCIONES%202011/3981.pdf HTTP/1.1" 200 786694
167.0.196.130 - - [17/May/2015:14:48:50 -0500] "GET /galeria/galeria/jquery.fancybox.css?v=2.1.5 HTTP/1.1" 200 4895
167.0.196.130 - - [17/May/2015:14:48:50 -0500] "GET /BLA/boletinlegal/js/jquery.scrollTo-min.js HTTP/1.1" 200 1150
167.0.196.130 - - [17/May/2015:14:48:50 -0500] "GET /BLA/boletinlegal/js/jquery.scrollShow.js HTTP/1.1" 200 4586
167.0.196.130 - - [17/May/2015:14:48:50 -0500] "GET /galeria/galeria/jquery.fancybox.js?v=2.1.5 HTTP/1.1" 200 48706
180.76.5.190 - - [17/May/2015:14:48:58 -0500] "GET /BLA/resoluciones/AUTOS%202010/5719.pdf HTTP/1.1" 200 253349
186.154.179.171 - - [17/May/2015:14:49:08 -0500] "GET /crossdomain.xml HTTP/1.1" 404 1280
186.154.179.171 - - [17/May/2015:14:49:08 -0500] "GET /arcgis/services/Calidad_del_Agua_WQI/MapServer/WMSServer?FORMAT=image%2Fpng&SRS=EPSG%3A4686&REQUEST=GetMap&WIDTH=1366&HEIGHT=667&STYLES=&LAYERS=3%2C4%2C5%2C6%2C7&BBOX=%2D74%2E12308754388359%2C4%2E477850286236138%2C%2D74%2E12146237201661%2C4%2E478643836481582&VERSION=1%2E1%2E1&TRANSPARENT=TRUE&SERVICE=WMS HTTP/1.1" 200 5112
180.76.5.167 - - [17/May/2015:14:49:16 -0500] "GET /BLA/resoluciones/RESOLUCIONES%202009/1562.pdf HTTP/1.1" 200 433128
180.76.5.24 - - [17/May/2015:14:49:21 -0500] "GET /BLA/resoluciones/AUTOS%202012/1618.pdf HTTP/1.1" 200 404514
186.84.50.252 - - [17/May/2015:14:49:32 -0500] "POST /forms/lservlet;jsessionid=ac16012b30d6252de996537a4c2783c798ce22d5ce35.e3iSbxaKaheRe3eNbhaPbhuQa41ynknvrkLOlQzNp65In0 HTTP/1.1" 200 2
180.76.5.152 - - [17/May/2015:14:49:44 -0500] "GET /BLA/resoluciones/RESOLUCIONES%202009/7423.pdf HTTP/1.1" 200 492897
181.56.90.110 - - [17/May/2015:14:49:47 -0500] "GET /galeria/galeria/jquery.fancybox.js?v=2.1.5 HTTP/1.1" 200 48706
181.56.90.110 - - [17/May/2015:14:49:47 -0500] "GET /BLA/boletinlegal/js/jquery.scrollShow.js HTTP/1.1" 200 4586
181.56.90.110 - - [17/May/2015:14:49:47 -0500] "GET /galeria/galeria/jquery.fancybox.css?v=2.1.5 HTTP/1.1" 200 4895
181.56.90.110 - - [17/May/2015:14:49:47 -0500] "GET /BLA/boletinlegal/js/jquery.scrollTo-min.js HTTP/1.1" 200 1150
186.29.233.140 - - [17/May/2015:14:49:55 -0500] "GET /BLA/resoluciones/RESOLUCIONES%202008/0411.pdf HTTP/1.1" 200 991941
186.29.233.140 - - [17/May/2015:14:49:55 -0500] "GET /favicon.ico HTTP/1.1" 200 7782
186.29.233.140 - - [17/May/2015:14:49:55 -0500] "GET /BLA/resoluciones/RESOLUCIONES%202008/0411.pdf HTTP/1.1" 206 32768
186.29.233.140 - - [17/May/2015:14:49:56 -0500] "GET /BLA/resoluciones/RESOLUCIONES%202008/0411.pdf HTTP/1.1" 206 959173
180.76.5.149 - - [17/May/2015:14:50:00 -0500] "GET /BLA/resoluciones/RESOLUCIONES%202009/9242.pdf HTTP/1.1" 200 495905
186.154.179.171 - - [17/May/2015:14:50:09 -0500] "GET /crossdomain.xml HTTP/1.1" 404 1280
186.154.179.171 - - [17/May/2015:14:50:10 -0500] "GET /arcgis/services/Calidad_del_Agua_WQI/MapServer/WMSServer?FORMAT=image%2Fpng&SRS=EPSG%3A4686&REQUEST=GetMap&WIDTH=1366&HEIGHT=667&STYLES=&LAYERS=3%2C4%2C5%2C6%2C7&BBOX=%2D74%2E12333855410138%2C4%2E478122013714697%2C%2D74%2E1217133822344%2C4%2E478915563960141&VERSION=1%2E1%2E1&TRANSPARENT=TRUE&SERVICE=WMS HTTP/1.1" 200 5112
180.76.5.77 - - [17/May/2015:14:50:14 -0500] "GET /BLA/resoluciones/RESOLUCIONES%202009/7901.pdf HTTP/1.1" 200 503616
66.249.73.163 - - [17/May/2015:14:50:15 -0500] "GET /BLA/resoluciones/AUTOS%202011/3431.pdf HTTP/1.1" 200 230853
186.154.179.171 - - [17/May/2015:14:50:15 -0500] "GET /arcgis/services/Calidad_del_Agua_WQI/MapServer/WMSServer?FORMAT=image%2Fpng&SRS=EPSG%3A4686&REQUEST=GetMap&WIDTH=1366&HEIGHT=667&STYLES=&LAYERS=3%2C4%2C5%2C6%2C7&BBOX=%2D74%2E12329811625256%2C4%2E478175596765888%2C%2D74%2E12167294438558%2C4%2E478969147011331&VERSION=1%2E1%2E1&TRANSPARENT=TRUE&SERVICE=WMS HTTP/1.1" 200 5112
180.76.5.81 - - [17/May/2015:14:50:19 -0500] "GET /BLA/resoluciones/RESOLUCIONES%202008/2896.pdf HTTP/1.1" 200 291395
74.86.158.107 - - [17/May/2015:14:50:22 -0500] "HEAD / HTTP/1.1" 200 -
186.154.179.171 - - [17/May/2015:14:50:24 -0500] "GET /crossdomain.xml HTTP/1.1" 404 1280
186.154.179.171 - - [17/May/2015:14:50:25 -0500] "GET /arcgis/services/Calidad_del_Agua_WQI/MapServer/WMSServer?FORMAT=image%2Fpng&SRS=EPSG%3A4686&REQUEST=GetMap&WIDTH=1366&HEIGHT=667&STYLES=&LAYERS=3%2C4%2C5%2C6%2C7&BBOX=%2D74%2E123207620968%2C4%2E4779996794774775%2C%2D74%2E12158244910103%2C4%2E478793229722921&VERSION=1%2E1%2E1&TRANSPARENT=TRUE&SERVICE=WMS HTTP/1.1" 200 5112
180.76.5.77 - - [17/May/2015:14:50:47 -0500] "GET /BLA/resoluciones/RESOLUCIONES%202009/2193.pdf HTTP/1.1" 200 637462
186.84.50.252 - - [17/May/2015:14:51:00 -0500] "POST /forms/lservlet;jsessionid=ac16012b30d6252de996537a4c2783c798ce22d5ce35.e3iSbxaKaheRe3eNbhaPbhuQa41ynknvrkLOlQzNp65In0 HTTP/1.1" 200 2
186.84.50.252 - - [17/May/2015:14:51:00 -0500] "POST /forms/lservlet;jsessionid=ac16012b30d6252de996537a4c2783c798ce22d5ce35.e3iSbxaKaheRe3eNbhaPbhuQa41ynknvrkLOlQzNp65In0 HTTP/1.1" 200 3354
186.84.50.252 - - [17/May/2015:14:51:02 -0500] "POST /forms/lservlet;jsessionid=ac16012b30d6252de996537a4c2783c798ce22d5ce35.e3iSbxaKaheRe3eNbhaPbhuQa41ynknvrkLOlQzNp65In0 HTTP/1.1" 200 2
180.76.5.144 - - [17/May/2015:14:51:02 -0500] "GET /BLA/resoluciones/RESOLUCIONES%202011/0577.pdf HTTP/1.1" 200 76607
186.84.50.252 - - [17/May/2015:14:51:07 -0500] "POST /forms/lservlet;jsessionid=ac16012b30d6252de996537a4c2783c798ce22d5ce35.e3iSbxaKaheRe3eNbhaPbhuQa41ynknvrkLOlQzNp65In0 HTTP/1.1" 200 99
186.84.50.252 - - [17/May/2015:14:51:15 -0500] "POST /forms/lservlet;jsessionid=ac16012b30d6252de996537a4c2783c798ce22d5ce35.e3iSbxaKaheRe3eNbhaPbhuQa41ynknvrkLOlQzNp65In0 HTTP/1.1" 200 2
186.84.50.252 - - [17/May/2015:14:51:15 -0500] "POST /forms/lservlet;jsessionid=ac16012b30d6252de996537a4c2783c798ce22d5ce35.e3iSbxaKaheRe3eNbhaPbhuQa41ynknvrkLOlQzNp65In0 HTTP/1.1" 200 14
185.10.104.131 - - [17/May/2015:14:51:16 -0500] "GET /BLA/resoluciones/RESOLUCIONES%202008/4649.pdf HTTP/1.1" 200 588779
186.84.50.252 - - [17/May/2015:14:51:17 -0500] "POST /forms/lservlet;jsessionid=ac16012b30d6252de996537a4c2783c798ce22d5ce35.e3iSbxaKaheRe3eNbhaPbhuQa41ynknvrkLOlQzNp65In0 HTTP/1.1" 200 14
186.84.50.252 - - [17/May/2015:14:51:18 -0500] "POST /forms/lservlet;jsessionid=ac16012b30d6252de996537a4c2783c798ce22d5ce35.e3iSbxaKaheRe3eNbhaPbhuQa41ynknvrkLOlQzNp65In0 HTTP/1.1" 200 14
186.84.50.252 - - [17/May/2015:14:51:19 -0500] "POST /forms/lservlet;jsessionid=ac16012b30d6252de996537a4c2783c798ce22d5ce35.e3iSbxaKaheRe3eNbhaPbhuQa41ynknvrkLOlQzNp65In0 HTTP/1.1" 200 78
186.84.50.252 - - [17/May/2015:14:51:19 -0500] "POST /forms/lservlet;jsessionid=ac16012b30d6252de996537a4c2783c798ce22d5ce35.e3iSbxaKaheRe3eNbhaPbhuQa41ynknvrkLOlQzNp65In0 HTTP/1.1" 200 2
178.254.62.71 - - [17/May/2015:14:51:26 -0500] "GET /test/wp-admin/ HTTP/1.1" 404 1018
186.84.50.252 - - [17/May/2015:14:51:32 -0500] "POST /forms/lservlet;jsessionid=ac16012b30d6252de996537a4c2783c798ce22d5ce35.e3iSbxaKaheRe3eNbhaPbhuQa41ynknvrkLOlQzNp65In0 HTTP/1.1" 200 2
180.76.5.60 - - [17/May/2015:14:51:34 -0500] "GET /BLA/resoluciones/RESOLUCIONES%202010/2794.pdf HTTP/1.1" 200 406114
186.154.179.171 - - [17/May/2015:14:51:44 -0500] "GET /crossdomain.xml HTTP/1.1" 404 1280
186.154.179.171 - - [17/May/2015:14:51:45 -0500] "GET /arcgis/services/Calidad_del_Agua_WQI/MapServer/WMSServer?FORMAT=image%2Fpng&SRS=EPSG%3A4686&REQUEST=GetMap&WIDTH=1366&HEIGHT=667&STYLES=&LAYERS=3%2C4%2C5%2C6%2C7&BBOX=%2D74%2E12311381609601%2C4%2E47820629883098%2C%2D74%2E12148864422903%2C4%2E478999849076423&VERSION=1%2E1%2E1&TRANSPARENT=TRUE&SERVICE=WMS HTTP/1.1" 200 5112
66.249.73.155 - - [17/May/2015:14:51:51 -0500] "GET /BLA/resoluciones/RESOLUCIONES%202009/2878.pdf HTTP/1.1" 200 444294
186.154.179.171 - - [17/May/2015:14:51:53 -0500] "GET /arcgis/services/Calidad_del_Agua_WQI/MapServer/WMSServer?FORMAT=image%2Fpng&SRS=EPSG%3A4686&REQUEST=GetMap&WIDTH=1366&HEIGHT=667&STYLES=&LAYERS=3%2C4%2C5%2C6%2C7&BBOX=%2D74%2E12321911840702%2C4%2E477976673075052%2C%2D74%2E12159394654005%2C4%2E478770223320495&VERSION=1%2E1%2E1&TRANSPARENT=TRUE&SERVICE=WMS HTTP/1.1" 200 5112
181.50.92.73 - - [17/May/2015:14:46:04 -0500] "GET /ForestMSG_SDA/channelAsync/template_word_18168819?X-Atmosphere-tracking-id=45c4c630-5bd1-d054-955a-01fceb5f1d5d&X-Atmosphere-Framework=1.0.5&X-Atmosphere-Transport=long-polling&tabid=0.7378965455573052&X-Cache-Date=0&Content-Type=application/xml&_=1431892109251 HTTP/1.1" 200 8193
180.76.5.80 - - [17/May/2015:14:52:08 -0500] "GET /BLA/resoluciones/RESOLUCIONES%202011/4468.pdf HTTP/1.1" 200 550196
186.85.44.30 - - [17/May/2015:14:52:17 -0500] "GET /forest/session.jsp?a=0.4711682724300772 HTTP/1.1" 200 4
190.25.72.235 - - [17/May/2015:14:52:24 -0500] "GET /galeria/galeria/jquery.fancybox.js?v=2.1.5 HTTP/1.1" 304 -
190.25.72.235 - - [17/May/2015:14:52:24 -0500] "GET /galeria/galeria/jquery.fancybox.css?v=2.1.5 HTTP/1.1" 304 -
180.76.5.77 - - [17/May/2015:14:52:25 -0500] "GET /BLA/resoluciones/AUTOS%202009/2820.pdf HTTP/1.1" 200 99443
186.154.179.171 - - [17/May/2015:14:52:38 -0500] "GET /crossdomain.xml HTTP/1.1" 404 1280
186.154.179.171 - - [17/May/2015:14:52:38 -0500] "GET /arcgis/services/Calidad_del_Agua_WQI/MapServer/WMSServer?FORMAT=image%2Fpng&SRS=EPSG%3A4686&REQUEST=GetMap&WIDTH=1366&HEIGHT=667&STYLES=&LAYERS=3%2C4%2C5%2C6%2C7&BBOX=%2D74%2E12321911840702%2C4%2E477976673075052%2C%2D74%2E12159394654005%2C4%2E478770223320495&VERSION=1%2E1%2E1&TRANSPARENT=TRUE&SERVICE=WMS HTTP/1.1" 200 5112
200.125.91.166 - - [17/May/2015:14:52:42 -0500] "GET /BLA/boletinlegal/js/jquery.scrollShow.js HTTP/1.1" 200 4586
200.125.91.166 - - [17/May/2015:14:52:42 -0500] "GET /galeria/galeria/jquery.fancybox.js?v=2.1.5 HTTP/1.1" 200 48706
200.125.91.166 - - [17/May/2015:14:52:42 -0500] "GET /galeria/galeria/jquery.fancybox.css?v=2.1.5 HTTP/1.1" 200 4895
200.125.91.166 - - [17/May/2015:14:52:42 -0500] "GET /BLA/boletinlegal/js/jquery.scrollTo-min.js HTTP/1.1" 200 1150
180.76.5.188 - - [17/May/2015:14:52:44 -0500] "GET /BLA/resoluciones/RESOLUCIONES%202013/0983.pdf HTTP/1.1" 200 566481
186.155.142.61 - - [17/May/2015:14:52:51 -0500] "GET /galeria/juegos/ear/EARI.swf HTTP/1.1" 200 526915
186.155.142.61 - - [17/May/2015:14:52:53 -0500] "GET /galeria/juegos/ear/cab_ear.flv HTTP/1.1" 200 2172365
200.125.91.166 - - [17/May/2015:14:53:06 -0500] "GET /galeria/galeria/jquery.fancybox.css?v=2.1.5 HTTP/1.1" 200 4895
200.125.91.166 - - [17/May/2015:14:53:06 -0500] "GET /BLA/boletinlegal/js/jquery.scrollTo-min.js HTTP/1.1" 200 1150
200.125.91.166 - - [17/May/2015:14:53:06 -0500] "GET /galeria/galeria/jquery.fancybox.js?v=2.1.5 HTTP/1.1" 200 48706
200.125.91.166 - - [17/May/2015:14:53:06 -0500] "GET /BLA/boletinlegal/js/jquery.scrollShow.js HTTP/1.1" 200 4586
186.85.44.30 - - [17/May/2015:14:53:08 -0500] "GET /forest/actions/forms.getList?codForm=Correspondencia_Revisar_Aprobar&id=funcionariofirma&text=M HTTP/1.1" 200 1265
186.85.44.30 - - [17/May/2015:14:53:08 -0500] "GET /forest/actions/forms.getList?codForm=Correspondencia_Revisar_Aprobar&id=funcionariofirma&text=MA HTTP/1.1" 200 1259
186.85.44.30 - - [17/May/2015:14:53:08 -0500] "GET /forest/actions/forms.getList?codForm=Correspondencia_Revisar_Aprobar&id=funcionariofirma&text=MAN HTTP/1.1" 200 1277
186.85.44.30 - - [17/May/2015:14:53:08 -0500] "GET /forest/actions/forms.getList?codForm=Correspondencia_Revisar_Aprobar&id=funcionariofirma&text=MANR HTTP/1.1" 200 137
186.85.44.30 - - [17/May/2015:14:53:08 -0500] "GET /forest/actions/forms.getList?codForm=Correspondencia_Revisar_Aprobar&id=funcionariofirma&text=MANRI HTTP/1.1" 200 137
180.76.5.144 - - [17/May/2015:14:53:10 -0500] "GET /BLA/resoluciones/RESOLUCIONES%202009/1304.pdf HTTP/1.1" 200 523303
186.85.44.30 - - [17/May/2015:14:47:17 -0500] "GET /ForestMSG_SDA/channelAsync/template_word_17981335?X-Atmosphere-tracking-id=bcd9a63c-09bc-c484-8b65-b9761b0d609c&X-Atmosphere-Framework=1.0.5&X-Atmosphere-Transport=long-polling&tabid=0.6104712574742734&X-Cache-Date=0&Content-Type=application/xml&_=1431892187266 HTTP/1.1" 200 8193
186.85.44.30 - - [17/May/2015:14:53:18 -0500] "POST /forest/usutareas.do? HTTP/1.1" 200 76
186.85.44.30 - - [17/May/2015:14:53:20 -0500] "GET /forest/usutareas.do?group_system_actual=3&a=0.2721617624629289 HTTP/1.1" 200 19549
186.85.44.30 - - [17/May/2015:14:53:20 -0500] "GET /forest/session.jsp?a=0.6602683414239436 HTTP/1.1" 200 4
186.154.179.171 - - [17/May/2015:14:53:20 -0500] "GET /crossdomain.xml HTTP/1.1" 404 1280
186.154.179.171 - - [17/May/2015:14:53:20 -0500] "GET /arcgis/services/Calidad_del_Agua_WQI/MapServer/WMSServer?FORMAT=image%2Fpng&SRS=EPSG%3A4686&REQUEST=GetMap&WIDTH=1366&HEIGHT=667&STYLES=&LAYERS=3%2C4%2C5%2C6%2C7&BBOX=%2D74%2E12308500422492%2C4%2E477622102499815%2C%2D74%2E12145983235794%2C4%2E478415652745259&VERSION=1%2E1%2E1&TRANSPARENT=TRUE&SERVICE=WMS HTTP/1.1" 200 5112
186.85.44.30 - - [17/May/2015:14:53:21 -0500] "GET /forest/misactividades.do?_a=0.557334115030244&group_system_actual=3 HTTP/1.1" 200 37568
186.85.44.30 - - [17/May/2015:14:53:21 -0500] "GET /forest/session.jsp?a=0.9294850507285446 HTTP/1.1" 200 4
186.85.44.30 - - [17/May/2015:14:53:21 -0500] "POST /forest/misactividades.do?ajax=true&a=0.1644307051319629 HTTP/1.1" 200 42021
186.154.179.171 - - [17/May/2015:14:53:24 -0500] "GET /arcgis/services/Calidad_del_Agua_WQI/MapServer/WMSServer?FORMAT=image%2Fpng&SRS=EPSG%3A4686&REQUEST=GetMap&WIDTH=1366&HEIGHT=667&STYLES=&LAYERS=3%2C4%2C5%2C6%2C7&BBOX=%2D74%2E12316787892476%2C4%2E476752236455312%2C%2D74%2E12154270705778%2C4%2E477545786700755&VERSION=1%2E1%2E1&TRANSPARENT=TRUE&SERVICE=WMS HTTP/1.1" 200 5112
186.154.179.171 - - [17/May/2015:14:53:26 -0500] "GET /arcgis/services/Calidad_del_Agua_WQI/MapServer/WMSServer?FORMAT=image%2Fpng&SRS=EPSG%3A4686&REQUEST=GetMap&WIDTH=1366&HEIGHT=667&STYLES=&LAYERS=3%2C4%2C5%2C6%2C7&BBOX=%2D74%2E12321182560062%2C4%2E47597043476602%2C%2D74%2E12158665373364%2C4%2E4767639850114636&VERSION=1%2E1%2E1&TRANSPARENT=TRUE&SERVICE=WMS HTTP/1.1" 200 5112
66.249.73.163 - - [17/May/2015:14:53:26 -0500] "GET /BLA/resoluciones/RESOLUCIONES%202007/RES%202007%201301%20AL%201400/RESOLUCION%201365%20DE%202007.pdf HTTP/1.1" 200 301087
180.76.5.26 - - [17/May/2015:14:53:27 -0500] "GET /BLA/resoluciones/RESOLUCIONES%202011/0080.pdf HTTP/1.1" 200 371566
186.154.179.171 - - [17/May/2015:14:53:27 -0500] "GET /arcgis/services/Calidad_del_Agua_WQI/MapServer/WMSServer?FORMAT=image%2Fpng&SRS=EPSG%3A4686&REQUEST=GetMap&WIDTH=1366&HEIGHT=667&STYLES=&LAYERS=3%2C4%2C5%2C6%2C7&BBOX=%2D74%2E12349928279303%2C4%2E475415826223094%2C%2D74%2E12187411092606%2C4%2E476209376468538&VERSION=1%2E1%2E1&TRANSPARENT=TRUE&SERVICE=WMS HTTP/1.1" 200 5112
186.154.179.171 - - [17/May/2015:14:53:29 -0500] "GET /arcgis/services/Calidad_del_Agua_WQI/MapServer/WMSServer?FORMAT=image%2Fpng&SRS=EPSG%3A4686&REQUEST=GetMap&WIDTH=1366&HEIGHT=667&STYLES=&LAYERS=3%2C4%2C5%2C6%2C7&BBOX=%2D74%2E12330452842188%2C4%2E474932571492548%2C%2D74%2E1216793565549%2C4%2E475726121737992&VERSION=1%2E1%2E1&TRANSPARENT=TRUE&SERVICE=WMS HTTP/1.1" 200 5112
186.84.50.252 - - [17/May/2015:14:53:32 -0500] "POST /forms/lservlet;jsessionid=ac16012b30d6252de996537a4c2783c798ce22d5ce35.e3iSbxaKaheRe3eNbhaPbhuQa41ynknvrkLOlQzNp65In0 HTTP/1.1" 200 2
186.154.179.171 - - [17/May/2015:14:53:34 -0500] "GET /crossdomain.xml HTTP/1.1" 404 1280
186.154.179.171 - - [17/May/2015:14:53:34 -0500] "GET /arcgis/services/Calidad_del_Agua_WQI/MapServer/WMSServer?FORMAT=image%2Fpng&SRS=EPSG%3A4686&REQUEST=GetMap&WIDTH=1366&HEIGHT=667&STYLES=&LAYERS=3%2C4%2C5%2C6%2C7&BBOX=%2D74%2E12294308776606%2C4%2E473197864965806%2C%2D74%2E12131791589908%2C4%2E47399141521125&VERSION=1%2E1%2E1&TRANSPARENT=TRUE&SERVICE=WMS HTTP/1.1" 200 5112
186.84.50.252 - - [17/May/2015:14:53:35 -0500] "POST /forms/lservlet;jsessionid=ac16012b30d6252de996537a4c2783c798ce22d5ce35.e3iSbxaKaheRe3eNbhaPbhuQa41ynknvrkLOlQzNp65In0 HTTP/1.1" 200 2
186.154.179.171 - - [17/May/2015:14:53:35 -0500] "GET /arcgis/services/Calidad_del_Agua_WQI/MapServer/WMSServer?FORMAT=image%2Fpng&SRS=EPSG%3A4686&REQUEST=GetMap&WIDTH=1366&HEIGHT=667&STYLES=&LAYERS=3%2C4%2C5%2C6%2C7&BBOX=%2D74%2E12314710478077%2C4%2E472895601170249%2C%2D74%2E1215219329138%2C4%2E473689151415693&VERSION=1%2E1%2E1&TRANSPARENT=TRUE&SERVICE=WMS HTTP/1.1" 200 5112
186.84.50.252 - - [17/May/2015:14:53:35 -0500] "POST /forms/lservlet;jsessionid=ac16012b30d6252de996537a4c2783c798ce22d5ce35.e3iSbxaKaheRe3eNbhaPbhuQa41ynknvrkLOlQzNp65In0 HTTP/1.1" 200 14
186.84.50.252 - - [17/May/2015:14:53:36 -0500] "POST /forms/lservlet;jsessionid=ac16012b30d6252de996537a4c2783c798ce22d5ce35.e3iSbxaKaheRe3eNbhaPbhuQa41ynknvrkLOlQzNp65In0 HTTP/1.1" 200 39
186.84.50.252 - - [17/May/2015:14:53:37 -0500] "POST /forms/lservlet;jsessionid=ac16012b30d6252de996537a4c2783c798ce22d5ce35.e3iSbxaKaheRe3eNbhaPbhuQa41ynknvrkLOlQzNp65In0 HTTP/1.1" 200 2
186.154.179.171 - - [17/May/2015:14:53:40 -0500] "GET /arcgis/services/Calidad_del_Agua_WQI/MapServer/WMSServer?FORMAT=image%2Fpng&SRS=EPSG%3A4686&REQUEST=GetMap&WIDTH=1366&HEIGHT=667&STYLES=&LAYERS=3%2C4%2C5%2C6%2C7&BBOX=%2D74%2E12228334780723%2C4%2E473121380719445%2C%2D74%2E12065817594025%2C4%2E473914930964889&VERSION=1%2E1%2E1&TRANSPARENT=TRUE&SERVICE=WMS HTTP/1.1" 200 5112
186.84.50.252 - - [17/May/2015:14:53:41 -0500] "POST /forms/lservlet;jsessionid=ac16012b30d6252de996537a4c2783c798ce22d5ce35.e3iSbxaKaheRe3eNbhaPbhuQa41ynknvrkLOlQzNp65In0 HTTP/1.1" 200 369
186.84.50.252 - - [17/May/2015:14:53:42 -0500] "POST /forms/lservlet;jsessionid=ac16012b30d6252de996537a4c2783c798ce22d5ce35.e3iSbxaKaheRe3eNbhaPbhuQa41ynknvrkLOlQzNp65In0 HTTP/1.1" 200 2
186.154.179.171 - - [17/May/2015:14:53:42 -0500] "GET /arcgis/services/Calidad_del_Agua_WQI/MapServer/WMSServer?FORMAT=image%2Fpng&SRS=EPSG%3A4686&REQUEST=GetMap&WIDTH=1366&HEIGHT=667&STYLES=&LAYERS=3%2C4%2C5%2C6%2C7&BBOX=%2D74%2E1217146292899%2C4%2E473280189933038%2C%2D74%2E12008945742292%2C4%2E474073740178482&VERSION=1%2E1%2E1&TRANSPARENT=TRUE&SERVICE=WMS HTTP/1.1" 200 5112
186.84.50.252 - - [17/May/2015:14:53:42 -0500] "POST /forms/lservlet;jsessionid=ac16012b30d6252de996537a4c2783c798ce22d5ce35.e3iSbxaKaheRe3eNbhaPbhuQa41ynknvrkLOlQzNp65In0 HTTP/1.1" 200 407
186.84.50.252 - - [17/May/2015:14:53:43 -0500] "POST /forms/lservlet;jsessionid=ac16012b30d6252de996537a4c2783c798ce22d5ce35.e3iSbxaKaheRe3eNbhaPbhuQa41ynknvrkLOlQzNp65In0 HTTP/1.1" 200 1092
186.84.50.252 - - [17/May/2015:14:53:44 -0500] "POST /forms/lservlet;jsessionid=ac16012b30d6252de996537a4c2783c798ce22d5ce35.e3iSbxaKaheRe3eNbhaPbhuQa41ynknvrkLOlQzNp65In0 HTTP/1.1" 200 350
180.76.5.168 - - [17/May/2015:14:53:46 -0500] "GET /BLA/resoluciones/RESOLUCIONES%202011/5004.pdf HTTP/1.1" 200 349347
186.84.50.252 - - [17/May/2015:14:53:47 -0500] "POST /forms/lservlet;jsessionid=ac16012b30d6252de996537a4c2783c798ce22d5ce35.e3iSbxaKaheRe3eNbhaPbhuQa41ynknvrkLOlQzNp65In0 HTTP/1.1" 200 118
186.154.179.171 - - [17/May/2015:14:53:49 -0500] "GET /crossdomain.xml HTTP/1.1" 404 1280
186.84.50.252 - - [17/May/2015:14:53:49 -0500] "POST /forms/lservlet;jsessionid=ac16012b30d6252de996537a4c2783c798ce22d5ce35.e3iSbxaKaheRe3eNbhaPbhuQa41ynknvrkLOlQzNp65In0 HTTP/1.1" 200 2
186.154.179.171 - - [17/May/2015:14:53:49 -0500] "GET /arcgis/services/Calidad_del_Agua_WQI/MapServer/WMSServer?FORMAT=image%2Fpng&SRS=EPSG%3A4686&REQUEST=GetMap&WIDTH=1366&HEIGHT=667&STYLES=&LAYERS=3%2C4%2C5%2C6%2C7&BBOX=%2D74%2E12275933788996%2C4%2E472781992010525%2C%2D74%2E12113416602298%2C4%2E473575542255968&VERSION=1%2E1%2E1&TRANSPARENT=TRUE&SERVICE=WMS HTTP/1.1" 200 5112
186.84.50.252 - - [17/May/2015:14:53:49 -0500] "POST /forms/lservlet;jsessionid=ac16012b30d6252de996537a4c2783c798ce22d5ce35.e3iSbxaKaheRe3eNbhaPbhuQa41ynknvrkLOlQzNp65In0 HTTP/1.1" 200 3162
186.84.50.252 - - [17/May/2015:14:53:50 -0500] "POST /forms/lservlet;jsessionid=ac16012b30d6252de996537a4c2783c798ce22d5ce35.e3iSbxaKaheRe3eNbhaPbhuQa41ynknvrkLOlQzNp65In0 HTTP/1.1" 200 2
186.154.179.171 - - [17/May/2015:14:53:50 -0500] "GET /arcgis/services/Calidad_del_Agua_WQI/MapServer/WMSServer?FORMAT=image%2Fpng&SRS=EPSG%3A4686&REQUEST=GetMap&WIDTH=1366&HEIGHT=667&STYLES=&LAYERS=3%2C4%2C5%2C6%2C7&BBOX=%2D74%2E12262526761337%2C4%2E472312032807133%2C%2D74%2E1210000957464%2C4%2E473105583052576&VERSION=1%2E1%2E1&TRANSPARENT=TRUE&SERVICE=WMS HTTP/1.1" 200 5112
190.159.154.239 - - [17/May/2015:14:53:51 -0500] "GET /galeria/galeria/jquery.fancybox.css?v=2.1.5 HTTP/1.1" 200 4895
190.159.154.239 - - [17/May/2015:14:53:51 -0500] "GET /BLA/boletinlegal/js/jquery.scrollTo-min.js HTTP/1.1" 200 1150
190.159.154.239 - - [17/May/2015:14:53:51 -0500] "GET /BLA/boletinlegal/js/jquery.scrollShow.js HTTP/1.1" 200 4586
190.159.154.239 - - [17/May/2015:14:53:51 -0500] "GET /galeria/galeria/jquery.fancybox.js?v=2.1.5 HTTP/1.1" 200 48706
186.84.50.252 - - [17/May/2015:14:53:52 -0500] "POST /forms/lservlet;jsessionid=ac16012b30d6252de996537a4c2783c798ce22d5ce35.e3iSbxaKaheRe3eNbhaPbhuQa41ynknvrkLOlQzNp65In0 HTTP/1.1" 200 182
186.154.179.171 - - [17/May/2015:14:53:56 -0500] "GET /arcgis/services/Calidad_del_Agua_WQI/MapServer/WMSServer?FORMAT=image%2Fpng&SRS=EPSG%3A4686&REQUEST=GetMap&WIDTH=1366&HEIGHT=667&STYLES=&LAYERS=3%2C4%2C5%2C6%2C7&BBOX=%2D74%2E12255073212337%2C4%2E472109575715202%2C%2D74%2E1209255602564%2C4%2E472903125960646&VERSION=1%2E1%2E1&TRANSPARENT=TRUE&SERVICE=WMS HTTP/1.1" 200 5112
190.159.154.239 - - [17/May/2015:14:53:57 -0500] "GET /BLA/boletinlegal/js/jquery.scrollTo-min.js HTTP/1.1" 304 -
190.159.154.239 - - [17/May/2015:14:53:57 -0500] "GET /BLA/boletinlegal/js/jquery.scrollShow.js HTTP/1.1" 304 -
190.159.154.239 - - [17/May/2015:14:53:57 -0500] "GET /galeria/galeria/jquery.fancybox.js?v=2.1.5 HTTP/1.1" 304 -
190.159.154.239 - - [17/May/2015:14:53:57 -0500] "GET /galeria/galeria/jquery.fancybox.css?v=2.1.5 HTTP/1.1" 304 -
