180.76.15.21 - - [29/May/2015:01:07:22 -0500] "GET /BLA/resoluciones/RESOLUCIONES%202008/2619.pdf HTTP/1.1" 200 414686
190.156.75.88 - - [29/May/2015:01:07:33 -0500] "GET /galeria/galeria/jquery.fancybox.css?v=2.1.5 HTTP/1.1" 304 -
190.156.75.88 - - [29/May/2015:01:07:33 -0500] "GET /BLA/boletinlegal/js/jquery.scrollTo-min.js HTTP/1.1" 304 -
190.156.75.88 - - [29/May/2015:01:07:33 -0500] "GET /BLA/boletinlegal/js/jquery.scrollShow.js HTTP/1.1" 304 -
190.156.75.88 - - [29/May/2015:01:07:33 -0500] "GET /galeria/galeria/jquery.fancybox.js?v=2.1.5 HTTP/1.1" 304 -
180.76.15.33 - - [29/May/2015:01:07:39 -0500] "GET /BLA/resoluciones/RESOLUCIONES%202008/1371.pdf HTTP/1.1" 200 1098870
66.249.64.228 - - [29/May/2015:01:07:50 -0500] "GET /m/autoliquidacion/Solicitudes%20relacionadas%20con%20calidad%20del%20aire%20auditiva%20y%20visual/Evaluaci%C3%B3n%20de%20Estudios%20de%20ruido/Aplicativo%20Evaluacion%20estudios%20de%20ruido%202015.xlsx HTTP/1.1" 404 1018
180.76.15.154 - - [29/May/2015:01:08:14 -0500] "GET /BLA/resoluciones/RESOLUCIONES%202008/2027.pdf HTTP/1.1" 200 188238
180.76.15.146 - - [29/May/2015:01:08:31 -0500] "GET /BLA/resoluciones/AUTOS%202014/3502.pdf HTTP/1.1" 200 641110
180.76.15.163 - - [29/May/2015:01:08:48 -0500] "GET /BLA/resoluciones/RESOLUCIONES%202007/RES%202007%203401%20AL%203500/RESOLUCION%203453%20DE%202007.pdf HTTP/1.1" 200 715663
180.76.15.157 - - [29/May/2015:01:09:05 -0500] "GET /BLA/resoluciones/RESOLUCIONES%202008/4179.pdf HTTP/1.1" 200 391189
74.86.158.107 - - [29/May/2015:01:09:08 -0500] "HEAD / HTTP/1.1" 200 -
180.76.15.160 - - [29/May/2015:01:09:24 -0500] "GET /BLA/resoluciones/RESOLUCIONES%202008/3115.pdf HTTP/1.1" 200 54346
186.114.65.125 - - [29/May/2015:01:09:33 -0500] "GET /galeria/galeria/jquery.fancybox.css?v=2.1.5 HTTP/1.1" 200 4895
186.114.65.125 - - [29/May/2015:01:09:33 -0500] "GET /BLA/boletinlegal/js/jquery.scrollTo-min.js HTTP/1.1" 200 1150
186.114.65.125 - - [29/May/2015:01:09:33 -0500] "GET /BLA/boletinlegal/js/jquery.scrollShow.js HTTP/1.1" 200 4586
186.114.65.125 - - [29/May/2015:01:09:33 -0500] "GET /galeria/galeria/jquery.fancybox.js?v=2.1.5 HTTP/1.1" 200 48706
186.114.65.125 - - [29/May/2015:01:09:38 -0500] "GET /BLA/boletinlegal/js/jquery.scrollTo-min.js HTTP/1.1" 304 -
186.114.65.125 - - [29/May/2015:01:09:38 -0500] "GET /BLA/boletinlegal/js/jquery.scrollShow.js HTTP/1.1" 304 -
186.114.65.125 - - [29/May/2015:01:09:38 -0500] "GET /galeria/galeria/jquery.fancybox.js?v=2.1.5 HTTP/1.1" 304 -
186.114.65.125 - - [29/May/2015:01:09:38 -0500] "GET /galeria/galeria/jquery.fancybox.css?v=2.1.5 HTTP/1.1" 304 -
190.156.75.88 - - [29/May/2015:01:09:52 -0500] "GET /galeria/galeria/jquery.fancybox.css?v=2.1.5 HTTP/1.1" 304 -
190.156.75.88 - - [29/May/2015:01:09:52 -0500] "GET /BLA/boletinlegal/js/jquery.scrollTo-min.js HTTP/1.1" 304 -
190.156.75.88 - - [29/May/2015:01:09:52 -0500] "GET /BLA/boletinlegal/js/jquery.scrollShow.js HTTP/1.1" 304 -
190.156.75.88 - - [29/May/2015:01:09:52 -0500] "GET /galeria/galeria/jquery.fancybox.js?v=2.1.5 HTTP/1.1" 304 -
66.249.64.228 - - [29/May/2015:01:09:56 -0500] "GET /BLA/resoluciones/RESOLUCIONES%202007/RES%202007%201901%20AL%202000/RESOLUCION%201975%20DE%202007.pdf HTTP/1.1" 200 52350
180.76.15.13 - - [29/May/2015:01:09:57 -0500] "GET /BLA/resoluciones/AUTOS%202009/1707.pdf HTTP/1.1" 200 124445
180.76.15.163 - - [29/May/2015:01:10:32 -0500] "GET /BLA/resoluciones/AUTOS%202010/2523.pdf HTTP/1.1" 200 151309
186.151.130.133 - - [29/May/2015:01:10:54 -0500] "GET /BLA/boletinlegal/js/jquery.scrollTo-min.js HTTP/1.1" 200 1150
186.151.130.133 - - [29/May/2015:01:10:54 -0500] "GET /BLA/boletinlegal/js/jquery.scrollShow.js HTTP/1.1" 200 4586
186.151.130.133 - - [29/May/2015:01:10:54 -0500] "GET /galeria/galeria/jquery.fancybox.js?v=2.1.5 HTTP/1.1" 200 48706
186.151.130.133 - - [29/May/2015:01:10:54 -0500] "GET /galeria/galeria/jquery.fancybox.css?v=2.1.5 HTTP/1.1" 200 4895
181.61.237.235 - - [29/May/2015:01:10:57 -0500] "GET /BLA/boletinlegal/js/jquery.scrollTo-min.js HTTP/1.1" 200 1150
181.61.237.235 - - [29/May/2015:01:10:57 -0500] "GET /galeria/galeria/jquery.fancybox.js?v=2.1.5 HTTP/1.1" 200 48706
181.61.237.235 - - [29/May/2015:01:10:57 -0500] "GET /galeria/galeria/jquery.fancybox.css?v=2.1.5 HTTP/1.1" 200 4895
181.61.237.235 - - [29/May/2015:01:10:57 -0500] "GET /BLA/boletinlegal/js/jquery.scrollShow.js HTTP/1.1" 200 4586
66.249.64.228 - - [29/May/2015:01:11:02 -0500] "GET /BLA/resoluciones/AUTOS%202008/2570.pdf HTTP/1.1" 200 259603
181.61.237.235 - - [29/May/2015:01:11:03 -0500] "GET /galeria/galeria/jquery.fancybox.css?v=2.1.5 HTTP/1.1" 304 -
181.61.237.235 - - [29/May/2015:01:11:03 -0500] "GET /BLA/boletinlegal/js/jquery.scrollTo-min.js HTTP/1.1" 304 -
181.61.237.235 - - [29/May/2015:01:11:03 -0500] "GET /BLA/boletinlegal/js/jquery.scrollShow.js HTTP/1.1" 304 -
181.61.237.235 - - [29/May/2015:01:11:03 -0500] "GET /galeria/galeria/jquery.fancybox.js?v=2.1.5 HTTP/1.1" 304 -
186.151.130.133 - - [29/May/2015:01:11:03 -0500] "GET /galeria/galeria/jquery.fancybox.css?v=2.1.5 HTTP/1.1" 200 4895
186.151.130.133 - - [29/May/2015:01:11:03 -0500] "GET /BLA/boletinlegal/js/jquery.scrollTo-min.js HTTP/1.1" 200 1150
186.151.130.133 - - [29/May/2015:01:11:03 -0500] "GET /BLA/boletinlegal/js/jquery.scrollShow.js HTTP/1.1" 200 4586
186.151.130.133 - - [29/May/2015:01:11:03 -0500] "GET /galeria/galeria/jquery.fancybox.js?v=2.1.5 HTTP/1.1" 200 48706
66.249.64.233 - - [29/May/2015:01:11:24 -0500] "GET /BLA/resoluciones/AUTOS%202013/0607.pdf HTTP/1.1" 304 -
180.76.15.141 - - [29/May/2015:01:11:41 -0500] "GET /BLA/resoluciones/RESOLUCIONES%202007/RES%202007%204001%20AL%204100/RESOLUCION%204044%20DE%202007.pdf HTTP/1.1" 200 632667
180.76.15.6 - - [29/May/2015:01:12:00 -0500] "GET /BLA/resoluciones/RESOLUCIONES%202009/8446.pdf HTTP/1.1" 200 519382
201.142.134.154 - - [29/May/2015:01:12:13 -0500] "GET /BLA/boletinlegal/js/jquery.scrollShow.js HTTP/1.1" 200 4586
201.142.134.154 - - [29/May/2015:01:12:13 -0500] "GET /BLA/boletinlegal/js/jquery.scrollTo-min.js HTTP/1.1" 200 1150
201.142.134.154 - - [29/May/2015:01:12:13 -0500] "GET /galeria/galeria/jquery.fancybox.js?v=2.1.5 HTTP/1.1" 200 48706
201.142.134.154 - - [29/May/2015:01:12:13 -0500] "GET /galeria/galeria/jquery.fancybox.css?v=2.1.5 HTTP/1.1" 200 4895
180.76.15.32 - - [29/May/2015:01:12:16 -0500] "GET /BLA/resoluciones/AUTOS%202010/5335.pdf HTTP/1.1" 200 1052547
180.76.15.23 - - [29/May/2015:01:12:33 -0500] "GET /BLA/resoluciones/RESOLUCIONES%202009/1092.pdf HTTP/1.1" 200 286006
180.76.15.138 - - [29/May/2015:01:12:50 -0500] "GET /BLA/resoluciones/RESOLUCIONES%202007/RES%202007%202001%20AL%202100/RESOLUCION%202011%20DE%202007.pdf HTTP/1.1" 200 679398
66.249.64.223 - - [29/May/2015:01:13:05 -0500] "GET /BLA/resoluciones/AUTOS%202008/2527.pdf HTTP/1.1" 200 112851
201.245.192.253 - - [29/May/2015:01:07:08 -0500] "GET /ForestMSG_SDA/channelAsync/template_word_18262122?X-Atmosphere-tracking-id=2ee1731c-389a-c8f3-fcef-909331177a25&X-Atmosphere-Framework=1.0.5&X-Atmosphere-Transport=long-polling&tabid=0.48698988901184304&X-Cache-Date=0&Content-Type=application/xml&_=1432879663877 HTTP/1.1" 200 8193
180.76.15.140 - - [29/May/2015:01:13:09 -0500] "GET /BLA/resoluciones/RESOLUCIONES%202008/4295.pdf HTTP/1.1" 200 421923
180.76.15.140 - - [29/May/2015:01:13:25 -0500] "GET /BLA/resoluciones/AUTOS%202012/1278.pdf HTTP/1.1" 200 273934
180.76.15.142 - - [29/May/2015:01:13:59 -0500] "GET /BLA/resoluciones/AUTOS%202013/0067.pdf HTTP/1.1" 200 2185228
74.86.158.107 - - [29/May/2015:01:14:08 -0500] "HEAD / HTTP/1.1" 200 -
66.249.64.223 - - [29/May/2015:01:14:28 -0500] "GET /BLA/resoluciones/RESOLUCIONES%202004/RES%202004%201401-1450/00001408.tif HTTP/1.1" 304 -
180.76.15.155 - - [29/May/2015:01:14:34 -0500] "GET /BLA/resoluciones/RESOLUCIONES%202007/RES%202007%204101%20AL%204200/RESOLUCION%204141%20DE%202007.pdf HTTP/1.1" 200 603303
201.234.75.11 - - [29/May/2015:01:14:47 -0500] "GET /StormSDA/stormWeb/presentacion.html HTTP/1.1" 304 -
180.76.15.17 - - [29/May/2015:01:14:51 -0500] "GET /BLA/resoluciones/AUTOS%202013/3374.pdf HTTP/1.1" 200 242076
180.76.15.19 - - [29/May/2015:01:15:37 -0500] "GET /BLA/resoluciones/RESOLUCIONES%202007/RES%202007%204201%20AL%204300/RESOLUCION%204202%20DE%202007.pdf HTTP/1.1" 200 344332
180.76.15.145 - - [29/May/2015:01:15:54 -0500] "GET /BLA/resoluciones/AUTOS%202012/0302.pdf HTTP/1.1" 200 222595
180.76.15.134 - - [29/May/2015:01:16:59 -0500] "GET /BLA/resoluciones/RESOLUCIONES%202008/2318.pdf HTTP/1.1" 200 362611
180.76.15.7 - - [29/May/2015:01:17:35 -0500] "GET /BLA/resoluciones/AUTOS%202012/0556.pdf HTTP/1.1" 200 230764
181.60.168.30 - - [29/May/2015:01:17:41 -0500] "GET /galeria/galeria/jquery.fancybox.js?v=2.1.5 HTTP/1.1" 200 48706
181.60.168.30 - - [29/May/2015:01:17:41 -0500] "GET /galeria/galeria/jquery.fancybox.css?v=2.1.5 HTTP/1.1" 200 4895
181.60.168.30 - - [29/May/2015:01:17:41 -0500] "GET /BLA/boletinlegal/js/jquery.scrollShow.js HTTP/1.1" 200 4586
181.60.168.30 - - [29/May/2015:01:17:41 -0500] "GET /BLA/boletinlegal/js/jquery.scrollTo-min.js HTTP/1.1" 200 1150
180.76.15.145 - - [29/May/2015:01:17:51 -0500] "GET /BLA/resoluciones/AUTOS%202011/0864.pdf HTTP/1.1" 200 150887
181.60.168.30 - - [29/May/2015:01:17:54 -0500] "GET /BLA/boletinlegal/js/jquery.scrollTo-min.js HTTP/1.1" 200 1150
181.60.168.30 - - [29/May/2015:01:17:54 -0500] "GET /BLA/boletinlegal/js/jquery.scrollShow.js HTTP/1.1" 200 4586
181.60.168.30 - - [29/May/2015:01:17:54 -0500] "GET /galeria/galeria/jquery.fancybox.css?v=2.1.5 HTTP/1.1" 200 4895
181.60.168.30 - - [29/May/2015:01:17:54 -0500] "GET /galeria/galeria/jquery.fancybox.js?v=2.1.5 HTTP/1.1" 200 48706
180.76.15.31 - - [29/May/2015:01:18:27 -0500] "GET /BLA/resoluciones/RESOLUCIONES%202009/1207.pdf HTTP/1.1" 200 409939
66.249.64.233 - - [29/May/2015:01:18:54 -0500] "GET /BLA/resoluciones/RESOLUCIONES%202007/RES%202007%20201%20AL%20300/RESOLUCION%200212%20DE%202007.pdf HTTP/1.1" 200 284359
201.245.192.253 - - [29/May/2015:01:13:08 -0500] "GET /ForestMSG_SDA/channelAsync/template_word_18262122?X-Atmosphere-tracking-id=2ee1731c-389a-c8f3-fcef-909331177a25&X-Atmosphere-Framework=1.0.5&X-Atmosphere-Transport=long-polling&tabid=0.48698988901184304&X-Cache-Date=0&Content-Type=application/xml&_=1432880024109 HTTP/1.1" 200 8193
74.86.158.107 - - [29/May/2015:01:19:08 -0500] "HEAD / HTTP/1.1" 200 -
180.76.15.10 - - [29/May/2015:01:19:36 -0500] "GET /BLA/resoluciones/RESOLUCIONES%202007/RES%202007%20401%20AL%20500/RESOLUCION%200490%20DE%202007.pdf HTTP/1.1" 200 423907
180.76.15.20 - - [29/May/2015:01:19:56 -0500] "GET /BLA/resoluciones/AUTOS%202009/3572.pdf HTTP/1.1" 200 209403
180.76.15.157 - - [29/May/2015:01:20:10 -0500] "GET /BLA/resoluciones/RESOLUCIONES%202008/0816.pdf HTTP/1.1" 200 83538
66.249.64.228 - - [29/May/2015:01:20:18 -0500] "GET /BLA/resoluciones/RESOLUCIONES%202007/RES%202007%202601%20AL%202700/RESOLUCION%202611%20DE%202007.pdf HTTP/1.1" 200 759770
180.76.15.140 - - [29/May/2015:01:20:27 -0500] "GET /BLA/resoluciones/RESOLUCIONES%202007/RES%202007%204301%20AL%204352/RESOLUCION%204322%20DE%202007.pdf HTTP/1.1" 200 680436
66.249.64.223 - - [29/May/2015:01:20:47 -0500] "GET /galeria/nivo-slider/demo/demo.html HTTP/1.1" 200 5171
66.249.64.228 - - [29/May/2015:01:20:49 -0500] "GET /galeria/nivo-slider/jquery.nivo.slider.pack.js HTTP/1.1" 200 11561
66.249.64.233 - - [29/May/2015:01:20:49 -0500] "GET /galeria/nivo-slider/nivo-slider.css HTTP/1.1" 200 1507
66.249.64.223 - - [29/May/2015:01:20:49 -0500] "GET /galeria/nivo-slider/themes/orman/orman.css HTTP/1.1" 200 2152
66.249.64.223 - - [29/May/2015:01:20:50 -0500] "GET /galeria/nivo-slider/demo/scripts/jquery-1.7.1.min.js HTTP/1.1" 200 93868
66.249.64.233 - - [29/May/2015:01:20:50 -0500] "GET /galeria/nivo-slider/demo/style.css HTTP/1.1" 200 2222
66.249.64.223 - - [29/May/2015:01:20:51 -0500] "GET /galeria/nivo-slider/themes/pascal/pascal.css HTTP/1.1" 200 2258
66.249.64.228 - - [29/May/2015:01:20:52 -0500] "GET /galeria/nivo-slider/themes/default/default.css HTTP/1.1" 200 1569
180.76.15.11 - - [29/May/2015:01:21:02 -0500] "GET /BLA/resoluciones/RESOLUCIONES%202008/2184.pdf HTTP/1.1" 200 387740
180.76.15.136 - - [29/May/2015:01:21:19 -0500] "GET /BLA/resoluciones/RESOLUCIONES%202008/1548.pdf HTTP/1.1" 200 325607
186.28.158.163 - - [29/May/2015:01:21:29 -0500] "GET /galeria/galeria/jquery.fancybox.css?v=2.1.5 HTTP/1.1" 200 4895
186.28.158.163 - - [29/May/2015:01:21:29 -0500] "GET /BLA/boletinlegal/js/jquery.scrollShow.js HTTP/1.1" 200 4586
186.28.158.163 - - [29/May/2015:01:21:29 -0500] "GET /galeria/galeria/jquery.fancybox.js?v=2.1.5 HTTP/1.1" 200 48706
186.28.158.163 - - [29/May/2015:01:21:29 -0500] "GET /BLA/boletinlegal/js/jquery.scrollTo-min.js HTTP/1.1" 200 1150
180.76.15.157 - - [29/May/2015:01:21:36 -0500] "GET /BLA/resoluciones/RESOLUCIONES%202009/2604.pdf HTTP/1.1" 200 64169
186.28.158.163 - - [29/May/2015:01:21:40 -0500] "GET /galeria/galeria/jquery.fancybox.css?v=2.1.5 HTTP/1.1" 304 -
186.28.158.163 - - [29/May/2015:01:21:40 -0500] "GET /BLA/boletinlegal/js/jquery.scrollTo-min.js HTTP/1.1" 304 -
186.28.158.163 - - [29/May/2015:01:21:40 -0500] "GET /BLA/boletinlegal/js/jquery.scrollShow.js HTTP/1.1" 304 -
186.28.158.163 - - [29/May/2015:01:21:40 -0500] "GET /galeria/galeria/jquery.fancybox.js?v=2.1.5 HTTP/1.1" 304 -
186.28.158.163 - - [29/May/2015:01:21:41 -0500] "GET /galeria/galeria/jquery.fancybox.js?v=2.1.5 HTTP/1.1" 304 -
186.28.158.163 - - [29/May/2015:01:21:41 -0500] "GET /galeria/galeria/jquery.fancybox.css?v=2.1.5 HTTP/1.1" 304 -
66.249.64.223 - - [29/May/2015:01:21:47 -0500] "GET /BLA/resoluciones/RESOLUCIONES%202007/RES%202007%204201%20AL%204300/RESOLUCION%204233%20DE%202007.pdf HTTP/1.1" 200 81710
180.76.15.18 - - [29/May/2015:01:22:30 -0500] "GET /BLA/resoluciones/RESOLUCIONES%202008/5533.pdf HTTP/1.1" 200 68784
180.76.15.151 - - [29/May/2015:01:22:48 -0500] "GET /BLA/resoluciones/AUTOS%202014/5591.pdf HTTP/1.1" 200 4056818
180.76.15.28 - - [29/May/2015:01:23:17 -0500] "GET /BLA/resoluciones/RESOLUCIONES%202008/4992.pdf HTTP/1.1" 200 253935
180.76.15.153 - - [29/May/2015:01:23:22 -0500] "GET /BLA/resoluciones/AUTOS%202012/2692.pdf HTTP/1.1" 200 268157
66.249.64.233 - - [29/May/2015:01:23:28 -0500] "GET /BLA/resoluciones/AUTOS%202006/AUTOS%202006%203101%20-%203200/00003115.tif HTTP/1.1" 200 95800
180.76.15.155 - - [29/May/2015:01:23:40 -0500] "GET /BLA/resoluciones/AUTOS%202013/1401.pdf HTTP/1.1" 200 654298
180.76.15.19 - - [29/May/2015:01:23:57 -0500] "GET /BLA/resoluciones/RESOLUCIONES%202011/0931.pdf HTTP/1.1" 200 66939
74.86.158.107 - - [29/May/2015:01:24:08 -0500] "HEAD / HTTP/1.1" 200 -
66.249.64.228 - - [29/May/2015:01:24:09 -0500] "GET /BLA/resoluciones/RESOLUCIONES%202010/0945.pdf HTTP/1.1" 200 98363
201.234.75.11 - - [29/May/2015:01:24:12 -0500] "GET /galeria/nivo-slider/demo/images/coplima.jpg HTTP/1.1" 304 -
66.249.64.223 - - [29/May/2015:01:24:47 -0500] "GET /BLA/resoluciones/AUTOS%202011/3858.pdf HTTP/1.1" 200 243315
181.50.8.3 - - [29/May/2015:01:24:56 -0500] "GET /galeria/galeria/jquery.fancybox.css?v=2.1.5 HTTP/1.1" 200 4895
181.50.8.3 - - [29/May/2015:01:24:56 -0500] "GET /BLA/boletinlegal/js/jquery.scrollShow.js HTTP/1.1" 200 4586
181.50.8.3 - - [29/May/2015:01:24:56 -0500] "GET /BLA/boletinlegal/js/jquery.scrollTo-min.js HTTP/1.1" 200 1150
181.50.8.3 - - [29/May/2015:01:24:56 -0500] "GET /galeria/galeria/jquery.fancybox.js?v=2.1.5 HTTP/1.1" 200 48706
66.249.64.233 - - [29/May/2015:01:25:06 -0500] "GET /BLA/resoluciones/AUTOS%202010/5712.pdf HTTP/1.1" 200 200279
201.245.192.253 - - [29/May/2015:01:19:08 -0500] "GET /ForestMSG_SDA/channelAsync/template_word_18262122?X-Atmosphere-tracking-id=2ee1731c-389a-c8f3-fcef-909331177a25&X-Atmosphere-Framework=1.0.5&X-Atmosphere-Transport=long-polling&tabid=0.48698988901184304&X-Cache-Date=0&Content-Type=application/xml&_=1432880384214 HTTP/1.1" 200 8193
66.249.64.223 - - [29/May/2015:01:25:29 -0500] "GET /BLA/resoluciones/RESOLUCIONES%202010/0151.pdf HTTP/1.1" 200 105824
180.76.15.8 - - [29/May/2015:01:25:34 -0500] "GET /BLA/resoluciones/RESOLUCIONES%202007/RES%202007%202901%20AL%203000/RESOLUCION%202976%20DE%202007.pdf HTTP/1.1" 200 787626
180.76.15.140 - - [29/May/2015:01:25:42 -0500] "GET /BLA/resoluciones/RESOLUCIONES%202007/RES%202007%20601%20AL%20700/RESOLUCION%200650%20DE%202007.pdf HTTP/1.1" 200 516243
181.50.108.216 - - [29/May/2015:01:25:58 -0500] "GET /galeria/galeria/jquery.fancybox.css?v=2.1.5 HTTP/1.1" 304 -
181.50.108.216 - - [29/May/2015:01:25:58 -0500] "GET /galeria/galeria/jquery.fancybox.js?v=2.1.5 HTTP/1.1" 304 -
181.50.108.216 - - [29/May/2015:01:25:59 -0500] "GET /galeria/nivo-slider/demo/demo.html HTTP/1.1" 200 5171
66.249.64.228 - - [29/May/2015:01:26:03 -0500] "GET /BLA/boletinlegal/js/jquery.scrollShow.js HTTP/1.1" 200 4586
66.249.64.228 - - [29/May/2015:01:26:03 -0500] "GET /galeria/galeria/jquery.fancybox.js?v=2.1.5 HTTP/1.1" 200 48706
66.249.64.228 - - [29/May/2015:01:26:04 -0500] "GET /BLA/boletinlegal/js/jquery.scrollTo-min.js HTTP/1.1" 200 1150
66.249.64.223 - - [29/May/2015:01:26:04 -0500] "GET /galeria/galeria/jquery.fancybox.css?v=2.1.5 HTTP/1.1" 200 4895
180.76.15.141 - - [29/May/2015:01:26:08 -0500] "GET /BLA/resoluciones/AUTOS%202013/1673.pdf HTTP/1.1" 200 262113
66.249.64.233 - - [29/May/2015:01:26:13 -0500] "GET /BLA/resoluciones/RESOLUCIONES%202010/0194.pdf HTTP/1.1" 200 512317
180.76.15.23 - - [29/May/2015:01:26:17 -0500] "GET /BLA/resoluciones/RESOLUCIONES%202010/0711.pdf HTTP/1.1" 200 103817
66.249.64.228 - - [29/May/2015:01:26:28 -0500] "GET /BLA/resoluciones/AUTOS%202008/3381.pdf HTTP/1.1" 200 99059
66.249.64.233 - - [29/May/2015:01:26:29 -0500] "GET /BLA/resoluciones/AUTOS%202011/4881.pdf HTTP/1.1" 200 628199
180.76.15.151 - - [29/May/2015:01:26:34 -0500] "GET /BLA/resoluciones/RESOLUCIONES%202007/RES%202007%202101%20AL%202200/RESOLUCION%202115%20DE%202007.pdf HTTP/1.1" 200 100272
66.249.64.233 - - [29/May/2015:01:26:40 -0500] "GET /m/BLA/resoluciones/RESOLUCIONES%202007/RES%202007%202601%20AL%202700/RESOLUCION%202646%20DE%202007.pdf HTTP/1.1" 404 1018
151.80.31.152 - - [29/May/2015:01:26:50 -0500] "GET / HTTP/1.1" 200 10190
180.76.15.154 - - [29/May/2015:01:26:51 -0500] "GET /BLA/resoluciones/RESOLUCIONES%202008/1849.pdf HTTP/1.1" 200 257892
180.76.15.152 - - [29/May/2015:01:27:09 -0500] "GET /BLA/resoluciones/RESOLUCIONES%202009/1673.pdf HTTP/1.1" 200 856193
180.76.15.31 - - [29/May/2015:01:27:26 -0500] "GET /BLA/resoluciones/AUTOS%202013/2226.pdf HTTP/1.1" 200 633590
180.76.15.148 - - [29/May/2015:01:28:03 -0500] "GET /BLA/resoluciones/AUTOS%202012/2525.pdf HTTP/1.1" 200 1862143
66.249.64.223 - - [29/May/2015:01:28:19 -0500] "GET /BLA/resoluciones/RESOLUCIONES%202007/RES%202007%202201%20AL%202300/RESOLUCION%202268%20%20DE%202007.pdf HTTP/1.1" 200 226787
66.249.64.223 - - [29/May/2015:01:28:28 -0500] "GET /BLA/resoluciones/AUTOS%202011/3992.pdf HTTP/1.1" 200 284101
74.86.158.107 - - [29/May/2015:01:29:08 -0500] "HEAD / HTTP/1.1" 200 -
66.249.64.228 - - [29/May/2015:01:29:18 -0500] "GET /BLA/resoluciones/RESOLUCIONES%202007/RES%202007%201801%20AL%201900/RESOLUCION%201868%20DE%202007.pdf HTTP/1.1" 200 551139
66.249.64.233 - - [29/May/2015:01:29:34 -0500] "GET /BLA/resoluciones/RESOLUCIONES%202010/2549.pdf HTTP/1.1" 200 638520
180.76.15.16 - - [29/May/2015:01:29:35 -0500] "GET /BLA/resoluciones/RESOLUCIONES%202008/4377.pdf HTTP/1.1" 200 831253
180.76.15.28 - - [29/May/2015:01:29:52 -0500] "GET /BLA/resoluciones/RESOLUCIONES%202007/RES%202007%203601%20AL%203700/RESOLUCION%203651%20DE%202007.pdf HTTP/1.1" 200 308890
66.249.64.223 - - [29/May/2015:01:30:10 -0500] "GET /BLA/resoluciones/RESOLUCIONES%202007/RES%202007%20301%20AL%20400/RESOLUCION%200327%20DE%202007.pdf HTTP/1.1" 200 169861
181.55.170.176 - - [29/May/2015:01:30:19 -0500] "GET /BLA/boletinlegal/js/jquery.scrollTo-min.js HTTP/1.1" 200 1150
181.55.170.176 - - [29/May/2015:01:30:19 -0500] "GET /galeria/galeria/jquery.fancybox.js?v=2.1.5 HTTP/1.1" 200 48706
181.55.170.176 - - [29/May/2015:01:30:19 -0500] "GET /BLA/boletinlegal/js/jquery.scrollShow.js HTTP/1.1" 200 4586
181.55.170.176 - - [29/May/2015:01:30:19 -0500] "GET /galeria/galeria/jquery.fancybox.css?v=2.1.5 HTTP/1.1" 200 4895
180.76.15.6 - - [29/May/2015:01:30:27 -0500] "GET /BLA/resoluciones/AUTOS%202010/6661.pdf HTTP/1.1" 200 3691944
180.76.15.10 - - [29/May/2015:01:30:45 -0500] "GET /BLA/resoluciones/RESOLUCIONES%202007/RES%202007%20801%20AL%20900/RESOLUCION%200854%20DE%202007.pdf HTTP/1.1" 200 1245085
181.55.170.176 - - [29/May/2015:01:30:46 -0500] "GET /galeria/galeria/jquery.fancybox.css?v=2.1.5 HTTP/1.1" 304 -
181.55.170.176 - - [29/May/2015:01:30:46 -0500] "GET /BLA/boletinlegal/js/jquery.scrollTo-min.js HTTP/1.1" 304 -
181.55.170.176 - - [29/May/2015:01:30:46 -0500] "GET /galeria/galeria/jquery.fancybox.js?v=2.1.5 HTTP/1.1" 304 -
181.55.170.176 - - [29/May/2015:01:30:46 -0500] "GET /BLA/boletinlegal/js/jquery.scrollShow.js HTTP/1.1" 304 -
181.55.170.176 - - [29/May/2015:01:30:52 -0500] "GET /videos/CRRFFS.mp4 HTTP/1.1" 200 286784363
180.76.15.139 - - [29/May/2015:01:31:02 -0500] "GET /BLA/resoluciones/RESOLUCIONES%202011/1096.pdf HTTP/1.1" 200 369813
201.245.192.253 - - [29/May/2015:01:25:08 -0500] "GET /ForestMSG_SDA/channelAsync/template_word_18262122?X-Atmosphere-tracking-id=2ee1731c-389a-c8f3-fcef-909331177a25&X-Atmosphere-Framework=1.0.5&X-Atmosphere-Transport=long-polling&tabid=0.48698988901184304&X-Cache-Date=0&Content-Type=application/xml&_=1432880744288 HTTP/1.1" 200 8193
180.76.15.16 - - [29/May/2015:01:31:19 -0500] "GET /BLA/resoluciones/AUTOS%202012/1290.pdf HTTP/1.1" 200 190979
66.249.64.233 - - [29/May/2015:01:31:44 -0500] "GET /BLA/resoluciones/AUTOS%202011/4203.pdf HTTP/1.1" 200 203407
207.46.13.71 - - [29/May/2015:01:31:46 -0500] "GET / HTTP/1.1" 200 10190
66.249.64.223 - - [29/May/2015:01:31:48 -0500] "GET /BLA/resoluciones/RESOLUCIONES%202004/RES%202004%201401-1450/00001438.tif HTTP/1.1" 304 -
180.76.15.7 - - [29/May/2015:01:31:53 -0500] "GET /BLA/resoluciones/AUTOS%202013/0779.pdf HTTP/1.1" 200 1287835
180.76.15.136 - - [29/May/2015:01:32:11 -0500] "GET /BLA/resoluciones/AUTOS%202013/0486.pdf HTTP/1.1" 200 1630941
180.76.15.18 - - [29/May/2015:01:32:28 -0500] "GET /BLA/resoluciones/AUTOS%202014/4166.pdf HTTP/1.1" 200 335789
180.76.15.138 - - [29/May/2015:01:32:45 -0500] "GET /BLA/resoluciones/AUTOS%202012/2930.pdf HTTP/1.1" 200 373240
66.249.64.228 - - [29/May/2015:01:32:58 -0500] "GET /BLA/resoluciones/AUTOS%202007/0423.pdf HTTP/1.1" 200 63043
180.76.15.25 - - [29/May/2015:01:33:03 -0500] "GET /BLA/resoluciones/RESOLUCIONES%202009/1445.pdf HTTP/1.1" 200 376080
66.249.64.233 - - [29/May/2015:01:33:10 -0500] "GET /BLA/resoluciones/AUTOS%202011/2905.pdf HTTP/1.1" 200 145414
66.249.64.228 - - [29/May/2015:01:33:14 -0500] "GET /BLA/resoluciones/RESOLUCIONES%202007/RES%202007%202101%20AL%202200/RESOLUCION%202132%20DE%202007.pdf HTTP/1.1" 200 409717
180.76.15.141 - - [29/May/2015:01:33:20 -0500] "GET /BLA/resoluciones/AUTOS%202013/0170.pdf HTTP/1.1" 200 3039441
66.249.64.228 - - [29/May/2015:01:33:36 -0500] "GET /BLA/resoluciones/AUTOS%202011/3298.pdf HTTP/1.1" 200 214285
180.76.15.12 - - [29/May/2015:01:33:37 -0500] "GET /BLA/resoluciones/RESOLUCIONES%202008/4527.pdf HTTP/1.1" 200 340518
66.249.64.223 - - [29/May/2015:01:33:43 -0500] "GET /BLA/resoluciones/RESOLUCIONES%202007/RES%202007%201401%20AL%201500/RESOLUCION%201410%20DE%202007.pdf HTTP/1.1" 304 -
66.249.64.233 - - [29/May/2015:01:33:44 -0500] "GET /BLA/resoluciones/AUTOS%202011/5825.pdf HTTP/1.1" 200 286163
66.249.64.228 - - [29/May/2015:01:33:49 -0500] "GET /BLA/resoluciones/RESOLUCIONES%202010/3573.pdf HTTP/1.1" 200 651775
180.76.15.32 - - [29/May/2015:01:33:55 -0500] "GET /BLA/resoluciones/RESOLUCIONES%202009/9523.pdf HTTP/1.1" 200 600309
74.86.158.107 - - [29/May/2015:01:34:08 -0500] "HEAD / HTTP/1.1" 200 -
180.76.15.139 - - [29/May/2015:01:34:12 -0500] "GET /BLA/resoluciones/RESOLUCIONES%202008/3292.pdf HTTP/1.1" 200 150277
180.76.15.5 - - [29/May/2015:01:34:31 -0500] "GET /BLA/resoluciones/AUTOS%202013/1332.pdf HTTP/1.1" 200 983795
180.76.15.157 - - [29/May/2015:01:35:05 -0500] "GET /BLA/resoluciones/RESOLUCIONES%202008/5608.pdf HTTP/1.1" 200 263910
180.76.15.29 - - [29/May/2015:01:35:21 -0500] "GET /BLA/resoluciones/RESOLUCIONES%202009/7870.pdf HTTP/1.1" 200 331318
180.76.15.15 - - [29/May/2015:01:35:38 -0500] "GET /BLA/resoluciones/RESOLUCIONES%202008/2776.pdf HTTP/1.1" 200 256094
180.76.15.135 - - [29/May/2015:01:35:55 -0500] "GET /BLA/resoluciones/RESOLUCIONES%202008/1304.pdf HTTP/1.1" 200 331618
157.55.39.131 - - [29/May/2015:01:35:57 -0500] "GET /Anexos%20estudio%20Organizacional%20SDA/ANEXO%20No.%204%20-%20ENCUESTA%20DE%20AN%C3%81LISIS%20ORGANIZACIONAL/ENCUESTA%20SUBDIRECCI%C3%93N%20SILVICULTURA.DOC HTTP/1.1" 200 245760
66.249.64.228 - - [29/May/2015:01:36:05 -0500] "GET /BLA/resoluciones/RESOLUCIONES%202011/6182.pdf HTTP/1.1" 200 399926
186.80.17.211 - - [29/May/2015:01:36:12 -0500] "GET /galeria/galeria/jquery.fancybox.css?v=2.1.5 HTTP/1.1" 200 4895
186.80.17.211 - - [29/May/2015:01:36:12 -0500] "GET /galeria/galeria/jquery.fancybox.js?v=2.1.5 HTTP/1.1" 200 48706
186.80.17.211 - - [29/May/2015:01:36:12 -0500] "GET /BLA/boletinlegal/js/jquery.scrollShow.js HTTP/1.1" 200 4586
186.80.17.211 - - [29/May/2015:01:36:12 -0500] "GET /BLA/boletinlegal/js/jquery.scrollTo-min.js HTTP/1.1" 200 1150
186.80.17.211 - - [29/May/2015:01:36:12 -0500] "GET /galeria/carrusel/Carrusel/jquery.thumbnailScroller.css HTTP/1.1" 200 2066
186.80.17.211 - - [29/May/2015:01:36:12 -0500] "GET /galeria/carrusel/Carrusel/jquery-ui-1.8.13.custom.min.js HTTP/1.1" 200 10800
186.80.17.211 - - [29/May/2015:01:36:12 -0500] "GET /galeria/carrusel/Carrusel/jquery.thumbnailScroller.js HTTP/1.1" 200 8157
186.80.17.211 - - [29/May/2015:01:36:12 -0500] "GET /galeria/nivo-slider/demo/demo.html HTTP/1.1" 200 5171
186.80.17.211 - - [29/May/2015:01:36:13 -0500] "GET /galeria/nivo-slider/themes/pascal/pascal.css HTTP/1.1" 200 2258
186.80.17.211 - - [29/May/2015:01:36:13 -0500] "GET /galeria/nivo-slider/themes/default/default.css HTTP/1.1" 200 1569
186.80.17.211 - - [29/May/2015:01:36:13 -0500] "GET /galeria/nivo-slider/themes/orman/orman.css HTTP/1.1" 200 2152
186.80.17.211 - - [29/May/2015:01:36:13 -0500] "GET /galeria/nivo-slider/nivo-slider.css HTTP/1.1" 200 1507
186.80.17.211 - - [29/May/2015:01:36:13 -0500] "GET /galeria/nivo-slider/demo/style.css HTTP/1.1" 200 2222
186.80.17.211 - - [29/May/2015:01:36:13 -0500] "GET /galeria/nivo-slider/demo/images/9Signos.jpg HTTP/1.1" 200 81776
186.80.17.211 - - [29/May/2015:01:36:13 -0500] "GET /galeria/nivo-slider/demo/images/Semana-Ambiental.jpg HTTP/1.1" 200 79049
186.80.17.211 - - [29/May/2015:01:36:13 -0500] "GET /galeria/nivo-slider/demo/images/GAE-banner.jpg HTTP/1.1" 200 97208
186.80.17.211 - - [29/May/2015:01:36:13 -0500] "GET /galeria/nivo-slider/demo/images/Comparendo-ambiental-Banner.jpg HTTP/1.1" 200 83731
186.80.17.211 - - [29/May/2015:01:36:13 -0500] "GET /galeria/nivo-slider/demo/images/Banner-encuesta-de-percepscio.jpg HTTP/1.1" 200 201899
186.80.17.211 - - [29/May/2015:01:36:13 -0500] "GET /galeria/nivo-slider/demo/images/capacitaciones-de-ecourbanismo.jpg HTTP/1.1" 200 191490
186.80.17.211 - - [29/May/2015:01:36:14 -0500] "GET /galeria/nivo-slider/demo/scripts/jquery-1.7.1.min.js HTTP/1.1" 200 93868
186.80.17.211 - - [29/May/2015:01:36:14 -0500] "GET /galeria/nivo-slider/jquery.nivo.slider.pack.js HTTP/1.1" 200 11561
186.80.17.211 - - [29/May/2015:01:36:14 -0500] "GET /galeria/nivo-slider/demo/images/4Simple_Slider.png HTTP/1.1" 200 11722
186.80.17.211 - - [29/May/2015:01:36:14 -0500] "GET /galeria/nivo-slider/themes/default/loading.gif HTTP/1.1" 200 1737
186.80.17.211 - - [29/May/2015:01:36:15 -0500] "GET /galeria/nivo-slider/demo/images/banner-Pacto-por-la-madera.jpg HTTP/1.1" 200 209966
186.80.17.211 - - [29/May/2015:01:36:15 -0500] "GET /galeria/nivo-slider/demo/images/Banner-salud.jpg HTTP/1.1" 200 181685
186.80.17.211 - - [29/May/2015:01:36:15 -0500] "GET /galeria/nivo-slider/demo/images/mailling-acercar-xpress.jpg HTTP/1.1" 200 137233
186.80.17.211 - - [29/May/2015:01:36:16 -0500] "GET /galeria/nivo-slider/demo/images/acuerdo_569.jpg HTTP/1.1" 200 62670
186.80.17.211 - - [29/May/2015:01:36:16 -0500] "GET /galeria/nivo-slider/demo/images/Licitaciones-proyecto-paramo.jpg HTTP/1.1" 200 221877
186.80.17.211 - - [29/May/2015:01:36:17 -0500] "GET /galeria/nivo-slider/demo/images/Banner-decreto1299.jpg HTTP/1.1" 200 182613
186.80.17.211 - - [29/May/2015:01:36:17 -0500] "GET /galeria/nivo-slider/demo/images/Banner-Directorio.jpg HTTP/1.1" 200 182068
186.80.17.211 - - [29/May/2015:01:36:18 -0500] "GET /galeria/nivo-slider/demo/images/Ruta-vertimientos-01.jpg HTTP/1.1" 200 130151
186.80.17.211 - - [29/May/2015:01:36:19 -0500] "GET /galeria/nivo-slider/demo/images/bolsas-06.jpg HTTP/1.1" 200 90982
186.80.17.211 - - [29/May/2015:01:36:19 -0500] "GET /galeria/nivo-slider/demo/images/Conoce-los-humedales.jpg HTTP/1.1" 200 294036
186.80.17.211 - - [29/May/2015:01:36:21 -0500] "GET /galeria/nivo-slider/demo/images/Banner-Caracol-Africano.jpg HTTP/1.1" 200 331986
186.80.17.211 - - [29/May/2015:01:36:21 -0500] "GET /galeria/nivo-slider/demo/images/ecolecta-Dic2014.png HTTP/1.1" 200 288593
186.80.17.211 - - [29/May/2015:01:36:21 -0500] "GET /galeria/nivo-slider/demo/images/banner-llantas2.jpg HTTP/1.1" 200 204644
186.80.17.211 - - [29/May/2015:01:36:25 -0500] "GET /galeria/nivo-slider/themes/default/arrows.png HTTP/1.1" 200 824
186.80.17.211 - - [29/May/2015:01:36:25 -0500] "GET /galeria/nivo-slider/themes/default/bullets.png HTTP/1.1" 200 1281
180.76.15.11 - - [29/May/2015:01:36:30 -0500] "GET /BLA/resoluciones/AUTOS%202012/2570.pdf HTTP/1.1" 200 313208
66.249.64.233 - - [29/May/2015:01:36:38 -0500] "GET /BLA/resoluciones/AUTOS%202009/0855.pdf HTTP/1.1" 200 82871
186.80.17.211 - - [29/May/2015:01:36:43 -0500] "GET /galeria/galeria/jquery.fancybox.css?v=2.1.5 HTTP/1.1" 304 -
186.80.17.211 - - [29/May/2015:01:36:43 -0500] "GET /BLA/boletinlegal/js/jquery.scrollTo-min.js HTTP/1.1" 304 -
186.80.17.211 - - [29/May/2015:01:36:43 -0500] "GET /galeria/galeria/jquery.fancybox.js?v=2.1.5 HTTP/1.1" 304 -
186.80.17.211 - - [29/May/2015:01:36:43 -0500] "GET /BLA/boletinlegal/js/jquery.scrollShow.js HTTP/1.1" 304 -
180.76.15.134 - - [29/May/2015:01:36:47 -0500] "GET /BLA/resoluciones/RESOLUCIONES%202008/0573.pdf HTTP/1.1" 200 163551
180.76.15.144 - - [29/May/2015:01:37:04 -0500] "GET /BLA/resoluciones/AUTOS%202011/1756.pdf HTTP/1.1" 200 198815
201.245.192.253 - - [29/May/2015:01:31:08 -0500] "GET /ForestMSG_SDA/channelAsync/template_word_18262122?X-Atmosphere-tracking-id=2ee1731c-389a-c8f3-fcef-909331177a25&X-Atmosphere-Framework=1.0.5&X-Atmosphere-Transport=long-polling&tabid=0.48698988901184304&X-Cache-Date=0&Content-Type=application/xml&_=1432881104425 HTTP/1.1" 200 8193
137.183.232.27 - - [29/May/2015:01:37:15 -0500] "GET /galeria/galeria/jquery.fancybox.css?v=2.1.5 HTTP/1.1" 304 -
180.76.15.151 - - [29/May/2015:01:37:22 -0500] "GET /BLA/resoluciones/RESOLUCIONES%202009/0225.pdf HTTP/1.1" 200 284903
180.76.15.150 - - [29/May/2015:01:37:39 -0500] "GET /BLA/resoluciones/RESOLUCIONES%202009/9445.pdf HTTP/1.1" 200 441860
180.76.15.25 - - [29/May/2015:01:37:56 -0500] "GET /BLA/resoluciones/RESOLUCIONES%202008/0206.pdf HTTP/1.1" 200 392384
180.76.15.158 - - [29/May/2015:01:38:14 -0500] "GET /BLA/resoluciones/RESOLUCIONES%202008/0784.pdf HTTP/1.1" 200 62819
66.249.64.223 - - [29/May/2015:01:38:15 -0500] "GET /BLA/resoluciones/RESOLUCIONES%202010/0358.pdf HTTP/1.1" 200 509057
180.76.15.143 - - [29/May/2015:01:38:31 -0500] "GET /BLA/resoluciones/AUTOS%202012/2368.pdf HTTP/1.1" 200 1222760
199.30.25.79 - - [29/May/2015:01:38:32 -0500] "GET /videos/galeria-cronicas/skin/blue.monday/jplayer.blue.monday.css HTTP/1.1" 200 12518
199.30.25.79 - - [29/May/2015:01:38:33 -0500] "GET /videos/galeria-cronicas/js/jquery.jplayer.min.js HTTP/1.1" 200 43668
199.30.25.79 - - [29/May/2015:01:38:33 -0500] "GET /videos/galeria-cronicas/js/jplayer.playlist.min.js HTTP/1.1" 200 8608
199.30.25.79 - - [29/May/2015:01:38:34 -0500] "GET /videos/galeria-cronicas/js/Jplayer.swf HTTP/1.1" 200 13674
199.30.25.79 - - [29/May/2015:01:38:38 -0500] "GET /videos/galeria-cronicas/js/Jplayer.swf HTTP/1.1" 200 13674
194.254.28.117 - - [29/May/2015:01:38:42 -0500] "GET /BLA/boletinlegal/js/jquery.scrollTo-min.js HTTP/1.0" 200 1150
194.254.28.117 - - [29/May/2015:01:38:42 -0500] "GET /galeria/galeria/jquery.fancybox.js?v=2.1.5 HTTP/1.0" 200 48706
194.254.28.117 - - [29/May/2015:01:38:42 -0500] "GET /BLA/boletinlegal/js/jquery.scrollShow.js HTTP/1.0" 200 4586
194.254.28.117 - - [29/May/2015:01:38:42 -0500] "GET /galeria/galeria/jquery.fancybox.css?v=2.1.5 HTTP/1.0" 200 4895
66.249.64.228 - - [29/May/2015:01:38:44 -0500] "GET /BLA/resoluciones/AUTOS%202011/6197.pdf HTTP/1.1" 200 470676
194.254.28.117 - - [29/May/2015:01:38:51 -0500] "GET /BLA/boletinlegal/js/jquery.scrollTo-min.js HTTP/1.0" 200 1150
194.254.28.117 - - [29/May/2015:01:38:51 -0500] "GET /BLA/boletinlegal/js/jquery.scrollShow.js HTTP/1.0" 200 4586
194.254.28.117 - - [29/May/2015:01:38:51 -0500] "GET /galeria/galeria/jquery.fancybox.js?v=2.1.5 HTTP/1.0" 200 48706
194.254.28.117 - - [29/May/2015:01:38:51 -0500] "GET /galeria/galeria/jquery.fancybox.css?v=2.1.5 HTTP/1.0" 200 4895
180.76.15.28 - - [29/May/2015:01:38:54 -0500] "GET /BLA/resoluciones/AUTOS%202013/2576.pdf HTTP/1.1" 200 207848
180.76.15.28 - - [29/May/2015:01:39:05 -0500] "GET /BLA/resoluciones/RESOLUCIONES%202009/7418.pdf HTTP/1.1" 200 489377
74.86.158.107 - - [29/May/2015:01:39:08 -0500] "HEAD / HTTP/1.1" 200 -
180.76.15.15 - - [29/May/2015:01:39:23 -0500] "GET /BLA/resoluciones/RESOLUCIONES%202008/2140.pdf HTTP/1.1" 200 211763
180.76.15.23 - - [29/May/2015:01:39:40 -0500] "GET /BLA/resoluciones/AUTOS%202010/5713.pdf HTTP/1.1" 200 231067
180.76.15.134 - - [29/May/2015:01:39:58 -0500] "GET /BLA/resoluciones/AUTOS%202013/1759.pdf HTTP/1.1" 200 220928
180.76.15.155 - - [29/May/2015:01:40:15 -0500] "GET /BLA/resoluciones/RESOLUCIONES%202008/0147.pdf HTTP/1.1" 200 400658
180.76.15.148 - - [29/May/2015:01:40:32 -0500] "GET /BLA/resoluciones/AUTOS%202013/2335.pdf HTTP/1.1" 200 1913330
180.76.15.161 - - [29/May/2015:01:40:49 -0500] "GET /BLA/resoluciones/AUTOS%202012/1333.pdf HTTP/1.1" 200 159294
180.76.15.6 - - [29/May/2015:01:41:06 -0500] "GET /BLA/resoluciones/AUTOS%202012/2408.pdf HTTP/1.1" 200 273808
66.249.64.233 - - [29/May/2015:01:41:13 -0500] "GET /BLA/resoluciones/RESOLUCIONES%202009/1103.pdf HTTP/1.1" 200 301580
180.76.15.30 - - [29/May/2015:01:41:24 -0500] "GET /BLA/resoluciones/AUTOS%202010/6811.pdf HTTP/1.1" 200 147016
180.76.15.19 - - [29/May/2015:01:41:41 -0500] "GET /BLA/resoluciones/RESOLUCIONES%202008/1015.pdf HTTP/1.1" 200 211895
62.117.229.209 - - [29/May/2015:01:41:48 -0500] "GET /BLA/boletinlegal/js/jquery.scrollShow.js HTTP/1.1" 200 4586
62.117.229.209 - - [29/May/2015:01:41:48 -0500] "GET /galeria/galeria/jquery.fancybox.js?v=2.1.5 HTTP/1.1" 200 48706
62.117.229.209 - - [29/May/2015:01:41:48 -0500] "GET /galeria/galeria/jquery.fancybox.css?v=2.1.5 HTTP/1.1" 200 4895
62.117.229.209 - - [29/May/2015:01:41:48 -0500] "GET /BLA/boletinlegal/js/jquery.scrollTo-min.js HTTP/1.1" 200 1150
66.249.64.228 - - [29/May/2015:01:41:54 -0500] "GET /BLA/resoluciones/RESOLUCIONES%202010/0951.pdf HTTP/1.1" 200 106158
62.117.229.209 - - [29/May/2015:01:41:56 -0500] "GET /BLA/boletinlegal/js/jquery.scrollTo-min.js HTTP/1.1" 200 1150
62.117.229.209 - - [29/May/2015:01:41:56 -0500] "GET /galeria/galeria/jquery.fancybox.css?v=2.1.5 HTTP/1.1" 200 4895
62.117.229.209 - - [29/May/2015:01:41:56 -0500] "GET /galeria/galeria/jquery.fancybox.js?v=2.1.5 HTTP/1.1" 200 48706
62.117.229.209 - - [29/May/2015:01:41:56 -0500] "GET /BLA/boletinlegal/js/jquery.scrollShow.js HTTP/1.1" 200 4586
180.76.15.162 - - [29/May/2015:01:41:59 -0500] "GET /BLA/resoluciones/RESOLUCIONES%202007/RES%202007%203701%20AL%203800/RESOLUCION%203751%20DE%202007.pdf HTTP/1.1" 200 2262694
180.76.15.153 - - [29/May/2015:01:42:16 -0500] "GET /BLA/resoluciones/RESOLUCIONES%202009/8180.pdf HTTP/1.1" 200 497497
146.148.126.230 - - [29/May/2015:01:42:26 -0500] "GET /muieblackcat HTTP/1.1" 404 1018
146.148.126.230 - - [29/May/2015:01:42:26 -0500] "GET //phpMyAdmin/scripts/setup.php HTTP/1.1" 403 1165
146.148.126.230 - - [29/May/2015:01:42:27 -0500] "GET //phpmyadmin/scripts/setup.php HTTP/1.1" 403 1165
146.148.126.230 - - [29/May/2015:01:42:27 -0500] "GET //pma/scripts/setup.php HTTP/1.1" 404 1018
146.148.126.230 - - [29/May/2015:01:42:27 -0500] "GET //myadmin/scripts/setup.php HTTP/1.1" 404 1018
146.148.126.230 - - [29/May/2015:01:42:28 -0500] "GET //MyAdmin/scripts/setup.php HTTP/1.1" 404 1018
180.76.15.31 - - [29/May/2015:01:42:33 -0500] "GET /BLA/resoluciones/AUTOS%202013/0683.pdf HTTP/1.1" 200 2953558
66.249.64.223 - - [29/May/2015:01:42:34 -0500] "GET /BLA/resoluciones/RESOLUCIONES%202007/RES%202007%204201%20AL%204300/RESOLUCION%204223%20DE%202007.pdf HTTP/1.1" 200 83131
180.76.15.161 - - [29/May/2015:01:42:50 -0500] "GET /BLA/resoluciones/AUTOS%202013/3090.pdf HTTP/1.1" 200 665915
66.249.64.228 - - [29/May/2015:01:43:05 -0500] "GET /BLA/resoluciones/AUTOS%202008/3478.pdf HTTP/1.1" 200 111769
180.76.15.7 - - [29/May/2015:01:43:08 -0500] "GET /BLA/resoluciones/RESOLUCIONES%202008/2186.pdf HTTP/1.1" 200 430109
201.245.192.253 - - [29/May/2015:01:37:08 -0500] "GET /ForestMSG_SDA/channelAsync/template_word_18262122?X-Atmosphere-tracking-id=2ee1731c-389a-c8f3-fcef-909331177a25&X-Atmosphere-Framework=1.0.5&X-Atmosphere-Transport=long-polling&tabid=0.48698988901184304&X-Cache-Date=0&Content-Type=application/xml&_=1432881464473 HTTP/1.1" 200 8193
66.249.64.228 - - [29/May/2015:01:43:21 -0500] "GET /BLA/resoluciones/AUTOS%202008/0057.pdf HTTP/1.1" 200 205913
180.76.15.26 - - [29/May/2015:01:43:27 -0500] "GET /BLA/resoluciones/RESOLUCIONES%202009/1047.pdf HTTP/1.1" 200 200494
190.56.253.202 - - [29/May/2015:01:43:34 -0500] "GET /galeria/galeria/jquery.fancybox.css?v=2.1.5 HTTP/1.1" 200 4895
190.56.253.202 - - [29/May/2015:01:43:34 -0500] "GET /BLA/boletinlegal/js/jquery.scrollTo-min.js HTTP/1.1" 200 1150
190.56.253.202 - - [29/May/2015:01:43:34 -0500] "GET /BLA/boletinlegal/js/jquery.scrollShow.js HTTP/1.1" 200 4586
190.56.253.202 - - [29/May/2015:01:43:34 -0500] "GET /galeria/galeria/jquery.fancybox.js?v=2.1.5 HTTP/1.1" 200 48706
180.76.15.33 - - [29/May/2015:01:43:42 -0500] "GET /BLA/resoluciones/RESOLUCIONES%202008/1350.pdf HTTP/1.1" 200 376885
180.76.15.151 - - [29/May/2015:01:43:59 -0500] "GET /BLA/resoluciones/RESOLUCIONES%202009/1968.pdf HTTP/1.1" 200 603812
74.86.158.107 - - [29/May/2015:01:44:08 -0500] "HEAD / HTTP/1.1" 200 -
66.249.64.233 - - [29/May/2015:01:44:29 -0500] "GET /BLA/resoluciones/AUTOS%202006/AUTOS%202006%202701%20-%202800/00002719.tif HTTP/1.1" 200 32458
180.76.15.22 - - [29/May/2015:01:44:35 -0500] "GET /BLA/resoluciones/RESOLUCIONES%202010/0541.pdf HTTP/1.1" 200 422934
180.76.15.163 - - [29/May/2015:01:44:51 -0500] "GET /BLA/resoluciones/AUTOS%202010/6150.pdf HTTP/1.1" 200 213299
180.76.15.16 - - [29/May/2015:01:45:08 -0500] "GET /BLA/resoluciones/RESOLUCIONES%202008/2455.pdf HTTP/1.1" 200 469507
66.249.64.233 - - [29/May/2015:01:45:10 -0500] "GET /m/BLA/resoluciones/RESOLUCIONES%202010/4743.pdf HTTP/1.1" 404 1018
180.76.15.157 - - [29/May/2015:01:45:26 -0500] "GET /BLA/resoluciones/RESOLUCIONES%202007/RES%202007%201501%20AL%201600/RESOLUCION%201598%20DE%202007.pdf HTTP/1.1" 200 733458
66.249.64.223 - - [29/May/2015:01:45:29 -0500] "GET /BLA/resoluciones/AUTOS%202008/0213.pdf HTTP/1.1" 200 91737
66.249.64.228 - - [29/May/2015:01:45:39 -0500] "GET /BLA/resoluciones/AUTOS%202008/2142.pdf HTTP/1.1" 200 152071
180.76.15.150 - - [29/May/2015:01:45:43 -0500] "GET /BLA/resoluciones/RESOLUCIONES%202007/RES%202007%202901%20AL%203000/RESOLUCION%202940%20DE%202007.pdf HTTP/1.1" 200 332714
66.249.64.223 - - [29/May/2015:01:45:44 -0500] "GET /BLA/resoluciones/AUTOS%202011/3646.pdf HTTP/1.1" 200 298369
66.249.64.228 - - [29/May/2015:01:45:45 -0500] "GET /BLA/resoluciones/RESOLUCIONES%202007/RES%202007%202401%20AL%202500/RESOLUCION%202431%20DE%202007.pdf HTTP/1.1" 200 648479
180.76.15.154 - - [29/May/2015:01:46:00 -0500] "GET /BLA/resoluciones/AUTOS%202013/0551.pdf HTTP/1.1" 200 1640783
66.249.64.223 - - [29/May/2015:01:46:03 -0500] "GET /BLA/resoluciones/RESOLUCIONES%202011/3908.pdf HTTP/1.1" 200 568622
180.76.15.152 - - [29/May/2015:01:46:18 -0500] "GET /BLA/resoluciones/AUTOS%202013/0061.pdf HTTP/1.1" 200 1624273
190.165.108.41 - - [29/May/2015:01:46:21 -0500] "GET /BLA/resoluciones/RESOLUCIONES%202007/RES%202007%203901%20AL%204000/RESOLUCION%203957%20DE%202007.pdf HTTP/1.1" 200 522966
190.165.108.41 - - [29/May/2015:01:46:22 -0500] "GET /BLA/resoluciones/RESOLUCIONES%202007/RES%202007%203901%20AL%204000/RESOLUCION%203957%20DE%202007.pdf HTTP/1.1" 200 522966
66.249.64.228 - - [29/May/2015:01:46:55 -0500] "GET /BLA/resoluciones/RESOLUCIONES%202009/1307.pdf HTTP/1.1" 200 454787
180.76.15.153 - - [29/May/2015:01:47:28 -0500] "GET /BLA/resoluciones/RESOLUCIONES%202010/2173.pdf HTTP/1.1" 200 489763
66.249.64.223 - - [29/May/2015:01:47:31 -0500] "GET /BLA/resoluciones/AUTOS%202007/3851.pdf HTTP/1.1" 200 90580
180.76.15.163 - - [29/May/2015:01:47:45 -0500] "GET /BLA/resoluciones/AUTOS%202010/4565.pdf HTTP/1.1" 200 176043
180.76.15.30 - - [29/May/2015:01:48:03 -0500] "GET /BLA/resoluciones/AUTOS%202013/2173.pdf HTTP/1.1" 200 941097
180.76.15.146 - - [29/May/2015:01:48:20 -0500] "GET /BLA/resoluciones/RESOLUCIONES%202007/RES%202007%202901%20AL%203000/RESOLUCION%202917%20DE%202007.pdf HTTP/1.1" 200 244375
66.249.64.228 - - [29/May/2015:01:48:34 -0500] "GET /BLA/resoluciones/RESOLUCIONES%202007/RES%202007%203501%20AL%203600/RESOLUCION%203561%20DE%202007.pdf HTTP/1.1" 200 44919
180.76.15.24 - - [29/May/2015:01:48:39 -0500] "GET /BLA/resoluciones/RESOLUCIONES%202008/1644.pdf HTTP/1.1" 200 232979
66.249.64.223 - - [29/May/2015:01:49:06 -0500] "GET /BLA/resoluciones/RESOLUCIONES%202004/RES%202004%201401-1450/00001437.tif HTTP/1.1" 304 -
201.245.192.253 - - [29/May/2015:01:43:08 -0500] "GET /ForestMSG_SDA/channelAsync/template_word_18262122?X-Atmosphere-tracking-id=2ee1731c-389a-c8f3-fcef-909331177a25&X-Atmosphere-Framework=1.0.5&X-Atmosphere-Transport=long-polling&tabid=0.48698988901184304&X-Cache-Date=0&Content-Type=application/xml&_=1432881824467 HTTP/1.1" 200 8193
74.86.158.107 - - [29/May/2015:01:49:08 -0500] "HEAD / HTTP/1.1" 200 -
180.76.15.159 - - [29/May/2015:01:49:12 -0500] "GET /BLA/resoluciones/AUTOS%202011/1589.pdf HTTP/1.1" 200 149499
180.76.15.141 - - [29/May/2015:01:49:29 -0500] "GET /BLA/resoluciones/RESOLUCIONES%202008/2701.pdf HTTP/1.1" 200 259791
180.76.15.26 - - [29/May/2015:01:49:46 -0500] "GET /BLA/resoluciones/RESOLUCIONES%202008/5192.pdf HTTP/1.1" 200 58320
65.55.218.57 - - [29/May/2015:01:49:47 -0500] "GET /BLA/boletinlegal/js/jquery.scrollTo-min.js HTTP/1.1" 200 1150
65.55.212.73 - - [29/May/2015:01:49:47 -0500] "GET /BLA/boletinlegal/js/jquery.scrollShow.js HTTP/1.1" 200 4586
65.55.218.57 - - [29/May/2015:01:49:47 -0500] "GET /galeria/galeria/jquery.fancybox.js?v=2.1.5 HTTP/1.1" 200 48706
65.55.212.73 - - [29/May/2015:01:49:48 -0500] "GET /galeria/galeria/jquery.fancybox.css?v=2.1.5 HTTP/1.1" 200 4895
180.76.15.139 - - [29/May/2015:01:50:04 -0500] "GET /BLA/resoluciones/RESOLUCIONES%202007/RES%202007%202801%20AL%202900/RESOLUCION%202820%20DE%202007.pdf HTTP/1.1" 200 368368
180.76.15.153 - - [29/May/2015:01:50:22 -0500] "GET /BLA/resoluciones/RESOLUCIONES%202008/1764.pdf HTTP/1.1" 200 212631
181.133.64.7 - - [29/May/2015:01:50:24 -0500] "GET /galeria/galeria/jquery.fancybox.css?v=2.1.5 HTTP/1.1" 200 4895
181.133.64.7 - - [29/May/2015:01:50:24 -0500] "GET /BLA/boletinlegal/js/jquery.scrollTo-min.js HTTP/1.1" 200 1150
181.133.64.7 - - [29/May/2015:01:50:24 -0500] "GET /BLA/boletinlegal/js/jquery.scrollShow.js HTTP/1.1" 200 4586
181.133.64.7 - - [29/May/2015:01:50:24 -0500] "GET /galeria/galeria/jquery.fancybox.js?v=2.1.5 HTTP/1.1" 200 48706
131.253.26.255 - - [29/May/2015:01:50:25 -0500] "GET /BLA/boletinlegal/js/jquery.scrollTo-min.js HTTP/1.1" 200 1150
131.253.24.154 - - [29/May/2015:01:50:25 -0500] "GET /BLA/boletinlegal/js/jquery.scrollShow.js HTTP/1.1" 200 4586
131.253.26.255 - - [29/May/2015:01:50:25 -0500] "GET /galeria/galeria/jquery.fancybox.js?v=2.1.5 HTTP/1.1" 200 48706
131.253.24.154 - - [29/May/2015:01:50:25 -0500] "GET /galeria/galeria/jquery.fancybox.css?v=2.1.5 HTTP/1.1" 200 4895
181.133.64.7 - - [29/May/2015:01:50:27 -0500] "GET /BLA/boletinlegal/js/jquery.scrollTo-min.js HTTP/1.1" 304 -
181.133.64.7 - - [29/May/2015:01:50:27 -0500] "GET /BLA/boletinlegal/js/jquery.scrollShow.js HTTP/1.1" 304 -
181.133.64.7 - - [29/May/2015:01:50:27 -0500] "GET /galeria/galeria/jquery.fancybox.js?v=2.1.5 HTTP/1.1" 304 -
181.133.64.7 - - [29/May/2015:01:50:27 -0500] "GET /galeria/galeria/jquery.fancybox.css?v=2.1.5 HTTP/1.1" 304 -
180.76.15.139 - - [29/May/2015:01:50:41 -0500] "GET /BLA/resoluciones/AUTOS%202013/2210.pdf HTTP/1.1" 200 262502
66.249.64.228 - - [29/May/2015:01:50:52 -0500] "GET /BLA/resoluciones/RESOLUCIONES%202010/1901.pdf HTTP/1.1" 200 586664
180.76.15.14 - - [29/May/2015:01:50:55 -0500] "GET /BLA/resoluciones/AUTOS%202012/0510.pdf HTTP/1.1" 200 221339
180.76.15.10 - - [29/May/2015:01:51:13 -0500] "GET /BLA/resoluciones/RESOLUCIONES%202008/1904.pdf HTTP/1.1" 200 192590
180.76.15.13 - - [29/May/2015:01:51:30 -0500] "GET /BLA/resoluciones/AUTOS%202012/2716.pdf HTTP/1.1" 200 446349
180.76.15.157 - - [29/May/2015:01:52:27 -0500] "GET /BLA/boletinlegal;jsessionid=3AF0AE3D3E454C9D61A144492155F57D?/? HTTP/1.1" 404 1018
66.249.64.228 - - [29/May/2015:01:52:41 -0500] "GET /BLA/resoluciones/RESOLUCIONES%202009/6803.pdf HTTP/1.1" 200 837779
180.76.15.142 - - [29/May/2015:01:53:02 -0500] "GET /BLA/resoluciones/AUTOS%202014/2714.pdf HTTP/1.1" 200 247397
180.76.15.162 - - [29/May/2015:01:53:19 -0500] "GET / HTTP/1.1" 304 -
180.76.15.17 - - [29/May/2015:01:53:36 -0500] "GET /BLA/resoluciones/AUTOS%202013/0081.pdf HTTP/1.1" 200 1498908
180.76.15.7 - - [29/May/2015:01:53:54 -0500] "GET /BLA/resoluciones/RESOLUCIONES%202007/RES%202007%201501%20AL%201600/RESOLUCION%201510%20DE%202007.pdf HTTP/1.1" 200 404006
66.249.64.228 - - [29/May/2015:01:54:02 -0500] "GET /BLA/resoluciones/AUTOS%202011/3303.pdf HTTP/1.1" 200 412071
74.86.158.107 - - [29/May/2015:01:54:08 -0500] "HEAD / HTTP/1.1" 200 -
180.76.15.10 - - [29/May/2015:01:54:11 -0500] "GET /BLA/resoluciones/AUTOS%202009/2785.pdf HTTP/1.1" 200 112591
180.76.15.146 - - [29/May/2015:01:54:28 -0500] "GET /BLA/resoluciones/RESOLUCIONES%202008/0295.pdf HTTP/1.1" 200 28767
186.119.95.29 - - [29/May/2015:01:54:45 -0500] "GET /BLA/boletinlegal/js/jquery.scrollTo-min.js HTTP/1.1" 200 1150
186.119.95.29 - - [29/May/2015:01:54:45 -0500] "GET /BLA/boletinlegal/js/jquery.scrollShow.js HTTP/1.1" 200 4586
186.119.95.29 - - [29/May/2015:01:54:46 -0500] "GET /galeria/galeria/jquery.fancybox.js?v=2.1.5 HTTP/1.1" 200 48706
186.119.95.29 - - [29/May/2015:01:54:46 -0500] "GET /galeria/galeria/jquery.fancybox.css?v=2.1.5 HTTP/1.1" 200 4895
180.76.15.136 - - [29/May/2015:01:54:46 -0500] "GET /BLA/resoluciones/RESOLUCIONES%202008/1596.pdf HTTP/1.1" 200 280862
66.249.64.116 - - [29/May/2015:01:54:49 -0500] "GET /portalsiaccapacitaciones/Soportes%20Capacitaciones%202014/0102.%20Presentaci%C3%B3n%20Guia%20Ambiental%20Sector%20Construcci%C3%B3n%2030-09-14.pdf HTTP/1.1" 200 3506964
201.245.192.253 - - [29/May/2015:01:49:08 -0500] "GET /ForestMSG_SDA/channelAsync/template_word_18262122?X-Atmosphere-tracking-id=2ee1731c-389a-c8f3-fcef-909331177a25&X-Atmosphere-Framework=1.0.5&X-Atmosphere-Transport=long-polling&tabid=0.48698988901184304&X-Cache-Date=0&Content-Type=application/xml&_=1432882184418 HTTP/1.1" 200 8193
181.139.168.33 - - [29/May/2015:01:55:22 -0500] "GET /BLA/resoluciones/RESOLUCIONES%202009/0507.pdf HTTP/1.1" 200 194257
186.119.95.29 - - [29/May/2015:01:55:23 -0500] "GET /galeria/galeria/jquery.fancybox.css?v=2.1.5 HTTP/1.1" 304 -
186.119.95.29 - - [29/May/2015:01:55:23 -0500] "GET /BLA/boletinlegal/js/jquery.scrollTo-min.js HTTP/1.1" 304 -
186.119.95.29 - - [29/May/2015:01:55:24 -0500] "GET /BLA/boletinlegal/js/jquery.scrollShow.js HTTP/1.1" 304 -
186.119.95.29 - - [29/May/2015:01:55:24 -0500] "GET /galeria/galeria/jquery.fancybox.js?v=2.1.5 HTTP/1.1" 304 -
180.76.15.16 - - [29/May/2015:01:55:35 -0500] "GET /BLA/resoluciones/RESOLUCIONES%202009/1600.pdf HTTP/1.1" 200 600429
66.249.64.223 - - [29/May/2015:01:56:06 -0500] "GET /BLA/resoluciones/RESOLUCIONES%202010/4760.pdf HTTP/1.1" 200 1198245
180.76.15.134 - - [29/May/2015:01:56:10 -0500] "GET /BLA/resoluciones/RESOLUCIONES%202007/RES%202007%201201%20AL%201300/RESOLUCION%201291%20DE%202007.pdf HTTP/1.1" 200 961550
199.21.99.202 - - [29/May/2015:01:56:33 -0500] "GET /robots.txt HTTP/1.1" 404 1019
180.76.15.13 - - [29/May/2015:01:56:45 -0500] "GET /BLA/resoluciones/AUTOS%202009/1355.pdf HTTP/1.1" 200 101779
180.76.15.19 - - [29/May/2015:01:57:19 -0500] "GET /BLA/resoluciones/RESOLUCIONES%202008/1481.pdf HTTP/1.1" 200 309098
180.76.15.153 - - [29/May/2015:01:57:37 -0500] "GET /BLA/resoluciones/RESOLUCIONES%202008/0296.pdf HTTP/1.1" 200 18099
180.76.15.27 - - [29/May/2015:01:58:11 -0500] "GET /BLA/resoluciones/RESOLUCIONES%202009/1393.pdf HTTP/1.1" 200 626393
66.249.64.223 - - [29/May/2015:01:58:17 -0500] "GET /BLA/resoluciones/RESOLUCIONES%202007/RES%202007%20101%20AL%20200/RESOLUCION%200187%20DE%202007.pdf HTTP/1.1" 200 154515
66.249.64.223 - - [29/May/2015:01:58:19 -0500] "GET /BLA/resoluciones/AUTOS%202011/3203.pdf HTTP/1.1" 200 305387
66.249.64.223 - - [29/May/2015:01:58:21 -0500] "GET /BLA/resoluciones/AUTOS%202008/1150.pdf HTTP/1.1" 200 96013
180.76.15.156 - - [29/May/2015:01:58:28 -0500] "GET /BLA/resoluciones/AUTOS%202014/1055.pdf HTTP/1.1" 200 1050540
66.249.64.228 - - [29/May/2015:01:58:37 -0500] "GET /BLA/resoluciones/AUTOS%202008/2984.pdf HTTP/1.1" 200 124161
180.76.15.145 - - [29/May/2015:01:58:46 -0500] "GET /BLA/resoluciones/AUTOS%202013/1975.pdf HTTP/1.1" 200 1029423
