181.60.134.122 - - [29/May/2015:03:09:36 -0500] "GET /galeria/nivo-slider/demo/demo.html HTTP/1.1" 200 5171
181.60.134.122 - - [29/May/2015:03:09:38 -0500] "GET /galeria/nivo-slider/themes/pascal/pascal.css HTTP/1.1" 200 2258
181.60.134.122 - - [29/May/2015:03:09:38 -0500] "GET /galeria/nivo-slider/themes/default/default.css HTTP/1.1" 200 1569
181.60.134.122 - - [29/May/2015:03:09:38 -0500] "GET /galeria/nivo-slider/themes/orman/orman.css HTTP/1.1" 200 2152
181.60.134.122 - - [29/May/2015:03:09:38 -0500] "GET /galeria/nivo-slider/demo/images/9Signos.jpg HTTP/1.1" 200 81776
181.60.134.122 - - [29/May/2015:03:09:38 -0500] "GET /galeria/nivo-slider/demo/style.css HTTP/1.1" 200 2222
181.60.134.122 - - [29/May/2015:03:09:38 -0500] "GET /galeria/nivo-slider/nivo-slider.css HTTP/1.1" 200 1507
181.60.134.122 - - [29/May/2015:03:09:38 -0500] "GET /galeria/nivo-slider/demo/scripts/jquery-1.7.1.min.js HTTP/1.1" 200 93868
181.60.134.122 - - [29/May/2015:03:09:38 -0500] "GET /galeria/nivo-slider/jquery.nivo.slider.pack.js HTTP/1.1" 200 11561
181.60.134.122 - - [29/May/2015:03:09:38 -0500] "GET /galeria/nivo-slider/demo/images/Semana-Ambiental.jpg HTTP/1.1" 200 79049
181.60.134.122 - - [29/May/2015:03:09:38 -0500] "GET /galeria/nivo-slider/demo/images/GAE-banner.jpg HTTP/1.1" 200 97208
181.60.134.122 - - [29/May/2015:03:09:38 -0500] "GET /galeria/nivo-slider/demo/images/Comparendo-ambiental-Banner.jpg HTTP/1.1" 200 83731
181.60.134.122 - - [29/May/2015:03:09:39 -0500] "GET /galeria/nivo-slider/demo/images/Banner-encuesta-de-percepscio.jpg HTTP/1.1" 200 201899
180.76.15.163 - - [29/May/2015:03:09:39 -0500] "GET /BLA/resoluciones/RESOLUCIONES%202008/0428.pdf HTTP/1.1" 200 288822
181.60.134.122 - - [29/May/2015:03:09:39 -0500] "GET /galeria/nivo-slider/demo/images/capacitaciones-de-ecourbanismo.jpg HTTP/1.1" 200 191490
181.60.134.122 - - [29/May/2015:03:09:40 -0500] "GET /galeria/nivo-slider/demo/images/banner-Pacto-por-la-madera.jpg HTTP/1.1" 200 209966
181.60.134.122 - - [29/May/2015:03:09:40 -0500] "GET /galeria/nivo-slider/demo/images/Banner-salud.jpg HTTP/1.1" 200 181685
181.60.134.122 - - [29/May/2015:03:09:40 -0500] "GET /galeria/nivo-slider/demo/images/mailling-acercar-xpress.jpg HTTP/1.1" 200 137233
181.60.134.122 - - [29/May/2015:03:09:40 -0500] "GET /galeria/nivo-slider/demo/images/acuerdo_569.jpg HTTP/1.1" 200 62670
181.60.134.122 - - [29/May/2015:03:09:40 -0500] "GET /galeria/nivo-slider/demo/images/Licitaciones-proyecto-paramo.jpg HTTP/1.1" 200 221877
181.60.134.122 - - [29/May/2015:03:09:40 -0500] "GET /galeria/nivo-slider/demo/images/Banner-decreto1299.jpg HTTP/1.1" 200 182613
181.60.134.122 - - [29/May/2015:03:09:41 -0500] "GET /galeria/nivo-slider/demo/images/Banner-Directorio.jpg HTTP/1.1" 200 182068
181.60.134.122 - - [29/May/2015:03:09:41 -0500] "GET /galeria/nivo-slider/demo/images/Ruta-vertimientos-01.jpg HTTP/1.1" 200 130151
181.60.134.122 - - [29/May/2015:03:09:42 -0500] "GET /galeria/nivo-slider/demo/images/bolsas-06.jpg HTTP/1.1" 200 90982
181.60.134.122 - - [29/May/2015:03:09:42 -0500] "GET /galeria/nivo-slider/demo/images/Conoce-los-humedales.jpg HTTP/1.1" 200 294036
181.60.134.122 - - [29/May/2015:03:09:42 -0500] "GET /galeria/nivo-slider/demo/images/ecolecta-Dic2014.png HTTP/1.1" 200 288593
181.60.134.122 - - [29/May/2015:03:09:42 -0500] "GET /galeria/nivo-slider/demo/images/Banner-Caracol-Africano.jpg HTTP/1.1" 200 331986
181.60.134.122 - - [29/May/2015:03:09:43 -0500] "GET /galeria/nivo-slider/demo/images/banner-llantas2.jpg HTTP/1.1" 200 204644
181.60.134.122 - - [29/May/2015:03:09:43 -0500] "GET /galeria/nivo-slider/demo/images/4Simple_Slider.png HTTP/1.1" 200 11722
180.76.15.162 - - [29/May/2015:03:09:55 -0500] "GET /BLA/resoluciones/RESOLUCIONES%202007/RES%202007%203601%20AL%203700/RESOLUCION%203624%20DE%202007.pdf HTTP/1.1" 200 1415046
180.76.15.156 - - [29/May/2015:03:10:13 -0500] "GET /BLA/resoluciones/RESOLUCIONES%202008/4552.pdf HTTP/1.1" 200 554204
66.249.64.116 - - [29/May/2015:03:10:31 -0500] "GET /portalsiaccapacitaciones/Soportes%20Capacitaciones%202014/0080.%20Presentaci%C3%B3n%20CASO%20II%20Mantenimiento%20Parque%20Automotor%2027-05-2014.pdf HTTP/1.1" 200 18301
180.76.15.139 - - [29/May/2015:03:10:32 -0500] "GET /BLA/resoluciones/AUTOS%202010/5687.pdf HTTP/1.1" 200 271543
180.76.15.160 - - [29/May/2015:03:10:47 -0500] "GET /BLA/resoluciones/AUTOS%202012/2340.pdf HTTP/1.1" 200 255227
180.76.15.135 - - [29/May/2015:03:11:04 -0500] "GET /BLA/resoluciones/RESOLUCIONES%202008/1756.pdf HTTP/1.1" 200 54971
180.76.15.9 - - [29/May/2015:03:11:21 -0500] "GET /BLA/resoluciones/AUTOS%202014/0642.pdf HTTP/1.1" 200 4371734
66.249.64.233 - - [29/May/2015:03:11:28 -0500] "GET /BLA/resoluciones/RESOLUCIONES%202009/2117.pdf HTTP/1.1" 200 542931
180.76.15.151 - - [29/May/2015:03:11:39 -0500] "GET /BLA/resoluciones/AUTOS%202009/0925.pdf HTTP/1.1" 200 121498
190.158.74.92 - - [29/May/2015:03:12:43 -0500] "GET /BLA/boletinlegal/js/jquery.scrollTo-min.js HTTP/1.1" 200 1150
190.158.74.92 - - [29/May/2015:03:12:44 -0500] "GET /BLA/boletinlegal/js/jquery.scrollShow.js HTTP/1.1" 200 4586
190.158.74.92 - - [29/May/2015:03:12:44 -0500] "GET /galeria/galeria/jquery.fancybox.js?v=2.1.5 HTTP/1.1" 200 48706
190.158.74.92 - - [29/May/2015:03:12:44 -0500] "GET /galeria/galeria/jquery.fancybox.css?v=2.1.5 HTTP/1.1" 200 4895
190.158.74.92 - - [29/May/2015:03:12:44 -0500] "GET /galeria/carrusel/Carrusel/jquery.thumbnailScroller.css HTTP/1.1" 200 2066
190.158.74.92 - - [29/May/2015:03:12:44 -0500] "GET /galeria/carrusel/Carrusel/jquery-ui-1.8.13.custom.min.js HTTP/1.1" 200 10800
190.158.74.92 - - [29/May/2015:03:12:44 -0500] "GET /galeria/carrusel/Carrusel/jquery.thumbnailScroller.js HTTP/1.1" 200 8157
190.158.74.92 - - [29/May/2015:03:12:48 -0500] "GET /galeria/nivo-slider/demo/demo.html HTTP/1.1" 200 5171
104.131.12.243 - - [29/May/2015:03:12:50 -0500] "GET /test/wp-admin/ HTTP/1.1" 404 1018
190.158.74.92 - - [29/May/2015:03:12:52 -0500] "GET /galeria/nivo-slider/themes/default/default.css HTTP/1.1" 200 1569
190.158.74.92 - - [29/May/2015:03:12:52 -0500] "GET /galeria/nivo-slider/themes/pascal/pascal.css HTTP/1.1" 200 2258
190.158.74.92 - - [29/May/2015:03:12:52 -0500] "GET /galeria/nivo-slider/themes/orman/orman.css HTTP/1.1" 200 2152
190.158.74.92 - - [29/May/2015:03:12:52 -0500] "GET /galeria/nivo-slider/nivo-slider.css HTTP/1.1" 200 1507
190.158.74.92 - - [29/May/2015:03:12:52 -0500] "GET /galeria/nivo-slider/demo/images/GAE-banner.jpg HTTP/1.1" 200 97208
190.158.74.92 - - [29/May/2015:03:12:52 -0500] "GET /galeria/nivo-slider/demo/style.css HTTP/1.1" 200 2222
190.158.74.92 - - [29/May/2015:03:12:52 -0500] "GET /galeria/nivo-slider/demo/images/9Signos.jpg HTTP/1.1" 200 81776
190.158.74.92 - - [29/May/2015:03:12:52 -0500] "GET /galeria/nivo-slider/demo/images/Semana-Ambiental.jpg HTTP/1.1" 200 79049
190.158.74.92 - - [29/May/2015:03:12:52 -0500] "GET /galeria/nivo-slider/demo/images/Comparendo-ambiental-Banner.jpg HTTP/1.1" 200 83731
190.158.74.92 - - [29/May/2015:03:12:52 -0500] "GET /galeria/nivo-slider/demo/images/capacitaciones-de-ecourbanismo.jpg HTTP/1.1" 200 191490
190.158.74.92 - - [29/May/2015:03:12:52 -0500] "GET /galeria/nivo-slider/demo/images/Banner-encuesta-de-percepscio.jpg HTTP/1.1" 200 201899
190.158.74.92 - - [29/May/2015:03:12:52 -0500] "GET /galeria/nivo-slider/demo/images/banner-Pacto-por-la-madera.jpg HTTP/1.1" 200 209966
190.158.74.92 - - [29/May/2015:03:12:52 -0500] "GET /galeria/nivo-slider/demo/images/Banner-salud.jpg HTTP/1.1" 200 181685
190.158.74.92 - - [29/May/2015:03:12:52 -0500] "GET /galeria/nivo-slider/demo/images/mailling-acercar-xpress.jpg HTTP/1.1" 200 137233
190.158.74.92 - - [29/May/2015:03:12:53 -0500] "GET /galeria/nivo-slider/demo/images/acuerdo_569.jpg HTTP/1.1" 200 62670
190.158.74.92 - - [29/May/2015:03:12:53 -0500] "GET /galeria/nivo-slider/demo/images/Licitaciones-proyecto-paramo.jpg HTTP/1.1" 200 221877
190.158.74.92 - - [29/May/2015:03:12:54 -0500] "GET /galeria/nivo-slider/demo/images/Banner-decreto1299.jpg HTTP/1.1" 200 182613
190.158.74.92 - - [29/May/2015:03:12:54 -0500] "GET /galeria/nivo-slider/demo/images/Banner-Directorio.jpg HTTP/1.1" 200 182068
190.158.74.92 - - [29/May/2015:03:12:54 -0500] "GET /galeria/nivo-slider/demo/images/Ruta-vertimientos-01.jpg HTTP/1.1" 200 130151
190.158.74.92 - - [29/May/2015:03:12:54 -0500] "GET /galeria/nivo-slider/demo/images/bolsas-06.jpg HTTP/1.1" 200 90982
190.158.74.92 - - [29/May/2015:03:12:54 -0500] "GET /galeria/nivo-slider/demo/images/Conoce-los-humedales.jpg HTTP/1.1" 200 294036
220.181.132.197 - - [29/May/2015:03:12:54 -0500] "GET /BLA/boletinlegal/js/jquery.scrollTo-min.js HTTP/1.1" 200 1150
220.181.132.197 - - [29/May/2015:03:12:54 -0500] "GET /galeria/galeria/jquery.fancybox.css?v=2.1.5 HTTP/1.1" 200 4895
220.181.132.197 - - [29/May/2015:03:12:54 -0500] "GET /BLA/boletinlegal/js/jquery.scrollShow.js HTTP/1.1" 200 4586
220.181.132.197 - - [29/May/2015:03:12:54 -0500] "GET /galeria/galeria/jquery.fancybox.js?v=2.1.5 HTTP/1.1" 200 48706
180.76.15.6 - - [29/May/2015:03:12:54 -0500] "GET /BLA/resoluciones/AUTOS%202013/0271.pdf HTTP/1.1" 200 4588177
220.181.132.197 - - [29/May/2015:03:12:55 -0500] "GET /galeria/carrusel/Carrusel/jquery.thumbnailScroller.css HTTP/1.1" 200 2066
220.181.132.197 - - [29/May/2015:03:12:55 -0500] "GET /galeria/carrusel/Carrusel/jquery-ui-1.8.13.custom.min.js HTTP/1.1" 200 10800
220.181.132.197 - - [29/May/2015:03:12:55 -0500] "GET /galeria/carrusel/Carrusel/jquery.thumbnailScroller.js HTTP/1.1" 200 8157
190.158.74.92 - - [29/May/2015:03:12:55 -0500] "GET /galeria/nivo-slider/demo/images/ecolecta-Dic2014.png HTTP/1.1" 200 288593
190.158.74.92 - - [29/May/2015:03:12:55 -0500] "GET /galeria/nivo-slider/demo/images/Banner-Caracol-Africano.jpg HTTP/1.1" 200 331986
190.158.74.92 - - [29/May/2015:03:12:55 -0500] "GET /galeria/nivo-slider/demo/images/banner-llantas2.jpg HTTP/1.1" 200 204644
190.158.74.92 - - [29/May/2015:03:12:55 -0500] "GET /galeria/nivo-slider/demo/scripts/jquery-1.7.1.min.js HTTP/1.1" 200 93868
190.158.74.92 - - [29/May/2015:03:12:55 -0500] "GET /galeria/nivo-slider/jquery.nivo.slider.pack.js HTTP/1.1" 200 11561
190.158.74.92 - - [29/May/2015:03:12:57 -0500] "GET /galeria/nivo-slider/demo/images/4Simple_Slider.png HTTP/1.1" 200 11722
190.158.74.92 - - [29/May/2015:03:12:57 -0500] "GET /galeria/nivo-slider/themes/default/loading.gif HTTP/1.1" 200 1737
190.158.74.92 - - [29/May/2015:03:12:58 -0500] "GET /galeria/nivo-slider/themes/default/arrows.png HTTP/1.1" 200 824
190.158.74.92 - - [29/May/2015:03:12:58 -0500] "GET /galeria/nivo-slider/themes/default/bullets.png HTTP/1.1" 200 1281
190.24.190.149 - - [29/May/2015:03:13:03 -0500] "GET /BLA/boletinlegal/js/jquery.scrollTo-min.js HTTP/1.1" 200 1150
190.24.190.149 - - [29/May/2015:03:13:03 -0500] "GET /galeria/galeria/jquery.fancybox.css?v=2.1.5 HTTP/1.1" 200 4895
190.24.190.149 - - [29/May/2015:03:13:03 -0500] "GET /BLA/boletinlegal/js/jquery.scrollShow.js HTTP/1.1" 200 4586
190.24.190.149 - - [29/May/2015:03:13:03 -0500] "GET /galeria/galeria/jquery.fancybox.js?v=2.1.5 HTTP/1.1" 200 48706
201.245.192.253 - - [29/May/2015:03:07:09 -0500] "GET /ForestMSG_SDA/channelAsync/template_word_18262122?X-Atmosphere-tracking-id=2ee1731c-389a-c8f3-fcef-909331177a25&X-Atmosphere-Framework=1.0.5&X-Atmosphere-Transport=long-polling&tabid=0.48698988901184304&X-Cache-Date=0&Content-Type=application/xml&_=1432886865018 HTTP/1.1" 200 8193
190.24.190.149 - - [29/May/2015:03:13:18 -0500] "GET /galeria/galeria/jquery.fancybox.css?v=2.1.5 HTTP/1.1" 304 -
190.24.190.149 - - [29/May/2015:03:13:18 -0500] "GET /BLA/boletinlegal/js/jquery.scrollTo-min.js HTTP/1.1" 304 -
190.24.190.149 - - [29/May/2015:03:13:18 -0500] "GET /galeria/galeria/jquery.fancybox.js?v=2.1.5 HTTP/1.1" 304 -
190.24.190.149 - - [29/May/2015:03:13:18 -0500] "GET /BLA/boletinlegal/js/jquery.scrollShow.js HTTP/1.1" 304 -
180.76.15.134 - - [29/May/2015:03:13:28 -0500] "GET /BLA/resoluciones/AUTOS%202009/3415.pdf HTTP/1.1" 200 96347
66.249.64.233 - - [29/May/2015:03:13:43 -0500] "GET /BLA/resoluciones/AUTOS%202006/AUTOS%202006%202701%20-%202800/00002714.tif HTTP/1.1" 200 80128
180.76.15.31 - - [29/May/2015:03:13:46 -0500] "GET /BLA/resoluciones/RESOLUCIONES%202007/RES%202007%20801%20AL%20900/RESOLUCION%200856%20DE%202007.pdf HTTP/1.1" 200 1372344
180.76.15.155 - - [29/May/2015:03:14:03 -0500] "GET /BLA/resoluciones/AUTOS%202009/2269.pdf HTTP/1.1" 200 122440
74.86.158.107 - - [29/May/2015:03:14:08 -0500] "HEAD / HTTP/1.1" 200 -
66.249.64.208 - - [29/May/2015:03:14:09 -0500] "GET /galeria/galeria/fotos/Huemdal-Cordoba3G.jpg HTTP/1.1" 304 -
180.76.15.23 - - [29/May/2015:03:14:20 -0500] "GET /BLA/resoluciones/RESOLUCIONES%202008/3268.pdf HTTP/1.1" 200 445502
181.50.115.69 - - [29/May/2015:03:14:31 -0500] "GET /BLA/resoluciones/RESOLUCIONES%202012/0031.pdf HTTP/1.1" 200 614250
180.76.15.150 - - [29/May/2015:03:14:38 -0500] "GET /BLA/resoluciones/RESOLUCIONES%202007/RES%202007%20801%20AL%20900/RESOLUCION%200824%20DE%202007.pdf HTTP/1.1" 200 103882
180.76.15.23 - - [29/May/2015:03:14:55 -0500] "GET /BLA/resoluciones/AUTOS%202011/0995.pdf HTTP/1.1" 200 148293
85.136.96.39 - - [29/May/2015:03:15:04 -0500] "GET /galeria/galeria/jquery.fancybox.css?v=2.1.5 HTTP/1.1" 200 4895
85.136.96.39 - - [29/May/2015:03:15:04 -0500] "GET /BLA/boletinlegal/js/jquery.scrollTo-min.js HTTP/1.1" 200 1150
85.136.96.39 - - [29/May/2015:03:15:04 -0500] "GET /galeria/carrusel/Carrusel/jquery.thumbnailScroller.css HTTP/1.1" 200 2066
85.136.96.39 - - [29/May/2015:03:15:04 -0500] "GET /BLA/boletinlegal/js/jquery.scrollShow.js HTTP/1.1" 200 4586
85.136.96.39 - - [29/May/2015:03:15:04 -0500] "GET /galeria/galeria/jquery.fancybox.js?v=2.1.5 HTTP/1.1" 200 48706
85.136.96.39 - - [29/May/2015:03:15:04 -0500] "GET /galeria/carrusel/Carrusel/jquery-ui-1.8.13.custom.min.js HTTP/1.1" 200 10800
85.136.96.39 - - [29/May/2015:03:15:04 -0500] "GET /galeria/carrusel/Carrusel/jquery.thumbnailScroller.js HTTP/1.1" 200 8157
85.136.96.39 - - [29/May/2015:03:15:07 -0500] "GET /galeria/nivo-slider/demo/demo.html HTTP/1.1" 200 5171
85.136.96.39 - - [29/May/2015:03:15:09 -0500] "GET /galeria/nivo-slider/themes/pascal/pascal.css HTTP/1.1" 200 2258
85.136.96.39 - - [29/May/2015:03:15:09 -0500] "GET /galeria/nivo-slider/themes/default/default.css HTTP/1.1" 200 1569
85.136.96.39 - - [29/May/2015:03:15:09 -0500] "GET /galeria/nivo-slider/nivo-slider.css HTTP/1.1" 200 1507
85.136.96.39 - - [29/May/2015:03:15:09 -0500] "GET /galeria/nivo-slider/themes/orman/orman.css HTTP/1.1" 200 2152
85.136.96.39 - - [29/May/2015:03:15:09 -0500] "GET /galeria/nivo-slider/demo/style.css HTTP/1.1" 200 2222
85.136.96.39 - - [29/May/2015:03:15:09 -0500] "GET /galeria/nivo-slider/demo/images/9Signos.jpg HTTP/1.1" 200 81776
85.136.96.39 - - [29/May/2015:03:15:09 -0500] "GET /galeria/nivo-slider/demo/scripts/jquery-1.7.1.min.js HTTP/1.1" 200 93868
85.136.96.39 - - [29/May/2015:03:15:09 -0500] "GET /galeria/nivo-slider/jquery.nivo.slider.pack.js HTTP/1.1" 200 11561
85.136.96.39 - - [29/May/2015:03:15:09 -0500] "GET /galeria/nivo-slider/demo/images/GAE-banner.jpg HTTP/1.1" 200 97208
85.136.96.39 - - [29/May/2015:03:15:09 -0500] "GET /galeria/nivo-slider/demo/images/Comparendo-ambiental-Banner.jpg HTTP/1.1" 200 83731
85.136.96.39 - - [29/May/2015:03:15:09 -0500] "GET /galeria/nivo-slider/demo/images/Semana-Ambiental.jpg HTTP/1.1" 200 79049
85.136.96.39 - - [29/May/2015:03:15:11 -0500] "GET /galeria/nivo-slider/demo/images/4Simple_Slider.png HTTP/1.1" 200 11722
85.136.96.39 - - [29/May/2015:03:15:11 -0500] "GET /galeria/nivo-slider/themes/default/loading.gif HTTP/1.1" 200 1737
85.136.96.39 - - [29/May/2015:03:15:11 -0500] "GET /galeria/nivo-slider/demo/images/Banner-encuesta-de-percepscio.jpg HTTP/1.1" 200 201899
85.136.96.39 - - [29/May/2015:03:15:11 -0500] "GET /galeria/nivo-slider/demo/images/capacitaciones-de-ecourbanismo.jpg HTTP/1.1" 200 191490
85.136.96.39 - - [29/May/2015:03:15:11 -0500] "GET /galeria/nivo-slider/demo/images/banner-Pacto-por-la-madera.jpg HTTP/1.1" 200 209966
85.136.96.39 - - [29/May/2015:03:15:11 -0500] "GET /galeria/nivo-slider/demo/images/Banner-salud.jpg HTTP/1.1" 200 181685
85.136.96.39 - - [29/May/2015:03:15:12 -0500] "GET /galeria/nivo-slider/demo/images/mailling-acercar-xpress.jpg HTTP/1.1" 200 137233
85.136.96.39 - - [29/May/2015:03:15:12 -0500] "GET /galeria/nivo-slider/demo/images/acuerdo_569.jpg HTTP/1.1" 200 62670
85.136.96.39 - - [29/May/2015:03:15:12 -0500] "GET /galeria/nivo-slider/demo/images/Licitaciones-proyecto-paramo.jpg HTTP/1.1" 200 221877
85.136.96.39 - - [29/May/2015:03:15:12 -0500] "GET /galeria/nivo-slider/demo/images/Banner-decreto1299.jpg HTTP/1.1" 200 182613
180.76.15.154 - - [29/May/2015:03:15:12 -0500] "GET /BLA/resoluciones/RESOLUCIONES%202007/RES%202007%20901%20AL%201000/RESOLUCION%200901%20DE%202007.pdf HTTP/1.1" 200 289779
85.136.96.39 - - [29/May/2015:03:15:13 -0500] "GET /galeria/nivo-slider/demo/images/Banner-Directorio.jpg HTTP/1.1" 200 182068
85.136.96.39 - - [29/May/2015:03:15:13 -0500] "GET /galeria/nivo-slider/demo/images/Ruta-vertimientos-01.jpg HTTP/1.1" 200 130151
85.136.96.39 - - [29/May/2015:03:15:13 -0500] "GET /galeria/nivo-slider/demo/images/bolsas-06.jpg HTTP/1.1" 200 90982
85.136.96.39 - - [29/May/2015:03:15:13 -0500] "GET /galeria/nivo-slider/demo/images/Conoce-los-humedales.jpg HTTP/1.1" 200 294036
85.136.96.39 - - [29/May/2015:03:15:13 -0500] "GET /galeria/nivo-slider/demo/images/Banner-Caracol-Africano.jpg HTTP/1.1" 200 331986
85.136.96.39 - - [29/May/2015:03:15:13 -0500] "GET /galeria/nivo-slider/demo/images/ecolecta-Dic2014.png HTTP/1.1" 200 288593
85.136.96.39 - - [29/May/2015:03:15:14 -0500] "GET /galeria/nivo-slider/demo/images/banner-llantas2.jpg HTTP/1.1" 200 204644
85.136.96.39 - - [29/May/2015:03:15:16 -0500] "GET /galeria/nivo-slider/themes/default/arrows.png HTTP/1.1" 200 824
85.136.96.39 - - [29/May/2015:03:15:16 -0500] "GET /galeria/nivo-slider/themes/default/bullets.png HTTP/1.1" 200 1281
123.125.71.77 - - [29/May/2015:03:15:29 -0500] "GET / HTTP/1.1" 200 10190
69.164.111.198 - - [29/May/2015:03:15:32 -0500] "GET /bla/resoluciones/autos%202013/0128.pdf HTTP/1.0" 200 2158572
69.164.111.198 - - [29/May/2015:03:15:32 -0500] "GET /bla/resoluciones/autos%202013/0128.pdf HTTP/1.0" 200 2158572
85.136.96.39 - - [29/May/2015:03:15:37 -0500] "GET /galeria/galeria/jquery.fancybox.css?v=2.1.5 HTTP/1.1" 304 -
85.136.96.39 - - [29/May/2015:03:15:37 -0500] "GET /BLA/boletinlegal/js/jquery.scrollShow.js HTTP/1.1" 304 -
85.136.96.39 - - [29/May/2015:03:15:37 -0500] "GET /BLA/boletinlegal/js/jquery.scrollTo-min.js HTTP/1.1" 304 -
85.136.96.39 - - [29/May/2015:03:15:37 -0500] "GET /galeria/galeria/jquery.fancybox.js?v=2.1.5 HTTP/1.1" 304 -
181.50.115.69 - - [29/May/2015:03:15:45 -0500] "GET /BLA/resoluciones/RESOLUCIONES%202012/0031.pdf HTTP/1.1" 200 614250
181.50.115.69 - - [29/May/2015:03:15:46 -0500] "GET /favicon.ico HTTP/1.1" 200 7782
180.76.15.19 - - [29/May/2015:03:15:54 -0500] "GET /BLA/resoluciones/AUTOS%202014/0433.pdf HTTP/1.1" 200 433875
186.28.97.186 - - [29/May/2015:03:16:09 -0500] "GET /BLA/resoluciones/RESOLUCIONES%202012/1391.pdf HTTP/1.1" 200 1005571
186.28.97.186 - - [29/May/2015:03:16:12 -0500] "GET /BLA/resoluciones/RESOLUCIONES%202012/1391.pdf HTTP/1.1" 206 32768
186.28.97.186 - - [29/May/2015:03:16:12 -0500] "GET /BLA/resoluciones/RESOLUCIONES%202012/1391.pdf HTTP/1.1" 206 972803
180.76.15.152 - - [29/May/2015:03:17:09 -0500] "GET /BLA/resoluciones/RESOLUCIONES%202008/0020.pdf HTTP/1.1" 200 2037219
180.76.15.22 - - [29/May/2015:03:17:41 -0500] "GET /BLA/resoluciones/RESOLUCIONES%202007/RES%202007%203201%20AL%203300/RESOLUCION%203280%20DE%202007.pdf HTTP/1.1" 200 428176
66.249.64.233 - - [29/May/2015:03:17:51 -0500] "GET /BLA/resoluciones/Notificaciones/AUTOS%202014/6328.doc HTTP/1.1" 200 157184
180.76.15.7 - - [29/May/2015:03:17:58 -0500] "GET /BLA/resoluciones/RESOLUCIONES%202009/0951.pdf HTTP/1.1" 200 663341
66.249.64.116 - - [29/May/2015:03:18:40 -0500] "GET /Autoliquidacion/Solicitudes%20relacionadas%20con%20ocupaci%C3%B3n%20de%20cauce/Solicitud-permiso-ocupacion-cauce.pdf HTTP/1.1" 404 1019
74.86.158.107 - - [29/May/2015:03:19:08 -0500] "HEAD / HTTP/1.1" 200 -
201.245.192.253 - - [29/May/2015:03:13:09 -0500] "GET /ForestMSG_SDA/channelAsync/template_word_18262122?X-Atmosphere-tracking-id=2ee1731c-389a-c8f3-fcef-909331177a25&X-Atmosphere-Framework=1.0.5&X-Atmosphere-Transport=long-polling&tabid=0.48698988901184304&X-Cache-Date=0&Content-Type=application/xml&_=1432887224995 HTTP/1.1" 200 8193
180.76.15.134 - - [29/May/2015:03:19:14 -0500] "GET /BLA/resoluciones/AUTOS%202010/0364.pdf HTTP/1.1" 200 279619
180.76.15.30 - - [29/May/2015:03:20:49 -0500] "GET /BLA/resoluciones/AUTOS%202010/6401.pdf HTTP/1.1" 200 160180
180.76.15.34 - - [29/May/2015:03:21:24 -0500] "GET /BLA/resoluciones/AUTOS%202012/1486.pdf HTTP/1.1" 200 310684
104.131.12.243 - - [29/May/2015:03:21:54 -0500] "GET /wordpress/wp-admin/ HTTP/1.1" 404 1018
180.76.15.9 - - [29/May/2015:03:21:59 -0500] "GET /BLA/resoluciones/AUTOS%202011/1536.pdf HTTP/1.1" 200 5840
180.76.15.157 - - [29/May/2015:03:22:16 -0500] "GET /BLA/resoluciones/AUTOS%202010/5619.pdf HTTP/1.1" 200 153815
220.181.108.87 - - [29/May/2015:03:22:28 -0500] "GET / HTTP/1.1" 200 10190
180.76.15.20 - - [29/May/2015:03:22:33 -0500] "GET /BLA/resoluciones/AUTOS%202012/0935.pdf HTTP/1.1" 200 366227
157.55.39.120 - - [29/May/2015:03:22:44 -0500] "GET /OAB/ HTTP/1.1" 404 1019
201.234.75.11 - - [29/May/2015:03:22:53 -0500] "GET /galeria/nivo-slider/demo/images/GAE-banner.jpg HTTP/1.1" 304 -
180.76.15.157 - - [29/May/2015:03:23:08 -0500] "GET /BLA/resoluciones/RESOLUCIONES%202007/RES%202007%20101%20AL%20200/RESOLUCION%200163%20DE%202007.pdf HTTP/1.1" 200 392383
180.76.15.135 - - [29/May/2015:03:23:25 -0500] "GET /BLA/resoluciones/AUTOS%202013/1072.pdf HTTP/1.1" 200 1001928
74.86.158.107 - - [29/May/2015:03:24:08 -0500] "HEAD / HTTP/1.1" 200 -
180.76.15.11 - - [29/May/2015:03:24:14 -0500] "GET /BLA/resoluciones/AUTOS%202013/1042.pdf HTTP/1.1" 200 993582
180.76.15.162 - - [29/May/2015:03:24:31 -0500] "GET /BLA/resoluciones/RESOLUCIONES%202007/RES%202007%204101%20AL%204200/RESOLUCION%204160%20DE%202007.pdf HTTP/1.1" 200 1347301
180.76.15.159 - - [29/May/2015:03:24:48 -0500] "GET /BLA/resoluciones/RESOLUCIONES%202007/RES%202007%20501%20AL%20600/RESOLUCION%200534%20DE%202007.pdf HTTP/1.1" 200 672033
201.245.192.253 - - [29/May/2015:03:19:09 -0500] "GET /ForestMSG_SDA/channelAsync/template_word_18262122?X-Atmosphere-tracking-id=2ee1731c-389a-c8f3-fcef-909331177a25&X-Atmosphere-Framework=1.0.5&X-Atmosphere-Transport=long-polling&tabid=0.48698988901184304&X-Cache-Date=0&Content-Type=application/xml&_=1432887585006 HTTP/1.1" 200 8193
180.76.15.159 - - [29/May/2015:03:25:23 -0500] "GET /BLA/resoluciones/AUTOS%202014/1809.pdf HTTP/1.1" 200 601903
180.76.15.24 - - [29/May/2015:03:25:43 -0500] "GET /BLA/resoluciones/AUTOS%202009/1922.pdf HTTP/1.1" 200 197536
180.76.15.30 - - [29/May/2015:03:25:57 -0500] "GET /BLA/resoluciones/RESOLUCIONES%202008/1376.pdf HTTP/1.1" 200 296189
180.76.15.157 - - [29/May/2015:03:26:15 -0500] "GET /BLA/resoluciones/AUTOS%202009/0105.pdf HTTP/1.1" 200 65568
180.76.15.6 - - [29/May/2015:03:27:15 -0500] "GET /BLA/resoluciones/AUTOS%202009/0178.pdf HTTP/1.1" 200 178054
180.76.15.140 - - [29/May/2015:03:27:32 -0500] "GET /BLA/resoluciones/AUTOS%202012/2919.pdf HTTP/1.1" 200 3990092
180.76.15.158 - - [29/May/2015:03:27:49 -0500] "GET /BLA/resoluciones/RESOLUCIONES%202009/1941.pdf HTTP/1.1" 200 468531
180.76.15.155 - - [29/May/2015:03:28:24 -0500] "GET /BLA/resoluciones/AUTOS%202012/2952.pdf HTTP/1.1" 200 382203
180.76.15.30 - - [29/May/2015:03:28:41 -0500] "GET /BLA/resoluciones/RESOLUCIONES%202007/RES%202007%202901%20AL%203000/RESOLUCION%202973%20DE%202007.pdf HTTP/1.1" 200 515556
180.76.15.9 - - [29/May/2015:03:28:59 -0500] "GET /BLA/resoluciones/RESOLUCIONES%202009/2331.pdf HTTP/1.1" 200 841482
74.86.158.107 - - [29/May/2015:03:29:08 -0500] "HEAD / HTTP/1.1" 200 -
180.76.15.146 - - [29/May/2015:03:29:16 -0500] "GET /BLA/resoluciones/AUTOS%202013/0453.pdf HTTP/1.1" 200 1617459
180.76.15.151 - - [29/May/2015:03:29:33 -0500] "GET /BLA/resoluciones/RESOLUCIONES%202007/RES%202007%201726%20AL%201800/RESOLUCION%201726%20DE%202007.pdf HTTP/1.1" 200 42429
180.76.15.13 - - [29/May/2015:03:29:50 -0500] "GET /BLA/resoluciones/AUTOS%202009/1644.pdf HTTP/1.1" 200 99633
5.9.89.170 - - [29/May/2015:03:29:56 -0500] "GET /robots.txt HTTP/1.0" 404 1019
5.9.89.170 - - [29/May/2015:03:29:57 -0500] "GET /StormSDA/stormWeb/img/?C=D;O=A HTTP/1.0" 200 2925
5.9.89.170 - - [29/May/2015:03:29:59 -0500] "GET /StormSDA/stormWeb/img/?C=M;O=A HTTP/1.0" 200 2925
5.9.89.170 - - [29/May/2015:03:30:01 -0500] "GET /StormSDA/stormWeb/img/?C=S;O=A HTTP/1.0" 200 2925
180.76.15.23 - - [29/May/2015:03:30:09 -0500] "GET /BLA/resoluciones/RESOLUCIONES%202008/1417.pdf HTTP/1.1" 200 278853
66.249.64.193 - - [29/May/2015:03:30:22 -0500] "GET /BLA/resoluciones/RESOLUCIONES%202008/1894.pdf HTTP/1.1" 200 190930
180.76.15.7 - - [29/May/2015:03:30:25 -0500] "GET /BLA/resoluciones/RESOLUCIONES%202007/RES%202007%201001%20AL%201100/RESOLUCION%201057%20DE%202007.pdf HTTP/1.1" 200 55837
104.131.12.243 - - [29/May/2015:03:31:00 -0500] "GET /blog/wp-admin/ HTTP/1.1" 404 1018
180.76.15.135 - - [29/May/2015:03:31:04 -0500] "GET /BLA/resoluciones/RESOLUCIONES%202008/5476.pdf HTTP/1.1" 200 142365
201.245.192.253 - - [29/May/2015:03:25:09 -0500] "GET /ForestMSG_SDA/channelAsync/template_word_18262122?X-Atmosphere-tracking-id=2ee1731c-389a-c8f3-fcef-909331177a25&X-Atmosphere-Framework=1.0.5&X-Atmosphere-Transport=long-polling&tabid=0.48698988901184304&X-Cache-Date=0&Content-Type=application/xml&_=1432887945046 HTTP/1.1" 200 8193
180.76.15.27 - - [29/May/2015:03:31:22 -0500] "GET /BLA/resoluciones/RESOLUCIONES%202008/1005.pdf HTTP/1.1" 200 251955
180.76.15.145 - - [29/May/2015:03:31:39 -0500] "GET /BLA/resoluciones/RESOLUCIONES%202008/2070.pdf HTTP/1.1" 200 211476
180.76.15.5 - - [29/May/2015:03:31:56 -0500] "GET /BLA/resoluciones/RESOLUCIONES%202007/RES%202007%20201%20AL%20300/RESOLUCION%200285%20DE%202007.pdf HTTP/1.1" 200 340314
180.76.15.140 - - [29/May/2015:03:32:13 -0500] "GET /BLA/resoluciones/AUTOS%202012/2695.pdf HTTP/1.1" 200 2139050
66.249.64.233 - - [29/May/2015:03:32:20 -0500] "GET /galeria/galeria/fotos/Huemdal-Cordoba1G.jpg HTTP/1.1" 304 -
180.76.15.158 - - [29/May/2015:03:32:31 -0500] "GET /BLA/resoluciones/AUTOS%202012/1609.pdf HTTP/1.1" 200 282751
74.86.158.107 - - [29/May/2015:03:34:08 -0500] "HEAD / HTTP/1.1" 200 -
66.249.64.233 - - [29/May/2015:03:34:17 -0500] "GET /BLA/resoluciones/AUTOS%202006/AUTOS%202006%201401%20-%201500/00001441.tif HTTP/1.1" 200 57134
180.76.15.12 - - [29/May/2015:03:34:45 -0500] "GET /BLA/resoluciones/AUTOS%202012/2843.pdf HTTP/1.1" 200 285991
180.76.15.139 - - [29/May/2015:03:35:03 -0500] "GET /BLA/resoluciones/RESOLUCIONES%202008/1223.pdf HTTP/1.1" 200 34652
180.76.15.159 - - [29/May/2015:03:35:37 -0500] "GET /BLA/resoluciones/RESOLUCIONES%202007/RES%202007%203801%20AL%203900/RESOLUCION%203843%20%20DE%202007.pdf HTTP/1.1" 200 541589
180.76.15.151 - - [29/May/2015:03:36:12 -0500] "GET /BLA/resoluciones/RESOLUCIONES%202009/0047.pdf HTTP/1.1" 200 220755
66.249.64.228 - - [29/May/2015:03:36:23 -0500] "GET /BLA/resoluciones/Notificaciones/AUTOS%202014/3466.doc HTTP/1.1" 200 105984
66.249.64.228 - - [29/May/2015:03:36:56 -0500] "GET /BLA/resoluciones/AUTOS%202008/0931.pdf HTTP/1.1" 200 78470
201.245.192.253 - - [29/May/2015:03:31:09 -0500] "GET /ForestMSG_SDA/channelAsync/template_word_18262122?X-Atmosphere-tracking-id=2ee1731c-389a-c8f3-fcef-909331177a25&X-Atmosphere-Framework=1.0.5&X-Atmosphere-Transport=long-polling&tabid=0.48698988901184304&X-Cache-Date=0&Content-Type=application/xml&_=1432888305140 HTTP/1.1" 200 8193
180.76.15.143 - - [29/May/2015:03:37:43 -0500] "GET /BLA/resoluciones/AUTOS%202009/1680.pdf HTTP/1.1" 200 122580
66.249.64.233 - - [29/May/2015:03:38:03 -0500] "GET /BLA/resoluciones/RESOLUCIONES%202007/RES%202007%203001%20AL%203100/RESOLUCION%203093%20DE%202007.pdf HTTP/1.1" 200 845411
180.76.15.157 - - [29/May/2015:03:38:17 -0500] "GET /BLA/resoluciones/AUTOS%202010/4268.pdf HTTP/1.1" 200 130165
180.76.15.147 - - [29/May/2015:03:38:34 -0500] "GET /BLA/resoluciones/AUTOS%202012/1833.pdf HTTP/1.1" 200 305361
181.140.0.70 - - [29/May/2015:03:39:08 -0500] "GET /galeria/galeria/jquery.fancybox.js?v=2.1.5 HTTP/1.1" 200 48706
181.140.0.70 - - [29/May/2015:03:39:08 -0500] "GET /BLA/boletinlegal/js/jquery.scrollShow.js HTTP/1.1" 200 4586
181.140.0.70 - - [29/May/2015:03:39:08 -0500] "GET /galeria/galeria/jquery.fancybox.css?v=2.1.5 HTTP/1.1" 200 4895
181.140.0.70 - - [29/May/2015:03:39:08 -0500] "GET /BLA/boletinlegal/js/jquery.scrollTo-min.js HTTP/1.1" 200 1150
74.86.158.107 - - [29/May/2015:03:39:08 -0500] "HEAD / HTTP/1.1" 200 -
180.76.15.160 - - [29/May/2015:03:39:09 -0500] "GET /BLA/resoluciones/RESOLUCIONES%202007/RES%202007%20601%20AL%20700/RESOLUCION%200613%20DE%202007.pdf HTTP/1.1" 200 235623
181.140.0.70 - - [29/May/2015:03:39:25 -0500] "GET /galeria/galeria/jquery.fancybox.css?v=2.1.5 HTTP/1.1" 304 -
181.140.0.70 - - [29/May/2015:03:39:25 -0500] "GET /BLA/boletinlegal/js/jquery.scrollTo-min.js HTTP/1.1" 304 -
181.140.0.70 - - [29/May/2015:03:39:25 -0500] "GET /BLA/boletinlegal/js/jquery.scrollShow.js HTTP/1.1" 304 -
181.140.0.70 - - [29/May/2015:03:39:25 -0500] "GET /galeria/galeria/jquery.fancybox.js?v=2.1.5 HTTP/1.1" 304 -
180.76.15.136 - - [29/May/2015:03:39:30 -0500] "GET /BLA/resoluciones/AUTOS%202010/0613.pdf HTTP/1.1" 200 219311
104.131.12.243 - - [29/May/2015:03:40:00 -0500] "GET /wp/wp-admin/ HTTP/1.1" 404 1018
180.76.15.34 - - [29/May/2015:03:40:01 -0500] "GET /BLA/resoluciones/AUTOS%202013/0859.pdf HTTP/1.1" 200 2546358
180.76.15.23 - - [29/May/2015:03:40:36 -0500] "GET /BLA/resoluciones/AUTOS%202013/0377.pdf HTTP/1.1" 200 130968
180.76.15.143 - - [29/May/2015:03:41:45 -0500] "GET /BLA/resoluciones/AUTOS%202012/0341.pdf HTTP/1.1" 200 430653
180.76.15.147 - - [29/May/2015:03:42:41 -0500] "GET /BLA/resoluciones/AUTOS%202014/0563.pdf HTTP/1.1" 200 1023692
66.249.64.223 - - [29/May/2015:03:43:03 -0500] "GET /galeria/galeria/fotos/Huemdal-Cordoba2G.jpg HTTP/1.1" 304 -
201.245.192.253 - - [29/May/2015:03:37:09 -0500] "GET /ForestMSG_SDA/channelAsync/template_word_18262122?X-Atmosphere-tracking-id=2ee1731c-389a-c8f3-fcef-909331177a25&X-Atmosphere-Framework=1.0.5&X-Atmosphere-Transport=long-polling&tabid=0.48698988901184304&X-Cache-Date=0&Content-Type=application/xml&_=1432888665335 HTTP/1.1" 200 8193
66.249.64.228 - - [29/May/2015:03:43:40 -0500] "GET /BLA/resoluciones/RESOLUCIONES%202007/RES%202007%202501%20AL%202600/RESOLUCION%202510%20DE%202007.pdf HTTP/1.1" 200 105670
180.76.15.162 - - [29/May/2015:03:43:43 -0500] "GET /BLA/resoluciones/RESOLUCIONES%202008/1033.pdf HTTP/1.1" 200 24222
74.86.158.107 - - [29/May/2015:03:44:08 -0500] "HEAD / HTTP/1.1" 200 -
180.76.15.19 - - [29/May/2015:03:44:17 -0500] "GET /BLA/resoluciones/AUTOS%202013/1638.pdf HTTP/1.1" 200 935521
180.76.15.18 - - [29/May/2015:03:44:35 -0500] "GET /BLA/resoluciones/RESOLUCIONES%202009/7642.pdf HTTP/1.1" 200 385986
180.76.15.145 - - [29/May/2015:03:44:52 -0500] "GET /BLA/resoluciones/AUTOS%202009/0514.pdf HTTP/1.1" 200 179430
180.76.15.151 - - [29/May/2015:03:45:09 -0500] "GET /BLA/resoluciones/RESOLUCIONES%202007/RES%202007%20601%20AL%20700/RESOLUCION%200643%20DE%202007.pdf HTTP/1.1" 200 374506
180.76.15.6 - - [29/May/2015:03:45:27 -0500] "GET /BLA/resoluciones/AUTOS%202014/5110.pdf HTTP/1.1" 200 170914
180.76.15.21 - - [29/May/2015:03:45:44 -0500] "GET /BLA/resoluciones/AUTOS%202009/1595.pdf HTTP/1.1" 200 126401
180.76.15.160 - - [29/May/2015:03:46:01 -0500] "GET /BLA/resoluciones/RESOLUCIONES%202007/RES%202007%203201%20AL%203300/RESOLUCION%203294%20DE%202007.pdf HTTP/1.1" 200 221592
180.76.15.147 - - [29/May/2015:03:46:18 -0500] "GET /BLA/resoluciones/RESOLUCIONES%202008/0277.pdf HTTP/1.1" 200 1116535
180.76.15.19 - - [29/May/2015:03:46:36 -0500] "GET /BLA/resoluciones/AUTOS%202010/5411.pdf HTTP/1.1" 200 1081691
201.234.75.11 - - [29/May/2015:03:46:37 -0500] "GET /galeria/nivo-slider/demo/images/mesTIC.jpg HTTP/1.1" 304 -
180.76.15.33 - - [29/May/2015:03:46:53 -0500] "GET /BLA/resoluciones/AUTOS%202009/1636.pdf HTTP/1.1" 200 180367
180.76.15.14 - - [29/May/2015:03:47:11 -0500] "GET /BLA/resoluciones/AUTOS%202010/1419.pdf HTTP/1.1" 200 181673
181.53.34.205 - - [29/May/2015:03:47:27 -0500] "GET /BLA/boletinlegal/js/jquery.scrollTo-min.js HTTP/1.1" 200 1150
181.53.34.205 - - [29/May/2015:03:47:27 -0500] "GET /BLA/boletinlegal/js/jquery.scrollShow.js HTTP/1.1" 200 4586
181.53.34.205 - - [29/May/2015:03:47:27 -0500] "GET /galeria/galeria/jquery.fancybox.js?v=2.1.5 HTTP/1.1" 200 48706
181.53.34.205 - - [29/May/2015:03:47:27 -0500] "GET /galeria/galeria/jquery.fancybox.css?v=2.1.5 HTTP/1.1" 200 4895
180.76.15.137 - - [29/May/2015:03:47:28 -0500] "GET /BLA/resoluciones/RESOLUCIONES%202009/0753.pdf HTTP/1.1" 200 608631
181.53.34.205 - - [29/May/2015:03:47:33 -0500] "GET /galeria/galeria/jquery.fancybox.css?v=2.1.5 HTTP/1.1" 304 -
181.53.34.205 - - [29/May/2015:03:47:33 -0500] "GET /BLA/boletinlegal/js/jquery.scrollTo-min.js HTTP/1.1" 304 -
181.53.34.205 - - [29/May/2015:03:47:34 -0500] "GET /galeria/galeria/jquery.fancybox.js?v=2.1.5 HTTP/1.1" 304 -
181.53.34.205 - - [29/May/2015:03:47:34 -0500] "GET /BLA/boletinlegal/js/jquery.scrollShow.js HTTP/1.1" 304 -
180.76.15.20 - - [29/May/2015:03:47:46 -0500] "GET /BLA/resoluciones/RESOLUCIONES%202007/RES%202007%20101%20AL%20200/RESOLUCION%200177%20DE%202007.pdf HTTP/1.1" 200 377617
180.76.15.139 - - [29/May/2015:03:48:03 -0500] "GET /BLA/resoluciones/RESOLUCIONES%202008/1797.pdf HTTP/1.1" 200 275929
180.76.15.153 - - [29/May/2015:03:48:19 -0500] "GET /BLA/resoluciones/AUTOS%202009/0565.pdf HTTP/1.1" 200 126567
180.76.15.163 - - [29/May/2015:03:48:37 -0500] "GET /BLA/resoluciones/RESOLUCIONES%202007/RES%202007%201201%20AL%201300/RESOLUCION%201246%20%20DE%202007.pdf HTTP/1.1" 200 798512
180.76.15.142 - - [29/May/2015:03:48:54 -0500] "GET /BLA/resoluciones/AUTOS%202013/2134.pdf HTTP/1.1" 200 260732
104.131.12.243 - - [29/May/2015:03:49:00 -0500] "GET /old/wp-admin/ HTTP/1.1" 404 1018
74.86.158.107 - - [29/May/2015:03:49:08 -0500] "HEAD / HTTP/1.1" 200 -
201.245.192.253 - - [29/May/2015:03:43:10 -0500] "GET /ForestMSG_SDA/channelAsync/template_word_18262122?X-Atmosphere-tracking-id=2ee1731c-389a-c8f3-fcef-909331177a25&X-Atmosphere-Framework=1.0.5&X-Atmosphere-Transport=long-polling&tabid=0.48698988901184304&X-Cache-Date=0&Content-Type=application/xml&_=1432889025766 HTTP/1.1" 200 8193
180.76.15.30 - - [29/May/2015:03:49:12 -0500] "GET /BLA/resoluciones/AUTOS%202012/0159.pdf HTTP/1.1" 200 667342
180.76.15.21 - - [29/May/2015:03:49:29 -0500] "GET /BLA/resoluciones/RESOLUCIONES%202007/RES%202007%203801%20AL%203900/RESOLUCION%203814%20DE%202007.pdf HTTP/1.1" 200 389136
180.76.15.162 - - [29/May/2015:03:49:46 -0500] "GET /BLA/resoluciones/AUTOS%202009/2617.pdf HTTP/1.1" 200 105543
180.76.15.141 - - [29/May/2015:03:50:03 -0500] "GET /BLA/resoluciones/AUTOS%202013/1291.pdf HTTP/1.1" 200 1621678
180.76.15.28 - - [29/May/2015:03:50:20 -0500] "GET /BLA/resoluciones/RESOLUCIONES%202008/0326.pdf HTTP/1.1" 200 517674
180.76.15.148 - - [29/May/2015:03:50:38 -0500] "GET /BLA/resoluciones/AUTOS%202009/0886.pdf HTTP/1.1" 200 115824
180.76.15.157 - - [29/May/2015:03:50:55 -0500] "GET /BLA/resoluciones/AUTOS%202012/2617.pdf HTTP/1.1" 200 228646
201.234.75.11 - - [29/May/2015:03:51:11 -0500] "GET /galeria/nivo-slider/demo/images/Biotaxis-Man.jpg HTTP/1.1" 304 -
180.76.15.25 - - [29/May/2015:03:51:12 -0500] "GET /BLA/resoluciones/AUTOS%202012/1116.pdf HTTP/1.1" 200 212102
180.76.15.141 - - [29/May/2015:03:51:29 -0500] "GET /BLA/resoluciones/AUTOS%202012/2181.pdf HTTP/1.1" 200 1493911
180.76.15.150 - - [29/May/2015:03:51:47 -0500] "GET /BLA/resoluciones/AUTOS%202013/0338.pdf HTTP/1.1" 200 603482
180.76.15.147 - - [29/May/2015:03:52:04 -0500] "GET /BLA/resoluciones/AUTOS%202014/7158.pdf HTTP/1.1" 200 2170509
190.9.244.22 - - [29/May/2015:03:52:57 -0500] "GET /BLA/boletinlegal/js/jquery.scrollTo-min.js HTTP/1.1" 200 1150
190.9.244.22 - - [29/May/2015:03:52:57 -0500] "GET /BLA/boletinlegal/js/jquery.scrollShow.js HTTP/1.1" 200 4586
190.9.244.22 - - [29/May/2015:03:52:57 -0500] "GET /galeria/galeria/jquery.fancybox.js?v=2.1.5 HTTP/1.1" 200 48706
190.9.244.22 - - [29/May/2015:03:52:57 -0500] "GET /galeria/galeria/jquery.fancybox.css?v=2.1.5 HTTP/1.1" 200 4895
180.76.15.32 - - [29/May/2015:03:53:02 -0500] "GET /BLA/resoluciones/AUTOS%202009/2429.pdf HTTP/1.1" 200 100458
180.76.15.5 - - [29/May/2015:03:53:19 -0500] "GET /BLA/resoluciones/RESOLUCIONES%202008/3062.pdf HTTP/1.1" 200 373005
180.76.15.159 - - [29/May/2015:03:53:54 -0500] "GET /BLA/resoluciones/RESOLUCIONES%202007/RES%202007%202101%20AL%202200/RESOLUCION%202140%20DE%202007.pdf HTTP/1.1" 200 717659
74.86.158.107 - - [29/May/2015:03:54:08 -0500] "HEAD / HTTP/1.1" 200 -
180.76.15.160 - - [29/May/2015:03:54:11 -0500] "GET /BLA/resoluciones/AUTOS%202012/2790.pdf HTTP/1.1" 200 838802
186.115.24.147 - - [29/May/2015:03:54:23 -0500] "GET /BLA/boletinlegal/js/jquery.scrollTo-min.js HTTP/1.1" 200 1150
186.115.24.147 - - [29/May/2015:03:54:23 -0500] "GET /galeria/galeria/jquery.fancybox.css?v=2.1.5 HTTP/1.1" 200 4895
186.115.24.147 - - [29/May/2015:03:54:23 -0500] "GET /BLA/boletinlegal/js/jquery.scrollShow.js HTTP/1.1" 200 4586
186.115.24.147 - - [29/May/2015:03:54:24 -0500] "GET /galeria/galeria/jquery.fancybox.js?v=2.1.5 HTTP/1.1" 200 48706
180.76.15.160 - - [29/May/2015:03:54:29 -0500] "GET /BLA/resoluciones/AUTOS%202010/5611.pdf HTTP/1.1" 200 135689
66.249.64.233 - - [29/May/2015:03:54:35 -0500] "GET /BLA/resoluciones/RESOLUCIONES%202009/3991.pdf HTTP/1.1" 200 1077659
201.245.192.253 - - [29/May/2015:03:49:10 -0500] "GET /ForestMSG_SDA/channelAsync/template_word_18262122?X-Atmosphere-tracking-id=2ee1731c-389a-c8f3-fcef-909331177a25&X-Atmosphere-Framework=1.0.5&X-Atmosphere-Transport=long-polling&tabid=0.48698988901184304&X-Cache-Date=0&Content-Type=application/xml&_=1432889385748 HTTP/1.1" 200 8193
180.76.15.148 - - [29/May/2015:03:55:41 -0500] "GET /BLA/resoluciones/AUTOS%202013/1747.pdf HTTP/1.1" 200 704055
180.76.15.19 - - [29/May/2015:03:56:15 -0500] "GET /BLA/resoluciones/AUTOS%202012/0211.pdf HTTP/1.1" 200 189488
180.76.15.33 - - [29/May/2015:03:56:51 -0500] "GET /BLA/resoluciones/RESOLUCIONES%202008/1485.pdf HTTP/1.1" 200 298366
180.76.15.15 - - [29/May/2015:03:57:24 -0500] "GET /BLA/resoluciones/AUTOS%202014/5932.pdf HTTP/1.1" 200 2662419
180.76.15.14 - - [29/May/2015:03:57:41 -0500] "GET /BLA/resoluciones/AUTOS%202014/3119.pdf HTTP/1.1" 200 658972
180.76.15.146 - - [29/May/2015:03:57:59 -0500] "GET /BLA/resoluciones/RESOLUCIONES%202007/RES%202007%204201%20AL%204300/RESOLUCION%204288%20DE%202007.pdf HTTP/1.1" 200 48327
190.26.22.11 - - [29/May/2015:03:58:00 -0500] "GET /BLA/boletinlegal/js/jquery.scrollShow.js HTTP/1.1" 200 4586
190.26.22.11 - - [29/May/2015:03:58:00 -0500] "GET /galeria/galeria/jquery.fancybox.css?v=2.1.5 HTTP/1.1" 200 4895
190.26.22.11 - - [29/May/2015:03:58:00 -0500] "GET /BLA/boletinlegal/js/jquery.scrollTo-min.js HTTP/1.1" 200 1150
190.26.22.11 - - [29/May/2015:03:58:01 -0500] "GET /galeria/galeria/jquery.fancybox.js?v=2.1.5 HTTP/1.1" 200 48706
190.26.22.11 - - [29/May/2015:03:58:14 -0500] "GET /galeria/galeria/jquery.fancybox.css?v=2.1.5 HTTP/1.1" 304 -
190.26.22.11 - - [29/May/2015:03:58:14 -0500] "GET /BLA/boletinlegal/js/jquery.scrollTo-min.js HTTP/1.1" 304 -
190.26.22.11 - - [29/May/2015:03:58:14 -0500] "GET /BLA/boletinlegal/js/jquery.scrollShow.js HTTP/1.1" 304 -
190.26.22.11 - - [29/May/2015:03:58:14 -0500] "GET /galeria/galeria/jquery.fancybox.js?v=2.1.5 HTTP/1.1" 304 -
180.76.15.156 - - [29/May/2015:03:58:35 -0500] "GET /BLA/resoluciones/RESOLUCIONES%202009/0090.pdf HTTP/1.1" 200 188593
180.76.15.15 - - [29/May/2015:03:58:51 -0500] "GET /BLA/resoluciones/RESOLUCIONES%202007/RES%202007%203701%20AL%203800/RESOLUCION%203723%20DE%202007.pdf HTTP/1.1" 200 509034
74.86.158.107 - - [29/May/2015:03:59:08 -0500] "HEAD / HTTP/1.1" 200 -
66.249.64.223 - - [29/May/2015:03:59:27 -0500] "GET /galeria/galeria/jquery.fancybox.css?v=2.1.5 HTTP/1.1" 200 4895
66.249.64.223 - - [29/May/2015:03:59:28 -0500] "GET /BLA/boletinlegal/js/jquery.scrollShow.js HTTP/1.1" 200 4586
66.249.64.228 - - [29/May/2015:03:59:28 -0500] "GET /galeria/galeria/jquery.fancybox.js?v=2.1.5 HTTP/1.1" 200 48706
66.249.64.223 - - [29/May/2015:03:59:29 -0500] "GET /BLA/boletinlegal/js/jquery.scrollTo-min.js HTTP/1.1" 200 1150
180.76.15.31 - - [29/May/2015:03:59:38 -0500] "GET /BLA/resoluciones/AUTOS%202013/0275.pdf HTTP/1.1" 200 887951
66.249.64.223 - - [29/May/2015:03:59:48 -0500] "GET /BLA/resoluciones/AUTOS%202006/AUTOS%202006%202901%20-%203000/00002975.tif HTTP/1.1" 200 53650
180.76.15.147 - - [29/May/2015:04:00:19 -0500] "GET /BLA/resoluciones/AUTOS%202011/0837.pdf HTTP/1.1" 200 46720
66.249.64.228 - - [29/May/2015:04:00:23 -0500] "GET /BLA/resoluciones/AUTOS%202012/0259.pdf HTTP/1.1" 304 -
180.76.15.153 - - [29/May/2015:04:00:54 -0500] "GET /BLA/resoluciones/AUTOS%202014/1737.pdf HTTP/1.1" 200 324073
201.245.192.253 - - [29/May/2015:03:55:10 -0500] "GET /ForestMSG_SDA/channelAsync/template_word_18262122?X-Atmosphere-tracking-id=2ee1731c-389a-c8f3-fcef-909331177a25&X-Atmosphere-Framework=1.0.5&X-Atmosphere-Transport=long-polling&tabid=0.48698988901184304&X-Cache-Date=0&Content-Type=application/xml&_=1432889745765 HTTP/1.1" 200 8193
180.76.15.154 - - [29/May/2015:04:01:11 -0500] "GET /BLA/resoluciones/AUTOS%202012/0450.pdf HTTP/1.1" 200 371871
180.76.15.33 - - [29/May/2015:04:01:46 -0500] "GET /BLA/resoluciones/AUTOS%202012/0304.pdf HTTP/1.1" 200 227692
180.76.15.11 - - [29/May/2015:04:02:03 -0500] "GET /BLA/resoluciones/AUTOS%202010/5110.pdf HTTP/1.1" 200 50370
66.249.64.233 - - [29/May/2015:04:02:03 -0500] "GET /galeria/nivo-slider/demo/images/banner-Pacto-por-la-madera.jpg HTTP/1.1" 304 -
180.76.15.21 - - [29/May/2015:04:02:20 -0500] "GET /BLA/resoluciones/RESOLUCIONES%202008/1397.pdf HTTP/1.1" 200 181755
66.249.64.223 - - [29/May/2015:04:02:21 -0500] "GET /BLA/resoluciones/AUTOS%202014/5793.pdf HTTP/1.1" 200 122598
180.76.15.11 - - [29/May/2015:04:02:38 -0500] "GET /BLA/resoluciones/AUTOS%202009/2926.pdf HTTP/1.1" 200 169650
180.76.15.17 - - [29/May/2015:04:02:55 -0500] "GET /BLA/resoluciones/AUTOS%202012/0448.pdf HTTP/1.1" 200 230962
201.234.75.11 - - [29/May/2015:04:03:12 -0500] "GET /galeria/nivo-slider/themes/orman/orman.css HTTP/1.1" 304 -
180.76.15.20 - - [29/May/2015:04:03:12 -0500] "GET /BLA/resoluciones/AUTOS%202014/2652.pdf HTTP/1.1" 200 607427
180.76.15.135 - - [29/May/2015:04:03:30 -0500] "GET /BLA/resoluciones/AUTOS%202011/1351.pdf HTTP/1.1" 200 296617
180.76.15.139 - - [29/May/2015:04:03:47 -0500] "GET /BLA/resoluciones/AUTOS%202010/0435.pdf HTTP/1.1" 200 274941
180.76.15.154 - - [29/May/2015:04:04:04 -0500] "GET /BLA/resoluciones/AUTOS%202015/0251.pdf HTTP/1.1" 200 365998
188.186.90.139 - - [29/May/2015:04:04:07 -0500] "GET / HTTP/1.0" 200 10190
188.186.90.139 - - [29/May/2015:04:04:08 -0500] "GET / HTTP/1.0" 200 10190
188.186.90.139 - - [29/May/2015:04:04:08 -0500] "GET / HTTP/1.0" 200 10190
74.86.158.107 - - [29/May/2015:04:04:08 -0500] "HEAD / HTTP/1.1" 200 -
188.186.90.139 - - [29/May/2015:04:04:09 -0500] "GET / HTTP/1.0" 200 10190
188.186.90.139 - - [29/May/2015:04:04:09 -0500] "GET / HTTP/1.0" 200 10190
180.76.15.155 - - [29/May/2015:04:04:39 -0500] "GET /BLA/resoluciones/AUTOS%202013/1125.pdf HTTP/1.1" 200 1038200
180.76.15.157 - - [29/May/2015:04:05:01 -0500] "GET /BLA/resoluciones/RESOLUCIONES%202007/RES%202007%201101%20AL%201200/RESOLUCION%201160%20DE%202007.pdf HTTP/1.1" 200 354430
180.76.15.33 - - [29/May/2015:04:05:55 -0500] "GET /BLA/resoluciones/RESOLUCIONES%202007/RES%202007%203601%20AL%203700/RESOLUCION%203638%20DE%202007.pdf HTTP/1.1" 200 396048
180.76.15.138 - - [29/May/2015:04:06:12 -0500] "GET /BLA/resoluciones/AUTOS%202011/1966.pdf HTTP/1.1" 200 111180
66.249.64.233 - - [29/May/2015:04:06:23 -0500] "GET /BLA/resoluciones/Notificaciones/AUTOS%202014/4048.doc HTTP/1.1" 304 -
180.76.15.157 - - [29/May/2015:04:06:29 -0500] "GET /BLA/resoluciones/AUTOS%202012/0518.pdf HTTP/1.1" 200 159658
180.76.15.13 - - [29/May/2015:04:06:47 -0500] "GET /BLA/resoluciones/RESOLUCIONES%202007/RES%202007%204101%20AL%204200/RESOLUCION%204195%20DE%202007.pdf HTTP/1.1" 200 302199
180.76.15.157 - - [29/May/2015:04:07:04 -0500] "GET /BLA/resoluciones/RESOLUCIONES%202007/RES%202007%202401%20AL%202500/RESOLUCION%202472%20DE%202007.pdf HTTP/1.1" 200 151782
201.245.192.253 - - [29/May/2015:04:01:10 -0500] "GET /ForestMSG_SDA/channelAsync/template_word_18262122?X-Atmosphere-tracking-id=2ee1731c-389a-c8f3-fcef-909331177a25&X-Atmosphere-Framework=1.0.5&X-Atmosphere-Transport=long-polling&tabid=0.48698988901184304&X-Cache-Date=0&Content-Type=application/xml&_=1432890106336 HTTP/1.1" 200 8193
180.76.15.155 - - [29/May/2015:04:07:21 -0500] "GET /BLA/resoluciones/AUTOS%202013/2811.pdf HTTP/1.1" 200 226243
180.76.15.11 - - [29/May/2015:04:07:39 -0500] "GET /BLA/resoluciones/AUTOS%202012/2740.pdf HTTP/1.1" 200 232581
180.76.15.8 - - [29/May/2015:04:07:56 -0500] "GET /BLA/resoluciones/RESOLUCIONES%202007/RES%202007%202901%20AL%203000/RESOLUCION%202908%20DE%202007.pdf HTTP/1.1" 200 566408
201.234.75.11 - - [29/May/2015:04:08:17 -0500] "GET /galeria/nivo-slider/demo/images/no-sea-victima.jpg HTTP/1.1" 304 -
180.76.15.162 - - [29/May/2015:04:08:44 -0500] "GET /BLA/resoluciones/AUTOS%202014/2808.pdf HTTP/1.1" 200 2474824
180.76.15.146 - - [29/May/2015:04:09:01 -0500] "GET /BLA/resoluciones/RESOLUCIONES%202007/RES%202007%203501%20AL%203600/RESOLUCION%203579%20DE%202007.pdf HTTP/1.1" 200 2650316
74.86.158.107 - - [29/May/2015:04:09:08 -0500] "HEAD / HTTP/1.1" 200 -
180.76.15.11 - - [29/May/2015:04:10:01 -0500] "GET /BLA/resoluciones/RESOLUCIONES%202008/0385.pdf HTTP/1.1" 200 333530
180.76.15.156 - - [29/May/2015:04:10:35 -0500] "GET /BLA/resoluciones/RESOLUCIONES%202008/3756.pdf HTTP/1.1" 200 239668
180.76.15.9 - - [29/May/2015:04:10:53 -0500] "GET /BLA/resoluciones/AUTOS%202009/2286.pdf HTTP/1.1" 200 402767
180.76.15.162 - - [29/May/2015:04:11:10 -0500] "GET /BLA/resoluciones/RESOLUCIONES%202008/0302.pdf HTTP/1.1" 200 18346
123.125.71.104 - - [29/May/2015:04:12:22 -0500] "GET / HTTP/1.1" 200 10190
180.76.15.145 - - [29/May/2015:04:12:38 -0500] "GET /BLA/resoluciones/RESOLUCIONES%202007/RES%202007%201201%20AL%201300/RESOLUCION%201250%20DE%202007.pdf HTTP/1.1" 200 1216156
66.249.64.228 - - [29/May/2015:04:12:39 -0500] "GET /autoliquidacion/Solicitud%20de%20expedici%C3%B3n%20de%20certificados%20de%20estado%20de%20conservaci%C3%B3n%20ambiental%20(CECA)/FORMULARIO%20DE%20SOLICITUD%20DE%20CECA.pdf HTTP/1.1" 304 -
180.76.15.139 - - [29/May/2015:04:12:56 -0500] "GET /BLA/resoluciones/RESOLUCIONES%202007/RES%202007%203601%20AL%203700/RESOLUCION%203669%20DE%202007.pdf HTTP/1.1" 200 80100
201.245.192.253 - - [29/May/2015:04:07:11 -0500] "GET /ForestMSG_SDA/channelAsync/template_word_18262122?X-Atmosphere-tracking-id=2ee1731c-389a-c8f3-fcef-909331177a25&X-Atmosphere-Framework=1.0.5&X-Atmosphere-Transport=long-polling&tabid=0.48698988901184304&X-Cache-Date=0&Content-Type=application/xml&_=1432890467291 HTTP/1.1" 200 8193
180.76.15.23 - - [29/May/2015:04:13:14 -0500] "GET /BLA/resoluciones/AUTOS%202013/1991.pdf HTTP/1.1" 200 2486351
186.28.5.54 - - [29/May/2015:04:13:36 -0500] "GET /BLA/boletinlegal/js/jquery.scrollTo-min.js HTTP/1.1" 200 1150
186.28.5.54 - - [29/May/2015:04:13:36 -0500] "GET /BLA/boletinlegal/js/jquery.scrollShow.js HTTP/1.1" 200 4586
186.28.5.54 - - [29/May/2015:04:13:36 -0500] "GET /galeria/galeria/jquery.fancybox.js?v=2.1.5 HTTP/1.1" 200 48706
186.28.5.54 - - [29/May/2015:04:13:38 -0500] "GET /galeria/galeria/jquery.fancybox.css?v=2.1.5 HTTP/1.1" 200 4895
180.76.15.153 - - [29/May/2015:04:13:47 -0500] "GET /BLA/resoluciones/AUTOS%202012/0012.pdf HTTP/1.1" 200 188499
74.86.158.107 - - [29/May/2015:04:14:08 -0500] "HEAD / HTTP/1.1" 200 -
157.55.39.121 - - [29/May/2015:04:14:19 -0500] "GET /portalsiaccapacitaciones/Soportes%20Capacitaciones%20A%C3%B1o%202013/0062.%20Presentaci%C3%B3n%20Resultados%20Acompa%C3%B1amiento%20Entidades%20Distritales%2019-12-2013.pdf HTTP/1.1" 404 1019
66.249.64.233 - - [29/May/2015:04:14:26 -0500] "GET /BLA/resoluciones/RESOLUCIONES%202010/5629.pdf HTTP/1.1" 200 2761247
180.76.15.5 - - [29/May/2015:04:14:27 -0500] "GET /BLA/resoluciones/AUTOS%202014/3623.pdf HTTP/1.1" 200 2145907
66.249.64.228 - - [29/May/2015:04:14:29 -0500] "GET /BLA/resoluciones/index.php?dir=RESOLUCIONES%202003/RES%202003%201601-1650/&sort=name&order=desc HTTP/1.1" 200 12151
180.76.15.161 - - [29/May/2015:04:16:42 -0500] "GET /BLA/resoluciones/RESOLUCIONES%202007/RES%202007%201101%20AL%201200/RESOLUCION%201112%20DE%202007.pdf HTTP/1.1" 200 301708
180.76.15.134 - - [29/May/2015:04:17:17 -0500] "GET /BLA/resoluciones/RESOLUCIONES%202008/5298.pdf HTTP/1.1" 200 258362
180.76.15.138 - - [29/May/2015:04:17:52 -0500] "GET /BLA/resoluciones/AUTOS%202013/0059.pdf HTTP/1.1" 200 1496418
180.76.15.18 - - [29/May/2015:04:18:27 -0500] "GET /BLA/resoluciones/RESOLUCIONES%202009/1765.pdf HTTP/1.1" 200 353551
201.234.75.11 - - [29/May/2015:04:18:53 -0500] "GET /galeria/nivo-slider/demo/images/RdaNegociosFiltros.jpg HTTP/1.1" 304 -
220.181.108.158 - - [29/May/2015:04:19:00 -0500] "GET / HTTP/1.1" 200 10190
180.76.15.158 - - [29/May/2015:04:19:01 -0500] "GET /BLA/resoluciones/AUTOS%202011/0933.pdf HTTP/1.1" 200 303521
74.86.158.107 - - [29/May/2015:04:19:08 -0500] "HEAD / HTTP/1.1" 200 -
201.245.192.253 - - [29/May/2015:04:13:11 -0500] "GET /ForestMSG_SDA/channelAsync/template_word_18262122?X-Atmosphere-tracking-id=2ee1731c-389a-c8f3-fcef-909331177a25&X-Atmosphere-Framework=1.0.5&X-Atmosphere-Transport=long-polling&tabid=0.48698988901184304&X-Cache-Date=0&Content-Type=application/xml&_=1432890827365 HTTP/1.1" 200 8193
