180.76.15.144 - - [08/Jun/2015:10:01:25 -0500] "GET /BLA/resoluciones/AUTOS%202007/0119.pdf HTTP/1.1" 200 44132
190.25.157.12 - - [08/Jun/2015:10:01:25 -0500] "POST /forms/lservlet;jsessionid=ac16012b30d6d47c3dd7da3942e9b051bb596cc42a02.e3iSbxaKaheRe34MbhmNaxqNb41ynknvrkLOlQzNp65In0 HTTP/1.1" 200 2330
207.46.13.68 - - [08/Jun/2015:10:01:27 -0500] "GET /bla/resoluciones/RESOLUCIONES%202009/7029.pdf HTTP/1.1" 200 724059
207.46.13.68 - - [08/Jun/2015:10:01:27 -0500] "GET /BLA/resoluciones/AUTOS%202012/1532.pdf HTTP/1.1" 200 1045765
180.76.15.19 - - [08/Jun/2015:10:01:42 -0500] "GET /BLA/resoluciones/RESOLUCIONES%202014/0966.pdf HTTP/1.1" 200 724786
181.132.195.206 - - [08/Jun/2015:10:01:44 -0500] "GET /videos/CRRFFS.mp4 HTTP/1.1" 206 1
88.198.233.69 - - [08/Jun/2015:10:01:45 -0500] "GET / HTTP/1.1" 200 10190
207.46.13.68 - - [08/Jun/2015:10:01:46 -0500] "GET /bla/resoluciones/RESOLUCIONES%202009/8633.pdf HTTP/1.1" 200 292275
207.46.13.68 - - [08/Jun/2015:10:01:47 -0500] "GET /BLA/resoluciones/RESOLUCIONES%202007/RES%202007%203701%20AL%203800/RESOLUCION%203778%20DE%202007.pdf HTTP/1.1" 200 27851
157.55.39.134 - - [08/Jun/2015:10:01:51 -0500] "GET /BLA/resoluciones/RESOLUCIONES%202010/4177.pdf HTTP/1.1" 200 255821
157.55.39.134 - - [08/Jun/2015:10:01:51 -0500] "GET /BLA/resoluciones/RESOLUCIONES%202008/3881.pdf HTTP/1.1" 200 193091
157.55.39.134 - - [08/Jun/2015:10:01:52 -0500] "GET /BLA/resoluciones/RESOLUCIONES%202011/0715.pdf HTTP/1.1" 200 248657
207.46.13.104 - - [08/Jun/2015:10:02:00 -0500] "GET /bla/resoluciones/resoluciones%202010/5299.pdf HTTP/1.1" 200 752265
180.76.15.136 - - [08/Jun/2015:10:02:00 -0500] "GET /BLA/resoluciones/RESOLUCIONES%202014/2214.pdf HTTP/1.1" 200 774294
207.46.13.104 - - [08/Jun/2015:10:02:00 -0500] "GET /bla/resoluciones/resoluciones%202010/7617.pdf HTTP/1.1" 200 107164
207.46.13.104 - - [08/Jun/2015:10:02:01 -0500] "GET /BLA/resoluciones/AUTOS%202009/1945.pdf HTTP/1.1" 200 99021
207.46.13.68 - - [08/Jun/2015:10:02:04 -0500] "GET /BLA/resoluciones/RESOLUCIONES%202010/6949.pdf HTTP/1.1" 200 694714
207.46.13.68 - - [08/Jun/2015:10:02:04 -0500] "GET /bla/resoluciones/resoluciones%202009/8600.pdf HTTP/1.1" 200 321189
181.132.195.206 - - [08/Jun/2015:10:01:45 -0500] "GET /videos/CRRFFS.mp4 HTTP/1.1" 206 283555123
190.255.40.77 - - [08/Jun/2015:10:02:13 -0500] "GET /BLA/resoluciones/RESOLUCIONES%202014/3735.pdf HTTP/1.1" 200 8782119
66.249.64.228 - - [08/Jun/2015:10:02:15 -0500] "GET /BLA/resoluciones/AUTOS%202014/1895.pdf HTTP/1.1" 200 522964
66.249.64.228 - - [08/Jun/2015:10:02:16 -0500] "GET /galeria/nivo-slider/demo/images/ecolecta-Dic2014.png HTTP/1.1" 304 -
207.46.13.68 - - [08/Jun/2015:10:02:17 -0500] "GET /bla/resoluciones/resoluciones%202010/6961.pdf HTTP/1.1" 200 242060
180.76.15.17 - - [08/Jun/2015:10:02:20 -0500] "GET /BLA/resoluciones/RESOLUCIONES%202014/0992.pdf HTTP/1.1" 200 981736
181.55.242.241 - - [08/Jun/2015:10:02:24 -0500] "GET /forest/skins/gdocs-jar/popup/showformtocrud.jsp?codForm=solicitar_correccion&iih=xx&iid=yy&width=580&height=320&numPro=3105861&codInst=3148145&codTraEsc=18205720&title=Solicitar%20Correcci%F3n&a=0.25199985573999584 HTTP/1.1" 200 4117
181.55.242.241 - - [08/Jun/2015:10:02:24 -0500] "GET /forest/skins/gdocs-jar/popup/showformtocrudtwo.jsp?codForm=solicitar_correccion&numPro=3105861&codInst=3148145&codTraEsc=18205720&schema=&table=&column= HTTP/1.1" 200 6791
181.55.242.241 - - [08/Jun/2015:10:02:24 -0500] "GET /forest/skins/gdocs-jar/popup/showformtocrudtwo.jsp?codForm=solicitar_correccion&numPro=3105861&codInst=3148145&codTraEsc=18205720&schema=&table=&column= HTTP/1.1" 200 6791
181.55.242.241 - - [08/Jun/2015:10:02:24 -0500] "GET /forest/skins/gdocs-jar/css/menu.css HTTP/1.1" 304 -
181.55.242.241 - - [08/Jun/2015:10:02:24 -0500] "GET /forest/css/escritorio.css HTTP/1.1" 304 -
181.55.242.241 - - [08/Jun/2015:10:02:24 -0500] "GET /forest/1ibre/jscalendar/calendar-win2k-1.css HTTP/1.1" 304 -
181.55.242.241 - - [08/Jun/2015:10:02:24 -0500] "GET /forest/skins/gdocs-jar/css/dialog.css HTTP/1.1" 304 -
181.55.242.241 - - [08/Jun/2015:10:02:24 -0500] "GET /forest/css/index.css HTTP/1.1" 304 -
181.55.242.241 - - [08/Jun/2015:10:02:24 -0500] "GET /forest/jsoptimized/gz/js/gdocsallfcrud.js HTTP/1.1" 200 83013
181.55.242.241 - - [08/Jun/2015:10:02:27 -0500] "GET /forest/actions/forms.getList?codForm=solicitar_correccion&id=funcionario&text=l HTTP/1.1" 200 1265
157.55.39.11 - - [08/Jun/2015:10:02:27 -0500] "GET /BLA/resoluciones/RESOLUCIONES%202008/0998.pdf HTTP/1.1" 200 669696
157.55.39.11 - - [08/Jun/2015:10:02:27 -0500] "GET /BLA/resoluciones/RESOLUCIONES%202007/RES%202007%20201%20AL%20300/RESOLUCION%200223%20DE%202007.pdf HTTP/1.1" 200 292652
181.55.242.241 - - [08/Jun/2015:10:02:27 -0500] "GET /forest/actions/forms.getList?codForm=solicitar_correccion&id=funcionario&text=la HTTP/1.1" 200 1268
181.55.242.241 - - [08/Jun/2015:10:02:28 -0500] "GET /forest/actions/forms.getList?codForm=solicitar_correccion&id=funcionario&text=lau HTTP/1.1" 200 1338
181.55.242.241 - - [08/Jun/2015:10:02:28 -0500] "GET /forest/actions/forms.getList?codForm=solicitar_correccion&id=funcionario&text=laur HTTP/1.1" 200 831
157.55.39.11 - - [08/Jun/2015:10:02:28 -0500] "GET /BLA/resoluciones/RESOLUCIONES%202008/5622.pdf HTTP/1.1" 200 218641
157.55.39.11 - - [08/Jun/2015:10:02:29 -0500] "GET /BLA/resoluciones/RESOLUCIONES%202011/3564.pdf HTTP/1.1" 200 706384
181.55.242.241 - - [08/Jun/2015:10:02:29 -0500] "GET /forest/actions/forms.getList?codForm=solicitar_correccion&id=funcionario&text=laura HTTP/1.1" 200 771
157.55.39.11 - - [08/Jun/2015:10:02:29 -0500] "GET /BLA/resoluciones/RESOLUCIONES%202011/0373.pdf HTTP/1.1" 200 66625
181.55.242.241 - - [08/Jun/2015:10:02:29 -0500] "GET /forest/actions/forms.getList?codForm=solicitar_correccion&id=funcionario&text=laura%20 HTTP/1.1" 200 771
181.55.242.241 - - [08/Jun/2015:10:02:30 -0500] "GET /forest/actions/forms.getList?codForm=solicitar_correccion&id=funcionario&text=laura%20m HTTP/1.1" 200 255
181.55.242.241 - - [08/Jun/2015:10:02:30 -0500] "GET /forest/actions/forms.getList?codForm=solicitar_correccion&id=funcionario&text=laura%20ma HTTP/1.1" 200 255
207.46.13.104 - - [08/Jun/2015:10:02:30 -0500] "GET /BLA/resoluciones/RESOLUCIONES%202008/5463.pdf HTTP/1.1" 200 230181
207.46.13.68 - - [08/Jun/2015:10:02:34 -0500] "GET /BLA/resoluciones/RESOLUCIONES%202010/6991.pdf HTTP/1.1" 200 770176
180.76.15.135 - - [08/Jun/2015:10:02:35 -0500] "GET /BLA/resoluciones/RESOLUCIONES%202008/0769.pdf HTTP/1.1" 200 27562
190.24.84.148 - - [08/Jun/2015:10:02:43 -0500] "GET /BLA/boletinlegal/js/jquery.scrollTo-min.js HTTP/1.1" 200 1150
190.24.84.148 - - [08/Jun/2015:10:02:43 -0500] "GET /galeria/galeria/jquery.fancybox.css?v=2.1.5 HTTP/1.1" 200 4895
190.24.84.148 - - [08/Jun/2015:10:02:43 -0500] "GET /BLA/boletinlegal/js/jquery.scrollShow.js HTTP/1.1" 200 4586
190.24.84.148 - - [08/Jun/2015:10:02:43 -0500] "GET /galeria/galeria/jquery.fancybox.js?v=2.1.5 HTTP/1.1" 200 48706
74.86.158.107 - - [08/Jun/2015:10:02:44 -0500] "HEAD / HTTP/1.1" 200 -
190.25.157.12 - - [08/Jun/2015:10:02:50 -0500] "GET /forms/frmservlet?config=sia HTTP/1.1" 200 4088
190.25.157.12 - - [08/Jun/2015:10:02:50 -0500] "GET /favicon.ico HTTP/1.1" 200 7782
190.25.157.12 - - [08/Jun/2015:10:02:50 -0500] "GET /forms/frmservlet?config=sia HTTP/1.1" 200 4088
190.25.157.12 - - [08/Jun/2015:10:02:50 -0500] "GET /forms/java/frmall_jinit.jar HTTP/1.1" 304 -
190.25.157.12 - - [08/Jun/2015:10:02:51 -0500] "GET /forms/java/icons.jar HTTP/1.1" 304 -
190.25.157.12 - - [08/Jun/2015:10:02:51 -0500] "GET /forms/java/java/awt/KeyboardFocusManager.class HTTP/1.1" 404 352
190.25.157.12 - - [08/Jun/2015:10:02:51 -0500] "GET /forms/java/java/awt/event/MouseWheelListener.class HTTP/1.1" 404 356
190.25.157.12 - - [08/Jun/2015:10:02:51 -0500] "GET /forms/java/oracle/forms/registry/Registry.dat HTTP/1.1" 200 4213
190.25.157.12 - - [08/Jun/2015:10:02:51 -0500] "GET /forms/java/oracle/forms/registry/default.dat HTTP/1.1" 404 350
190.25.157.12 - - [08/Jun/2015:10:02:51 -0500] "GET /forms/frmservlet?config=sia&acceptLanguage=es-ar,es;q=0.8,en-us;q=0.5,en;q=0.3&ifcmd=startsession HTTP/1.1" 200 118
190.25.157.12 - - [08/Jun/2015:10:02:51 -0500] "GET /forms/lservlet;jsessionid=ac16012b30d6a31e9a7b17cc45fc8faee38bb069cb33.e3iSbxaKaheRe34MbhmNaxqNb41ynknvrkLOlQzNp65In0?ifcmd=getinfo&ifhost=arb012382&ifip=192.168.11.78 HTTP/1.1" 200 8
180.76.15.154 - - [08/Jun/2015:10:02:52 -0500] "GET /BLA/resoluciones/AUTOS%202009/0840.pdf HTTP/1.1" 200 89675
190.25.157.12 - - [08/Jun/2015:10:02:51 -0500] "POST /forms/lservlet;jsessionid=ac16012b30d6a31e9a7b17cc45fc8faee38bb069cb33.e3iSbxaKaheRe34MbhmNaxqNb41ynknvrkLOlQzNp65In0 HTTP/1.1" 200 8
190.25.157.12 - - [08/Jun/2015:10:02:52 -0500] "GET /forms/java/oracle/forms/engine/RunformBundle_es_CO.class HTTP/1.1" 404 362
190.25.157.12 - - [08/Jun/2015:10:02:52 -0500] "GET /forms/java/oracle/forms/engine/RunformBundle_es_CO.properties HTTP/1.1" 404 367
190.25.157.12 - - [08/Jun/2015:10:02:52 -0500] "POST /forms/lservlet;jsessionid=ac16012b30d6a31e9a7b17cc45fc8faee38bb069cb33.e3iSbxaKaheRe34MbhmNaxqNb41ynknvrkLOlQzNp65In0 HTTP/1.1" 200 64000
190.25.157.12 - - [08/Jun/2015:10:02:52 -0500] "POST /forms/lservlet;jsessionid=ac16012b30d6a31e9a7b17cc45fc8faee38bb069cb33.e3iSbxaKaheRe34MbhmNaxqNb41ynknvrkLOlQzNp65In0 HTTP/1.1" 200 64000
190.25.157.12 - - [08/Jun/2015:10:02:53 -0500] "POST /forms/lservlet;jsessionid=ac16012b30d6a31e9a7b17cc45fc8faee38bb069cb33.e3iSbxaKaheRe34MbhmNaxqNb41ynknvrkLOlQzNp65In0 HTTP/1.1" 200 63623
190.25.157.12 - - [08/Jun/2015:10:02:53 -0500] "HEAD /imagenes/dama_logo.gif HTTP/1.1" 200 -
190.25.157.12 - - [08/Jun/2015:10:02:53 -0500] "GET /imagenes/dama_logo.gif HTTP/1.1" 200 21482
190.25.157.12 - - [08/Jun/2015:10:02:53 -0500] "POST /forms/lservlet;jsessionid=ac16012b30d6a31e9a7b17cc45fc8faee38bb069cb33.e3iSbxaKaheRe34MbhmNaxqNb41ynknvrkLOlQzNp65In0 HTTP/1.1" 200 2
190.25.157.12 - - [08/Jun/2015:10:02:53 -0500] "POST /forms/lservlet;jsessionid=ac16012b30d6a31e9a7b17cc45fc8faee38bb069cb33.e3iSbxaKaheRe34MbhmNaxqNb41ynknvrkLOlQzNp65In0 HTTP/1.1" 200 2
201.216.21.232 - - [08/Jun/2015:10:02:55 -0500] "GET /galeria/galeria/jquery.fancybox.css?v=2.1.5 HTTP/1.1" 200 4895
201.216.21.232 - - [08/Jun/2015:10:02:55 -0500] "GET /BLA/boletinlegal/js/jquery.scrollShow.js HTTP/1.1" 200 4586
201.216.21.232 - - [08/Jun/2015:10:02:55 -0500] "GET /BLA/boletinlegal/js/jquery.scrollTo-min.js HTTP/1.1" 200 1150
201.216.21.232 - - [08/Jun/2015:10:02:55 -0500] "GET /galeria/galeria/jquery.fancybox.js?v=2.1.5 HTTP/1.1" 200 48706
200.118.32.36 - - [08/Jun/2015:10:02:56 -0500] "GET /BLA/boletinlegal/js/jquery.scrollShow.js HTTP/1.1" 200 4586
200.118.32.36 - - [08/Jun/2015:10:02:56 -0500] "GET /galeria/galeria/jquery.fancybox.js?v=2.1.5 HTTP/1.1" 200 48706
200.118.32.36 - - [08/Jun/2015:10:02:56 -0500] "GET /galeria/galeria/jquery.fancybox.css?v=2.1.5 HTTP/1.1" 200 4895
200.118.32.36 - - [08/Jun/2015:10:02:56 -0500] "GET /BLA/boletinlegal/js/jquery.scrollTo-min.js HTTP/1.1" 200 1150
201.216.21.232 - - [08/Jun/2015:10:03:02 -0500] "GET /galeria/galeria/jquery.fancybox.css?v=2.1.5 HTTP/1.1" 200 4895
201.216.21.232 - - [08/Jun/2015:10:03:02 -0500] "GET /BLA/boletinlegal/js/jquery.scrollTo-min.js HTTP/1.1" 200 1150
201.216.21.232 - - [08/Jun/2015:10:03:02 -0500] "GET /galeria/galeria/jquery.fancybox.js?v=2.1.5 HTTP/1.1" 200 48706
201.216.21.232 - - [08/Jun/2015:10:03:02 -0500] "GET /BLA/boletinlegal/js/jquery.scrollShow.js HTTP/1.1" 200 4586
190.25.157.12 - - [08/Jun/2015:10:03:04 -0500] "POST /forms/lservlet;jsessionid=ac16012b30d6a31e9a7b17cc45fc8faee38bb069cb33.e3iSbxaKaheRe34MbhmNaxqNb41ynknvrkLOlQzNp65In0 HTTP/1.1" 200 7971
190.25.157.12 - - [08/Jun/2015:10:03:04 -0500] "POST /forms/lservlet;jsessionid=ac16012b30d6a31e9a7b17cc45fc8faee38bb069cb33.e3iSbxaKaheRe34MbhmNaxqNb41ynknvrkLOlQzNp65In0 HTTP/1.1" 200 64
190.25.157.12 - - [08/Jun/2015:10:03:04 -0500] "POST /forms/lservlet;jsessionid=ac16012b30d6a31e9a7b17cc45fc8faee38bb069cb33.e3iSbxaKaheRe34MbhmNaxqNb41ynknvrkLOlQzNp65In0 HTTP/1.1" 200 2
190.25.157.12 - - [08/Jun/2015:10:03:04 -0500] "POST /forms/lservlet;jsessionid=ac16012b30d6a31e9a7b17cc45fc8faee38bb069cb33.e3iSbxaKaheRe34MbhmNaxqNb41ynknvrkLOlQzNp65In0 HTTP/1.1" 200 2
190.25.157.12 - - [08/Jun/2015:10:03:04 -0500] "POST /forms/lservlet;jsessionid=ac16012b30d6a31e9a7b17cc45fc8faee38bb069cb33.e3iSbxaKaheRe34MbhmNaxqNb41ynknvrkLOlQzNp65In0 HTTP/1.1" 200 2
190.24.84.148 - - [08/Jun/2015:10:03:08 -0500] "GET /galeria/galeria/jquery.fancybox.css?v=2.1.5 HTTP/1.1" 304 -
190.24.84.148 - - [08/Jun/2015:10:03:08 -0500] "GET /BLA/boletinlegal/js/jquery.scrollTo-min.js HTTP/1.1" 304 -
190.24.84.148 - - [08/Jun/2015:10:03:08 -0500] "GET /BLA/boletinlegal/js/jquery.scrollShow.js HTTP/1.1" 304 -
190.24.84.148 - - [08/Jun/2015:10:03:08 -0500] "GET /galeria/galeria/jquery.fancybox.js?v=2.1.5 HTTP/1.1" 304 -
180.76.15.26 - - [08/Jun/2015:10:03:09 -0500] "GET /BLA/resoluciones/RESOLUCIONES%202008/0128.pdf HTTP/1.1" 200 296504
190.25.157.12 - - [08/Jun/2015:10:03:12 -0500] "POST /forms/lservlet;jsessionid=ac16012b30d6a31e9a7b17cc45fc8faee38bb069cb33.e3iSbxaKaheRe34MbhmNaxqNb41ynknvrkLOlQzNp65In0 HTTP/1.1" 200 34710
190.25.157.12 - - [08/Jun/2015:10:03:12 -0500] "GET /imagenes/listval.gif HTTP/1.1" 200 905
190.25.157.12 - - [08/Jun/2015:10:03:12 -0500] "GET /imagenes/tree1.gif HTTP/1.1" 200 1161
190.25.157.12 - - [08/Jun/2015:10:03:12 -0500] "GET /imagenes/listval.gif HTTP/1.1" 200 905
190.25.157.12 - - [08/Jun/2015:10:03:12 -0500] "GET /imagenes/CAMERA3.gif HTTP/1.1" 200 4150
190.25.157.12 - - [08/Jun/2015:10:03:12 -0500] "GET /imagenes/SLIDE1.gif HTTP/1.1" 200 1111
190.25.157.12 - - [08/Jun/2015:10:03:12 -0500] "GET /imagenes/flexcomb.gif HTTP/1.1" 200 1169
190.25.157.12 - - [08/Jun/2015:10:03:12 -0500] "GET /imagenes/GO.gif HTTP/1.1" 200 904
190.25.157.12 - - [08/Jun/2015:10:03:12 -0500] "GET /imagenes/HRTOOLS.gif HTTP/1.1" 200 2238
190.25.157.12 - - [08/Jun/2015:10:03:12 -0500] "GET /imagenes/rt_rec1.gif HTTP/1.1" 200 867
190.25.157.12 - - [08/Jun/2015:10:03:12 -0500] "GET /imagenes/apply.gif HTTP/1.1" 200 903
190.25.157.12 - - [08/Jun/2015:10:03:12 -0500] "GET /imagenes/exit.gif HTTP/1.1" 200 916
190.25.157.12 - - [08/Jun/2015:10:03:12 -0500] "GET /imagenes/LISTVAL.gif HTTP/1.1" 200 905
190.25.157.12 - - [08/Jun/2015:10:03:12 -0500] "GET /imagenes/edit.gif HTTP/1.1" 200 919
190.25.157.12 - - [08/Jun/2015:10:03:12 -0500] "GET /imagenes/rt_rec4.gif HTTP/1.1" 200 865
190.25.157.12 - - [08/Jun/2015:10:03:12 -0500] "GET /imagenes/rt_rec3.gif HTTP/1.1" 200 844
190.25.157.12 - - [08/Jun/2015:10:03:12 -0500] "GET /imagenes/rt_rec2.gif HTTP/1.1" 200 847
190.25.157.12 - - [08/Jun/2015:10:03:12 -0500] "GET /imagenes/rt_rdel.gif HTTP/1.1" 200 899
190.25.157.12 - - [08/Jun/2015:10:03:12 -0500] "GET /imagenes/rt_radd.gif HTTP/1.1" 200 907
207.46.13.104 - - [08/Jun/2015:10:03:12 -0500] "GET /bla/resoluciones/resoluciones%202010/2349.pdf HTTP/1.1" 200 381020
190.25.157.12 - - [08/Jun/2015:10:03:12 -0500] "GET /imagenes/rt_quer3.gif HTTP/1.1" 200 939
190.25.157.12 - - [08/Jun/2015:10:03:12 -0500] "GET /imagenes/rt_quer2.gif HTTP/1.1" 200 936
190.25.157.12 - - [08/Jun/2015:10:03:12 -0500] "GET /imagenes/rt_quer1.gif HTTP/1.1" 200 930
190.25.157.12 - - [08/Jun/2015:10:03:12 -0500] "GET /imagenes/rt_save.gif HTTP/1.1" 200 903
190.25.157.12 - - [08/Jun/2015:10:03:12 -0500] "GET /imagenes/rt_pset.gif HTTP/1.1" 200 914
190.25.157.12 - - [08/Jun/2015:10:03:12 -0500] "GET /imagenes/QUEJA.gif HTTP/1.1" 200 1091
190.25.157.12 - - [08/Jun/2015:10:03:12 -0500] "GET /imagenes/ARBOL.gif HTTP/1.1" 200 1026
190.25.157.12 - - [08/Jun/2015:10:03:12 -0500] "GET /imagenes/Clipboard.gif HTTP/1.1" 200 1466
66.249.64.223 - - [08/Jun/2015:10:03:12 -0500] "GET /BLA/resoluciones/AUTOS%202013/0092.pdf HTTP/1.1" 200 1377017
190.25.157.12 - - [08/Jun/2015:10:03:12 -0500] "GET /imagenes/DINERO.gif HTTP/1.1" 200 1766
190.25.157.12 - - [08/Jun/2015:10:03:13 -0500] "GET /imagenes/URGENTE.gif HTTP/1.1" 200 964
190.25.157.12 - - [08/Jun/2015:10:03:13 -0500] "GET /imagenes/TREE4.gif HTTP/1.1" 200 4150
190.25.157.12 - - [08/Jun/2015:10:03:13 -0500] "POST /forms/lservlet;jsessionid=ac16012b30d6a31e9a7b17cc45fc8faee38bb069cb33.e3iSbxaKaheRe34MbhmNaxqNb41ynknvrkLOlQzNp65In0 HTTP/1.1" 200 7
190.25.157.12 - - [08/Jun/2015:10:03:13 -0500] "POST /forms/lservlet;jsessionid=ac16012b30d6a31e9a7b17cc45fc8faee38bb069cb33.e3iSbxaKaheRe34MbhmNaxqNb41ynknvrkLOlQzNp65In0 HTTP/1.1" 200 34
190.25.157.12 - - [08/Jun/2015:10:03:13 -0500] "POST /forms/lservlet;jsessionid=ac16012b30d6a31e9a7b17cc45fc8faee38bb069cb33.e3iSbxaKaheRe34MbhmNaxqNb41ynknvrkLOlQzNp65In0 HTTP/1.1" 200 2
201.216.21.232 - - [08/Jun/2015:10:03:13 -0500] "GET /galeria/galeria/jquery.fancybox.js?v=2.1.5 HTTP/1.1" 304 -
201.216.21.232 - - [08/Jun/2015:10:03:13 -0500] "GET /galeria/galeria/jquery.fancybox.css?v=2.1.5 HTTP/1.1" 304 -
190.25.157.12 - - [08/Jun/2015:10:03:15 -0500] "POST /forms/lservlet;jsessionid=ac16012b30d6a31e9a7b17cc45fc8faee38bb069cb33.e3iSbxaKaheRe34MbhmNaxqNb41ynknvrkLOlQzNp65In0 HTTP/1.1" 200 647
181.55.242.241 - - [08/Jun/2015:10:03:17 -0500] "POST /forest/actions/forms.saveFormCrud?codform=solicitar_correccion&schema=&table=&column= HTTP/1.1" 200 139
181.55.242.241 - - [08/Jun/2015:10:03:19 -0500] "GET /forest/usutareas.do?group_system_actual=3&a=0.5764983142726123 HTTP/1.1" 200 137017
181.55.242.241 - - [08/Jun/2015:10:00:33 -0500] "GET /ForestMSG_SDA/channelAsync/template_word_18205720?X-Atmosphere-tracking-id=eeda441a-a0e2-ffd8-2b12-b41feb2b0007&X-Atmosphere-Framework=1.0.5&X-Atmosphere-Transport=long-polling&tabid=0.09135329746641219&X-Cache-Date=0&Content-Type=application/xml&_=1433775792025 HTTP/1.1" 200 8193
181.55.242.241 - - [08/Jun/2015:10:03:21 -0500] "GET /forest/session.jsp?a=0.24641015264205635 HTTP/1.1" 200 4
201.245.192.253 - - [08/Jun/2015:10:00:24 -0500] "GET /ForestMSG_SDA/channelAsync/template_word_18303147?X-Atmosphere-tracking-id=ef7b8cca-22a0-3631-7219-93916646b115&X-Atmosphere-Framework=1.0.5&X-Atmosphere-Transport=long-polling&tabid=0.1128270248301344&X-Cache-Date=0&Content-Type=application/xml&_=1433775686929 HTTP/1.1" 200 8193
180.76.15.141 - - [08/Jun/2015:10:03:26 -0500] "GET /BLA/resoluciones/RESOLUCIONES%202014/0857.pdf HTTP/1.1" 200 578489
190.25.157.12 - - [08/Jun/2015:10:03:30 -0500] "POST /forms/lservlet;jsessionid=ac16012b30d6a31e9a7b17cc45fc8faee38bb069cb33.e3iSbxaKaheRe34MbhmNaxqNb41ynknvrkLOlQzNp65In0 HTTP/1.1" 200 24
181.61.173.135 - - [08/Jun/2015:09:57:30 -0500] "GET /ForestMSG_SDA/channelAsync/template_word_18331506?X-Atmosphere-tracking-id=c357de4d-c8d3-39d2-7b7c-07305899e9b8&X-Atmosphere-Framework=1.0.5&X-Atmosphere-Transport=long-polling&tabid=0.5242227795533836&X-Cache-Date=0&Content-Type=application/xml&_=1433775608178 HTTP/1.1" 200 8193
190.25.157.12 - - [08/Jun/2015:10:03:30 -0500] "POST /forms/lservlet;jsessionid=ac16012b30d6a31e9a7b17cc45fc8faee38bb069cb33.e3iSbxaKaheRe34MbhmNaxqNb41ynknvrkLOlQzNp65In0 HTTP/1.1" 200 4639
190.25.157.12 - - [08/Jun/2015:10:03:30 -0500] "POST /forms/lservlet;jsessionid=ac16012b30d6a31e9a7b17cc45fc8faee38bb069cb33.e3iSbxaKaheRe34MbhmNaxqNb41ynknvrkLOlQzNp65In0 HTTP/1.1" 200 2
190.25.157.12 - - [08/Jun/2015:10:03:32 -0500] "POST /forms/lservlet;jsessionid=ac16012b30d6a31e9a7b17cc45fc8faee38bb069cb33.e3iSbxaKaheRe34MbhmNaxqNb41ynknvrkLOlQzNp65In0 HTTP/1.1" 200 2
190.25.157.12 - - [08/Jun/2015:10:03:32 -0500] "POST /forms/lservlet;jsessionid=ac16012b30d6a31e9a7b17cc45fc8faee38bb069cb33.e3iSbxaKaheRe34MbhmNaxqNb41ynknvrkLOlQzNp65In0 HTTP/1.1" 200 14
190.25.157.12 - - [08/Jun/2015:10:03:33 -0500] "POST /forms/lservlet;jsessionid=ac16012b30d6a31e9a7b17cc45fc8faee38bb069cb33.e3iSbxaKaheRe34MbhmNaxqNb41ynknvrkLOlQzNp65In0 HTTP/1.1" 200 14
190.25.157.12 - - [08/Jun/2015:10:03:34 -0500] "POST /forms/lservlet;jsessionid=ac16012b30d6a31e9a7b17cc45fc8faee38bb069cb33.e3iSbxaKaheRe34MbhmNaxqNb41ynknvrkLOlQzNp65In0 HTTP/1.1" 200 14
190.25.157.12 - - [08/Jun/2015:10:03:36 -0500] "POST /forms/lservlet;jsessionid=ac16012b30d6a31e9a7b17cc45fc8faee38bb069cb33.e3iSbxaKaheRe34MbhmNaxqNb41ynknvrkLOlQzNp65In0 HTTP/1.1" 200 14
190.25.157.12 - - [08/Jun/2015:10:03:37 -0500] "POST /forms/lservlet;jsessionid=ac16012b30d6a31e9a7b17cc45fc8faee38bb069cb33.e3iSbxaKaheRe34MbhmNaxqNb41ynknvrkLOlQzNp65In0 HTTP/1.1" 200 15
190.25.157.12 - - [08/Jun/2015:10:03:40 -0500] "POST /forms/lservlet;jsessionid=ac16012b30d6a31e9a7b17cc45fc8faee38bb069cb33.e3iSbxaKaheRe34MbhmNaxqNb41ynknvrkLOlQzNp65In0 HTTP/1.1" 200 15
180.76.15.137 - - [08/Jun/2015:10:03:43 -0500] "GET /BLA/resoluciones/RESOLUCIONES%202008/1924.pdf HTTP/1.1" 200 660518
207.46.13.68 - - [08/Jun/2015:10:03:44 -0500] "GET /BLA/resoluciones/AUTOS%202009/3162.pdf HTTP/1.1" 200 130982
207.46.13.68 - - [08/Jun/2015:10:03:44 -0500] "GET /BLA/resoluciones/RESOLUCIONES%202009/4375.pdf HTTP/1.1" 200 1128453
190.25.157.12 - - [08/Jun/2015:10:03:44 -0500] "POST /forms/lservlet;jsessionid=ac16012b30d6a31e9a7b17cc45fc8faee38bb069cb33.e3iSbxaKaheRe34MbhmNaxqNb41ynknvrkLOlQzNp65In0 HTTP/1.1" 200 15
207.46.13.104 - - [08/Jun/2015:10:03:48 -0500] "GET /BLA/resoluciones/RESOLUCIONES%202011/6182.pdf HTTP/1.1" 200 399926
157.55.39.10 - - [08/Jun/2015:10:03:57 -0500] "GET /BLA/resoluciones/RESOLUCIONES%202009/7805.pdf HTTP/1.1" 200 544550
180.76.15.145 - - [08/Jun/2015:10:04:01 -0500] "GET /BLA/boletinlegal/Circulares/2014/Circular%20No.%201%20del%2008%20de%20Mayo%20de%202014.pdf HTTP/1.1" 200 180124
190.25.157.12 - - [08/Jun/2015:10:04:06 -0500] "POST /forms/lservlet;jsessionid=ac16012b30d6a31e9a7b17cc45fc8faee38bb069cb33.e3iSbxaKaheRe34MbhmNaxqNb41ynknvrkLOlQzNp65In0 HTTP/1.1" 200 131
190.25.157.12 - - [08/Jun/2015:10:04:06 -0500] "POST /forms/lservlet;jsessionid=ac16012b30d6a31e9a7b17cc45fc8faee38bb069cb33.e3iSbxaKaheRe34MbhmNaxqNb41ynknvrkLOlQzNp65In0 HTTP/1.1" 200 2
207.46.13.68 - - [08/Jun/2015:10:04:07 -0500] "GET /bla/resoluciones/resoluciones%202010/1131.pdf HTTP/1.1" 200 126118
207.46.13.68 - - [08/Jun/2015:10:04:08 -0500] "GET /BLA/resoluciones/RESOLUCIONES%202013/1623.pdf HTTP/1.1" 200 616483
66.249.64.223 - - [08/Jun/2015:10:04:08 -0500] "GET /BLA/resoluciones/AUTOS%202014/6614.pdf HTTP/1.1" 200 571680
207.46.13.104 - - [08/Jun/2015:10:04:18 -0500] "GET /BLA/resoluciones/RESOLUCIONES%202010/4883.pdf HTTP/1.1" 200 744609
180.76.15.142 - - [08/Jun/2015:10:04:18 -0500] "GET /BLA/resoluciones/RESOLUCIONES%202008/1259.pdf HTTP/1.1" 200 367172
207.46.13.104 - - [08/Jun/2015:10:04:19 -0500] "GET /BLA/resoluciones/AUTOS%202009/1520.pdf HTTP/1.1" 200 97478
54.92.234.248 - - [08/Jun/2015:10:04:21 -0500] "GET /BLA/boletinlegal/js/jquery.scrollTo-min.js HTTP/1.1" 200 1150
54.92.234.248 - - [08/Jun/2015:10:04:21 -0500] "GET /BLA/boletinlegal/js/jquery.scrollShow.js HTTP/1.1" 200 4586
54.92.234.248 - - [08/Jun/2015:10:04:21 -0500] "GET /galeria/galeria/jquery.fancybox.js?v=2.1.5 HTTP/1.1" 200 48706
54.92.234.248 - - [08/Jun/2015:10:04:21 -0500] "GET /galeria/galeria/jquery.fancybox.css?v=2.1.5 HTTP/1.1" 200 4895
93.39.87.137 - - [08/Jun/2015:10:04:24 -0500] "GET /BLA/boletinlegal/js/jquery.scrollTo-min.js HTTP/1.1" 200 1150
93.39.87.137 - - [08/Jun/2015:10:04:24 -0500] "GET /BLA/boletinlegal/js/jquery.scrollShow.js HTTP/1.1" 200 4586
93.39.87.137 - - [08/Jun/2015:10:04:24 -0500] "GET /galeria/galeria/jquery.fancybox.js?v=2.1.5 HTTP/1.1" 200 48706
93.39.87.137 - - [08/Jun/2015:10:04:24 -0500] "GET /galeria/galeria/jquery.fancybox.css?v=2.1.5 HTTP/1.1" 200 4895
93.39.87.137 - - [08/Jun/2015:10:04:24 -0500] "GET /galeria/carrusel/Carrusel/jquery.thumbnailScroller.css HTTP/1.1" 200 2066
93.39.87.137 - - [08/Jun/2015:10:04:25 -0500] "GET /galeria/carrusel/Carrusel/jquery-ui-1.8.13.custom.min.js HTTP/1.1" 200 10800
93.39.87.137 - - [08/Jun/2015:10:04:25 -0500] "GET /galeria/carrusel/Carrusel/jquery.thumbnailScroller.js HTTP/1.1" 200 8157
189.159.27.147 - - [08/Jun/2015:10:04:29 -0500] "GET /galeria/galeria/jquery.fancybox.css?v=2.1.5 HTTP/1.1" 200 4895
189.159.27.147 - - [08/Jun/2015:10:04:29 -0500] "GET /BLA/boletinlegal/js/jquery.scrollTo-min.js HTTP/1.1" 200 1150
189.159.27.147 - - [08/Jun/2015:10:04:29 -0500] "GET /BLA/boletinlegal/js/jquery.scrollShow.js HTTP/1.1" 200 4586
189.159.27.147 - - [08/Jun/2015:10:04:29 -0500] "GET /galeria/galeria/jquery.fancybox.js?v=2.1.5 HTTP/1.1" 200 48706
180.76.15.17 - - [08/Jun/2015:10:04:35 -0500] "GET /BLA/resoluciones/RESOLUCIONES%202008/1201.pdf HTTP/1.1" 200 495154
157.55.39.134 - - [08/Jun/2015:10:04:37 -0500] "GET /BLA/resoluciones/RESOLUCIONES%202008/1331.pdf HTTP/1.1" 200 315160
157.55.39.134 - - [08/Jun/2015:10:04:39 -0500] "GET /BLA/resoluciones/RESOLUCIONES%202010/4323.pdf HTTP/1.1" 200 387437
189.159.27.147 - - [08/Jun/2015:10:04:36 -0500] "GET /videos/CRRFFS.mp4 HTTP/1.1" 200 286784363
190.25.157.12 - - [08/Jun/2015:10:04:52 -0500] "POST /forms/lservlet;jsessionid=ac16012b30d6a31e9a7b17cc45fc8faee38bb069cb33.e3iSbxaKaheRe34MbhmNaxqNb41ynknvrkLOlQzNp65In0 HTTP/1.1" 200 2
180.76.15.14 - - [08/Jun/2015:10:04:52 -0500] "GET /BLA/resoluciones/RESOLUCIONES%202008/1159.pdf HTTP/1.1" 200 816328
207.46.13.104 - - [08/Jun/2015:10:04:52 -0500] "GET /bla/resoluciones/RESOLUCIONES%202009/2967.pdf HTTP/1.1" 200 601202
207.46.13.68 - - [08/Jun/2015:10:04:55 -0500] "GET /bla/resoluciones/RESOLUCIONES%202009/5159.pdf HTTP/1.1" 200 657278
190.25.157.12 - - [08/Jun/2015:10:04:06 -0500] "GET /reports/rwservlet/getjobid352689?server=rep_srvapsda HTTP/1.1" 200 22888382
157.55.39.167 - - [08/Jun/2015:10:05:00 -0500] "GET /BLA/resoluciones/RESOLUCIONES%202010/5139.pdf HTTP/1.1" 200 1262920
157.55.39.167 - - [08/Jun/2015:10:05:01 -0500] "GET /BLA/resoluciones/RESOLUCIONES%202009/5795.pdf HTTP/1.1" 200 1192926
157.55.39.167 - - [08/Jun/2015:10:05:01 -0500] "GET /BLA/resoluciones/AUTOS%202012/1882.pdf HTTP/1.1" 200 515718
157.55.39.167 - - [08/Jun/2015:10:05:02 -0500] "GET /BLA/resoluciones/RESOLUCIONES%202008/3102.pdf HTTP/1.1" 200 234583
157.55.39.167 - - [08/Jun/2015:10:05:03 -0500] "GET /bla/resoluciones/resoluciones%202009/9388.pdf HTTP/1.1" 200 196890
157.55.39.167 - - [08/Jun/2015:10:05:04 -0500] "GET /bla/resoluciones/resoluciones%202010/0384.pdf HTTP/1.1" 200 108654
157.55.39.167 - - [08/Jun/2015:10:05:04 -0500] "GET /bla/resoluciones/resoluciones%202009/5653.pdf HTTP/1.1" 200 674959
157.55.39.167 - - [08/Jun/2015:10:05:05 -0500] "GET /bla/resoluciones/autos%202010/5627.pdf HTTP/1.1" 200 208465
66.249.64.223 - - [08/Jun/2015:10:05:05 -0500] "GET /BLA/resoluciones/AUTOS%202014/6641.pdf HTTP/1.1" 200 192755
157.55.39.167 - - [08/Jun/2015:10:05:05 -0500] "GET /bla/resoluciones/RESOLUCIONES%202009/4561.pdf HTTP/1.1" 200 642013
157.55.39.167 - - [08/Jun/2015:10:05:05 -0500] "GET /BLA/resoluciones/AUTOS%202012/1888.pdf HTTP/1.1" 200 275554
157.55.39.167 - - [08/Jun/2015:10:05:06 -0500] "GET /bla/resoluciones/resoluciones%202009/4706.pdf HTTP/1.1" 200 628999
157.55.39.167 - - [08/Jun/2015:10:05:06 -0500] "GET /BLA/resoluciones/RESOLUCIONES%202009/7510.pdf HTTP/1.1" 200 517712
157.55.39.167 - - [08/Jun/2015:10:05:07 -0500] "GET /BLA/resoluciones/AUTOS%202009/0311.pdf HTTP/1.1" 200 167559
157.55.39.167 - - [08/Jun/2015:10:05:07 -0500] "GET /BLA/resoluciones/RESOLUCIONES%202008/0805.pdf HTTP/1.1" 200 175420
157.55.39.167 - - [08/Jun/2015:10:05:07 -0500] "GET /bla/resoluciones/autos%202010/5605.pdf HTTP/1.1" 200 486931
157.55.39.167 - - [08/Jun/2015:10:05:08 -0500] "GET /BLA/resoluciones/RESOLUCIONES%202010/5283.pdf HTTP/1.1" 200 756161
157.55.39.167 - - [08/Jun/2015:10:05:08 -0500] "GET /bla/resoluciones/RESOLUCIONES%202011/4289.pdf HTTP/1.1" 200 795552
190.25.157.12 - - [08/Jun/2015:10:05:09 -0500] "POST /forms/lservlet;jsessionid=ac16012b30d6a31e9a7b17cc45fc8faee38bb069cb33.e3iSbxaKaheRe34MbhmNaxqNb41ynknvrkLOlQzNp65In0 HTTP/1.1" 200 30422
190.25.157.12 - - [08/Jun/2015:10:05:09 -0500] "GET /imagenes/doc06.gif HTTP/1.1" 200 1147
190.25.157.12 - - [08/Jun/2015:10:05:09 -0500] "GET /imagenes/listval.gif HTTP/1.1" 200 905
190.25.157.12 - - [08/Jun/2015:10:05:09 -0500] "GET /imagenes/CONCE2.gif HTTP/1.1" 200 1009
190.25.157.12 - - [08/Jun/2015:10:05:09 -0500] "GET /imagenes/rt_print.gif HTTP/1.1" 200 916
190.25.157.12 - - [08/Jun/2015:10:05:09 -0500] "POST /forms/lservlet;jsessionid=ac16012b30d6a31e9a7b17cc45fc8faee38bb069cb33.e3iSbxaKaheRe34MbhmNaxqNb41ynknvrkLOlQzNp65In0 HTTP/1.1" 200 2
190.25.157.12 - - [08/Jun/2015:10:05:09 -0500] "POST /forms/lservlet;jsessionid=ac16012b30d6a31e9a7b17cc45fc8faee38bb069cb33.e3iSbxaKaheRe34MbhmNaxqNb41ynknvrkLOlQzNp65In0 HTTP/1.1" 200 34
157.55.39.167 - - [08/Jun/2015:10:05:10 -0500] "GET /BLA/resoluciones/RESOLUCIONES%202011/3190.pdf HTTP/1.1" 200 855038
180.76.15.154 - - [08/Jun/2015:10:05:10 -0500] "GET /BLA/resoluciones/RESOLUCIONES%202014/2833.pdf HTTP/1.1" 200 4720940
157.55.39.167 - - [08/Jun/2015:10:05:10 -0500] "GET /bla/resoluciones/resoluciones%202011/0669.pdf HTTP/1.1" 200 71541
157.55.39.167 - - [08/Jun/2015:10:05:11 -0500] "GET /BLA/resoluciones/RESOLUCIONES%202009/8311.pdf HTTP/1.1" 200 453313
157.55.39.167 - - [08/Jun/2015:10:05:11 -0500] "GET /bla/resoluciones/resoluciones%202009/7488.pdf HTTP/1.1" 200 369634
157.55.39.167 - - [08/Jun/2015:10:05:11 -0500] "GET /BLA/resoluciones/RESOLUCIONES%202008/0045.pdf HTTP/1.1" 200 327715
157.55.39.167 - - [08/Jun/2015:10:05:12 -0500] "GET /bla/resoluciones/resoluciones%202010/1482.pdf HTTP/1.1" 200 336084
157.55.39.167 - - [08/Jun/2015:10:05:12 -0500] "GET /bla/resoluciones/resoluciones%202010/7599.pdf HTTP/1.1" 200 78966
190.25.157.12 - - [08/Jun/2015:10:05:13 -0500] "POST /forms/lservlet;jsessionid=ac16012b30d6a31e9a7b17cc45fc8faee38bb069cb33.e3iSbxaKaheRe34MbhmNaxqNb41ynknvrkLOlQzNp65In0 HTTP/1.1" 200 397
157.55.39.167 - - [08/Jun/2015:10:05:13 -0500] "GET /bla/resoluciones/RESOLUCIONES%202011/4214.pdf HTTP/1.1" 200 401493
207.46.13.104 - - [08/Jun/2015:10:05:17 -0500] "GET /robots.txt HTTP/1.1" 404 1018
181.55.242.241 - - [08/Jun/2015:10:05:17 -0500] "GET /forest/misactividades.do?_a=0.6961894754786044&group_system_actual=3 HTTP/1.1" 200 37580
181.55.242.241 - - [08/Jun/2015:10:05:18 -0500] "GET /forest/session.jsp?a=0.16776257497258484 HTTP/1.1" 200 4
181.55.242.241 - - [08/Jun/2015:10:05:18 -0500] "POST /forest/misactividades.do?ajax=true&a=0.17874787049368024 HTTP/1.1" 200 5247
207.46.13.104 - - [08/Jun/2015:10:05:25 -0500] "GET /bla/resoluciones/resoluciones%202010/0898.pdf HTTP/1.1" 200 97397
207.46.13.104 - - [08/Jun/2015:10:05:26 -0500] "GET /bla/resoluciones/resoluciones%202009/8920.pdf HTTP/1.1" 200 247985
190.25.157.12 - - [08/Jun/2015:10:05:26 -0500] "POST /forms/lservlet;jsessionid=ac16012b30d6a31e9a7b17cc45fc8faee38bb069cb33.e3iSbxaKaheRe34MbhmNaxqNb41ynknvrkLOlQzNp65In0 HTTP/1.1" 200 26
190.25.157.12 - - [08/Jun/2015:10:05:26 -0500] "POST /forms/lservlet;jsessionid=ac16012b30d6a31e9a7b17cc45fc8faee38bb069cb33.e3iSbxaKaheRe34MbhmNaxqNb41ynknvrkLOlQzNp65In0 HTTP/1.1" 200 296
190.25.157.12 - - [08/Jun/2015:10:05:26 -0500] "POST /forms/lservlet;jsessionid=ac16012b30d6a31e9a7b17cc45fc8faee38bb069cb33.e3iSbxaKaheRe34MbhmNaxqNb41ynknvrkLOlQzNp65In0 HTTP/1.1" 200 11
181.55.242.241 - - [08/Jun/2015:10:05:25 -0500] "GET /forest/usutareas.do?_a=0.9548715786077082&group_system_actual=3 HTTP/1.1" 200 142874
181.55.242.241 - - [08/Jun/2015:10:05:27 -0500] "GET /forest/session.jsp?a=0.8942232935223728 HTTP/1.1" 200 4
181.55.242.241 - - [08/Jun/2015:10:05:27 -0500] "GET /forest/skins/gdocs-jar/img/icons/p7z.gif HTTP/1.1" 304 -
181.55.242.241 - - [08/Jun/2015:10:05:27 -0500] "GET /forest/skins/gdocs-jar/img/info.jpg HTTP/1.1" 304 -
180.76.15.157 - - [08/Jun/2015:10:05:27 -0500] "GET /BLA/resoluciones/RESOLUCIONES%202008/1678.pdf HTTP/1.1" 200 69533
189.159.27.147 - - [08/Jun/2015:10:05:29 -0500] "GET /videos/CRRFFS.mp4 HTTP/1.1" 206 1
207.46.13.68 - - [08/Jun/2015:10:05:29 -0500] "GET /bla/resoluciones/resoluciones%202009/5037.pdf HTTP/1.1" 200 647465
207.46.13.68 - - [08/Jun/2015:10:05:30 -0500] "GET /BLA/resoluciones/RESOLUCIONES%202010/2731.pdf HTTP/1.1" 200 322402
181.55.242.241 - - [08/Jun/2015:10:05:31 -0500] "GET /forest/borrador/1783284/Formato%20Respuesta%20Quejas%20Anonimas.docx HTTP/1.1" 200 101769
186.115.172.55 - - [08/Jun/2015:10:05:32 -0500] "GET /galeria/galeria/fotos/humedal-Burro4G.jpg HTTP/1.1" 200 436973
186.115.172.55 - - [08/Jun/2015:10:05:34 -0500] "GET /galeria/galeria/fotos/1humedal-Burro1G.jpg HTTP/1.1" 200 132804
157.55.39.11 - - [08/Jun/2015:10:05:35 -0500] "GET /BLA/resoluciones/RESOLUCIONES%202008/2112.pdf HTTP/1.1" 200 96729
157.55.39.11 - - [08/Jun/2015:10:05:35 -0500] "GET /BLA/resoluciones/RESOLUCIONES%202009/7043.pdf HTTP/1.1" 200 723135
157.55.39.11 - - [08/Jun/2015:10:05:36 -0500] "GET /BLA/resoluciones/RESOLUCIONES%202008/2520.pdf HTTP/1.1" 200 628991
189.159.27.147 - - [08/Jun/2015:10:05:29 -0500] "GET /videos/CRRFFS.mp4 HTTP/1.1" 206 285088707
190.25.157.12 - - [08/Jun/2015:10:05:37 -0500] "POST /forms/lservlet;jsessionid=ac16012b30d6a31e9a7b17cc45fc8faee38bb069cb33.e3iSbxaKaheRe34MbhmNaxqNb41ynknvrkLOlQzNp65In0 HTTP/1.1" 200 15
190.25.157.12 - - [08/Jun/2015:10:05:37 -0500] "GET /imagenes/listval.gif HTTP/1.1" 200 905
190.25.157.12 - - [08/Jun/2015:10:05:38 -0500] "POST /forms/lservlet;jsessionid=ac16012b30d6a31e9a7b17cc45fc8faee38bb069cb33.e3iSbxaKaheRe34MbhmNaxqNb41ynknvrkLOlQzNp65In0 HTTP/1.1" 200 7
190.25.157.12 - - [08/Jun/2015:10:05:38 -0500] "GET /imagenes/listval.gif HTTP/1.1" 200 905
190.25.157.12 - - [08/Jun/2015:10:05:38 -0500] "POST /forms/lservlet;jsessionid=ac16012b30d6a31e9a7b17cc45fc8faee38bb069cb33.e3iSbxaKaheRe34MbhmNaxqNb41ynknvrkLOlQzNp65In0 HTTP/1.1" 200 7
190.25.157.12 - - [08/Jun/2015:10:05:40 -0500] "POST /forms/lservlet;jsessionid=ac16012b30d6a31e9a7b17cc45fc8faee38bb069cb33.e3iSbxaKaheRe34MbhmNaxqNb41ynknvrkLOlQzNp65In0 HTTP/1.1" 200 7
190.25.157.12 - - [08/Jun/2015:10:05:40 -0500] "GET /imagenes/listval.gif HTTP/1.1" 200 905
190.25.157.12 - - [08/Jun/2015:10:05:41 -0500] "POST /forms/lservlet;jsessionid=ac16012b30d6a31e9a7b17cc45fc8faee38bb069cb33.e3iSbxaKaheRe34MbhmNaxqNb41ynknvrkLOlQzNp65In0 HTTP/1.1" 200 7
190.25.157.12 - - [08/Jun/2015:10:05:41 -0500] "GET /imagenes/listval.gif HTTP/1.1" 200 905
190.25.157.12 - - [08/Jun/2015:10:05:41 -0500] "POST /forms/lservlet;jsessionid=ac16012b30d6a31e9a7b17cc45fc8faee38bb069cb33.e3iSbxaKaheRe34MbhmNaxqNb41ynknvrkLOlQzNp65In0 HTTP/1.1" 200 7
190.25.157.12 - - [08/Jun/2015:10:05:41 -0500] "GET /imagenes/listval.gif HTTP/1.1" 200 905
190.25.157.12 - - [08/Jun/2015:10:05:42 -0500] "POST /forms/lservlet;jsessionid=ac16012b30d6a31e9a7b17cc45fc8faee38bb069cb33.e3iSbxaKaheRe34MbhmNaxqNb41ynknvrkLOlQzNp65In0 HTTP/1.1" 200 7
180.76.15.152 - - [08/Jun/2015:10:05:44 -0500] "GET /BLA/resoluciones/RESOLUCIONES%202007/RES%202007%203301%20AL%203400/RESOLUCION%203317%20DE%202007.pdf HTTP/1.1" 200 805691
186.115.172.55 - - [08/Jun/2015:10:05:45 -0500] "GET /galeria/galeria/fotos/3humedal-Burro3G.jpg HTTP/1.1" 200 74809
207.46.13.68 - - [08/Jun/2015:10:05:47 -0500] "GET /bla/resoluciones/resoluciones%202009/7680.pdf HTTP/1.1" 200 495529
207.46.13.104 - - [08/Jun/2015:10:05:59 -0500] "GET /bla/resoluciones/RESOLUCIONES%202011/4651.pdf HTTP/1.1" 200 628228
190.25.157.12 - - [08/Jun/2015:10:06:01 -0500] "POST /forms/lservlet;jsessionid=ac16012b30d6a31e9a7b17cc45fc8faee38bb069cb33.e3iSbxaKaheRe34MbhmNaxqNb41ynknvrkLOlQzNp65In0 HTTP/1.1" 200 7
207.46.13.104 - - [08/Jun/2015:10:06:02 -0500] "GET /bla/resoluciones/RESOLUCIONES%202009/3263.pdf HTTP/1.1" 200 692048
66.249.64.228 - - [08/Jun/2015:10:06:02 -0500] "GET /BLA/resoluciones/AUTOS%202014/3848.pdf HTTP/1.1" 200 417407
180.76.15.14 - - [08/Jun/2015:10:06:02 -0500] "GET /BLA/resoluciones/RESOLUCIONES%202008/2873.pdf HTTP/1.1" 200 193110
190.25.157.12 - - [08/Jun/2015:10:06:14 -0500] "POST /forms/lservlet;jsessionid=ac16012b30d6a31e9a7b17cc45fc8faee38bb069cb33.e3iSbxaKaheRe34MbhmNaxqNb41ynknvrkLOlQzNp65In0 HTTP/1.1" 200 2
190.25.157.12 - - [08/Jun/2015:10:06:14 -0500] "POST /forms/lservlet;jsessionid=ac16012b30d6a31e9a7b17cc45fc8faee38bb069cb33.e3iSbxaKaheRe34MbhmNaxqNb41ynknvrkLOlQzNp65In0 HTTP/1.1" 200 79
190.25.157.12 - - [08/Jun/2015:10:06:14 -0500] "POST /forms/lservlet;jsessionid=ac16012b30d6a31e9a7b17cc45fc8faee38bb069cb33.e3iSbxaKaheRe34MbhmNaxqNb41ynknvrkLOlQzNp65In0 HTTP/1.1" 200 2
190.25.157.12 - - [08/Jun/2015:10:06:15 -0500] "POST /forms/lservlet;jsessionid=ac16012b30d6a31e9a7b17cc45fc8faee38bb069cb33.e3iSbxaKaheRe34MbhmNaxqNb41ynknvrkLOlQzNp65In0 HTTP/1.1" 200 2
190.25.157.12 - - [08/Jun/2015:10:06:16 -0500] "POST /forms/lservlet;jsessionid=ac16012b30d6a31e9a7b17cc45fc8faee38bb069cb33.e3iSbxaKaheRe34MbhmNaxqNb41ynknvrkLOlQzNp65In0 HTTP/1.1" 200 11
190.25.157.12 - - [08/Jun/2015:10:06:17 -0500] "POST /forms/lservlet;jsessionid=ac16012b30d6a31e9a7b17cc45fc8faee38bb069cb33.e3iSbxaKaheRe34MbhmNaxqNb41ynknvrkLOlQzNp65In0 HTTP/1.1" 200 2
190.25.157.12 - - [08/Jun/2015:10:06:18 -0500] "POST /forms/lservlet;jsessionid=ac16012b30d6a31e9a7b17cc45fc8faee38bb069cb33.e3iSbxaKaheRe34MbhmNaxqNb41ynknvrkLOlQzNp65In0 HTTP/1.1" 200 250
190.25.157.12 - - [08/Jun/2015:10:06:18 -0500] "POST /forms/lservlet;jsessionid=ac16012b30d6a31e9a7b17cc45fc8faee38bb069cb33.e3iSbxaKaheRe34MbhmNaxqNb41ynknvrkLOlQzNp65In0 HTTP/1.1" 200 44
190.25.157.12 - - [08/Jun/2015:10:06:18 -0500] "POST /forms/lservlet;jsessionid=ac16012b30d6a31e9a7b17cc45fc8faee38bb069cb33.e3iSbxaKaheRe34MbhmNaxqNb41ynknvrkLOlQzNp65In0 HTTP/1.1" 200 16
190.25.157.12 - - [08/Jun/2015:10:06:19 -0500] "POST /forms/lservlet;jsessionid=ac16012b30d6a31e9a7b17cc45fc8faee38bb069cb33.e3iSbxaKaheRe34MbhmNaxqNb41ynknvrkLOlQzNp65In0 HTTP/1.1" 200 2
180.76.15.142 - - [08/Jun/2015:10:06:19 -0500] "GET /BLA/resoluciones/RESOLUCIONES%202014/0912.pdf HTTP/1.1" 200 503129
186.30.3.173 - - [08/Jun/2015:10:06:23 -0500] "GET /BLA/boletinlegal/js/jquery.scrollTo-min.js HTTP/1.1" 200 1150
186.30.3.173 - - [08/Jun/2015:10:06:23 -0500] "GET /BLA/boletinlegal/js/jquery.scrollShow.js HTTP/1.1" 200 4586
186.30.3.173 - - [08/Jun/2015:10:06:23 -0500] "GET /galeria/galeria/jquery.fancybox.js?v=2.1.5 HTTP/1.1" 200 48706
186.30.3.173 - - [08/Jun/2015:10:06:23 -0500] "GET /galeria/galeria/jquery.fancybox.css?v=2.1.5 HTTP/1.1" 200 4895
186.30.3.173 - - [08/Jun/2015:10:06:24 -0500] "GET /galeria/carrusel/Carrusel/jquery.thumbnailScroller.css HTTP/1.1" 200 2066
186.30.3.173 - - [08/Jun/2015:10:06:24 -0500] "GET /galeria/carrusel/Carrusel/jquery-ui-1.8.13.custom.min.js HTTP/1.1" 200 10800
186.30.3.173 - - [08/Jun/2015:10:06:24 -0500] "GET /galeria/carrusel/Carrusel/jquery.thumbnailScroller.js HTTP/1.1" 200 8157
201.245.192.253 - - [08/Jun/2015:10:03:24 -0500] "GET /ForestMSG_SDA/channelAsync/template_word_18303147?X-Atmosphere-tracking-id=ef7b8cca-22a0-3631-7219-93916646b115&X-Atmosphere-Framework=1.0.5&X-Atmosphere-Transport=long-polling&tabid=0.1128270248301344&X-Cache-Date=0&Content-Type=application/xml&_=1433775866998 HTTP/1.1" 200 8193
207.46.13.68 - - [08/Jun/2015:10:06:24 -0500] "GET /BLA/resoluciones/RESOLUCIONES%202007/RES%202007%202701%20AL%202800/RESOLUCION%202791%20DE%202007.pdf HTTP/1.1" 200 640557
207.46.13.68 - - [08/Jun/2015:10:06:24 -0500] "GET /bla/resoluciones/resoluciones%202010/0553.pdf HTTP/1.1" 200 103782
157.55.39.11 - - [08/Jun/2015:10:06:28 -0500] "GET /BLA/resoluciones/RESOLUCIONES%202008/5025.pdf HTTP/1.1" 200 239640
190.25.157.12 - - [08/Jun/2015:10:06:28 -0500] "POST /forms/lservlet;jsessionid=ac16012b30d6a31e9a7b17cc45fc8faee38bb069cb33.e3iSbxaKaheRe34MbhmNaxqNb41ynknvrkLOlQzNp65In0 HTTP/1.1" 200 73
190.25.157.12 - - [08/Jun/2015:10:06:28 -0500] "POST /forms/lservlet;jsessionid=ac16012b30d6a31e9a7b17cc45fc8faee38bb069cb33.e3iSbxaKaheRe34MbhmNaxqNb41ynknvrkLOlQzNp65In0 HTTP/1.1" 200 41
157.55.39.11 - - [08/Jun/2015:10:06:29 -0500] "GET /BLA/resoluciones/RESOLUCIONES%202011/0136.pdf HTTP/1.1" 200 352121
190.25.157.12 - - [08/Jun/2015:10:06:32 -0500] "POST /forms/lservlet;jsessionid=ac16012b30d6a31e9a7b17cc45fc8faee38bb069cb33.e3iSbxaKaheRe34MbhmNaxqNb41ynknvrkLOlQzNp65In0 HTTP/1.1" 200 54
180.76.15.5 - - [08/Jun/2015:10:06:36 -0500] "GET /BLA/resoluciones/RESOLUCIONES%202008/0677.pdf HTTP/1.1" 200 646850
186.30.3.173 - - [08/Jun/2015:10:06:38 -0500] "GET /BLA/boletinlegal/js/jquery.scrollTo-min.js HTTP/1.1" 304 -
186.30.3.173 - - [08/Jun/2015:10:06:38 -0500] "GET /BLA/boletinlegal/js/jquery.scrollShow.js HTTP/1.1" 304 -
186.30.3.173 - - [08/Jun/2015:10:06:38 -0500] "GET /galeria/galeria/jquery.fancybox.css?v=2.1.5 HTTP/1.1" 304 -
186.30.3.173 - - [08/Jun/2015:10:06:38 -0500] "GET /galeria/galeria/jquery.fancybox.js?v=2.1.5 HTTP/1.1" 304 -
207.46.13.104 - - [08/Jun/2015:10:06:41 -0500] "GET /BLA/resoluciones/RESOLUCIONES%202008/2630.pdf HTTP/1.1" 200 164180
207.46.13.104 - - [08/Jun/2015:10:06:42 -0500] "GET /BLA/resoluciones/RESOLUCIONES%202013/2241.pdf HTTP/1.1" 200 448517
207.46.13.104 - - [08/Jun/2015:10:06:42 -0500] "GET /BLA/resoluciones/RESOLUCIONES%202008/0895.pdf HTTP/1.1" 200 185376
181.55.242.241 - - [08/Jun/2015:10:06:43 -0500] "GET /forest/documentos/1838369/2014ER67997.xlsx HTTP/1.1" 200 285226
157.55.39.134 - - [08/Jun/2015:10:06:48 -0500] "GET /BLA/resoluciones/RESOLUCIONES%202011/3865.pdf HTTP/1.1" 200 634276
190.25.157.12 - - [08/Jun/2015:10:06:52 -0500] "POST /forms/lservlet;jsessionid=ac16012b30d6a31e9a7b17cc45fc8faee38bb069cb33.e3iSbxaKaheRe34MbhmNaxqNb41ynknvrkLOlQzNp65In0 HTTP/1.1" 200 2
180.76.15.140 - - [08/Jun/2015:10:06:53 -0500] "GET /BLA/resoluciones/RESOLUCIONES%202008/2763.pdf HTTP/1.1" 200 189996
190.25.157.12 - - [08/Jun/2015:10:06:54 -0500] "POST /forms/lservlet;jsessionid=ac16012b30d6a31e9a7b17cc45fc8faee38bb069cb33.e3iSbxaKaheRe34MbhmNaxqNb41ynknvrkLOlQzNp65In0 HTTP/1.1" 200 7
207.46.13.68 - - [08/Jun/2015:10:06:55 -0500] "GET /BLA/resoluciones/AUTOS%202007/0583.pdf HTTP/1.1" 200 407181
207.46.13.68 - - [08/Jun/2015:10:06:55 -0500] "GET /BLA/resoluciones/RESOLUCIONES%202012/0889.pdf HTTP/1.1" 200 481333
207.46.13.68 - - [08/Jun/2015:10:06:56 -0500] "GET /BLA/resoluciones/AUTOS%202012/0971.pdf HTTP/1.1" 200 264612
66.249.64.228 - - [08/Jun/2015:10:06:58 -0500] "GET /BLA/resoluciones/AUTOS%202014/2142.pdf HTTP/1.1" 200 444404
207.46.13.104 - - [08/Jun/2015:10:07:00 -0500] "GET /BLA/resoluciones/RESOLUCIONES%202010/3435.pdf HTTP/1.1" 200 741359
207.46.13.104 - - [08/Jun/2015:10:07:00 -0500] "GET /bla/resoluciones/resoluciones%202011/0084.pdf HTTP/1.1" 200 241866
207.46.13.104 - - [08/Jun/2015:10:07:01 -0500] "GET /BLA/resoluciones/RESOLUCIONES%202010/4569.pdf HTTP/1.1" 200 1120694
180.76.15.19 - - [08/Jun/2015:10:07:11 -0500] "GET /BLA/resoluciones/RESOLUCIONES%202014/0868.pdf HTTP/1.1" 200 921022
190.105.128.242 - - [08/Jun/2015:10:07:12 -0500] "GET /galeria/galeria/jquery.fancybox.css?v=2.1.5 HTTP/1.1" 200 4895
190.105.128.242 - - [08/Jun/2015:10:07:12 -0500] "GET /BLA/boletinlegal/js/jquery.scrollTo-min.js HTTP/1.1" 200 1150
190.105.128.242 - - [08/Jun/2015:10:07:13 -0500] "GET /BLA/boletinlegal/js/jquery.scrollShow.js HTTP/1.1" 200 4586
190.105.128.242 - - [08/Jun/2015:10:07:13 -0500] "GET /galeria/galeria/jquery.fancybox.js?v=2.1.5 HTTP/1.1" 200 48706
190.25.157.12 - - [08/Jun/2015:10:07:13 -0500] "POST /forms/lservlet;jsessionid=ac16012b30d6a31e9a7b17cc45fc8faee38bb069cb33.e3iSbxaKaheRe34MbhmNaxqNb41ynknvrkLOlQzNp65In0 HTTP/1.1" 200 163
190.25.157.12 - - [08/Jun/2015:10:07:14 -0500] "POST /forms/lservlet;jsessionid=ac16012b30d6a31e9a7b17cc45fc8faee38bb069cb33.e3iSbxaKaheRe34MbhmNaxqNb41ynknvrkLOlQzNp65In0 HTTP/1.1" 200 2
190.25.157.12 - - [08/Jun/2015:10:07:16 -0500] "POST /forms/lservlet;jsessionid=ac16012b30d6a31e9a7b17cc45fc8faee38bb069cb33.e3iSbxaKaheRe34MbhmNaxqNb41ynknvrkLOlQzNp65In0 HTTP/1.1" 200 62
186.31.152.151 - - [08/Jun/2015:10:07:23 -0500] "GET /BLA/boletinlegal/js/jquery.scrollTo-min.js HTTP/1.1" 200 1150
186.31.152.151 - - [08/Jun/2015:10:07:23 -0500] "GET /BLA/boletinlegal/js/jquery.scrollShow.js HTTP/1.1" 200 4586
186.31.152.151 - - [08/Jun/2015:10:07:23 -0500] "GET /galeria/galeria/jquery.fancybox.css?v=2.1.5 HTTP/1.1" 200 4895
186.31.152.151 - - [08/Jun/2015:10:07:23 -0500] "GET /galeria/galeria/jquery.fancybox.js?v=2.1.5 HTTP/1.1" 200 48706
186.31.152.151 - - [08/Jun/2015:10:07:26 -0500] "GET /BLA/boletinlegal/js/jquery.scrollTo-min.js HTTP/1.1" 304 -
186.31.152.151 - - [08/Jun/2015:10:07:26 -0500] "GET /galeria/galeria/jquery.fancybox.js?v=2.1.5 HTTP/1.1" 304 -
186.31.152.151 - - [08/Jun/2015:10:07:26 -0500] "GET /galeria/galeria/jquery.fancybox.css?v=2.1.5 HTTP/1.1" 304 -
186.31.152.151 - - [08/Jun/2015:10:07:26 -0500] "GET /BLA/boletinlegal/js/jquery.scrollShow.js HTTP/1.1" 304 -
180.76.15.158 - - [08/Jun/2015:10:07:28 -0500] "GET /BLA/resoluciones/RESOLUCIONES%202008/1497.pdf HTTP/1.1" 200 25180
207.46.13.104 - - [08/Jun/2015:10:07:28 -0500] "GET /BLA/resoluciones/RESOLUCIONES%202009/7855.pdf HTTP/1.1" 200 751787
207.46.13.104 - - [08/Jun/2015:10:07:29 -0500] "GET /BLA/resoluciones/AUTOS%202010/2919.pdf HTTP/1.1" 200 306833
207.46.13.68 - - [08/Jun/2015:10:07:32 -0500] "GET /bla/resoluciones/resoluciones%202009/6073.pdf HTTP/1.1" 200 105574
207.46.13.68 - - [08/Jun/2015:10:07:33 -0500] "GET /BLA/resoluciones/RESOLUCIONES%202012/0666.pdf HTTP/1.1" 200 238833
190.105.128.242 - - [08/Jun/2015:10:07:33 -0500] "GET /BLA/boletinlegal/js/jquery.scrollShow.js HTTP/1.1" 304 -
190.105.128.242 - - [08/Jun/2015:10:07:33 -0500] "GET /BLA/boletinlegal/js/jquery.scrollTo-min.js HTTP/1.1" 304 -
190.105.128.242 - - [08/Jun/2015:10:07:33 -0500] "GET /galeria/galeria/jquery.fancybox.css?v=2.1.5 HTTP/1.1" 304 -
190.105.128.242 - - [08/Jun/2015:10:07:33 -0500] "GET /galeria/galeria/jquery.fancybox.js?v=2.1.5 HTTP/1.1" 304 -
207.46.13.68 - - [08/Jun/2015:10:07:33 -0500] "GET /BLA/resoluciones/RESOLUCIONES%202012/0809.pdf HTTP/1.1" 200 255810
157.55.39.134 - - [08/Jun/2015:10:07:37 -0500] "GET /BLA/resoluciones/RESOLUCIONES%202010/4082.pdf HTTP/1.1" 200 532763
157.55.39.134 - - [08/Jun/2015:10:07:37 -0500] "GET /bla/resoluciones/RESOLUCIONES%202011/4362.pdf HTTP/1.1" 200 603882
177.132.34.251 - - [08/Jun/2015:10:07:39 -0500] "GET /galeria/galeria/jquery.fancybox.css?v=2.1.5 HTTP/1.1" 200 4895
177.132.34.251 - - [08/Jun/2015:10:07:39 -0500] "GET /BLA/boletinlegal/js/jquery.scrollTo-min.js HTTP/1.1" 200 1150
177.42.57.163 - - [08/Jun/2015:10:07:39 -0500] "GET /BLA/boletinlegal/js/jquery.scrollShow.js HTTP/1.1" 200 4586
177.42.57.163 - - [08/Jun/2015:10:07:39 -0500] "GET /galeria/galeria/jquery.fancybox.js?v=2.1.5 HTTP/1.1" 200 48706
157.55.39.134 - - [08/Jun/2015:10:07:39 -0500] "GET /bla/resoluciones/resoluciones%202011/0410.pdf HTTP/1.1" 200 74907
190.25.157.12 - - [08/Jun/2015:10:07:40 -0500] "POST /forms/lservlet;jsessionid=ac16012b30d6a31e9a7b17cc45fc8faee38bb069cb33.e3iSbxaKaheRe34MbhmNaxqNb41ynknvrkLOlQzNp65In0 HTTP/1.1" 200 28
190.25.157.12 - - [08/Jun/2015:10:07:41 -0500] "POST /forms/lservlet;jsessionid=ac16012b30d6a31e9a7b17cc45fc8faee38bb069cb33.e3iSbxaKaheRe34MbhmNaxqNb41ynknvrkLOlQzNp65In0 HTTP/1.1" 200 2
190.25.157.12 - - [08/Jun/2015:10:07:42 -0500] "POST /forms/lservlet;jsessionid=ac16012b30d6a31e9a7b17cc45fc8faee38bb069cb33.e3iSbxaKaheRe34MbhmNaxqNb41ynknvrkLOlQzNp65In0 HTTP/1.1" 200 16
186.145.149.207 - - [08/Jun/2015:10:07:43 -0500] "GET /isolucionsda/Session.asp?Continue=1 HTTP/1.1" 200 146
74.86.158.107 - - [08/Jun/2015:10:07:44 -0500] "HEAD / HTTP/1.1" 200 -
181.130.204.169 - - [08/Jun/2015:10:07:45 -0500] "GET /BLA/boletinlegal/js/jquery.scrollTo-min.js HTTP/1.1" 200 1150
181.130.204.169 - - [08/Jun/2015:10:07:45 -0500] "GET /BLA/boletinlegal/js/jquery.scrollShow.js HTTP/1.1" 200 4586
181.130.204.169 - - [08/Jun/2015:10:07:45 -0500] "GET /galeria/galeria/jquery.fancybox.js?v=2.1.5 HTTP/1.1" 200 48706
181.130.204.169 - - [08/Jun/2015:10:07:45 -0500] "GET /galeria/galeria/jquery.fancybox.css?v=2.1.5 HTTP/1.1" 200 4895
181.130.204.169 - - [08/Jun/2015:10:07:45 -0500] "GET /galeria/carrusel/Carrusel/jquery.thumbnailScroller.css HTTP/1.1" 200 2066
181.130.204.169 - - [08/Jun/2015:10:07:45 -0500] "GET /galeria/carrusel/Carrusel/jquery-ui-1.8.13.custom.min.js HTTP/1.1" 200 10800
181.130.204.169 - - [08/Jun/2015:10:07:45 -0500] "GET /galeria/carrusel/Carrusel/jquery.thumbnailScroller.js HTTP/1.1" 200 8157
180.76.15.29 - - [08/Jun/2015:10:07:45 -0500] "GET /BLA/resoluciones/RESOLUCIONES%202014/1593.pdf HTTP/1.1" 200 557595
190.25.157.12 - - [08/Jun/2015:10:07:46 -0500] "POST /forms/lservlet;jsessionid=ac16012b30d6a31e9a7b17cc45fc8faee38bb069cb33.e3iSbxaKaheRe34MbhmNaxqNb41ynknvrkLOlQzNp65In0 HTTP/1.1" 200 28
190.25.157.12 - - [08/Jun/2015:10:07:47 -0500] "POST /forms/lservlet;jsessionid=ac16012b30d6a31e9a7b17cc45fc8faee38bb069cb33.e3iSbxaKaheRe34MbhmNaxqNb41ynknvrkLOlQzNp65In0 HTTP/1.1" 200 2
189.151.56.37 - - [08/Jun/2015:10:07:48 -0500] "GET /galeria/galeria/jquery.fancybox.css?v=2.1.5 HTTP/1.1" 200 4895
189.151.56.37 - - [08/Jun/2015:10:07:48 -0500] "GET /BLA/boletinlegal/js/jquery.scrollTo-min.js HTTP/1.1" 200 1150
189.151.56.37 - - [08/Jun/2015:10:07:48 -0500] "GET /BLA/boletinlegal/js/jquery.scrollShow.js HTTP/1.1" 200 4586
189.151.56.37 - - [08/Jun/2015:10:07:48 -0500] "GET /galeria/galeria/jquery.fancybox.js?v=2.1.5 HTTP/1.1" 200 48706
190.25.157.12 - - [08/Jun/2015:10:07:49 -0500] "POST /forms/lservlet;jsessionid=ac16012b30d6a31e9a7b17cc45fc8faee38bb069cb33.e3iSbxaKaheRe34MbhmNaxqNb41ynknvrkLOlQzNp65In0 HTTP/1.1" 200 16
186.145.149.207 - - [08/Jun/2015:10:07:52 -0500] "GET /isolucionsda/Magazin.asp?Sigla=DR HTTP/1.1" 200 146
66.249.64.228 - - [08/Jun/2015:10:07:55 -0500] "GET /BLA/resoluciones/AUTOS%202014/1784.pdf HTTP/1.1" 200 599640
186.145.149.207 - - [08/Jun/2015:10:07:56 -0500] "GET /isolucionsda/FrameSetGeneral.asp?Pagina=Magazin.asp&Sigla=MAC&IdModulo=2 HTTP/1.1" 200 146
190.25.157.12 - - [08/Jun/2015:10:07:59 -0500] "POST /forms/lservlet;jsessionid=ac16012b30d6a31e9a7b17cc45fc8faee38bb069cb33.e3iSbxaKaheRe34MbhmNaxqNb41ynknvrkLOlQzNp65In0 HTTP/1.1" 200 28
189.151.56.37 - - [08/Jun/2015:10:07:55 -0500] "GET /videos/CRRFFS.mp4 HTTP/1.1" 200 286784363
190.25.157.12 - - [08/Jun/2015:10:08:00 -0500] "POST /forms/lservlet;jsessionid=ac16012b30d6a31e9a7b17cc45fc8faee38bb069cb33.e3iSbxaKaheRe34MbhmNaxqNb41ynknvrkLOlQzNp65In0 HTTP/1.1" 200 2
