207.46.13.68 - - [08/Jun/2015:02:34:59 -0500] "GET /BLA/resoluciones/RESOLUCIONES%202009/7667.pdf HTTP/1.1" 200 500573
207.46.13.68 - - [08/Jun/2015:02:34:59 -0500] "GET /bla/resoluciones/resoluciones%202009/7966.pdf HTTP/1.1" 200 542647
207.46.13.104 - - [08/Jun/2015:02:35:07 -0500] "GET /BLA/resoluciones/AUTOS%202007/0353.pdf HTTP/1.1" 200 187000
66.249.67.177 - - [08/Jun/2015:02:35:12 -0500] "GET /Anexos%20estudio%20Organizacional%20SDA/index.php?dir=ANEXO%20No.%201-%20NORMAS%20LEGALES%20DE%20ESTRUCTURA%20Y%20PLANTA/Acuerdo%209%20de%201990%20Concejo%20de%20Bogot%E1._files/&sort=date&order=asc HTTP/1.1" 200 10521
207.46.13.104 - - [08/Jun/2015:02:35:17 -0500] "GET /BLA/resoluciones/AUTOS%202010/6735.pdf HTTP/1.1" 200 219745
157.55.39.10 - - [08/Jun/2015:02:35:28 -0500] "GET /BLA/resoluciones/RESOLUCIONES%202010/4855.pdf HTTP/1.1" 200 754049
207.46.13.68 - - [08/Jun/2015:02:35:46 -0500] "GET /bla/resoluciones/resoluciones%202011/0925.pdf HTTP/1.1" 200 78707
157.55.39.134 - - [08/Jun/2015:02:35:52 -0500] "GET /bla/resoluciones/resoluciones%202010/1028.pdf HTTP/1.1" 200 98251
157.55.39.134 - - [08/Jun/2015:02:35:53 -0500] "GET /bla/resoluciones/resoluciones%202009/7677.pdf HTTP/1.1" 200 496351
207.46.13.68 - - [08/Jun/2015:02:35:55 -0500] "GET /bla/resoluciones/resoluciones%202010/2508.pdf HTTP/1.1" 200 381474
157.55.39.134 - - [08/Jun/2015:02:35:55 -0500] "GET /BLA/resoluciones/AUTOS%202012/1995.pdf HTTP/1.1" 200 1636459
157.55.39.134 - - [08/Jun/2015:02:35:55 -0500] "GET /bla/resoluciones/RESOLUCIONES%202009/2919.pdf HTTP/1.1" 200 1040234
66.249.67.107 - - [08/Jun/2015:02:36:01 -0500] "GET /BLA/resoluciones/AUTOS%202013/2909.pdf HTTP/1.1" 200 408331
207.46.13.68 - - [08/Jun/2015:02:36:02 -0500] "GET /BLA/resoluciones/AUTOS%202012/0874.pdf HTTP/1.1" 200 468906
180.76.15.10 - - [08/Jun/2015:02:36:03 -0500] "GET /BLA/resoluciones/AUTOS%202012/1777.pdf HTTP/1.1" 200 394963
207.46.13.104 - - [08/Jun/2015:02:36:10 -0500] "GET /bla/resoluciones/autos%202010/6636.pdf HTTP/1.1" 200 155753
201.245.192.253 - - [08/Jun/2015:02:33:13 -0500] "GET /ForestMSG_SDA/channelAsync/template_word_18303147?X-Atmosphere-tracking-id=ef7b8cca-22a0-3631-7219-93916646b115&X-Atmosphere-Framework=1.0.5&X-Atmosphere-Transport=long-polling&tabid=0.1128270248301344&X-Cache-Date=0&Content-Type=application/xml&_=1433748855298 HTTP/1.1" 200 8193
180.76.15.141 - - [08/Jun/2015:02:36:21 -0500] "GET /BLA/resoluciones/RESOLUCIONES%202011/2075.pdf HTTP/1.1" 200 508719
157.55.39.11 - - [08/Jun/2015:02:36:28 -0500] "GET /BLA/resoluciones/RESOLUCIONES%202008/4852.pdf HTTP/1.1" 200 45214
157.55.39.11 - - [08/Jun/2015:02:36:29 -0500] "GET /BLA/resoluciones/RESOLUCIONES%202010/6341.pdf HTTP/1.1" 200 742349
180.76.15.17 - - [08/Jun/2015:02:36:38 -0500] "GET /BLA/resoluciones/RESOLUCIONES%202008/2289.pdf HTTP/1.1" 200 358011
207.46.13.68 - - [08/Jun/2015:02:36:38 -0500] "GET /BLA/resoluciones/RESOLUCIONES%202011/4234.pdf HTTP/1.1" 200 235597
207.46.13.104 - - [08/Jun/2015:02:36:47 -0500] "GET /BLA/resoluciones/RESOLUCIONES%202007/RES%202007%20801%20AL%20900/RESOLUCION%200833%20DE%202007.pdf HTTP/1.1" 200 270601
157.55.39.134 - - [08/Jun/2015:02:36:52 -0500] "GET /BLA/resoluciones/RESOLUCIONES%202008/0186.pdf HTTP/1.1" 200 295009
207.46.13.104 - - [08/Jun/2015:02:36:57 -0500] "GET /BLA/resoluciones/RESOLUCIONES%202007/RES%202007%201401%20AL%201500/RESOLUCION%201429%20DE%202007.pdf HTTP/1.1" 200 186979
180.76.15.34 - - [08/Jun/2015:02:37:12 -0500] "GET /BLA/resoluciones/AUTOS%202014/4099.pdf HTTP/1.1" 200 196611
157.55.39.10 - - [08/Jun/2015:02:37:17 -0500] "GET /BLA/resoluciones/RESOLUCIONES%202008/3673.pdf HTTP/1.1" 200 840748
157.55.39.10 - - [08/Jun/2015:02:37:18 -0500] "GET /bla/resoluciones/RESOLUCIONES%202011/4490.pdf HTTP/1.1" 200 475139
66.249.67.107 - - [08/Jun/2015:02:37:18 -0500] "GET /BLA/resoluciones/AUTOS%202014/2773.pdf HTTP/1.1" 200 428646
180.76.15.10 - - [08/Jun/2015:02:37:30 -0500] "GET /BLA/resoluciones/RESOLUCIONES%202009/8082.pdf HTTP/1.1" 200 480739
180.76.15.28 - - [08/Jun/2015:02:37:47 -0500] "GET /BLA/resoluciones/AUTOS%202014/2925.pdf HTTP/1.1" 200 423592
157.55.39.134 - - [08/Jun/2015:02:37:48 -0500] "GET /BLA/resoluciones/RESOLUCIONES%202008/4604.pdf HTTP/1.1" 200 48939
207.46.13.68 - - [08/Jun/2015:02:37:51 -0500] "GET /BLA/resoluciones/AUTOS%202009/0775.pdf HTTP/1.1" 200 160632
157.55.39.10 - - [08/Jun/2015:02:37:57 -0500] "GET /BLA/resoluciones/RESOLUCIONES%202010/4567.pdf HTTP/1.1" 200 1101476
207.46.13.104 - - [08/Jun/2015:02:38:03 -0500] "GET /bla/resoluciones/resoluciones%202010/6158.pdf HTTP/1.1" 200 613158
207.46.13.104 - - [08/Jun/2015:02:38:04 -0500] "GET /BLA/resoluciones/AUTOS%202012/0409.pdf HTTP/1.1" 200 197028
180.76.15.149 - - [08/Jun/2015:02:38:04 -0500] "GET /BLA/resoluciones/RESOLUCIONES%202007/RES%202007%202201%20AL%202300/RESOLUCION%202286%20DE%202007.pdf HTTP/1.1" 200 711447
207.46.13.68 - - [08/Jun/2015:02:38:07 -0500] "GET /bla/resoluciones/RESOLUCIONES%202011/5596.pdf HTTP/1.1" 200 540253
207.46.13.68 - - [08/Jun/2015:02:38:08 -0500] "GET /BLA/resoluciones/Autos%202008/2715.pdf HTTP/1.1" 200 100889
207.46.13.68 - - [08/Jun/2015:02:38:08 -0500] "GET /bla/resoluciones/resoluciones%202010/2080.pdf HTTP/1.1" 200 95075
180.76.15.151 - - [08/Jun/2015:02:38:22 -0500] "GET /BLA/resoluciones/RESOLUCIONES%202011/3428.pdf HTTP/1.1" 200 524030
157.55.39.11 - - [08/Jun/2015:02:38:28 -0500] "GET /bla/resoluciones/autos%202010/1497.pdf HTTP/1.1" 200 1478500
157.55.39.11 - - [08/Jun/2015:02:38:29 -0500] "GET /bla/resoluciones/resoluciones%202010/7212.pdf HTTP/1.1" 200 1110045
207.46.13.68 - - [08/Jun/2015:02:38:33 -0500] "GET /BLA/resoluciones/AUTOS%202009/1688.pdf HTTP/1.1" 200 124058
207.46.13.68 - - [08/Jun/2015:02:38:35 -0500] "GET /BLA/resoluciones/AUTOS%202010/6878.pdf HTTP/1.1" 200 172953
207.46.13.68 - - [08/Jun/2015:02:38:35 -0500] "GET /bla/resoluciones/resoluciones%202011/0034.pdf HTTP/1.1" 200 280415
66.249.67.133 - - [08/Jun/2015:02:38:35 -0500] "GET /BLA/resoluciones/AUTOS%202014/0074.pdf HTTP/1.1" 200 572530
207.46.13.68 - - [08/Jun/2015:02:38:35 -0500] "GET /bla/resoluciones/resoluciones%202010/0688.pdf HTTP/1.1" 200 103432
180.76.15.24 - - [08/Jun/2015:02:38:39 -0500] "GET /BLA/resoluciones/AUTOS%202013/0511.pdf HTTP/1.1" 200 1629657
207.46.13.104 - - [08/Jun/2015:02:38:44 -0500] "GET /bla/resoluciones/resoluciones%202010/7422.pdf HTTP/1.1" 200 69093
74.86.158.107 - - [08/Jun/2015:02:38:49 -0500] "HEAD / HTTP/1.1" 200 -
66.249.67.107 - - [08/Jun/2015:02:38:57 -0500] "GET /manual_funciones_Listado/index.php?dir=&sort=date&order=desc HTTP/1.1" 404 1018
207.46.13.68 - - [08/Jun/2015:02:39:02 -0500] "GET /BLA/resoluciones/AUTOS%202009/1300.pdf HTTP/1.1" 200 195796
207.46.13.68 - - [08/Jun/2015:02:39:03 -0500] "GET /BLA/resoluciones/RESOLUCIONES%202008/0095.pdf HTTP/1.1" 200 282089
157.55.39.10 - - [08/Jun/2015:02:39:13 -0500] "GET /bla/resoluciones/resoluciones%202009/7917.pdf HTTP/1.1" 200 525207
201.245.192.253 - - [08/Jun/2015:02:36:13 -0500] "GET /ForestMSG_SDA/channelAsync/template_word_18303147?X-Atmosphere-tracking-id=ef7b8cca-22a0-3631-7219-93916646b115&X-Atmosphere-Framework=1.0.5&X-Atmosphere-Transport=long-polling&tabid=0.1128270248301344&X-Cache-Date=0&Content-Type=application/xml&_=1433749035352 HTTP/1.1" 200 8193
157.55.39.10 - - [08/Jun/2015:02:39:14 -0500] "GET /BLA/resoluciones/Autos%202008/3143.pdf HTTP/1.1" 200 111498
180.76.15.137 - - [08/Jun/2015:02:39:14 -0500] "GET /BLA/resoluciones/RESOLUCIONES%202009/8332.pdf HTTP/1.1" 200 512648
207.46.13.68 - - [08/Jun/2015:02:39:24 -0500] "GET /bla/resoluciones/resoluciones%202010/1216.pdf HTTP/1.1" 200 151556
180.76.15.153 - - [08/Jun/2015:02:39:31 -0500] "GET /BLA/resoluciones/RESOLUCIONES%202009/9444.pdf HTTP/1.1" 200 458057
207.46.13.104 - - [08/Jun/2015:02:39:39 -0500] "GET /BLA/resoluciones/AUTOS%202009/1898.pdf HTTP/1.1" 200 216278
207.46.13.104 - - [08/Jun/2015:02:39:40 -0500] "GET /BLA/resoluciones/RESOLUCIONES%202010/7253.pdf HTTP/1.1" 200 1312533
157.55.39.134 - - [08/Jun/2015:02:39:45 -0500] "GET /BLA/resoluciones/RESOLUCIONES%202008/5341.pdf HTTP/1.1" 200 232658
157.55.39.134 - - [08/Jun/2015:02:39:45 -0500] "GET /bla/resoluciones/RESOLUCIONES%202011/5403.pdf HTTP/1.1" 200 486721
66.249.67.107 - - [08/Jun/2015:02:39:52 -0500] "GET /BLA/resoluciones/AUTOS%202014/0198.pdf HTTP/1.1" 200 616749
207.46.13.68 - - [08/Jun/2015:02:39:55 -0500] "GET /BLA/resoluciones/RESOLUCIONES%202008/2182.pdf HTTP/1.1" 200 353649
207.46.13.68 - - [08/Jun/2015:02:39:55 -0500] "GET /bla/resoluciones/RESOLUCIONES%202009/8452.pdf HTTP/1.1" 200 285167
157.55.39.167 - - [08/Jun/2015:02:40:02 -0500] "GET /BLA/resoluciones/RESOLUCIONES%202008/0550.pdf HTTP/1.1" 200 96313
157.55.39.167 - - [08/Jun/2015:02:40:02 -0500] "GET /BLA/resoluciones/RESOLUCIONES%202004/RES%202004%201951-2000/INDEX.DAT HTTP/1.1" 200 2000
157.55.39.167 - - [08/Jun/2015:02:40:03 -0500] "GET /bla/resoluciones/resoluciones%202010/2500.pdf HTTP/1.1" 200 536017
157.55.39.167 - - [08/Jun/2015:02:40:04 -0500] "GET /BLA/resoluciones/RESOLUCIONES%202008/0336.pdf HTTP/1.1" 200 279133
157.55.39.167 - - [08/Jun/2015:02:40:04 -0500] "GET /BLA/resoluciones/RESOLUCIONES%202011/1514.pdf HTTP/1.1" 200 74079
157.55.39.167 - - [08/Jun/2015:02:40:04 -0500] "GET /bla/resoluciones/resoluciones%202010/7368.pdf HTTP/1.1" 200 345896
157.55.39.167 - - [08/Jun/2015:02:40:05 -0500] "GET /BLA/resoluciones/RESOLUCIONES%202008/1618.pdf HTTP/1.1" 200 235584
157.55.39.167 - - [08/Jun/2015:02:40:05 -0500] "GET /BLA/resoluciones/RESOLUCIONES%202008/5494.pdf HTTP/1.1" 200 211406
157.55.39.167 - - [08/Jun/2015:02:40:06 -0500] "GET /BLA/resoluciones/RESOLUCIONES%202011/0613.pdf HTTP/1.1" 200 74165
180.76.15.13 - - [08/Jun/2015:02:40:06 -0500] "GET /BLA/resoluciones/RESOLUCIONES%202008/0074.pdf HTTP/1.1" 200 570417
157.55.39.167 - - [08/Jun/2015:02:40:07 -0500] "GET /BLA/resoluciones/RESOLUCIONES%202010/3416.pdf HTTP/1.1" 200 316726
157.55.39.167 - - [08/Jun/2015:02:40:09 -0500] "GET /BLA/resoluciones/RESOLUCIONES%202010/4320.pdf HTTP/1.1" 200 49496
157.55.39.167 - - [08/Jun/2015:02:40:09 -0500] "GET /BLA/resoluciones/AUTOS%202009/2398.pdf HTTP/1.1" 200 141858
157.55.39.167 - - [08/Jun/2015:02:40:09 -0500] "GET /BLA/resoluciones/RESOLUCIONES%202008/3201.pdf HTTP/1.1" 200 229446
157.55.39.167 - - [08/Jun/2015:02:40:10 -0500] "GET /BLA/resoluciones/RESOLUCIONES%202011/4257.pdf HTTP/1.1" 200 467027
157.55.39.167 - - [08/Jun/2015:02:40:10 -0500] "GET /BLA/resoluciones/RESOLUCIONES%202009/2899.pdf HTTP/1.1" 200 600977
157.55.39.167 - - [08/Jun/2015:02:40:11 -0500] "GET /BLA/resoluciones/RESOLUCIONES%202008/4809.pdf HTTP/1.1" 200 253175
157.55.39.167 - - [08/Jun/2015:02:40:11 -0500] "GET /bla/resoluciones/resoluciones%202011/0040.pdf HTTP/1.1" 200 315889
157.55.39.167 - - [08/Jun/2015:02:40:11 -0500] "GET /BLA/resoluciones/AUTOS%202012/2006.pdf HTTP/1.1" 200 629932
157.55.39.167 - - [08/Jun/2015:02:40:12 -0500] "GET /bla/resoluciones/RESOLUCIONES%202009/7886.pdf HTTP/1.1" 200 459416
157.55.39.167 - - [08/Jun/2015:02:40:12 -0500] "GET /BLA/resoluciones/RESOLUCIONES%202009/5103.pdf HTTP/1.1" 200 1088865
157.55.39.167 - - [08/Jun/2015:02:40:15 -0500] "GET /BLA/resoluciones/RESOLUCIONES%202010/2984.pdf HTTP/1.1" 200 967478
157.55.39.167 - - [08/Jun/2015:02:40:16 -0500] "GET /bla/resoluciones/RESOLUCIONES%202011/5458.pdf HTTP/1.1" 200 574000
157.55.39.167 - - [08/Jun/2015:02:40:16 -0500] "GET /bla/resoluciones/resoluciones%202010/4628.pdf HTTP/1.1" 200 101734
157.55.39.167 - - [08/Jun/2015:02:40:17 -0500] "GET /bla/resoluciones/resoluciones%202009/9611.pdf HTTP/1.1" 200 337283
157.55.39.167 - - [08/Jun/2015:02:40:17 -0500] "GET /BLA/resoluciones/RESOLUCIONES%202010/2972.pdf HTTP/1.1" 200 1017302
157.55.39.167 - - [08/Jun/2015:02:40:18 -0500] "GET /bla/resoluciones/resoluciones%202011/1141.pdf HTTP/1.1" 200 266015
157.55.39.167 - - [08/Jun/2015:02:40:18 -0500] "GET /bla/resoluciones/resoluciones%202010/7840.pdf HTTP/1.1" 200 459018
157.55.39.167 - - [08/Jun/2015:02:40:19 -0500] "GET /BLA/resoluciones/RESOLUCIONES%202009/9815.pdf HTTP/1.1" 200 496641
157.55.39.167 - - [08/Jun/2015:02:40:19 -0500] "GET /bla/resoluciones/resoluciones%202010/1214.pdf HTTP/1.1" 200 150696
157.55.39.167 - - [08/Jun/2015:02:40:20 -0500] "GET /BLA/resoluciones/AUTOS%202012/0964.pdf HTTP/1.1" 200 172709
207.46.13.104 - - [08/Jun/2015:02:40:30 -0500] "GET /BLA/resoluciones/Autos%202008/2501.pdf HTTP/1.1" 200 175071
207.46.13.104 - - [08/Jun/2015:02:40:30 -0500] "GET /bla/resoluciones/resoluciones%202010/6106.pdf HTTP/1.1" 200 698098
207.46.13.104 - - [08/Jun/2015:02:40:31 -0500] "GET /BLA/resoluciones/RESOLUCIONES%202010/3600.pdf HTTP/1.1" 200 52794
207.46.13.68 - - [08/Jun/2015:02:40:35 -0500] "GET /BLA/resoluciones/AUTOS%202012/2545.pdf HTTP/1.1" 200 1912194
207.46.13.68 - - [08/Jun/2015:02:40:36 -0500] "GET /bla/resoluciones/resoluciones%202010/2572.pdf HTTP/1.1" 200 544739
157.55.39.134 - - [08/Jun/2015:02:40:40 -0500] "GET /bla/resoluciones/resoluciones%202010/7431.pdf HTTP/1.1" 200 67997
157.55.39.134 - - [08/Jun/2015:02:40:41 -0500] "GET /bla/resoluciones/RESOLUCIONES%202009/8442.pdf HTTP/1.1" 200 524716
157.55.39.134 - - [08/Jun/2015:02:40:41 -0500] "GET /BLA/resoluciones/RESOLUCIONES%202008/1536.pdf HTTP/1.1" 200 216413
157.55.39.134 - - [08/Jun/2015:02:40:41 -0500] "GET /bla/resoluciones/RESOLUCIONES%202009/8928.pdf HTTP/1.1" 200 384990
157.55.39.134 - - [08/Jun/2015:02:40:42 -0500] "GET /BLA/resoluciones/RESOLUCIONES%202008/2444.pdf HTTP/1.1" 200 216900
207.46.13.104 - - [08/Jun/2015:02:40:51 -0500] "GET /BLA/resoluciones/RESOLUCIONES%202011/3759.pdf HTTP/1.1" 200 670886
207.46.13.104 - - [08/Jun/2015:02:40:52 -0500] "GET /BLA/resoluciones/RESOLUCIONES%202014/1669.pdf HTTP/1.1" 200 579935
157.55.39.10 - - [08/Jun/2015:02:40:58 -0500] "GET /bla/resoluciones/RESOLUCIONES%202009/2904.pdf HTTP/1.1" 200 896984
157.55.39.10 - - [08/Jun/2015:02:40:59 -0500] "GET /BLA/resoluciones/RESOLUCIONES%202008/3342.pdf HTTP/1.1" 200 242063
207.46.13.104 - - [08/Jun/2015:02:41:02 -0500] "GET /BLA/resoluciones/RESOLUCIONES%202008/4990.pdf HTTP/1.1" 200 243452
207.46.13.68 - - [08/Jun/2015:02:41:07 -0500] "GET /BLA/resoluciones/RESOLUCIONES%202010/6121.pdf HTTP/1.1" 200 624243
207.46.13.68 - - [08/Jun/2015:02:41:08 -0500] "GET /bla/resoluciones/RESOLUCIONES%202009/9672.pdf HTTP/1.1" 200 498018
207.46.13.68 - - [08/Jun/2015:02:41:08 -0500] "GET /BLA/resoluciones/RESOLUCIONES%202008/3257.pdf HTTP/1.1" 200 476262
66.249.67.107 - - [08/Jun/2015:02:41:10 -0500] "GET /BLA/resoluciones/RESOLUCIONES%202012/0974.pdf HTTP/1.1" 304 -
180.76.15.163 - - [08/Jun/2015:02:41:19 -0500] "GET /BLA/resoluciones/RESOLUCIONES%202010/0243.pdf HTTP/1.1" 200 296903
207.46.13.104 - - [08/Jun/2015:02:41:20 -0500] "GET /BLA/resoluciones/RESOLUCIONES%202011/0683.pdf HTTP/1.1" 200 76729
157.55.39.10 - - [08/Jun/2015:02:41:25 -0500] "GET /BLA/resoluciones/RESOLUCIONES%202011/5129.pdf HTTP/1.1" 200 542224
207.46.13.104 - - [08/Jun/2015:02:41:32 -0500] "GET /BLA/resoluciones/RESOLUCIONES%202008/0374.pdf HTTP/1.1" 200 447306
180.76.15.18 - - [08/Jun/2015:02:41:37 -0500] "GET /BLA/resoluciones/AUTOS%202012/0395.pdf HTTP/1.1" 200 175705
207.46.13.68 - - [08/Jun/2015:02:41:37 -0500] "GET /BLA/resoluciones/RESOLUCIONES%202008/4636.pdf HTTP/1.1" 200 677613
157.55.39.134 - - [08/Jun/2015:02:41:45 -0500] "GET /BLA/resoluciones/AUTOS%202007/0894.pdf HTTP/1.1" 200 195957
157.55.39.134 - - [08/Jun/2015:02:41:46 -0500] "GET /BLA/resoluciones/AUTOS%202009/0625.pdf HTTP/1.1" 200 72489
157.55.39.10 - - [08/Jun/2015:02:41:58 -0500] "GET /bla/resoluciones/RESOLUCIONES%202009/9220.pdf HTTP/1.1" 200 491799
207.46.13.104 - - [08/Jun/2015:02:42:03 -0500] "GET /BLA/resoluciones/RESOLUCIONES%202009/4608.pdf HTTP/1.1" 200 645085
207.46.13.104 - - [08/Jun/2015:02:42:03 -0500] "GET /BLA/resoluciones/RESOLUCIONES%202008/2468.pdf HTTP/1.1" 200 250658
207.46.13.104 - - [08/Jun/2015:02:42:03 -0500] "GET /BLA/resoluciones/AUTOS%202009/1986.pdf HTTP/1.1" 200 216304
207.46.13.104 - - [08/Jun/2015:02:42:04 -0500] "GET /BLA/resoluciones/RESOLUCIONES%202008/3432.pdf HTTP/1.1" 200 249264
180.76.15.21 - - [08/Jun/2015:02:42:11 -0500] "GET /BLA/resoluciones/RESOLUCIONES%202010/1772.pdf HTTP/1.1" 200 552838
201.245.192.253 - - [08/Jun/2015:02:39:13 -0500] "GET /ForestMSG_SDA/channelAsync/template_word_18303147?X-Atmosphere-tracking-id=ef7b8cca-22a0-3631-7219-93916646b115&X-Atmosphere-Framework=1.0.5&X-Atmosphere-Transport=long-polling&tabid=0.1128270248301344&X-Cache-Date=0&Content-Type=application/xml&_=1433749215414 HTTP/1.1" 200 8193
157.55.39.10 - - [08/Jun/2015:02:42:14 -0500] "GET /bla/resoluciones/resoluciones%202010/1696.pdf HTTP/1.1" 200 422222
157.55.39.10 - - [08/Jun/2015:02:42:15 -0500] "GET /bla/resoluciones/resoluciones%202010/0627.pdf HTTP/1.1" 200 537107
66.249.67.133 - - [08/Jun/2015:02:42:27 -0500] "GET /BLA/resoluciones/AUTOS%202011/2842.pdf HTTP/1.1" 200 201548
157.55.39.134 - - [08/Jun/2015:02:42:39 -0500] "GET /BLA/resoluciones/RESOLUCIONES%202010/6007.pdf HTTP/1.1" 200 627121
207.46.13.104 - - [08/Jun/2015:02:42:43 -0500] "GET /BLA/resoluciones/RESOLUCIONES%202009/8758.pdf HTTP/1.1" 200 381136
180.76.15.160 - - [08/Jun/2015:02:42:46 -0500] "GET /BLA/resoluciones/RESOLUCIONES%202009/1917.pdf HTTP/1.1" 200 432692
207.46.13.68 - - [08/Jun/2015:02:42:50 -0500] "GET /bla/resoluciones/resoluciones%202011/0223.pdf HTTP/1.1" 200 74312
157.55.39.134 - - [08/Jun/2015:02:42:55 -0500] "GET /BLA/resoluciones/AUTOS%202009/0991.pdf HTTP/1.1" 200 211414
207.46.13.104 - - [08/Jun/2015:02:43:00 -0500] "GET /bla/resoluciones/resoluciones%202009/6928.pdf HTTP/1.1" 200 1457833
207.46.13.104 - - [08/Jun/2015:02:43:15 -0500] "GET /bla/resoluciones/RESOLUCIONES%202009/9574.pdf HTTP/1.1" 200 337618
207.46.13.68 - - [08/Jun/2015:02:43:19 -0500] "GET /BLA/resoluciones/Autos%202008/2894.pdf HTTP/1.1" 200 118650
180.76.15.135 - - [08/Jun/2015:02:43:24 -0500] "GET /BLA/resoluciones/RESOLUCIONES%202011/0838.pdf HTTP/1.1" 200 796544
157.55.39.10 - - [08/Jun/2015:02:43:25 -0500] "GET /BLA/resoluciones/RESOLUCIONES%202011/5241.pdf HTTP/1.1" 200 615692
207.46.13.104 - - [08/Jun/2015:02:43:31 -0500] "GET /bla/resoluciones/resoluciones%202010/5524.pdf HTTP/1.1" 200 2865276
207.46.13.104 - - [08/Jun/2015:02:43:32 -0500] "GET /BLA/resoluciones/AUTOS%202009/2649.pdf HTTP/1.1" 200 102132
207.46.13.68 - - [08/Jun/2015:02:43:36 -0500] "GET /BLA/resoluciones/RESOLUCIONES%202010/3307.pdf HTTP/1.1" 200 566531
180.76.15.9 - - [08/Jun/2015:02:43:41 -0500] "GET /BLA/resoluciones/RESOLUCIONES%202007/RES%202007%20501%20AL%20600/RESOLUCION%200540%20DE%202007.pdf HTTP/1.1" 200 615480
66.249.67.177 - - [08/Jun/2015:02:43:44 -0500] "GET /Autoliquidacion/TR%C3%81MITES%20AGUAS%20SUBTERR%C3%81NEAS/formato%20toma%20de%20niveles.doc HTTP/1.1" 200 713728
157.55.39.134 - - [08/Jun/2015:02:43:45 -0500] "GET /BLA/resoluciones/RESOLUCIONES%202011/2796.pdf HTTP/1.1" 200 755972
74.86.158.107 - - [08/Jun/2015:02:43:49 -0500] "HEAD / HTTP/1.1" 200 -
207.46.13.104 - - [08/Jun/2015:02:44:00 -0500] "GET /bla/resoluciones/RESOLUCIONES%202011/5504.pdf HTTP/1.1" 200 352991
157.55.39.10 - - [08/Jun/2015:02:44:15 -0500] "GET /BLA/resoluciones/RESOLUCIONES%202007/RES%202007%203301%20AL%203400/RESOLUCION%203314%20DE%202007.pdf HTTP/1.1" 200 218290
157.55.39.10 - - [08/Jun/2015:02:44:15 -0500] "GET /BLA/resoluciones/RESOLUCIONES%202008/4246.pdf HTTP/1.1" 200 592071
180.76.15.158 - - [08/Jun/2015:02:44:16 -0500] "GET /BLA/resoluciones/RESOLUCIONES%202009/8362.pdf HTTP/1.1" 200 101812
207.46.13.104 - - [08/Jun/2015:02:44:19 -0500] "GET /bla/resoluciones/RESOLUCIONES%202009/8430.pdf HTTP/1.1" 200 563676
207.46.13.104 - - [08/Jun/2015:02:44:19 -0500] "GET /BLA/resoluciones/RESOLUCIONES%202008/2208.pdf HTTP/1.1" 200 411014
157.55.39.11 - - [08/Jun/2015:02:44:33 -0500] "GET /bla/resoluciones/resoluciones%202010/7294.pdf HTTP/1.1" 200 413584
180.76.15.9 - - [08/Jun/2015:02:44:33 -0500] "GET /BLA/resoluciones/AUTOS%202011/2104.pdf HTTP/1.1" 200 253630
207.46.13.68 - - [08/Jun/2015:02:44:36 -0500] "GET /bla/resoluciones/autos%202010/4535.pdf HTTP/1.1" 200 159417
180.76.15.11 - - [08/Jun/2015:02:44:51 -0500] "GET /BLA/resoluciones/RESOLUCIONES%202008/1955.pdf HTTP/1.1" 200 68603
207.46.13.68 - - [08/Jun/2015:02:44:59 -0500] "GET /BLA/resoluciones/RESOLUCIONES%202008/1401.pdf HTTP/1.1" 200 178765
207.46.13.68 - - [08/Jun/2015:02:44:59 -0500] "GET /BLA/resoluciones/RESOLUCIONES%202013/1112.pdf HTTP/1.1" 200 1413984
66.249.67.107 - - [08/Jun/2015:02:45:01 -0500] "GET /BLA/resoluciones/RESOLUCIONES%202013/1197.pdf HTTP/1.1" 304 -
157.55.39.10 - - [08/Jun/2015:02:45:06 -0500] "GET /BLA/resoluciones/AUTOS%202009/0814.pdf HTTP/1.1" 200 82847
157.55.39.10 - - [08/Jun/2015:02:45:06 -0500] "GET /bla/resoluciones/resoluciones%202010/7294.pdf HTTP/1.1" 200 413584
180.76.15.143 - - [08/Jun/2015:02:45:08 -0500] "GET /BLA/resoluciones/RESOLUCIONES%202008/0519.pdf HTTP/1.1" 200 261789
201.245.192.253 - - [08/Jun/2015:02:42:13 -0500] "GET /ForestMSG_SDA/channelAsync/template_word_18303147?X-Atmosphere-tracking-id=ef7b8cca-22a0-3631-7219-93916646b115&X-Atmosphere-Framework=1.0.5&X-Atmosphere-Transport=long-polling&tabid=0.1128270248301344&X-Cache-Date=0&Content-Type=application/xml&_=1433749395467 HTTP/1.1" 200 8193
207.46.13.104 - - [08/Jun/2015:02:45:17 -0500] "GET /bla/resoluciones/resoluciones%202011/1280.pdf HTTP/1.1" 200 388444
207.46.13.104 - - [08/Jun/2015:02:45:20 -0500] "GET /BLA/resoluciones/AUTOS%202010/1135.pdf HTTP/1.1" 200 280877
66.249.67.164 - - [08/Jun/2015:02:45:23 -0500] "GET /htdocs/even/Cakdu7gt/tsld011.htm HTTP/1.1" 404 1019
180.76.15.146 - - [08/Jun/2015:02:45:25 -0500] "GET /BLA/resoluciones/RESOLUCIONES%202009/8744.pdf HTTP/1.1" 200 516106
207.46.13.68 - - [08/Jun/2015:02:45:27 -0500] "GET /BLA/resoluciones/RESOLUCIONES%202013/1297.pdf HTTP/1.1" 200 5822299
207.46.13.68 - - [08/Jun/2015:02:45:28 -0500] "GET /BLA/resoluciones/RESOLUCIONES%202009/8762.pdf HTTP/1.1" 200 424259
207.46.13.68 - - [08/Jun/2015:02:45:29 -0500] "GET /BLA/resoluciones/RESOLUCIONES%202009/9191.pdf HTTP/1.1" 200 563329
207.46.13.68 - - [08/Jun/2015:02:45:29 -0500] "GET /bla/resoluciones/resoluciones%202010/2024.pdf HTTP/1.1" 200 339336
157.55.39.11 - - [08/Jun/2015:02:45:30 -0500] "GET /bla/resoluciones/resoluciones%202010/6953.pdf HTTP/1.1" 200 290969
207.46.13.104 - - [08/Jun/2015:02:45:36 -0500] "GET /bla/resoluciones/resoluciones%202010/7585.pdf HTTP/1.1" 200 317643
180.76.15.145 - - [08/Jun/2015:02:45:44 -0500] "GET /BLA/resoluciones/RESOLUCIONES%202011/0324.pdf HTTP/1.1" 200 299003
207.46.13.104 - - [08/Jun/2015:02:45:50 -0500] "GET /BLA/resoluciones/RESOLUCIONES%202014/1732.pdf HTTP/1.1" 200 497962
207.46.13.104 - - [08/Jun/2015:02:45:51 -0500] "GET /BLA/resoluciones/RESOLUCIONES%202008/2187.pdf HTTP/1.1" 200 368752
207.46.13.104 - - [08/Jun/2015:02:45:52 -0500] "GET /bla/resoluciones/resoluciones%202009/7237.pdf HTTP/1.1" 200 102234
207.46.13.68 - - [08/Jun/2015:02:45:54 -0500] "GET /BLA/resoluciones/AUTOS%202010/4823.pdf HTTP/1.1" 200 377139
207.46.13.68 - - [08/Jun/2015:02:45:59 -0500] "GET /bla/resoluciones/resoluciones%202009/6854.pdf HTTP/1.1" 200 238693
180.76.15.141 - - [08/Jun/2015:02:46:00 -0500] "GET /BLA/resoluciones/RESOLUCIONES%202009/8699.pdf HTTP/1.1" 200 117693
207.46.13.104 - - [08/Jun/2015:02:46:02 -0500] "GET /bla/resoluciones/RESOLUCIONES%202009/9666.pdf HTTP/1.1" 200 523608
207.46.13.68 - - [08/Jun/2015:02:46:09 -0500] "GET /bla/resoluciones/autos%202010/1460.pdf HTTP/1.1" 200 245463
157.55.39.10 - - [08/Jun/2015:02:46:13 -0500] "GET /bla/resoluciones/RESOLUCIONES%202011/5405.pdf HTTP/1.1" 200 482992
66.249.67.120 - - [08/Jun/2015:02:46:18 -0500] "GET /BLA/resoluciones/AUTOS%202008/1284.pdf HTTP/1.1" 200 148201
207.46.13.104 - - [08/Jun/2015:02:46:19 -0500] "GET /BLA/resoluciones/RESOLUCIONES%202009/7978.pdf HTTP/1.1" 200 637619
207.46.13.68 - - [08/Jun/2015:02:46:30 -0500] "GET /BLA/resoluciones/RESOLUCIONES%202009/4607.pdf HTTP/1.1" 200 644601
207.46.13.68 - - [08/Jun/2015:02:46:31 -0500] "GET /bla/resoluciones/resoluciones%202009/7884.pdf HTTP/1.1" 200 460790
157.55.39.134 - - [08/Jun/2015:02:46:42 -0500] "GET /bla/resoluciones/resoluciones%202010/1442.pdf HTTP/1.1" 200 359030
157.55.39.134 - - [08/Jun/2015:02:46:42 -0500] "GET /bla/resoluciones/RESOLUCIONES%202009/7857.pdf HTTP/1.1" 200 752226
207.46.13.68 - - [08/Jun/2015:02:46:47 -0500] "GET /bla/resoluciones/resoluciones%202011/0320.pdf HTTP/1.1" 200 85043
180.76.15.147 - - [08/Jun/2015:02:46:50 -0500] "GET /BLA/resoluciones/AUTOS%202014/4393.pdf HTTP/1.1" 200 5217082
207.46.13.104 - - [08/Jun/2015:02:46:51 -0500] "GET /BLA/resoluciones/RESOLUCIONES%202010/2755.pdf HTTP/1.1" 200 522173
180.76.15.160 - - [08/Jun/2015:02:47:05 -0500] "GET /BLA/resoluciones/AUTOS%202009/0663.pdf HTTP/1.1" 200 76777
157.55.39.10 - - [08/Jun/2015:02:47:22 -0500] "GET /BLA/resoluciones/RESOLUCIONES%202013/0391.pdf HTTP/1.1" 200 396931
180.76.15.143 - - [08/Jun/2015:02:47:23 -0500] "GET /BLA/resoluciones/RESOLUCIONES%202008/5610.pdf HTTP/1.1" 200 277389
207.46.13.104 - - [08/Jun/2015:02:47:26 -0500] "GET /BLA/resoluciones/RESOLUCIONES%202010/3356.pdf HTTP/1.1" 200 517791
207.46.13.104 - - [08/Jun/2015:02:47:27 -0500] "GET /BLA/resoluciones/Autos%202008/3433.pdf HTTP/1.1" 200 179930
207.46.13.104 - - [08/Jun/2015:02:47:27 -0500] "GET /bla/resoluciones/resoluciones%202009/7359.pdf HTTP/1.1" 200 784344
207.46.13.68 - - [08/Jun/2015:02:47:34 -0500] "GET /BLA/resoluciones/Autos%202008/3288.pdf HTTP/1.1" 200 66016
207.46.13.68 - - [08/Jun/2015:02:47:35 -0500] "GET /bla/resoluciones/RESOLUCIONES%202009/9117.pdf HTTP/1.1" 200 494861
66.249.67.107 - - [08/Jun/2015:02:47:35 -0500] "GET /BLA/resoluciones/AUTOS%202014/1089.pdf HTTP/1.1" 200 521393
157.55.39.134 - - [08/Jun/2015:02:47:39 -0500] "GET /BLA/resoluciones/RESOLUCIONES%202009/8572.pdf HTTP/1.1" 200 517226
157.55.39.134 - - [08/Jun/2015:02:47:39 -0500] "GET /BLA/resoluciones/AUTOS%202009/1810.pdf HTTP/1.1" 200 196019
180.76.15.149 - - [08/Jun/2015:02:47:40 -0500] "GET /BLA/resoluciones/RESOLUCIONES%202009/0536.pdf HTTP/1.1" 200 509383
157.55.39.134 - - [08/Jun/2015:02:47:40 -0500] "GET /BLA/resoluciones/Autos%202008/2530.pdf HTTP/1.1" 200 80673
207.46.13.104 - - [08/Jun/2015:02:47:43 -0500] "GET /bla/resoluciones/resoluciones%202009/3031.pdf HTTP/1.1" 200 606922
207.46.13.104 - - [08/Jun/2015:02:47:44 -0500] "GET /BLA/resoluciones/RESOLUCIONES%202008/5018.pdf HTTP/1.1" 200 272241
157.55.39.134 - - [08/Jun/2015:02:47:52 -0500] "GET /BLA/resoluciones/RESOLUCIONES%202008/4176.pdf HTTP/1.1" 200 336388
207.46.13.68 - - [08/Jun/2015:02:47:56 -0500] "GET /bla/resoluciones/resoluciones%202011/1300.pdf HTTP/1.1" 200 265037
207.46.13.68 - - [08/Jun/2015:02:47:57 -0500] "GET /BLA/resoluciones/RESOLUCIONES%202008/4920.pdf HTTP/1.1" 200 356580
180.76.15.134 - - [08/Jun/2015:02:47:57 -0500] "GET /BLA/resoluciones/AUTOS%202012/1629.pdf HTTP/1.1" 200 407015
207.46.13.68 - - [08/Jun/2015:02:47:57 -0500] "GET /BLA/resoluciones/AUTOS%202012/1397.pdf HTTP/1.1" 200 280860
207.46.13.104 - - [08/Jun/2015:02:48:03 -0500] "GET /bla/resoluciones/resoluciones%202009/3842.pdf HTTP/1.1" 200 784236
201.245.192.253 - - [08/Jun/2015:02:45:13 -0500] "GET /ForestMSG_SDA/channelAsync/template_word_18303147?X-Atmosphere-tracking-id=ef7b8cca-22a0-3631-7219-93916646b115&X-Atmosphere-Framework=1.0.5&X-Atmosphere-Transport=long-polling&tabid=0.1128270248301344&X-Cache-Date=0&Content-Type=application/xml&_=1433749575527 HTTP/1.1" 200 8193
180.76.15.155 - - [08/Jun/2015:02:48:15 -0500] "GET /BLA/resoluciones/RESOLUCIONES%202007/RES%202007%20601%20AL%20700/RESOLUCION%200628%20DE%202007.pdf HTTP/1.1" 200 981632
207.46.13.68 - - [08/Jun/2015:02:48:17 -0500] "GET /BLA/resoluciones/RESOLUCIONES%202011/3258.pdf HTTP/1.1" 200 140576
157.55.39.10 - - [08/Jun/2015:02:48:22 -0500] "GET /BLA/resoluciones/RESOLUCIONES%202010/7335.pdf HTTP/1.1" 200 520814
157.55.39.10 - - [08/Jun/2015:02:48:22 -0500] "GET /bla/resoluciones/resoluciones%202010/2417.pdf HTTP/1.1" 200 584643
207.46.13.104 - - [08/Jun/2015:02:48:26 -0500] "GET /bla/resoluciones/resoluciones%202009/3999.pdf HTTP/1.1" 200 638085
207.46.13.104 - - [08/Jun/2015:02:48:27 -0500] "GET /BLA/resoluciones/AUTOS%202010/1402.pdf HTTP/1.1" 200 250167
207.46.13.104 - - [08/Jun/2015:02:48:33 -0500] "GET /BLA/resoluciones/RESOLUCIONES%202011/2077.pdf HTTP/1.1" 200 510969
207.46.13.104 - - [08/Jun/2015:02:48:33 -0500] "GET /BLA/resoluciones/RESOLUCIONES%202008/0598.pdf HTTP/1.1" 200 301842
207.46.13.104 - - [08/Jun/2015:02:48:35 -0500] "GET /BLA/resoluciones/RESOLUCIONES%202014/0277.pdf HTTP/1.1" 200 1822613
207.46.13.104 - - [08/Jun/2015:02:48:35 -0500] "GET /BLA/resoluciones/AUTOS%202010/3496.pdf HTTP/1.1" 200 180520
66.249.67.120 - - [08/Jun/2015:02:48:36 -0500] "GET /manual_funciones_Listado/index.php?dir=2.2.4.%20Subdirecci%F3n%20del%20Recurso%20H%EDdrico%20y%20del%20Suelo/&sort=size&order=asc HTTP/1.1" 404 1018
157.55.39.134 - - [08/Jun/2015:02:48:37 -0500] "GET /BLA/resoluciones/AUTOS%202012/1107.pdf HTTP/1.1" 200 327773
207.46.13.68 - - [08/Jun/2015:02:48:44 -0500] "GET /bla/resoluciones/resoluciones%202010/1804.pdf HTTP/1.1" 200 489071
74.86.158.107 - - [08/Jun/2015:02:48:49 -0500] "HEAD / HTTP/1.1" 200 -
66.249.67.120 - - [08/Jun/2015:02:48:52 -0500] "GET /BLA/resoluciones/AUTOS%202014/6804.pdf HTTP/1.1" 200 418991
157.55.39.134 - - [08/Jun/2015:02:48:54 -0500] "GET /bla/resoluciones/resoluciones%202009/6160.pdf HTTP/1.1" 200 716886
180.76.15.12 - - [08/Jun/2015:02:49:26 -0500] "GET /BLA/resoluciones/AUTOS%202012/0938.pdf HTTP/1.1" 200 171751
207.46.13.68 - - [08/Jun/2015:02:49:29 -0500] "GET /BLA/resoluciones/AUTOS%202009/2153.pdf HTTP/1.1" 200 96621
157.55.39.11 - - [08/Jun/2015:02:49:37 -0500] "GET /BLA/resoluciones/RESOLUCIONES%202014/1491.pdf HTTP/1.1" 200 531467
157.55.39.11 - - [08/Jun/2015:02:49:37 -0500] "GET /BLA/resoluciones/RESOLUCIONES%202013/1382.pdf HTTP/1.1" 200 681309
207.46.13.68 - - [08/Jun/2015:02:49:46 -0500] "GET /BLA/resoluciones/RESOLUCIONES%202010/3050.pdf HTTP/1.1" 200 732166
207.46.13.68 - - [08/Jun/2015:02:49:48 -0500] "GET /BLA/resoluciones/RESOLUCIONES%202008/0101.pdf HTTP/1.1" 200 63333
207.46.13.68 - - [08/Jun/2015:02:49:49 -0500] "GET /BLA/resoluciones/RESOLUCIONES%202009/9806.pdf HTTP/1.1" 200 355579
207.46.13.104 - - [08/Jun/2015:02:49:49 -0500] "GET /BLA/resoluciones/RESOLUCIONES%202014/2919.pdf HTTP/1.1" 200 427805
207.46.13.68 - - [08/Jun/2015:02:49:50 -0500] "GET /BLA/resoluciones/RESOLUCIONES%202008/4265.pdf HTTP/1.1" 200 503904
207.46.13.104 - - [08/Jun/2015:02:49:50 -0500] "GET /BLA/resoluciones/AUTOS%202009/0381.pdf HTTP/1.1" 200 356379
157.55.39.10 - - [08/Jun/2015:02:49:57 -0500] "GET /BLA/resoluciones/RESOLUCIONES%202008/4806.pdf HTTP/1.1" 200 543109
207.46.13.68 - - [08/Jun/2015:02:50:01 -0500] "GET /BLA/resoluciones/Autos%202008/2954.pdf HTTP/1.1" 200 56045
207.46.13.104 - - [08/Jun/2015:02:50:09 -0500] "GET /BLA/resoluciones/RESOLUCIONES%202010/6083.pdf HTTP/1.1" 200 3554204
66.249.67.120 - - [08/Jun/2015:02:50:10 -0500] "GET /BLA/resoluciones/AUTOS%202014/3337.pdf HTTP/1.1" 200 434791
207.46.13.104 - - [08/Jun/2015:02:50:10 -0500] "GET /bla/resoluciones/resoluciones%202010/5539.pdf HTTP/1.1" 200 2778750
207.46.13.104 - - [08/Jun/2015:02:50:11 -0500] "GET /BLA/resoluciones/AUTOS%202012/1130.pdf HTTP/1.1" 200 152449
66.249.67.177 - - [08/Jun/2015:02:50:17 -0500] "GET /galeria/nivo-slider/demo/images/Liberacion01.jpg HTTP/1.1" 200 133639
180.76.15.24 - - [08/Jun/2015:02:50:26 -0500] "GET /BLA/resoluciones/AUTOS%202012/0539.pdf HTTP/1.1" 200 336175
207.46.13.68 - - [08/Jun/2015:02:50:43 -0500] "GET /bla/resoluciones/resoluciones%202010/5331.pdf HTTP/1.1" 200 468427
207.46.13.68 - - [08/Jun/2015:02:50:44 -0500] "GET /bla/resoluciones/resoluciones%202009/8907.pdf HTTP/1.1" 200 285993
207.46.13.68 - - [08/Jun/2015:02:50:45 -0500] "GET /bla/resoluciones/resoluciones%202009/7509.pdf HTTP/1.1" 200 518092
157.55.39.10 - - [08/Jun/2015:02:50:58 -0500] "GET /BLA/resoluciones/RESOLUCIONES%202010/6029.pdf HTTP/1.1" 200 658734
157.55.39.10 - - [08/Jun/2015:02:50:58 -0500] "GET /bla/resoluciones/RESOLUCIONES%202009/3862.pdf HTTP/1.1" 200 1211624
157.55.39.10 - - [08/Jun/2015:02:50:59 -0500] "GET /BLA/resoluciones/AUTOS%202009/1440.pdf HTTP/1.1" 200 224436
207.46.13.104 - - [08/Jun/2015:02:51:04 -0500] "GET /BLA/resoluciones/AUTOS%202012/2872.pdf HTTP/1.1" 200 2408555
207.46.13.68 - - [08/Jun/2015:02:51:08 -0500] "GET /bla/resoluciones/resoluciones%202009/9167.pdf HTTP/1.1" 200 438763
201.245.192.253 - - [08/Jun/2015:02:48:13 -0500] "GET /ForestMSG_SDA/channelAsync/template_word_18303147?X-Atmosphere-tracking-id=ef7b8cca-22a0-3631-7219-93916646b115&X-Atmosphere-Framework=1.0.5&X-Atmosphere-Transport=long-polling&tabid=0.1128270248301344&X-Cache-Date=0&Content-Type=application/xml&_=1433749755535 HTTP/1.1" 200 8193
66.249.67.107 - - [08/Jun/2015:02:51:27 -0500] "GET /BLA/resoluciones/AUTOS%202014/6835.pdf HTTP/1.1" 200 370211
180.76.15.134 - - [08/Jun/2015:02:51:32 -0500] "GET /BLA/resoluciones/AUTOS%202014/6443.pdf HTTP/1.1" 200 2909110
207.46.13.68 - - [08/Jun/2015:02:51:35 -0500] "GET /BLA/resoluciones/RESOLUCIONES%202008/2819.pdf HTTP/1.1" 200 253736
207.46.13.68 - - [08/Jun/2015:02:51:35 -0500] "GET /BLA/resoluciones/RESOLUCIONES%202009/5134.pdf HTTP/1.1" 200 628102
207.46.13.104 - - [08/Jun/2015:02:51:39 -0500] "GET /bla/resoluciones/resoluciones%202009/6429.pdf HTTP/1.1" 200 214921
207.46.13.104 - - [08/Jun/2015:02:51:40 -0500] "GET /BLA/resoluciones/RESOLUCIONES%202011/1803.pdf HTTP/1.1" 200 515384
157.55.39.134 - - [08/Jun/2015:02:51:54 -0500] "GET /bla/resoluciones/RESOLUCIONES%202011/5138.pdf HTTP/1.1" 200 439641
157.55.39.134 - - [08/Jun/2015:02:51:55 -0500] "GET /bla/resoluciones/resoluciones%202009/5152.pdf HTTP/1.1" 200 641370
157.55.39.134 - - [08/Jun/2015:02:51:55 -0500] "GET /BLA/resoluciones/RESOLUCIONES%202009/8235.pdf HTTP/1.1" 200 348211
207.46.13.68 - - [08/Jun/2015:02:52:00 -0500] "GET /BLA/resoluciones/RESOLUCIONES%202008/5173.pdf HTTP/1.1" 200 16727
207.46.13.68 - - [08/Jun/2015:02:52:01 -0500] "GET /bla/resoluciones/RESOLUCIONES%202009/7691.pdf HTTP/1.1" 200 128210
207.46.13.68 - - [08/Jun/2015:02:52:01 -0500] "GET /BLA/resoluciones/RESOLUCIONES%202010/4083.pdf HTTP/1.1" 200 673478
207.46.13.68 - - [08/Jun/2015:02:52:02 -0500] "GET /BLA/resoluciones/RESOLUCIONES%202008/0436.pdf HTTP/1.1" 200 256006
207.46.13.68 - - [08/Jun/2015:02:52:02 -0500] "GET /bla/resoluciones/resoluciones%202011/0916.pdf HTTP/1.1" 200 75277
157.55.39.10 - - [08/Jun/2015:02:52:19 -0500] "GET /bla/resoluciones/RESOLUCIONES%202011/3977.pdf HTTP/1.1" 200 790088
207.46.13.104 - - [08/Jun/2015:02:52:23 -0500] "GET /BLA/resoluciones/RESOLUCIONES%202014/2293.pdf HTTP/1.1" 200 704744
207.46.13.68 - - [08/Jun/2015:02:52:28 -0500] "GET /BLA/resoluciones/RESOLUCIONES%202007/RES%202007%203301%20AL%203400/RESOLUCION%203303%20DE%202007.pdf HTTP/1.1" 200 864803
180.76.15.16 - - [08/Jun/2015:02:52:30 -0500] "GET /BLA/resoluciones/AUTOS%202013/2760.pdf HTTP/1.1" 200 3522557
66.249.67.133 - - [08/Jun/2015:02:52:44 -0500] "GET /BLA/resoluciones/AUTOS%202013/2758.pdf HTTP/1.1" 200 554123
207.46.13.68 - - [08/Jun/2015:02:52:45 -0500] "GET /bla/resoluciones/resoluciones%202010/7440.pdf HTTP/1.1" 200 442812
207.46.13.68 - - [08/Jun/2015:02:52:47 -0500] "GET /BLA/resoluciones/RESOLUCIONES%202010/3500.pdf HTTP/1.1" 200 509879
180.76.15.26 - - [08/Jun/2015:02:52:47 -0500] "GET /BLA/resoluciones/AUTOS%202013/3309.pdf HTTP/1.1" 200 290446
157.55.39.134 - - [08/Jun/2015:02:52:49 -0500] "GET /BLA/resoluciones/RESOLUCIONES%202008/5667.pdf HTTP/1.1" 200 247105
157.55.39.134 - - [08/Jun/2015:02:52:50 -0500] "GET /Metadatos_final_2014/Agente_Part_Amb.xml HTTP/1.1" 200 32407
157.55.39.134 - - [08/Jun/2015:02:52:50 -0500] "GET /BLA/resoluciones/RESOLUCIONES%202007/RES%202007%203801%20AL%203900/RESOLUCION%203871%20DE%202007.pdf HTTP/1.1" 200 248446
157.55.39.134 - - [08/Jun/2015:02:52:50 -0500] "GET /bla/resoluciones/resoluciones%202010/1625.pdf HTTP/1.1" 200 439103
207.46.13.104 - - [08/Jun/2015:02:52:53 -0500] "GET /bla/resoluciones/RESOLUCIONES%202009/3842.pdf HTTP/1.1" 200 784236
207.46.13.104 - - [08/Jun/2015:02:52:54 -0500] "GET /BLA/resoluciones/RESOLUCIONES%202008/0395.pdf HTTP/1.1" 200 130648
157.55.39.10 - - [08/Jun/2015:02:53:09 -0500] "GET /bla/resoluciones/resoluciones%202010/3311.pdf HTTP/1.1" 200 239415
207.46.13.104 - - [08/Jun/2015:02:53:13 -0500] "GET /BLA/resoluciones/RESOLUCIONES%202008/4044.pdf HTTP/1.1" 200 547247
207.46.13.68 - - [08/Jun/2015:02:53:18 -0500] "GET /BLA/resoluciones/RESOLUCIONES%202009/3820.pdf HTTP/1.1" 200 669167
207.46.13.68 - - [08/Jun/2015:02:53:20 -0500] "GET /bla/resoluciones/autos%202010/6705.pdf HTTP/1.1" 200 186824
180.76.15.145 - - [08/Jun/2015:02:53:25 -0500] "GET /BLA/resoluciones/RESOLUCIONES%202007/RES%202007%202901%20AL%203000/RESOLUCION%202903%20DE%202007.pdf HTTP/1.1" 200 167177
157.55.39.11 - - [08/Jun/2015:02:53:29 -0500] "GET /BLA/resoluciones/RESOLUCIONES%202007/RES%202007%203801%20AL%203900/RESOLUCION%203824%20DE%202007.pdf HTTP/1.1" 200 217774
157.55.39.11 - - [08/Jun/2015:02:53:29 -0500] "GET /BLA/resoluciones/AUTOS%202012/2264.pdf HTTP/1.1" 200 183338
157.55.39.11 - - [08/Jun/2015:02:53:30 -0500] "GET /bla/resoluciones/RESOLUCIONES%202009/7772.pdf HTTP/1.1" 200 494659
157.55.39.11 - - [08/Jun/2015:02:53:31 -0500] "GET /BLA/resoluciones/AUTOS%202012/2918.pdf HTTP/1.1" 200 1683985
207.46.13.104 - - [08/Jun/2015:02:53:33 -0500] "GET /bla/resoluciones/resoluciones%202010/7374.pdf HTTP/1.1" 200 383422
157.55.39.11 - - [08/Jun/2015:02:53:39 -0500] "GET /BLA/resoluciones/RESOLUCIONES%202008/1184.pdf HTTP/1.1" 200 251045
207.46.13.68 - - [08/Jun/2015:02:53:44 -0500] "GET /BLA/resoluciones/RESOLUCIONES%202013/0050.pdf HTTP/1.1" 200 531126
207.46.13.68 - - [08/Jun/2015:02:53:45 -0500] "GET /BLA/resoluciones/RESOLUCIONES%202011/5240.pdf HTTP/1.1" 200 612020
74.86.158.107 - - [08/Jun/2015:02:53:49 -0500] "HEAD / HTTP/1.1" 200 -
157.55.39.134 - - [08/Jun/2015:02:53:49 -0500] "GET /bla/resoluciones/resoluciones%202010/5894.pdf HTTP/1.1" 200 276960
207.46.13.104 - - [08/Jun/2015:02:53:53 -0500] "GET /BLA/resoluciones/RESOLUCIONES%202010/7813.pdf HTTP/1.1" 200 509210
207.46.13.104 - - [08/Jun/2015:02:53:54 -0500] "GET /BLA/resoluciones/RESOLUCIONES%202009/5585.pdf HTTP/1.1" 200 674543
157.55.39.10 - - [08/Jun/2015:02:53:58 -0500] "GET /BLA/resoluciones/RESOLUCIONES%202011/2176.pdf HTTP/1.1" 200 492417
201.245.192.253 - - [08/Jun/2015:02:51:13 -0500] "GET /ForestMSG_SDA/channelAsync/template_word_18303147?X-Atmosphere-tracking-id=ef7b8cca-22a0-3631-7219-93916646b115&X-Atmosphere-Framework=1.0.5&X-Atmosphere-Transport=long-polling&tabid=0.1128270248301344&X-Cache-Date=0&Content-Type=application/xml&_=1433749935519 HTTP/1.1" 200 8193
157.55.39.11 - - [08/Jun/2015:02:54:28 -0500] "GET /bla/resoluciones/resoluciones%202011/1101.pdf HTTP/1.1" 200 379696
180.76.15.15 - - [08/Jun/2015:02:54:35 -0500] "GET /BLA/resoluciones/RESOLUCIONES%202008/2954.pdf HTTP/1.1" 200 208505
157.55.39.134 - - [08/Jun/2015:02:54:40 -0500] "GET /BLA/resoluciones/RESOLUCIONES%202012/0721.pdf HTTP/1.1" 200 371031
157.55.39.134 - - [08/Jun/2015:02:54:41 -0500] "GET /bla/resoluciones/resoluciones%202010/1599.pdf HTTP/1.1" 200 105180
207.46.13.104 - - [08/Jun/2015:02:54:44 -0500] "GET /BLA/resoluciones/RESOLUCIONES%202010/5539.pdf HTTP/1.1" 200 2778750
207.46.13.104 - - [08/Jun/2015:02:54:45 -0500] "GET /bla/resoluciones/resoluciones%202009/9671.pdf HTTP/1.1" 200 496987
207.46.13.104 - - [08/Jun/2015:02:54:46 -0500] "GET /BLA/resoluciones/Autos%202008/3156.pdf HTTP/1.1" 200 414232
207.46.13.68 - - [08/Jun/2015:02:54:53 -0500] "GET /bla/resoluciones/resoluciones%202011/1275.pdf HTTP/1.1" 200 403860
66.249.67.190 - - [08/Jun/2015:02:55:02 -0500] "GET /pga/pga.htm HTTP/1.1" 404 1019
157.55.39.10 - - [08/Jun/2015:02:55:04 -0500] "GET /BLA/resoluciones/RESOLUCIONES%202011/2176.pdf HTTP/1.1" 200 492417
66.249.67.107 - - [08/Jun/2015:02:55:18 -0500] "GET /BLA/resoluciones/AUTOS%202014/1097.pdf HTTP/1.1" 200 491071
157.55.39.11 - - [08/Jun/2015:02:55:36 -0500] "GET /BLA/resoluciones/RESOLUCIONES%202011/5780.pdf HTTP/1.1" 200 1633548
207.46.13.104 - - [08/Jun/2015:02:55:40 -0500] "GET /BLA/resoluciones/RESOLUCIONES%202009/3533.pdf HTTP/1.1" 200 623379
207.46.13.104 - - [08/Jun/2015:02:55:42 -0500] "GET /bla/resoluciones/resoluciones%202009/7941.pdf HTTP/1.1" 200 499807
207.46.13.104 - - [08/Jun/2015:02:55:42 -0500] "GET /BLA/resoluciones/AUTOS%202009/1875.pdf HTTP/1.1" 200 101377
207.46.13.68 - - [08/Jun/2015:02:55:50 -0500] "GET /bla/resoluciones/RESOLUCIONES%202009/8365.pdf HTTP/1.1" 200 131280
207.46.13.68 - - [08/Jun/2015:02:55:50 -0500] "GET /BLA/resoluciones/AUTOS%202012/2612.pdf HTTP/1.1" 200 1162909
207.46.13.68 - - [08/Jun/2015:02:55:51 -0500] "GET /BLA/resoluciones/RESOLUCIONES%202012/1440.pdf HTTP/1.1" 200 412532
207.46.13.68 - - [08/Jun/2015:02:55:51 -0500] "GET /BLA/resoluciones/RESOLUCIONES%202011/0302.pdf HTTP/1.1" 200 64319
207.46.13.68 - - [08/Jun/2015:02:55:52 -0500] "GET /BLA/resoluciones/RESOLUCIONES%202008/4031.pdf HTTP/1.1" 200 747688
207.46.13.68 - - [08/Jun/2015:02:55:52 -0500] "GET /BLA/resoluciones/RESOLUCIONES%202010/2632.pdf HTTP/1.1" 200 517461
207.46.13.68 - - [08/Jun/2015:02:55:53 -0500] "GET /BLA/resoluciones/RESOLUCIONES%202008/3106.pdf HTTP/1.1" 200 256802
207.46.13.68 - - [08/Jun/2015:02:55:53 -0500] "GET /BLA/resoluciones/AUTOS%202012/0491.pdf HTTP/1.1" 200 319876
157.55.39.10 - - [08/Jun/2015:02:55:57 -0500] "GET /BLA/resoluciones/AUTOS%202012/0198.pdf HTTP/1.1" 200 335089
157.55.39.10 - - [08/Jun/2015:02:55:58 -0500] "GET /bla/resoluciones/resoluciones%202011/0200.pdf HTTP/1.1" 200 90259
157.55.39.10 - - [08/Jun/2015:02:55:58 -0500] "GET /BLA/resoluciones/RESOLUCIONES%202009/5566.pdf HTTP/1.1" 200 677455
180.76.15.158 - - [08/Jun/2015:02:56:05 -0500] "GET /BLA/resoluciones/RESOLUCIONES%202007/RES%202007%20501%20AL%20600/RESOLUCION%200584%20DE%202007.pdf HTTP/1.1" 200 2159424
207.46.13.68 - - [08/Jun/2015:02:56:08 -0500] "GET /BLA/resoluciones/RESOLUCIONES%202007/RES%202007%201001%20AL%201100/RESOLUCION%201017%20DE%202007.pdf HTTP/1.1" 200 28107
207.46.13.68 - - [08/Jun/2015:02:56:09 -0500] "GET /BLA/resoluciones/RESOLUCIONES%202011/5619.pdf HTTP/1.1" 200 481357
207.46.13.68 - - [08/Jun/2015:02:56:09 -0500] "GET /BLA/resoluciones/RESOLUCIONES%202010/6980.pdf HTTP/1.1" 200 607314
207.46.13.104 - - [08/Jun/2015:02:56:12 -0500] "GET /bla/resoluciones/autos%202010/1909.pdf HTTP/1.1" 200 148169
180.76.15.146 - - [08/Jun/2015:02:56:22 -0500] "GET /BLA/resoluciones/AUTOS%202009/2552.pdf HTTP/1.1" 200 101603
157.55.39.10 - - [08/Jun/2015:02:56:25 -0500] "GET /bla/resoluciones/resoluciones%202009/9597.pdf HTTP/1.1" 200 416914
157.55.39.10 - - [08/Jun/2015:02:56:26 -0500] "GET /BLA/resoluciones/RESOLUCIONES%202010/4679.pdf HTTP/1.1" 200 747149
157.55.39.10 - - [08/Jun/2015:02:56:26 -0500] "GET /BLA/resoluciones/RESOLUCIONES%202008/4402.pdf HTTP/1.1" 200 580324
157.55.39.10 - - [08/Jun/2015:02:56:26 -0500] "GET /bla/resoluciones/RESOLUCIONES%202009/8892.pdf HTTP/1.1" 200 271283
157.55.39.10 - - [08/Jun/2015:02:56:27 -0500] "GET /BLA/resoluciones/RESOLUCIONES%202010/6081.pdf HTTP/1.1" 200 716680
66.249.67.133 - - [08/Jun/2015:02:56:35 -0500] "GET /BLA/resoluciones/AUTOS%202014/3849.pdf HTTP/1.1" 200 387818
180.76.15.33 - - [08/Jun/2015:02:56:40 -0500] "GET /BLA/resoluciones/RESOLUCIONES%202009/8862.pdf HTTP/1.1" 200 365101
207.46.13.68 - - [08/Jun/2015:02:56:47 -0500] "GET /BLA/resoluciones/AUTOS%202010/4609.pdf HTTP/1.1" 200 377801
207.46.13.68 - - [08/Jun/2015:02:56:50 -0500] "GET /BLA/resoluciones/RESOLUCIONES%202008/0125.pdf HTTP/1.1" 200 294951
157.55.39.10 - - [08/Jun/2015:02:56:57 -0500] "GET /BLA/resoluciones/RESOLUCIONES%202013/0940.pdf HTTP/1.1" 200 6140587
157.55.39.167 - - [08/Jun/2015:02:57:03 -0500] "GET /BLA/resoluciones/RESOLUCIONES%202010/3793.pdf HTTP/1.1" 200 1055297
157.55.39.167 - - [08/Jun/2015:02:57:05 -0500] "GET /BLA/resoluciones/RESOLUCIONES%202008/4660.pdf HTTP/1.1" 200 389750
157.55.39.167 - - [08/Jun/2015:02:57:05 -0500] "GET /BLA/resoluciones/RESOLUCIONES%202011/4669.pdf HTTP/1.1" 200 150238
157.55.39.167 - - [08/Jun/2015:02:57:06 -0500] "GET /BLA/resoluciones/RESOLUCIONES%202008/4772.pdf HTTP/1.1" 200 525803
207.46.13.68 - - [08/Jun/2015:02:57:13 -0500] "GET /galeria/galeria/jquery.fancybox.js?v=2.1.5 HTTP/1.1" 200 48706
201.245.192.253 - - [08/Jun/2015:02:54:13 -0500] "GET /ForestMSG_SDA/channelAsync/template_word_18303147?X-Atmosphere-tracking-id=ef7b8cca-22a0-3631-7219-93916646b115&X-Atmosphere-Framework=1.0.5&X-Atmosphere-Transport=long-polling&tabid=0.1128270248301344&X-Cache-Date=0&Content-Type=application/xml&_=1433750115534 HTTP/1.1" 200 8193
157.55.39.10 - - [08/Jun/2015:02:57:17 -0500] "GET /BLA/resoluciones/RESOLUCIONES%202011/2343.pdf HTTP/1.1" 200 286586
207.46.13.68 - - [08/Jun/2015:02:57:34 -0500] "GET /bla/resoluciones/autos%202010/1389.pdf HTTP/1.1" 200 255177
207.46.13.104 - - [08/Jun/2015:02:57:38 -0500] "GET /bla/resoluciones/resoluciones%202010/0747.pdf HTTP/1.1" 200 446351
207.46.13.104 - - [08/Jun/2015:02:57:39 -0500] "GET /BLA/resoluciones/RESOLUCIONES%202010/4280.pdf HTTP/1.1" 200 756699
207.46.13.104 - - [08/Jun/2015:02:57:50 -0500] "GET /BLA/resoluciones/RESOLUCIONES%202009/5658.pdf HTTP/1.1" 200 673626
66.249.67.120 - - [08/Jun/2015:02:57:52 -0500] "GET /BLA/resoluciones/AUTOS%202013/2916.pdf HTTP/1.1" 200 925137
157.55.39.134 - - [08/Jun/2015:02:57:56 -0500] "GET /BLA/resoluciones/RESOLUCIONES%202008/3366.pdf HTTP/1.1" 200 416676
157.55.39.134 - - [08/Jun/2015:02:57:56 -0500] "GET /bla/resoluciones/resoluciones%202009/9316.pdf HTTP/1.1" 200 480107
157.55.39.10 - - [08/Jun/2015:02:57:57 -0500] "GET /bla/resoluciones/autos%202010/6434.pdf HTTP/1.1" 200 158729
180.76.15.140 - - [08/Jun/2015:02:58:03 -0500] "GET /BLA/resoluciones/RESOLUCIONES%202011/0268.pdf HTTP/1.1" 200 72161
157.55.39.167 - - [08/Jun/2015:02:58:10 -0500] "GET /BLA/resoluciones/RESOLUCIONES%202010/4923.pdf HTTP/1.1" 200 757063
157.55.39.167 - - [08/Jun/2015:02:58:11 -0500] "GET /BLA/resoluciones/RESOLUCIONES%202009/8328.pdf HTTP/1.1" 200 413358
157.55.39.167 - - [08/Jun/2015:02:58:11 -0500] "GET /BLA/resoluciones/AUTOS%202009/0604.pdf HTTP/1.1" 200 127418
66.249.67.120 - - [08/Jun/2015:02:58:15 -0500] "GET /manual_funciones_Listado/index.php?dir=2.3.+Direcci%F3n+de+Gesti%F3n+Ambiental%2F HTTP/1.1" 404 1018
180.76.15.142 - - [08/Jun/2015:02:58:19 -0500] "GET /BLA/resoluciones/AUTOS%202011/1506.pdf HTTP/1.1" 200 279005
157.55.39.10 - - [08/Jun/2015:02:58:20 -0500] "GET /bla/resoluciones/resoluciones%202009/9807.pdf HTTP/1.1" 200 382939
157.55.39.10 - - [08/Jun/2015:02:58:20 -0500] "GET /bla/resoluciones/resoluciones%202010/1410.pdf HTTP/1.1" 200 3019381
207.46.13.104 - - [08/Jun/2015:02:58:24 -0500] "GET /BLA/resoluciones/RESOLUCIONES%202013/2403.pdf HTTP/1.1" 200 5687786
207.46.13.68 - - [08/Jun/2015:02:58:29 -0500] "GET /bla/resoluciones/resoluciones%202010/1169.pdf HTTP/1.1" 200 116484
207.46.13.68 - - [08/Jun/2015:02:58:29 -0500] "GET /BLA/resoluciones/RESOLUCIONES%202012/0814.pdf HTTP/1.1" 200 390998
180.76.15.14 - - [08/Jun/2015:02:58:36 -0500] "GET /BLA/resoluciones/RESOLUCIONES%202011/3809.pdf HTTP/1.1" 200 731618
66.249.67.120 - - [08/Jun/2015:02:58:42 -0500] "GET /galeria/galeria/fotos/Capellania1P.jpg HTTP/1.1" 304 -
157.55.39.134 - - [08/Jun/2015:02:58:46 -0500] "GET /bla/resoluciones/autos%202010/5562.pdf HTTP/1.1" 200 622903
74.86.158.107 - - [08/Jun/2015:02:58:49 -0500] "HEAD / HTTP/1.1" 200 -
207.46.13.104 - - [08/Jun/2015:02:58:51 -0500] "GET /BLA/resoluciones/RESOLUCIONES%202010/4490.pdf HTTP/1.1" 200 518495
207.46.13.104 - - [08/Jun/2015:02:58:52 -0500] "GET /bla/resoluciones/resoluciones%202009/2967.pdf HTTP/1.1" 200 601202
180.76.15.147 - - [08/Jun/2015:02:58:57 -0500] "GET /BLA/resoluciones/RESOLUCIONES%202007/RES%202007%20401%20AL%20500/RESOLUCION%200435%20DE%202007.pdf HTTP/1.1" 200 422249
157.55.39.10 - - [08/Jun/2015:02:59:05 -0500] "GET /BLA/resoluciones/RESOLUCIONES%202007/RES%202007%201401%20AL%201500/RESOLUCION%201462%20DE%202007.pdf HTTP/1.1" 200 280738
66.249.67.107 - - [08/Jun/2015:02:59:09 -0500] "GET /BLA/resoluciones/AUTOS%202014/6752.pdf HTTP/1.1" 200 366840
180.76.15.140 - - [08/Jun/2015:02:59:11 -0500] "GET /BLA/resoluciones/RESOLUCIONES%202007/RES%202007%201501%20AL%201600/RESOLUCION%201576%20DE%202007.pdf HTTP/1.1" 200 511568
207.46.13.68 - - [08/Jun/2015:02:59:12 -0500] "GET /bla/resoluciones/RESOLUCIONES%202009/8178.pdf HTTP/1.1" 200 502513
207.46.13.68 - - [08/Jun/2015:02:59:15 -0500] "GET /BLA/resoluciones/RESOLUCIONES%202011/1106.pdf HTTP/1.1" 200 432814
217.200.203.73 - - [08/Jun/2015:02:59:17 -0500] "GET /galeria/galeria/jquery.fancybox.js?v=2.1.5 HTTP/1.1" 200 48706
217.200.203.73 - - [08/Jun/2015:02:59:17 -0500] "GET /BLA/boletinlegal/js/jquery.scrollTo-min.js HTTP/1.1" 200 1150
217.200.203.73 - - [08/Jun/2015:02:59:17 -0500] "GET /BLA/boletinlegal/js/jquery.scrollShow.js HTTP/1.1" 200 4586
217.200.203.73 - - [08/Jun/2015:02:59:17 -0500] "GET /galeria/galeria/jquery.fancybox.css?v=2.1.5 HTTP/1.1" 200 4895
157.55.39.168 - - [08/Jun/2015:02:59:19 -0500] "GET /bla/resoluciones/resoluciones%202010/5587.pdf HTTP/1.1" 200 227900
157.55.39.168 - - [08/Jun/2015:02:59:19 -0500] "GET /BLA/resoluciones/RESOLUCIONES%202008/1231.pdf HTTP/1.1" 200 446545
157.55.39.168 - - [08/Jun/2015:02:59:20 -0500] "GET /BLA/resoluciones/RESOLUCIONES%202008/3216.pdf HTTP/1.1" 200 103409
157.55.39.168 - - [08/Jun/2015:02:59:20 -0500] "GET /BLA/resoluciones/RESOLUCIONES%202010/4633.pdf HTTP/1.1" 200 642166
157.55.39.168 - - [08/Jun/2015:02:59:21 -0500] "GET /BLA/resoluciones/RESOLUCIONES%202009/3230.pdf HTTP/1.1" 200 1102648
157.55.39.168 - - [08/Jun/2015:02:59:21 -0500] "GET /bla/resoluciones/resoluciones%202010/0445.pdf HTTP/1.1" 200 107682
157.55.39.10 - - [08/Jun/2015:02:59:21 -0500] "GET /bla/resoluciones/resoluciones%202009/8185.pdf HTTP/1.1" 200 501483
157.55.39.168 - - [08/Jun/2015:02:59:21 -0500] "GET /BLA/resoluciones/RESOLUCIONES%202010/3477.pdf HTTP/1.1" 200 521161
