207.46.13.68 - - [08/Jun/2015:09:20:22 -0500] "GET /bla/resoluciones/resoluciones%202009/9744.pdf HTTP/1.1" 200 312140
207.46.13.68 - - [08/Jun/2015:09:20:22 -0500] "GET /BLA/resoluciones/RESOLUCIONES%202010/4688.pdf HTTP/1.1" 200 748413
104.154.119.212 - - [08/Jun/2015:09:20:25 -0500] "GET /galeria/galeria/jquery.fancybox.css?v=2.1.5 HTTP/1.1" 200 4895
104.154.119.212 - - [08/Jun/2015:09:20:25 -0500] "GET /galeria/carrusel/Carrusel/jquery.thumbnailScroller.css HTTP/1.1" 200 2066
104.154.119.212 - - [08/Jun/2015:09:20:25 -0500] "GET /BLA/boletinlegal/js/jquery.scrollTo-min.js HTTP/1.1" 200 1150
104.154.119.212 - - [08/Jun/2015:09:20:25 -0500] "GET /galeria/galeria/jquery.fancybox.js?v=2.1.5 HTTP/1.1" 200 48706
104.154.119.212 - - [08/Jun/2015:09:20:25 -0500] "GET /BLA/boletinlegal/js/jquery.scrollShow.js HTTP/1.1" 200 4586
104.154.119.212 - - [08/Jun/2015:09:20:25 -0500] "GET /galeria/carrusel/Carrusel/jquery-ui-1.8.13.custom.min.js HTTP/1.1" 200 10800
104.154.119.212 - - [08/Jun/2015:09:20:26 -0500] "GET /galeria/carrusel/Carrusel/jquery.thumbnailScroller.js HTTP/1.1" 200 8157
207.46.13.104 - - [08/Jun/2015:09:20:29 -0500] "GET /bla/resoluciones/autos%202010/0428.pdf HTTP/1.1" 200 293411
207.46.13.104 - - [08/Jun/2015:09:20:29 -0500] "GET /bla/resoluciones/resoluciones%202009/6076.pdf HTTP/1.1" 200 7786053
180.76.15.23 - - [08/Jun/2015:09:20:31 -0500] "GET /BLA/resoluciones/RESOLUCIONES%202011/0250.pdf HTTP/1.1" 200 1589401
181.55.242.241 - - [08/Jun/2015:09:20:33 -0500] "GET /forest/index2.jsp?_a=0.34064616123214364 HTTP/1.1" 200 84025
181.55.242.241 - - [08/Jun/2015:09:20:33 -0500] "GET /forest/session.jsp?a=0.8196299755945802 HTTP/1.1" 200 4
181.55.242.241 - - [08/Jun/2015:09:20:38 -0500] "GET /forest/misactividades.do?group_system_actual=3&codPro=95&_a=0.49956243645809006 HTTP/1.1" 200 38216
181.55.242.241 - - [08/Jun/2015:09:20:39 -0500] "GET /forest/skins/gdocs-jar/jsp/cookie.jsp?name=grid_nompro&del HTTP/1.1" 200 -
181.55.242.241 - - [08/Jun/2015:09:20:39 -0500] "GET /forest/session.jsp?a=0.2542224293574691 HTTP/1.1" 200 4
181.55.242.241 - - [08/Jun/2015:09:20:39 -0500] "POST /forest/misactividades.do?ajax=true&a=0.5569004819262773 HTTP/1.1" 200 9650
207.46.13.68 - - [08/Jun/2015:09:20:43 -0500] "GET /BLA/resoluciones/RESOLUCIONES%202009/3480.pdf HTTP/1.1" 200 720273
181.55.242.241 - - [08/Jun/2015:09:20:45 -0500] "POST /forest/misactividades.do?ajax=true&a=0.05448689195327461 HTTP/1.1" 200 9590
66.249.64.233 - - [08/Jun/2015:09:20:48 -0500] "GET /BLA/resoluciones/AUTOS%202014/1454.pdf HTTP/1.1" 200 574457
180.76.15.5 - - [08/Jun/2015:09:20:48 -0500] "GET /BLA/resoluciones/RESOLUCIONES%202008/2288.pdf HTTP/1.1" 200 363168
157.55.39.134 - - [08/Jun/2015:09:20:48 -0500] "GET /bla/resoluciones/resoluciones%202009/9580.pdf HTTP/1.1" 200 334791
157.55.39.134 - - [08/Jun/2015:09:20:49 -0500] "GET /bla/resoluciones/RESOLUCIONES%202009/8039.pdf HTTP/1.1" 200 415304
157.55.39.134 - - [08/Jun/2015:09:20:49 -0500] "GET /BLA/resoluciones/RESOLUCIONES%202011/0922.pdf HTTP/1.1" 200 71611
157.55.39.134 - - [08/Jun/2015:09:20:49 -0500] "GET /BLA/resoluciones/RESOLUCIONES%202010/6585.pdf HTTP/1.1" 200 1033516
157.55.39.134 - - [08/Jun/2015:09:20:50 -0500] "GET /bla/resoluciones/RESOLUCIONES%202011/5786.pdf HTTP/1.1" 200 109672
157.55.39.134 - - [08/Jun/2015:09:20:50 -0500] "GET /bla/resoluciones/autos%202010/1281.pdf HTTP/1.1" 200 273605
181.55.242.241 - - [08/Jun/2015:09:20:50 -0500] "POST /forest/misactividades.do?loadList=1&name=asixi&a=0.3172266276087612 HTTP/1.1" 200 332
181.55.242.241 - - [08/Jun/2015:09:20:51 -0500] "GET /forest/img/jquery/ui-icons_f9bd01_256x240.png HTTP/1.1" 404 185
181.55.242.241 - - [08/Jun/2015:09:21:04 -0500] "POST /forest/misactividades.do?ajax=true&a=0.833490282529965 HTTP/1.1" 200 6212
180.76.15.145 - - [08/Jun/2015:09:21:05 -0500] "GET /BLA/resoluciones/RESOLUCIONES%202011/4219.pdf HTTP/1.1" 200 583481
181.55.242.241 - - [08/Jun/2015:09:21:10 -0500] "GET /forest/usutareas.do?_a=0.7697288503404707&group_system_actual=3 HTTP/1.1" 200 142061
181.55.242.241 - - [08/Jun/2015:09:21:12 -0500] "GET /forest/skins/gdocs-jar/img/iconCallForm.gif HTTP/1.1" 304 -
181.55.242.241 - - [08/Jun/2015:09:21:12 -0500] "GET /forest/session.jsp?a=0.7195986604783684 HTTP/1.1" 200 4
207.46.13.104 - - [08/Jun/2015:09:21:16 -0500] "GET /bla/resoluciones/RESOLUCIONES%202009/5658.pdf HTTP/1.1" 200 673626
181.55.242.241 - - [08/Jun/2015:09:21:16 -0500] "GET /forest/borrador/1808822/OFICIO%20TRASLADO%20USO%20DE%20SUELO%20Carrera%2010%20No.%20149%20-%2047.docx HTTP/1.1" 200 100441
207.46.13.104 - - [08/Jun/2015:09:21:16 -0500] "GET /BLA/resoluciones/RESOLUCIONES%202011/0008.pdf HTTP/1.1" 200 590857
180.76.15.10 - - [08/Jun/2015:09:21:23 -0500] "GET /BLA/resoluciones/RESOLUCIONES%202014/0162.pdf HTTP/1.1" 200 680843
201.245.192.253 - - [08/Jun/2015:09:18:24 -0500] "GET /ForestMSG_SDA/channelAsync/template_word_18303147?X-Atmosphere-tracking-id=ef7b8cca-22a0-3631-7219-93916646b115&X-Atmosphere-Framework=1.0.5&X-Atmosphere-Transport=long-polling&tabid=0.1128270248301344&X-Cache-Date=0&Content-Type=application/xml&_=1433773166879 HTTP/1.1" 200 8193
157.55.39.11 - - [08/Jun/2015:09:21:25 -0500] "GET /bla/resoluciones/resoluciones%202009/4102.pdf HTTP/1.1" 200 1629421
207.46.13.68 - - [08/Jun/2015:09:21:33 -0500] "GET /BLA/resoluciones/RESOLUCIONES%202008/3699.pdf HTTP/1.1" 200 225772
207.46.13.68 - - [08/Jun/2015:09:21:36 -0500] "GET /bla/resoluciones/resoluciones%202010/6297.pdf HTTP/1.1" 200 78944
179.27.3.98 - - [08/Jun/2015:09:21:39 -0500] "GET /BLA/boletinlegal/js/jquery.scrollTo-min.js HTTP/1.0" 200 1150
179.27.3.98 - - [08/Jun/2015:09:21:40 -0500] "GET /galeria/galeria/jquery.fancybox.css?v=2.1.5 HTTP/1.0" 200 4895
180.76.15.150 - - [08/Jun/2015:09:21:40 -0500] "GET /BLA/resoluciones/RESOLUCIONES%202014/2245.pdf HTTP/1.1" 200 456037
179.27.3.98 - - [08/Jun/2015:09:21:43 -0500] "GET /galeria/galeria/jquery.fancybox.js?v=2.1.5 HTTP/1.0" 200 48706
66.249.64.223 - - [08/Jun/2015:09:21:44 -0500] "GET /BLA/resoluciones/AUTOS%202014/2401.pdf HTTP/1.1" 200 598059
66.249.64.233 - - [08/Jun/2015:09:21:48 -0500] "GET /BLA/resoluciones/RESOLUCIONES%202011/0818.pdf HTTP/1.1" 200 643574
157.55.39.134 - - [08/Jun/2015:09:21:54 -0500] "GET /BLA/resoluciones/RESOLUCIONES%202011/5031.pdf HTTP/1.1" 200 126863
157.55.39.134 - - [08/Jun/2015:09:21:54 -0500] "GET /BLA/resoluciones/Autos%202008/3085.pdf HTTP/1.1" 200 52862
157.55.39.134 - - [08/Jun/2015:09:21:55 -0500] "GET /bla/resoluciones/resoluciones%202011/0763.pdf HTTP/1.1" 200 797204
207.46.13.68 - - [08/Jun/2015:09:21:56 -0500] "GET /bla/resoluciones/resoluciones%202010/7475.pdf HTTP/1.1" 200 421037
207.46.13.68 - - [08/Jun/2015:09:21:57 -0500] "GET /BLA/resoluciones/RESOLUCIONES%202012/0747.pdf HTTP/1.1" 200 262270
180.76.15.163 - - [08/Jun/2015:09:21:57 -0500] "GET /BLA/resoluciones/RESOLUCIONES%202014/0728.pdf HTTP/1.1" 200 575349
207.46.13.68 - - [08/Jun/2015:09:21:57 -0500] "GET /BLA/resoluciones/RESOLUCIONES%202009/6085.pdf HTTP/1.1" 200 506583
207.46.13.68 - - [08/Jun/2015:09:21:58 -0500] "GET /BLA/resoluciones/AUTOS%202011/0211.pdf HTTP/1.1" 200 315789
207.46.13.68 - - [08/Jun/2015:09:21:58 -0500] "GET /BLA/resoluciones/AUTOS%202009/3442.pdf HTTP/1.1" 200 96657
207.46.13.104 - - [08/Jun/2015:09:22:00 -0500] "GET /BLA/resoluciones/RESOLUCIONES%202010/3712.pdf HTTP/1.1" 200 134610
207.46.13.104 - - [08/Jun/2015:09:22:01 -0500] "GET /BLA/resoluciones/RESOLUCIONES%202010/4862.pdf HTTP/1.1" 200 755055
207.46.13.104 - - [08/Jun/2015:09:22:01 -0500] "GET /bla/resoluciones/RESOLUCIONES%202009/9515.pdf HTTP/1.1" 200 502025
207.46.13.104 - - [08/Jun/2015:09:22:02 -0500] "GET /BLA/resoluciones/AUTOS%202009/1410.pdf HTTP/1.1" 200 193159
201.245.192.253 - - [08/Jun/2015:09:22:02 -0500] "GET /galeria/nivo-slider/demo/images/GAE-banner.jpg HTTP/1.1" 304 -
207.46.13.104 - - [08/Jun/2015:09:22:02 -0500] "GET /BLA/resoluciones/AUTOS%202009/2751.pdf HTTP/1.1" 200 92807
180.76.15.15 - - [08/Jun/2015:09:22:15 -0500] "GET /BLA/resoluciones/RESOLUCIONES%202014/3147.pdf HTTP/1.1" 200 444275
190.25.157.12 - - [08/Jun/2015:09:22:17 -0500] "GET /forms/frmservlet?config=sia HTTP/1.1" 200 4088
190.25.157.12 - - [08/Jun/2015:09:22:17 -0500] "GET /favicon.ico HTTP/1.1" 200 7782
190.25.157.12 - - [08/Jun/2015:09:22:21 -0500] "GET /forms/frmservlet?config=sia HTTP/1.1" 200 4088
157.55.39.10 - - [08/Jun/2015:09:22:21 -0500] "GET /bla/resoluciones/resoluciones%202010/1868.pdf HTTP/1.1" 200 259063
157.55.39.10 - - [08/Jun/2015:09:22:22 -0500] "GET /bla/resoluciones/autos%202010/1454.pdf HTTP/1.1" 200 268931
190.25.157.12 - - [08/Jun/2015:09:22:22 -0500] "GET /forms/java/frmall_jinit.jar HTTP/1.1" 304 -
190.25.157.12 - - [08/Jun/2015:09:22:23 -0500] "GET /forms/java/icons.jar HTTP/1.1" 304 -
190.25.157.12 - - [08/Jun/2015:09:22:23 -0500] "GET /forms/java/java/awt/KeyboardFocusManager.class HTTP/1.1" 404 352
190.25.157.12 - - [08/Jun/2015:09:22:23 -0500] "GET /forms/java/java/awt/event/MouseWheelListener.class HTTP/1.1" 404 356
190.25.157.12 - - [08/Jun/2015:09:22:23 -0500] "GET /forms/java/oracle/forms/registry/Registry.dat HTTP/1.1" 200 4213
190.25.157.12 - - [08/Jun/2015:09:22:23 -0500] "GET /forms/java/oracle/forms/registry/default.dat HTTP/1.1" 404 350
190.25.157.12 - - [08/Jun/2015:09:22:23 -0500] "GET /forms/frmservlet?config=sia&acceptLanguage=es-ar,es;q=0.8,en-us;q=0.5,en;q=0.3&ifcmd=startsession HTTP/1.1" 200 118
190.25.157.12 - - [08/Jun/2015:09:22:23 -0500] "GET /forms/lservlet;jsessionid=ac16012b30d67c61dff4bcf141b0abf18cb7e96759d3.e3iSbxaKaheRe34MbhmNaxqNb41ynknvrkLOlQzNp65In0?ifcmd=getinfo&ifhost=arb012382&ifip=192.168.11.78 HTTP/1.1" 200 8
190.25.157.12 - - [08/Jun/2015:09:22:23 -0500] "POST /forms/lservlet;jsessionid=ac16012b30d67c61dff4bcf141b0abf18cb7e96759d3.e3iSbxaKaheRe34MbhmNaxqNb41ynknvrkLOlQzNp65In0 HTTP/1.1" 200 8
190.25.157.12 - - [08/Jun/2015:09:22:24 -0500] "GET /forms/java/oracle/forms/engine/RunformBundle_es_CO.class HTTP/1.1" 404 362
190.25.157.12 - - [08/Jun/2015:09:22:24 -0500] "GET /forms/java/oracle/forms/engine/RunformBundle_es_CO.properties HTTP/1.1" 404 367
190.25.157.12 - - [08/Jun/2015:09:22:25 -0500] "POST /forms/lservlet;jsessionid=ac16012b30d67c61dff4bcf141b0abf18cb7e96759d3.e3iSbxaKaheRe34MbhmNaxqNb41ynknvrkLOlQzNp65In0 HTTP/1.1" 200 64000
190.25.157.12 - - [08/Jun/2015:09:22:25 -0500] "POST /forms/lservlet;jsessionid=ac16012b30d67c61dff4bcf141b0abf18cb7e96759d3.e3iSbxaKaheRe34MbhmNaxqNb41ynknvrkLOlQzNp65In0 HTTP/1.1" 200 64000
190.25.157.12 - - [08/Jun/2015:09:22:25 -0500] "POST /forms/lservlet;jsessionid=ac16012b30d67c61dff4bcf141b0abf18cb7e96759d3.e3iSbxaKaheRe34MbhmNaxqNb41ynknvrkLOlQzNp65In0 HTTP/1.1" 200 63623
190.25.157.12 - - [08/Jun/2015:09:22:26 -0500] "HEAD /imagenes/dama_logo.gif HTTP/1.1" 200 -
190.25.157.12 - - [08/Jun/2015:09:22:26 -0500] "GET /imagenes/dama_logo.gif HTTP/1.1" 200 21482
190.25.157.12 - - [08/Jun/2015:09:22:26 -0500] "POST /forms/lservlet;jsessionid=ac16012b30d67c61dff4bcf141b0abf18cb7e96759d3.e3iSbxaKaheRe34MbhmNaxqNb41ynknvrkLOlQzNp65In0 HTTP/1.1" 200 2
190.25.157.12 - - [08/Jun/2015:09:22:26 -0500] "POST /forms/lservlet;jsessionid=ac16012b30d67c61dff4bcf141b0abf18cb7e96759d3.e3iSbxaKaheRe34MbhmNaxqNb41ynknvrkLOlQzNp65In0 HTTP/1.1" 200 2
180.76.15.9 - - [08/Jun/2015:09:22:32 -0500] "GET /BLA/resoluciones/RESOLUCIONES%202008/2713.pdf HTTP/1.1" 200 431663
181.55.242.241 - - [08/Jun/2015:09:16:32 -0500] "GET /ForestMSG_SDA/channelAsync/template_word_18330514?X-Atmosphere-tracking-id=a5e36ce9-afc1-68e4-9a52-d8174e566867&X-Atmosphere-Framework=1.0.5&X-Atmosphere-Transport=long-polling&tabid=0.2750820030923933&X-Cache-Date=0&Content-Type=application/xml&_=1433773151275 HTTP/1.1" 200 8193
190.25.157.12 - - [08/Jun/2015:09:22:38 -0500] "POST /forms/lservlet;jsessionid=ac16012b30d67c61dff4bcf141b0abf18cb7e96759d3.e3iSbxaKaheRe34MbhmNaxqNb41ynknvrkLOlQzNp65In0 HTTP/1.1" 200 7971
190.25.157.12 - - [08/Jun/2015:09:22:39 -0500] "POST /forms/lservlet;jsessionid=ac16012b30d67c61dff4bcf141b0abf18cb7e96759d3.e3iSbxaKaheRe34MbhmNaxqNb41ynknvrkLOlQzNp65In0 HTTP/1.1" 200 64
190.25.157.12 - - [08/Jun/2015:09:22:39 -0500] "POST /forms/lservlet;jsessionid=ac16012b30d67c61dff4bcf141b0abf18cb7e96759d3.e3iSbxaKaheRe34MbhmNaxqNb41ynknvrkLOlQzNp65In0 HTTP/1.1" 200 2
190.25.157.12 - - [08/Jun/2015:09:22:39 -0500] "POST /forms/lservlet;jsessionid=ac16012b30d67c61dff4bcf141b0abf18cb7e96759d3.e3iSbxaKaheRe34MbhmNaxqNb41ynknvrkLOlQzNp65In0 HTTP/1.1" 200 2
190.25.157.12 - - [08/Jun/2015:09:22:39 -0500] "POST /forms/lservlet;jsessionid=ac16012b30d67c61dff4bcf141b0abf18cb7e96759d3.e3iSbxaKaheRe34MbhmNaxqNb41ynknvrkLOlQzNp65In0 HTTP/1.1" 200 2
181.55.242.241 - - [08/Jun/2015:09:22:41 -0500] "GET /forest/skins/gdocs-jar/img/expandido.gif HTTP/1.1" 304 -
66.249.64.228 - - [08/Jun/2015:09:22:41 -0500] "GET /BLA/resoluciones/AUTOS%202014/5253.pdf HTTP/1.1" 200 568999
181.55.242.241 - - [08/Jun/2015:09:22:40 -0500] "GET /forest/usugrafico.do?_a=0.43367021111771464&group_system_actual=3 HTTP/1.1" 200 60719
181.55.242.241 - - [08/Jun/2015:09:22:41 -0500] "GET /forest/skins/gdocs-jar/img/activity2.gif HTTP/1.1" 304 -
181.55.242.241 - - [08/Jun/2015:09:22:41 -0500] "GET /forest/skins/gdocs-jar/img/itemlist.gif HTTP/1.1" 304 -
181.55.242.241 - - [08/Jun/2015:09:22:41 -0500] "GET /forest/skins/gdocs-jar/img/mueveactividad.gif HTTP/1.1" 304 -
181.55.242.241 - - [08/Jun/2015:09:22:41 -0500] "GET /forest/session.jsp?a=0.19372695591300726 HTTP/1.1" 200 4
74.86.158.107 - - [08/Jun/2015:09:22:45 -0500] "HEAD / HTTP/1.1" 200 -
190.25.157.12 - - [08/Jun/2015:09:22:45 -0500] "POST /forms/lservlet;jsessionid=ac16012b30d67c61dff4bcf141b0abf18cb7e96759d3.e3iSbxaKaheRe34MbhmNaxqNb41ynknvrkLOlQzNp65In0 HTTP/1.1" 200 34710
190.25.157.12 - - [08/Jun/2015:09:22:45 -0500] "GET /imagenes/listval.gif HTTP/1.1" 200 905
190.25.157.12 - - [08/Jun/2015:09:22:45 -0500] "GET /imagenes/tree1.gif HTTP/1.1" 200 1161
190.25.157.12 - - [08/Jun/2015:09:22:45 -0500] "GET /imagenes/listval.gif HTTP/1.1" 200 905
190.25.157.12 - - [08/Jun/2015:09:22:45 -0500] "GET /imagenes/CAMERA3.gif HTTP/1.1" 200 4150
190.25.157.12 - - [08/Jun/2015:09:22:45 -0500] "GET /imagenes/SLIDE1.gif HTTP/1.1" 200 1111
190.25.157.12 - - [08/Jun/2015:09:22:45 -0500] "GET /imagenes/flexcomb.gif HTTP/1.1" 200 1169
190.25.157.12 - - [08/Jun/2015:09:22:45 -0500] "GET /imagenes/GO.gif HTTP/1.1" 200 904
190.25.157.12 - - [08/Jun/2015:09:22:45 -0500] "GET /imagenes/HRTOOLS.gif HTTP/1.1" 200 2238
190.25.157.12 - - [08/Jun/2015:09:22:45 -0500] "GET /imagenes/rt_rec1.gif HTTP/1.1" 200 867
190.25.157.12 - - [08/Jun/2015:09:22:45 -0500] "GET /imagenes/apply.gif HTTP/1.1" 200 903
190.25.157.12 - - [08/Jun/2015:09:22:45 -0500] "GET /imagenes/exit.gif HTTP/1.1" 200 916
190.25.157.12 - - [08/Jun/2015:09:22:45 -0500] "GET /imagenes/LISTVAL.gif HTTP/1.1" 200 905
190.25.157.12 - - [08/Jun/2015:09:22:45 -0500] "GET /imagenes/edit.gif HTTP/1.1" 200 919
190.25.157.12 - - [08/Jun/2015:09:22:45 -0500] "GET /imagenes/rt_rec4.gif HTTP/1.1" 200 865
190.25.157.12 - - [08/Jun/2015:09:22:45 -0500] "GET /imagenes/rt_rec3.gif HTTP/1.1" 200 844
190.25.157.12 - - [08/Jun/2015:09:22:45 -0500] "GET /imagenes/rt_rec2.gif HTTP/1.1" 200 847
190.25.157.12 - - [08/Jun/2015:09:22:45 -0500] "GET /imagenes/rt_rdel.gif HTTP/1.1" 200 899
190.25.157.12 - - [08/Jun/2015:09:22:45 -0500] "GET /imagenes/rt_radd.gif HTTP/1.1" 200 907
190.25.157.12 - - [08/Jun/2015:09:22:45 -0500] "GET /imagenes/rt_quer3.gif HTTP/1.1" 200 939
190.25.157.12 - - [08/Jun/2015:09:22:45 -0500] "GET /imagenes/rt_quer2.gif HTTP/1.1" 200 936
190.25.157.12 - - [08/Jun/2015:09:22:45 -0500] "GET /imagenes/rt_quer1.gif HTTP/1.1" 200 930
190.25.157.12 - - [08/Jun/2015:09:22:45 -0500] "GET /imagenes/rt_save.gif HTTP/1.1" 200 903
190.25.157.12 - - [08/Jun/2015:09:22:46 -0500] "GET /imagenes/rt_pset.gif HTTP/1.1" 200 914
190.25.157.12 - - [08/Jun/2015:09:22:46 -0500] "GET /imagenes/QUEJA.gif HTTP/1.1" 200 1091
190.25.157.12 - - [08/Jun/2015:09:22:46 -0500] "GET /imagenes/ARBOL.gif HTTP/1.1" 200 1026
190.25.157.12 - - [08/Jun/2015:09:22:46 -0500] "GET /imagenes/Clipboard.gif HTTP/1.1" 200 1466
190.25.157.12 - - [08/Jun/2015:09:22:46 -0500] "GET /imagenes/DINERO.gif HTTP/1.1" 200 1766
190.25.157.12 - - [08/Jun/2015:09:22:46 -0500] "GET /imagenes/URGENTE.gif HTTP/1.1" 200 964
190.25.157.12 - - [08/Jun/2015:09:22:46 -0500] "GET /imagenes/TREE4.gif HTTP/1.1" 200 4150
190.25.157.12 - - [08/Jun/2015:09:22:46 -0500] "POST /forms/lservlet;jsessionid=ac16012b30d67c61dff4bcf141b0abf18cb7e96759d3.e3iSbxaKaheRe34MbhmNaxqNb41ynknvrkLOlQzNp65In0 HTTP/1.1" 200 7
190.25.157.12 - - [08/Jun/2015:09:22:46 -0500] "POST /forms/lservlet;jsessionid=ac16012b30d67c61dff4bcf141b0abf18cb7e96759d3.e3iSbxaKaheRe34MbhmNaxqNb41ynknvrkLOlQzNp65In0 HTTP/1.1" 200 34
190.25.157.12 - - [08/Jun/2015:09:22:46 -0500] "POST /forms/lservlet;jsessionid=ac16012b30d67c61dff4bcf141b0abf18cb7e96759d3.e3iSbxaKaheRe34MbhmNaxqNb41ynknvrkLOlQzNp65In0 HTTP/1.1" 200 2
207.46.13.68 - - [08/Jun/2015:09:22:46 -0500] "GET /BLA/resoluciones/AUTOS%202012/1083.pdf HTTP/1.1" 200 248030
207.46.13.68 - - [08/Jun/2015:09:22:47 -0500] "GET /bla/resoluciones/RESOLUCIONES%202011/5656.pdf HTTP/1.1" 200 254939
181.55.242.241 - - [08/Jun/2015:09:22:48 -0500] "GET /forest/skins/gdocs-jar/img/contraido.gif HTTP/1.1" 304 -
190.25.157.12 - - [08/Jun/2015:09:22:48 -0500] "POST /forms/lservlet;jsessionid=ac16012b30d67c61dff4bcf141b0abf18cb7e96759d3.e3iSbxaKaheRe34MbhmNaxqNb41ynknvrkLOlQzNp65In0 HTTP/1.1" 200 647
180.76.15.14 - - [08/Jun/2015:09:22:49 -0500] "GET /BLA/resoluciones/RESOLUCIONES%202014/1274.pdf HTTP/1.1" 200 766219
181.55.242.241 - - [08/Jun/2015:09:23:03 -0500] "GET /forest/usutareas.do?_a=0.9100142347160727&group_system_actual=3 HTTP/1.1" 200 142061
181.55.242.241 - - [08/Jun/2015:09:21:12 -0500] "GET /ForestMSG_SDA/channelAsync/template_word_18195790?X-Atmosphere-tracking-id=bab08ba5-5242-8ac7-2223-6338fb74df23&X-Atmosphere-Framework=1.0.5&X-Atmosphere-Transport=long-polling&tabid=0.7386435579974204&X-Cache-Date=0&Content-Type=application/xml&_=1433773430885 HTTP/1.1" 200 8193
181.55.242.241 - - [08/Jun/2015:09:23:04 -0500] "GET /forest/session.jsp?a=0.9964208675082773 HTTP/1.1" 200 4
190.25.157.12 - - [08/Jun/2015:09:23:05 -0500] "POST /forms/lservlet;jsessionid=ac16012b30d67c61dff4bcf141b0abf18cb7e96759d3.e3iSbxaKaheRe34MbhmNaxqNb41ynknvrkLOlQzNp65In0 HTTP/1.1" 200 24
157.55.39.10 - - [08/Jun/2015:09:23:05 -0500] "GET /BLA/resoluciones/RESOLUCIONES%202010/3345.pdf HTTP/1.1" 200 514343
190.25.157.12 - - [08/Jun/2015:09:23:05 -0500] "POST /forms/lservlet;jsessionid=ac16012b30d67c61dff4bcf141b0abf18cb7e96759d3.e3iSbxaKaheRe34MbhmNaxqNb41ynknvrkLOlQzNp65In0 HTTP/1.1" 200 4631
190.25.157.12 - - [08/Jun/2015:09:23:06 -0500] "POST /forms/lservlet;jsessionid=ac16012b30d67c61dff4bcf141b0abf18cb7e96759d3.e3iSbxaKaheRe34MbhmNaxqNb41ynknvrkLOlQzNp65In0 HTTP/1.1" 200 2
157.55.39.10 - - [08/Jun/2015:09:23:06 -0500] "GET /BLA/resoluciones/RESOLUCIONES%202008/3915.pdf HTTP/1.1" 200 203621
207.46.13.104 - - [08/Jun/2015:09:23:06 -0500] "GET /BLA/resoluciones/AUTOS%202010/1349.pdf HTTP/1.1" 200 173520
207.46.13.104 - - [08/Jun/2015:09:23:06 -0500] "GET /BLA/resoluciones/RESOLUCIONES%202008/1806.pdf HTTP/1.1" 200 49644
180.76.15.11 - - [08/Jun/2015:09:23:06 -0500] "GET /BLA/resoluciones/RESOLUCIONES%202014/1823.pdf HTTP/1.1" 200 312100
207.46.13.104 - - [08/Jun/2015:09:23:07 -0500] "GET /BLA/resoluciones/RESOLUCIONES%202008/2215.pdf HTTP/1.1" 200 406836
207.46.13.104 - - [08/Jun/2015:09:23:07 -0500] "GET /bla/resoluciones/autos%202010/4583.pdf HTTP/1.1" 200 172691
190.25.157.12 - - [08/Jun/2015:09:23:08 -0500] "POST /forms/lservlet;jsessionid=ac16012b30d67c61dff4bcf141b0abf18cb7e96759d3.e3iSbxaKaheRe34MbhmNaxqNb41ynknvrkLOlQzNp65In0 HTTP/1.1" 200 2
190.25.157.12 - - [08/Jun/2015:09:23:08 -0500] "POST /forms/lservlet;jsessionid=ac16012b30d67c61dff4bcf141b0abf18cb7e96759d3.e3iSbxaKaheRe34MbhmNaxqNb41ynknvrkLOlQzNp65In0 HTTP/1.1" 200 14
181.133.9.159 - - [08/Jun/2015:09:23:10 -0500] "GET /BLA/boletinlegal/js/jquery.scrollShow.js HTTP/1.1" 200 4586
181.133.9.159 - - [08/Jun/2015:09:23:10 -0500] "GET /BLA/boletinlegal/js/jquery.scrollTo-min.js HTTP/1.1" 200 1150
181.133.9.159 - - [08/Jun/2015:09:23:10 -0500] "GET /galeria/galeria/jquery.fancybox.js?v=2.1.5 HTTP/1.1" 200 48706
181.133.9.159 - - [08/Jun/2015:09:23:11 -0500] "GET /galeria/galeria/jquery.fancybox.css?v=2.1.5 HTTP/1.1" 200 4895
190.25.157.12 - - [08/Jun/2015:09:23:10 -0500] "POST /forms/lservlet;jsessionid=ac16012b30d67c61dff4bcf141b0abf18cb7e96759d3.e3iSbxaKaheRe34MbhmNaxqNb41ynknvrkLOlQzNp65In0 HTTP/1.1" 200 14
190.25.157.12 - - [08/Jun/2015:09:23:11 -0500] "POST /forms/lservlet;jsessionid=ac16012b30d67c61dff4bcf141b0abf18cb7e96759d3.e3iSbxaKaheRe34MbhmNaxqNb41ynknvrkLOlQzNp65In0 HTTP/1.1" 200 14
191.102.114.22 - - [08/Jun/2015:09:23:13 -0500] "GET /galeria/galeria/jquery.fancybox.css?v=2.1.5 HTTP/1.1" 200 4895
191.102.114.22 - - [08/Jun/2015:09:23:13 -0500] "GET /BLA/boletinlegal/js/jquery.scrollTo-min.js HTTP/1.1" 200 1150
191.102.114.22 - - [08/Jun/2015:09:23:13 -0500] "GET /BLA/boletinlegal/js/jquery.scrollShow.js HTTP/1.1" 200 4586
191.102.114.22 - - [08/Jun/2015:09:23:13 -0500] "GET /galeria/galeria/jquery.fancybox.js?v=2.1.5 HTTP/1.1" 200 48706
190.25.157.12 - - [08/Jun/2015:09:23:12 -0500] "POST /forms/lservlet;jsessionid=ac16012b30d67c61dff4bcf141b0abf18cb7e96759d3.e3iSbxaKaheRe34MbhmNaxqNb41ynknvrkLOlQzNp65In0 HTTP/1.1" 200 14
190.25.157.12 - - [08/Jun/2015:09:23:14 -0500] "POST /forms/lservlet;jsessionid=ac16012b30d67c61dff4bcf141b0abf18cb7e96759d3.e3iSbxaKaheRe34MbhmNaxqNb41ynknvrkLOlQzNp65In0 HTTP/1.1" 200 15
181.55.242.241 - - [08/Jun/2015:09:23:16 -0500] "GET /forest/documentos/1784635/2014ER014269.pdf HTTP/1.1" 200 335683
190.25.157.12 - - [08/Jun/2015:09:23:17 -0500] "POST /forms/lservlet;jsessionid=ac16012b30d67c61dff4bcf141b0abf18cb7e96759d3.e3iSbxaKaheRe34MbhmNaxqNb41ynknvrkLOlQzNp65In0 HTTP/1.1" 200 15
181.133.9.159 - - [08/Jun/2015:09:23:19 -0500] "GET /BLA/boletinlegal/js/jquery.scrollTo-min.js HTTP/1.1" 304 -
181.133.9.159 - - [08/Jun/2015:09:23:19 -0500] "GET /galeria/galeria/jquery.fancybox.css?v=2.1.5 HTTP/1.1" 304 -
181.133.9.159 - - [08/Jun/2015:09:23:19 -0500] "GET /BLA/boletinlegal/js/jquery.scrollShow.js HTTP/1.1" 304 -
181.133.9.159 - - [08/Jun/2015:09:23:19 -0500] "GET /galeria/galeria/jquery.fancybox.js?v=2.1.5 HTTP/1.1" 304 -
190.25.157.12 - - [08/Jun/2015:09:23:21 -0500] "POST /forms/lservlet;jsessionid=ac16012b30d67c61dff4bcf141b0abf18cb7e96759d3.e3iSbxaKaheRe34MbhmNaxqNb41ynknvrkLOlQzNp65In0 HTTP/1.1" 200 131
190.25.157.12 - - [08/Jun/2015:09:23:21 -0500] "POST /forms/lservlet;jsessionid=ac16012b30d67c61dff4bcf141b0abf18cb7e96759d3.e3iSbxaKaheRe34MbhmNaxqNb41ynknvrkLOlQzNp65In0 HTTP/1.1" 200 2
180.76.15.158 - - [08/Jun/2015:09:23:24 -0500] "GET /BLA/resoluciones/RESOLUCIONES%202014/1803.pdf HTTP/1.1" 200 10504197
207.46.13.104 - - [08/Jun/2015:09:23:33 -0500] "GET /bla/resoluciones/resoluciones%202010/0490.pdf HTTP/1.1" 200 101896
190.25.157.12 - - [08/Jun/2015:09:23:21 -0500] "GET /reports/rwservlet/getjobid352659?server=rep_srvapsda HTTP/1.1" 200 9898014
191.102.114.22 - - [08/Jun/2015:09:23:36 -0500] "GET /galeria/galeria/jquery.fancybox.css?v=2.1.5 HTTP/1.1" 304 -
191.102.114.22 - - [08/Jun/2015:09:23:36 -0500] "GET /BLA/boletinlegal/js/jquery.scrollTo-min.js HTTP/1.1" 304 -
191.102.114.22 - - [08/Jun/2015:09:23:36 -0500] "GET /BLA/boletinlegal/js/jquery.scrollShow.js HTTP/1.1" 304 -
191.102.114.22 - - [08/Jun/2015:09:23:36 -0500] "GET /galeria/galeria/jquery.fancybox.js?v=2.1.5 HTTP/1.1" 304 -
66.249.64.116 - - [08/Jun/2015:09:23:37 -0500] "GET /BLA/boletinlegal/jurisprudencia/analisis/CUADRO%20SENTENCIA%20C-222%20DE%202011.doc HTTP/1.1" 304 -
180.76.15.137 - - [08/Jun/2015:09:23:41 -0500] "GET /BLA/resoluciones/RESOLUCIONES%202014/0205.pdf HTTP/1.1" 200 607026
157.55.39.134 - - [08/Jun/2015:09:23:52 -0500] "GET /BLA/resoluciones/AUTOS%202012/0821.pdf HTTP/1.1" 200 379000
157.55.39.134 - - [08/Jun/2015:09:23:54 -0500] "GET /bla/resoluciones/autos%202010/6818.pdf HTTP/1.1" 200 151172
157.55.39.134 - - [08/Jun/2015:09:23:54 -0500] "GET /BLA/resoluciones/RESOLUCIONES%202008/3853.pdf HTTP/1.1" 200 430129
180.76.15.15 - - [08/Jun/2015:09:23:58 -0500] "GET /BLA/resoluciones/RESOLUCIONES%202014/2013.pdf HTTP/1.1" 200 460863
190.25.157.12 - - [08/Jun/2015:09:24:01 -0500] "POST /forms/lservlet;jsessionid=ac16012b30d67c61dff4bcf141b0abf18cb7e96759d3.e3iSbxaKaheRe34MbhmNaxqNb41ynknvrkLOlQzNp65In0 HTTP/1.1" 200 2
207.46.13.104 - - [08/Jun/2015:09:24:01 -0500] "GET /BLA/resoluciones/RESOLUCIONES%202011/2382.pdf HTTP/1.1" 200 357347
190.25.157.12 - - [08/Jun/2015:09:24:01 -0500] "POST /forms/lservlet;jsessionid=ac16012b30d67c61dff4bcf141b0abf18cb7e96759d3.e3iSbxaKaheRe34MbhmNaxqNb41ynknvrkLOlQzNp65In0 HTTP/1.1" 200 14
190.25.157.12 - - [08/Jun/2015:09:24:02 -0500] "POST /forms/lservlet;jsessionid=ac16012b30d67c61dff4bcf141b0abf18cb7e96759d3.e3iSbxaKaheRe34MbhmNaxqNb41ynknvrkLOlQzNp65In0 HTTP/1.1" 200 14
190.25.157.12 - - [08/Jun/2015:09:24:03 -0500] "POST /forms/lservlet;jsessionid=ac16012b30d67c61dff4bcf141b0abf18cb7e96759d3.e3iSbxaKaheRe34MbhmNaxqNb41ynknvrkLOlQzNp65In0 HTTP/1.1" 200 116
190.25.157.12 - - [08/Jun/2015:09:24:03 -0500] "POST /forms/lservlet;jsessionid=ac16012b30d67c61dff4bcf141b0abf18cb7e96759d3.e3iSbxaKaheRe34MbhmNaxqNb41ynknvrkLOlQzNp65In0 HTTP/1.1" 200 2
190.25.157.12 - - [08/Jun/2015:09:24:03 -0500] "GET /reports/rwservlet/getjobid352660?server=rep_srvapsda HTTP/1.1" 200 48056
207.46.13.104 - - [08/Jun/2015:09:24:05 -0500] "GET /bla/resoluciones/RESOLUCIONES%202011/3499.pdf HTTP/1.1" 200 767725
180.76.15.135 - - [08/Jun/2015:09:24:15 -0500] "GET /BLA/resoluciones/RESOLUCIONES%202014/3290.pdf HTTP/1.1" 200 452098
181.55.242.241 - - [08/Jun/2015:09:24:15 -0500] "GET /forest/documentos/1790005/2014EE019639.doc HTTP/1.1" 200 249856
190.25.157.12 - - [08/Jun/2015:09:24:16 -0500] "POST /forms/lservlet;jsessionid=ac16012b30d67c61dff4bcf141b0abf18cb7e96759d3.e3iSbxaKaheRe34MbhmNaxqNb41ynknvrkLOlQzNp65In0 HTTP/1.1" 200 2
190.25.157.12 - - [08/Jun/2015:09:24:17 -0500] "POST /forms/lservlet;jsessionid=ac16012b30d67c61dff4bcf141b0abf18cb7e96759d3.e3iSbxaKaheRe34MbhmNaxqNb41ynknvrkLOlQzNp65In0 HTTP/1.1" 200 113
190.25.157.12 - - [08/Jun/2015:09:24:17 -0500] "POST /forms/lservlet;jsessionid=ac16012b30d67c61dff4bcf141b0abf18cb7e96759d3.e3iSbxaKaheRe34MbhmNaxqNb41ynknvrkLOlQzNp65In0 HTTP/1.1" 200 2
190.25.157.12 - - [08/Jun/2015:09:24:17 -0500] "GET /reports/rwservlet/getjobid352661?server=rep_srvapsda HTTP/1.1" 200 67515
207.46.13.104 - - [08/Jun/2015:09:24:20 -0500] "GET /BLA/resoluciones/RESOLUCIONES%202008/0090.pdf HTTP/1.1" 200 315747
207.46.13.104 - - [08/Jun/2015:09:24:20 -0500] "GET /BLA/resoluciones/RESOLUCIONES%202013/1787.pdf HTTP/1.1" 200 298055
207.46.13.104 - - [08/Jun/2015:09:24:21 -0500] "GET /bla/resoluciones/resoluciones%202010/1706.pdf HTTP/1.1" 200 428788
207.46.13.104 - - [08/Jun/2015:09:24:21 -0500] "GET /bla/resoluciones/resoluciones%202010/6094.pdf HTTP/1.1" 200 243156
207.46.13.104 - - [08/Jun/2015:09:24:22 -0500] "GET /bla/resoluciones/RESOLUCIONES%202009/5789.pdf HTTP/1.1" 200 1207604
207.46.13.104 - - [08/Jun/2015:09:24:22 -0500] "GET /BLA/resoluciones/RESOLUCIONES%202014/1833.pdf HTTP/1.1" 200 193598
207.46.13.104 - - [08/Jun/2015:09:24:23 -0500] "GET /BLA/resoluciones/AUTOS%202009/0026.pdf HTTP/1.1" 200 487098
201.245.192.253 - - [08/Jun/2015:09:21:24 -0500] "GET /ForestMSG_SDA/channelAsync/template_word_18303147?X-Atmosphere-tracking-id=ef7b8cca-22a0-3631-7219-93916646b115&X-Atmosphere-Framework=1.0.5&X-Atmosphere-Transport=long-polling&tabid=0.1128270248301344&X-Cache-Date=0&Content-Type=application/xml&_=1433773346944 HTTP/1.1" 200 8193
190.25.157.12 - - [08/Jun/2015:09:24:24 -0500] "POST /forms/lservlet;jsessionid=ac16012b30d67c61dff4bcf141b0abf18cb7e96759d3.e3iSbxaKaheRe34MbhmNaxqNb41ynknvrkLOlQzNp65In0 HTTP/1.1" 200 2
192.109.145.42 - - [08/Jun/2015:09:24:25 -0500] "GET /galeria/nivo-slider/demo/images/Comparendo-ambiental-Banner.jpg HTTP/1.1" 304 -
157.55.39.11 - - [08/Jun/2015:09:24:26 -0500] "GET /bla/resoluciones/resoluciones%202010/1233.pdf HTTP/1.1" 200 101146
157.55.39.11 - - [08/Jun/2015:09:24:26 -0500] "GET /BLA/resoluciones/RESOLUCIONES%202014/1598.pdf HTTP/1.1" 200 725260
157.55.39.11 - - [08/Jun/2015:09:24:27 -0500] "GET /BLA/resoluciones/RESOLUCIONES%202008/5102.pdf HTTP/1.1" 200 412041
157.55.39.11 - - [08/Jun/2015:09:24:27 -0500] "GET /bla/resoluciones/resoluciones%202009/4195.pdf HTTP/1.1" 200 1044588
190.25.157.12 - - [08/Jun/2015:09:24:30 -0500] "POST /forms/lservlet;jsessionid=ac16012b30d67c61dff4bcf141b0abf18cb7e96759d3.e3iSbxaKaheRe34MbhmNaxqNb41ynknvrkLOlQzNp65In0 HTTP/1.1" 200 2356
207.46.13.68 - - [08/Jun/2015:09:24:31 -0500] "GET /bla/resoluciones/resoluciones%202010/1899.pdf HTTP/1.1" 200 332820
207.46.13.68 - - [08/Jun/2015:09:24:31 -0500] "GET /BLA/resoluciones/AUTOS%202010/5809.pdf HTTP/1.1" 200 339097
180.76.15.25 - - [08/Jun/2015:09:24:33 -0500] "GET /BLA/resoluciones/Notificaciones/AUTOS%202014/5761.doc HTTP/1.1" 200 231424
66.249.64.223 - - [08/Jun/2015:09:24:34 -0500] "GET /BLA/resoluciones/AUTOS%202014/0816.pdf HTTP/1.1" 200 493096
179.27.3.98 - - [08/Jun/2015:09:24:36 -0500] "GET /BLA/boletinlegal/js/jquery.scrollShow.js HTTP/1.0" 200 4586
179.27.3.98 - - [08/Jun/2015:09:24:36 -0500] "GET /galeria/galeria/jquery.fancybox.css?v=2.1.5 HTTP/1.0" 304 -
179.27.3.98 - - [08/Jun/2015:09:24:37 -0500] "GET /galeria/galeria/jquery.fancybox.js?v=2.1.5 HTTP/1.0" 304 -
201.245.192.253 - - [08/Jun/2015:09:24:42 -0500] "GET /galeria/nivo-slider/demo/images/Semana-Ambiental.jpg HTTP/1.1" 304 -
190.25.157.12 - - [08/Jun/2015:09:24:44 -0500] "POST /forms/lservlet;jsessionid=ac16012b30d67c61dff4bcf141b0abf18cb7e96759d3.e3iSbxaKaheRe34MbhmNaxqNb41ynknvrkLOlQzNp65In0 HTTP/1.1" 200 24
190.25.157.12 - - [08/Jun/2015:09:24:44 -0500] "POST /forms/lservlet;jsessionid=ac16012b30d67c61dff4bcf141b0abf18cb7e96759d3.e3iSbxaKaheRe34MbhmNaxqNb41ynknvrkLOlQzNp65In0 HTTP/1.1" 200 4114
190.25.157.12 - - [08/Jun/2015:09:24:45 -0500] "POST /forms/lservlet;jsessionid=ac16012b30d67c61dff4bcf141b0abf18cb7e96759d3.e3iSbxaKaheRe34MbhmNaxqNb41ynknvrkLOlQzNp65In0 HTTP/1.1" 200 2
190.25.157.12 - - [08/Jun/2015:09:24:47 -0500] "POST /forms/lservlet;jsessionid=ac16012b30d67c61dff4bcf141b0abf18cb7e96759d3.e3iSbxaKaheRe34MbhmNaxqNb41ynknvrkLOlQzNp65In0 HTTP/1.1" 200 2
190.25.157.12 - - [08/Jun/2015:09:24:47 -0500] "POST /forms/lservlet;jsessionid=ac16012b30d67c61dff4bcf141b0abf18cb7e96759d3.e3iSbxaKaheRe34MbhmNaxqNb41ynknvrkLOlQzNp65In0 HTTP/1.1" 200 14
207.46.13.68 - - [08/Jun/2015:09:24:49 -0500] "GET /BLA/resoluciones/AUTOS%202010/5565.pdf HTTP/1.1" 200 665940
190.25.157.12 - - [08/Jun/2015:09:24:48 -0500] "POST /forms/lservlet;jsessionid=ac16012b30d67c61dff4bcf141b0abf18cb7e96759d3.e3iSbxaKaheRe34MbhmNaxqNb41ynknvrkLOlQzNp65In0 HTTP/1.1" 200 14
207.46.13.68 - - [08/Jun/2015:09:24:49 -0500] "GET /bla/resoluciones/RESOLUCIONES%202011/4199.pdf HTTP/1.1" 200 788002
180.76.15.144 - - [08/Jun/2015:09:24:50 -0500] "GET /BLA/resoluciones/RESOLUCIONES%202007/RES%202007%203301%20AL%203400/RESOLUCION%203358%20DE%202007.pdf HTTP/1.1" 200 445168
190.25.157.12 - - [08/Jun/2015:09:24:49 -0500] "POST /forms/lservlet;jsessionid=ac16012b30d67c61dff4bcf141b0abf18cb7e96759d3.e3iSbxaKaheRe34MbhmNaxqNb41ynknvrkLOlQzNp65In0 HTTP/1.1" 200 14
190.25.157.12 - - [08/Jun/2015:09:24:51 -0500] "POST /forms/lservlet;jsessionid=ac16012b30d67c61dff4bcf141b0abf18cb7e96759d3.e3iSbxaKaheRe34MbhmNaxqNb41ynknvrkLOlQzNp65In0 HTTP/1.1" 200 14
207.46.13.68 - - [08/Jun/2015:09:24:52 -0500] "GET /bla/resoluciones/RESOLUCIONES%202009/3863.pdf HTTP/1.1" 200 1179884
190.25.157.12 - - [08/Jun/2015:09:24:53 -0500] "POST /forms/lservlet;jsessionid=ac16012b30d67c61dff4bcf141b0abf18cb7e96759d3.e3iSbxaKaheRe34MbhmNaxqNb41ynknvrkLOlQzNp65In0 HTTP/1.1" 200 15
207.46.13.104 - - [08/Jun/2015:09:24:55 -0500] "GET /BLA/resoluciones/RESOLUCIONES%202008/0253.pdf HTTP/1.1" 200 232088
207.46.13.104 - - [08/Jun/2015:09:24:55 -0500] "GET /BLA/resoluciones/RESOLUCIONES%202013/0996.pdf HTTP/1.1" 200 526610
190.25.157.12 - - [08/Jun/2015:09:24:55 -0500] "POST /forms/lservlet;jsessionid=ac16012b30d67c61dff4bcf141b0abf18cb7e96759d3.e3iSbxaKaheRe34MbhmNaxqNb41ynknvrkLOlQzNp65In0 HTTP/1.1" 200 112
190.25.157.12 - - [08/Jun/2015:09:24:55 -0500] "POST /forms/lservlet;jsessionid=ac16012b30d67c61dff4bcf141b0abf18cb7e96759d3.e3iSbxaKaheRe34MbhmNaxqNb41ynknvrkLOlQzNp65In0 HTTP/1.1" 200 2
207.46.13.104 - - [08/Jun/2015:09:24:56 -0500] "GET /bla/resoluciones/resoluciones%202009/8630.pdf HTTP/1.1" 200 317309
190.158.166.149 - - [08/Jun/2015:09:24:56 -0500] "GET /BLA/boletinlegal/js/jquery.scrollTo-min.js HTTP/1.1" 200 1150
190.158.166.149 - - [08/Jun/2015:09:24:56 -0500] "GET /BLA/boletinlegal/js/jquery.scrollShow.js HTTP/1.1" 200 4586
190.158.166.149 - - [08/Jun/2015:09:24:56 -0500] "GET /galeria/galeria/jquery.fancybox.css?v=2.1.5 HTTP/1.1" 200 4895
190.158.166.149 - - [08/Jun/2015:09:24:56 -0500] "GET /galeria/galeria/jquery.fancybox.js?v=2.1.5 HTTP/1.1" 200 48706
207.46.13.104 - - [08/Jun/2015:09:24:57 -0500] "GET /BLA/resoluciones/RESOLUCIONES%202011/1588.pdf HTTP/1.1" 200 74629
190.25.157.12 - - [08/Jun/2015:09:24:55 -0500] "GET /reports/rwservlet/getjobid352662?server=rep_srvapsda HTTP/1.1" 200 1466368
207.46.13.104 - - [08/Jun/2015:09:24:57 -0500] "GET /BLA/resoluciones/RESOLUCIONES%202010/5078.pdf HTTP/1.1" 200 497905
190.25.157.12 - - [08/Jun/2015:09:25:03 -0500] "POST /forms/lservlet;jsessionid=ac16012b30d67c61dff4bcf141b0abf18cb7e96759d3.e3iSbxaKaheRe34MbhmNaxqNb41ynknvrkLOlQzNp65In0 HTTP/1.1" 200 2
190.25.157.12 - - [08/Jun/2015:09:25:03 -0500] "POST /forms/lservlet;jsessionid=ac16012b30d67c61dff4bcf141b0abf18cb7e96759d3.e3iSbxaKaheRe34MbhmNaxqNb41ynknvrkLOlQzNp65In0 HTTP/1.1" 200 14
157.55.39.10 - - [08/Jun/2015:09:25:05 -0500] "GET /bla/resoluciones/resoluciones%202010/0517.pdf HTTP/1.1" 200 380523
190.25.157.12 - - [08/Jun/2015:09:25:04 -0500] "POST /forms/lservlet;jsessionid=ac16012b30d67c61dff4bcf141b0abf18cb7e96759d3.e3iSbxaKaheRe34MbhmNaxqNb41ynknvrkLOlQzNp65In0 HTTP/1.1" 200 14
190.25.157.12 - - [08/Jun/2015:09:25:06 -0500] "POST /forms/lservlet;jsessionid=ac16012b30d67c61dff4bcf141b0abf18cb7e96759d3.e3iSbxaKaheRe34MbhmNaxqNb41ynknvrkLOlQzNp65In0 HTTP/1.1" 200 14
180.76.15.21 - - [08/Jun/2015:09:25:07 -0500] "GET /BLA/resoluciones/RESOLUCIONES%202014/1465.pdf HTTP/1.1" 200 422264
190.25.157.12 - - [08/Jun/2015:09:25:07 -0500] "POST /forms/lservlet;jsessionid=ac16012b30d67c61dff4bcf141b0abf18cb7e96759d3.e3iSbxaKaheRe34MbhmNaxqNb41ynknvrkLOlQzNp65In0 HTTP/1.1" 200 14
190.158.166.149 - - [08/Jun/2015:09:25:10 -0500] "GET /galeria/galeria/jquery.fancybox.css?v=2.1.5 HTTP/1.1" 304 -
190.158.166.149 - - [08/Jun/2015:09:25:10 -0500] "GET /BLA/boletinlegal/js/jquery.scrollTo-min.js HTTP/1.1" 304 -
190.158.166.149 - - [08/Jun/2015:09:25:10 -0500] "GET /BLA/boletinlegal/js/jquery.scrollShow.js HTTP/1.1" 304 -
190.158.166.149 - - [08/Jun/2015:09:25:10 -0500] "GET /galeria/galeria/jquery.fancybox.js?v=2.1.5 HTTP/1.1" 304 -
190.25.157.12 - - [08/Jun/2015:09:25:09 -0500] "POST /forms/lservlet;jsessionid=ac16012b30d67c61dff4bcf141b0abf18cb7e96759d3.e3iSbxaKaheRe34MbhmNaxqNb41ynknvrkLOlQzNp65In0 HTTP/1.1" 200 15
190.25.157.12 - - [08/Jun/2015:09:25:11 -0500] "POST /forms/lservlet;jsessionid=ac16012b30d67c61dff4bcf141b0abf18cb7e96759d3.e3iSbxaKaheRe34MbhmNaxqNb41ynknvrkLOlQzNp65In0 HTTP/1.1" 200 116
190.25.157.12 - - [08/Jun/2015:09:25:11 -0500] "POST /forms/lservlet;jsessionid=ac16012b30d67c61dff4bcf141b0abf18cb7e96759d3.e3iSbxaKaheRe34MbhmNaxqNb41ynknvrkLOlQzNp65In0 HTTP/1.1" 200 2
181.55.242.241 - - [08/Jun/2015:09:25:12 -0500] "GET /forest/documentos/1923402/2014ER153021.pdf HTTP/1.1" 200 247889
190.25.157.12 - - [08/Jun/2015:09:25:11 -0500] "GET /reports/rwservlet/getjobid352663?server=rep_srvapsda HTTP/1.1" 200 7551345
180.76.15.135 - - [08/Jun/2015:09:25:25 -0500] "GET /BLA/resoluciones/RESOLUCIONES%202008/1244.pdf HTTP/1.1" 200 247709
66.102.8.223 - - [08/Jun/2015:09:25:30 -0500] "GET /BLA/resoluciones/AUTOS%202008/0520.pdf HTTP/1.1" 200 62699
66.249.64.223 - - [08/Jun/2015:09:25:30 -0500] "GET /BLA/resoluciones/AUTOS%202014/5900.pdf HTTP/1.1" 200 464891
190.158.19.42 - - [08/Jun/2015:09:25:31 -0500] "GET /BLA/resoluciones/AUTOS%202008/0520.pdf HTTP/1.1" 200 62699
181.55.242.241 - - [08/Jun/2015:09:25:33 -0500] "GET /forest/documentos/1931553/2014EE161172.docx HTTP/1.1" 200 168790
66.249.81.204 - - [08/Jun/2015:09:25:37 -0500] "GET /BLA/boletinlegal/js/jquery.scrollTo-min.js HTTP/1.1" 200 1150
66.249.81.204 - - [08/Jun/2015:09:25:37 -0500] "GET /galeria/galeria/jquery.fancybox.css?v=2.1.5 HTTP/1.1" 200 4895
66.249.81.207 - - [08/Jun/2015:09:25:37 -0500] "GET /BLA/boletinlegal/js/jquery.scrollShow.js HTTP/1.1" 200 4586
66.249.81.210 - - [08/Jun/2015:09:25:37 -0500] "GET /galeria/galeria/jquery.fancybox.js?v=2.1.5 HTTP/1.1" 200 48706
66.249.64.116 - - [08/Jun/2015:09:25:40 -0500] "GET /robots.txt HTTP/1.1" 404 1019
180.76.15.34 - - [08/Jun/2015:09:25:42 -0500] "GET /BLA/resoluciones/RESOLUCIONES%202014/2584.pdf HTTP/1.1" 200 281525
66.249.81.204 - - [08/Jun/2015:09:25:44 -0500] "GET /galeria/galeria/jquery.fancybox.css?v=2.1.5 HTTP/1.1" 304 -
66.249.81.210 - - [08/Jun/2015:09:25:44 -0500] "GET /BLA/boletinlegal/js/jquery.scrollShow.js HTTP/1.1" 304 -
66.249.81.210 - - [08/Jun/2015:09:25:44 -0500] "GET /BLA/boletinlegal/js/jquery.scrollTo-min.js HTTP/1.1" 304 -
66.249.81.210 - - [08/Jun/2015:09:25:44 -0500] "GET /galeria/galeria/jquery.fancybox.js?v=2.1.5 HTTP/1.1" 304 -
207.46.13.104 - - [08/Jun/2015:09:25:47 -0500] "GET /bla/resoluciones/resoluciones%202010/5982.pdf HTTP/1.1" 200 1934222
186.85.199.28 - - [08/Jun/2015:09:25:49 -0500] "GET /BLA/boletinlegal/js/jquery.scrollShow.js HTTP/1.1" 200 4586
186.85.199.28 - - [08/Jun/2015:09:25:49 -0500] "GET /BLA/boletinlegal/js/jquery.scrollTo-min.js HTTP/1.1" 200 1150
186.85.199.28 - - [08/Jun/2015:09:25:49 -0500] "GET /galeria/galeria/jquery.fancybox.css?v=2.1.5 HTTP/1.1" 200 4895
186.85.199.28 - - [08/Jun/2015:09:25:49 -0500] "GET /galeria/galeria/jquery.fancybox.js?v=2.1.5 HTTP/1.1" 200 48706
157.55.39.134 - - [08/Jun/2015:09:25:53 -0500] "GET /bla/resoluciones/resoluciones%202011/1366.pdf HTTP/1.1" 200 66735
157.55.39.134 - - [08/Jun/2015:09:25:53 -0500] "GET /BLA/resoluciones/RESOLUCIONES%202011/5088.pdf HTTP/1.1" 200 517115
157.55.39.134 - - [08/Jun/2015:09:25:55 -0500] "GET /BLA/resoluciones/RESOLUCIONES%202010/4047.pdf HTTP/1.1" 200 734143
186.85.199.28 - - [08/Jun/2015:09:25:55 -0500] "GET /galeria/galeria/jquery.fancybox.css?v=2.1.5 HTTP/1.1" 304 -
186.85.199.28 - - [08/Jun/2015:09:25:55 -0500] "GET /BLA/boletinlegal/js/jquery.scrollTo-min.js HTTP/1.1" 304 -
186.85.199.28 - - [08/Jun/2015:09:25:55 -0500] "GET /BLA/boletinlegal/js/jquery.scrollShow.js HTTP/1.1" 304 -
186.85.199.28 - - [08/Jun/2015:09:25:55 -0500] "GET /galeria/galeria/jquery.fancybox.js?v=2.1.5 HTTP/1.1" 304 -
180.76.15.25 - - [08/Jun/2015:09:25:59 -0500] "GET /BLA/resoluciones/RESOLUCIONES%202014/2298.pdf HTTP/1.1" 200 873730
190.25.157.12 - - [08/Jun/2015:09:26:04 -0500] "POST /forms/lservlet;jsessionid=ac16012b30d67c61dff4bcf141b0abf18cb7e96759d3.e3iSbxaKaheRe34MbhmNaxqNb41ynknvrkLOlQzNp65In0 HTTP/1.1" 200 2
190.25.157.12 - - [08/Jun/2015:09:26:04 -0500] "POST /forms/lservlet;jsessionid=ac16012b30d67c61dff4bcf141b0abf18cb7e96759d3.e3iSbxaKaheRe34MbhmNaxqNb41ynknvrkLOlQzNp65In0 HTTP/1.1" 200 14
190.25.157.12 - - [08/Jun/2015:09:26:05 -0500] "POST /forms/lservlet;jsessionid=ac16012b30d67c61dff4bcf141b0abf18cb7e96759d3.e3iSbxaKaheRe34MbhmNaxqNb41ynknvrkLOlQzNp65In0 HTTP/1.1" 200 14
207.46.13.104 - - [08/Jun/2015:09:26:06 -0500] "GET /bla/resoluciones/RESOLUCIONES%202009/9200.pdf HTTP/1.1" 200 506003
190.25.157.12 - - [08/Jun/2015:09:26:06 -0500] "POST /forms/lservlet;jsessionid=ac16012b30d67c61dff4bcf141b0abf18cb7e96759d3.e3iSbxaKaheRe34MbhmNaxqNb41ynknvrkLOlQzNp65In0 HTTP/1.1" 200 113
190.25.157.12 - - [08/Jun/2015:09:26:06 -0500] "POST /forms/lservlet;jsessionid=ac16012b30d67c61dff4bcf141b0abf18cb7e96759d3.e3iSbxaKaheRe34MbhmNaxqNb41ynknvrkLOlQzNp65In0 HTTP/1.1" 200 2
190.25.157.12 - - [08/Jun/2015:09:26:06 -0500] "GET /reports/rwservlet/getjobid352664?server=rep_srvapsda HTTP/1.1" 200 47912
190.158.125.221 - - [08/Jun/2015:09:26:07 -0500] "GET /BLA/boletinlegal/js/jquery.scrollShow.js HTTP/1.1" 200 4586
190.158.125.221 - - [08/Jun/2015:09:26:07 -0500] "GET /BLA/boletinlegal/js/jquery.scrollTo-min.js HTTP/1.1" 200 1150
190.158.125.221 - - [08/Jun/2015:09:26:07 -0500] "GET /galeria/galeria/jquery.fancybox.css?v=2.1.5 HTTP/1.1" 200 4895
190.158.125.221 - - [08/Jun/2015:09:26:07 -0500] "GET /galeria/galeria/jquery.fancybox.js?v=2.1.5 HTTP/1.1" 200 48706
180.76.15.151 - - [08/Jun/2015:09:26:16 -0500] "GET /BLA/resoluciones/RESOLUCIONES%202014/1516.pdf HTTP/1.1" 200 4999201
190.25.157.12 - - [08/Jun/2015:09:26:21 -0500] "POST /forms/lservlet;jsessionid=ac16012b30d67c61dff4bcf141b0abf18cb7e96759d3.e3iSbxaKaheRe34MbhmNaxqNb41ynknvrkLOlQzNp65In0 HTTP/1.1" 200 2
190.25.157.12 - - [08/Jun/2015:09:26:21 -0500] "POST /forms/lservlet;jsessionid=ac16012b30d67c61dff4bcf141b0abf18cb7e96759d3.e3iSbxaKaheRe34MbhmNaxqNb41ynknvrkLOlQzNp65In0 HTTP/1.1" 200 113
190.25.157.12 - - [08/Jun/2015:09:26:22 -0500] "POST /forms/lservlet;jsessionid=ac16012b30d67c61dff4bcf141b0abf18cb7e96759d3.e3iSbxaKaheRe34MbhmNaxqNb41ynknvrkLOlQzNp65In0 HTTP/1.1" 200 2
190.25.157.12 - - [08/Jun/2015:09:26:22 -0500] "GET /reports/rwservlet/getjobid352665?server=rep_srvapsda HTTP/1.1" 200 64353
157.55.39.10 - - [08/Jun/2015:09:26:22 -0500] "GET /BLA/resoluciones/RESOLUCIONES%202009/6761.pdf HTTP/1.1" 200 654654
190.25.157.12 - - [08/Jun/2015:09:26:24 -0500] "POST /forms/lservlet;jsessionid=ac16012b30d67c61dff4bcf141b0abf18cb7e96759d3.e3iSbxaKaheRe34MbhmNaxqNb41ynknvrkLOlQzNp65In0 HTTP/1.1" 200 2
157.55.39.11 - - [08/Jun/2015:09:26:26 -0500] "GET /BLA/resoluciones/RESOLUCIONES%202008/4380.pdf HTTP/1.1" 200 733563
66.249.64.228 - - [08/Jun/2015:09:26:27 -0500] "GET /BLA/resoluciones/AUTOS%202014/6829.pdf HTTP/1.1" 200 424609
157.55.39.11 - - [08/Jun/2015:09:26:27 -0500] "GET /bla/resoluciones/resoluciones%202010/1183.pdf HTTP/1.1" 200 98291
207.46.13.68 - - [08/Jun/2015:09:26:28 -0500] "GET /bla/resoluciones/resoluciones%202010/1966.pdf HTTP/1.1" 200 487387
207.46.13.68 - - [08/Jun/2015:09:26:28 -0500] "GET /BLA/resoluciones/RESOLUCIONES%202009/5636.pdf HTTP/1.1" 200 677334
207.46.13.68 - - [08/Jun/2015:09:26:29 -0500] "GET /BLA/resoluciones/RESOLUCIONES%202013/0761.pdf HTTP/1.1" 200 1680685
190.158.125.221 - - [08/Jun/2015:09:26:29 -0500] "GET /galeria/galeria/jquery.fancybox.js?v=2.1.5 HTTP/1.1" 304 -
190.158.125.221 - - [08/Jun/2015:09:26:29 -0500] "GET /galeria/galeria/jquery.fancybox.css?v=2.1.5 HTTP/1.1" 304 -
190.158.125.221 - - [08/Jun/2015:09:26:29 -0500] "GET /BLA/boletinlegal/js/jquery.scrollTo-min.js HTTP/1.1" 304 -
190.158.125.221 - - [08/Jun/2015:09:26:29 -0500] "GET /BLA/boletinlegal/js/jquery.scrollShow.js HTTP/1.1" 304 -
207.46.13.68 - - [08/Jun/2015:09:26:29 -0500] "GET /BLA/resoluciones/RESOLUCIONES%202009/4638.pdf HTTP/1.1" 200 644143
207.46.13.68 - - [08/Jun/2015:09:26:29 -0500] "GET /BLA/resoluciones/AUTOS%202012/1478.pdf HTTP/1.1" 200 351827
207.46.13.68 - - [08/Jun/2015:09:26:30 -0500] "GET /BLA/resoluciones/AUTOS%202012/2492.pdf HTTP/1.1" 200 1179114
207.46.13.68 - - [08/Jun/2015:09:26:30 -0500] "GET /bla/resoluciones/resoluciones%202009/8775.pdf HTTP/1.1" 200 340691
180.76.15.148 - - [08/Jun/2015:09:26:34 -0500] "GET /BLA/resoluciones/RESOLUCIONES%202014/0029.pdf HTTP/1.1" 200 317073
207.46.13.104 - - [08/Jun/2015:09:26:34 -0500] "GET /BLA/resoluciones/RESOLUCIONES%202010/6073.pdf HTTP/1.1" 200 620249
207.46.13.104 - - [08/Jun/2015:09:26:35 -0500] "GET /BLA/resoluciones/RESOLUCIONES%202010/5004.pdf HTTP/1.1" 200 747905
207.46.13.104 - - [08/Jun/2015:09:26:35 -0500] "GET /BLA/resoluciones/AUTOS%202009/1249.pdf HTTP/1.1" 200 97078
207.46.13.104 - - [08/Jun/2015:09:26:36 -0500] "GET /BLA/resoluciones/AUTOS%202012/2643.pdf HTTP/1.1" 200 1286470
190.25.157.12 - - [08/Jun/2015:09:26:37 -0500] "POST /forms/lservlet;jsessionid=ac16012b30d67c61dff4bcf141b0abf18cb7e96759d3.e3iSbxaKaheRe34MbhmNaxqNb41ynknvrkLOlQzNp65In0 HTTP/1.1" 200 2356
180.76.15.141 - - [08/Jun/2015:09:26:51 -0500] "GET /BLA/resoluciones/RESOLUCIONES%202008/2597.pdf HTTP/1.1" 200 107784
207.46.13.104 - - [08/Jun/2015:09:26:56 -0500] "GET /BLA/resoluciones/AUTOS%202009/2888.pdf HTTP/1.1" 200 100288
207.46.13.104 - - [08/Jun/2015:09:26:57 -0500] "GET /BLA/resoluciones/RESOLUCIONES%202008/0315.pdf HTTP/1.1" 200 266942
207.46.13.104 - - [08/Jun/2015:09:26:57 -0500] "GET /BLA/resoluciones/RESOLUCIONES%202008/0628.pdf HTTP/1.1" 200 117033
207.46.13.104 - - [08/Jun/2015:09:26:57 -0500] "GET /BLA/resoluciones/RESOLUCIONES%202009/5016.pdf HTTP/1.1" 200 650645
207.46.13.104 - - [08/Jun/2015:09:26:58 -0500] "GET /BLA/resoluciones/RESOLUCIONES%202010/3929.pdf HTTP/1.1" 200 680147
207.46.13.68 - - [08/Jun/2015:09:27:06 -0500] "GET /BLA/resoluciones/RESOLUCIONES%202009/4894.pdf HTTP/1.1" 200 689306
207.46.13.68 - - [08/Jun/2015:09:27:07 -0500] "GET /bla/resoluciones/RESOLUCIONES%202009/9328.pdf HTTP/1.1" 200 459037
207.46.13.68 - - [08/Jun/2015:09:27:07 -0500] "GET /BLA/resoluciones/RESOLUCIONES%202009/5597.pdf HTTP/1.1" 200 676085
180.76.15.6 - - [08/Jun/2015:09:27:08 -0500] "GET /BLA/resoluciones/RESOLUCIONES%202014/0307.pdf HTTP/1.1" 200 1032457
157.55.39.10 - - [08/Jun/2015:09:27:10 -0500] "GET /BLA/resoluciones/RESOLUCIONES%202008/0964.pdf HTTP/1.1" 200 198044
157.55.39.10 - - [08/Jun/2015:09:27:11 -0500] "GET /BLA/resoluciones/RESOLUCIONES%202007/RES%202007%20201%20AL%20300/RESOLUCION%200288%20DE%202007.pdf HTTP/1.1" 200 340658
157.55.39.168 - - [08/Jun/2015:09:27:18 -0500] "GET /BLA/resoluciones/RESOLUCIONES%202012/0618.pdf HTTP/1.1" 200 328549
190.25.157.12 - - [08/Jun/2015:09:27:18 -0500] "POST /forms/lservlet;jsessionid=ac16012b30d67c61dff4bcf141b0abf18cb7e96759d3.e3iSbxaKaheRe34MbhmNaxqNb41ynknvrkLOlQzNp65In0 HTTP/1.1" 200 24
157.55.39.168 - - [08/Jun/2015:09:27:19 -0500] "GET /bla/resoluciones/RESOLUCIONES%202009/9350.pdf HTTP/1.1" 200 494033
190.25.157.12 - - [08/Jun/2015:09:27:18 -0500] "POST /forms/lservlet;jsessionid=ac16012b30d67c61dff4bcf141b0abf18cb7e96759d3.e3iSbxaKaheRe34MbhmNaxqNb41ynknvrkLOlQzNp65In0 HTTP/1.1" 200 4062
190.25.157.12 - - [08/Jun/2015:09:27:19 -0500] "POST /forms/lservlet;jsessionid=ac16012b30d67c61dff4bcf141b0abf18cb7e96759d3.e3iSbxaKaheRe34MbhmNaxqNb41ynknvrkLOlQzNp65In0 HTTP/1.1" 200 2
157.55.39.168 - - [08/Jun/2015:09:27:19 -0500] "GET /bla/resoluciones/resoluciones%202010/1994.pdf HTTP/1.1" 200 337800
157.55.39.168 - - [08/Jun/2015:09:27:20 -0500] "GET /BLA/resoluciones/RESOLUCIONES%202011/4753.pdf HTTP/1.1" 200 552602
157.55.39.168 - - [08/Jun/2015:09:27:20 -0500] "GET /bla/resoluciones/resoluciones%202010/1493.pdf HTTP/1.1" 200 516539
157.55.39.168 - - [08/Jun/2015:09:27:20 -0500] "GET /BLA/resoluciones/AUTOS%202012/0139.pdf HTTP/1.1" 200 168710
157.55.39.168 - - [08/Jun/2015:09:27:21 -0500] "GET /bla/resoluciones/resoluciones%202010/2832.pdf HTTP/1.1" 200 325652
157.55.39.168 - - [08/Jun/2015:09:27:21 -0500] "GET /bla/resoluciones/resoluciones%202009/9296.pdf HTTP/1.1" 200 754033
157.55.39.168 - - [08/Jun/2015:09:27:22 -0500] "GET /bla/resoluciones/resoluciones%202009/8203.pdf HTTP/1.1" 200 1076336
157.55.39.168 - - [08/Jun/2015:09:27:22 -0500] "GET /bla/resoluciones/resoluciones%202009/3003.pdf HTTP/1.1" 200 608968
190.25.157.12 - - [08/Jun/2015:09:27:23 -0500] "POST /forms/lservlet;jsessionid=ac16012b30d67c61dff4bcf141b0abf18cb7e96759d3.e3iSbxaKaheRe34MbhmNaxqNb41ynknvrkLOlQzNp65In0 HTTP/1.1" 200 2
157.55.39.168 - - [08/Jun/2015:09:27:23 -0500] "GET /BLA/resoluciones/RESOLUCIONES%202008/2962.pdf HTTP/1.1" 200 166247
190.27.77.188 - - [08/Jun/2015:09:27:23 -0500] "GET /BLA/boletinlegal/js/jquery.scrollTo-min.js HTTP/1.1" 200 1150
190.27.77.188 - - [08/Jun/2015:09:27:23 -0500] "GET /BLA/boletinlegal/js/jquery.scrollShow.js HTTP/1.1" 200 4586
157.55.39.168 - - [08/Jun/2015:09:27:23 -0500] "GET /BLA/resoluciones/RESOLUCIONES%202011/5837.pdf HTTP/1.1" 200 422567
66.249.64.233 - - [08/Jun/2015:09:27:23 -0500] "GET /BLA/resoluciones/AUTOS%202014/2179.pdf HTTP/1.1" 200 465787
157.55.39.168 - - [08/Jun/2015:09:27:24 -0500] "GET /BLA/resoluciones/RESOLUCIONES%202009/6789.pdf HTTP/1.1" 200 678646
190.25.157.12 - - [08/Jun/2015:09:27:23 -0500] "POST /forms/lservlet;jsessionid=ac16012b30d67c61dff4bcf141b0abf18cb7e96759d3.e3iSbxaKaheRe34MbhmNaxqNb41ynknvrkLOlQzNp65In0 HTTP/1.1" 200 14
201.245.192.253 - - [08/Jun/2015:09:24:24 -0500] "GET /ForestMSG_SDA/channelAsync/template_word_18303147?X-Atmosphere-tracking-id=ef7b8cca-22a0-3631-7219-93916646b115&X-Atmosphere-Framework=1.0.5&X-Atmosphere-Transport=long-polling&tabid=0.1128270248301344&X-Cache-Date=0&Content-Type=application/xml&_=1433773526952 HTTP/1.1" 200 8193
157.55.39.168 - - [08/Jun/2015:09:27:24 -0500] "GET /BLA/resoluciones/RESOLUCIONES%202008/0487.pdf HTTP/1.1" 200 83704
190.27.77.188 - - [08/Jun/2015:09:27:24 -0500] "GET /galeria/galeria/jquery.fancybox.js?v=2.1.5 HTTP/1.1" 200 48706
190.27.77.188 - - [08/Jun/2015:09:27:24 -0500] "GET /galeria/galeria/jquery.fancybox.css?v=2.1.5 HTTP/1.1" 200 4895
157.55.39.168 - - [08/Jun/2015:09:27:24 -0500] "GET /BLA/resoluciones/RESOLUCIONES%202010/6673.pdf HTTP/1.1" 200 634960
190.25.157.12 - - [08/Jun/2015:09:27:24 -0500] "POST /forms/lservlet;jsessionid=ac16012b30d67c61dff4bcf141b0abf18cb7e96759d3.e3iSbxaKaheRe34MbhmNaxqNb41ynknvrkLOlQzNp65In0 HTTP/1.1" 200 112
190.25.157.12 - - [08/Jun/2015:09:27:25 -0500] "POST /forms/lservlet;jsessionid=ac16012b30d67c61dff4bcf141b0abf18cb7e96759d3.e3iSbxaKaheRe34MbhmNaxqNb41ynknvrkLOlQzNp65In0 HTTP/1.1" 200 2
157.55.39.168 - - [08/Jun/2015:09:27:25 -0500] "GET /bla/resoluciones/resoluciones%202009/4545.pdf HTTP/1.1" 200 640217
157.55.39.168 - - [08/Jun/2015:09:27:25 -0500] "GET /BLA/resoluciones/RESOLUCIONES%202009/9798.pdf HTTP/1.1" 200 670730
