207.46.13.104 - - [08/Jun/2015:01:17:22 -0500] "GET /bla/resoluciones/resoluciones%202010/5689.pdf HTTP/1.1" 200 248802
207.46.13.104 - - [08/Jun/2015:01:17:22 -0500] "GET /bla/resoluciones/resoluciones%202009/9595.pdf HTTP/1.1" 200 408838
207.46.13.104 - - [08/Jun/2015:01:17:22 -0500] "GET /bla/resoluciones/resoluciones%202011/0446.pdf HTTP/1.1" 200 63077
207.46.13.104 - - [08/Jun/2015:01:17:23 -0500] "GET /BLA/resoluciones/RESOLUCIONES%202008/2332.pdf HTTP/1.1" 200 46460
207.46.13.104 - - [08/Jun/2015:01:17:23 -0500] "GET /BLA/resoluciones/RESOLUCIONES%202010/3497.pdf HTTP/1.1" 200 512259
207.46.13.104 - - [08/Jun/2015:01:17:24 -0500] "GET /BLA/resoluciones/RESOLUCIONES%202009/8591.pdf HTTP/1.1" 200 498701
207.46.13.68 - - [08/Jun/2015:01:17:27 -0500] "GET /BLA/resoluciones/RESOLUCIONES%202010/4760.pdf HTTP/1.1" 200 1198245
207.46.13.68 - - [08/Jun/2015:01:17:28 -0500] "GET /BLA/resoluciones/RESOLUCIONES%202010/4009.pdf HTTP/1.1" 200 550560
207.46.13.68 - - [08/Jun/2015:01:17:29 -0500] "GET /BLA/resoluciones/RESOLUCIONES%202009/9111.pdf HTTP/1.1" 200 479396
207.46.13.68 - - [08/Jun/2015:01:17:29 -0500] "GET /BLA/resoluciones/RESOLUCIONES%202010/2814.pdf HTTP/1.1" 200 324218
207.46.13.68 - - [08/Jun/2015:01:17:29 -0500] "GET /BLA/resoluciones/Autos%202008/2980.pdf HTTP/1.1" 200 90038
207.46.13.68 - - [08/Jun/2015:01:17:30 -0500] "GET /BLA/resoluciones/RESOLUCIONES%202008/4614.pdf HTTP/1.1" 200 250968
207.46.13.68 - - [08/Jun/2015:01:17:33 -0500] "GET /BLA/resoluciones/RESOLUCIONES%202011/2711.pdf HTTP/1.1" 200 705698
207.46.13.68 - - [08/Jun/2015:01:17:34 -0500] "GET /BLA/resoluciones/RESOLUCIONES%202011/2908.pdf HTTP/1.1" 200 521350
207.46.13.68 - - [08/Jun/2015:01:17:34 -0500] "GET /BLA/resoluciones/RESOLUCIONES%202011/1100.pdf HTTP/1.1" 200 385021
207.46.13.68 - - [08/Jun/2015:01:17:35 -0500] "GET /BLA/resoluciones/AUTOS%202009/2020.pdf HTTP/1.1" 200 99664
66.249.67.107 - - [08/Jun/2015:01:17:35 -0500] "GET /BLA/resoluciones/AUTOS%202014/1217.pdf HTTP/1.1" 200 182127
180.76.15.138 - - [08/Jun/2015:01:17:50 -0500] "GET /BLA/resoluciones/RESOLUCIONES%202009/2594.pdf HTTP/1.1" 200 1270780
201.216.20.108 - - [08/Jun/2015:01:18:02 -0500] "POST /forms/lservlet;jsessionid=ac16012b30d687520e7de4ad41a2bf9687d9e8d71479.e3iSbxaKaheRe34MbhmNaxqNb41ynknvrkLOlQzNp65In0 HTTP/1.1" 200 95
180.76.15.25 - - [08/Jun/2015:01:18:03 -0500] "GET /BLA/resoluciones/RESOLUCIONES%202007/RES%202007%202501%20AL%202600/RESOLUCION%202576%20DE%202007.pdf HTTP/1.1" 200 429587
201.216.20.108 - - [08/Jun/2015:01:18:03 -0500] "POST /forms/lservlet;jsessionid=ac16012b30d687520e7de4ad41a2bf9687d9e8d71479.e3iSbxaKaheRe34MbhmNaxqNb41ynknvrkLOlQzNp65In0 HTTP/1.1" 200 2
201.216.20.108 - - [08/Jun/2015:01:18:04 -0500] "POST /forms/lservlet;jsessionid=ac16012b30d687520e7de4ad41a2bf9687d9e8d71479.e3iSbxaKaheRe34MbhmNaxqNb41ynknvrkLOlQzNp65In0 HTTP/1.1" 200 2030
201.216.20.108 - - [08/Jun/2015:01:18:04 -0500] "POST /forms/lservlet;jsessionid=ac16012b30d687520e7de4ad41a2bf9687d9e8d71479.e3iSbxaKaheRe34MbhmNaxqNb41ynknvrkLOlQzNp65In0 HTTP/1.1" 200 78
201.216.20.108 - - [08/Jun/2015:01:18:06 -0500] "POST /forms/lservlet;jsessionid=ac16012b30d687520e7de4ad41a2bf9687d9e8d71479.e3iSbxaKaheRe34MbhmNaxqNb41ynknvrkLOlQzNp65In0 HTTP/1.1" 200 86
201.216.20.108 - - [08/Jun/2015:01:18:06 -0500] "POST /forms/lservlet;jsessionid=ac16012b30d687520e7de4ad41a2bf9687d9e8d71479.e3iSbxaKaheRe34MbhmNaxqNb41ynknvrkLOlQzNp65In0 HTTP/1.1" 200 -
201.245.192.253 - - [08/Jun/2015:01:15:12 -0500] "GET /ForestMSG_SDA/channelAsync/template_word_18303147?X-Atmosphere-tracking-id=ef7b8cca-22a0-3631-7219-93916646b115&X-Atmosphere-Framework=1.0.5&X-Atmosphere-Transport=long-polling&tabid=0.1128270248301344&X-Cache-Date=0&Content-Type=application/xml&_=1433744174035 HTTP/1.1" 200 8193
207.46.13.104 - - [08/Jun/2015:01:18:16 -0500] "GET /BLA/resoluciones/RESOLUCIONES%202008/4878.pdf HTTP/1.1" 200 258869
207.46.13.104 - - [08/Jun/2015:01:18:16 -0500] "GET /bla/resoluciones/resoluciones%202010/5881.pdf HTTP/1.1" 200 447423
207.46.13.104 - - [08/Jun/2015:01:18:17 -0500] "GET /BLA/resoluciones/RESOLUCIONES%202008/5128.pdf HTTP/1.1" 200 419004
207.46.13.104 - - [08/Jun/2015:01:18:17 -0500] "GET /BLA/resoluciones/AUTOS%202012/1340.pdf HTTP/1.1" 200 163319
207.46.13.104 - - [08/Jun/2015:01:18:18 -0500] "GET /bla/resoluciones/resoluciones%202010/5421.pdf HTTP/1.1" 200 756005
207.46.13.104 - - [08/Jun/2015:01:18:18 -0500] "GET /BLA/resoluciones/RESOLUCIONES%202008/0363.pdf HTTP/1.1" 200 260492
207.46.13.68 - - [08/Jun/2015:01:18:32 -0500] "GET /BLA/resoluciones/RESOLUCIONES%202007/RES%202007%203301%20AL%203400/RESOLUCION%203342%20DE%202007.pdf HTTP/1.1" 200 1047152
207.46.13.68 - - [08/Jun/2015:01:18:32 -0500] "GET /bla/resoluciones/resoluciones%202009/9641.pdf HTTP/1.1" 200 706176
207.46.13.68 - - [08/Jun/2015:01:18:32 -0500] "GET /BLA/resoluciones/AUTOS%202007/1262.pdf HTTP/1.1" 200 133910
207.46.13.68 - - [08/Jun/2015:01:18:33 -0500] "GET /BLA/resoluciones/RESOLUCIONES%202011/5465.pdf HTTP/1.1" 200 1619135
207.46.13.68 - - [08/Jun/2015:01:18:33 -0500] "GET /BLA/resoluciones/AUTOS%202012/0296.pdf HTTP/1.1" 200 176918
66.249.67.133 - - [08/Jun/2015:01:18:34 -0500] "GET /BLA/resoluciones/RESOLUCIONES%202014/1388.pdf HTTP/1.1" 200 540462
207.46.13.68 - - [08/Jun/2015:01:18:34 -0500] "GET /BLA/resoluciones/AUTOS%202007/0794.pdf HTTP/1.1" 200 138767
74.86.158.107 - - [08/Jun/2015:01:18:49 -0500] "HEAD / HTTP/1.1" 200 -
180.76.15.139 - - [08/Jun/2015:01:18:52 -0500] "GET /BLA/resoluciones/RESOLUCIONES%202008/3303.pdf HTTP/1.1" 200 223144
66.249.67.133 - - [08/Jun/2015:01:18:53 -0500] "GET /BLA/resoluciones/AUTOS%202014/6336.pdf HTTP/1.1" 200 545680
180.76.15.151 - - [08/Jun/2015:01:19:08 -0500] "GET /BLA/resoluciones/RESOLUCIONES%202009/9399.pdf HTTP/1.1" 200 421587
157.55.39.10 - - [08/Jun/2015:01:19:21 -0500] "GET /BLA/resoluciones/AUTOS%202009/2748.pdf HTTP/1.1" 200 82783
66.249.67.177 - - [08/Jun/2015:01:19:26 -0500] "GET /PruebasSTORM/StormSDA_pruebas/userFiles/user_files/85/asociaFormula.xml HTTP/1.1" 200 54334
207.46.13.104 - - [08/Jun/2015:01:19:26 -0500] "GET /BLA/resoluciones/AUTOS%202009/2551.pdf HTTP/1.1" 200 101256
207.46.13.104 - - [08/Jun/2015:01:19:26 -0500] "GET /BLA/resoluciones/RESOLUCIONES%202007/RES%202007%20301%20AL%20400/RESOLUCION%200389%20DE%202007.pdf HTTP/1.1" 200 337116
207.46.13.104 - - [08/Jun/2015:01:19:27 -0500] "GET /bla/resoluciones/resoluciones%202009/7072.pdf HTTP/1.1" 200 161072
207.46.13.104 - - [08/Jun/2015:01:19:27 -0500] "GET /bla/resoluciones/autos%202010/6810.pdf HTTP/1.1" 200 142620
157.55.39.168 - - [08/Jun/2015:01:19:31 -0500] "GET /bla/resoluciones/resoluciones%202010/5962.pdf HTTP/1.1" 200 330791
157.55.39.168 - - [08/Jun/2015:01:19:31 -0500] "GET /BLA/resoluciones/AUTOS%202009/3323.pdf HTTP/1.1" 200 123575
157.55.39.168 - - [08/Jun/2015:01:19:32 -0500] "GET /bla/resoluciones/resoluciones%202009/7133.pdf HTTP/1.1" 200 139230
157.55.39.168 - - [08/Jun/2015:01:19:32 -0500] "GET /BLA/resoluciones/RESOLUCIONES%202009/4190.pdf HTTP/1.1" 200 1050511
157.55.39.168 - - [08/Jun/2015:01:19:32 -0500] "GET /bla/resoluciones/RESOLUCIONES%202009/7790.pdf HTTP/1.1" 200 497715
157.55.39.168 - - [08/Jun/2015:01:19:33 -0500] "GET /BLA/resoluciones/AUTOS%202010/6817.pdf HTTP/1.1" 200 217759
157.55.39.168 - - [08/Jun/2015:01:19:33 -0500] "GET /BLA/resoluciones/RESOLUCIONES%202010/3572.pdf HTTP/1.1" 200 688631
157.55.39.168 - - [08/Jun/2015:01:19:34 -0500] "GET /BLA/resoluciones/AUTOS%202012/1290.pdf HTTP/1.1" 200 190979
157.55.39.168 - - [08/Jun/2015:01:19:34 -0500] "GET /bla/resoluciones/resoluciones%202010/5275.pdf HTTP/1.1" 200 756629
157.55.39.168 - - [08/Jun/2015:01:19:34 -0500] "GET /BLA/resoluciones/AUTOS%202010/1282.pdf HTTP/1.1" 200 289359
157.55.39.168 - - [08/Jun/2015:01:19:35 -0500] "GET /bla/resoluciones/resoluciones%202009/7463.pdf HTTP/1.1" 200 719145
157.55.39.168 - - [08/Jun/2015:01:19:35 -0500] "GET /BLA/resoluciones/RESOLUCIONES%202010/3713.pdf HTTP/1.1" 200 605588
157.55.39.168 - - [08/Jun/2015:01:19:36 -0500] "GET /BLA/resoluciones/RESOLUCIONES%202010/7028.pdf HTTP/1.1" 200 1321087
157.55.39.168 - - [08/Jun/2015:01:19:36 -0500] "GET /BLA/resoluciones/RESOLUCIONES%202011/5238.pdf HTTP/1.1" 200 612734
157.55.39.168 - - [08/Jun/2015:01:19:37 -0500] "GET /bla/resoluciones/RESOLUCIONES%202009/4549.pdf HTTP/1.1" 200 639525
157.55.39.168 - - [08/Jun/2015:01:19:37 -0500] "GET /BLA/resoluciones/RESOLUCIONES%202008/0778.pdf HTTP/1.1" 200 491879
157.55.39.168 - - [08/Jun/2015:01:19:37 -0500] "GET /bla/resoluciones/resoluciones%202011/0046.pdf HTTP/1.1" 200 662196
157.55.39.168 - - [08/Jun/2015:01:19:38 -0500] "GET /BLA/resoluciones/RESOLUCIONES%202008/1931.pdf HTTP/1.1" 200 256818
157.55.39.168 - - [08/Jun/2015:01:19:38 -0500] "GET /bla/resoluciones/resoluciones%202010/0856.pdf HTTP/1.1" 200 103414
157.55.39.168 - - [08/Jun/2015:01:19:39 -0500] "GET /BLA/resoluciones/RESOLUCIONES%202010/5161.pdf HTTP/1.1" 200 1026766
157.55.39.168 - - [08/Jun/2015:01:19:39 -0500] "GET /BLA/resoluciones/RESOLUCIONES%202011/2625.pdf HTTP/1.1" 200 512745
157.55.39.168 - - [08/Jun/2015:01:19:40 -0500] "GET /bla/resoluciones/resoluciones%202010/5333.pdf HTTP/1.1" 200 324137
181.61.49.56 - - [08/Jun/2015:01:19:40 -0500] "GET /BLA/boletinlegal/js/jquery.scrollTo-min.js HTTP/1.1" 200 1150
181.61.49.56 - - [08/Jun/2015:01:19:40 -0500] "GET /BLA/boletinlegal/js/jquery.scrollShow.js HTTP/1.1" 200 4586
181.61.49.56 - - [08/Jun/2015:01:19:40 -0500] "GET /galeria/galeria/jquery.fancybox.js?v=2.1.5 HTTP/1.1" 200 48706
181.61.49.56 - - [08/Jun/2015:01:19:40 -0500] "GET /galeria/galeria/jquery.fancybox.css?v=2.1.5 HTTP/1.1" 200 4895
157.55.39.168 - - [08/Jun/2015:01:19:40 -0500] "GET /bla/resoluciones/resoluciones%202009/8294.pdf HTTP/1.1" 200 433271
157.55.39.168 - - [08/Jun/2015:01:19:40 -0500] "GET /bla/resoluciones/resoluciones%202010/6181.pdf HTTP/1.1" 200 649927
157.55.39.168 - - [08/Jun/2015:01:19:41 -0500] "GET /bla/resoluciones/resoluciones%202011/0324.pdf HTTP/1.1" 200 299003
157.55.39.168 - - [08/Jun/2015:01:19:41 -0500] "GET /bla/resoluciones/autos%202010/5506.pdf HTTP/1.1" 200 237729
157.55.39.168 - - [08/Jun/2015:01:19:42 -0500] "GET /bla/resoluciones/resoluciones%202009/2652.pdf HTTP/1.1" 200 680384
157.55.39.168 - - [08/Jun/2015:01:19:42 -0500] "GET /bla/resoluciones/resoluciones%202010/7043.pdf HTTP/1.1" 200 301615
157.55.39.168 - - [08/Jun/2015:01:19:43 -0500] "GET /bla/resoluciones/resoluciones%202010/5723.pdf HTTP/1.1" 200 40893
157.55.39.168 - - [08/Jun/2015:01:19:43 -0500] "GET /bla/resoluciones/resoluciones%202011/0806.pdf HTTP/1.1" 200 797494
180.76.15.34 - - [08/Jun/2015:01:19:48 -0500] "GET /BLA/resoluciones/RESOLUCIONES%202008/2847.pdf HTTP/1.1" 200 265773
180.76.15.10 - - [08/Jun/2015:01:20:03 -0500] "GET /BLA/resoluciones/RESOLUCIONES%202008/0261.pdf HTTP/1.1" 200 274611
157.55.39.10 - - [08/Jun/2015:01:20:05 -0500] "GET /bla/resoluciones/resoluciones%202010/1423.pdf HTTP/1.1" 200 662186
157.55.39.10 - - [08/Jun/2015:01:20:06 -0500] "GET /bla/resoluciones/resoluciones%202009/4987.pdf HTTP/1.1" 200 707463
157.55.39.10 - - [08/Jun/2015:01:20:06 -0500] "GET /BLA/resoluciones/RESOLUCIONES%202008/4180.pdf HTTP/1.1" 200 28846
157.55.39.10 - - [08/Jun/2015:01:20:07 -0500] "GET /BLA/resoluciones/AUTOS%202007/0513.pdf HTTP/1.1" 200 407301
157.55.39.10 - - [08/Jun/2015:01:20:07 -0500] "GET /BLA/resoluciones/RESOLUCIONES%202011/1366.pdf HTTP/1.1" 200 66735
66.249.67.120 - - [08/Jun/2015:01:20:10 -0500] "GET /BLA/resoluciones/AUTOS%202014/6561.pdf HTTP/1.1" 200 440000
207.46.13.68 - - [08/Jun/2015:01:20:12 -0500] "GET /BLA/resoluciones/RESOLUCIONES%202009/9650.pdf HTTP/1.1" 200 534941
207.46.13.68 - - [08/Jun/2015:01:20:12 -0500] "GET /bla/resoluciones/RESOLUCIONES%202011/3666.pdf HTTP/1.1" 200 550270
207.46.13.68 - - [08/Jun/2015:01:20:13 -0500] "GET /bla/resoluciones/RESOLUCIONES%202009/7714.pdf HTTP/1.1" 200 631478
207.46.13.68 - - [08/Jun/2015:01:20:13 -0500] "GET /BLA/resoluciones/AUTOS%202012/1766.pdf HTTP/1.1" 200 288605
207.46.13.68 - - [08/Jun/2015:01:20:13 -0500] "GET /bla/resoluciones/resoluciones%202010/7065.pdf HTTP/1.1" 200 83133
207.46.13.68 - - [08/Jun/2015:01:20:14 -0500] "GET /bla/resoluciones/resoluciones%202009/5008.pdf HTTP/1.1" 200 707153
207.46.13.68 - - [08/Jun/2015:01:20:15 -0500] "GET /bla/resoluciones/RESOLUCIONES%202009/8503.pdf HTTP/1.1" 200 49044
207.46.13.68 - - [08/Jun/2015:01:20:15 -0500] "GET /bla/resoluciones/resoluciones%202010/7457.pdf HTTP/1.1" 200 357016
207.46.13.68 - - [08/Jun/2015:01:20:16 -0500] "GET /BLA/resoluciones/AUTOS%202010/1086.pdf HTTP/1.1" 200 250233
207.46.13.68 - - [08/Jun/2015:01:20:16 -0500] "GET /BLA/resoluciones/RESOLUCIONES%202010/2537.pdf HTTP/1.1" 200 498913
207.46.13.68 - - [08/Jun/2015:01:20:16 -0500] "GET /BLA/resoluciones/RESOLUCIONES%202008/1976.pdf HTTP/1.1" 200 763004
207.46.13.68 - - [08/Jun/2015:01:20:17 -0500] "GET /BLA/resoluciones/RESOLUCIONES%202010/3241.pdf HTTP/1.1" 200 759499
180.76.15.5 - - [08/Jun/2015:01:20:21 -0500] "GET /BLA/resoluciones/AUTOS%202010/1451.pdf HTTP/1.1" 200 198323
180.76.15.20 - - [08/Jun/2015:01:20:25 -0500] "GET /BLA/resoluciones/AUTOS%202014/1107.pdf HTTP/1.1" 200 360767
180.76.15.26 - - [08/Jun/2015:01:20:29 -0500] "GET /BLA/resoluciones/RESOLUCIONES%202010/0160.pdf HTTP/1.1" 200 377973
190.248.87.250 - - [08/Jun/2015:01:20:34 -0500] "GET /BLA/boletinlegal/js/jquery.scrollTo-min.js HTTP/1.1" 200 1150
190.248.87.250 - - [08/Jun/2015:01:20:34 -0500] "GET /BLA/boletinlegal/js/jquery.scrollShow.js HTTP/1.1" 200 4586
190.248.87.250 - - [08/Jun/2015:01:20:35 -0500] "GET /galeria/galeria/jquery.fancybox.css?v=2.1.5 HTTP/1.1" 200 4895
190.248.87.250 - - [08/Jun/2015:01:20:35 -0500] "GET /galeria/galeria/jquery.fancybox.js?v=2.1.5 HTTP/1.1" 200 48706
207.46.13.104 - - [08/Jun/2015:01:20:41 -0500] "GET /bla/resoluciones/RESOLUCIONES%202009/4682.pdf HTTP/1.1" 200 715632
207.46.13.104 - - [08/Jun/2015:01:20:41 -0500] "GET /bla/resoluciones/RESOLUCIONES%202009/8937.pdf HTTP/1.1" 200 366487
207.46.13.104 - - [08/Jun/2015:01:20:43 -0500] "GET /bla/resoluciones/resoluciones%202011/0832.pdf HTTP/1.1" 200 535042
207.46.13.104 - - [08/Jun/2015:01:20:43 -0500] "GET /BLA/resoluciones/AUTOS%202010/5456.pdf HTTP/1.1" 200 402465
207.46.13.104 - - [08/Jun/2015:01:20:44 -0500] "GET /bla/resoluciones/resoluciones%202011/0278.pdf HTTP/1.1" 200 72147
180.76.15.150 - - [08/Jun/2015:01:20:45 -0500] "GET /BLA/resoluciones/RESOLUCIONES%202009/7315.pdf HTTP/1.1" 200 317110
180.76.15.19 - - [08/Jun/2015:01:21:02 -0500] "GET /BLA/resoluciones/RESOLUCIONES%202009/1350.pdf HTTP/1.1" 200 512393
157.55.39.10 - - [08/Jun/2015:01:21:07 -0500] "GET /BLA/resoluciones/RESOLUCIONES%202011/0565.pdf HTTP/1.1" 200 68209
157.55.39.10 - - [08/Jun/2015:01:21:07 -0500] "GET /BLA/resoluciones/RESOLUCIONES%202008/4608.pdf HTTP/1.1" 200 249708
157.55.39.10 - - [08/Jun/2015:01:21:08 -0500] "GET /BLA/resoluciones/RESOLUCIONES%202011/1580.pdf HTTP/1.1" 200 61755
157.55.39.10 - - [08/Jun/2015:01:21:08 -0500] "GET /bla/resoluciones/resoluciones%202010/7858.pdf HTTP/1.1" 200 431818
157.55.39.10 - - [08/Jun/2015:01:21:09 -0500] "GET /bla/resoluciones/RESOLUCIONES%202009/2640.pdf HTTP/1.1" 200 989553
157.55.39.10 - - [08/Jun/2015:01:21:09 -0500] "GET /BLA/resoluciones/RESOLUCIONES%202008/1813.pdf HTTP/1.1" 200 214606
157.55.39.10 - - [08/Jun/2015:01:21:09 -0500] "GET /bla/resoluciones/resoluciones%202009/9288.pdf HTTP/1.1" 200 298018
157.55.39.10 - - [08/Jun/2015:01:21:10 -0500] "GET /bla/resoluciones/resoluciones%202009/3991.pdf HTTP/1.1" 200 1077659
157.55.39.10 - - [08/Jun/2015:01:21:10 -0500] "GET /BLA/resoluciones/RESOLUCIONES%202009/2706.pdf HTTP/1.1" 200 757709
201.245.192.253 - - [08/Jun/2015:01:18:12 -0500] "GET /ForestMSG_SDA/channelAsync/template_word_18303147?X-Atmosphere-tracking-id=ef7b8cca-22a0-3631-7219-93916646b115&X-Atmosphere-Framework=1.0.5&X-Atmosphere-Transport=long-polling&tabid=0.1128270248301344&X-Cache-Date=0&Content-Type=application/xml&_=1433744354064 HTTP/1.1" 200 8193
201.234.75.11 - - [08/Jun/2015:01:21:19 -0500] "GET /galeria/nivo-slider/demo/images/coplima.jpg HTTP/1.1" 304 -
180.76.15.158 - - [08/Jun/2015:01:21:20 -0500] "GET /BLA/resoluciones/RESOLUCIONES%202009/7345.pdf HTTP/1.1" 200 371078
207.46.13.104 - - [08/Jun/2015:01:21:23 -0500] "GET /bla/resoluciones/RESOLUCIONES%202011/5239.pdf HTTP/1.1" 200 615794
186.31.98.168 - - [08/Jun/2015:01:21:23 -0500] "GET /BLA/boletinlegal/js/jquery.scrollTo-min.js HTTP/1.1" 200 1150
186.31.98.168 - - [08/Jun/2015:01:21:23 -0500] "GET /BLA/boletinlegal/js/jquery.scrollShow.js HTTP/1.1" 200 4586
186.31.98.168 - - [08/Jun/2015:01:21:23 -0500] "GET /galeria/galeria/jquery.fancybox.css?v=2.1.5 HTTP/1.1" 200 4895
186.31.98.168 - - [08/Jun/2015:01:21:23 -0500] "GET /galeria/galeria/jquery.fancybox.js?v=2.1.5 HTTP/1.1" 200 48706
181.128.96.163 - - [08/Jun/2015:01:21:23 -0500] "GET /BLA/resoluciones/RESOLUCIONES%202007/RES%202007%201%20AL%20100/RESOLUCION%200012%20%20DE%202007.pdf HTTP/1.1" 200 381499
181.128.96.163 - - [08/Jun/2015:01:21:24 -0500] "GET /favicon.ico HTTP/1.1" 200 7782
207.46.13.104 - - [08/Jun/2015:01:21:24 -0500] "GET /bla/resoluciones/RESOLUCIONES%202009/9189.pdf HTTP/1.1" 200 56016
207.46.13.104 - - [08/Jun/2015:01:21:25 -0500] "GET /bla/resoluciones/resoluciones%202011/0409.pdf HTTP/1.1" 200 70049
207.46.13.68 - - [08/Jun/2015:01:21:26 -0500] "GET /BLA/resoluciones/RESOLUCIONES%202009/9139.pdf HTTP/1.1" 200 389235
186.31.98.168 - - [08/Jun/2015:01:21:26 -0500] "GET /BLA/boletinlegal/js/jquery.scrollTo-min.js HTTP/1.1" 304 -
186.31.98.168 - - [08/Jun/2015:01:21:26 -0500] "GET /BLA/boletinlegal/js/jquery.scrollShow.js HTTP/1.1" 304 -
186.31.98.168 - - [08/Jun/2015:01:21:26 -0500] "GET /galeria/galeria/jquery.fancybox.js?v=2.1.5 HTTP/1.1" 304 -
186.31.98.168 - - [08/Jun/2015:01:21:26 -0500] "GET /galeria/galeria/jquery.fancybox.css?v=2.1.5 HTTP/1.1" 304 -
66.249.67.120 - - [08/Jun/2015:01:21:27 -0500] "GET /BLA/resoluciones/AUTOS%202014/3037.pdf HTTP/1.1" 200 449645
207.46.13.68 - - [08/Jun/2015:01:21:28 -0500] "GET /BLA/resoluciones/AUTOS%202010/0190.pdf HTTP/1.1" 200 406968
180.76.15.146 - - [08/Jun/2015:01:21:37 -0500] "GET /BLA/resoluciones/AUTOS%202013/2106.pdf HTTP/1.1" 200 1687420
207.46.13.104 - - [08/Jun/2015:01:21:42 -0500] "GET /BLA/resoluciones/RESOLUCIONES%202010/3182.pdf HTTP/1.1" 200 492369
180.76.15.150 - - [08/Jun/2015:01:21:54 -0500] "GET /BLA/resoluciones/RESOLUCIONES%202008/4146.pdf HTTP/1.1" 200 203782
157.55.39.10 - - [08/Jun/2015:01:22:07 -0500] "GET /BLA/resoluciones/AUTOS%202009/3428.pdf HTTP/1.1" 200 97875
157.55.39.10 - - [08/Jun/2015:01:22:08 -0500] "GET /BLA/resoluciones/RESOLUCIONES%202010/6025.pdf HTTP/1.1" 200 4514573
157.55.39.10 - - [08/Jun/2015:01:22:09 -0500] "GET /BLA/resoluciones/AUTOS%202012/1301.pdf HTTP/1.1" 200 189756
157.55.39.10 - - [08/Jun/2015:01:22:09 -0500] "GET /BLA/resoluciones/AUTOS%202009/3536.pdf HTTP/1.1" 200 213230
157.55.39.10 - - [08/Jun/2015:01:22:10 -0500] "GET /BLA/resoluciones/RESOLUCIONES%202008/4117.pdf HTTP/1.1" 200 343309
180.76.15.20 - - [08/Jun/2015:01:22:11 -0500] "GET /BLA/resoluciones/RESOLUCIONES%202009/0116.pdf HTTP/1.1" 200 271992
198.46.81.29 - - [08/Jun/2015:01:22:13 -0500] "GET /old/wp-admin/ HTTP/1.1" 404 1018
207.46.13.104 - - [08/Jun/2015:01:22:14 -0500] "GET /BLA/resoluciones/RESOLUCIONES%202009/8334.pdf HTTP/1.1" 200 472029
207.46.13.104 - - [08/Jun/2015:01:22:15 -0500] "GET /BLA/resoluciones/AUTOS%202010/1273.pdf HTTP/1.1" 200 395079
207.46.13.104 - - [08/Jun/2015:01:22:15 -0500] "GET /bla/resoluciones/resoluciones%202010/1220.pdf HTTP/1.1" 200 110112
207.46.13.104 - - [08/Jun/2015:01:22:16 -0500] "GET /BLA/resoluciones/RESOLUCIONES%202011/0816.pdf HTTP/1.1" 200 509667
180.76.15.5 - - [08/Jun/2015:01:22:28 -0500] "GET /BLA/resoluciones/RESOLUCIONES%202008/2619.pdf HTTP/1.1" 200 414686
157.55.39.134 - - [08/Jun/2015:01:22:42 -0500] "GET /bla/resoluciones/autos%202010/1096.pdf HTTP/1.1" 200 188283
157.55.39.134 - - [08/Jun/2015:01:22:43 -0500] "GET /BLA/resoluciones/Autos%202008/3218.pdf HTTP/1.1" 200 61996
157.55.39.134 - - [08/Jun/2015:01:22:44 -0500] "GET /bla/resoluciones/resoluciones%202011/1552.pdf HTTP/1.1" 200 77991
66.249.67.133 - - [08/Jun/2015:01:22:44 -0500] "GET /BLA/resoluciones/AUTOS%202014/3951.pdf HTTP/1.1" 200 491690
157.55.39.134 - - [08/Jun/2015:01:22:44 -0500] "GET /BLA/resoluciones/AUTOS%202012/2631.pdf HTTP/1.1" 200 260800
157.55.39.134 - - [08/Jun/2015:01:22:44 -0500] "GET /bla/resoluciones/resoluciones%202010/5827.pdf HTTP/1.1" 200 2163164
157.55.39.134 - - [08/Jun/2015:01:22:45 -0500] "GET /BLA/resoluciones/AUTOS%202007/0330.pdf HTTP/1.1" 200 161950
157.55.39.168 - - [08/Jun/2015:01:22:48 -0500] "GET /BLA/resoluciones/RESOLUCIONES%202011/1108.pdf HTTP/1.1" 200 424844
180.76.15.14 - - [08/Jun/2015:01:22:48 -0500] "GET /BLA/resoluciones/RESOLUCIONES%202008/5466.pdf HTTP/1.1" 200 227566
157.55.39.168 - - [08/Jun/2015:01:22:48 -0500] "GET /bla/resoluciones/RESOLUCIONES%202009/6762.pdf HTTP/1.1" 200 646922
157.55.39.168 - - [08/Jun/2015:01:22:49 -0500] "GET /BLA/resoluciones/RESOLUCIONES%202007/RES%202007%203701%20AL%203800/RESOLUCION%203741%20DE%202007.pdf HTTP/1.1" 200 228507
157.55.39.168 - - [08/Jun/2015:01:22:49 -0500] "GET /BLA/resoluciones/RESOLUCIONES%202008/0541.pdf HTTP/1.1" 200 352819
157.55.39.167 - - [08/Jun/2015:01:22:50 -0500] "GET /bla/resoluciones/RESOLUCIONES%202009/8912.pdf HTTP/1.1" 200 252721
157.55.39.167 - - [08/Jun/2015:01:22:50 -0500] "GET /BLA/resoluciones/RESOLUCIONES%202010/5143.pdf HTTP/1.1" 200 828700
157.55.39.167 - - [08/Jun/2015:01:22:51 -0500] "GET /bla/resoluciones/resoluciones%202010/5744.pdf HTTP/1.1" 200 89163
157.55.39.167 - - [08/Jun/2015:01:22:51 -0500] "GET /bla/resoluciones/resoluciones%202010/5672.pdf HTTP/1.1" 200 120132
157.55.39.167 - - [08/Jun/2015:01:22:51 -0500] "GET /BLA/resoluciones/RESOLUCIONES%202010/4628.pdf HTTP/1.1" 200 101734
157.55.39.167 - - [08/Jun/2015:01:22:52 -0500] "GET /bla/resoluciones/resoluciones%202009/5569.pdf HTTP/1.1" 200 677779
157.55.39.167 - - [08/Jun/2015:01:22:52 -0500] "GET /BLA/resoluciones/RESOLUCIONES%202011/5794.pdf HTTP/1.1" 200 495227
157.55.39.167 - - [08/Jun/2015:01:22:53 -0500] "GET /bla/resoluciones/RESOLUCIONES%202011/3664.pdf HTTP/1.1" 200 546556
157.55.39.167 - - [08/Jun/2015:01:22:53 -0500] "GET /bla/resoluciones/resoluciones%202009/8046.pdf HTTP/1.1" 200 419660
157.55.39.167 - - [08/Jun/2015:01:22:54 -0500] "GET /bla/resoluciones/resoluciones%202009/6639.pdf HTTP/1.1" 200 777748
66.249.67.120 - - [08/Jun/2015:01:23:02 -0500] "GET /galeria/nivo-slider/demo/images/acuerdo_569.jpg HTTP/1.1" 304 -
207.46.13.68 - - [08/Jun/2015:01:23:03 -0500] "GET /BLA/resoluciones/RESOLUCIONES%202008/0063.pdf HTTP/1.1" 200 303538
180.76.15.143 - - [08/Jun/2015:01:23:03 -0500] "GET /BLA/resoluciones/RESOLUCIONES%202009/7480.pdf HTTP/1.1" 200 522978
207.46.13.68 - - [08/Jun/2015:01:23:03 -0500] "GET /BLA/resoluciones/AUTOS%202009/0893.pdf HTTP/1.1" 200 121023
207.46.13.68 - - [08/Jun/2015:01:23:04 -0500] "GET /BLA/resoluciones/RESOLUCIONES%202007/RES%202007%20801%20AL%20900/RESOLUCION%200809%20DE%202007.pdf HTTP/1.1" 200 330101
207.46.13.68 - - [08/Jun/2015:01:23:04 -0500] "GET /BLA/resoluciones/RESOLUCIONES%202008/4015.pdf HTTP/1.1" 200 308503
207.46.13.68 - - [08/Jun/2015:01:23:04 -0500] "GET /bla/resoluciones/autos%202010/0134.pdf HTTP/1.1" 200 181809
190.27.182.46 - - [08/Jun/2015:01:23:05 -0500] "GET /BLA/resoluciones/AUTOS%202007/0611.pdf HTTP/1.1" 200 321809
190.27.182.46 - - [08/Jun/2015:01:23:05 -0500] "GET /favicon.ico HTTP/1.1" 200 7782
207.46.13.104 - - [08/Jun/2015:01:23:07 -0500] "GET /bla/resoluciones/RESOLUCIONES%202009/8202.pdf HTTP/1.1" 200 1045895
207.46.13.104 - - [08/Jun/2015:01:23:07 -0500] "GET /BLA/resoluciones/RESOLUCIONES%202009/2939.pdf HTTP/1.1" 200 606246
207.46.13.104 - - [08/Jun/2015:01:23:08 -0500] "GET /BLA/resoluciones/RESOLUCIONES%202010/2544.pdf HTTP/1.1" 200 490147
207.46.13.104 - - [08/Jun/2015:01:23:09 -0500] "GET /BLA/resoluciones/RESOLUCIONES%202012/0800.pdf HTTP/1.1" 200 475223
207.46.13.68 - - [08/Jun/2015:01:23:20 -0500] "GET /BLA/resoluciones/AUTOS%202012/2614.pdf HTTP/1.1" 200 232107
180.76.15.14 - - [08/Jun/2015:01:23:20 -0500] "GET /BLA/resoluciones/RESOLUCIONES%202009/0402.pdf HTTP/1.1" 200 249144
207.46.13.68 - - [08/Jun/2015:01:23:20 -0500] "GET /BLA/boletinlegal/Circulares/2011/Circular%20No.%201%20del%2012%20de%20Abril%20de%202011.pdf HTTP/1.1" 200 366269
207.46.13.68 - - [08/Jun/2015:01:23:24 -0500] "GET /bla/resoluciones/resoluciones%202009/7382.pdf HTTP/1.1" 200 961241
66.249.67.120 - - [08/Jun/2015:01:23:29 -0500] "GET /galeria/juegos/ear/EARI.swf HTTP/1.1" 200 526915
180.76.15.146 - - [08/Jun/2015:01:23:38 -0500] "GET /BLA/resoluciones/RESOLUCIONES%202010/2628.pdf HTTP/1.1" 200 515011
74.86.158.107 - - [08/Jun/2015:01:23:49 -0500] "HEAD / HTTP/1.1" 200 -
207.46.13.68 - - [08/Jun/2015:01:23:52 -0500] "GET /bla/resoluciones/RESOLUCIONES%202009/4130.pdf HTTP/1.1" 200 752475
207.46.13.68 - - [08/Jun/2015:01:23:53 -0500] "GET /BLA/resoluciones/RESOLUCIONES%202009/8424.pdf HTTP/1.1" 200 553088
207.46.13.68 - - [08/Jun/2015:01:23:53 -0500] "GET /BLA/resoluciones/RESOLUCIONES%202009/8530.pdf HTTP/1.1" 200 522650
180.76.15.8 - - [08/Jun/2015:01:23:55 -0500] "GET /BLA/resoluciones/RESOLUCIONES%202008/3585.pdf HTTP/1.1" 200 204509
207.46.13.68 - - [08/Jun/2015:01:23:56 -0500] "GET /bla/resoluciones/autos%202010/0414.pdf HTTP/1.1" 200 164114
207.46.13.68 - - [08/Jun/2015:01:23:56 -0500] "GET /bla/resoluciones/resoluciones%202009/9555.pdf HTTP/1.1" 200 490865
207.46.13.104 - - [08/Jun/2015:01:23:59 -0500] "GET /BLA/resoluciones/RESOLUCIONES%202010/4049.pdf HTTP/1.1" 200 742011
207.46.13.104 - - [08/Jun/2015:01:24:00 -0500] "GET /BLA/resoluciones/AUTOS%202009/1648.pdf HTTP/1.1" 200 97443
66.249.67.107 - - [08/Jun/2015:01:24:01 -0500] "GET /BLA/resoluciones/AUTOS%202014/0770.pdf HTTP/1.1" 200 431327
157.55.39.10 - - [08/Jun/2015:01:24:08 -0500] "GET /BLA/resoluciones/RESOLUCIONES%202008/4408.pdf HTTP/1.1" 200 85007
157.55.39.10 - - [08/Jun/2015:01:24:09 -0500] "GET /BLA/resoluciones/RESOLUCIONES%202013/1199.pdf HTTP/1.1" 200 642778
157.55.39.10 - - [08/Jun/2015:01:24:09 -0500] "GET /BLA/resoluciones/RESOLUCIONES%202010/3068.pdf HTTP/1.1" 200 485845
157.55.39.10 - - [08/Jun/2015:01:24:09 -0500] "GET /BLA/resoluciones/RESOLUCIONES%202008/1195.pdf HTTP/1.1" 200 312851
157.55.39.10 - - [08/Jun/2015:01:24:10 -0500] "GET /bla/resoluciones/autos%202010/5575.pdf HTTP/1.1" 200 922749
201.245.192.253 - - [08/Jun/2015:01:21:12 -0500] "GET /ForestMSG_SDA/channelAsync/template_word_18303147?X-Atmosphere-tracking-id=ef7b8cca-22a0-3631-7219-93916646b115&X-Atmosphere-Framework=1.0.5&X-Atmosphere-Transport=long-polling&tabid=0.1128270248301344&X-Cache-Date=0&Content-Type=application/xml&_=1433744534064 HTTP/1.1" 200 8193
180.76.15.30 - - [08/Jun/2015:01:24:12 -0500] "GET /BLA/resoluciones/RESOLUCIONES%202007/RES%202007%20501%20AL%20600/RESOLUCION%200591%20DE%202007.pdf HTTP/1.1" 200 869646
207.46.13.68 - - [08/Jun/2015:01:24:24 -0500] "GET /BLA/resoluciones/RESOLUCIONES%202011/1596.pdf HTTP/1.1" 200 83923
207.46.13.68 - - [08/Jun/2015:01:24:24 -0500] "GET /bla/resoluciones/resoluciones%202009/4091.pdf HTTP/1.1" 200 715297
207.46.13.68 - - [08/Jun/2015:01:24:25 -0500] "GET /BLA/resoluciones/RESOLUCIONES%202009/7942.pdf HTTP/1.1" 200 498277
207.46.13.104 - - [08/Jun/2015:01:24:28 -0500] "GET /BLA/resoluciones/RESOLUCIONES%202010/2835.pdf HTTP/1.1" 200 317796
180.76.15.29 - - [08/Jun/2015:01:24:29 -0500] "GET /BLA/resoluciones/RESOLUCIONES%202008/0069.pdf HTTP/1.1" 200 242958
180.76.15.148 - - [08/Jun/2015:01:24:47 -0500] "GET /BLA/resoluciones/RESOLUCIONES%202008/3544.pdf HTTP/1.1" 200 195038
207.46.13.104 - - [08/Jun/2015:01:24:56 -0500] "GET /BLA/resoluciones/RESOLUCIONES%202009/6756.pdf HTTP/1.1" 200 745099
66.249.67.190 - - [08/Jun/2015:01:25:00 -0500] "GET /htdocs/counter/digits/break3/ HTTP/1.1" 404 1019
207.46.13.68 - - [08/Jun/2015:01:25:01 -0500] "GET /bla/resoluciones/resoluciones%202010/1150.pdf HTTP/1.1" 200 130990
207.46.13.68 - - [08/Jun/2015:01:25:02 -0500] "GET /bla/resoluciones/RESOLUCIONES%202009/9833.pdf HTTP/1.1" 200 646590
207.46.13.68 - - [08/Jun/2015:01:25:02 -0500] "GET /BLA/resoluciones/RESOLUCIONES%202010/4867.pdf HTTP/1.1" 200 751623
180.76.15.34 - - [08/Jun/2015:01:25:04 -0500] "GET /BLA/resoluciones/RESOLUCIONES%202011/1739.pdf HTTP/1.1" 200 517504
157.55.39.10 - - [08/Jun/2015:01:25:09 -0500] "GET /bla/resoluciones/RESOLUCIONES%202009/9692.pdf HTTP/1.1" 200 331090
157.55.39.10 - - [08/Jun/2015:01:25:10 -0500] "GET /bla/resoluciones/resoluciones%202009/3997.pdf HTTP/1.1" 200 693617
123.125.71.13 - - [08/Jun/2015:01:25:15 -0500] "GET / HTTP/1.1" 200 10190
66.249.67.120 - - [08/Jun/2015:01:25:18 -0500] "GET /BLA/resoluciones/AUTOS%202014/0626.pdf HTTP/1.1" 200 484507
180.76.15.144 - - [08/Jun/2015:01:25:21 -0500] "GET /BLA/resoluciones/RESOLUCIONES%202009/0155.pdf HTTP/1.1" 200 267049
207.46.13.104 - - [08/Jun/2015:01:25:24 -0500] "GET /bla/resoluciones/RESOLUCIONES%202009/5163.pdf HTTP/1.1" 200 623882
180.76.15.21 - - [08/Jun/2015:01:25:39 -0500] "GET /BLA/resoluciones/RESOLUCIONES%202007/RES%202007%201101%20AL%201200/RESOLUCION%201160%20DE%202007.pdf HTTP/1.1" 200 354430
207.46.13.104 - - [08/Jun/2015:01:25:40 -0500] "GET /bla/resoluciones/RESOLUCIONES%202011/3669.pdf HTTP/1.1" 200 549018
207.46.13.104 - - [08/Jun/2015:01:25:41 -0500] "GET /bla/resoluciones/resoluciones%202010/1440.pdf HTTP/1.1" 200 403600
207.46.13.104 - - [08/Jun/2015:01:25:42 -0500] "GET /bla/resoluciones/resoluciones%202010/7290.pdf HTTP/1.1" 200 121093
207.46.13.68 - - [08/Jun/2015:01:25:44 -0500] "GET /BLA/resoluciones/RESOLUCIONES%202008/0278.pdf HTTP/1.1" 200 298998
207.46.13.68 - - [08/Jun/2015:01:25:45 -0500] "GET /bla/resoluciones/resoluciones%202009/5132.pdf HTTP/1.1" 200 647932
207.46.13.68 - - [08/Jun/2015:01:25:47 -0500] "GET /BLA/resoluciones/AUTOS%202012/2265.pdf HTTP/1.1" 200 2857172
207.46.13.68 - - [08/Jun/2015:01:25:48 -0500] "GET /BLA/resoluciones/RESOLUCIONES%202008/3012.pdf HTTP/1.1" 200 207361
207.46.13.68 - - [08/Jun/2015:01:25:48 -0500] "GET /bla/resoluciones/resoluciones%202009/9186.pdf HTTP/1.1" 200 104440
157.55.39.134 - - [08/Jun/2015:01:25:53 -0500] "GET /bla/resoluciones/RESOLUCIONES%202011/4814.pdf HTTP/1.1" 200 558197
157.55.39.134 - - [08/Jun/2015:01:25:54 -0500] "GET /BLA/resoluciones/RESOLUCIONES%202009/6138.pdf HTTP/1.1" 200 674604
157.55.39.134 - - [08/Jun/2015:01:25:54 -0500] "GET /bla/resoluciones/RESOLUCIONES%202009/3504.pdf HTTP/1.1" 200 620259
157.55.39.134 - - [08/Jun/2015:01:25:55 -0500] "GET /BLA/resoluciones/RESOLUCIONES%202009/6008.pdf HTTP/1.1" 200 1129048
180.76.15.145 - - [08/Jun/2015:01:25:57 -0500] "GET /BLA/resoluciones/RESOLUCIONES%202009/9506.pdf HTTP/1.1" 200 227205
207.46.13.68 - - [08/Jun/2015:01:26:02 -0500] "GET /BLA/resoluciones/RESOLUCIONES%202011/4794.pdf HTTP/1.1" 200 804989
207.46.13.68 - - [08/Jun/2015:01:26:03 -0500] "GET /bla/resoluciones/resoluciones%202010/0083.pdf HTTP/1.1" 200 541409
207.46.13.68 - - [08/Jun/2015:01:26:03 -0500] "GET /bla/resoluciones/resoluciones%202009/5908.pdf HTTP/1.1" 200 622859
207.46.13.68 - - [08/Jun/2015:01:26:04 -0500] "GET /BLA/resoluciones/RESOLUCIONES%202010/3353.pdf HTTP/1.1" 200 516811
207.46.13.68 - - [08/Jun/2015:01:26:04 -0500] "GET /bla/resoluciones/resoluciones%202009/9046.pdf HTTP/1.1" 200 519637
207.46.13.104 - - [08/Jun/2015:01:26:07 -0500] "GET /bla/resoluciones/resoluciones%202011/1537.pdf HTTP/1.1" 200 72445
180.76.15.13 - - [08/Jun/2015:01:26:13 -0500] "GET /BLA/resoluciones/RESOLUCIONES%202009/0665.pdf HTTP/1.1" 200 197443
190.238.126.27 - - [08/Jun/2015:01:26:26 -0500] "GET /galeria/galeria/jquery.fancybox.css?v=2.1.5 HTTP/1.1" 200 4895
190.238.126.27 - - [08/Jun/2015:01:26:26 -0500] "GET /BLA/boletinlegal/js/jquery.scrollTo-min.js HTTP/1.1" 200 1150
190.238.126.27 - - [08/Jun/2015:01:26:26 -0500] "GET /BLA/boletinlegal/js/jquery.scrollShow.js HTTP/1.1" 200 4586
190.238.126.27 - - [08/Jun/2015:01:26:26 -0500] "GET /galeria/galeria/jquery.fancybox.js?v=2.1.5 HTTP/1.1" 200 48706
180.76.15.23 - - [08/Jun/2015:01:26:31 -0500] "GET /BLA/resoluciones/RESOLUCIONES%202009/1677.pdf HTTP/1.1" 200 1292052
207.46.13.104 - - [08/Jun/2015:01:26:31 -0500] "GET /BLA/resoluciones/RESOLUCIONES%202008/0959.pdf HTTP/1.1" 200 186451
207.46.13.104 - - [08/Jun/2015:01:26:31 -0500] "GET /BLA/resoluciones/AUTOS%202010/0150.pdf HTTP/1.1" 200 176273
207.46.13.104 - - [08/Jun/2015:01:26:31 -0500] "GET /BLA/resoluciones/RESOLUCIONES%202010/4814.pdf HTTP/1.1" 200 754717
207.46.13.104 - - [08/Jun/2015:01:26:32 -0500] "GET /BLA/resoluciones/AUTOS%202009/1200.pdf HTTP/1.1" 200 124612
157.55.39.11 - - [08/Jun/2015:01:26:35 -0500] "GET /bla/resoluciones/resoluciones%202009/9093.pdf HTTP/1.1" 200 507537
66.249.67.120 - - [08/Jun/2015:01:26:35 -0500] "GET /BLA/resoluciones/AUTOS%202014/0780.pdf HTTP/1.1" 200 482444
180.76.15.7 - - [08/Jun/2015:01:26:48 -0500] "GET /BLA/resoluciones/RESOLUCIONES%202011/0852.pdf HTTP/1.1" 200 265188
190.238.126.27 - - [08/Jun/2015:01:26:49 -0500] "GET /galeria/galeria/jquery.fancybox.css?v=2.1.5 HTTP/1.1" 304 -
190.238.126.27 - - [08/Jun/2015:01:26:49 -0500] "GET /BLA/boletinlegal/js/jquery.scrollTo-min.js HTTP/1.1" 304 -
190.238.126.27 - - [08/Jun/2015:01:26:49 -0500] "GET /BLA/boletinlegal/js/jquery.scrollShow.js HTTP/1.1" 304 -
190.238.126.27 - - [08/Jun/2015:01:26:49 -0500] "GET /galeria/galeria/jquery.fancybox.js?v=2.1.5 HTTP/1.1" 304 -
207.46.13.68 - - [08/Jun/2015:01:26:56 -0500] "GET /BLA/resoluciones/RESOLUCIONES%202011/3336.pdf HTTP/1.1" 200 652864
207.46.13.68 - - [08/Jun/2015:01:26:56 -0500] "GET /bla/resoluciones/RESOLUCIONES%202009/8568.pdf HTTP/1.1" 200 519012
207.46.13.68 - - [08/Jun/2015:01:26:56 -0500] "GET /BLA/resoluciones/RESOLUCIONES%202008/2399.pdf HTTP/1.1" 200 208688
207.46.13.68 - - [08/Jun/2015:01:26:57 -0500] "GET /BLA/resoluciones/RESOLUCIONES%202010/4040.pdf HTTP/1.1" 200 796607
180.76.15.23 - - [08/Jun/2015:01:27:05 -0500] "GET /BLA/resoluciones/RESOLUCIONES%202010/0005.pdf HTTP/1.1" 200 350176
201.245.192.253 - - [08/Jun/2015:01:24:12 -0500] "GET /ForestMSG_SDA/channelAsync/template_word_18303147?X-Atmosphere-tracking-id=ef7b8cca-22a0-3631-7219-93916646b115&X-Atmosphere-Framework=1.0.5&X-Atmosphere-Transport=long-polling&tabid=0.1128270248301344&X-Cache-Date=0&Content-Type=application/xml&_=1433744714108 HTTP/1.1" 200 8193
157.55.39.168 - - [08/Jun/2015:01:27:18 -0500] "GET /BLA/resoluciones/RESOLUCIONES%202010/3368.pdf HTTP/1.1" 200 516929
157.55.39.168 - - [08/Jun/2015:01:27:19 -0500] "GET /BLA/resoluciones/RESOLUCIONES%202014/1265.pdf HTTP/1.1" 200 697024
157.55.39.168 - - [08/Jun/2015:01:27:19 -0500] "GET /BLA/resoluciones/RESOLUCIONES%202013/2678.pdf HTTP/1.1" 200 721648
157.55.39.168 - - [08/Jun/2015:01:27:20 -0500] "GET /bla/resoluciones/RESOLUCIONES%202009/4360.pdf HTTP/1.1" 200 913666
157.55.39.168 - - [08/Jun/2015:01:27:20 -0500] "GET /BLA/resoluciones/AUTOS%202010/4875.pdf HTTP/1.1" 200 351829
157.55.39.168 - - [08/Jun/2015:01:27:21 -0500] "GET /BLA/resoluciones/RESOLUCIONES%202008/4868.pdf HTTP/1.1" 200 258355
157.55.39.168 - - [08/Jun/2015:01:27:21 -0500] "GET /BLA/resoluciones/RESOLUCIONES%202008/3783.pdf HTTP/1.1" 200 357950
157.55.39.168 - - [08/Jun/2015:01:27:21 -0500] "GET /BLA/resoluciones/RESOLUCIONES%202011/6235.pdf HTTP/1.1" 200 184842
157.55.39.168 - - [08/Jun/2015:01:27:22 -0500] "GET /BLA/resoluciones/RESOLUCIONES%202014/1558.pdf HTTP/1.1" 200 214710
157.55.39.168 - - [08/Jun/2015:01:27:22 -0500] "GET /BLA/resoluciones/AUTOS%202012/1667.pdf HTTP/1.1" 200 160226
157.55.39.168 - - [08/Jun/2015:01:27:23 -0500] "GET /bla/resoluciones/resoluciones%202009/8615.pdf HTTP/1.1" 200 110442
180.76.15.17 - - [08/Jun/2015:01:27:23 -0500] "GET /BLA/resoluciones/RESOLUCIONES%202008/3963.pdf HTTP/1.1" 200 559568
157.55.39.168 - - [08/Jun/2015:01:27:23 -0500] "GET /bla/resoluciones/resoluciones%202010/0172.pdf HTTP/1.1" 200 446764
157.55.39.168 - - [08/Jun/2015:01:27:23 -0500] "GET /BLA/resoluciones/AUTOS%202012/1712.pdf HTTP/1.1" 200 901373
157.55.39.168 - - [08/Jun/2015:01:27:24 -0500] "GET /BLA/resoluciones/RESOLUCIONES%202007/RES%202007%20801%20AL%20900/RESOLUCION%200816%20DE%202007.pdf HTTP/1.1" 200 187897
157.55.39.168 - - [08/Jun/2015:01:27:24 -0500] "GET /bla/resoluciones/resoluciones%202010/7513.pdf HTTP/1.1" 200 76921
180.76.15.161 - - [08/Jun/2015:01:27:40 -0500] "GET /BLA/resoluciones/RESOLUCIONES%202009/2443.pdf HTTP/1.1" 200 507359
157.55.39.134 - - [08/Jun/2015:01:27:40 -0500] "GET /BLA/resoluciones/RESOLUCIONES%202008/3904.pdf HTTP/1.1" 200 214719
157.55.39.134 - - [08/Jun/2015:01:27:41 -0500] "GET /bla/resoluciones/RESOLUCIONES%202009/9494.pdf HTTP/1.1" 200 100111
157.55.39.134 - - [08/Jun/2015:01:27:41 -0500] "GET /bla/resoluciones/RESOLUCIONES%202009/4895.pdf HTTP/1.1" 200 678042
157.55.39.134 - - [08/Jun/2015:01:27:42 -0500] "GET /BLA/resoluciones/RESOLUCIONES%202010/3186.pdf HTTP/1.1" 200 753075
157.55.39.134 - - [08/Jun/2015:01:27:43 -0500] "GET /BLA/resoluciones/RESOLUCIONES%202008/0560.pdf HTTP/1.1" 200 115555
207.46.13.104 - - [08/Jun/2015:01:27:47 -0500] "GET /bla/resoluciones/RESOLUCIONES%202009/7366.pdf HTTP/1.1" 200 939577
207.46.13.104 - - [08/Jun/2015:01:27:47 -0500] "GET /BLA/resoluciones/RESOLUCIONES%202011/5245.pdf HTTP/1.1" 200 619066
207.46.13.104 - - [08/Jun/2015:01:27:48 -0500] "GET /BLA/resoluciones/RESOLUCIONES%202008/2974.pdf HTTP/1.1" 200 254205
157.55.39.134 - - [08/Jun/2015:01:27:56 -0500] "GET /BLA/resoluciones/RESOLUCIONES%202014/0343.pdf HTTP/1.1" 200 494709
157.55.39.134 - - [08/Jun/2015:01:27:56 -0500] "GET /BLA/resoluciones/RESOLUCIONES%202010/4871.pdf HTTP/1.1" 200 748717
157.55.39.134 - - [08/Jun/2015:01:27:57 -0500] "GET /BLA/resoluciones/RESOLUCIONES%202010/4355.pdf HTTP/1.1" 200 505053
180.76.15.153 - - [08/Jun/2015:01:27:57 -0500] "GET /BLA/resoluciones/AUTOS%202010/3782.pdf HTTP/1.1" 200 258671
66.249.67.133 - - [08/Jun/2015:01:27:57 -0500] "GET /BLA/resoluciones/AUTOS%202014/1010.pdf HTTP/1.1" 200 433498
207.46.13.104 - - [08/Jun/2015:01:28:03 -0500] "GET /BLA/resoluciones/AUTOS%202010/3183.pdf HTTP/1.1" 200 1189150
180.76.15.134 - - [08/Jun/2015:01:28:15 -0500] "GET /BLA/resoluciones/RESOLUCIONES%202011/0715.pdf HTTP/1.1" 200 248657
157.55.39.10 - - [08/Jun/2015:01:28:21 -0500] "GET /bla/resoluciones/resoluciones%202009/6807.pdf HTTP/1.1" 200 740181
157.55.39.10 - - [08/Jun/2015:01:28:23 -0500] "GET /BLA/resoluciones/RESOLUCIONES%202009/8425.pdf HTTP/1.1" 200 557992
207.46.13.104 - - [08/Jun/2015:01:28:24 -0500] "GET /bla/resoluciones/RESOLUCIONES%202009/5169.pdf HTTP/1.1" 200 645768
207.46.13.104 - - [08/Jun/2015:01:28:25 -0500] "GET /bla/resoluciones/resoluciones%202009/9741.pdf HTTP/1.1" 200 282177
207.46.13.68 - - [08/Jun/2015:01:28:30 -0500] "GET /bla/resoluciones/resoluciones%202011/0990.pdf HTTP/1.1" 200 63791
207.46.13.68 - - [08/Jun/2015:01:28:30 -0500] "GET /bla/resoluciones/resoluciones%202010/1551.pdf HTTP/1.1" 200 446120
207.46.13.68 - - [08/Jun/2015:01:28:30 -0500] "GET /BLA/resoluciones/RESOLUCIONES%202008/4155.pdf HTTP/1.1" 200 414612
207.46.13.68 - - [08/Jun/2015:01:28:31 -0500] "GET /BLA/resoluciones/AUTOS%202012/0955.pdf HTTP/1.1" 200 172016
207.46.13.68 - - [08/Jun/2015:01:28:32 -0500] "GET /bla/resoluciones/resoluciones%202009/8238.pdf HTTP/1.1" 200 716412
207.46.13.104 - - [08/Jun/2015:01:28:39 -0500] "GET /BLA/resoluciones/RESOLUCIONES%202008/1930.pdf HTTP/1.1" 200 49789
74.86.158.107 - - [08/Jun/2015:01:28:49 -0500] "HEAD / HTTP/1.1" 200 -
207.46.13.104 - - [08/Jun/2015:01:28:54 -0500] "GET /BLA/resoluciones/RESOLUCIONES%202010/7445.pdf HTTP/1.1" 200 573962
207.46.13.68 - - [08/Jun/2015:01:29:00 -0500] "GET /BLA/resoluciones/AUTOS%202012/2153.pdf HTTP/1.1" 200 1004883
207.46.13.68 - - [08/Jun/2015:01:29:01 -0500] "GET /bla/resoluciones/resoluciones%202010/1242.pdf HTTP/1.1" 200 105486
207.46.13.68 - - [08/Jun/2015:01:29:01 -0500] "GET /BLA/resoluciones/AUTOS%202012/2110.pdf HTTP/1.1" 200 816000
157.55.39.10 - - [08/Jun/2015:01:29:07 -0500] "GET /BLA/resoluciones/AUTOS%202012/0398.pdf HTTP/1.1" 200 308957
98.177.250.124 - - [08/Jun/2015:01:29:09 -0500] "GET /webdav/x32.php?host=108.61.234.132&time=60&port=80 HTTP/1.1" 404 1018
157.55.39.10 - - [08/Jun/2015:01:29:09 -0500] "GET /bla/resoluciones/RESOLUCIONES%202009/7945.pdf HTTP/1.1" 200 494615
66.249.67.107 - - [08/Jun/2015:01:29:10 -0500] "GET /BLA/resoluciones/AUTOS%202014/5689.pdf HTTP/1.1" 200 452851
180.76.15.11 - - [08/Jun/2015:01:29:19 -0500] "GET /BLA/resoluciones/RESOLUCIONES%202007/RES%202007%20301%20AL%20400/RESOLUCION%200388%20DE%202007.pdf HTTP/1.1" 200 305997
207.46.13.104 - - [08/Jun/2015:01:29:24 -0500] "GET /BLA/resoluciones/RESOLUCIONES%202009/7662.pdf HTTP/1.1" 200 495151
207.46.13.104 - - [08/Jun/2015:01:29:24 -0500] "GET /bla/resoluciones/resoluciones%202011/1438.pdf HTTP/1.1" 200 512091
207.46.13.104 - - [08/Jun/2015:01:29:25 -0500] "GET /BLA/resoluciones/RESOLUCIONES%202008/4277.pdf HTTP/1.1" 200 621145
157.55.39.11 - - [08/Jun/2015:01:29:32 -0500] "GET /BLA/resoluciones/RESOLUCIONES%202008/0306.pdf HTTP/1.1" 200 80986
207.46.13.104 - - [08/Jun/2015:01:29:37 -0500] "GET /bla/resoluciones/resoluciones%202010/0444.pdf HTTP/1.1" 200 116328
207.46.13.68 - - [08/Jun/2015:01:29:44 -0500] "GET /bla/resoluciones/resoluciones%202009/8691.pdf HTTP/1.1" 200 497333
207.46.13.68 - - [08/Jun/2015:01:29:44 -0500] "GET /BLA/resoluciones/RESOLUCIONES%202007/RES%202007%203801%20AL%203900/RESOLUCION%203883%20DE%202007.pdf HTTP/1.1" 200 954104
207.46.13.104 - - [08/Jun/2015:01:29:48 -0500] "GET /BLA/resoluciones/RESOLUCIONES%202009/5639.pdf HTTP/1.1" 200 707862
157.55.39.134 - - [08/Jun/2015:01:29:53 -0500] "GET /BLA/resoluciones/RESOLUCIONES%202013/0051.pdf HTTP/1.1" 200 1695967
201.245.192.253 - - [08/Jun/2015:01:27:12 -0500] "GET /ForestMSG_SDA/channelAsync/template_word_18303147?X-Atmosphere-tracking-id=ef7b8cca-22a0-3631-7219-93916646b115&X-Atmosphere-Framework=1.0.5&X-Atmosphere-Transport=long-polling&tabid=0.1128270248301344&X-Cache-Date=0&Content-Type=application/xml&_=1433744894197 HTTP/1.1" 200 8193
157.55.39.10 - - [08/Jun/2015:01:30:26 -0500] "GET /BLA/resoluciones/RESOLUCIONES%202011/3001.pdf HTTP/1.1" 200 974990
157.55.39.10 - - [08/Jun/2015:01:30:27 -0500] "GET /bla/resoluciones/resoluciones%202010/2350.pdf HTTP/1.1" 200 467412
66.249.67.120 - - [08/Jun/2015:01:30:27 -0500] "GET /BLA/resoluciones/AUTOS%202014/5849.pdf HTTP/1.1" 200 474699
157.55.39.10 - - [08/Jun/2015:01:30:27 -0500] "GET /bla/resoluciones/resoluciones%202010/7275.pdf HTTP/1.1" 200 94773
180.76.15.151 - - [08/Jun/2015:01:30:29 -0500] "GET /BLA/resoluciones/RESOLUCIONES%202009/8927.pdf HTTP/1.1" 200 274551
201.242.47.229 - - [08/Jun/2015:01:30:40 -0500] "GET /galeria/galeria/jquery.fancybox.css?v=2.1.5 HTTP/1.1" 200 4895
201.242.47.229 - - [08/Jun/2015:01:30:40 -0500] "GET /BLA/boletinlegal/js/jquery.scrollTo-min.js HTTP/1.1" 200 1150
201.242.47.229 - - [08/Jun/2015:01:30:40 -0500] "GET /BLA/boletinlegal/js/jquery.scrollShow.js HTTP/1.1" 200 4586
201.242.47.229 - - [08/Jun/2015:01:30:40 -0500] "GET /galeria/galeria/jquery.fancybox.js?v=2.1.5 HTTP/1.1" 200 48706
207.46.13.68 - - [08/Jun/2015:01:30:41 -0500] "GET /bla/resoluciones/resoluciones%202011/1637.pdf HTTP/1.1" 200 296479
207.46.13.68 - - [08/Jun/2015:01:30:42 -0500] "GET /bla/resoluciones/resoluciones%202009/8467.pdf HTTP/1.1" 200 114068
207.46.13.104 - - [08/Jun/2015:01:30:45 -0500] "GET /BLA/resoluciones/RESOLUCIONES%202008/1693.pdf HTTP/1.1" 200 215688
207.46.13.104 - - [08/Jun/2015:01:30:46 -0500] "GET /BLA/resoluciones/AUTOS%202012/1582.pdf HTTP/1.1" 200 461385
207.46.13.104 - - [08/Jun/2015:01:30:46 -0500] "GET /BLA/resoluciones/RESOLUCIONES%202009/7920.pdf HTTP/1.1" 200 538507
207.46.13.104 - - [08/Jun/2015:01:30:59 -0500] "GET /BLA/resoluciones/RESOLUCIONES%202009/9642.pdf HTTP/1.1" 200 557597
180.76.15.24 - - [08/Jun/2015:01:31:03 -0500] "GET /BLA/resoluciones/RESOLUCIONES%202011/1122.pdf HTTP/1.1" 200 482688
201.242.47.229 - - [08/Jun/2015:01:31:07 -0500] "GET /galeria/galeria/jquery.fancybox.css?v=2.1.5 HTTP/1.1" 304 -
201.242.47.229 - - [08/Jun/2015:01:31:07 -0500] "GET /BLA/boletinlegal/js/jquery.scrollTo-min.js HTTP/1.1" 304 -
201.242.47.229 - - [08/Jun/2015:01:31:07 -0500] "GET /BLA/boletinlegal/js/jquery.scrollShow.js HTTP/1.1" 304 -
201.242.47.229 - - [08/Jun/2015:01:31:07 -0500] "GET /galeria/galeria/jquery.fancybox.js?v=2.1.5 HTTP/1.1" 304 -
201.242.47.229 - - [08/Jun/2015:01:31:10 -0500] "GET /videos/CRRFFS.mp4 HTTP/1.1" 206 1
201.242.47.229 - - [08/Jun/2015:01:30:54 -0500] "GET /videos/CRRFFS.mp4 HTTP/1.1" 200 286784363
157.55.39.10 - - [08/Jun/2015:01:31:12 -0500] "GET /bla/resoluciones/resoluciones%202010/0832.pdf HTTP/1.1" 200 104362
157.55.39.10 - - [08/Jun/2015:01:31:12 -0500] "GET /BLA/resoluciones/RESOLUCIONES%202008/3019.pdf HTTP/1.1" 200 194117
157.55.39.10 - - [08/Jun/2015:01:31:13 -0500] "GET /BLA/resoluciones/RESOLUCIONES%202010/4440.pdf HTTP/1.1" 200 523625
207.46.13.68 - - [08/Jun/2015:01:31:17 -0500] "GET /BLA/resoluciones/Autos%202008/3489.pdf HTTP/1.1" 200 71698
207.46.13.104 - - [08/Jun/2015:01:31:21 -0500] "GET /bla/resoluciones/resoluciones%202010/0039.pdf HTTP/1.1" 200 542192
157.55.39.10 - - [08/Jun/2015:01:31:25 -0500] "GET /BLA/resoluciones/RESOLUCIONES%202013/1193.pdf HTTP/1.1" 200 579786
66.249.67.120 - - [08/Jun/2015:01:31:26 -0500] "GET /BLA/resoluciones/AUTOS%202012/2170.pdf HTTP/1.1" 200 2516294
180.76.15.29 - - [08/Jun/2015:01:31:38 -0500] "GET /BLA/resoluciones/RESOLUCIONES%202009/2084.pdf HTTP/1.1" 200 466092
157.55.39.11 - - [08/Jun/2015:01:31:38 -0500] "GET /BLA/resoluciones/RESOLUCIONES%202008/0018.pdf HTTP/1.1" 200 365615
157.55.39.11 - - [08/Jun/2015:01:31:38 -0500] "GET /bla/resoluciones/resoluciones%202009/5699.pdf HTTP/1.1" 200 2476335
201.242.47.229 - - [08/Jun/2015:01:31:10 -0500] "GET /videos/CRRFFS.mp4 HTTP/1.1" 206 285685963
207.46.13.68 - - [08/Jun/2015:01:31:43 -0500] "GET /bla/resoluciones/resoluciones%202009/5125.pdf HTTP/1.1" 200 641132
207.46.13.68 - - [08/Jun/2015:01:31:43 -0500] "GET /BLA/resoluciones/RESOLUCIONES%202009/7721.pdf HTTP/1.1" 200 493783
207.46.13.68 - - [08/Jun/2015:01:31:44 -0500] "GET /BLA/resoluciones/RESOLUCIONES%202007/RES%202007%20201%20AL%20300/?C=D;O=A HTTP/1.1" 200 25246
66.249.67.107 - - [08/Jun/2015:01:31:44 -0500] "GET /BLA/resoluciones/AUTOS%202014/3692.pdf HTTP/1.1" 200 503165
207.46.13.68 - - [08/Jun/2015:01:31:47 -0500] "GET /BLA/resoluciones/AUTOS%202009/1771.pdf HTTP/1.1" 200 100014
180.76.15.5 - - [08/Jun/2015:01:31:56 -0500] "GET /BLA/resoluciones/RESOLUCIONES%202007/RES%202007%202801%20AL%202900/RESOLUCION%202840%20DE%202007.pdf HTTP/1.1" 200 232043
220.181.108.89 - - [08/Jun/2015:01:31:56 -0500] "GET / HTTP/1.1" 200 10190
98.177.250.124 - - [08/Jun/2015:01:31:56 -0500] "GET /webdav/x32.php?host=68.230.88.178&time=60&port=80 HTTP/1.1" 404 1018
157.55.39.10 - - [08/Jun/2015:01:32:13 -0500] "GET /bla/resoluciones/resoluciones%202011/1196.pdf HTTP/1.1" 200 241352
157.55.39.10 - - [08/Jun/2015:01:32:15 -0500] "GET /BLA/resoluciones/RESOLUCIONES%202007/RES%202007%203301%20AL%203400/RESOLUCION%203328%20DE%202007.pdf HTTP/1.1" 200 972921
207.46.13.104 - - [08/Jun/2015:01:32:18 -0500] "GET /BLA/resoluciones/RESOLUCIONES%202008/1964.pdf HTTP/1.1" 200 74994
207.46.13.104 - - [08/Jun/2015:01:32:18 -0500] "GET /bla/resoluciones/resoluciones%202009/4824.pdf HTTP/1.1" 200 625935
207.46.13.104 - - [08/Jun/2015:01:32:19 -0500] "GET /bla/resoluciones/RESOLUCIONES%202009/8078.pdf HTTP/1.1" 200 842843
207.46.13.68 - - [08/Jun/2015:01:32:34 -0500] "GET /bla/resoluciones/resoluciones%202010/3517.pdf HTTP/1.1" 200 321334
207.46.13.68 - - [08/Jun/2015:01:32:34 -0500] "GET /BLA/resoluciones/RESOLUCIONES%202011/4768.pdf HTTP/1.1" 200 813356
157.55.39.134 - - [08/Jun/2015:01:32:53 -0500] "GET /bla/resoluciones/RESOLUCIONES%202009/7375.pdf HTTP/1.1" 200 974567
157.55.39.134 - - [08/Jun/2015:01:32:53 -0500] "GET /bla/resoluciones/resoluciones%202011/1752.pdf HTTP/1.1" 200 525908
66.249.67.133 - - [08/Jun/2015:01:33:01 -0500] "GET /BLA/resoluciones/AUTOS%202014/0788.pdf HTTP/1.1" 200 514268
207.46.13.104 - - [08/Jun/2015:01:33:09 -0500] "GET /bla/resoluciones/RESOLUCIONES%202009/7498.pdf HTTP/1.1" 200 489575
201.245.192.253 - - [08/Jun/2015:01:30:12 -0500] "GET /ForestMSG_SDA/channelAsync/template_word_18303147?X-Atmosphere-tracking-id=ef7b8cca-22a0-3631-7219-93916646b115&X-Atmosphere-Framework=1.0.5&X-Atmosphere-Transport=long-polling&tabid=0.1128270248301344&X-Cache-Date=0&Content-Type=application/xml&_=1433745074286 HTTP/1.1" 200 8193
207.46.13.68 - - [08/Jun/2015:01:33:15 -0500] "GET /BLA/resoluciones/AUTOS%202010/4561.pdf HTTP/1.1" 200 177105
157.55.39.10 - - [08/Jun/2015:01:33:19 -0500] "GET /bla/resoluciones/resoluciones%202009/9041.pdf HTTP/1.1" 200 350890
98.177.250.124 - - [08/Jun/2015:01:33:22 -0500] "GET /webdav/x32.php?host=108.61.234.132&time=60&port=1000 HTTP/1.1" 404 1018
157.55.39.168 - - [08/Jun/2015:01:33:32 -0500] "GET /bla/resoluciones/resoluciones%202009/9841.pdf HTTP/1.1" 200 789547
157.55.39.168 - - [08/Jun/2015:01:33:32 -0500] "GET /bla/resoluciones/resoluciones%202009/6645.pdf HTTP/1.1" 200 789247
157.55.39.168 - - [08/Jun/2015:01:33:33 -0500] "GET /BLA/resoluciones/RESOLUCIONES%202008/3001.pdf HTTP/1.1" 200 272567
157.55.39.168 - - [08/Jun/2015:01:33:33 -0500] "GET /BLA/resoluciones/RESOLUCIONES%202009/8936.pdf HTTP/1.1" 200 373941
157.55.39.168 - - [08/Jun/2015:01:33:34 -0500] "GET /BLA/resoluciones/RESOLUCIONES%202007/RES%202007%203801%20AL%203900/RESOLUCION%203888%20DE%202007.pdf HTTP/1.1" 200 381768
157.55.39.168 - - [08/Jun/2015:01:33:34 -0500] "GET /bla/resoluciones/RESOLUCIONES%202009/3317.pdf HTTP/1.1" 200 628902
157.55.39.168 - - [08/Jun/2015:01:33:34 -0500] "GET /BLA/resoluciones/RESOLUCIONES%202011/5899.pdf HTTP/1.1" 200 132156
157.55.39.168 - - [08/Jun/2015:01:33:35 -0500] "GET /BLA/resoluciones/AUTOS%202010/0432.pdf HTTP/1.1" 200 487826
