157.55.39.168 - - [08/Jun/2015:05:56:40 -0500] "GET /bla/resoluciones/autos%202010/1132.pdf HTTP/1.1" 200 177375
157.55.39.168 - - [08/Jun/2015:05:56:41 -0500] "GET /BLA/resoluciones/RESOLUCIONES%202009/3474.pdf HTTP/1.1" 200 667078
157.55.39.168 - - [08/Jun/2015:05:56:41 -0500] "GET /BLA/resoluciones/AUTOS%202010/4389.pdf HTTP/1.1" 200 144609
180.76.15.19 - - [08/Jun/2015:05:56:47 -0500] "GET /BLA/resoluciones/AUTOS%202011/1972.pdf HTTP/1.1" 200 420863
207.46.13.68 - - [08/Jun/2015:05:56:48 -0500] "GET /bla/resoluciones/resoluciones%202010/1575.pdf HTTP/1.1" 200 434143
207.46.13.104 - - [08/Jun/2015:05:56:59 -0500] "GET /BLA/resoluciones/RESOLUCIONES%202013/1839.pdf HTTP/1.1" 200 569746
207.46.13.104 - - [08/Jun/2015:05:57:00 -0500] "GET /BLA/resoluciones/AUTOS%202012/2188.pdf HTTP/1.1" 200 180796
157.55.39.167 - - [08/Jun/2015:05:57:05 -0500] "GET /BLA/resoluciones/RESOLUCIONES%202010/4452.pdf HTTP/1.1" 200 766806
157.55.39.167 - - [08/Jun/2015:05:57:07 -0500] "GET /bla/resoluciones/resoluciones%202009/7716.pdf HTTP/1.1" 200 637404
157.55.39.167 - - [08/Jun/2015:05:57:08 -0500] "GET /BLA/resoluciones/RESOLUCIONES%202007/RES%202007%203701%20AL%203800/RESOLUCION%203740%20DE%202007.pdf HTTP/1.1" 200 416449
157.55.39.167 - - [08/Jun/2015:05:57:09 -0500] "GET /BLA/resoluciones/Autos%202008/3033.pdf HTTP/1.1" 200 125995
207.46.13.68 - - [08/Jun/2015:05:57:09 -0500] "GET /bla/resoluciones/RESOLUCIONES%202009/6230.pdf HTTP/1.1" 200 1010134
207.46.13.68 - - [08/Jun/2015:05:57:09 -0500] "GET /BLA/resoluciones/RESOLUCIONES%202008/1346.pdf HTTP/1.1" 200 789541
207.46.13.104 - - [08/Jun/2015:05:57:15 -0500] "GET /bla/resoluciones/resoluciones%202010/2283.pdf HTTP/1.1" 200 37354
207.46.13.104 - - [08/Jun/2015:05:57:15 -0500] "GET /BLA/resoluciones/AUTOS%202012/1821.pdf HTTP/1.1" 200 331236
207.46.13.104 - - [08/Jun/2015:05:57:16 -0500] "GET /BLA/resoluciones/RESOLUCIONES%202008/4670.pdf HTTP/1.1" 200 569618
207.46.13.68 - - [08/Jun/2015:05:57:18 -0500] "GET /BLA/resoluciones/RESOLUCIONES%202009/7400.pdf HTTP/1.1" 200 638692
207.46.13.68 - - [08/Jun/2015:05:57:19 -0500] "GET /bla/resoluciones/autos%202010/0844.pdf HTTP/1.1" 200 181107
207.46.13.68 - - [08/Jun/2015:05:57:19 -0500] "GET /BLA/resoluciones/AUTOS%202012/0449.pdf HTTP/1.1" 200 270221
201.245.192.253 - - [08/Jun/2015:05:54:21 -0500] "GET /ForestMSG_SDA/channelAsync/template_word_18303147?X-Atmosphere-tracking-id=ef7b8cca-22a0-3631-7219-93916646b115&X-Atmosphere-Framework=1.0.5&X-Atmosphere-Transport=long-polling&tabid=0.1128270248301344&X-Cache-Date=0&Content-Type=application/xml&_=1433760923482 HTTP/1.1" 200 8193
180.76.15.14 - - [08/Jun/2015:05:57:22 -0500] "GET /BLA/resoluciones/RESOLUCIONES%202009/9388.pdf HTTP/1.1" 200 196890
157.55.39.168 - - [08/Jun/2015:05:57:27 -0500] "GET /BLA/resoluciones/AUTOS%202012/2708.pdf HTTP/1.1" 200 375172
157.55.39.168 - - [08/Jun/2015:05:57:27 -0500] "GET /BLA/resoluciones/Autos%202008/3140.pdf HTTP/1.1" 200 346591
157.55.39.11 - - [08/Jun/2015:05:57:35 -0500] "GET /bla/resoluciones/RESOLUCIONES%202011/4976.pdf HTTP/1.1" 200 348495
157.55.39.11 - - [08/Jun/2015:05:57:35 -0500] "GET /bla/resoluciones/resoluciones%202009/4953.pdf HTTP/1.1" 200 604382
157.55.39.11 - - [08/Jun/2015:05:57:35 -0500] "GET /BLA/resoluciones/RESOLUCIONES%202009/4815.pdf HTTP/1.1" 200 683678
180.76.15.155 - - [08/Jun/2015:05:57:39 -0500] "GET /BLA/resoluciones/RESOLUCIONES%202009/9645.pdf HTTP/1.1" 200 516779
207.46.13.68 - - [08/Jun/2015:05:57:40 -0500] "GET /bla/resoluciones/resoluciones%202010/0075.pdf HTTP/1.1" 200 501047
157.55.39.134 - - [08/Jun/2015:05:57:50 -0500] "GET /BLA/resoluciones/AUTOS%202012/1295.pdf HTTP/1.1" 200 195075
66.249.67.107 - - [08/Jun/2015:05:57:52 -0500] "GET /BLA/resoluciones/AUTOS%202014/5503.pdf HTTP/1.1" 200 508330
180.76.15.158 - - [08/Jun/2015:05:57:56 -0500] "GET /BLA/resoluciones/AUTOS%202011/0122.pdf HTTP/1.1" 200 145289
207.46.13.104 - - [08/Jun/2015:05:58:01 -0500] "GET /BLA/resoluciones/AUTOS%202009/2424.pdf HTTP/1.1" 200 99520
207.46.13.104 - - [08/Jun/2015:05:58:02 -0500] "GET /bla/resoluciones/RESOLUCIONES%202009/4555.pdf HTTP/1.1" 200 638961
152.61.128.66 - - [08/Jun/2015:05:58:12 -0500] "HEAD / HTTP/1.1" 200 -
152.61.128.66 - - [08/Jun/2015:05:58:12 -0500] "GET /arcgis/services/Calidad_del_Agua_WQI/MapServer/WMSServer?SERVICE=WMS&REQUEST=GetCapabilities HTTP/1.1" 200 32135
152.61.128.66 - - [08/Jun/2015:05:58:13 -0500] "GET /arcgis/services/Calidad_del_Agua_WQI/MapServer/WMSServer?SERVICE=WMS&REQUEST=GetCapabilities HTTP/1.0" 200 32135
180.76.15.135 - - [08/Jun/2015:05:58:14 -0500] "GET /BLA/resoluciones/AUTOS%202012/2752.pdf HTTP/1.1" 200 380911
157.55.39.167 - - [08/Jun/2015:05:58:14 -0500] "GET /bla/resoluciones/resoluciones%202009/7716.pdf HTTP/1.1" 200 637404
152.61.128.66 - - [08/Jun/2015:05:58:14 -0500] "GET /arcgis/services/Calidad_del_Agua_WQI/MapServer/WMSServer?SERVICE=WMS&REQUEST=GetCapabilities HTTP/1.0" 200 32135
152.61.128.66 - - [08/Jun/2015:05:58:15 -0500] "GET /arcgis/services/Calidad_del_Agua_WQI/MapServer/WMSServer?SERVICE=WMS&REQUEST=GetCapabilities HTTP/1.0" 200 32135
152.61.128.66 - - [08/Jun/2015:05:58:16 -0500] "GET /arcgis/services/Calidad_del_Agua_WQI/MapServer/WMSServer?VERSION=1.1.1&REQUEST=GetMap&LAYERS=0&SRS=EPSG:4326&BBOX=-74.473395,3.674381,-73.963300,4.920569&WIDTH=250&HEIGHT=250&FORMAT=image/bmp&STYLES=& HTTP/1.1" 200 188054
74.86.158.107 - - [08/Jun/2015:05:58:18 -0500] "HEAD / HTTP/1.1" 200 -
157.55.39.10 - - [08/Jun/2015:05:58:26 -0500] "GET /BLA/resoluciones/RESOLUCIONES%202007/RES%202007%20301%20AL%20400/RESOLUCION%200397%20DE%202007.pdf HTTP/1.1" 200 607594
157.55.39.11 - - [08/Jun/2015:05:58:28 -0500] "GET /bla/resoluciones/resoluciones%202009/8471.pdf HTTP/1.1" 200 48508
180.76.15.15 - - [08/Jun/2015:05:58:31 -0500] "GET /BLA/resoluciones/AUTOS%202012/2713.pdf HTTP/1.1" 200 456709
207.46.13.68 - - [08/Jun/2015:05:58:53 -0500] "GET /BLA/resoluciones/RESOLUCIONES%202010/3148.pdf HTTP/1.1" 200 350388
157.55.39.167 - - [08/Jun/2015:05:58:59 -0500] "GET /bla/resoluciones/RESOLUCIONES%202011/4596.pdf HTTP/1.1" 200 554928
157.55.39.167 - - [08/Jun/2015:05:59:00 -0500] "GET /BLA/resoluciones/AUTOS%202009/0345.pdf HTTP/1.1" 200 552193
157.55.39.167 - - [08/Jun/2015:05:59:01 -0500] "GET /BLA/resoluciones/AUTOS%202012/1944.pdf HTTP/1.1" 200 263300
152.61.128.66 - - [08/Jun/2015:05:59:06 -0500] "HEAD / HTTP/1.1" 200 -
152.61.128.66 - - [08/Jun/2015:05:59:06 -0500] "GET /arcgis/services/Calidad_del_Agua_WQI/MapServer/WMSServer?request=GetCapabilities&service=WMS HTTP/1.1" 200 32135
152.61.128.66 - - [08/Jun/2015:05:59:07 -0500] "GET /arcgis/services/Calidad_del_Agua_WQI/MapServer/WMSServer?request=GetCapabilities&service=WMS HTTP/1.0" 200 32135
152.61.128.66 - - [08/Jun/2015:05:59:08 -0500] "GET /arcgis/services/Calidad_del_Agua_WQI/MapServer/WMSServer?request=GetCapabilities&service=WMS HTTP/1.0" 200 32135
207.46.13.68 - - [08/Jun/2015:05:59:09 -0500] "GET /BLA/resoluciones/RESOLUCIONES%202010/6526.pdf HTTP/1.1" 200 1230435
66.249.67.107 - - [08/Jun/2015:05:59:09 -0500] "GET /BLA/resoluciones/AUTOS%202014/5898.pdf HTTP/1.1" 200 419991
207.46.13.68 - - [08/Jun/2015:05:59:09 -0500] "GET /BLA/resoluciones/AUTOS%202009/1760.pdf HTTP/1.1" 200 188628
152.61.128.66 - - [08/Jun/2015:05:59:09 -0500] "GET /arcgis/services/Calidad_del_Agua_WQI/MapServer/WMSServer?request=GetCapabilities&service=WMS HTTP/1.0" 200 32135
207.46.13.68 - - [08/Jun/2015:05:59:10 -0500] "GET /BLA/resoluciones/AUTOS%202012/2095.pdf HTTP/1.1" 200 369963
152.61.128.66 - - [08/Jun/2015:05:59:10 -0500] "GET /arcgis/services/Calidad_del_Agua_WQI/MapServer/WMSServer?VERSION=1.1.1&REQUEST=GetMap&LAYERS=0&SRS=EPSG:4326&BBOX=-74.473395,3.674381,-73.963300,4.920569&WIDTH=250&HEIGHT=250&FORMAT=image/bmp&STYLES=& HTTP/1.1" 200 188054
180.76.15.25 - - [08/Jun/2015:05:59:26 -0500] "GET /BLA/resoluciones/AUTOS%202014/1921.pdf HTTP/1.1" 200 232786
157.55.39.11 - - [08/Jun/2015:05:59:30 -0500] "GET /BLA/resoluciones/AUTOS%202010/3301.pdf HTTP/1.1" 200 356640
207.46.13.104 - - [08/Jun/2015:05:59:34 -0500] "GET /BLA/resoluciones/AUTOS%202009/2439.pdf HTTP/1.1" 200 101646
207.46.13.104 - - [08/Jun/2015:05:59:40 -0500] "GET /BLA/resoluciones/RESOLUCIONES%202007/RES%202007%20301%20AL%20400/RESOLUCION%200337%20DE%202007.pdf HTTP/1.1" 200 136371
207.46.13.104 - - [08/Jun/2015:05:59:41 -0500] "GET /BLA/resoluciones/RESOLUCIONES%202014/0150.pdf HTTP/1.1" 200 516717
207.46.13.104 - - [08/Jun/2015:05:59:41 -0500] "GET /BLA/resoluciones/RESOLUCIONES%202009/7359.pdf HTTP/1.1" 200 784344
180.76.15.29 - - [08/Jun/2015:05:59:45 -0500] "GET /BLA/resoluciones/RESOLUCIONES%202009/0400.pdf HTTP/1.1" 200 248428
207.46.13.68 - - [08/Jun/2015:05:59:45 -0500] "GET /BLA/resoluciones/RESOLUCIONES%202012/0423.pdf HTTP/1.1" 200 303024
207.46.13.68 - - [08/Jun/2015:05:59:45 -0500] "GET /bla/resoluciones/resoluciones%202010/7621.pdf HTTP/1.1" 200 71793
207.46.13.68 - - [08/Jun/2015:05:59:46 -0500] "GET /BLA/resoluciones/RESOLUCIONES%202008/3264.pdf HTTP/1.1" 200 279253
207.46.13.68 - - [08/Jun/2015:05:59:47 -0500] "GET /bla/resoluciones/resoluciones%202010/4085.pdf HTTP/1.1" 200 128330
180.76.15.159 - - [08/Jun/2015:06:00:02 -0500] "GET /BLA/resoluciones/AUTOS%202014/1120.pdf HTTP/1.1" 200 429775
207.46.13.68 - - [08/Jun/2015:06:00:03 -0500] "GET /BLA/resoluciones/AUTOS%202009/1343.pdf HTTP/1.1" 200 92875
207.46.13.68 - - [08/Jun/2015:06:00:06 -0500] "GET /BLA/resoluciones/RESOLUCIONES%202008/1183.pdf HTTP/1.1" 200 112988
180.76.15.7 - - [08/Jun/2015:06:00:20 -0500] "GET /BLA/resoluciones/AUTOS%202010/5644.pdf HTTP/1.1" 200 165580
201.245.192.253 - - [08/Jun/2015:05:57:21 -0500] "GET /ForestMSG_SDA/channelAsync/template_word_18303147?X-Atmosphere-tracking-id=ef7b8cca-22a0-3631-7219-93916646b115&X-Atmosphere-Framework=1.0.5&X-Atmosphere-Transport=long-polling&tabid=0.1128270248301344&X-Cache-Date=0&Content-Type=application/xml&_=1433761103519 HTTP/1.1" 200 8193
207.46.13.104 - - [08/Jun/2015:06:00:21 -0500] "GET /BLA/resoluciones/AUTOS%202012/2794.pdf HTTP/1.1" 200 1342618
207.46.13.68 - - [08/Jun/2015:06:00:25 -0500] "GET /BLA/resoluciones/RESOLUCIONES%202008/1885.pdf HTTP/1.1" 200 199149
207.46.13.68 - - [08/Jun/2015:06:00:25 -0500] "GET /bla/resoluciones/RESOLUCIONES%202009/9729.pdf HTTP/1.1" 200 369580
66.249.67.107 - - [08/Jun/2015:06:00:26 -0500] "GET /BLA/resoluciones/AUTOS%202014/1268.pdf HTTP/1.1" 200 616166
157.55.39.11 - - [08/Jun/2015:06:00:32 -0500] "GET /BLA/resoluciones/RESOLUCIONES%202012/0878.pdf HTTP/1.1" 200 551723
180.76.15.134 - - [08/Jun/2015:06:00:35 -0500] "GET /BLA/resoluciones/AUTOS%202010/5713.pdf HTTP/1.1" 200 231067
180.76.15.148 - - [08/Jun/2015:06:00:53 -0500] "GET /BLA/resoluciones/RESOLUCIONES%202009/7334.pdf HTTP/1.1" 200 490277
66.249.67.177 - - [08/Jun/2015:06:00:54 -0500] "GET /htdocs/counter/digits/scoreboard/ HTTP/1.1" 404 1019
207.46.13.104 - - [08/Jun/2015:06:01:00 -0500] "GET /BLA/resoluciones/RESOLUCIONES%202013/0953.pdf HTTP/1.1" 200 3673280
157.55.39.167 - - [08/Jun/2015:06:01:07 -0500] "GET /BLA/resoluciones/RESOLUCIONES%202013/2275.pdf HTTP/1.1" 200 660087
157.55.39.167 - - [08/Jun/2015:06:01:07 -0500] "GET /BLA/resoluciones/RESOLUCIONES%202010/3584.pdf HTTP/1.1" 200 505673
157.55.39.167 - - [08/Jun/2015:06:01:09 -0500] "GET /BLA/resoluciones/RESOLUCIONES%202012/1774.pdf HTTP/1.1" 200 536026
180.76.15.150 - - [08/Jun/2015:06:01:10 -0500] "GET /BLA/resoluciones/AUTOS%202010/1460.pdf HTTP/1.1" 200 245463
207.46.13.68 - - [08/Jun/2015:06:01:10 -0500] "GET /BLA/resoluciones/AUTOS%202010/5687.pdf HTTP/1.1" 200 271543
207.46.13.68 - - [08/Jun/2015:06:01:10 -0500] "GET /BLA/resoluciones/RESOLUCIONES%202009/6759.pdf HTTP/1.1" 200 664952
207.46.13.68 - - [08/Jun/2015:06:01:11 -0500] "GET /bla/resoluciones/RESOLUCIONES%202009/8773.pdf HTTP/1.1" 200 1277891
157.55.39.10 - - [08/Jun/2015:06:01:15 -0500] "GET /BLA/resoluciones/RESOLUCIONES%202008/0122.pdf HTTP/1.1" 200 219810
207.46.13.104 - - [08/Jun/2015:06:01:20 -0500] "GET /BLA/resoluciones/RESOLUCIONES%202011/5648.pdf HTTP/1.1" 200 656194
180.76.15.162 - - [08/Jun/2015:06:01:28 -0500] "GET /BLA/resoluciones/AUTOS%202012/0159.pdf HTTP/1.1" 200 667342
157.55.39.168 - - [08/Jun/2015:06:01:35 -0500] "GET /BLA/resoluciones/RESOLUCIONES%202009/5599.pdf HTTP/1.1" 200 671725
157.55.39.168 - - [08/Jun/2015:06:01:35 -0500] "GET /BLA/resoluciones/RESOLUCIONES%202013/0389.pdf HTTP/1.1" 200 2651945
157.55.39.168 - - [08/Jun/2015:06:01:36 -0500] "GET /BLA/resoluciones/RESOLUCIONES%202012/1541.pdf HTTP/1.1" 200 872831
157.55.39.168 - - [08/Jun/2015:06:01:36 -0500] "GET /BLA/resoluciones/AUTOS%202012/0488.pdf HTTP/1.1" 200 142460
207.46.13.104 - - [08/Jun/2015:06:01:37 -0500] "GET /bla/resoluciones/resoluciones%202009/9121.pdf HTTP/1.1" 200 410162
207.46.13.68 - - [08/Jun/2015:06:01:43 -0500] "GET /bla/resoluciones/RESOLUCIONES%202009/2918.pdf HTTP/1.1" 200 616371
66.249.67.120 - - [08/Jun/2015:06:01:43 -0500] "GET /BLA/resoluciones/AUTOS%202014/5757.pdf HTTP/1.1" 200 378945
180.76.15.155 - - [08/Jun/2015:06:01:44 -0500] "GET /BLA/resoluciones/AUTOS%202014/3065.pdf HTTP/1.1" 200 201457
88.198.233.69 - - [08/Jun/2015:06:01:45 -0500] "GET / HTTP/1.1" 200 10190
207.46.13.104 - - [08/Jun/2015:06:01:50 -0500] "GET /BLA/resoluciones/RESOLUCIONES%202009/8483.pdf HTTP/1.1" 200 815888
157.55.39.10 - - [08/Jun/2015:06:01:57 -0500] "GET /bla/resoluciones/resoluciones%202010/7684.pdf HTTP/1.1" 200 271507
157.55.39.10 - - [08/Jun/2015:06:01:58 -0500] "GET /BLA/resoluciones/RESOLUCIONES%202009/9263.pdf HTTP/1.1" 200 531052
180.76.15.33 - - [08/Jun/2015:06:02:02 -0500] "GET /BLA/boletinlegal;jsessionid=6780FBE657CF9B7074E9E92D217D5348?/? HTTP/1.1" 404 1018
157.55.39.167 - - [08/Jun/2015:06:02:03 -0500] "GET /BLA/resoluciones/RESOLUCIONES%202011/1223.pdf HTTP/1.1" 200 511147
207.46.13.104 - - [08/Jun/2015:06:02:06 -0500] "GET /BLA/resoluciones/RESOLUCIONES%202010/6068.pdf HTTP/1.1" 200 3370299
220.181.108.161 - - [08/Jun/2015:06:02:18 -0500] "GET /BLA/resoluciones/RESOLUCIONES%202009/1504.pdf HTTP/1.1" 304 -
180.76.15.155 - - [08/Jun/2015:06:02:19 -0500] "GET /BLA/resoluciones/AUTOS%202010/0478.pdf HTTP/1.1" 200 187625
207.46.13.68 - - [08/Jun/2015:06:02:19 -0500] "GET /bla/resoluciones/RESOLUCIONES%202009/8320.pdf HTTP/1.1" 200 382388
207.46.13.68 - - [08/Jun/2015:06:02:20 -0500] "GET /bla/resoluciones/RESOLUCIONES%202009/8649.pdf HTTP/1.1" 200 130859
207.46.13.68 - - [08/Jun/2015:06:02:20 -0500] "GET /BLA/resoluciones/RESOLUCIONES%202010/6061.pdf HTTP/1.1" 200 623898
157.55.39.10 - - [08/Jun/2015:06:02:27 -0500] "GET /BLA/resoluciones/RESOLUCIONES%202008/0027.pdf HTTP/1.1" 200 325317
207.46.13.104 - - [08/Jun/2015:06:02:31 -0500] "GET /BLA/resoluciones/RESOLUCIONES%202010/3878.pdf HTTP/1.1" 200 1118354
207.46.13.104 - - [08/Jun/2015:06:02:32 -0500] "GET /BLA/resoluciones/RESOLUCIONES%202007/RES%202007%20301%20AL%20400/RESOLUCION%200351%20DE%202007.pdf HTTP/1.1" 200 265978
207.46.13.104 - - [08/Jun/2015:06:02:32 -0500] "GET /bla/resoluciones/resoluciones%202010/7847.pdf HTTP/1.1" 200 37569
66.249.67.120 - - [08/Jun/2015:06:03:01 -0500] "GET /BLA/resoluciones/AUTOS%202014/6528.pdf HTTP/1.1" 200 375064
157.55.39.167 - - [08/Jun/2015:06:03:09 -0500] "GET /bla/resoluciones/RESOLUCIONES%202009/8755.pdf HTTP/1.1" 200 531267
157.55.39.167 - - [08/Jun/2015:06:03:09 -0500] "GET /BLA/resoluciones/RESOLUCIONES%202011/1449.pdf HTTP/1.1" 200 70773
157.55.39.167 - - [08/Jun/2015:06:03:10 -0500] "GET /bla/resoluciones/resoluciones%202010/0281.pdf HTTP/1.1" 200 52442
180.76.15.6 - - [08/Jun/2015:06:03:13 -0500] "GET /BLA/resoluciones/AUTOS%202010/0700.pdf HTTP/1.1" 200 185905
74.86.158.107 - - [08/Jun/2015:06:03:18 -0500] "HEAD / HTTP/1.1" 200 -
201.245.192.253 - - [08/Jun/2015:06:00:21 -0500] "GET /ForestMSG_SDA/channelAsync/template_word_18303147?X-Atmosphere-tracking-id=ef7b8cca-22a0-3631-7219-93916646b115&X-Atmosphere-Framework=1.0.5&X-Atmosphere-Transport=long-polling&tabid=0.1128270248301344&X-Cache-Date=0&Content-Type=application/xml&_=1433761283502 HTTP/1.1" 200 8193
207.46.13.68 - - [08/Jun/2015:06:03:24 -0500] "GET /BLA/resoluciones/RESOLUCIONES%202010/6922.pdf HTTP/1.1" 200 3561786
180.76.15.20 - - [08/Jun/2015:06:03:31 -0500] "GET /BLA/resoluciones/AUTOS%202013/0223.pdf HTTP/1.1" 200 1524770
207.46.13.68 - - [08/Jun/2015:06:03:39 -0500] "GET /bla/resoluciones/resoluciones%202010/0744.pdf HTTP/1.1" 200 437625
207.46.13.68 - - [08/Jun/2015:06:03:39 -0500] "GET /BLA/resoluciones/AUTOS%202009/1560.pdf HTTP/1.1" 200 122253
207.46.13.68 - - [08/Jun/2015:06:03:39 -0500] "GET /BLA/resoluciones/AUTOS%202012/1294.pdf HTTP/1.1" 200 193752
207.46.13.104 - - [08/Jun/2015:06:03:43 -0500] "GET /BLA/resoluciones/AUTOS%202010/6937.pdf HTTP/1.1" 200 307551
207.46.13.104 - - [08/Jun/2015:06:03:44 -0500] "GET /BLA/resoluciones/RESOLUCIONES%202011/0215.pdf HTTP/1.1" 200 231095
180.76.15.147 - - [08/Jun/2015:06:03:48 -0500] "GET /BLA/resoluciones/AUTOS%202010/1902.pdf HTTP/1.1" 200 144429
157.55.39.134 - - [08/Jun/2015:06:03:48 -0500] "GET /BLA/resoluciones/Autos%202008/3474.pdf HTTP/1.1" 200 112905
207.46.13.68 - - [08/Jun/2015:06:03:54 -0500] "GET /BLA/resoluciones/RESOLUCIONES%202008/3236.pdf HTTP/1.1" 200 238298
207.46.13.68 - - [08/Jun/2015:06:03:55 -0500] "GET /BLA/resoluciones/RESOLUCIONES%202011/6323.pdf HTTP/1.1" 200 303578
157.55.39.167 - - [08/Jun/2015:06:04:02 -0500] "GET /bla/resoluciones/resoluciones%202009/9417.pdf HTTP/1.1" 200 458043
207.46.13.104 - - [08/Jun/2015:06:04:03 -0500] "GET /BLA/resoluciones/RESOLUCIONES%202009/7950.pdf HTTP/1.1" 200 497843
207.46.13.104 - - [08/Jun/2015:06:04:04 -0500] "GET /bla/resoluciones/resoluciones%202009/8316.pdf HTTP/1.1" 200 495104
207.46.13.104 - - [08/Jun/2015:06:04:04 -0500] "GET /bla/resoluciones/resoluciones%202010/1329.pdf HTTP/1.1" 200 79073
207.46.13.104 - - [08/Jun/2015:06:04:08 -0500] "GET /BLA/resoluciones/AUTOS%202010/3769.pdf HTTP/1.1" 200 287375
207.46.13.104 - - [08/Jun/2015:06:04:08 -0500] "GET /BLA/resoluciones/AUTOS%202010/4697.pdf HTTP/1.1" 200 262711
157.55.39.10 - - [08/Jun/2015:06:04:09 -0500] "GET /bla/resoluciones/RESOLUCIONES%202011/3527.pdf HTTP/1.1" 200 486705
66.249.67.107 - - [08/Jun/2015:06:04:18 -0500] "GET /BLA/resoluciones/AUTOS%202014/6013.pdf HTTP/1.1" 200 429040
207.46.13.68 - - [08/Jun/2015:06:04:20 -0500] "GET /bla/resoluciones/resoluciones%202010/1521.pdf HTTP/1.1" 200 886800
207.46.13.104 - - [08/Jun/2015:06:04:27 -0500] "GET /BLA/resoluciones/RESOLUCIONES%202011/6071.pdf HTTP/1.1" 200 351723
207.46.13.68 - - [08/Jun/2015:06:04:33 -0500] "GET /BLA/resoluciones/Autos%202008/3483.pdf HTTP/1.1" 200 289277
157.55.39.134 - - [08/Jun/2015:06:04:39 -0500] "GET /bla/resoluciones/resoluciones%202011/1498.pdf HTTP/1.1" 200 102678
157.55.39.134 - - [08/Jun/2015:06:04:39 -0500] "GET /bla/resoluciones/autos%202010/2321.PDF HTTP/1.1" 200 800733
157.55.39.134 - - [08/Jun/2015:06:04:40 -0500] "GET /BLA/resoluciones/RESOLUCIONES%202010/5179.pdf HTTP/1.1" 200 1408332
157.55.39.134 - - [08/Jun/2015:06:04:40 -0500] "GET /BLA/resoluciones/RESOLUCIONES%202008/2508.pdf HTTP/1.1" 200 235965
207.46.13.104 - - [08/Jun/2015:06:04:46 -0500] "GET /BLA/resoluciones/RESOLUCIONES%202009/9168.pdf HTTP/1.1" 200 436331
157.55.39.10 - - [08/Jun/2015:06:05:04 -0500] "GET /bla/resoluciones/RESOLUCIONES%202009/6220.pdf HTTP/1.1" 200 1014679
157.55.39.10 - - [08/Jun/2015:06:05:05 -0500] "GET /BLA/resoluciones/RESOLUCIONES%202008/3489.pdf HTTP/1.1" 200 302568
157.55.39.10 - - [08/Jun/2015:06:05:05 -0500] "GET /BLA/resoluciones/RESOLUCIONES%202009/8206.pdf HTTP/1.1" 200 1013855
157.55.39.10 - - [08/Jun/2015:06:05:05 -0500] "GET /bla/resoluciones/resoluciones%202011/0076.pdf HTTP/1.1" 200 402569
157.55.39.10 - - [08/Jun/2015:06:05:07 -0500] "GET /bla/resoluciones/resoluciones%202009/5018.pdf HTTP/1.1" 200 648331
207.46.13.68 - - [08/Jun/2015:06:05:08 -0500] "GET /bla/resoluciones/RESOLUCIONES%202011/4244.pdf HTTP/1.1" 200 452161
207.46.13.68 - - [08/Jun/2015:06:05:09 -0500] "GET /bla/resoluciones/resoluciones%202010/5697.pdf HTTP/1.1" 200 83318
207.46.13.104 - - [08/Jun/2015:06:05:17 -0500] "GET /BLA/resoluciones/RESOLUCIONES%202009/8974.pdf HTTP/1.1" 200 363284
207.46.13.104 - - [08/Jun/2015:06:05:17 -0500] "GET /BLA/resoluciones/RESOLUCIONES%202011/5715.pdf HTTP/1.1" 200 591366
180.76.15.13 - - [08/Jun/2015:06:05:22 -0500] "GET /BLA/resoluciones/RESOLUCIONES%202009/8073.pdf HTTP/1.1" 200 483835
207.46.13.68 - - [08/Jun/2015:06:05:25 -0500] "GET /BLA/resoluciones/AUTOS%202012/2618.pdf HTTP/1.1" 200 336333
207.46.13.68 - - [08/Jun/2015:06:05:26 -0500] "GET /BLA/resoluciones/AUTOS%202010/0084.pdf HTTP/1.1" 200 156722
207.46.13.104 - - [08/Jun/2015:06:05:29 -0500] "GET /BLA/resoluciones/RESOLUCIONES%202010/6817.pdf HTTP/1.1" 200 1645218
207.46.13.104 - - [08/Jun/2015:06:05:30 -0500] "GET /bla/resoluciones/resoluciones%202009/8754.pdf HTTP/1.1" 200 274219
207.46.13.104 - - [08/Jun/2015:06:05:30 -0500] "GET /BLA/resoluciones/RESOLUCIONES%202010/4655.pdf HTTP/1.1" 200 717938
207.46.13.104 - - [08/Jun/2015:06:05:31 -0500] "GET /BLA/resoluciones/RESOLUCIONES%202010/6523.pdf HTTP/1.1" 200 911057
66.249.67.120 - - [08/Jun/2015:06:05:35 -0500] "GET /BLA/resoluciones/AUTOS%202013/1949.pdf HTTP/1.1" 200 416890
207.46.13.68 - - [08/Jun/2015:06:05:37 -0500] "GET /bla/resoluciones/RESOLUCIONES%202011/4916.pdf HTTP/1.1" 200 612476
207.46.13.68 - - [08/Jun/2015:06:05:37 -0500] "GET /BLA/resoluciones/RESOLUCIONES%202011/5203.pdf HTTP/1.1" 200 403534
180.76.15.20 - - [08/Jun/2015:06:05:39 -0500] "GET /BLA/resoluciones/RESOLUCIONES%202009/8033.pdf HTTP/1.1" 200 437834
207.46.13.104 - - [08/Jun/2015:06:05:41 -0500] "GET /BLA/resoluciones/AUTOS%202009/3333.pdf HTTP/1.1" 200 228685
207.46.13.104 - - [08/Jun/2015:06:05:42 -0500] "GET /BLA/resoluciones/AUTOS%202012/2540.pdf HTTP/1.1" 200 1803430
157.55.39.134 - - [08/Jun/2015:06:05:46 -0500] "GET /bla/resoluciones/resoluciones%202009/7434.pdf HTTP/1.1" 200 105922
157.55.39.134 - - [08/Jun/2015:06:05:46 -0500] "GET /BLA/resoluciones/AUTOS%202009/2663.pdf HTTP/1.1" 200 100312
157.55.39.134 - - [08/Jun/2015:06:05:48 -0500] "GET /BLA/resoluciones/RESOLUCIONES%202010/4646.pdf HTTP/1.1" 200 544495
157.55.39.134 - - [08/Jun/2015:06:05:48 -0500] "GET /BLA/resoluciones/AUTOS%202009/3540.pdf HTTP/1.1" 200 216717
157.55.39.134 - - [08/Jun/2015:06:05:49 -0500] "GET /BLA/resoluciones/RESOLUCIONES%202011/4017.pdf HTTP/1.1" 200 810736
207.46.13.68 - - [08/Jun/2015:06:06:07 -0500] "GET /BLA/resoluciones/RESOLUCIONES%202010/4886.pdf HTTP/1.1" 200 740777
207.46.13.68 - - [08/Jun/2015:06:06:07 -0500] "GET /BLA/resoluciones/RESOLUCIONES%202011/4762.pdf HTTP/1.1" 200 599722
207.46.13.68 - - [08/Jun/2015:06:06:17 -0500] "GET /BLA/resoluciones/RESOLUCIONES%202008/4047.pdf HTTP/1.1" 200 305646
207.46.13.104 - - [08/Jun/2015:06:06:20 -0500] "GET /bla/resoluciones/resoluciones%202009/8591.pdf HTTP/1.1" 200 498701
207.46.13.104 - - [08/Jun/2015:06:06:21 -0500] "GET /bla/resoluciones/resoluciones%202011/1318.pdf HTTP/1.1" 200 66291
201.245.192.253 - - [08/Jun/2015:06:03:21 -0500] "GET /ForestMSG_SDA/channelAsync/template_word_18303147?X-Atmosphere-tracking-id=ef7b8cca-22a0-3631-7219-93916646b115&X-Atmosphere-Framework=1.0.5&X-Atmosphere-Transport=long-polling&tabid=0.1128270248301344&X-Cache-Date=0&Content-Type=application/xml&_=1433761463611 HTTP/1.1" 200 8193
207.46.13.104 - - [08/Jun/2015:06:06:21 -0500] "GET /BLA/resoluciones/RESOLUCIONES%202010/5995.pdf HTTP/1.1" 200 668978
207.46.13.104 - - [08/Jun/2015:06:06:22 -0500] "GET /bla/resoluciones/resoluciones%202009/8078.pdf HTTP/1.1" 200 842843
157.55.39.168 - - [08/Jun/2015:06:06:30 -0500] "GET /BLA/resoluciones/RESOLUCIONES%202009/3073.pdf HTTP/1.1" 200 676395
157.55.39.168 - - [08/Jun/2015:06:06:30 -0500] "GET /bla/resoluciones/RESOLUCIONES%202009/8688.pdf HTTP/1.1" 200 522038
157.55.39.168 - - [08/Jun/2015:06:06:31 -0500] "GET /BLA/resoluciones/Autos%202008/3179.pdf HTTP/1.1" 200 203084
157.55.39.168 - - [08/Jun/2015:06:06:31 -0500] "GET /BLA/resoluciones/AUTOS%202009/2949.pdf HTTP/1.1" 200 107477
157.55.39.168 - - [08/Jun/2015:06:06:31 -0500] "GET /BLA/resoluciones/RESOLUCIONES%202008/2559.pdf HTTP/1.1" 200 206267
157.55.39.168 - - [08/Jun/2015:06:06:32 -0500] "GET /BLA/resoluciones/AUTOS%202010/1436.pdf HTTP/1.1" 200 186911
157.55.39.168 - - [08/Jun/2015:06:06:32 -0500] "GET /bla/resoluciones/RESOLUCIONES%202011/5119.pdf HTTP/1.1" 200 425549
157.55.39.168 - - [08/Jun/2015:06:06:33 -0500] "GET /bla/resoluciones/RESOLUCIONES%202011/6097.pdf HTTP/1.1" 200 1015929
157.55.39.168 - - [08/Jun/2015:06:06:33 -0500] "GET /BLA/resoluciones/AUTOS%202007/0693.pdf HTTP/1.1" 200 220502
157.55.39.168 - - [08/Jun/2015:06:06:34 -0500] "GET /BLA/resoluciones/RESOLUCIONES%202010/4714.pdf HTTP/1.1" 200 650074
157.55.39.168 - - [08/Jun/2015:06:06:34 -0500] "GET /BLA/resoluciones/RESOLUCIONES%202008/1675.pdf HTTP/1.1" 200 50234
157.55.39.134 - - [08/Jun/2015:06:06:37 -0500] "GET /BLA/resoluciones/AUTOS%202009/2979.pdf HTTP/1.1" 200 1337565
157.55.39.134 - - [08/Jun/2015:06:06:38 -0500] "GET /BLA/resoluciones/RESOLUCIONES%202008/0073.pdf HTTP/1.1" 200 418254
157.55.39.134 - - [08/Jun/2015:06:06:39 -0500] "GET /BLA/resoluciones/AUTOS%202010/5583.pdf HTTP/1.1" 200 158593
157.55.39.134 - - [08/Jun/2015:06:06:40 -0500] "GET /BLA/resoluciones/RESOLUCIONES%202013/2726.pdf HTTP/1.1" 200 872032
207.46.13.68 - - [08/Jun/2015:06:06:42 -0500] "GET /BLA/resoluciones/RESOLUCIONES%202008/1883.pdf HTTP/1.1" 200 205520
207.46.13.104 - - [08/Jun/2015:06:06:48 -0500] "GET /bla/resoluciones/resoluciones%202009/8689.pdf HTTP/1.1" 200 519266
66.249.67.133 - - [08/Jun/2015:06:06:52 -0500] "GET /BLA/resoluciones/AUTOS%202014/3837.pdf HTTP/1.1" 200 475725
180.76.15.34 - - [08/Jun/2015:06:06:54 -0500] "GET /BLA/resoluciones/AUTOS%202011/1922.pdf HTTP/1.1" 200 156255
157.55.39.10 - - [08/Jun/2015:06:07:00 -0500] "GET /bla/resoluciones/resoluciones%202010/7738.pdf HTTP/1.1" 200 446612
157.55.39.10 - - [08/Jun/2015:06:07:00 -0500] "GET /bla/resoluciones/resoluciones%202009/4899.pdf HTTP/1.1" 200 750339
157.55.39.10 - - [08/Jun/2015:06:07:10 -0500] "GET /bla/resoluciones/resoluciones%202010/5610.pdf HTTP/1.1" 200 1270939
207.46.13.68 - - [08/Jun/2015:06:07:24 -0500] "GET /bla/resoluciones/RESOLUCIONES%202009/7624.pdf HTTP/1.1" 200 440343
157.55.39.11 - - [08/Jun/2015:06:07:30 -0500] "GET /BLA/resoluciones/AUTOS%202012/0243.pdf HTTP/1.1" 200 295494
157.55.39.11 - - [08/Jun/2015:06:07:30 -0500] "GET /BLA/resoluciones/AUTOS%202009/1791.pdf HTTP/1.1" 200 99212
207.46.13.68 - - [08/Jun/2015:06:07:35 -0500] "GET /bla/resoluciones/resoluciones%202011/0643.pdf HTTP/1.1" 200 355334
157.55.39.168 - - [08/Jun/2015:06:07:40 -0500] "GET /bla/resoluciones/resoluciones%202009/4160.pdf HTTP/1.1" 200 604862
207.46.13.104 - - [08/Jun/2015:06:07:44 -0500] "GET /BLA/resoluciones/RESOLUCIONES%202009/8353.pdf HTTP/1.1" 200 425476
180.76.15.6 - - [08/Jun/2015:06:07:50 -0500] "GET /BLA/resoluciones/RESOLUCIONES%202008/5533.pdf HTTP/1.1" 200 68784
157.55.39.134 - - [08/Jun/2015:06:07:51 -0500] "GET /BLA/resoluciones/AUTOS%202012/2962.pdf HTTP/1.1" 200 494351
157.55.39.134 - - [08/Jun/2015:06:07:52 -0500] "GET /bla/resoluciones/resoluciones%202010/6934.pdf HTTP/1.1" 200 515577
157.55.39.134 - - [08/Jun/2015:06:07:52 -0500] "GET /BLA/resoluciones/RESOLUCIONES%202010/3729.pdf HTTP/1.1" 200 569340
207.46.13.68 - - [08/Jun/2015:06:07:56 -0500] "GET /BLA/resoluciones/RESOLUCIONES%202013/2643.pdf HTTP/1.1" 200 1965711
207.46.13.68 - - [08/Jun/2015:06:07:57 -0500] "GET /BLA/resoluciones/RESOLUCIONES%202010/6224.pdf HTTP/1.1" 200 669442
207.46.13.104 - - [08/Jun/2015:06:08:01 -0500] "GET /BLA/resoluciones/RESOLUCIONES%202012/0641.pdf HTTP/1.1" 200 638556
207.46.13.104 - - [08/Jun/2015:06:08:01 -0500] "GET /BLA/resoluciones/RESOLUCIONES%202010/3059.pdf HTTP/1.1" 200 481971
180.76.15.6 - - [08/Jun/2015:06:08:07 -0500] "GET /BLA/resoluciones/RESOLUCIONES%202009/1876.pdf HTTP/1.1" 200 347808
66.249.67.107 - - [08/Jun/2015:06:08:09 -0500] "GET /BLA/resoluciones/AUTOS%202014/6502.pdf HTTP/1.1" 200 564711
207.46.13.104 - - [08/Jun/2015:06:08:13 -0500] "GET /bla/resoluciones/RESOLUCIONES%202011/4752.pdf HTTP/1.1" 200 641732
74.86.158.107 - - [08/Jun/2015:06:08:18 -0500] "HEAD / HTTP/1.1" 200 -
207.46.13.68 - - [08/Jun/2015:06:08:18 -0500] "GET /bla/resoluciones/RESOLUCIONES%202009/4660.pdf HTTP/1.1" 200 610399
207.46.13.68 - - [08/Jun/2015:06:08:20 -0500] "GET /bla/resoluciones/resoluciones%202010/5697.pdf HTTP/1.1" 200 83318
157.55.39.168 - - [08/Jun/2015:06:08:26 -0500] "GET /BLA/resoluciones/RESOLUCIONES%202009/4549.pdf HTTP/1.1" 200 639525
157.55.39.168 - - [08/Jun/2015:06:08:27 -0500] "GET /BLA/resoluciones/RESOLUCIONES%202010/3235.pdf HTTP/1.1" 200 503177
157.55.39.168 - - [08/Jun/2015:06:08:27 -0500] "GET /bla/resoluciones/RESOLUCIONES%202009/9452.pdf HTTP/1.1" 200 417966
157.55.39.134 - - [08/Jun/2015:06:08:46 -0500] "GET /BLA/resoluciones/RESOLUCIONES%202011/0799.pdf HTTP/1.1" 200 795328
157.55.39.134 - - [08/Jun/2015:06:08:46 -0500] "GET /bla/resoluciones/RESOLUCIONES%202009/7836.pdf HTTP/1.1" 200 105158
157.55.39.134 - - [08/Jun/2015:06:08:46 -0500] "GET /BLA/resoluciones/AUTOS%202009/2176.pdf HTTP/1.1" 200 98879
157.55.39.134 - - [08/Jun/2015:06:08:47 -0500] "GET /BLA/resoluciones/RESOLUCIONES%202008/2967.pdf HTTP/1.1" 200 251346
207.46.13.104 - - [08/Jun/2015:06:08:51 -0500] "GET /bla/resoluciones/RESOLUCIONES%202009/7612.pdf HTTP/1.1" 200 559522
207.46.13.68 - - [08/Jun/2015:06:09:02 -0500] "GET /bla/resoluciones/resoluciones%202010/6550.pdf HTTP/1.1" 200 241460
180.76.15.155 - - [08/Jun/2015:06:09:13 -0500] "GET /BLA/resoluciones/RESOLUCIONES%202007/RES%202007%20501%20AL%20600/RESOLUCION%200531%20DE%202007.pdf HTTP/1.1" 200 289781
157.55.39.10 - - [08/Jun/2015:06:09:14 -0500] "GET /BLA/resoluciones/RESOLUCIONES%202009/9545.pdf HTTP/1.1" 200 501875
201.245.192.253 - - [08/Jun/2015:06:06:21 -0500] "GET /ForestMSG_SDA/channelAsync/template_word_18303147?X-Atmosphere-tracking-id=ef7b8cca-22a0-3631-7219-93916646b115&X-Atmosphere-Framework=1.0.5&X-Atmosphere-Transport=long-polling&tabid=0.1128270248301344&X-Cache-Date=0&Content-Type=application/xml&_=1433761643631 HTTP/1.1" 200 8193
157.55.39.168 - - [08/Jun/2015:06:09:24 -0500] "GET /BLA/resoluciones/RESOLUCIONES%202007/RES%202007%203501%20AL%203600/RESOLUCION%203509%20DE%202007.pdf HTTP/1.1" 200 715788
157.55.39.168 - - [08/Jun/2015:06:09:24 -0500] "GET /BLA/resoluciones/RESOLUCIONES%202010/3043.pdf HTTP/1.1" 200 1161781
157.55.39.168 - - [08/Jun/2015:06:09:25 -0500] "GET /BLA/resoluciones/AUTOS%202010/6431.pdf HTTP/1.1" 200 174627
157.55.39.168 - - [08/Jun/2015:06:09:25 -0500] "GET /BLA/resoluciones/RESOLUCIONES%202010/5075.pdf HTTP/1.1" 200 761591
157.55.39.168 - - [08/Jun/2015:06:09:26 -0500] "GET /BLA/resoluciones/RESOLUCIONES%202010/2728.pdf HTTP/1.1" 200 377034
66.249.67.133 - - [08/Jun/2015:06:09:26 -0500] "GET /BLA/resoluciones/AUTOS%202014/1536.pdf HTTP/1.1" 200 572295
207.46.13.104 - - [08/Jun/2015:06:09:27 -0500] "GET /BLA/resoluciones/RESOLUCIONES%202008/4514.pdf HTTP/1.1" 200 486077
207.46.13.104 - - [08/Jun/2015:06:09:27 -0500] "GET /bla/resoluciones/RESOLUCIONES%202009/7786.pdf HTTP/1.1" 200 493073
180.76.15.145 - - [08/Jun/2015:06:09:30 -0500] "GET /BLA/resoluciones/AUTOS%202012/1606.pdf HTTP/1.1" 200 189084
207.46.13.68 - - [08/Jun/2015:06:09:38 -0500] "GET /BLA/resoluciones/RESOLUCIONES%202008/0366.pdf HTTP/1.1" 200 343859
157.55.39.134 - - [08/Jun/2015:06:09:44 -0500] "GET /bla/resoluciones/resoluciones%202009/6791.pdf HTTP/1.1" 200 698642
180.76.15.145 - - [08/Jun/2015:06:09:48 -0500] "GET /BLA/resoluciones/AUTOS%202010/2355.pdf HTTP/1.1" 200 314370
66.249.67.120 - - [08/Jun/2015:06:09:48 -0500] "GET /galeria/nivo-slider/demo/images/Comparendo-ambiental-Banner.jpg HTTP/1.1" 304 -
207.46.13.104 - - [08/Jun/2015:06:09:48 -0500] "GET /bla/resoluciones/autos%202010/0779.pdf HTTP/1.1" 200 192731
207.46.13.104 - - [08/Jun/2015:06:09:49 -0500] "GET /bla/resoluciones/resoluciones%202009/8543.pdf HTTP/1.1" 200 486905
207.46.13.104 - - [08/Jun/2015:06:09:50 -0500] "GET /bla/resoluciones/resoluciones%202011/1599.pdf HTTP/1.1" 200 78099
207.46.13.68 - - [08/Jun/2015:06:09:52 -0500] "GET /BLA/resoluciones/RESOLUCIONES%202008/2023.pdf HTTP/1.1" 200 247117
207.46.13.104 - - [08/Jun/2015:06:09:58 -0500] "GET /bla/resoluciones/autos%202010/1404.pdf HTTP/1.1" 200 257350
207.46.13.68 - - [08/Jun/2015:06:10:03 -0500] "GET /BLA/resoluciones/AUTOS%202010/5127.pdf HTTP/1.1" 200 204736
157.55.39.10 - - [08/Jun/2015:06:10:09 -0500] "GET /bla/resoluciones/RESOLUCIONES%202009/8130.pdf HTTP/1.1" 200 98401
157.55.39.10 - - [08/Jun/2015:06:10:09 -0500] "GET /BLA/resoluciones/RESOLUCIONES%202008/1458.pdf HTTP/1.1" 200 299725
157.55.39.10 - - [08/Jun/2015:06:10:10 -0500] "GET /bla/resoluciones/resoluciones%202010/0823.pdf HTTP/1.1" 200 103598
157.55.39.10 - - [08/Jun/2015:06:10:10 -0500] "GET /BLA/resoluciones/RESOLUCIONES%202008/4538.pdf HTTP/1.1" 200 983168
157.55.39.10 - - [08/Jun/2015:06:10:12 -0500] "GET /BLA/resoluciones/RESOLUCIONES%202011/2079.pdf HTTP/1.1" 200 509915
157.55.39.167 - - [08/Jun/2015:06:10:15 -0500] "GET /bla/resoluciones/RESOLUCIONES%202009/9225.pdf HTTP/1.1" 200 517236
157.55.39.167 - - [08/Jun/2015:06:10:16 -0500] "GET /BLA/resoluciones/Autos%202008/2776.pdf HTTP/1.1" 200 73720
157.55.39.168 - - [08/Jun/2015:06:10:16 -0500] "GET /BLA/resoluciones/AUTOS%202009/3166.pdf HTTP/1.1" 200 133105
157.55.39.168 - - [08/Jun/2015:06:10:17 -0500] "GET /bla/resoluciones/RESOLUCIONES%202011/4525.pdf HTTP/1.1" 200 618376
157.55.39.168 - - [08/Jun/2015:06:10:18 -0500] "GET /bla/resoluciones/resoluciones%202010/6204.pdf HTTP/1.1" 200 860269
207.46.13.104 - - [08/Jun/2015:06:10:19 -0500] "GET /BLA/resoluciones/AUTOS%202009/1623.pdf HTTP/1.1" 200 138603
207.46.13.104 - - [08/Jun/2015:06:10:19 -0500] "GET /BLA/resoluciones/RESOLUCIONES%202010/3503.pdf HTTP/1.1" 200 503489
207.46.13.104 - - [08/Jun/2015:06:10:19 -0500] "GET /bla/resoluciones/RESOLUCIONES%202009/5592.pdf HTTP/1.1" 200 674637
180.76.15.14 - - [08/Jun/2015:06:10:22 -0500] "GET /BLA/resoluciones/RESOLUCIONES%202008/4913.pdf HTTP/1.1" 200 214200
157.55.39.10 - - [08/Jun/2015:06:10:23 -0500] "GET /BLA/resoluciones/RESOLUCIONES%202014/0111.pdf HTTP/1.1" 200 576168
207.46.13.68 - - [08/Jun/2015:06:10:33 -0500] "GET /BLA/resoluciones/RESOLUCIONES%202010/3213.pdf HTTP/1.1" 200 528191
207.46.13.68 - - [08/Jun/2015:06:10:34 -0500] "GET /BLA/resoluciones/RESOLUCIONES%202010/4012.pdf HTTP/1.1" 200 616860
207.46.13.68 - - [08/Jun/2015:06:10:34 -0500] "GET /BLA/resoluciones/RESOLUCIONES%202008/0301.pdf HTTP/1.1" 200 30149
207.46.13.104 - - [08/Jun/2015:06:10:38 -0500] "GET /BLA/resoluciones/RESOLUCIONES%202012/1815.pdf HTTP/1.1" 200 393101
180.76.15.134 - - [08/Jun/2015:06:10:40 -0500] "GET /BLA/resoluciones/AUTOS%202010/6815.pdf HTTP/1.1" 200 134465
157.55.39.134 - - [08/Jun/2015:06:10:43 -0500] "GET /BLA/resoluciones/RESOLUCIONES%202009/7708.pdf HTTP/1.1" 200 638386
66.249.67.107 - - [08/Jun/2015:06:10:43 -0500] "GET /BLA/resoluciones/AUTOS%202014/6661.pdf HTTP/1.1" 200 522285
157.55.39.134 - - [08/Jun/2015:06:10:44 -0500] "GET /BLA/resoluciones/RESOLUCIONES%202008/4012.pdf HTTP/1.1" 200 409177
180.76.15.27 - - [08/Jun/2015:06:10:57 -0500] "GET /BLA/resoluciones/AUTOS%202013/1991.pdf HTTP/1.1" 200 2486351
207.46.13.104 - - [08/Jun/2015:06:11:08 -0500] "GET /bla/resoluciones/RESOLUCIONES%202009/7739.pdf HTTP/1.1" 200 558250
180.76.15.5 - - [08/Jun/2015:06:11:14 -0500] "GET /BLA/resoluciones/RESOLUCIONES%202007/RES%202007%20601%20AL%20700/RESOLUCION%200634%20DE%202007.pdf HTTP/1.1" 200 1051268
207.46.13.104 - - [08/Jun/2015:06:11:29 -0500] "GET /BLA/resoluciones/AUTOS%202012/2971.pdf HTTP/1.1" 200 221212
207.46.13.104 - - [08/Jun/2015:06:11:30 -0500] "GET /bla/resoluciones/RESOLUCIONES%202011/6182.pdf HTTP/1.1" 200 399926
180.76.15.150 - - [08/Jun/2015:06:11:31 -0500] "GET /BLA/resoluciones/RESOLUCIONES%202009/8376.pdf HTTP/1.1" 200 521389
207.46.13.104 - - [08/Jun/2015:06:11:39 -0500] "GET /bla/resoluciones/resoluciones%202010/1110.pdf HTTP/1.1" 200 171430
157.55.39.134 - - [08/Jun/2015:06:11:44 -0500] "GET /BLA/resoluciones/RESOLUCIONES%202011/4362.pdf HTTP/1.1" 200 603882
180.76.15.161 - - [08/Jun/2015:06:11:49 -0500] "GET /BLA/resoluciones/AUTOS%202010/0606.pdf HTTP/1.1" 200 194821
207.46.13.104 - - [08/Jun/2015:06:11:50 -0500] "GET /BLA/resoluciones/AUTOS%202010/1133.pdf HTTP/1.1" 200 189505
207.46.13.104 - - [08/Jun/2015:06:11:51 -0500] "GET /bla/resoluciones/RESOLUCIONES%202009/7377.pdf HTTP/1.1" 200 957781
207.46.13.68 - - [08/Jun/2015:06:11:55 -0500] "GET /bla/resoluciones/resoluciones%202009/8831.pdf HTTP/1.1" 200 555772
207.46.13.68 - - [08/Jun/2015:06:11:55 -0500] "GET /bla/resoluciones/resoluciones%202010/7646.pdf HTTP/1.1" 200 63685
207.46.13.104 - - [08/Jun/2015:06:12:00 -0500] "GET /bla/resoluciones/RESOLUCIONES%202011/5045.pdf HTTP/1.1" 200 466667
66.249.67.107 - - [08/Jun/2015:06:12:00 -0500] "GET /BLA/resoluciones/AUTOS%202014/0393.pdf HTTP/1.1" 200 428964
157.55.39.10 - - [08/Jun/2015:06:12:04 -0500] "GET /BLA/resoluciones/RESOLUCIONES%202008/5365.pdf HTTP/1.1" 200 163841
157.55.39.10 - - [08/Jun/2015:06:12:05 -0500] "GET /bla/resoluciones/resoluciones%202009/9605.pdf HTTP/1.1" 200 315000
180.76.15.13 - - [08/Jun/2015:06:12:06 -0500] "GET /BLA/resoluciones/AUTOS%202014/2065.pdf HTTP/1.1" 200 3973159
207.46.13.104 - - [08/Jun/2015:06:12:10 -0500] "GET /BLA/resoluciones/RESOLUCIONES%202007/RES%202007%203301%20AL%203400/RESOLUCION%203389%20DE%202007.pdf HTTP/1.1" 200 749074
207.46.13.68 - - [08/Jun/2015:06:12:14 -0500] "GET /BLA/resoluciones/AUTOS%202010/1276.pdf HTTP/1.1" 200 350484
201.245.192.253 - - [08/Jun/2015:06:09:21 -0500] "GET /ForestMSG_SDA/channelAsync/template_word_18303147?X-Atmosphere-tracking-id=ef7b8cca-22a0-3631-7219-93916646b115&X-Atmosphere-Framework=1.0.5&X-Atmosphere-Transport=long-polling&tabid=0.1128270248301344&X-Cache-Date=0&Content-Type=application/xml&_=1433761823622 HTTP/1.1" 200 8193
207.46.13.68 - - [08/Jun/2015:06:12:22 -0500] "GET /BLA/resoluciones/RESOLUCIONES%202008/5696.pdf HTTP/1.1" 200 241676
180.76.15.148 - - [08/Jun/2015:06:12:23 -0500] "GET /BLA/resoluciones/AUTOS%202013/0333.pdf HTTP/1.1" 200 1629452
157.55.39.168 - - [08/Jun/2015:06:12:30 -0500] "GET /bla/resoluciones/RESOLUCIONES%202009/5112.pdf HTTP/1.1" 200 909071
157.55.39.168 - - [08/Jun/2015:06:12:30 -0500] "GET /BLA/resoluciones/RESOLUCIONES%202007/RES%202007%203301%20AL%203400/RESOLUCION%203349%20DE%202007.pdf HTTP/1.1" 200 595717
157.55.39.168 - - [08/Jun/2015:06:12:31 -0500] "GET /BLA/resoluciones/RESOLUCIONES%202010/5122.pdf HTTP/1.1" 200 1321375
157.55.39.168 - - [08/Jun/2015:06:12:31 -0500] "GET /bla/resoluciones/RESOLUCIONES%202009/9680.pdf HTTP/1.1" 200 369383
157.55.39.168 - - [08/Jun/2015:06:12:32 -0500] "GET /bla/resoluciones/resoluciones%202009/7620.pdf HTTP/1.1" 200 1600951
157.55.39.168 - - [08/Jun/2015:06:12:32 -0500] "GET /BLA/resoluciones/AUTOS%202012/1341.pdf HTTP/1.1" 200 160469
157.55.39.168 - - [08/Jun/2015:06:12:32 -0500] "GET /BLA/resoluciones/RESOLUCIONES%202009/4754.pdf HTTP/1.1" 200 603665
66.249.67.164 - - [08/Jun/2015:06:12:40 -0500] "GET /normnew/dcpmi.htm HTTP/1.1" 404 1019
180.76.15.162 - - [08/Jun/2015:06:12:40 -0500] "GET /BLA/resoluciones/AUTOS%202014/1195.pdf HTTP/1.1" 200 1237554
180.76.15.143 - - [08/Jun/2015:06:12:58 -0500] "GET /BLA/resoluciones/AUTOS%202012/2632.pdf HTTP/1.1" 200 500006
180.76.15.9 - - [08/Jun/2015:06:13:15 -0500] "GET /BLA/resoluciones/AUTOS%202010/4394.pdf HTTP/1.1" 200 139945
66.249.67.107 - - [08/Jun/2015:06:13:18 -0500] "GET /BLA/resoluciones/AUTOS%202014/0771.pdf HTTP/1.1" 200 466084
74.86.158.107 - - [08/Jun/2015:06:13:18 -0500] "HEAD / HTTP/1.1" 200 -
207.46.13.104 - - [08/Jun/2015:06:13:23 -0500] "GET /BLA/resoluciones/RESOLUCIONES%202010/6257.pdf HTTP/1.1" 200 595324
207.46.13.104 - - [08/Jun/2015:06:13:23 -0500] "GET /BLA/resoluciones/AUTOS%202009/1809.pdf HTTP/1.1" 200 181168
157.55.39.11 - - [08/Jun/2015:06:13:27 -0500] "GET /BLA/resoluciones/RESOLUCIONES%202011/1926.pdf HTTP/1.1" 200 305741
157.55.39.11 - - [08/Jun/2015:06:13:28 -0500] "GET /BLA/resoluciones/AUTOS%202009/0681.pdf HTTP/1.1" 200 70685
80.196.166.198 - - [08/Jun/2015:06:13:31 -0500] "GET /wp-admin/ HTTP/1.1" 404 1018
180.76.15.138 - - [08/Jun/2015:06:13:32 -0500] "GET /BLA/resoluciones/RESOLUCIONES%202011/1621.pdf HTTP/1.1" 200 69271
157.55.39.168 - - [08/Jun/2015:06:13:33 -0500] "GET /BLA/resoluciones/AUTOS%202010/1155.pdf HTTP/1.1" 200 151236
157.55.39.168 - - [08/Jun/2015:06:13:33 -0500] "GET /BLA/resoluciones/RESOLUCIONES%202011/4964.pdf HTTP/1.1" 200 952882
207.46.13.68 - - [08/Jun/2015:06:13:37 -0500] "GET /bla/resoluciones/resoluciones%202009/9693.pdf HTTP/1.1" 200 313079
207.46.13.68 - - [08/Jun/2015:06:13:38 -0500] "GET /BLA/resoluciones/RESOLUCIONES%202014/0993.pdf HTTP/1.1" 200 683598
207.46.13.68 - - [08/Jun/2015:06:13:38 -0500] "GET /BLA/resoluciones/RESOLUCIONES%202008/0123.pdf HTTP/1.1" 200 252050
207.46.13.68 - - [08/Jun/2015:06:13:38 -0500] "GET /BLA/resoluciones/AUTOS%202009/2084.pdf HTTP/1.1" 200 99361
207.46.13.68 - - [08/Jun/2015:06:13:47 -0500] "GET /BLA/resoluciones/RESOLUCIONES%202010/3427.pdf HTTP/1.1" 200 741011
157.55.39.134 - - [08/Jun/2015:06:13:51 -0500] "GET /BLA/resoluciones/RESOLUCIONES%202010/4733.pdf HTTP/1.1" 200 290481
157.55.39.167 - - [08/Jun/2015:06:14:13 -0500] "GET /BLA/resoluciones/RESOLUCIONES%202009/2966.pdf HTTP/1.1" 200 603614
207.46.13.68 - - [08/Jun/2015:06:14:18 -0500] "GET /BLA/resoluciones/AUTOS%202012/0959.pdf HTTP/1.1" 200 175173
157.55.39.168 - - [08/Jun/2015:06:14:21 -0500] "GET /BLA/resoluciones/RESOLUCIONES%202010/3788.pdf HTTP/1.1" 200 1041354
207.46.13.104 - - [08/Jun/2015:06:14:29 -0500] "GET /BLA/resoluciones/RESOLUCIONES%202011/5052.pdf HTTP/1.1" 200 609825
207.46.13.104 - - [08/Jun/2015:06:14:29 -0500] "GET /bla/resoluciones/resoluciones%202009/4139.pdf HTTP/1.1" 200 650240
180.76.15.23 - - [08/Jun/2015:06:14:32 -0500] "GET /BLA/resoluciones/RESOLUCIONES%202008/4694.pdf HTTP/1.1" 200 109104
66.249.67.107 - - [08/Jun/2015:06:14:35 -0500] "GET /BLA/resoluciones/RESOLUCIONES%202011/4993.pdf HTTP/1.1" 200 346523
207.46.13.68 - - [08/Jun/2015:06:14:38 -0500] "GET /bla/resoluciones/RESOLUCIONES%202009/4793.pdf HTTP/1.1" 200 1346043
157.55.39.134 - - [08/Jun/2015:06:14:43 -0500] "GET /BLA/resoluciones/RESOLUCIONES%202010/4334.pdf HTTP/1.1" 200 112178
157.55.39.134 - - [08/Jun/2015:06:14:44 -0500] "GET /BLA/resoluciones/AUTOS%202009/1483.pdf HTTP/1.1" 200 194290
157.55.39.134 - - [08/Jun/2015:06:14:45 -0500] "GET /BLA/resoluciones/AUTOS%202009/3400.pdf HTTP/1.1" 200 100174
207.46.13.104 - - [08/Jun/2015:06:14:48 -0500] "GET /BLA/resoluciones/RESOLUCIONES%202008/3883.pdf HTTP/1.1" 200 411591
207.46.13.104 - - [08/Jun/2015:06:14:48 -0500] "GET /BLA/resoluciones/RESOLUCIONES%202008/4730.pdf HTTP/1.1" 200 508207
207.46.13.68 - - [08/Jun/2015:06:14:52 -0500] "GET /bla/resoluciones/resoluciones%202011/0331.pdf HTTP/1.1" 200 71517
157.55.39.10 - - [08/Jun/2015:06:15:04 -0500] "GET /BLA/resoluciones/AUTOS%202012/1780.pdf HTTP/1.1" 200 478035
157.55.39.10 - - [08/Jun/2015:06:15:04 -0500] "GET /bla/resoluciones/RESOLUCIONES%202009/8840.pdf HTTP/1.1" 200 396011
157.55.39.10 - - [08/Jun/2015:06:15:05 -0500] "GET /bla/resoluciones/RESOLUCIONES%202009/3572.pdf HTTP/1.1" 200 867477
157.55.39.10 - - [08/Jun/2015:06:15:06 -0500] "GET /BLA/resoluciones/RESOLUCIONES%202008/3908.pdf HTTP/1.1" 200 381188
157.55.39.10 - - [08/Jun/2015:06:15:06 -0500] "GET /bla/resoluciones/RESOLUCIONES%202009/9047.pdf HTTP/1.1" 200 494921
180.76.15.11 - - [08/Jun/2015:06:15:07 -0500] "GET /BLA/resoluciones/AUTOS%202013/0791.pdf HTTP/1.1" 200 1781213
207.46.13.104 - - [08/Jun/2015:06:15:09 -0500] "GET /bla/resoluciones/resoluciones%202010/1278.pdf HTTP/1.1" 200 109450
207.46.13.68 - - [08/Jun/2015:06:15:13 -0500] "GET /BLA/resoluciones/RESOLUCIONES%202011/6307.pdf HTTP/1.1" 200 1210446
190.29.91.171 - - [08/Jun/2015:06:15:14 -0500] "GET /videos/galeria-cronicas/playlist.htm? HTTP/1.1" 200 8986
190.29.91.171 - - [08/Jun/2015:06:15:14 -0500] "GET /videos/galeria-cronicas/skin/blue.monday/jplayer.blue.monday.css HTTP/1.1" 200 12518
190.29.91.171 - - [08/Jun/2015:06:15:15 -0500] "GET /videos/galeria-cronicas/js/jquery.jplayer.min.js HTTP/1.1" 200 43668
207.46.13.68 - - [08/Jun/2015:06:15:15 -0500] "GET /BLA/resoluciones/AUTOS%202009/3398.pdf HTTP/1.1" 200 96128
190.29.91.171 - - [08/Jun/2015:06:15:15 -0500] "GET /videos/galeria-cronicas/js/jplayer.playlist.min.js HTTP/1.1" 200 8608
190.29.91.171 - - [08/Jun/2015:06:15:17 -0500] "GET /videos/galeria-cronicas/skin/blue.monday/jplayer.blue.monday.video.play.png HTTP/1.1" 200 14424
190.29.91.171 - - [08/Jun/2015:06:15:17 -0500] "GET /videos/galeria-cronicas/skin/blue.monday/jplayer.blue.monday.jpg HTTP/1.1" 200 23189
190.29.91.171 - - [08/Jun/2015:06:15:17 -0500] "GET /videos/galeria-cronicas/cronicas/NuestraGente20.mp4video.mp4 HTTP/1.1" 206 12986828
190.29.91.171 - - [08/Jun/2015:06:15:19 -0500] "GET /videos/galeria-cronicas/cronicas/NuestraGente20.mp4video.mp4 HTTP/1.1" 206 25234
190.29.91.171 - - [08/Jun/2015:06:15:19 -0500] "GET /videos/galeria-cronicas/cronicas/NuestraGente20.mp4video.mp4 HTTP/1.1" 206 12684723
201.245.192.253 - - [08/Jun/2015:06:12:21 -0500] "GET /ForestMSG_SDA/channelAsync/template_word_18303147?X-Atmosphere-tracking-id=ef7b8cca-22a0-3631-7219-93916646b115&X-Atmosphere-Framework=1.0.5&X-Atmosphere-Transport=long-polling&tabid=0.1128270248301344&X-Cache-Date=0&Content-Type=application/xml&_=1433762003606 HTTP/1.1" 200 8193
157.55.39.11 - - [08/Jun/2015:06:15:33 -0500] "GET /BLA/resoluciones/RESOLUCIONES%202012/1852.pdf HTTP/1.1" 200 567432
207.46.13.68 - - [08/Jun/2015:06:15:37 -0500] "GET /BLA/resoluciones/RESOLUCIONES%202009/8433.pdf HTTP/1.1" 200 563758
207.46.13.68 - - [08/Jun/2015:06:15:37 -0500] "GET /BLA/resoluciones/RESOLUCIONES%202010/6434.pdf HTTP/1.1" 200 664797
180.76.15.8 - - [08/Jun/2015:06:15:41 -0500] "GET /BLA/resoluciones/AUTOS%202012/0476.pdf HTTP/1.1" 200 351006
207.46.13.104 - - [08/Jun/2015:06:15:42 -0500] "GET /BLA/resoluciones/RESOLUCIONES%202011/0724.pdf HTTP/1.1" 200 244872
207.46.13.104 - - [08/Jun/2015:06:15:43 -0500] "GET /bla/resoluciones/resoluciones%202010/2236.pdf HTTP/1.1" 200 477189
157.55.39.134 - - [08/Jun/2015:06:15:47 -0500] "GET /BLA/resoluciones/AUTOS%202009/2317.pdf HTTP/1.1" 200 152199
66.249.67.133 - - [08/Jun/2015:06:15:52 -0500] "GET /BLA/resoluciones/AUTOS%202014/3603.pdf HTTP/1.1" 200 444091
207.46.13.104 - - [08/Jun/2015:06:15:52 -0500] "GET /bla/resoluciones/RESOLUCIONES%202009/6151.pdf HTTP/1.1" 200 635186
207.46.13.104 - - [08/Jun/2015:06:15:53 -0500] "GET /BLA/resoluciones/AUTOS%202012/0190.pdf HTTP/1.1" 200 416219
207.46.13.68 - - [08/Jun/2015:06:15:56 -0500] "GET /bla/resoluciones/RESOLUCIONES%202011/5354.pdf HTTP/1.1" 200 389189
157.55.39.10 - - [08/Jun/2015:06:16:03 -0500] "GET /BLA/resoluciones/RESOLUCIONES%202011/5278.pdf HTTP/1.1" 200 501502
207.46.13.68 - - [08/Jun/2015:06:16:10 -0500] "GET /BLA/resoluciones/RESOLUCIONES%202008/2884.pdf HTTP/1.1" 200 426312
207.46.13.104 - - [08/Jun/2015:06:16:20 -0500] "GET /BLA/resoluciones/RESOLUCIONES%202009/7522.pdf HTTP/1.1" 200 528357
207.46.13.104 - - [08/Jun/2015:06:16:21 -0500] "GET /bla/resoluciones/resoluciones%202010/3023.pdf HTTP/1.1" 200 172614
157.55.39.10 - - [08/Jun/2015:06:16:24 -0500] "GET /bla/resoluciones/RESOLUCIONES%202009/9506.pdf HTTP/1.1" 200 227205
180.76.15.9 - - [08/Jun/2015:06:16:34 -0500] "GET /BLA/resoluciones/RESOLUCIONES%202009/8099.pdf HTTP/1.1" 200 517974
207.46.13.104 - - [08/Jun/2015:06:16:39 -0500] "GET /bla/resoluciones/resoluciones%202009/2840.pdf HTTP/1.1" 200 657380
180.76.15.153 - - [08/Jun/2015:06:16:51 -0500] "GET /BLA/resoluciones/RESOLUCIONES%202009/8715.pdf HTTP/1.1" 200 497024
207.46.13.104 - - [08/Jun/2015:06:16:56 -0500] "GET /bla/resoluciones/resoluciones%202011/0063.pdf HTTP/1.1" 200 402564
157.55.39.167 - - [08/Jun/2015:06:17:01 -0500] "GET /bla/resoluciones/RESOLUCIONES%202009/9826.pdf HTTP/1.1" 200 1982638
157.55.39.167 - - [08/Jun/2015:06:17:02 -0500] "GET /BLA/resoluciones/RESOLUCIONES%202010/6144.pdf HTTP/1.1" 200 671045
157.55.39.167 - - [08/Jun/2015:06:17:02 -0500] "GET /BLA/resoluciones/RESOLUCIONES%202010/4589.pdf HTTP/1.1" 200 1124034
157.55.39.167 - - [08/Jun/2015:06:17:02 -0500] "GET /BLA/resoluciones/RESOLUCIONES%202008/4939.pdf HTTP/1.1" 200 224455
157.55.39.167 - - [08/Jun/2015:06:17:03 -0500] "GET /bla/resoluciones/autos%202010/5877.pdf HTTP/1.1" 200 121327
157.55.39.167 - - [08/Jun/2015:06:17:03 -0500] "GET /BLA/resoluciones/RESOLUCIONES%202007/RES%202007%20901%20AL%201000/RESOLUCION%200979%20DE%202007.pdf HTTP/1.1" 200 370716
157.55.39.167 - - [08/Jun/2015:06:17:04 -0500] "GET /BLA/resoluciones/RESOLUCIONES%202009/9032.pdf HTTP/1.1" 200 349388
157.55.39.167 - - [08/Jun/2015:06:17:04 -0500] "GET /BLA/resoluciones/RESOLUCIONES%202008/1371.pdf HTTP/1.1" 200 1098870
157.55.39.167 - - [08/Jun/2015:06:17:04 -0500] "GET /BLA/resoluciones/RESOLUCIONES%202010/2780.pdf HTTP/1.1" 200 500703
157.55.39.167 - - [08/Jun/2015:06:17:05 -0500] "GET /bla/resoluciones/RESOLUCIONES%202009/8240.pdf HTTP/1.1" 200 331140
157.55.39.167 - - [08/Jun/2015:06:17:05 -0500] "GET /BLA/resoluciones/AUTOS%202007/0822.pdf HTTP/1.1" 200 158158
157.55.39.167 - - [08/Jun/2015:06:17:06 -0500] "GET /BLA/resoluciones/RESOLUCIONES%202008/1403.pdf HTTP/1.1" 200 175205
157.55.39.167 - - [08/Jun/2015:06:17:06 -0500] "GET /BLA/resoluciones/RESOLUCIONES%202010/4882.pdf HTTP/1.1" 200 742417
180.76.15.141 - - [08/Jun/2015:06:17:09 -0500] "GET /BLA/resoluciones/AUTOS%202013/0458.pdf HTTP/1.1" 200 3295760
66.249.67.107 - - [08/Jun/2015:06:17:09 -0500] "GET /BLA/resoluciones/AUTOS%202014/0936.pdf HTTP/1.1" 200 783898
207.46.13.104 - - [08/Jun/2015:06:17:13 -0500] "GET /bla/resoluciones/RESOLUCIONES%202009/3002.pdf HTTP/1.1" 200 612940
207.46.13.104 - - [08/Jun/2015:06:17:13 -0500] "GET /BLA/resoluciones/AUTOS%202012/1634.pdf HTTP/1.1" 200 316450
207.46.13.104 - - [08/Jun/2015:06:17:14 -0500] "GET /bla/resoluciones/RESOLUCIONES%202009/8791.pdf HTTP/1.1" 200 546598
