180.76.15.16 - - [08/Jun/2015:09:27:26 -0500] "GET /BLA/resoluciones/RESOLUCIONES%202008/1689.pdf HTTP/1.1" 200 202509
157.55.39.168 - - [08/Jun/2015:09:27:26 -0500] "GET /BLA/resoluciones/RESOLUCIONES%202010/3314.pdf HTTP/1.1" 200 866264
190.25.157.12 - - [08/Jun/2015:09:27:25 -0500] "GET /reports/rwservlet/getjobid352666?server=rep_srvapsda HTTP/1.1" 200 1375116
157.55.39.168 - - [08/Jun/2015:09:27:26 -0500] "GET /bla/resoluciones/resoluciones%202010/0966.pdf HTTP/1.1" 200 433979
157.55.39.168 - - [08/Jun/2015:09:27:27 -0500] "GET /bla/resoluciones/resoluciones%202009/7075.pdf HTTP/1.1" 200 97181
157.55.39.168 - - [08/Jun/2015:09:27:27 -0500] "GET /bla/resoluciones/RESOLUCIONES%202009/7180.pdf HTTP/1.1" 200 1019916
157.55.39.168 - - [08/Jun/2015:09:27:28 -0500] "GET /BLA/resoluciones/RESOLUCIONES%202008/0086.pdf HTTP/1.1" 200 618139
157.55.39.168 - - [08/Jun/2015:09:27:28 -0500] "GET /bla/resoluciones/RESOLUCIONES%202009/7824.pdf HTTP/1.1" 200 564479
157.55.39.168 - - [08/Jun/2015:09:27:29 -0500] "GET /BLA/resoluciones/RESOLUCIONES%202007/RES%202007%203301%20AL%203400/RESOLUCION%203391%20DE%202007.pdf HTTP/1.1" 200 443841
157.55.39.168 - - [08/Jun/2015:09:27:29 -0500] "GET /BLA/resoluciones/RESOLUCIONES%202010/3933.pdf HTTP/1.1" 200 515341
157.55.39.168 - - [08/Jun/2015:09:27:30 -0500] "GET /BLA/resoluciones/RESOLUCIONES%202011/1255.pdf HTTP/1.1" 200 256669
157.55.39.168 - - [08/Jun/2015:09:27:30 -0500] "GET /bla/resoluciones/RESOLUCIONES%202009/4664.pdf HTTP/1.1" 200 761637
157.55.39.168 - - [08/Jun/2015:09:27:30 -0500] "GET /BLA/resoluciones/RESOLUCIONES%202011/1454.pdf HTTP/1.1" 200 521924
157.55.39.168 - - [08/Jun/2015:09:27:31 -0500] "GET /BLA/resoluciones/AUTOS%202011/0187.pdf HTTP/1.1" 200 345405
157.55.39.168 - - [08/Jun/2015:09:27:31 -0500] "GET /BLA/resoluciones/RESOLUCIONES%202008/3071.pdf HTTP/1.1" 200 450675
180.76.15.147 - - [08/Jun/2015:09:27:43 -0500] "GET /BLA/resoluciones/RESOLUCIONES%202013/0503.pdf HTTP/1.1" 200 1314240
74.86.158.107 - - [08/Jun/2015:09:27:45 -0500] "HEAD / HTTP/1.1" 200 -
207.46.13.104 - - [08/Jun/2015:09:27:45 -0500] "GET /BLA/resoluciones/RESOLUCIONES%202008/0234.pdf HTTP/1.1" 200 563202
186.31.146.159 - - [08/Jun/2015:09:27:49 -0500] "GET /galeria/galeria/jquery.fancybox.css?v=2.1.5 HTTP/1.1" 304 -
186.31.146.159 - - [08/Jun/2015:09:27:49 -0500] "GET /BLA/boletinlegal/js/jquery.scrollTo-min.js HTTP/1.1" 304 -
186.31.146.159 - - [08/Jun/2015:09:27:49 -0500] "GET /BLA/boletinlegal/js/jquery.scrollShow.js HTTP/1.1" 304 -
186.31.146.159 - - [08/Jun/2015:09:27:49 -0500] "GET /galeria/galeria/jquery.fancybox.js?v=2.1.5 HTTP/1.1" 304 -
190.25.157.12 - - [08/Jun/2015:09:27:50 -0500] "POST /forms/lservlet;jsessionid=ac16012b30d67c61dff4bcf141b0abf18cb7e96759d3.e3iSbxaKaheRe34MbhmNaxqNb41ynknvrkLOlQzNp65In0 HTTP/1.1" 200 2
190.25.157.12 - - [08/Jun/2015:09:27:50 -0500] "POST /forms/lservlet;jsessionid=ac16012b30d67c61dff4bcf141b0abf18cb7e96759d3.e3iSbxaKaheRe34MbhmNaxqNb41ynknvrkLOlQzNp65In0 HTTP/1.1" 200 14
190.25.157.12 - - [08/Jun/2015:09:27:51 -0500] "POST /forms/lservlet;jsessionid=ac16012b30d67c61dff4bcf141b0abf18cb7e96759d3.e3iSbxaKaheRe34MbhmNaxqNb41ynknvrkLOlQzNp65In0 HTTP/1.1" 200 14
190.25.157.12 - - [08/Jun/2015:09:27:52 -0500] "POST /forms/lservlet;jsessionid=ac16012b30d67c61dff4bcf141b0abf18cb7e96759d3.e3iSbxaKaheRe34MbhmNaxqNb41ynknvrkLOlQzNp65In0 HTTP/1.1" 200 116
190.25.157.12 - - [08/Jun/2015:09:27:53 -0500] "POST /forms/lservlet;jsessionid=ac16012b30d67c61dff4bcf141b0abf18cb7e96759d3.e3iSbxaKaheRe34MbhmNaxqNb41ynknvrkLOlQzNp65In0 HTTP/1.1" 200 2
190.25.157.12 - - [08/Jun/2015:09:27:53 -0500] "GET /reports/rwservlet/getjobid352667?server=rep_srvapsda HTTP/1.1" 200 48108
180.76.15.12 - - [08/Jun/2015:09:28:00 -0500] "GET /BLA/resoluciones/RESOLUCIONES%202014/1023.pdf HTTP/1.1" 200 579746
207.46.13.68 - - [08/Jun/2015:09:28:00 -0500] "GET /bla/resoluciones/RESOLUCIONES%202011/4016.pdf HTTP/1.1" 200 795624
207.46.13.68 - - [08/Jun/2015:09:28:01 -0500] "GET /BLA/resoluciones/AUTOS%202012/0794.pdf HTTP/1.1" 200 219818
207.46.13.68 - - [08/Jun/2015:09:28:01 -0500] "GET /BLA/resoluciones/RESOLUCIONES%202010/4930.pdf HTTP/1.1" 200 681193
207.46.13.68 - - [08/Jun/2015:09:28:01 -0500] "GET /BLA/resoluciones/AUTOS%202012/2692.pdf HTTP/1.1" 200 268157
181.55.242.241 - - [08/Jun/2015:09:28:04 -0500] "GET /forest/session.jsp?a=0.5009439992718399 HTTP/1.1" 200 4
207.46.13.104 - - [08/Jun/2015:09:28:05 -0500] "GET /BLA/resoluciones/RESOLUCIONES%202011/4978.pdf HTTP/1.1" 200 351701
190.25.157.12 - - [08/Jun/2015:09:28:05 -0500] "POST /forms/lservlet;jsessionid=ac16012b30d67c61dff4bcf141b0abf18cb7e96759d3.e3iSbxaKaheRe34MbhmNaxqNb41ynknvrkLOlQzNp65In0 HTTP/1.1" 200 2
207.46.13.104 - - [08/Jun/2015:09:28:06 -0500] "GET /BLA/resoluciones/RESOLUCIONES%202009/2719.pdf HTTP/1.1" 200 655604
190.25.157.12 - - [08/Jun/2015:09:28:05 -0500] "POST /forms/lservlet;jsessionid=ac16012b30d67c61dff4bcf141b0abf18cb7e96759d3.e3iSbxaKaheRe34MbhmNaxqNb41ynknvrkLOlQzNp65In0 HTTP/1.1" 200 14
190.25.157.12 - - [08/Jun/2015:09:28:06 -0500] "POST /forms/lservlet;jsessionid=ac16012b30d67c61dff4bcf141b0abf18cb7e96759d3.e3iSbxaKaheRe34MbhmNaxqNb41ynknvrkLOlQzNp65In0 HTTP/1.1" 200 113
190.25.157.12 - - [08/Jun/2015:09:28:06 -0500] "POST /forms/lservlet;jsessionid=ac16012b30d67c61dff4bcf141b0abf18cb7e96759d3.e3iSbxaKaheRe34MbhmNaxqNb41ynknvrkLOlQzNp65In0 HTTP/1.1" 200 2
190.25.157.12 - - [08/Jun/2015:09:28:06 -0500] "GET /reports/rwservlet/getjobid352668?server=rep_srvapsda HTTP/1.1" 200 58665
207.46.13.68 - - [08/Jun/2015:09:28:11 -0500] "GET /BLA/resoluciones/Autos%202008/2642.pdf HTTP/1.1" 200 71666
207.46.13.68 - - [08/Jun/2015:09:28:11 -0500] "GET /BLA/resoluciones/RESOLUCIONES%202011/4622.pdf HTTP/1.1" 200 460677
207.46.13.68 - - [08/Jun/2015:09:28:12 -0500] "GET /BLA/resoluciones/RESOLUCIONES%202011/5760.pdf HTTP/1.1" 200 433104
180.76.15.10 - - [08/Jun/2015:09:28:17 -0500] "GET /BLA/resoluciones/RESOLUCIONES%202012/0207.pdf HTTP/1.1" 200 1032007
66.249.64.223 - - [08/Jun/2015:09:28:20 -0500] "GET /BLA/resoluciones/AUTOS%202014/0715.pdf HTTP/1.1" 200 430083
190.25.157.12 - - [08/Jun/2015:09:28:21 -0500] "POST /forms/lservlet;jsessionid=ac16012b30d67c61dff4bcf141b0abf18cb7e96759d3.e3iSbxaKaheRe34MbhmNaxqNb41ynknvrkLOlQzNp65In0 HTTP/1.1" 200 2356
190.25.157.12 - - [08/Jun/2015:09:28:24 -0500] "POST /forms/lservlet;jsessionid=ac16012b30d67c61dff4bcf141b0abf18cb7e96759d3.e3iSbxaKaheRe34MbhmNaxqNb41ynknvrkLOlQzNp65In0 HTTP/1.1" 200 2
157.55.39.10 - - [08/Jun/2015:09:28:27 -0500] "GET /BLA/resoluciones/AUTOS%202012/1995.pdf HTTP/1.1" 200 1636459
157.55.39.10 - - [08/Jun/2015:09:28:28 -0500] "GET /bla/resoluciones/RESOLUCIONES%202009/4606.pdf HTTP/1.1" 200 641435
157.55.39.10 - - [08/Jun/2015:09:28:28 -0500] "GET /BLA/resoluciones/RESOLUCIONES%202008/4283.pdf HTTP/1.1" 200 487852
207.46.13.68 - - [08/Jun/2015:09:28:33 -0500] "GET /BLA/resoluciones/RESOLUCIONES%202010/3348.pdf HTTP/1.1" 200 361236
180.76.15.23 - - [08/Jun/2015:09:28:35 -0500] "GET /BLA/resoluciones/RESOLUCIONES%202008/1080.pdf HTTP/1.1" 200 304063
207.46.13.104 - - [08/Jun/2015:09:28:46 -0500] "GET /BLA/resoluciones/AUTOS%202009/1052.pdf HTTP/1.1" 200 112374
207.46.13.104 - - [08/Jun/2015:09:28:46 -0500] "GET /BLA/resoluciones/RESOLUCIONES%202010/5004.pdf HTTP/1.1" 200 747905
207.46.13.104 - - [08/Jun/2015:09:28:47 -0500] "GET /BLA/resoluciones/AUTOS%202009/2248.pdf HTTP/1.1" 200 123137
180.76.15.24 - - [08/Jun/2015:09:28:52 -0500] "GET /BLA/resoluciones/RESOLUCIONES%202007/RES%202007%20201%20AL%20300/RESOLUCION%200210%20DE%202007.pdf HTTP/1.1" 200 279934
89.178.60.177 - - [08/Jun/2015:09:28:54 -0500] "GET /galeria/galeria/jquery.fancybox.js?v=2.1.5 HTTP/1.1" 200 48706
89.178.60.177 - - [08/Jun/2015:09:28:54 -0500] "GET /BLA/boletinlegal/js/jquery.scrollShow.js HTTP/1.1" 200 4586
89.178.60.177 - - [08/Jun/2015:09:28:54 -0500] "GET /BLA/boletinlegal/js/jquery.scrollTo-min.js HTTP/1.1" 200 1150
89.178.60.177 - - [08/Jun/2015:09:28:54 -0500] "GET /galeria/galeria/jquery.fancybox.css?v=2.1.5 HTTP/1.1" 200 4895
157.55.39.10 - - [08/Jun/2015:09:29:00 -0500] "GET /bla/resoluciones/resoluciones%202010/6514.pdf HTTP/1.1" 200 3804117
157.55.39.10 - - [08/Jun/2015:09:29:01 -0500] "GET /BLA/resoluciones/RESOLUCIONES%202008/2327.pdf HTTP/1.1" 200 358941
157.55.39.10 - - [08/Jun/2015:09:29:01 -0500] "GET /bla/resoluciones/resoluciones%202009/8756.pdf HTTP/1.1" 200 642461
181.55.242.241 - - [08/Jun/2015:09:23:04 -0500] "GET /ForestMSG_SDA/channelAsync/template_word_18195790?X-Atmosphere-tracking-id=04e21aab-38d2-dd92-305d-72ebb0488e8d&X-Atmosphere-Framework=1.0.5&X-Atmosphere-Transport=long-polling&tabid=0.7604647788684815&X-Cache-Date=0&Content-Type=application/xml&_=1433773543217 HTTP/1.1" 200 8193
180.76.15.152 - - [08/Jun/2015:09:29:09 -0500] "GET /BLA/resoluciones/RESOLUCIONES%202014/1370.pdf HTTP/1.1" 200 265613
66.249.64.233 - - [08/Jun/2015:09:29:16 -0500] "GET /BLA/resoluciones/AUTOS%202014/6081.pdf HTTP/1.1" 200 423365
207.46.13.104 - - [08/Jun/2015:09:29:26 -0500] "GET /bla/resoluciones/autos%202010/5404.pdf HTTP/1.1" 200 1215839
207.46.13.104 - - [08/Jun/2015:09:29:26 -0500] "GET /BLA/resoluciones/RESOLUCIONES%202011/4683.pdf HTTP/1.1" 200 611914
207.46.13.104 - - [08/Jun/2015:09:29:27 -0500] "GET /bla/resoluciones/RESOLUCIONES%202009/7969.pdf HTTP/1.1" 200 467173
180.76.15.138 - - [08/Jun/2015:09:29:27 -0500] "GET /BLA/resoluciones/RESOLUCIONES%202008/2411.pdf HTTP/1.1" 200 204158
207.46.13.104 - - [08/Jun/2015:09:29:27 -0500] "GET /bla/resoluciones/RESOLUCIONES%202009/4391.pdf HTTP/1.1" 200 593410
201.248.237.76 - - [08/Jun/2015:09:29:29 -0500] "GET /BLA/boletinlegal/js/jquery.scrollTo-min.js HTTP/1.1" 200 1150
201.248.237.76 - - [08/Jun/2015:09:29:29 -0500] "GET /BLA/boletinlegal/js/jquery.scrollShow.js HTTP/1.1" 200 4586
201.248.237.76 - - [08/Jun/2015:09:29:29 -0500] "GET /galeria/galeria/jquery.fancybox.js?v=2.1.5 HTTP/1.1" 200 48706
201.248.237.76 - - [08/Jun/2015:09:29:29 -0500] "GET /galeria/galeria/jquery.fancybox.css?v=2.1.5 HTTP/1.1" 200 4895
207.46.13.68 - - [08/Jun/2015:09:29:31 -0500] "GET /BLA/resoluciones/RESOLUCIONES%202008/1949.pdf HTTP/1.1" 200 60030
207.46.13.68 - - [08/Jun/2015:09:29:31 -0500] "GET /BLA/resoluciones/RESOLUCIONES%202008/0887.pdf HTTP/1.1" 200 227646
207.46.13.68 - - [08/Jun/2015:09:29:32 -0500] "GET /BLA/resoluciones/RESOLUCIONES%202009/2912.pdf HTTP/1.1" 200 916090
190.24.190.194 - - [08/Jun/2015:09:29:35 -0500] "GET /BLA/resoluciones/ HTTP/1.1" 200 7728
157.55.39.134 - - [08/Jun/2015:09:29:35 -0500] "GET /BLA/resoluciones/RESOLUCIONES%202010/6382.pdf HTTP/1.1" 200 2489844
157.55.39.134 - - [08/Jun/2015:09:29:36 -0500] "GET /BLA/resoluciones/RESOLUCIONES%202010/6411.pdf HTTP/1.1" 200 520534
157.55.39.134 - - [08/Jun/2015:09:29:36 -0500] "GET /BLA/resoluciones/RESOLUCIONES%202008/5266.pdf HTTP/1.1" 200 332263
180.76.15.31 - - [08/Jun/2015:09:29:44 -0500] "GET /BLA/boletinlegal/Circulares/2011/Circular%20No.%201%20del%2023%20de%20Febrero%20de%202011.pdf HTTP/1.1" 200 540140
201.248.237.76 - - [08/Jun/2015:09:29:46 -0500] "GET /BLA/boletinlegal/js/jquery.scrollTo-min.js HTTP/1.1" 200 1150
201.248.237.76 - - [08/Jun/2015:09:29:46 -0500] "GET /BLA/boletinlegal/js/jquery.scrollShow.js HTTP/1.1" 200 4586
201.248.237.76 - - [08/Jun/2015:09:29:46 -0500] "GET /galeria/galeria/jquery.fancybox.js?v=2.1.5 HTTP/1.1" 200 48706
201.248.237.76 - - [08/Jun/2015:09:29:46 -0500] "GET /galeria/galeria/jquery.fancybox.css?v=2.1.5 HTTP/1.1" 200 4895
190.25.106.216 - - [08/Jun/2015:09:29:47 -0500] "GET /galeria/galeria/jquery.fancybox.css?v=2.1.5 HTTP/1.1" 304 -
190.25.106.216 - - [08/Jun/2015:09:29:47 -0500] "GET /BLA/boletinlegal/js/jquery.scrollTo-min.js HTTP/1.1" 304 -
190.25.106.216 - - [08/Jun/2015:09:29:47 -0500] "GET /BLA/boletinlegal/js/jquery.scrollShow.js HTTP/1.1" 304 -
190.25.106.216 - - [08/Jun/2015:09:29:47 -0500] "GET /galeria/galeria/jquery.fancybox.js?v=2.1.5 HTTP/1.1" 304 -
180.76.15.22 - - [08/Jun/2015:09:30:01 -0500] "GET /BLA/resoluciones/RESOLUCIONES%202014/3767.pdf HTTP/1.1" 200 1142360
66.249.64.223 - - [08/Jun/2015:09:30:13 -0500] "GET /BLA/resoluciones/AUTOS%202014/0776.pdf HTTP/1.1" 200 558432
190.24.190.194 - - [08/Jun/2015:09:30:15 -0500] "GET /BLA/resoluciones/index.php?dir=RESOLUCIONES+2013%2F HTTP/1.1" 200 216322
181.128.255.149 - - [08/Jun/2015:09:30:18 -0500] "GET /galeria/galeria/jquery.fancybox.css?v=2.1.5 HTTP/1.1" 200 4895
181.128.255.149 - - [08/Jun/2015:09:30:18 -0500] "GET /BLA/boletinlegal/js/jquery.scrollTo-min.js HTTP/1.1" 200 1150
181.128.255.149 - - [08/Jun/2015:09:30:18 -0500] "GET /galeria/galeria/jquery.fancybox.js?v=2.1.5 HTTP/1.1" 200 48706
181.128.255.149 - - [08/Jun/2015:09:30:18 -0500] "GET /BLA/boletinlegal/js/jquery.scrollShow.js HTTP/1.1" 200 4586
180.76.15.163 - - [08/Jun/2015:09:30:18 -0500] "GET /BLA/resoluciones/RESOLUCIONES%202008/1879.pdf HTTP/1.1" 200 210685
190.24.190.194 - - [08/Jun/2015:09:30:20 -0500] "GET /BLA/resoluciones/index.php?dir=RESOLUCIONES+2014%2F HTTP/1.1" 200 206261
181.128.255.149 - - [08/Jun/2015:09:30:24 -0500] "GET /galeria/galeria/jquery.fancybox.css?v=2.1.5 HTTP/1.1" 304 -
181.128.255.149 - - [08/Jun/2015:09:30:24 -0500] "GET /BLA/boletinlegal/js/jquery.scrollTo-min.js HTTP/1.1" 304 -
181.128.255.149 - - [08/Jun/2015:09:30:24 -0500] "GET /BLA/boletinlegal/js/jquery.scrollShow.js HTTP/1.1" 304 -
181.128.255.149 - - [08/Jun/2015:09:30:24 -0500] "GET /galeria/galeria/jquery.fancybox.js?v=2.1.5 HTTP/1.1" 304 -
201.245.192.253 - - [08/Jun/2015:09:27:24 -0500] "GET /ForestMSG_SDA/channelAsync/template_word_18303147?X-Atmosphere-tracking-id=ef7b8cca-22a0-3631-7219-93916646b115&X-Atmosphere-Framework=1.0.5&X-Atmosphere-Transport=long-polling&tabid=0.1128270248301344&X-Cache-Date=0&Content-Type=application/xml&_=1433773706964 HTTP/1.1" 200 8193
190.25.157.12 - - [08/Jun/2015:09:30:33 -0500] "POST /forms/lservlet;jsessionid=ac16012b30d67c61dff4bcf141b0abf18cb7e96759d3.e3iSbxaKaheRe34MbhmNaxqNb41ynknvrkLOlQzNp65In0 HTTP/1.1" 200 2
180.76.15.22 - - [08/Jun/2015:09:30:36 -0500] "GET /BLA/resoluciones/RESOLUCIONES%202008/0819.pdf HTTP/1.1" 200 82103
207.46.13.104 - - [08/Jun/2015:09:30:37 -0500] "GET /bla/resoluciones/autos%202010/2919.pdf HTTP/1.1" 200 306833
190.25.157.12 - - [08/Jun/2015:09:30:42 -0500] "POST /forms/lservlet;jsessionid=ac16012b30d67c61dff4bcf141b0abf18cb7e96759d3.e3iSbxaKaheRe34MbhmNaxqNb41ynknvrkLOlQzNp65In0 HTTP/1.1" 200 24
190.25.157.12 - - [08/Jun/2015:09:30:42 -0500] "POST /forms/lservlet;jsessionid=ac16012b30d67c61dff4bcf141b0abf18cb7e96759d3.e3iSbxaKaheRe34MbhmNaxqNb41ynknvrkLOlQzNp65In0 HTTP/1.1" 200 3998
190.25.157.12 - - [08/Jun/2015:09:30:43 -0500] "POST /forms/lservlet;jsessionid=ac16012b30d67c61dff4bcf141b0abf18cb7e96759d3.e3iSbxaKaheRe34MbhmNaxqNb41ynknvrkLOlQzNp65In0 HTTP/1.1" 200 2
157.55.39.11 - - [08/Jun/2015:09:30:43 -0500] "GET /BLA/resoluciones/AUTOS%202012/1552.pdf HTTP/1.1" 200 881316
190.25.157.12 - - [08/Jun/2015:09:30:46 -0500] "POST /forms/lservlet;jsessionid=ac16012b30d67c61dff4bcf141b0abf18cb7e96759d3.e3iSbxaKaheRe34MbhmNaxqNb41ynknvrkLOlQzNp65In0 HTTP/1.1" 200 2
207.46.13.68 - - [08/Jun/2015:09:30:47 -0500] "GET /BLA/resoluciones/RESOLUCIONES%202010/6690.pdf HTTP/1.1" 200 637907
190.25.157.12 - - [08/Jun/2015:09:30:46 -0500] "POST /forms/lservlet;jsessionid=ac16012b30d67c61dff4bcf141b0abf18cb7e96759d3.e3iSbxaKaheRe34MbhmNaxqNb41ynknvrkLOlQzNp65In0 HTTP/1.1" 200 14
207.46.13.68 - - [08/Jun/2015:09:30:47 -0500] "GET /BLA/resoluciones/RESOLUCIONES%202008/4020.pdf HTTP/1.1" 200 242911
190.25.157.12 - - [08/Jun/2015:09:30:47 -0500] "POST /forms/lservlet;jsessionid=ac16012b30d67c61dff4bcf141b0abf18cb7e96759d3.e3iSbxaKaheRe34MbhmNaxqNb41ynknvrkLOlQzNp65In0 HTTP/1.1" 200 112
190.25.157.12 - - [08/Jun/2015:09:30:47 -0500] "POST /forms/lservlet;jsessionid=ac16012b30d67c61dff4bcf141b0abf18cb7e96759d3.e3iSbxaKaheRe34MbhmNaxqNb41ynknvrkLOlQzNp65In0 HTTP/1.1" 200 2
190.24.190.194 - - [08/Jun/2015:09:30:48 -0500] "GET /BLA/resoluciones/RESOLUCIONES%202014/1299.pdf HTTP/1.1" 200 561887
190.25.157.12 - - [08/Jun/2015:09:30:47 -0500] "GET /reports/rwservlet/getjobid352669?server=rep_srvapsda HTTP/1.1" 200 1033259
207.46.13.68 - - [08/Jun/2015:09:30:49 -0500] "GET /BLA/resoluciones/RESOLUCIONES%202008/1112.pdf HTTP/1.1" 200 218760
180.76.15.9 - - [08/Jun/2015:09:30:53 -0500] "GET /BLA/resoluciones/RESOLUCIONES%202008/1210.pdf HTTP/1.1" 200 66304
190.24.56.85 - - [08/Jun/2015:09:30:55 -0500] "GET /galeria/galeria/jquery.fancybox.css?v=2.1.5 HTTP/1.1" 200 4895
190.24.56.85 - - [08/Jun/2015:09:30:55 -0500] "GET /BLA/boletinlegal/js/jquery.scrollTo-min.js HTTP/1.1" 200 1150
190.24.56.85 - - [08/Jun/2015:09:30:55 -0500] "GET /BLA/boletinlegal/js/jquery.scrollShow.js HTTP/1.1" 200 4586
190.24.56.85 - - [08/Jun/2015:09:30:55 -0500] "GET /galeria/galeria/jquery.fancybox.js?v=2.1.5 HTTP/1.1" 200 48706
66.249.64.223 - - [08/Jun/2015:09:30:59 -0500] "GET /galeria/nivo-slider/demo/images/Banner-Directorio.jpg HTTP/1.1" 304 -
207.46.13.104 - - [08/Jun/2015:09:31:02 -0500] "GET /BLA/resoluciones/RESOLUCIONES%202013/1748.pdf HTTP/1.1" 200 659124
66.249.64.228 - - [08/Jun/2015:09:31:09 -0500] "GET /BLA/resoluciones/AUTOS%202014/3269.pdf HTTP/1.1" 200 430122
54.211.60.116 - - [08/Jun/2015:09:31:10 -0500] "GET /BLA/boletinlegal/js/jquery.scrollTo-min.js HTTP/1.1" 200 1150
54.211.60.116 - - [08/Jun/2015:09:31:10 -0500] "GET /BLA/boletinlegal/js/jquery.scrollShow.js HTTP/1.1" 200 4586
54.211.60.116 - - [08/Jun/2015:09:31:10 -0500] "GET /galeria/galeria/jquery.fancybox.js?v=2.1.5 HTTP/1.1" 200 48706
54.211.60.116 - - [08/Jun/2015:09:31:10 -0500] "GET /galeria/galeria/jquery.fancybox.css?v=2.1.5 HTTP/1.1" 200 4895
180.76.15.5 - - [08/Jun/2015:09:31:10 -0500] "GET /BLA/resoluciones/RESOLUCIONES%202009/1197.pdf HTTP/1.1" 200 634448
207.46.13.104 - - [08/Jun/2015:09:31:12 -0500] "GET /bla/resoluciones/resoluciones%202009/7316.pdf HTTP/1.1" 200 259875
190.25.157.12 - - [08/Jun/2015:09:31:13 -0500] "POST /forms/lservlet;jsessionid=ac16012b30d67c61dff4bcf141b0abf18cb7e96759d3.e3iSbxaKaheRe34MbhmNaxqNb41ynknvrkLOlQzNp65In0 HTTP/1.1" 200 2
190.25.157.12 - - [08/Jun/2015:09:31:14 -0500] "POST /forms/lservlet;jsessionid=ac16012b30d67c61dff4bcf141b0abf18cb7e96759d3.e3iSbxaKaheRe34MbhmNaxqNb41ynknvrkLOlQzNp65In0 HTTP/1.1" 200 14
190.25.157.12 - - [08/Jun/2015:09:31:15 -0500] "POST /forms/lservlet;jsessionid=ac16012b30d67c61dff4bcf141b0abf18cb7e96759d3.e3iSbxaKaheRe34MbhmNaxqNb41ynknvrkLOlQzNp65In0 HTTP/1.1" 200 14
190.25.157.12 - - [08/Jun/2015:09:31:16 -0500] "POST /forms/lservlet;jsessionid=ac16012b30d67c61dff4bcf141b0abf18cb7e96759d3.e3iSbxaKaheRe34MbhmNaxqNb41ynknvrkLOlQzNp65In0 HTTP/1.1" 200 116
190.25.157.12 - - [08/Jun/2015:09:31:16 -0500] "POST /forms/lservlet;jsessionid=ac16012b30d67c61dff4bcf141b0abf18cb7e96759d3.e3iSbxaKaheRe34MbhmNaxqNb41ynknvrkLOlQzNp65In0 HTTP/1.1" 200 2
190.25.157.12 - - [08/Jun/2015:09:31:16 -0500] "GET /reports/rwservlet/getjobid352670?server=rep_srvapsda HTTP/1.1" 200 47830
190.24.190.194 - - [08/Jun/2015:09:31:19 -0500] "GET /BLA/resoluciones/RESOLUCIONES%202014/1299.pdf HTTP/1.1" 200 561887
190.84.75.89 - - [08/Jun/2015:09:31:20 -0500] "GET /galeria/galeria/jquery.fancybox.css?v=2.1.5 HTTP/1.1" 200 4895
190.84.75.89 - - [08/Jun/2015:09:31:20 -0500] "GET /BLA/boletinlegal/js/jquery.scrollTo-min.js HTTP/1.1" 200 1150
190.84.75.89 - - [08/Jun/2015:09:31:20 -0500] "GET /BLA/boletinlegal/js/jquery.scrollShow.js HTTP/1.1" 200 4586
190.84.75.89 - - [08/Jun/2015:09:31:20 -0500] "GET /galeria/galeria/jquery.fancybox.js?v=2.1.5 HTTP/1.1" 200 48706
190.24.190.194 - - [08/Jun/2015:09:31:23 -0500] "GET /BLA/resoluciones/RESOLUCIONES%202014/1298.pdf HTTP/1.1" 200 915074
157.55.39.11 - - [08/Jun/2015:09:31:27 -0500] "GET /bla/resoluciones/autos%202010/5661.pdf HTTP/1.1" 200 262302
180.76.15.162 - - [08/Jun/2015:09:31:28 -0500] "GET /BLA/resoluciones/RESOLUCIONES%202008/0283.pdf HTTP/1.1" 200 189941
190.25.157.12 - - [08/Jun/2015:09:31:30 -0500] "POST /forms/lservlet;jsessionid=ac16012b30d67c61dff4bcf141b0abf18cb7e96759d3.e3iSbxaKaheRe34MbhmNaxqNb41ynknvrkLOlQzNp65In0 HTTP/1.1" 200 2
190.25.157.12 - - [08/Jun/2015:09:31:30 -0500] "POST /forms/lservlet;jsessionid=ac16012b30d67c61dff4bcf141b0abf18cb7e96759d3.e3iSbxaKaheRe34MbhmNaxqNb41ynknvrkLOlQzNp65In0 HTTP/1.1" 200 113
190.25.157.12 - - [08/Jun/2015:09:31:31 -0500] "POST /forms/lservlet;jsessionid=ac16012b30d67c61dff4bcf141b0abf18cb7e96759d3.e3iSbxaKaheRe34MbhmNaxqNb41ynknvrkLOlQzNp65In0 HTTP/1.1" 200 2
190.25.157.12 - - [08/Jun/2015:09:31:31 -0500] "GET /reports/rwservlet/getjobid352671?server=rep_srvapsda HTTP/1.1" 200 58270
207.46.13.68 - - [08/Jun/2015:09:31:37 -0500] "GET /BLA/resoluciones/AUTOS%202012/2739.pdf HTTP/1.1" 200 241877
207.46.13.68 - - [08/Jun/2015:09:31:38 -0500] "GET /bla/resoluciones/resoluciones%202009/9300.pdf HTTP/1.1" 200 475933
207.46.13.68 - - [08/Jun/2015:09:31:38 -0500] "GET /bla/resoluciones/RESOLUCIONES%202009/7841.pdf HTTP/1.1" 200 319186
207.46.13.68 - - [08/Jun/2015:09:31:38 -0500] "GET /BLA/resoluciones/AUTOS%202009/2770.pdf HTTP/1.1" 200 98024
190.84.75.89 - - [08/Jun/2015:09:31:39 -0500] "GET /galeria/galeria/jquery.fancybox.css?v=2.1.5 HTTP/1.1" 304 -
190.84.75.89 - - [08/Jun/2015:09:31:39 -0500] "GET /BLA/boletinlegal/js/jquery.scrollTo-min.js HTTP/1.1" 304 -
190.84.75.89 - - [08/Jun/2015:09:31:39 -0500] "GET /galeria/galeria/jquery.fancybox.js?v=2.1.5 HTTP/1.1" 304 -
190.84.75.89 - - [08/Jun/2015:09:31:39 -0500] "GET /BLA/boletinlegal/js/jquery.scrollShow.js HTTP/1.1" 304 -
181.55.242.241 - - [08/Jun/2015:09:31:43 -0500] "GET /forest/actions/forms.getList?codForm=Correspondencia_Revisar_Aprobar&id=funcionariofirma&text=m HTTP/1.1" 200 1267
181.55.242.241 - - [08/Jun/2015:09:31:44 -0500] "GET /forest/actions/forms.getList?codForm=Correspondencia_Revisar_Aprobar&id=funcionariofirma&text=ma HTTP/1.1" 200 1259
181.55.242.241 - - [08/Jun/2015:09:31:44 -0500] "GET /forest/actions/forms.getList?codForm=Correspondencia_Revisar_Aprobar&id=funcionariofirma&text=man HTTP/1.1" 200 1277
190.25.157.12 - - [08/Jun/2015:09:31:44 -0500] "POST /forms/lservlet;jsessionid=ac16012b30d67c61dff4bcf141b0abf18cb7e96759d3.e3iSbxaKaheRe34MbhmNaxqNb41ynknvrkLOlQzNp65In0 HTTP/1.1" 200 2371
181.55.242.241 - - [08/Jun/2015:09:31:44 -0500] "GET /forest/actions/forms.getList?codForm=Correspondencia_Revisar_Aprobar&id=funcionariofirma&text=manr HTTP/1.1" 200 137
181.55.242.241 - - [08/Jun/2015:09:31:45 -0500] "GET /forest/actions/forms.getList?codForm=Correspondencia_Revisar_Aprobar&id=funcionariofirma&text=manri HTTP/1.1" 200 137
207.46.13.104 - - [08/Jun/2015:09:31:45 -0500] "GET /BLA/resoluciones/RESOLUCIONES%202008/1716.pdf HTTP/1.1" 200 246869
180.76.15.141 - - [08/Jun/2015:09:31:45 -0500] "GET /BLA/resoluciones/AUTOS%202009/0581.pdf HTTP/1.1" 200 127890
207.46.13.104 - - [08/Jun/2015:09:31:45 -0500] "GET /BLA/resoluciones/RESOLUCIONES%202010/4681.pdf HTTP/1.1" 200 752839
157.55.39.167 - - [08/Jun/2015:09:31:49 -0500] "GET /BLA/resoluciones/RESOLUCIONES%202007/RES%202007%203301%20AL%203400/RESOLUCION%203361%20DE%202007.pdf HTTP/1.1" 200 521834
157.55.39.167 - - [08/Jun/2015:09:31:49 -0500] "GET /bla/resoluciones/RESOLUCIONES%202009/8682.pdf HTTP/1.1" 200 512508
157.55.39.167 - - [08/Jun/2015:09:31:50 -0500] "GET /BLA/resoluciones/AUTOS%202012/1090.pdf HTTP/1.1" 200 195275
157.55.39.167 - - [08/Jun/2015:09:31:50 -0500] "GET /BLA/resoluciones/RESOLUCIONES%202008/1609.pdf HTTP/1.1" 200 265940
157.55.39.167 - - [08/Jun/2015:09:31:51 -0500] "GET /bla/resoluciones/resoluciones%202011/0544.pdf HTTP/1.1" 200 66853
157.55.39.167 - - [08/Jun/2015:09:31:51 -0500] "GET /bla/resoluciones/resoluciones%202011/0620.pdf HTTP/1.1" 200 72155
157.55.39.167 - - [08/Jun/2015:09:31:51 -0500] "GET /bla/resoluciones/RESOLUCIONES%202009/9676.pdf HTTP/1.1" 200 810262
190.24.230.59 - - [08/Jun/2015:09:31:52 -0500] "GET /galeria/nivo-slider/demo/demo.html HTTP/1.1" 304 -
157.55.39.167 - - [08/Jun/2015:09:31:52 -0500] "GET /BLA/resoluciones/RESOLUCIONES%202008/5651.pdf HTTP/1.1" 200 298829
157.55.39.167 - - [08/Jun/2015:09:31:52 -0500] "GET /BLA/resoluciones/AUTOS%202012/0051.pdf HTTP/1.1" 200 134270
190.24.230.59 - - [08/Jun/2015:09:31:52 -0500] "GET /galeria/nivo-slider/demo/scripts/jquery-1.7.1.min.js HTTP/1.1" 200 93868
157.55.39.167 - - [08/Jun/2015:09:31:53 -0500] "GET /BLA/resoluciones/RESOLUCIONES%202011/0437.pdf HTTP/1.1" 200 65577
190.24.230.59 - - [08/Jun/2015:09:31:53 -0500] "GET /galeria/nivo-slider/jquery.nivo.slider.pack.js HTTP/1.1" 200 11561
190.24.230.59 - - [08/Jun/2015:09:31:53 -0500] "GET /galeria/nivo-slider/demo/images/Semana-Ambiental.jpg HTTP/1.1" 200 62910
190.24.230.59 - - [08/Jun/2015:09:31:53 -0500] "GET /galeria/nivo-slider/demo/images/Banner-encuesta-de-percepscio.jpg HTTP/1.1" 200 201899
157.55.39.167 - - [08/Jun/2015:09:31:53 -0500] "GET /BLA/resoluciones/RESOLUCIONES%202010/3444.pdf HTTP/1.1" 200 738089
157.55.39.167 - - [08/Jun/2015:09:31:54 -0500] "GET /BLA/resoluciones/RESOLUCIONES%202010/3130.pdf HTTP/1.1" 200 759943
190.24.230.59 - - [08/Jun/2015:09:31:54 -0500] "GET /galeria/nivo-slider/demo/images/GAE-banner.jpg HTTP/1.1" 304 -
190.24.230.59 - - [08/Jun/2015:09:31:54 -0500] "GET /galeria/nivo-slider/demo/images/Comparendo-ambiental-Banner.jpg HTTP/1.1" 304 -
190.24.230.59 - - [08/Jun/2015:09:31:54 -0500] "GET /galeria/nivo-slider/demo/images/medio-ambiente.jpg HTTP/1.1" 200 105259
190.24.230.59 - - [08/Jun/2015:09:31:54 -0500] "GET /galeria/nivo-slider/demo/images/Licitaciones-proyecto-paramo.jpg HTTP/1.1" 200 221877
190.24.230.59 - - [08/Jun/2015:09:31:54 -0500] "GET /galeria/nivo-slider/demo/images/acuerdo_569.jpg HTTP/1.1" 200 62670
157.55.39.167 - - [08/Jun/2015:09:31:54 -0500] "GET /bla/resoluciones/resoluciones%202009/8548.pdf HTTP/1.1" 200 511288
190.24.230.59 - - [08/Jun/2015:09:31:54 -0500] "GET /galeria/nivo-slider/demo/images/mailling-acercar-xpress.jpg HTTP/1.1" 200 137233
157.55.39.167 - - [08/Jun/2015:09:31:55 -0500] "GET /BLA/resoluciones/AUTOS%202010/5457.pdf HTTP/1.1" 200 145850
190.24.230.59 - - [08/Jun/2015:09:31:55 -0500] "GET /galeria/nivo-slider/demo/images/Banner-decreto1299.jpg HTTP/1.1" 200 182613
190.24.230.59 - - [08/Jun/2015:09:31:55 -0500] "GET /galeria/nivo-slider/demo/images/Banner-Directorio.jpg HTTP/1.1" 200 182068
157.55.39.167 - - [08/Jun/2015:09:31:55 -0500] "GET /BLA/resoluciones/AUTOS%202010/4496.pdf HTTP/1.1" 200 328935
190.24.230.59 - - [08/Jun/2015:09:31:55 -0500] "GET /galeria/nivo-slider/demo/images/Ruta-vertimientos-01.jpg HTTP/1.1" 200 130151
157.55.39.167 - - [08/Jun/2015:09:31:55 -0500] "GET /BLA/resoluciones/RESOLUCIONES%202011/5048.pdf HTTP/1.1" 200 453493
157.55.39.167 - - [08/Jun/2015:09:31:56 -0500] "GET /bla/resoluciones/resoluciones%202009/8998.pdf HTTP/1.1" 200 367350
190.24.230.59 - - [08/Jun/2015:09:31:56 -0500] "GET /galeria/nivo-slider/demo/images/bolsas-06.jpg HTTP/1.1" 200 90982
157.55.39.167 - - [08/Jun/2015:09:31:56 -0500] "GET /BLA/resoluciones/AUTOS%202012/0688.pdf HTTP/1.1" 200 368916
190.25.157.12 - - [08/Jun/2015:09:31:56 -0500] "POST /forms/lservlet;jsessionid=ac16012b30d67c61dff4bcf141b0abf18cb7e96759d3.e3iSbxaKaheRe34MbhmNaxqNb41ynknvrkLOlQzNp65In0 HTTP/1.1" 200 24
190.24.230.59 - - [08/Jun/2015:09:31:56 -0500] "GET /galeria/nivo-slider/demo/images/Conoce-los-humedales.jpg HTTP/1.1" 200 294036
157.55.39.167 - - [08/Jun/2015:09:31:57 -0500] "GET /bla/resoluciones/resoluciones%202009/8089.pdf HTTP/1.1" 200 501585
190.24.230.59 - - [08/Jun/2015:09:31:57 -0500] "GET /galeria/nivo-slider/demo/images/ecolecta-Dic2014.png HTTP/1.1" 200 288593
190.25.157.12 - - [08/Jun/2015:09:31:56 -0500] "POST /forms/lservlet;jsessionid=ac16012b30d67c61dff4bcf141b0abf18cb7e96759d3.e3iSbxaKaheRe34MbhmNaxqNb41ynknvrkLOlQzNp65In0 HTTP/1.1" 200 3735
190.25.157.12 - - [08/Jun/2015:09:31:57 -0500] "POST /forms/lservlet;jsessionid=ac16012b30d67c61dff4bcf141b0abf18cb7e96759d3.e3iSbxaKaheRe34MbhmNaxqNb41ynknvrkLOlQzNp65In0 HTTP/1.1" 200 2
157.55.39.167 - - [08/Jun/2015:09:31:57 -0500] "GET /BLA/resoluciones/AUTOS%202009/2416.pdf HTTP/1.1" 200 100667
157.55.39.167 - - [08/Jun/2015:09:31:57 -0500] "GET /BLA/resoluciones/RESOLUCIONES%202010/3681.pdf HTTP/1.1" 200 897646
190.24.230.59 - - [08/Jun/2015:09:31:58 -0500] "GET /galeria/nivo-slider/demo/images/Banner-Caracol-Africano.jpg HTTP/1.1" 200 331986
190.25.157.12 - - [08/Jun/2015:09:31:58 -0500] "POST /forms/lservlet;jsessionid=ac16012b30d67c61dff4bcf141b0abf18cb7e96759d3.e3iSbxaKaheRe34MbhmNaxqNb41ynknvrkLOlQzNp65In0 HTTP/1.1" 200 2
157.55.39.167 - - [08/Jun/2015:09:31:58 -0500] "GET /bla/resoluciones/resoluciones%202010/0863.pdf HTTP/1.1" 200 440335
190.24.230.59 - - [08/Jun/2015:09:31:58 -0500] "GET /galeria/nivo-slider/demo/images/banner-llantas2.jpg HTTP/1.1" 200 204644
157.55.39.167 - - [08/Jun/2015:09:31:58 -0500] "GET /BLA/resoluciones/RESOLUCIONES%202008/3395.pdf HTTP/1.1" 200 244287
190.25.157.12 - - [08/Jun/2015:09:31:58 -0500] "POST /forms/lservlet;jsessionid=ac16012b30d67c61dff4bcf141b0abf18cb7e96759d3.e3iSbxaKaheRe34MbhmNaxqNb41ynknvrkLOlQzNp65In0 HTTP/1.1" 200 112
190.25.157.12 - - [08/Jun/2015:09:31:59 -0500] "POST /forms/lservlet;jsessionid=ac16012b30d67c61dff4bcf141b0abf18cb7e96759d3.e3iSbxaKaheRe34MbhmNaxqNb41ynknvrkLOlQzNp65In0 HTTP/1.1" 200 2
190.25.157.12 - - [08/Jun/2015:09:31:59 -0500] "GET /reports/rwservlet/getjobid352672?server=rep_srvapsda HTTP/1.1" 200 319388
157.55.39.167 - - [08/Jun/2015:09:31:59 -0500] "GET /BLA/resoluciones/Autos%202008/2984.pdf HTTP/1.1" 200 124161
190.24.230.59 - - [08/Jun/2015:09:31:59 -0500] "GET /galeria/nivo-slider/demo/images/4Simple_Slider.png HTTP/1.1" 200 11722
190.24.230.59 - - [08/Jun/2015:09:31:59 -0500] "GET /galeria/nivo-slider/themes/default/loading.gif HTTP/1.1" 200 1737
157.55.39.167 - - [08/Jun/2015:09:31:59 -0500] "GET /BLA/resoluciones/Autos%202008/3000.pdf HTTP/1.1" 200 179562
157.55.39.167 - - [08/Jun/2015:09:32:00 -0500] "GET /BLA/resoluciones/RESOLUCIONES%202008/2135.pdf HTTP/1.1" 200 213057
157.55.39.167 - - [08/Jun/2015:09:32:00 -0500] "GET /BLA/resoluciones/AUTOS%202010/2905.pdf HTTP/1.1" 200 741488
181.55.242.241 - - [08/Jun/2015:09:32:00 -0500] "POST /forest/usutareas.do? HTTP/1.1" 200 76
157.55.39.167 - - [08/Jun/2015:09:32:00 -0500] "GET /bla/resoluciones/resoluciones%202009/7542.pdf HTTP/1.1" 200 518232
157.55.39.167 - - [08/Jun/2015:09:32:01 -0500] "GET /BLA/resoluciones/RESOLUCIONES%202011/2898.pdf HTTP/1.1" 200 721456
190.24.230.59 - - [08/Jun/2015:09:32:01 -0500] "GET /galeria/nivo-slider/themes/default/arrows.png HTTP/1.1" 200 824
190.24.230.59 - - [08/Jun/2015:09:32:01 -0500] "GET /galeria/nivo-slider/themes/default/bullets.png HTTP/1.1" 200 1281
157.55.39.167 - - [08/Jun/2015:09:32:01 -0500] "GET /BLA/resoluciones/AUTOS%202012/0544.pdf HTTP/1.1" 200 278269
181.55.242.241 - - [08/Jun/2015:09:32:03 -0500] "GET /forest/usutareas.do?group_system_actual=3&a=0.05619881232269108 HTTP/1.1" 200 19562
181.55.242.241 - - [08/Jun/2015:09:32:03 -0500] "GET /forest/session.jsp?a=0.675450527574867 HTTP/1.1" 200 4
180.76.15.153 - - [08/Jun/2015:09:32:02 -0500] "GET /BLA/resoluciones/RESOLUCIONES%202014/3735.pdf HTTP/1.1" 200 8782119
66.249.64.228 - - [08/Jun/2015:09:32:06 -0500] "GET /BLA/resoluciones/AUTOS%202014/0252.pdf HTTP/1.1" 200 572482
181.133.9.159 - - [08/Jun/2015:09:32:17 -0500] "GET /galeria/galeria/fotos/Soratama2G.jpg HTTP/1.1" 200 167638
207.46.13.68 - - [08/Jun/2015:09:32:19 -0500] "GET /BLA/resoluciones/AUTOS%202009/3112.pdf HTTP/1.1" 200 153801
180.76.15.135 - - [08/Jun/2015:09:32:19 -0500] "GET /BLA/boletinlegal/actas/acta%20de%20acuerdo%2001%20adop%20regla%20inter%20CISPAER.pdf HTTP/1.1" 200 837068
66.249.64.223 - - [08/Jun/2015:09:32:23 -0500] "GET /galeria/nivo-slider/demo/images/astromirador2.jpg HTTP/1.1" 200 134539
190.25.157.12 - - [08/Jun/2015:09:32:23 -0500] "POST /forms/lservlet;jsessionid=ac16012b30d67c61dff4bcf141b0abf18cb7e96759d3.e3iSbxaKaheRe34MbhmNaxqNb41ynknvrkLOlQzNp65In0 HTTP/1.1" 200 2
190.27.77.188 - - [08/Jun/2015:09:32:24 -0500] "-" 408 -
190.25.157.12 - - [08/Jun/2015:09:32:23 -0500] "POST /forms/lservlet;jsessionid=ac16012b30d67c61dff4bcf141b0abf18cb7e96759d3.e3iSbxaKaheRe34MbhmNaxqNb41ynknvrkLOlQzNp65In0 HTTP/1.1" 200 14
157.55.39.10 - - [08/Jun/2015:09:32:25 -0500] "GET /BLA/resoluciones/RESOLUCIONES%202014/2455.pdf HTTP/1.1" 200 275641
190.25.157.12 - - [08/Jun/2015:09:32:25 -0500] "POST /forms/lservlet;jsessionid=ac16012b30d67c61dff4bcf141b0abf18cb7e96759d3.e3iSbxaKaheRe34MbhmNaxqNb41ynknvrkLOlQzNp65In0 HTTP/1.1" 200 14
190.25.157.12 - - [08/Jun/2015:09:32:26 -0500] "POST /forms/lservlet;jsessionid=ac16012b30d67c61dff4bcf141b0abf18cb7e96759d3.e3iSbxaKaheRe34MbhmNaxqNb41ynknvrkLOlQzNp65In0 HTTP/1.1" 200 116
190.25.157.12 - - [08/Jun/2015:09:32:26 -0500] "POST /forms/lservlet;jsessionid=ac16012b30d67c61dff4bcf141b0abf18cb7e96759d3.e3iSbxaKaheRe34MbhmNaxqNb41ynknvrkLOlQzNp65In0 HTTP/1.1" 200 2
190.25.157.12 - - [08/Jun/2015:09:32:26 -0500] "GET /reports/rwservlet/getjobid352673?server=rep_srvapsda HTTP/1.1" 200 47691
190.25.157.12 - - [08/Jun/2015:09:32:33 -0500] "POST /forms/lservlet;jsessionid=ac16012b30d67c61dff4bcf141b0abf18cb7e96759d3.e3iSbxaKaheRe34MbhmNaxqNb41ynknvrkLOlQzNp65In0 HTTP/1.1" 200 2
180.76.15.160 - - [08/Jun/2015:09:32:37 -0500] "GET /BLA/resoluciones/RESOLUCIONES%202008/1455.pdf HTTP/1.1" 200 305849
190.25.157.12 - - [08/Jun/2015:09:32:42 -0500] "POST /forms/lservlet;jsessionid=ac16012b30d67c61dff4bcf141b0abf18cb7e96759d3.e3iSbxaKaheRe34MbhmNaxqNb41ynknvrkLOlQzNp65In0 HTTP/1.1" 200 2323
74.86.158.107 - - [08/Jun/2015:09:32:45 -0500] "HEAD / HTTP/1.1" 200 -
180.76.15.154 - - [08/Jun/2015:09:32:54 -0500] "GET /BLA/resoluciones/RESOLUCIONES%202014/3866.pdf HTTP/1.1" 200 370280
66.249.64.223 - - [08/Jun/2015:09:33:03 -0500] "GET /BLA/resoluciones/AUTOS%202014/0721.pdf HTTP/1.1" 200 517155
207.46.13.68 - - [08/Jun/2015:09:33:07 -0500] "GET /bla/resoluciones/autos%202010/5520.pdf HTTP/1.1" 200 157273
157.55.39.10 - - [08/Jun/2015:09:33:10 -0500] "GET /bla/resoluciones/resoluciones%202010/0752.pdf HTTP/1.1" 200 437179
180.76.15.26 - - [08/Jun/2015:09:33:11 -0500] "GET /BLA/resoluciones/RESOLUCIONES%202014/0979.pdf HTTP/1.1" 200 333517
207.46.13.68 - - [08/Jun/2015:09:33:20 -0500] "GET /bla/resoluciones/resoluciones%202010/1736.pdf HTTP/1.1" 200 493281
157.55.39.10 - - [08/Jun/2015:09:33:22 -0500] "GET /BLA/resoluciones/RESOLUCIONES%202013/1893.pdf HTTP/1.1" 200 351067
201.245.192.253 - - [08/Jun/2015:09:30:24 -0500] "GET /ForestMSG_SDA/channelAsync/template_word_18303147?X-Atmosphere-tracking-id=ef7b8cca-22a0-3631-7219-93916646b115&X-Atmosphere-Framework=1.0.5&X-Atmosphere-Transport=long-polling&tabid=0.1128270248301344&X-Cache-Date=0&Content-Type=application/xml&_=1433773886891 HTTP/1.1" 200 8193
190.25.157.12 - - [08/Jun/2015:09:33:27 -0500] "POST /forms/lservlet;jsessionid=ac16012b30d67c61dff4bcf141b0abf18cb7e96759d3.e3iSbxaKaheRe34MbhmNaxqNb41ynknvrkLOlQzNp65In0 HTTP/1.1" 200 24
190.25.157.12 - - [08/Jun/2015:09:33:27 -0500] "POST /forms/lservlet;jsessionid=ac16012b30d67c61dff4bcf141b0abf18cb7e96759d3.e3iSbxaKaheRe34MbhmNaxqNb41ynknvrkLOlQzNp65In0 HTTP/1.1" 200 4035
190.25.157.12 - - [08/Jun/2015:09:33:27 -0500] "POST /forms/lservlet;jsessionid=ac16012b30d67c61dff4bcf141b0abf18cb7e96759d3.e3iSbxaKaheRe34MbhmNaxqNb41ynknvrkLOlQzNp65In0 HTTP/1.1" 200 2
180.76.15.32 - - [08/Jun/2015:09:33:29 -0500] "GET /BLA/resoluciones/RESOLUCIONES%202014/2253.pdf HTTP/1.1" 200 822470
66.249.64.228 - - [08/Jun/2015:09:33:29 -0500] "GET /galeria/juegos/ear/EARI.swf HTTP/1.1" 200 526915
190.25.157.12 - - [08/Jun/2015:09:33:30 -0500] "POST /forms/lservlet;jsessionid=ac16012b30d67c61dff4bcf141b0abf18cb7e96759d3.e3iSbxaKaheRe34MbhmNaxqNb41ynknvrkLOlQzNp65In0 HTTP/1.1" 200 2
190.25.157.12 - - [08/Jun/2015:09:33:30 -0500] "POST /forms/lservlet;jsessionid=ac16012b30d67c61dff4bcf141b0abf18cb7e96759d3.e3iSbxaKaheRe34MbhmNaxqNb41ynknvrkLOlQzNp65In0 HTTP/1.1" 200 14
190.25.157.12 - - [08/Jun/2015:09:33:31 -0500] "POST /forms/lservlet;jsessionid=ac16012b30d67c61dff4bcf141b0abf18cb7e96759d3.e3iSbxaKaheRe34MbhmNaxqNb41ynknvrkLOlQzNp65In0 HTTP/1.1" 200 112
190.25.157.12 - - [08/Jun/2015:09:33:31 -0500] "POST /forms/lservlet;jsessionid=ac16012b30d67c61dff4bcf141b0abf18cb7e96759d3.e3iSbxaKaheRe34MbhmNaxqNb41ynknvrkLOlQzNp65In0 HTTP/1.1" 200 2
190.25.157.12 - - [08/Jun/2015:09:33:31 -0500] "GET /reports/rwservlet/getjobid352674?server=rep_srvapsda HTTP/1.1" 200 527844
157.55.39.11 - - [08/Jun/2015:09:33:36 -0500] "GET /BLA/resoluciones/RESOLUCIONES%202009/9679.pdf HTTP/1.1" 200 680580
188.165.15.138 - - [08/Jun/2015:09:33:41 -0500] "GET /BLA/resoluciones/AUTOS%202006/AUTOS%202006%20701-800/00000734.tif HTTP/1.1" 200 59090
180.76.15.152 - - [08/Jun/2015:09:33:46 -0500] "GET /BLA/resoluciones/RESOLUCIONES%202010/4773.pdf HTTP/1.1" 200 1012409
207.46.13.104 - - [08/Jun/2015:09:33:46 -0500] "GET /bla/resoluciones/resoluciones%202010/6203.pdf HTTP/1.1" 200 635096
190.25.157.12 - - [08/Jun/2015:09:33:57 -0500] "POST /forms/lservlet;jsessionid=ac16012b30d67c61dff4bcf141b0abf18cb7e96759d3.e3iSbxaKaheRe34MbhmNaxqNb41ynknvrkLOlQzNp65In0 HTTP/1.1" 200 2
190.25.157.12 - - [08/Jun/2015:09:33:57 -0500] "POST /forms/lservlet;jsessionid=ac16012b30d67c61dff4bcf141b0abf18cb7e96759d3.e3iSbxaKaheRe34MbhmNaxqNb41ynknvrkLOlQzNp65In0 HTTP/1.1" 200 14
66.249.64.223 - - [08/Jun/2015:09:33:59 -0500] "GET /BLA/resoluciones/AUTOS%202014/0923.pdf HTTP/1.1" 200 614703
190.25.157.12 - - [08/Jun/2015:09:33:58 -0500] "POST /forms/lservlet;jsessionid=ac16012b30d67c61dff4bcf141b0abf18cb7e96759d3.e3iSbxaKaheRe34MbhmNaxqNb41ynknvrkLOlQzNp65In0 HTTP/1.1" 200 14
190.25.157.12 - - [08/Jun/2015:09:34:00 -0500] "POST /forms/lservlet;jsessionid=ac16012b30d67c61dff4bcf141b0abf18cb7e96759d3.e3iSbxaKaheRe34MbhmNaxqNb41ynknvrkLOlQzNp65In0 HTTP/1.1" 200 116
190.25.157.12 - - [08/Jun/2015:09:34:00 -0500] "POST /forms/lservlet;jsessionid=ac16012b30d67c61dff4bcf141b0abf18cb7e96759d3.e3iSbxaKaheRe34MbhmNaxqNb41ynknvrkLOlQzNp65In0 HTTP/1.1" 200 2
190.25.157.12 - - [08/Jun/2015:09:34:00 -0500] "GET /reports/rwservlet/getjobid352675?server=rep_srvapsda HTTP/1.1" 200 48185
157.55.39.10 - - [08/Jun/2015:09:34:03 -0500] "GET /bla/resoluciones/resoluciones%202009/9694.pdf HTTP/1.1" 200 339364
180.76.15.11 - - [08/Jun/2015:09:34:03 -0500] "GET /BLA/resoluciones/RESOLUCIONES%202013/0936.pdf HTTP/1.1" 200 1233407
157.55.39.10 - - [08/Jun/2015:09:34:03 -0500] "GET /BLA/resoluciones/RESOLUCIONES%202009/8541.pdf HTTP/1.1" 200 481881
181.133.2.253 - - [08/Jun/2015:09:34:06 -0500] "GET /BLA/boletinlegal/js/jquery.scrollShow.js HTTP/1.1" 200 4586
181.133.2.253 - - [08/Jun/2015:09:34:06 -0500] "GET /galeria/galeria/jquery.fancybox.js?v=2.1.5 HTTP/1.1" 200 48706
181.133.2.253 - - [08/Jun/2015:09:34:06 -0500] "GET /BLA/boletinlegal/js/jquery.scrollTo-min.js HTTP/1.1" 200 1150
181.133.2.253 - - [08/Jun/2015:09:34:06 -0500] "GET /galeria/galeria/jquery.fancybox.css?v=2.1.5 HTTP/1.1" 200 4895
181.133.2.253 - - [08/Jun/2015:09:34:11 -0500] "GET /BLA/boletinlegal/js/jquery.scrollTo-min.js HTTP/1.1" 304 -
181.133.2.253 - - [08/Jun/2015:09:34:11 -0500] "GET /BLA/boletinlegal/js/jquery.scrollShow.js HTTP/1.1" 304 -
181.133.2.253 - - [08/Jun/2015:09:34:11 -0500] "GET /galeria/galeria/jquery.fancybox.js?v=2.1.5 HTTP/1.1" 304 -
181.133.2.253 - - [08/Jun/2015:09:34:11 -0500] "GET /galeria/galeria/jquery.fancybox.css?v=2.1.5 HTTP/1.1" 304 -
180.76.15.159 - - [08/Jun/2015:09:34:20 -0500] "GET /BLA/resoluciones/RESOLUCIONES%202014/1266.pdf HTTP/1.1" 200 685394
190.25.157.12 - - [08/Jun/2015:09:34:22 -0500] "POST /forms/lservlet;jsessionid=ac16012b30d67c61dff4bcf141b0abf18cb7e96759d3.e3iSbxaKaheRe34MbhmNaxqNb41ynknvrkLOlQzNp65In0 HTTP/1.1" 200 2
207.46.13.68 - - [08/Jun/2015:09:34:23 -0500] "GET /BLA/resoluciones/RESOLUCIONES%202008/3030.pdf HTTP/1.1" 200 481437
207.46.13.68 - - [08/Jun/2015:09:34:23 -0500] "GET /bla/resoluciones/RESOLUCIONES%202009/4599.pdf HTTP/1.1" 200 643609
190.25.157.12 - - [08/Jun/2015:09:34:22 -0500] "POST /forms/lservlet;jsessionid=ac16012b30d67c61dff4bcf141b0abf18cb7e96759d3.e3iSbxaKaheRe34MbhmNaxqNb41ynknvrkLOlQzNp65In0 HTTP/1.1" 200 14
190.25.157.12 - - [08/Jun/2015:09:34:23 -0500] "POST /forms/lservlet;jsessionid=ac16012b30d67c61dff4bcf141b0abf18cb7e96759d3.e3iSbxaKaheRe34MbhmNaxqNb41ynknvrkLOlQzNp65In0 HTTP/1.1" 200 113
190.25.157.12 - - [08/Jun/2015:09:34:23 -0500] "POST /forms/lservlet;jsessionid=ac16012b30d67c61dff4bcf141b0abf18cb7e96759d3.e3iSbxaKaheRe34MbhmNaxqNb41ynknvrkLOlQzNp65In0 HTTP/1.1" 200 2
190.25.157.12 - - [08/Jun/2015:09:34:23 -0500] "GET /reports/rwservlet/getjobid352676?server=rep_srvapsda HTTP/1.1" 200 57808
190.25.157.12 - - [08/Jun/2015:09:34:28 -0500] "POST /forms/lservlet;jsessionid=ac16012b30d67c61dff4bcf141b0abf18cb7e96759d3.e3iSbxaKaheRe34MbhmNaxqNb41ynknvrkLOlQzNp65In0 HTTP/1.1" 200 2346
186.154.68.28 - - [08/Jun/2015:09:34:32 -0500] "GET /BLA/boletinlegal/js/jquery.scrollTo-min.js HTTP/1.1" 200 1150
186.154.68.28 - - [08/Jun/2015:09:34:32 -0500] "GET /galeria/galeria/jquery.fancybox.css?v=2.1.5 HTTP/1.1" 200 4895
186.154.68.28 - - [08/Jun/2015:09:34:32 -0500] "GET /BLA/boletinlegal/js/jquery.scrollShow.js HTTP/1.1" 200 4586
186.154.68.28 - - [08/Jun/2015:09:34:32 -0500] "GET /galeria/galeria/jquery.fancybox.js?v=2.1.5 HTTP/1.1" 200 48706
190.25.157.12 - - [08/Jun/2015:09:34:34 -0500] "POST /forms/lservlet;jsessionid=ac16012b30d67c61dff4bcf141b0abf18cb7e96759d3.e3iSbxaKaheRe34MbhmNaxqNb41ynknvrkLOlQzNp65In0 HTTP/1.1" 200 2
186.154.68.28 - - [08/Jun/2015:09:34:37 -0500] "GET /BLA/boletinlegal/js/jquery.scrollTo-min.js HTTP/1.1" 304 -
186.154.68.28 - - [08/Jun/2015:09:34:37 -0500] "GET /galeria/galeria/jquery.fancybox.css?v=2.1.5 HTTP/1.1" 304 -
186.154.68.28 - - [08/Jun/2015:09:34:37 -0500] "GET /galeria/galeria/jquery.fancybox.js?v=2.1.5 HTTP/1.1" 304 -
186.154.68.28 - - [08/Jun/2015:09:34:37 -0500] "GET /BLA/boletinlegal/js/jquery.scrollShow.js HTTP/1.1" 304 -
180.76.15.160 - - [08/Jun/2015:09:34:38 -0500] "GET /BLA/resoluciones/RESOLUCIONES%202011/1855.pdf HTTP/1.1" 200 740070
191.102.114.220 - - [08/Jun/2015:09:34:39 -0500] "GET /BLA/boletinlegal/js/jquery.scrollTo-min.js HTTP/1.1" 200 1150
191.102.114.220 - - [08/Jun/2015:09:34:39 -0500] "GET /BLA/boletinlegal/js/jquery.scrollShow.js HTTP/1.1" 200 4586
191.102.114.220 - - [08/Jun/2015:09:34:39 -0500] "GET /galeria/galeria/jquery.fancybox.css?v=2.1.5 HTTP/1.1" 200 4895
157.55.39.11 - - [08/Jun/2015:09:34:40 -0500] "GET /bla/resoluciones/resoluciones%202010/1634.pdf HTTP/1.1" 200 773175
191.102.114.220 - - [08/Jun/2015:09:34:40 -0500] "GET /galeria/galeria/jquery.fancybox.js?v=2.1.5 HTTP/1.1" 200 48706
157.55.39.11 - - [08/Jun/2015:09:34:40 -0500] "GET /bla/resoluciones/RESOLUCIONES%202009/5903.pdf HTTP/1.1" 200 898128
157.55.39.11 - - [08/Jun/2015:09:34:40 -0500] "GET /BLA/resoluciones/RESOLUCIONES%202008/5643.pdf HTTP/1.1" 200 233680
157.55.39.11 - - [08/Jun/2015:09:34:41 -0500] "GET /BLA/resoluciones/RESOLUCIONES%202008/2756.pdf HTTP/1.1" 200 199204
190.25.157.12 - - [08/Jun/2015:09:34:41 -0500] "POST /forms/lservlet;jsessionid=ac16012b30d67c61dff4bcf141b0abf18cb7e96759d3.e3iSbxaKaheRe34MbhmNaxqNb41ynknvrkLOlQzNp65In0 HTTP/1.1" 200 24
157.55.39.11 - - [08/Jun/2015:09:34:41 -0500] "GET /bla/resoluciones/resoluciones%202010/6491.pdf HTTP/1.1" 200 1790373
190.25.157.12 - - [08/Jun/2015:09:34:41 -0500] "POST /forms/lservlet;jsessionid=ac16012b30d67c61dff4bcf141b0abf18cb7e96759d3.e3iSbxaKaheRe34MbhmNaxqNb41ynknvrkLOlQzNp65In0 HTTP/1.1" 200 4213
190.25.157.12 - - [08/Jun/2015:09:34:42 -0500] "POST /forms/lservlet;jsessionid=ac16012b30d67c61dff4bcf141b0abf18cb7e96759d3.e3iSbxaKaheRe34MbhmNaxqNb41ynknvrkLOlQzNp65In0 HTTP/1.1" 200 2
190.25.157.12 - - [08/Jun/2015:09:34:44 -0500] "POST /forms/lservlet;jsessionid=ac16012b30d67c61dff4bcf141b0abf18cb7e96759d3.e3iSbxaKaheRe34MbhmNaxqNb41ynknvrkLOlQzNp65In0 HTTP/1.1" 200 2
190.25.157.12 - - [08/Jun/2015:09:34:44 -0500] "POST /forms/lservlet;jsessionid=ac16012b30d67c61dff4bcf141b0abf18cb7e96759d3.e3iSbxaKaheRe34MbhmNaxqNb41ynknvrkLOlQzNp65In0 HTTP/1.1" 200 14
190.25.157.12 - - [08/Jun/2015:09:34:45 -0500] "POST /forms/lservlet;jsessionid=ac16012b30d67c61dff4bcf141b0abf18cb7e96759d3.e3iSbxaKaheRe34MbhmNaxqNb41ynknvrkLOlQzNp65In0 HTTP/1.1" 200 14
207.46.13.104 - - [08/Jun/2015:09:34:46 -0500] "GET /BLA/resoluciones/RESOLUCIONES%202008/2144.pdf HTTP/1.1" 200 214656
190.25.157.12 - - [08/Jun/2015:09:34:46 -0500] "POST /forms/lservlet;jsessionid=ac16012b30d67c61dff4bcf141b0abf18cb7e96759d3.e3iSbxaKaheRe34MbhmNaxqNb41ynknvrkLOlQzNp65In0 HTTP/1.1" 200 112
190.25.157.12 - - [08/Jun/2015:09:34:46 -0500] "POST /forms/lservlet;jsessionid=ac16012b30d67c61dff4bcf141b0abf18cb7e96759d3.e3iSbxaKaheRe34MbhmNaxqNb41ynknvrkLOlQzNp65In0 HTTP/1.1" 200 2
207.46.13.104 - - [08/Jun/2015:09:34:47 -0500] "GET /bla/resoluciones/RESOLUCIONES%202009/9803.pdf HTTP/1.1" 200 554055
190.25.157.12 - - [08/Jun/2015:09:34:47 -0500] "GET /reports/rwservlet/getjobid352677?server=rep_srvapsda HTTP/1.1" 200 2869570
207.46.13.68 - - [08/Jun/2015:09:34:53 -0500] "GET /BLA/resoluciones/RESOLUCIONES%202008/4988.pdf HTTP/1.1" 200 371201
207.46.13.68 - - [08/Jun/2015:09:34:53 -0500] "GET /bla/resoluciones/resoluciones%202009/8038.pdf HTTP/1.1" 200 418426
207.46.13.68 - - [08/Jun/2015:09:34:53 -0500] "GET /BLA/resoluciones/RESOLUCIONES%202008/3650.pdf HTTP/1.1" 200 1546650
207.46.13.68 - - [08/Jun/2015:09:34:54 -0500] "GET /bla/resoluciones/RESOLUCIONES%202009/8527.pdf HTTP/1.1" 200 812203
207.46.13.68 - - [08/Jun/2015:09:34:54 -0500] "GET /BLA/resoluciones/RESOLUCIONES%202009/5640.pdf HTTP/1.1" 200 679503
180.76.15.5 - - [08/Jun/2015:09:34:55 -0500] "GET /BLA/resoluciones/AUTOS%202012/0782.pdf HTTP/1.1" 200 235806
66.249.64.228 - - [08/Jun/2015:09:34:56 -0500] "GET /BLA/resoluciones/AUTOS%202014/5517.pdf HTTP/1.1" 200 546303
191.102.114.220 - - [08/Jun/2015:09:35:00 -0500] "GET /galeria/galeria/jquery.fancybox.css?v=2.1.5 HTTP/1.1" 304 -
191.102.114.220 - - [08/Jun/2015:09:35:00 -0500] "GET /BLA/boletinlegal/js/jquery.scrollTo-min.js HTTP/1.1" 304 -
191.102.114.220 - - [08/Jun/2015:09:35:00 -0500] "GET /BLA/boletinlegal/js/jquery.scrollShow.js HTTP/1.1" 304 -
191.102.114.220 - - [08/Jun/2015:09:35:00 -0500] "GET /galeria/galeria/jquery.fancybox.js?v=2.1.5 HTTP/1.1" 304 -
157.55.39.10 - - [08/Jun/2015:09:35:01 -0500] "GET /BLA/resoluciones/RESOLUCIONES%202011/5427.pdf HTTP/1.1" 200 208299
157.55.39.10 - - [08/Jun/2015:09:35:02 -0500] "GET /bla/resoluciones/RESOLUCIONES%202009/9618.pdf HTTP/1.1" 200 310261
157.55.39.10 - - [08/Jun/2015:09:35:02 -0500] "GET /BLA/resoluciones/RESOLUCIONES%202010/2826.pdf HTTP/1.1" 200 983928
157.55.39.10 - - [08/Jun/2015:09:35:03 -0500] "GET /bla/resoluciones/resoluciones%202009/9735.pdf HTTP/1.1" 200 380070
157.55.39.10 - - [08/Jun/2015:09:35:03 -0500] "GET /BLA/resoluciones/AUTOS%202012/1776.pdf HTTP/1.1" 200 479340
181.55.242.241 - - [08/Jun/2015:09:29:04 -0500] "GET /ForestMSG_SDA/channelAsync/template_word_18195790?X-Atmosphere-tracking-id=04e21aab-38d2-dd92-305d-72ebb0488e8d&X-Atmosphere-Framework=1.0.5&X-Atmosphere-Transport=long-polling&tabid=0.7604647788684815&X-Cache-Date=0&Content-Type=application/xml&_=1433773903285 HTTP/1.1" 200 8193
207.46.13.104 - - [08/Jun/2015:09:35:12 -0500] "GET /bla/resoluciones/resoluciones%202009/3295.pdf HTTP/1.1" 200 596257
207.46.13.104 - - [08/Jun/2015:09:35:12 -0500] "GET /bla/resoluciones/resoluciones%202010/5838.pdf HTTP/1.1" 200 362511
180.76.15.152 - - [08/Jun/2015:09:35:12 -0500] "GET /BLA/resoluciones/RESOLUCIONES%202014/2236.pdf HTTP/1.1" 200 587034
207.46.13.104 - - [08/Jun/2015:09:35:13 -0500] "GET /BLA/resoluciones/RESOLUCIONES%202010/3480.pdf HTTP/1.1" 200 516251
207.46.13.104 - - [08/Jun/2015:09:35:13 -0500] "GET /BLA/resoluciones/AUTOS%202009/2034.pdf HTTP/1.1" 200 100279
207.46.13.104 - - [08/Jun/2015:09:35:13 -0500] "GET /BLA/resoluciones/RESOLUCIONES%202013/0509.pdf HTTP/1.1" 200 426710
190.25.157.12 - - [08/Jun/2015:09:35:15 -0500] "POST /forms/lservlet;jsessionid=ac16012b30d67c61dff4bcf141b0abf18cb7e96759d3.e3iSbxaKaheRe34MbhmNaxqNb41ynknvrkLOlQzNp65In0 HTTP/1.1" 200 2
190.25.157.12 - - [08/Jun/2015:09:35:15 -0500] "POST /forms/lservlet;jsessionid=ac16012b30d67c61dff4bcf141b0abf18cb7e96759d3.e3iSbxaKaheRe34MbhmNaxqNb41ynknvrkLOlQzNp65In0 HTTP/1.1" 200 14
190.25.157.12 - - [08/Jun/2015:09:35:16 -0500] "POST /forms/lservlet;jsessionid=ac16012b30d67c61dff4bcf141b0abf18cb7e96759d3.e3iSbxaKaheRe34MbhmNaxqNb41ynknvrkLOlQzNp65In0 HTTP/1.1" 200 14
190.25.157.12 - - [08/Jun/2015:09:35:17 -0500] "POST /forms/lservlet;jsessionid=ac16012b30d67c61dff4bcf141b0abf18cb7e96759d3.e3iSbxaKaheRe34MbhmNaxqNb41ynknvrkLOlQzNp65In0 HTTP/1.1" 200 116
190.25.157.12 - - [08/Jun/2015:09:35:18 -0500] "POST /forms/lservlet;jsessionid=ac16012b30d67c61dff4bcf141b0abf18cb7e96759d3.e3iSbxaKaheRe34MbhmNaxqNb41ynknvrkLOlQzNp65In0 HTTP/1.1" 200 2
190.25.157.12 - - [08/Jun/2015:09:35:18 -0500] "GET /reports/rwservlet/getjobid352678?server=rep_srvapsda HTTP/1.1" 200 47984
180.76.15.22 - - [08/Jun/2015:09:35:29 -0500] "GET /BLA/resoluciones/RESOLUCIONES%202011/1451.pdf HTTP/1.1" 200 967866
190.25.157.12 - - [08/Jun/2015:09:35:36 -0500] "POST /forms/lservlet;jsessionid=ac16012b30d67c61dff4bcf141b0abf18cb7e96759d3.e3iSbxaKaheRe34MbhmNaxqNb41ynknvrkLOlQzNp65In0 HTTP/1.1" 200 2
190.25.157.12 - - [08/Jun/2015:09:35:36 -0500] "POST /forms/lservlet;jsessionid=ac16012b30d67c61dff4bcf141b0abf18cb7e96759d3.e3iSbxaKaheRe34MbhmNaxqNb41ynknvrkLOlQzNp65In0 HTTP/1.1" 200 14
190.25.157.12 - - [08/Jun/2015:09:35:37 -0500] "POST /forms/lservlet;jsessionid=ac16012b30d67c61dff4bcf141b0abf18cb7e96759d3.e3iSbxaKaheRe34MbhmNaxqNb41ynknvrkLOlQzNp65In0 HTTP/1.1" 200 113
190.25.157.12 - - [08/Jun/2015:09:35:37 -0500] "POST /forms/lservlet;jsessionid=ac16012b30d67c61dff4bcf141b0abf18cb7e96759d3.e3iSbxaKaheRe34MbhmNaxqNb41ynknvrkLOlQzNp65In0 HTTP/1.1" 200 2
190.25.157.12 - - [08/Jun/2015:09:35:38 -0500] "GET /reports/rwservlet/getjobid352679?server=rep_srvapsda HTTP/1.1" 200 57823
