157.55.39.11 - - [08/Jun/2015:05:37:33 -0500] "GET /bla/resoluciones/resoluciones%202010/2108.pdf HTTP/1.1" 200 581717
157.55.39.168 - - [08/Jun/2015:05:37:44 -0500] "GET /BLA/resoluciones/AUTOS%202012/1585.pdf HTTP/1.1" 200 2908878
157.55.39.168 - - [08/Jun/2015:05:37:44 -0500] "GET /bla/resoluciones/resoluciones%202010/7827.pdf HTTP/1.1" 200 427659
207.46.13.104 - - [08/Jun/2015:05:37:47 -0500] "GET /bla/resoluciones/resoluciones%202009/7950.pdf HTTP/1.1" 200 497843
180.76.15.7 - - [08/Jun/2015:05:37:49 -0500] "GET /BLA/resoluciones/AUTOS%202014/5559.pdf HTTP/1.1" 200 490261
207.46.13.104 - - [08/Jun/2015:05:37:53 -0500] "GET /BLA/resoluciones/RESOLUCIONES%202011/5309.pdf HTTP/1.1" 200 622461
207.46.13.104 - - [08/Jun/2015:05:37:53 -0500] "GET /bla/resoluciones/RESOLUCIONES%202009/8683.pdf HTTP/1.1" 200 524972
207.46.13.68 - - [08/Jun/2015:05:37:59 -0500] "GET /bla/resoluciones/autos%202010/4834.pdf HTTP/1.1" 200 386547
207.46.13.68 - - [08/Jun/2015:05:37:59 -0500] "GET /bla/resoluciones/RESOLUCIONES%202009/8551.pdf HTTP/1.1" 200 513474
207.46.13.68 - - [08/Jun/2015:05:38:00 -0500] "GET /BLA/resoluciones/RESOLUCIONES%202010/4548.pdf HTTP/1.1" 200 442419
207.46.13.68 - - [08/Jun/2015:05:38:02 -0500] "GET /bla/resoluciones/RESOLUCIONES%202009/6294.pdf HTTP/1.1" 200 2071060
180.76.15.151 - - [08/Jun/2015:05:38:06 -0500] "GET /BLA/resoluciones/AUTOS%202010/1053.pdf HTTP/1.1" 200 179732
74.86.158.107 - - [08/Jun/2015:05:38:18 -0500] "HEAD / HTTP/1.1" 200 -
180.76.15.14 - - [08/Jun/2015:05:38:23 -0500] "GET /BLA/resoluciones/AUTOS%202010/1121.pdf HTTP/1.1" 200 184039
207.46.13.68 - - [08/Jun/2015:05:38:32 -0500] "GET /bla/resoluciones/resoluciones%202010/7074.pdf HTTP/1.1" 200 811051
66.249.67.107 - - [08/Jun/2015:05:38:35 -0500] "GET /BLA/resoluciones/AUTOS%202014/0894.pdf HTTP/1.1" 200 531203
157.55.39.168 - - [08/Jun/2015:05:38:37 -0500] "GET /BLA/resoluciones/RESOLUCIONES%202011/2061.pdf HTTP/1.1" 200 500572
157.55.39.168 - - [08/Jun/2015:05:38:38 -0500] "GET /BLA/resoluciones/AUTOS%202009/0734.pdf HTTP/1.1" 200 458522
180.76.15.149 - - [08/Jun/2015:05:38:41 -0500] "GET /BLA/resoluciones/RESOLUCIONES%202011/0488.pdf HTTP/1.1" 200 84502
157.55.39.134 - - [08/Jun/2015:05:38:41 -0500] "GET /BLA/resoluciones/RESOLUCIONES%202011/2665.pdf HTTP/1.1" 200 474858
157.55.39.134 - - [08/Jun/2015:05:38:42 -0500] "GET /bla/resoluciones/resoluciones%202011/0851.pdf HTTP/1.1" 200 479786
157.55.39.134 - - [08/Jun/2015:05:38:43 -0500] "GET /BLA/resoluciones/AUTOS%202012/2068.pdf HTTP/1.1" 200 304801
207.46.13.104 - - [08/Jun/2015:05:38:49 -0500] "GET /BLA/resoluciones/RESOLUCIONES%202013/0260.pdf HTTP/1.1" 200 3465756
207.46.13.68 - - [08/Jun/2015:05:38:56 -0500] "GET /BLA/resoluciones/RESOLUCIONES%202011/2231.pdf HTTP/1.1" 200 546448
180.76.15.18 - - [08/Jun/2015:05:38:58 -0500] "GET /BLA/resoluciones/AUTOS%202012/2800.pdf HTTP/1.1" 200 392174
157.55.39.10 - - [08/Jun/2015:05:39:03 -0500] "GET /bla/resoluciones/resoluciones%202010/1394.pdf HTTP/1.1" 200 513077
207.46.13.104 - - [08/Jun/2015:05:39:09 -0500] "GET /BLA/resoluciones/RESOLUCIONES%202007/RES%202007%20801%20AL%20900/RESOLUCION%200883%20DE%202007.pdf HTTP/1.1" 200 159697
180.76.15.145 - - [08/Jun/2015:05:39:15 -0500] "GET /BLA/resoluciones/AUTOS%202014/2843.pdf HTTP/1.1" 200 245187
157.55.39.10 - - [08/Jun/2015:05:39:19 -0500] "GET /bla/resoluciones/resoluciones%202009/9307.pdf HTTP/1.1" 200 257527
201.245.192.253 - - [08/Jun/2015:05:36:21 -0500] "GET /ForestMSG_SDA/channelAsync/template_word_18303147?X-Atmosphere-tracking-id=ef7b8cca-22a0-3631-7219-93916646b115&X-Atmosphere-Framework=1.0.5&X-Atmosphere-Transport=long-polling&tabid=0.1128270248301344&X-Cache-Date=0&Content-Type=application/xml&_=1433759843304 HTTP/1.1" 200 8193
157.55.39.168 - - [08/Jun/2015:05:39:26 -0500] "GET /BLA/boletinlegal/jurisprudencia/analisis/Analisis%20jurisprudencial%20Sentencia%20C-366-11.doc HTTP/1.1" 200 59392
157.55.39.11 - - [08/Jun/2015:05:39:30 -0500] "GET /bla/resoluciones/resoluciones%202009/8192.pdf HTTP/1.1" 200 501069
157.55.39.11 - - [08/Jun/2015:05:39:32 -0500] "GET /BLA/resoluciones/RESOLUCIONES%202008/3522.pdf HTTP/1.1" 200 570731
157.55.39.11 - - [08/Jun/2015:05:39:32 -0500] "GET /bla/resoluciones/resoluciones%202010/1769.pdf HTTP/1.1" 200 688544
180.76.15.142 - - [08/Jun/2015:05:39:32 -0500] "GET /BLA/resoluciones/AUTOS%202011/1737.pdf HTTP/1.1" 200 233072
207.46.13.68 - - [08/Jun/2015:05:39:37 -0500] "GET /bla/resoluciones/resoluciones%202010/2235.pdf HTTP/1.1" 200 473965
207.46.13.68 - - [08/Jun/2015:05:39:38 -0500] "GET /bla/resoluciones/resoluciones%202010/0317.pdf HTTP/1.1" 200 109606
207.46.13.104 - - [08/Jun/2015:05:39:42 -0500] "GET /BLA/resoluciones/RESOLUCIONES%202008/3127.pdf HTTP/1.1" 200 234404
207.46.13.104 - - [08/Jun/2015:05:39:42 -0500] "GET /bla/resoluciones/resoluciones%202009/7522.pdf HTTP/1.1" 200 528357
207.46.13.104 - - [08/Jun/2015:05:39:42 -0500] "GET /bla/resoluciones/RESOLUCIONES%202011/6029.pdf HTTP/1.1" 200 1390922
207.46.13.104 - - [08/Jun/2015:05:39:43 -0500] "GET /bla/resoluciones/resoluciones%202010/5597.pdf HTTP/1.1" 200 346722
157.55.39.134 - - [08/Jun/2015:05:39:51 -0500] "GET /bla/resoluciones/resoluciones%202010/5572.pdf HTTP/1.1" 200 318329
66.249.67.107 - - [08/Jun/2015:05:39:52 -0500] "GET /BLA/resoluciones/AUTOS%202014/0764.pdf HTTP/1.1" 200 418126
157.55.39.134 - - [08/Jun/2015:05:39:53 -0500] "GET /BLA/resoluciones/RESOLUCIONES%202011/0168.pdf HTTP/1.1" 200 720268
157.55.39.167 - - [08/Jun/2015:05:39:55 -0500] "GET /BLA/resoluciones/AUTOS%202009/1831.pdf HTTP/1.1" 200 123577
207.46.13.68 - - [08/Jun/2015:05:39:59 -0500] "GET /bla/resoluciones/resoluciones%202009/8751.pdf HTTP/1.1" 200 466761
157.55.39.10 - - [08/Jun/2015:05:40:04 -0500] "GET /bla/resoluciones/resoluciones%202010/7145.pdf HTTP/1.1" 200 95759
157.55.39.10 - - [08/Jun/2015:05:40:06 -0500] "GET /bla/resoluciones/resoluciones%202009/9132.pdf HTTP/1.1" 200 411679
180.76.15.160 - - [08/Jun/2015:05:40:07 -0500] "GET /BLA/resoluciones/AUTOS%202009/2883.pdf HTTP/1.1" 200 97848
207.46.13.68 - - [08/Jun/2015:05:40:14 -0500] "GET /BLA/resoluciones/RESOLUCIONES%202009/4862.pdf HTTP/1.1" 200 744264
207.46.13.104 - - [08/Jun/2015:05:40:24 -0500] "GET /POT-2013/index.php?dir=&sort=size&order=asc HTTP/1.1" 200 2679
207.46.13.104 - - [08/Jun/2015:05:40:24 -0500] "GET /bla/resoluciones/resoluciones%202009/8208.pdf HTTP/1.1" 200 912949
207.46.13.104 - - [08/Jun/2015:05:40:25 -0500] "GET /bla/resoluciones/resoluciones%202010/5528.pdf HTTP/1.1" 200 2819085
207.46.13.104 - - [08/Jun/2015:05:40:25 -0500] "GET /bla/resoluciones/resoluciones%202010/5801.pdf HTTP/1.1" 200 79050
157.55.39.168 - - [08/Jun/2015:05:40:30 -0500] "GET /bla/resoluciones/resoluciones%202011/0264.pdf HTTP/1.1" 200 63491
157.55.39.168 - - [08/Jun/2015:05:40:31 -0500] "GET /BLA/resoluciones/RESOLUCIONES%202010/7715.pdf HTTP/1.1" 200 526722
157.55.39.168 - - [08/Jun/2015:05:40:32 -0500] "GET /BLA/resoluciones/RESOLUCIONES%202012/0208.pdf HTTP/1.1" 200 176030
207.46.13.104 - - [08/Jun/2015:05:40:34 -0500] "GET /bla/resoluciones/RESOLUCIONES%202009/7711.pdf HTTP/1.1" 200 627388
157.55.39.134 - - [08/Jun/2015:05:40:39 -0500] "GET /BLA/resoluciones/AUTOS%202009/2903.pdf HTTP/1.1" 200 88972
180.76.15.13 - - [08/Jun/2015:05:40:42 -0500] "GET /BLA/resoluciones/AUTOS%202011/1312.pdf HTTP/1.1" 200 156085
207.46.13.68 - - [08/Jun/2015:05:40:48 -0500] "GET /BLA/resoluciones/AUTOS%202012/1951.pdf HTTP/1.1" 200 758257
157.55.39.134 - - [08/Jun/2015:05:40:52 -0500] "GET /BLA/resoluciones/RESOLUCIONES%202011/5567.pdf HTTP/1.1" 200 542813
180.76.15.138 - - [08/Jun/2015:05:40:59 -0500] "GET /BLA/resoluciones/AUTOS%202013/0706.pdf HTTP/1.1" 200 2579979
66.249.67.120 - - [08/Jun/2015:05:41:09 -0500] "GET /BLA/resoluciones/RESOLUCIONES%202014/1237.pdf HTTP/1.1" 304 -
207.46.13.104 - - [08/Jun/2015:05:41:13 -0500] "GET /BLA/resoluciones/AUTOS%202010/4551.pdf HTTP/1.1" 200 137947
180.76.15.139 - - [08/Jun/2015:05:41:16 -0500] "GET /BLA/resoluciones/AUTOS%202013/2492.pdf HTTP/1.1" 200 1086330
207.46.13.68 - - [08/Jun/2015:05:41:21 -0500] "GET /BLA/resoluciones/RESOLUCIONES%202008/5373.pdf HTTP/1.1" 200 216314
207.46.13.68 - - [08/Jun/2015:05:41:22 -0500] "GET /BLA/resoluciones/RESOLUCIONES%202008/0700.pdf HTTP/1.1" 200 1427319
157.55.39.168 - - [08/Jun/2015:05:41:30 -0500] "GET /BLA/resoluciones/AUTOS%202009/0343.pdf HTTP/1.1" 200 245010
180.76.15.7 - - [08/Jun/2015:05:41:33 -0500] "GET /BLA/resoluciones/AUTOS%202013/1439.pdf HTTP/1.1" 200 263163
207.46.13.68 - - [08/Jun/2015:05:41:35 -0500] "GET /BLA/resoluciones/RESOLUCIONES%202011/6215.pdf HTTP/1.1" 200 4969152
207.46.13.68 - - [08/Jun/2015:05:41:36 -0500] "GET /BLA/resoluciones/RESOLUCIONES%202008/3311.pdf HTTP/1.1" 200 232057
207.46.13.104 - - [08/Jun/2015:05:41:40 -0500] "GET /bla/resoluciones/resoluciones%202009/4124.pdf HTTP/1.1" 200 778753
157.55.39.134 - - [08/Jun/2015:05:41:45 -0500] "GET /bla/resoluciones/resoluciones%202009/9511.pdf HTTP/1.1" 200 508463
157.55.39.167 - - [08/Jun/2015:05:41:50 -0500] "GET /BLA/resoluciones/AUTOS%202012/1115.pdf HTTP/1.1" 200 154018
157.55.39.167 - - [08/Jun/2015:05:41:51 -0500] "GET /BLA/resoluciones/RESOLUCIONES%202010/3666.pdf HTTP/1.1" 200 623318
157.55.39.167 - - [08/Jun/2015:05:41:51 -0500] "GET /bla/resoluciones/resoluciones%202010/5753.pdf HTTP/1.1" 200 49080
157.55.39.167 - - [08/Jun/2015:05:41:52 -0500] "GET /BLA/resoluciones/RESOLUCIONES%202009/5793.pdf HTTP/1.1" 200 1062593
207.46.13.68 - - [08/Jun/2015:05:41:54 -0500] "GET /BLA/resoluciones/RESOLUCIONES%202009/4362.pdf HTTP/1.1" 200 682658
157.55.39.10 - - [08/Jun/2015:05:42:01 -0500] "GET /bla/resoluciones/resoluciones%202010/4745.pdf HTTP/1.1" 200 246585
157.55.39.10 - - [08/Jun/2015:05:42:01 -0500] "GET /bla/resoluciones/resoluciones%202010/0387.pdf HTTP/1.1" 200 107054
157.55.39.10 - - [08/Jun/2015:05:42:01 -0500] "GET /BLA/resoluciones/RESOLUCIONES%202008/1600.pdf HTTP/1.1" 200 241255
157.55.39.10 - - [08/Jun/2015:05:42:03 -0500] "GET /BLA/resoluciones/AUTOS%202010/0170.pdf HTTP/1.1" 200 345314
157.55.39.10 - - [08/Jun/2015:05:42:03 -0500] "GET /bla/resoluciones/resoluciones%202009/4374.pdf HTTP/1.1" 200 1126149
207.46.13.68 - - [08/Jun/2015:05:42:05 -0500] "GET /bla/resoluciones/RESOLUCIONES%202009/8302.pdf HTTP/1.1" 200 779846
207.46.13.68 - - [08/Jun/2015:05:42:06 -0500] "GET /BLA/resoluciones/AUTOS%202012/2974.pdf HTTP/1.1" 200 200936
157.55.39.167 - - [08/Jun/2015:05:42:11 -0500] "GET /BLA/resoluciones/RESOLUCIONES%202009/7608.pdf HTTP/1.1" 200 562556
157.55.39.167 - - [08/Jun/2015:05:42:12 -0500] "GET /BLA/resoluciones/RESOLUCIONES%202010/4697.pdf HTTP/1.1" 200 763031
157.55.39.167 - - [08/Jun/2015:05:42:12 -0500] "GET /bla/resoluciones/RESOLUCIONES%202011/4787.pdf HTTP/1.1" 200 613360
207.46.13.104 - - [08/Jun/2015:05:42:14 -0500] "GET /BLA/resoluciones/RESOLUCIONES%202008/3118.pdf HTTP/1.1" 200 134365
207.46.13.104 - - [08/Jun/2015:05:42:15 -0500] "GET /BLA/resoluciones/RESOLUCIONES%202010/4582.pdf HTTP/1.1" 200 1042321
207.46.13.104 - - [08/Jun/2015:05:42:16 -0500] "GET /BLA/resoluciones/AUTOS%202010/5501.pdf HTTP/1.1" 200 318499
201.245.192.253 - - [08/Jun/2015:05:39:21 -0500] "GET /ForestMSG_SDA/channelAsync/template_word_18303147?X-Atmosphere-tracking-id=ef7b8cca-22a0-3631-7219-93916646b115&X-Atmosphere-Framework=1.0.5&X-Atmosphere-Transport=long-polling&tabid=0.1128270248301344&X-Cache-Date=0&Content-Type=application/xml&_=1433760023306 HTTP/1.1" 200 8193
186.112.191.35 - - [08/Jun/2015:05:42:21 -0500] "GET / HTTP/1.1" 200 10190
186.112.191.35 - - [08/Jun/2015:05:42:22 -0500] "GET /css/bootstrap.min.css HTTP/1.1" 200 105939
186.112.191.35 - - [08/Jun/2015:05:42:22 -0500] "GET /css/style.css HTTP/1.1" 200 3610
186.112.191.35 - - [08/Jun/2015:05:42:22 -0500] "GET /images/INTRANET.jpg HTTP/1.1" 200 37297
186.112.191.35 - - [08/Jun/2015:05:42:22 -0500] "GET /images/SDA.jpg HTTP/1.1" 200 48976
186.112.191.35 - - [08/Jun/2015:05:42:22 -0500] "GET /images/LINEA.jpg HTTP/1.1" 200 33035
186.112.191.35 - - [08/Jun/2015:05:42:22 -0500] "GET /images/NINOS.jpg HTTP/1.1" 200 44828
186.112.191.35 - - [08/Jun/2015:05:42:22 -0500] "GET /images/FOREST.jpg HTTP/1.1" 200 33277
186.112.191.35 - - [08/Jun/2015:05:42:22 -0500] "GET /images/RMCAB.jpg HTTP/1.1" 200 49926
186.112.191.35 - - [08/Jun/2015:05:42:22 -0500] "GET /images/CORREO.jpg HTTP/1.1" 200 39337
186.112.191.35 - - [08/Jun/2015:05:42:22 -0500] "GET /images/INTERNET.jpg HTTP/1.1" 200 34880
186.112.191.35 - - [08/Jun/2015:05:42:22 -0500] "GET /images/BLA.jpg HTTP/1.1" 200 34672
186.112.191.35 - - [08/Jun/2015:05:42:22 -0500] "GET /images/SDQS.jpg HTTP/1.1" 200 47976
186.112.191.35 - - [08/Jun/2015:05:42:22 -0500] "GET /images/FORMATOS.jpg HTTP/1.1" 200 41585
186.112.191.35 - - [08/Jun/2015:05:42:23 -0500] "GET /images/CATALOGO.jpg HTTP/1.1" 200 35661
186.112.191.35 - - [08/Jun/2015:05:42:23 -0500] "GET /js/jquery.js HTTP/1.1" 200 97120
186.112.191.35 - - [08/Jun/2015:05:42:24 -0500] "GET /js/bootstrap.min.js HTTP/1.1" 200 28538
186.112.191.35 - - [08/Jun/2015:05:42:25 -0500] "GET /favicon.ico HTTP/1.1" 200 7782
66.249.67.133 - - [08/Jun/2015:05:42:26 -0500] "GET /BLA/resoluciones/RESOLUCIONES%202010/3012.pdf HTTP/1.1" 304 -
157.55.39.11 - - [08/Jun/2015:05:42:31 -0500] "GET /BLA/resoluciones/RESOLUCIONES%202010/2916.pdf HTTP/1.1" 200 494431
157.55.39.11 - - [08/Jun/2015:05:42:31 -0500] "GET /BLA/resoluciones/AUTOS%202010/4833.pdf HTTP/1.1" 200 378973
157.55.39.11 - - [08/Jun/2015:05:42:32 -0500] "GET /bla/resoluciones/resoluciones%202009/9728.pdf HTTP/1.1" 200 341060
157.55.39.168 - - [08/Jun/2015:05:42:35 -0500] "GET /bla/resoluciones/RESOLUCIONES%202009/9290.pdf HTTP/1.1" 200 507059
157.55.39.168 - - [08/Jun/2015:05:42:35 -0500] "GET /BLA/resoluciones/RESOLUCIONES%202009/8742.pdf HTTP/1.1" 200 874964
157.55.39.168 - - [08/Jun/2015:05:42:35 -0500] "GET /BLA/resoluciones/RESOLUCIONES%202009/4646.pdf HTTP/1.1" 200 684812
207.46.13.104 - - [08/Jun/2015:05:42:55 -0500] "GET /BLA/resoluciones/RESOLUCIONES%202010/3804.pdf HTTP/1.1" 200 557389
207.46.13.68 - - [08/Jun/2015:05:43:01 -0500] "GET /bla/resoluciones/resoluciones%202009/9251.pdf HTTP/1.1" 200 122168
207.46.13.68 - - [08/Jun/2015:05:43:01 -0500] "GET /BLA/resoluciones/RESOLUCIONES%202009/9298.pdf HTTP/1.1" 200 401308
207.46.13.104 - - [08/Jun/2015:05:43:05 -0500] "GET /BLA/resoluciones/RESOLUCIONES%202014/0959.pdf HTTP/1.1" 200 627409
157.55.39.10 - - [08/Jun/2015:05:43:10 -0500] "GET /bla/resoluciones/resoluciones%202009/9591.pdf HTTP/1.1" 200 393192
157.55.39.10 - - [08/Jun/2015:05:43:10 -0500] "GET /BLA/resoluciones/RESOLUCIONES%202008/0358.pdf HTTP/1.1" 200 218365
207.46.13.68 - - [08/Jun/2015:05:43:15 -0500] "GET /BLA/resoluciones/RESOLUCIONES%202013/1741.pdf HTTP/1.1" 200 267362
207.46.13.68 - - [08/Jun/2015:05:43:16 -0500] "GET /BLA/resoluciones/RESOLUCIONES%202011/5027.pdf HTTP/1.1" 200 610883
74.86.158.107 - - [08/Jun/2015:05:43:18 -0500] "HEAD / HTTP/1.1" 200 -
157.55.39.168 - - [08/Jun/2015:05:43:20 -0500] "GET /BLA/resoluciones/RESOLUCIONES%202011/4985.pdf HTTP/1.1" 200 353827
157.55.39.168 - - [08/Jun/2015:05:43:20 -0500] "GET /BLA/resoluciones/RESOLUCIONES%202008/1913.pdf HTTP/1.1" 200 209074
157.55.39.168 - - [08/Jun/2015:05:43:21 -0500] "GET /bla/resoluciones/RESOLUCIONES%202009/9686.pdf HTTP/1.1" 200 315155
207.46.13.104 - - [08/Jun/2015:05:43:25 -0500] "GET /bla/resoluciones/resoluciones%202009/3675.pdf HTTP/1.1" 200 1072185
207.46.13.68 - - [08/Jun/2015:05:43:29 -0500] "GET /bla/resoluciones/resoluciones%202010/0665.pdf HTTP/1.1" 200 525271
207.46.13.68 - - [08/Jun/2015:05:43:30 -0500] "GET /BLA/resoluciones/RESOLUCIONES%202010/6211.pdf HTTP/1.1" 200 577841
180.76.15.138 - - [08/Jun/2015:05:43:32 -0500] "GET /BLA/resoluciones/RESOLUCIONES%202009/2183.pdf HTTP/1.1" 200 624202
207.46.13.104 - - [08/Jun/2015:05:43:40 -0500] "GET /BLA/resoluciones/RESOLUCIONES%202010/3808.pdf HTTP/1.1" 200 757285
66.249.67.133 - - [08/Jun/2015:05:43:43 -0500] "GET /BLA/resoluciones/AUTOS%202014/0624.pdf HTTP/1.1" 200 612873
180.76.15.161 - - [08/Jun/2015:05:43:50 -0500] "GET /BLA/resoluciones/RESOLUCIONES%202009/6929.pdf HTTP/1.1" 200 655211
207.46.13.68 - - [08/Jun/2015:05:43:55 -0500] "GET /BLA/resoluciones/Autos%202008/3004.pdf HTTP/1.1" 200 119998
157.55.39.167 - - [08/Jun/2015:05:43:57 -0500] "GET /BLA/resoluciones/RESOLUCIONES%202009/9356.pdf HTTP/1.1" 200 490641
157.55.39.167 - - [08/Jun/2015:05:43:58 -0500] "GET /BLA/resoluciones/AUTOS%202009/1428.pdf HTTP/1.1" 200 186129
207.46.13.104 - - [08/Jun/2015:05:44:03 -0500] "GET /bla/resoluciones/resoluciones%202009/9043.pdf HTTP/1.1" 200 505359
180.76.15.22 - - [08/Jun/2015:05:44:07 -0500] "GET /BLA/resoluciones/AUTOS%202011/1976.pdf HTTP/1.1" 200 334257
207.46.13.68 - - [08/Jun/2015:05:44:07 -0500] "GET /BLA/resoluciones/RESOLUCIONES%202007/RES%202007%20301%20AL%20400/RESOLUCION%200342%20DE%202007.pdf HTTP/1.1" 200 331081
207.46.13.68 - - [08/Jun/2015:05:44:08 -0500] "GET /bla/resoluciones/resoluciones%202009/7225.pdf HTTP/1.1" 200 317929
157.55.39.10 - - [08/Jun/2015:05:44:16 -0500] "GET /BLA/resoluciones/RESOLUCIONES%202008/5676.pdf HTTP/1.1" 200 104193
157.55.39.10 - - [08/Jun/2015:05:44:17 -0500] "GET /bla/resoluciones/autos%202010/4581.pdf HTTP/1.1" 200 11680
207.46.13.104 - - [08/Jun/2015:05:44:21 -0500] "GET /BLA/resoluciones/RESOLUCIONES%202008/3935.pdf HTTP/1.1" 200 629425
157.55.39.168 - - [08/Jun/2015:05:44:26 -0500] "GET /bla/resoluciones/resoluciones%202010/5370.pdf HTTP/1.1" 200 734737
157.55.39.168 - - [08/Jun/2015:05:44:26 -0500] "GET /BLA/resoluciones/RESOLUCIONES%202009/8333.pdf HTTP/1.1" 200 464351
157.55.39.168 - - [08/Jun/2015:05:44:27 -0500] "GET /BLA/resoluciones/RESOLUCIONES%202011/4790.pdf HTTP/1.1" 200 1086957
157.55.39.168 - - [08/Jun/2015:05:44:27 -0500] "GET /BLA/resoluciones/AUTOS%202010/0862.pdf HTTP/1.1" 200 253327
157.55.39.11 - - [08/Jun/2015:05:44:30 -0500] "GET /BLA/resoluciones/RESOLUCIONES%202011/2227.pdf HTTP/1.1" 200 634324
207.46.13.68 - - [08/Jun/2015:05:44:35 -0500] "GET /BLA/resoluciones/AUTOS%202012/2761.pdf HTTP/1.1" 200 218010
207.46.13.68 - - [08/Jun/2015:05:44:36 -0500] "GET /BLA/resoluciones/AUTOS%202010/6815.pdf HTTP/1.1" 200 134465
207.46.13.68 - - [08/Jun/2015:05:44:36 -0500] "GET /bla/resoluciones/resoluciones%202010/1296.pdf HTTP/1.1" 200 105214
180.76.15.30 - - [08/Jun/2015:05:44:41 -0500] "GET /BLA/resoluciones/RESOLUCIONES%202007/RES%202007%203701%20AL%203800/RESOLUCION%203711%20DE%202007.pdf HTTP/1.1" 200 79232
207.46.13.68 - - [08/Jun/2015:05:44:43 -0500] "GET /BLA/resoluciones/RESOLUCIONES%202010/3095.pdf HTTP/1.1" 200 501719
207.46.13.104 - - [08/Jun/2015:05:44:54 -0500] "GET /BLA/resoluciones/RESOLUCIONES%202012/0501.pdf HTTP/1.1" 200 5882125
207.46.13.68 - - [08/Jun/2015:05:44:59 -0500] "GET /BLA/resoluciones/RESOLUCIONES%202010/4742.pdf HTTP/1.1" 200 484121
180.76.15.32 - - [08/Jun/2015:05:44:59 -0500] "GET /BLA/resoluciones/AUTOS%202012/2203.pdf HTTP/1.1" 200 231561
207.46.13.68 - - [08/Jun/2015:05:44:59 -0500] "GET /bla/resoluciones/resoluciones%202009/3938.pdf HTTP/1.1" 200 783472
66.249.67.107 - - [08/Jun/2015:05:45:01 -0500] "GET /BLA/resoluciones/AUTOS%202014/6438.pdf HTTP/1.1" 200 523970
157.55.39.167 - - [08/Jun/2015:05:45:13 -0500] "GET /BLA/resoluciones/RESOLUCIONES%202008/3705.pdf HTTP/1.1" 200 149439
157.55.39.168 - - [08/Jun/2015:05:45:13 -0500] "GET /BLA/resoluciones/RESOLUCIONES%202010/7206.pdf HTTP/1.1" 200 982364
157.55.39.168 - - [08/Jun/2015:05:45:14 -0500] "GET /BLA/resoluciones/RESOLUCIONES%202012/0679.pdf HTTP/1.1" 200 1126906
157.55.39.168 - - [08/Jun/2015:05:45:15 -0500] "GET /BLA/resoluciones/AUTOS%202009/1428.pdf HTTP/1.1" 200 186129
157.55.39.168 - - [08/Jun/2015:05:45:16 -0500] "GET /bla/resoluciones/resoluciones%202010/6834.pdf HTTP/1.1" 200 434640
180.76.15.29 - - [08/Jun/2015:05:45:16 -0500] "GET /BLA/resoluciones/RESOLUCIONES%202008/3415.pdf HTTP/1.1" 200 260803
201.245.192.253 - - [08/Jun/2015:05:42:21 -0500] "GET /ForestMSG_SDA/channelAsync/template_word_18303147?X-Atmosphere-tracking-id=ef7b8cca-22a0-3631-7219-93916646b115&X-Atmosphere-Framework=1.0.5&X-Atmosphere-Transport=long-polling&tabid=0.1128270248301344&X-Cache-Date=0&Content-Type=application/xml&_=1433760203349 HTTP/1.1" 200 8193
207.46.13.104 - - [08/Jun/2015:05:45:29 -0500] "GET /BLA/resoluciones/RESOLUCIONES%202013/0923.pdf HTTP/1.1" 200 2369256
207.46.13.104 - - [08/Jun/2015:05:45:30 -0500] "GET /bla/resoluciones/resoluciones%202011/1267.pdf HTTP/1.1" 200 361378
180.76.15.141 - - [08/Jun/2015:05:45:33 -0500] "GET /BLA/resoluciones/AUTOS%202010/5639.pdf HTTP/1.1" 200 289846
157.55.39.11 - - [08/Jun/2015:05:45:33 -0500] "GET /BLA/resoluciones/RESOLUCIONES%202009/7625.pdf HTTP/1.1" 200 393936
108.243.181.82 - - [08/Jun/2015:05:45:38 -0500] "GET /webdav/x32.php?host=73.2.178.27&time=60&port=3074 HTTP/1.1" 404 1018
207.46.13.68 - - [08/Jun/2015:05:45:38 -0500] "GET /BLA/resoluciones/AUTOS%202009/3303.pdf HTTP/1.1" 200 207536
207.46.13.68 - - [08/Jun/2015:05:45:39 -0500] "GET /BLA/resoluciones/RESOLUCIONES%202010/5141.pdf HTTP/1.1" 200 1309768
207.46.13.68 - - [08/Jun/2015:05:45:40 -0500] "GET /BLA/resoluciones/RESOLUCIONES%202010/3462.pdf HTTP/1.1" 200 514911
207.46.13.68 - - [08/Jun/2015:05:45:41 -0500] "GET /BLA/resoluciones/RESOLUCIONES%202007/RES%202007%201101%20AL%201200/RESOLUCION%201129%20DE%202007.pdf HTTP/1.1" 200 204557
207.46.13.104 - - [08/Jun/2015:05:45:44 -0500] "GET /BLA/resoluciones/RESOLUCIONES%202010/5558.pdf HTTP/1.1" 200 508069
180.76.15.141 - - [08/Jun/2015:05:45:51 -0500] "GET /BLA/resoluciones/RESOLUCIONES%202007/RES%202007%20501%20AL%20600/RESOLUCION%200534%20DE%202007.pdf HTTP/1.1" 200 672033
207.46.13.68 - - [08/Jun/2015:05:45:55 -0500] "GET /BLA/resoluciones/AUTOS%202009/2926.pdf HTTP/1.1" 200 169650
66.249.67.120 - - [08/Jun/2015:05:46:03 -0500] "GET /galeria/galeria/fotos/juan-amarillo4P.jpg HTTP/1.1" 304 -
157.55.39.167 - - [08/Jun/2015:05:46:03 -0500] "GET /BLA/resoluciones/RESOLUCIONES%202010/2711.pdf HTTP/1.1" 200 393465
157.55.39.167 - - [08/Jun/2015:05:46:04 -0500] "GET /BLA/resoluciones/RESOLUCIONES%202009/8716.pdf HTTP/1.1" 200 509997
157.55.39.167 - - [08/Jun/2015:05:46:04 -0500] "GET /BLA/resoluciones/RESOLUCIONES%202008/1816.pdf HTTP/1.1" 200 256093
157.55.39.167 - - [08/Jun/2015:05:46:05 -0500] "GET /BLA/resoluciones/RESOLUCIONES%202008/2886.pdf HTTP/1.1" 200 280092
180.76.15.152 - - [08/Jun/2015:05:46:08 -0500] "GET /BLA/resoluciones/AUTOS%202014/1110.pdf HTTP/1.1" 200 359068
207.46.13.68 - - [08/Jun/2015:05:46:11 -0500] "GET /BLA/resoluciones/RESOLUCIONES%202007/RES%202007%20301%20AL%20400/RESOLUCION%200357%20DE%202007.pdf HTTP/1.1" 200 579100
157.55.39.10 - - [08/Jun/2015:05:46:15 -0500] "GET /BLA/resoluciones/RESOLUCIONES%202008/1234.pdf HTTP/1.1" 200 88057
66.249.67.107 - - [08/Jun/2015:05:46:18 -0500] "GET /BLA/resoluciones/AUTOS%202014/0254.pdf HTTP/1.1" 200 424489
201.245.192.253 - - [08/Jun/2015:05:46:18 -0500] "GET /galeria/galeria/jquery.fancybox.css?v=2.1.5 HTTP/1.1" 200 4895
201.245.192.253 - - [08/Jun/2015:05:46:18 -0500] "GET /BLA/boletinlegal/js/jquery.scrollTo-min.js HTTP/1.1" 200 1150
201.245.192.253 - - [08/Jun/2015:05:46:18 -0500] "GET /BLA/boletinlegal/js/jquery.scrollShow.js HTTP/1.1" 200 4586
201.245.192.253 - - [08/Jun/2015:05:46:18 -0500] "GET /galeria/galeria/jquery.fancybox.js?v=2.1.5 HTTP/1.1" 200 48706
201.245.192.253 - - [08/Jun/2015:05:46:18 -0500] "GET /galeria/carrusel/Carrusel/jquery.thumbnailScroller.css HTTP/1.1" 200 2066
201.245.192.253 - - [08/Jun/2015:05:46:18 -0500] "GET /galeria/carrusel/Carrusel/jquery-ui-1.8.13.custom.min.js HTTP/1.1" 200 10800
201.245.192.253 - - [08/Jun/2015:05:46:20 -0500] "GET /galeria/carrusel/Carrusel/jquery.thumbnailScroller.js HTTP/1.1" 200 8157
207.46.13.104 - - [08/Jun/2015:05:46:35 -0500] "GET /BLA/resoluciones/AUTOS%202007/0887.pdf HTTP/1.1" 200 271806
207.46.13.104 - - [08/Jun/2015:05:46:36 -0500] "GET /BLA/resoluciones/RESOLUCIONES%202007/RES%202007%201101%20AL%201200/RESOLUCION%201107%20DE%202007.pdf HTTP/1.1" 200 298603
207.46.13.104 - - [08/Jun/2015:05:46:37 -0500] "GET /BLA/resoluciones/RESOLUCIONES%202007/RES%202007%20301%20AL%20400/RESOLUCION%200388%20DE%202007.pdf HTTP/1.1" 200 305997
201.245.192.253 - - [08/Jun/2015:05:46:53 -0500] "GET /galeria/nivo-slider/demo/demo.html HTTP/1.1" 200 5219
157.55.39.134 - - [08/Jun/2015:05:46:56 -0500] "GET /BLA/resoluciones/AUTOS%202009/2240.pdf HTTP/1.1" 200 124287
201.245.192.253 - - [08/Jun/2015:05:46:57 -0500] "GET /galeria/nivo-slider/themes/default/default.css HTTP/1.1" 200 1569
201.245.192.253 - - [08/Jun/2015:05:46:57 -0500] "GET /galeria/nivo-slider/themes/orman/orman.css HTTP/1.1" 200 2152
201.245.192.253 - - [08/Jun/2015:05:46:57 -0500] "GET /galeria/nivo-slider/nivo-slider.css HTTP/1.1" 200 1507
201.245.192.253 - - [08/Jun/2015:05:46:57 -0500] "GET /galeria/nivo-slider/themes/pascal/pascal.css HTTP/1.1" 200 2258
201.245.192.253 - - [08/Jun/2015:05:46:57 -0500] "GET /galeria/nivo-slider/demo/style.css HTTP/1.1" 200 2222
201.245.192.253 - - [08/Jun/2015:05:46:57 -0500] "GET /galeria/nivo-slider/demo/images/Semana-Ambiental.jpg HTTP/1.1" 200 62910
201.245.192.253 - - [08/Jun/2015:05:46:57 -0500] "GET /galeria/nivo-slider/demo/scripts/jquery-1.7.1.min.js HTTP/1.1" 200 93868
201.245.192.253 - - [08/Jun/2015:05:46:57 -0500] "GET /galeria/nivo-slider/demo/images/Comparendo-ambiental-Banner.jpg HTTP/1.1" 200 83731
201.245.192.253 - - [08/Jun/2015:05:46:57 -0500] "GET /galeria/nivo-slider/jquery.nivo.slider.pack.js HTTP/1.1" 200 11561
201.245.192.253 - - [08/Jun/2015:05:46:57 -0500] "GET /galeria/nivo-slider/demo/images/medio-ambiente.jpg HTTP/1.1" 200 105259
207.46.13.68 - - [08/Jun/2015:05:47:02 -0500] "GET /bla/resoluciones/resoluciones%202010/0098.pdf HTTP/1.1" 200 501393
201.245.192.253 - - [08/Jun/2015:05:47:06 -0500] "GET /galeria/nivo-slider/demo/images/4Simple_Slider.png HTTP/1.1" 200 11722
201.245.192.253 - - [08/Jun/2015:05:47:06 -0500] "GET /galeria/nivo-slider/themes/default/loading.gif HTTP/1.1" 200 1737
201.245.192.253 - - [08/Jun/2015:05:47:10 -0500] "GET /galeria/nivo-slider/demo/images/GAE-banner.jpg HTTP/1.1" 200 97556
201.245.192.253 - - [08/Jun/2015:05:47:10 -0500] "GET /galeria/nivo-slider/demo/images/9Signos.jpg HTTP/1.1" 200 81776
201.245.192.253 - - [08/Jun/2015:05:47:10 -0500] "GET /galeria/nivo-slider/demo/images/Banner-encuesta-de-percepscio.jpg HTTP/1.1" 200 201899
201.245.192.253 - - [08/Jun/2015:05:47:11 -0500] "GET /galeria/nivo-slider/demo/images/banner-Pacto-por-la-madera.jpg HTTP/1.1" 200 209966
207.46.13.68 - - [08/Jun/2015:05:47:12 -0500] "GET /BLA/resoluciones/RESOLUCIONES%202010/5169.pdf HTTP/1.1" 200 986413
201.245.192.253 - - [08/Jun/2015:05:47:13 -0500] "GET /galeria/nivo-slider/demo/images/acuerdo_569.jpg HTTP/1.1" 200 62670
201.245.192.253 - - [08/Jun/2015:05:47:13 -0500] "GET /galeria/nivo-slider/demo/images/Banner-salud.jpg HTTP/1.1" 200 181685
201.245.192.253 - - [08/Jun/2015:05:47:13 -0500] "GET /galeria/nivo-slider/demo/images/mailling-acercar-xpress.jpg HTTP/1.1" 200 137233
201.245.192.253 - - [08/Jun/2015:05:47:14 -0500] "GET /galeria/nivo-slider/demo/images/Licitaciones-proyecto-paramo.jpg HTTP/1.1" 200 221877
201.245.192.253 - - [08/Jun/2015:05:47:15 -0500] "GET /galeria/nivo-slider/demo/images/Banner-decreto1299.jpg HTTP/1.1" 200 182613
201.245.192.253 - - [08/Jun/2015:05:47:16 -0500] "GET /galeria/nivo-slider/demo/images/Banner-Directorio.jpg HTTP/1.1" 200 182068
157.55.39.10 - - [08/Jun/2015:05:47:17 -0500] "GET /bla/resoluciones/RESOLUCIONES%202011/5780.pdf HTTP/1.1" 200 1633548
157.55.39.10 - - [08/Jun/2015:05:47:17 -0500] "GET /bla/resoluciones/RESOLUCIONES%202011/3923.pdf HTTP/1.1" 200 546874
201.245.192.253 - - [08/Jun/2015:05:47:18 -0500] "GET /galeria/nivo-slider/demo/images/Ruta-vertimientos-01.jpg HTTP/1.1" 200 130151
201.245.192.253 - - [08/Jun/2015:05:47:19 -0500] "GET /galeria/nivo-slider/demo/images/bolsas-06.jpg HTTP/1.1" 200 90982
201.245.192.253 - - [08/Jun/2015:05:47:20 -0500] "GET /galeria/nivo-slider/demo/images/Conoce-los-humedales.jpg HTTP/1.1" 200 294036
201.245.192.253 - - [08/Jun/2015:05:47:20 -0500] "GET /galeria/nivo-slider/demo/images/ecolecta-Dic2014.png HTTP/1.1" 200 288593
157.55.39.168 - - [08/Jun/2015:05:47:22 -0500] "GET /BLA/resoluciones/RESOLUCIONES%202011/2531.pdf HTTP/1.1" 200 494806
157.55.39.168 - - [08/Jun/2015:05:47:22 -0500] "GET /BLA/resoluciones/AUTOS%202010/0862.pdf HTTP/1.1" 200 253327
157.55.39.168 - - [08/Jun/2015:05:47:22 -0500] "GET /bla/resoluciones/resoluciones%202011/1932.pdf HTTP/1.1" 200 159173
201.245.192.253 - - [08/Jun/2015:05:47:23 -0500] "GET /galeria/nivo-slider/demo/images/Banner-Caracol-Africano.jpg HTTP/1.1" 200 331986
201.245.192.253 - - [08/Jun/2015:05:47:24 -0500] "GET /galeria/nivo-slider/demo/images/banner-llantas2.jpg HTTP/1.1" 200 204644
157.55.39.168 - - [08/Jun/2015:05:47:24 -0500] "GET /bla/resoluciones/resoluciones%202009/3474.pdf HTTP/1.1" 200 667078
207.46.13.104 - - [08/Jun/2015:05:47:26 -0500] "GET /BLA/resoluciones/Autos%202008/3443.pdf HTTP/1.1" 200 76072
207.46.13.104 - - [08/Jun/2015:05:47:26 -0500] "GET /bla/resoluciones/autos%202010/1437.pdf HTTP/1.1" 200 167382
66.249.67.120 - - [08/Jun/2015:05:47:35 -0500] "GET /BLA/resoluciones/AUTOS%202014/2098.pdf HTTP/1.1" 200 458269
157.55.39.11 - - [08/Jun/2015:05:47:37 -0500] "GET /BLA/resoluciones/RESOLUCIONES%202008/1388.pdf HTTP/1.1" 200 44236
157.55.39.134 - - [08/Jun/2015:05:47:47 -0500] "GET /BLA/resoluciones/RESOLUCIONES%202011/1612.pdf HTTP/1.1" 200 72389
201.245.192.253 - - [08/Jun/2015:05:47:48 -0500] "GET /galeria/nivo-slider/themes/default/arrows.png HTTP/1.1" 200 824
201.245.192.253 - - [08/Jun/2015:05:47:48 -0500] "GET /galeria/nivo-slider/themes/default/bullets.png HTTP/1.1" 200 1281
207.46.13.68 - - [08/Jun/2015:05:47:51 -0500] "GET /BLA/resoluciones/RESOLUCIONES%202010/2803.pdf HTTP/1.1" 200 541315
207.46.13.68 - - [08/Jun/2015:05:47:52 -0500] "GET /bla/resoluciones/resoluciones%202009/3938.pdf HTTP/1.1" 200 783472
180.76.15.24 - - [08/Jun/2015:05:47:53 -0500] "GET /BLA/resoluciones/RESOLUCIONES%202009/8770.pdf HTTP/1.1" 200 1042305
181.181.167.11 - - [08/Jun/2015:05:47:55 -0500] "GET /galeria/galeria/jquery.fancybox.css?v=2.1.5 HTTP/1.1" 200 4895
181.181.167.11 - - [08/Jun/2015:05:47:55 -0500] "GET /BLA/boletinlegal/js/jquery.scrollTo-min.js HTTP/1.1" 200 1150
181.181.167.11 - - [08/Jun/2015:05:47:55 -0500] "GET /BLA/boletinlegal/js/jquery.scrollShow.js HTTP/1.1" 200 4586
181.181.167.11 - - [08/Jun/2015:05:47:55 -0500] "GET /galeria/galeria/jquery.fancybox.js?v=2.1.5 HTTP/1.1" 200 48706
207.46.13.104 - - [08/Jun/2015:05:48:06 -0500] "GET /bla/resoluciones/RESOLUCIONES%202011/1681.pdf HTTP/1.1" 200 501140
157.55.39.10 - - [08/Jun/2015:05:48:10 -0500] "GET /bla/resoluciones/resoluciones%202010/2060.pdf HTTP/1.1" 200 270663
157.55.39.167 - - [08/Jun/2015:05:48:16 -0500] "GET /bla/resoluciones/resoluciones%202010/0990.pdf HTTP/1.1" 200 133012
157.55.39.167 - - [08/Jun/2015:05:48:16 -0500] "GET /bla/resoluciones/RESOLUCIONES%202009/5162.pdf HTTP/1.1" 200 621628
157.55.39.167 - - [08/Jun/2015:05:48:17 -0500] "GET /BLA/resoluciones/RESOLUCIONES%202010/3892.pdf HTTP/1.1" 200 740475
157.55.39.168 - - [08/Jun/2015:05:48:17 -0500] "GET /BLA/resoluciones/RESOLUCIONES%202012/0896.pdf HTTP/1.1" 200 342700
157.55.39.168 - - [08/Jun/2015:05:48:18 -0500] "GET /bla/resoluciones/resoluciones%202009/3264.pdf HTTP/1.1" 200 724832
74.86.158.107 - - [08/Jun/2015:05:48:18 -0500] "HEAD / HTTP/1.1" 200 -
207.46.13.68 - - [08/Jun/2015:05:48:21 -0500] "GET /bla/resoluciones/resoluciones%202010/0447.pdf HTTP/1.1" 200 116030
201.245.192.253 - - [08/Jun/2015:05:45:21 -0500] "GET /ForestMSG_SDA/channelAsync/template_word_18303147?X-Atmosphere-tracking-id=ef7b8cca-22a0-3631-7219-93916646b115&X-Atmosphere-Framework=1.0.5&X-Atmosphere-Transport=long-polling&tabid=0.1128270248301344&X-Cache-Date=0&Content-Type=application/xml&_=1433760383402 HTTP/1.1" 200 8193
207.46.13.104 - - [08/Jun/2015:05:48:27 -0500] "GET /BLA/resoluciones/AUTOS%202012/0717.pdf HTTP/1.1" 200 270696
207.46.13.68 - - [08/Jun/2015:05:48:42 -0500] "GET /bla/resoluciones/RESOLUCIONES%202009/5110.pdf HTTP/1.1" 200 1250897
207.46.13.104 - - [08/Jun/2015:05:48:46 -0500] "GET /BLA/resoluciones/AUTOS%202012/0446.pdf HTTP/1.1" 200 378577
207.46.13.68 - - [08/Jun/2015:05:48:52 -0500] "GET /BLA/resoluciones/RESOLUCIONES%202010/4167.pdf HTTP/1.1" 200 756851
66.249.67.133 - - [08/Jun/2015:05:48:52 -0500] "GET /BLA/resoluciones/AUTOS%202014/5723.pdf HTTP/1.1" 200 476244
207.46.13.68 - - [08/Jun/2015:05:48:52 -0500] "GET /BLA/resoluciones/RESOLUCIONES%202009/8779.pdf HTTP/1.1" 200 1286561
207.46.13.68 - - [08/Jun/2015:05:48:53 -0500] "GET /BLA/resoluciones/AUTOS%202010/5442.pdf HTTP/1.1" 200 1869056
207.46.13.104 - - [08/Jun/2015:05:48:56 -0500] "GET /BLA/resoluciones/RESOLUCIONES%202008/0592.pdf HTTP/1.1" 200 306122
157.55.39.167 - - [08/Jun/2015:05:49:02 -0500] "GET /BLA/resoluciones/RESOLUCIONES%202010/7206.pdf HTTP/1.1" 200 982364
157.55.39.167 - - [08/Jun/2015:05:49:02 -0500] "GET /BLA/resoluciones/RESOLUCIONES%202012/0679.pdf HTTP/1.1" 200 1126906
157.55.39.167 - - [08/Jun/2015:05:49:03 -0500] "GET /bla/resoluciones/resoluciones%202010/6834.pdf HTTP/1.1" 200 434640
66.249.67.190 - - [08/Jun/2015:05:49:03 -0500] "GET /htdocs/formasII/lop_old.xls HTTP/1.1" 404 1019
157.55.39.10 - - [08/Jun/2015:05:49:20 -0500] "GET /BLA/resoluciones/Autos%202008/3358.pdf HTTP/1.1" 200 98253
207.46.13.68 - - [08/Jun/2015:05:49:24 -0500] "GET /BLA/resoluciones/RESOLUCIONES%202008/0405.pdf HTTP/1.1" 200 329881
207.46.13.68 - - [08/Jun/2015:05:49:24 -0500] "GET /BLA/resoluciones/Autos%202008/2883.pdf HTTP/1.1" 200 207924
207.46.13.68 - - [08/Jun/2015:05:49:26 -0500] "GET /bla/resoluciones/resoluciones%202011/0802.pdf HTTP/1.1" 200 517926
207.46.13.104 - - [08/Jun/2015:05:49:30 -0500] "GET /bla/resoluciones/resoluciones%202010/2577.pdf HTTP/1.1" 200 418624
207.46.13.104 - - [08/Jun/2015:05:49:31 -0500] "GET /bla/resoluciones/resoluciones%202010/0052.pdf HTTP/1.1" 200 505257
180.76.15.136 - - [08/Jun/2015:05:49:31 -0500] "GET /BLA/resoluciones/AUTOS%202010/3086.pdf HTTP/1.1" 200 1901018
157.55.39.11 - - [08/Jun/2015:05:49:37 -0500] "GET /bla/resoluciones/RESOLUCIONES%202009/7537.pdf HTTP/1.1" 200 537694
207.46.13.104 - - [08/Jun/2015:05:49:41 -0500] "GET /bla/resoluciones/RESOLUCIONES%202009/4426.pdf HTTP/1.1" 200 871594
180.76.15.14 - - [08/Jun/2015:05:49:48 -0500] "GET /BLA/resoluciones/AUTOS%202012/2650.pdf HTTP/1.1" 200 241234
157.55.39.167 - - [08/Jun/2015:05:49:57 -0500] "GET /bla/resoluciones/autos%202010/0192.pdf HTTP/1.1" 200 230705
157.55.39.167 - - [08/Jun/2015:05:49:57 -0500] "GET /BLA/resoluciones/RESOLUCIONES%202011/1633.pdf HTTP/1.1" 200 51289
157.55.39.167 - - [08/Jun/2015:05:49:57 -0500] "GET /bla/resoluciones/RESOLUCIONES%202011/5384.pdf HTTP/1.1" 200 480467
157.55.39.167 - - [08/Jun/2015:05:49:58 -0500] "GET /bla/resoluciones/resoluciones%202010/5930.pdf HTTP/1.1" 200 280721
207.46.13.68 - - [08/Jun/2015:05:50:05 -0500] "GET /bla/resoluciones/resoluciones%202010/0672.pdf HTTP/1.1" 200 496337
180.76.15.139 - - [08/Jun/2015:05:50:05 -0500] "GET /BLA/resoluciones/RESOLUCIONES%202009/2035.pdf HTTP/1.1" 200 309145
66.249.67.133 - - [08/Jun/2015:05:50:09 -0500] "GET /BLA/resoluciones/AUTOS%202014/4090.pdf HTTP/1.1" 200 410242
207.46.13.68 - - [08/Jun/2015:05:50:18 -0500] "GET /bla/resoluciones/autos%202010/1898.pdf HTTP/1.1" 200 148345
207.46.13.68 - - [08/Jun/2015:05:50:19 -0500] "GET /bla/resoluciones/resoluciones%202009/7514.pdf HTTP/1.1" 200 489161
207.46.13.68 - - [08/Jun/2015:05:50:20 -0500] "GET /BLA/resoluciones/AUTOS%202012/0703.pdf HTTP/1.1" 200 306975
207.46.13.68 - - [08/Jun/2015:05:50:20 -0500] "GET /bla/resoluciones/resoluciones%202009/8242.pdf HTTP/1.1" 200 362042
207.46.13.104 - - [08/Jun/2015:05:50:21 -0500] "GET /BLA/resoluciones/AUTOS%202012/1687.pdf HTTP/1.1" 200 389346
207.46.13.104 - - [08/Jun/2015:05:50:21 -0500] "GET /bla/resoluciones/resoluciones%202009/8552.pdf HTTP/1.1" 200 515410
157.55.39.10 - - [08/Jun/2015:05:50:26 -0500] "GET /BLA/resoluciones/RESOLUCIONES%202011/0487.pdf HTTP/1.1" 200 80785
157.55.39.11 - - [08/Jun/2015:05:50:26 -0500] "GET /BLA/resoluciones/RESOLUCIONES%202008/3937.pdf HTTP/1.1" 200 498550
180.76.15.28 - - [08/Jun/2015:05:50:40 -0500] "GET /BLA/resoluciones/AUTOS%202014/1293.pdf HTTP/1.1" 200 865860
181.181.167.11 - - [08/Jun/2015:05:50:45 -0500] "GET /BLA/boletinlegal/js/jquery.scrollTo-min.js HTTP/1.1" 304 -
181.181.167.11 - - [08/Jun/2015:05:50:45 -0500] "GET /BLA/boletinlegal/js/jquery.scrollShow.js HTTP/1.1" 304 -
181.181.167.11 - - [08/Jun/2015:05:50:45 -0500] "GET /galeria/galeria/jquery.fancybox.js?v=2.1.5 HTTP/1.1" 200 48706
181.181.167.11 - - [08/Jun/2015:05:50:46 -0500] "GET /galeria/galeria/jquery.fancybox.css?v=2.1.5 HTTP/1.1" 304 -
180.76.15.142 - - [08/Jun/2015:05:50:57 -0500] "GET /BLA/resoluciones/RESOLUCIONES%202010/2117.pdf HTTP/1.1" 200 450695
157.55.39.167 - - [08/Jun/2015:05:51:01 -0500] "GET /BLA/resoluciones/AUTOS%202009/3138.pdf HTTP/1.1" 200 132314
157.55.39.167 - - [08/Jun/2015:05:51:01 -0500] "GET /Autoliquidacion/index.php?dir=TR%C1MITES+AGUAS+SUPERFICIALES%2F HTTP/1.1" 200 2674
157.55.39.167 - - [08/Jun/2015:05:51:02 -0500] "GET /BLA/resoluciones/RESOLUCIONES%202014/2367.pdf HTTP/1.1" 200 468480
157.55.39.10 - - [08/Jun/2015:05:51:06 -0500] "GET /BLA/resoluciones/RESOLUCIONES%202010/3843.pdf HTTP/1.1" 200 1084873
157.55.39.10 - - [08/Jun/2015:05:51:06 -0500] "GET /bla/resoluciones/resoluciones%202009/9269.pdf HTTP/1.1" 200 515381
181.50.100.187 - - [08/Jun/2015:05:51:14 -0500] "GET /BLA/resoluciones/RESOLUCIONES%202010/2128.pdf HTTP/1.1" 200 108264
181.50.100.187 - - [08/Jun/2015:05:51:14 -0500] "GET /favicon.ico HTTP/1.1" 200 7782
201.245.192.253 - - [08/Jun/2015:05:48:21 -0500] "GET /ForestMSG_SDA/channelAsync/template_word_18303147?X-Atmosphere-tracking-id=ef7b8cca-22a0-3631-7219-93916646b115&X-Atmosphere-Framework=1.0.5&X-Atmosphere-Transport=long-polling&tabid=0.1128270248301344&X-Cache-Date=0&Content-Type=application/xml&_=1433760563549 HTTP/1.1" 200 8193
207.46.13.68 - - [08/Jun/2015:05:51:25 -0500] "GET /BLA/resoluciones/RESOLUCIONES%202014/3139.pdf HTTP/1.1" 200 489262
207.46.13.68 - - [08/Jun/2015:05:51:26 -0500] "GET /bla/resoluciones/RESOLUCIONES%202011/5940.pdf HTTP/1.1" 200 1254664
66.249.67.107 - - [08/Jun/2015:05:51:26 -0500] "GET /BLA/resoluciones/AUTOS%202014/0348.pdf HTTP/1.1" 200 610431
157.55.39.11 - - [08/Jun/2015:05:51:32 -0500] "GET /BLA/resoluciones/AUTOS%202010/5575.pdf HTTP/1.1" 200 922749
157.55.39.41 - - [08/Jun/2015:05:51:34 -0500] "GET /dama/libreria/php/decide.php?patron=03.1203 HTTP/1.1" 404 1015
207.46.13.104 - - [08/Jun/2015:05:51:36 -0500] "GET /bla/resoluciones/resoluciones%202010/0900.pdf HTTP/1.1" 200 434941
207.46.13.68 - - [08/Jun/2015:05:51:45 -0500] "GET /BLA/resoluciones/RESOLUCIONES%202013/0522.pdf HTTP/1.1" 200 2065042
157.55.39.134 - - [08/Jun/2015:05:51:50 -0500] "GET /BLA/resoluciones/RESOLUCIONES%202010/7729.pdf HTTP/1.1" 200 506656
157.55.39.134 - - [08/Jun/2015:05:51:50 -0500] "GET /bla/resoluciones/RESOLUCIONES%202009/8173.pdf HTTP/1.1" 200 494503
157.55.39.134 - - [08/Jun/2015:05:51:50 -0500] "GET /BLA/resoluciones/RESOLUCIONES%202011/1344.pdf HTTP/1.1" 200 75059
157.55.39.134 - - [08/Jun/2015:05:51:52 -0500] "GET /BLA/resoluciones/RESOLUCIONES%202011/1675.pdf HTTP/1.1" 200 71573
157.55.39.134 - - [08/Jun/2015:05:51:53 -0500] "GET /BLA/resoluciones/RESOLUCIONES%202008/4647.pdf HTTP/1.1" 200 245903
207.46.13.104 - - [08/Jun/2015:05:52:03 -0500] "GET /BLA/resoluciones/AUTOS%202012/2929.pdf HTTP/1.1" 200 375406
207.46.13.104 - - [08/Jun/2015:05:52:04 -0500] "GET /bla/resoluciones/resoluciones%202009/7844.pdf HTTP/1.1" 200 549497
207.46.13.68 - - [08/Jun/2015:05:52:08 -0500] "GET /bla/resoluciones/resoluciones%202009/5019.pdf HTTP/1.1" 200 650723
207.46.13.68 - - [08/Jun/2015:05:52:08 -0500] "GET /bla/resoluciones/resoluciones%202009/9656.pdf HTTP/1.1" 200 536519
207.46.13.68 - - [08/Jun/2015:05:52:08 -0500] "GET /BLA/resoluciones/RESOLUCIONES%202009/4690.pdf HTTP/1.1" 200 818225
207.46.13.68 - - [08/Jun/2015:05:52:09 -0500] "GET /BLA/resoluciones/RESOLUCIONES%202009/5299.pdf HTTP/1.1" 200 651149
157.55.39.167 - - [08/Jun/2015:05:52:13 -0500] "GET /BLA/resoluciones/RESOLUCIONES%202009/7811.pdf HTTP/1.1" 200 544058
157.55.39.167 - - [08/Jun/2015:05:52:14 -0500] "GET /bla/resoluciones/RESOLUCIONES%202009/4208.pdf HTTP/1.1" 200 1082135
157.55.39.167 - - [08/Jun/2015:05:52:14 -0500] "GET /BLA/resoluciones/RESOLUCIONES%202008/2367.pdf HTTP/1.1" 200 288636
157.55.39.167 - - [08/Jun/2015:05:52:15 -0500] "GET /bla/resoluciones/resoluciones%202010/7747.pdf HTTP/1.1" 200 507826
157.55.39.10 - - [08/Jun/2015:05:52:17 -0500] "GET /BLA/resoluciones/RESOLUCIONES%202012/1817.pdf HTTP/1.1" 200 419174
207.46.13.68 - - [08/Jun/2015:05:52:28 -0500] "GET /bla/resoluciones/RESOLUCIONES%202009/7971.pdf HTTP/1.1" 200 471385
207.46.13.104 - - [08/Jun/2015:05:52:33 -0500] "GET /BLA/resoluciones/RESOLUCIONES%202011/0142.pdf HTTP/1.1" 200 353645
207.46.13.104 - - [08/Jun/2015:05:52:33 -0500] "GET /BLA/resoluciones/AUTOS%202010/5571.pdf HTTP/1.1" 200 333107
157.55.39.11 - - [08/Jun/2015:05:52:38 -0500] "GET /BLA/resoluciones/RESOLUCIONES%202010/2686.pdf HTTP/1.1" 200 388484
157.55.39.134 - - [08/Jun/2015:05:52:39 -0500] "GET /BLA/resoluciones/RESOLUCIONES%202009/7569.pdf HTTP/1.1" 200 488495
207.46.13.104 - - [08/Jun/2015:05:52:43 -0500] "GET /BLA/resoluciones/AUTOS%202012/2869.pdf HTTP/1.1" 200 446894
207.46.13.104 - - [08/Jun/2015:05:52:43 -0500] "GET /BLA/resoluciones/RESOLUCIONES%202014/3687.pdf HTTP/1.1" 200 391978
66.249.67.120 - - [08/Jun/2015:05:52:43 -0500] "GET /BLA/resoluciones/AUTOS%202014/4072.pdf HTTP/1.1" 200 483922
157.55.39.134 - - [08/Jun/2015:05:52:48 -0500] "GET /BLA/resoluciones/RESOLUCIONES%202009/7864.pdf HTTP/1.1" 200 392024
157.55.39.167 - - [08/Jun/2015:05:52:59 -0500] "GET /BLA/resoluciones/Autos%202008/2692.pdf HTTP/1.1" 200 134316
157.55.39.167 - - [08/Jun/2015:05:52:59 -0500] "GET /bla/resoluciones/RESOLUCIONES%202009/7525.pdf HTTP/1.1" 200 537590
157.55.39.167 - - [08/Jun/2015:05:53:00 -0500] "GET /bla/resoluciones/resoluciones%202010/2065.pdf HTTP/1.1" 200 195611
157.55.39.167 - - [08/Jun/2015:05:53:00 -0500] "GET /BLA/resoluciones/RESOLUCIONES%202013/2152.pdf HTTP/1.1" 200 3513818
207.46.13.104 - - [08/Jun/2015:05:53:03 -0500] "GET /BLA/resoluciones/Autos%202008/2880.pdf HTTP/1.1" 200 143216
207.46.13.104 - - [08/Jun/2015:05:53:04 -0500] "GET /BLA/resoluciones/AUTOS%202012/0733.pdf HTTP/1.1" 200 165734
180.76.15.141 - - [08/Jun/2015:05:53:05 -0500] "GET /BLA/resoluciones/AUTOS%202011/0130.pdf HTTP/1.1" 200 162702
74.86.158.107 - - [08/Jun/2015:05:53:18 -0500] "HEAD / HTTP/1.1" 200 -
180.76.15.31 - - [08/Jun/2015:05:53:23 -0500] "GET /BLA/resoluciones/RESOLUCIONES%202008/5476.pdf HTTP/1.1" 200 142365
157.55.39.11 - - [08/Jun/2015:05:53:38 -0500] "GET /bla/resoluciones/RESOLUCIONES%202011/5004.pdf HTTP/1.1" 200 349347
207.46.13.104 - - [08/Jun/2015:05:53:48 -0500] "GET /bla/resoluciones/resoluciones%202010/6089.pdf HTTP/1.1" 200 559973
207.46.13.104 - - [08/Jun/2015:05:53:48 -0500] "GET /BLA/resoluciones/RESOLUCIONES%202008/5488.pdf HTTP/1.1" 200 79135
207.46.13.68 - - [08/Jun/2015:05:53:55 -0500] "GET /bla/resoluciones/resoluciones%202010/4317.pdf HTTP/1.1" 200 50970
157.55.39.10 - - [08/Jun/2015:05:53:59 -0500] "GET /BLA/resoluciones/AUTOS%202010/1428.pdf HTTP/1.1" 200 200429
157.55.39.10 - - [08/Jun/2015:05:53:59 -0500] "GET /bla/resoluciones/resoluciones%202009/4746.pdf HTTP/1.1" 200 655225
66.249.67.107 - - [08/Jun/2015:05:54:01 -0500] "GET /BLA/resoluciones/AUTOS%202014/5588.pdf HTTP/1.1" 200 505950
207.46.13.104 - - [08/Jun/2015:05:54:04 -0500] "GET /bla/resoluciones/resoluciones%202009/4145.pdf HTTP/1.1" 200 668048
207.46.13.104 - - [08/Jun/2015:05:54:05 -0500] "GET /bla/resoluciones/resoluciones%202009/4145.pdf HTTP/1.1" 200 668048
207.46.13.104 - - [08/Jun/2015:05:54:06 -0500] "GET /bla/resoluciones/autos%202010/5499.pdf HTTP/1.1" 200 391506
201.245.192.253 - - [08/Jun/2015:05:51:21 -0500] "GET /ForestMSG_SDA/channelAsync/template_word_18303147?X-Atmosphere-tracking-id=ef7b8cca-22a0-3631-7219-93916646b115&X-Atmosphere-Framework=1.0.5&X-Atmosphere-Transport=long-polling&tabid=0.1128270248301344&X-Cache-Date=0&Content-Type=application/xml&_=1433760743488 HTTP/1.1" 200 8193
207.46.13.68 - - [08/Jun/2015:05:54:22 -0500] "GET /bla/resoluciones/resoluciones%202010/6011.pdf HTTP/1.1" 200 686466
207.46.13.68 - - [08/Jun/2015:05:54:24 -0500] "GET /BLA/resoluciones/RESOLUCIONES%202008/3345.pdf HTTP/1.1" 200 140208
181.181.167.11 - - [08/Jun/2015:05:54:24 -0500] "GET /galeria/galeria/jquery.fancybox.css?v=2.1.5 HTTP/1.1" 304 -
181.181.167.11 - - [08/Jun/2015:05:54:24 -0500] "GET /BLA/boletinlegal/js/jquery.scrollTo-min.js HTTP/1.1" 304 -
181.181.167.11 - - [08/Jun/2015:05:54:24 -0500] "GET /BLA/boletinlegal/js/jquery.scrollShow.js HTTP/1.1" 304 -
181.181.167.11 - - [08/Jun/2015:05:54:24 -0500] "GET /galeria/galeria/jquery.fancybox.js?v=2.1.5 HTTP/1.1" 304 -
157.55.39.168 - - [08/Jun/2015:05:54:25 -0500] "GET /BLA/resoluciones/RESOLUCIONES%202014/3649.pdf HTTP/1.1" 200 5663628
180.76.15.7 - - [08/Jun/2015:05:54:27 -0500] "GET /BLA/resoluciones/AUTOS%202014/2244.pdf HTTP/1.1" 200 863616
157.55.39.11 - - [08/Jun/2015:05:54:33 -0500] "GET /BLA/resoluciones/AUTOS%202009/5941.pdf HTTP/1.1" 200 1460146
180.76.15.149 - - [08/Jun/2015:05:54:44 -0500] "GET /BLA/resoluciones/RESOLUCIONES%202011/3474.pdf HTTP/1.1" 200 534592
207.46.13.68 - - [08/Jun/2015:05:54:47 -0500] "GET /BLA/resoluciones/AUTOS%202012/2524.pdf HTTP/1.1" 200 2221561
207.46.13.68 - - [08/Jun/2015:05:54:49 -0500] "GET /bla/resoluciones/RESOLUCIONES%202009/3546.pdf HTTP/1.1" 200 701755
207.46.13.68 - - [08/Jun/2015:05:54:49 -0500] "GET /bla/resoluciones/resoluciones%202009/6322.pdf HTTP/1.1" 200 620673
207.46.13.68 - - [08/Jun/2015:05:54:57 -0500] "GET /bla/resoluciones/resoluciones%202010/2270.pdf HTTP/1.1" 200 547588
207.46.13.104 - - [08/Jun/2015:05:55:01 -0500] "GET /BLA/resoluciones/RESOLUCIONES%202009/8144.pdf HTTP/1.1" 200 514414
157.55.39.10 - - [08/Jun/2015:05:55:07 -0500] "GET /bla/resoluciones/resoluciones%202009/3515.pdf HTTP/1.1" 200 611819
207.46.13.68 - - [08/Jun/2015:05:55:12 -0500] "GET /bla/resoluciones/RESOLUCIONES%202009/8802.pdf HTTP/1.1" 200 351635
207.46.13.68 - - [08/Jun/2015:05:55:13 -0500] "GET /bla/resoluciones/resoluciones%202010/6114.pdf HTTP/1.1" 200 618667
207.46.13.68 - - [08/Jun/2015:05:55:14 -0500] "GET /BLA/resoluciones/RESOLUCIONES%202008/2435.pdf HTTP/1.1" 200 198242
66.249.67.107 - - [08/Jun/2015:05:55:18 -0500] "GET /BLA/resoluciones/AUTOS%202014/0878.pdf HTTP/1.1" 200 566451
207.46.13.104 - - [08/Jun/2015:05:55:19 -0500] "GET /BLA/resoluciones/RESOLUCIONES%202010/5288.pdf HTTP/1.1" 200 749929
207.46.13.104 - - [08/Jun/2015:05:55:19 -0500] "GET /BLA/resoluciones/Autos%202008/3445.pdf HTTP/1.1" 200 107785
207.46.13.104 - - [08/Jun/2015:05:55:20 -0500] "GET /bla/resoluciones/resoluciones%202010/2212.pdf HTTP/1.1" 200 500463
207.46.13.104 - - [08/Jun/2015:05:55:28 -0500] "GET /BLA/resoluciones/RESOLUCIONES%202008/4424.pdf HTTP/1.1" 200 310584
207.46.13.104 - - [08/Jun/2015:05:55:30 -0500] "GET /bla/resoluciones/resoluciones%202009/4553.pdf HTTP/1.1" 200 641417
157.55.39.168 - - [08/Jun/2015:05:55:35 -0500] "GET /bla/resoluciones/RESOLUCIONES%202009/4237.pdf HTTP/1.1" 200 593928
157.55.39.168 - - [08/Jun/2015:05:55:35 -0500] "GET /bla/resoluciones/resoluciones%202009/8701.pdf HTTP/1.1" 200 623922
180.76.15.32 - - [08/Jun/2015:05:55:36 -0500] "GET /BLA/resoluciones/RESOLUCIONES%202007/RES%202007%202801%20AL%202900/RESOLUCION%202828%20DE%202007.pdf HTTP/1.1" 200 26435
207.46.13.104 - - [08/Jun/2015:05:55:49 -0500] "GET /BLA/resoluciones/RESOLUCIONES%202011/2304.pdf HTTP/1.1" 200 411500
207.46.13.104 - - [08/Jun/2015:05:55:50 -0500] "GET /BLA/resoluciones/RESOLUCIONES%202013/2215.pdf HTTP/1.1" 200 749923
207.46.13.104 - - [08/Jun/2015:05:55:58 -0500] "GET /bla/resoluciones/resoluciones%202010/2450.pdf HTTP/1.1" 200 488427
207.46.13.104 - - [08/Jun/2015:05:55:59 -0500] "GET /BLA/resoluciones/AUTOS%202012/2740.pdf HTTP/1.1" 200 232581
207.46.13.68 - - [08/Jun/2015:05:56:02 -0500] "GET /BLA/resoluciones/AUTOS%202009/0953.pdf HTTP/1.1" 200 161237
207.46.13.68 - - [08/Jun/2015:05:56:02 -0500] "GET /BLA/resoluciones/RESOLUCIONES%202011/5876.pdf HTTP/1.1" 200 510419
157.55.39.10 - - [08/Jun/2015:05:56:07 -0500] "GET /BLA/resoluciones/RESOLUCIONES%202014/2747.pdf HTTP/1.1" 200 728327
157.55.39.10 - - [08/Jun/2015:05:56:10 -0500] "GET /bla/resoluciones/resoluciones%202009/7821.pdf HTTP/1.1" 200 526345
157.55.39.10 - - [08/Jun/2015:05:56:11 -0500] "GET /BLA/resoluciones/RESOLUCIONES%202010/5653.pdf HTTP/1.1" 200 2752865
157.55.39.10 - - [08/Jun/2015:05:56:11 -0500] "GET /BLA/resoluciones/AUTOS%202009/1706.pdf HTTP/1.1" 200 123847
157.55.39.10 - - [08/Jun/2015:05:56:12 -0500] "GET /bla/resoluciones/RESOLUCIONES%202009/9621.pdf HTTP/1.1" 200 492046
207.46.13.68 - - [08/Jun/2015:05:56:12 -0500] "GET /BLA/resoluciones/RESOLUCIONES%202008/4605.pdf HTTP/1.1" 200 248983
207.46.13.104 - - [08/Jun/2015:05:56:17 -0500] "GET /bla/resoluciones/resoluciones%202009/5899.pdf HTTP/1.1" 200 825425
157.55.39.10 - - [08/Jun/2015:05:56:24 -0500] "GET /bla/resoluciones/RESOLUCIONES%202009/9535.pdf HTTP/1.1" 200 499085
180.76.15.17 - - [08/Jun/2015:05:56:30 -0500] "GET /BLA/resoluciones/AUTOS%202010/6641.pdf HTTP/1.1" 200 153219
66.249.67.120 - - [08/Jun/2015:05:56:35 -0500] "GET /BLA/resoluciones/AUTOS%202014/3929.pdf HTTP/1.1" 200 515568
157.55.39.168 - - [08/Jun/2015:05:56:38 -0500] "GET /BLA/resoluciones/RESOLUCIONES%202009/3998.pdf HTTP/1.1" 200 614543
157.55.39.168 - - [08/Jun/2015:05:56:39 -0500] "GET /bla/resoluciones/resoluciones%202009/8191.pdf HTTP/1.1" 200 497751
157.55.39.168 - - [08/Jun/2015:05:56:39 -0500] "GET /BLA/resoluciones/AUTOS%202009/3446.pdf HTTP/1.1" 200 99046
157.55.39.168 - - [08/Jun/2015:05:56:40 -0500] "GET /bla/resoluciones/resoluciones%202010/7563.pdf HTTP/1.1" 200 64798
