181.54.189.84 - - [08/Jun/2015:00:09:18 -0500] "GET /galeria/mapa2/TECHO12.jpg HTTP/1.1" 200 27716
181.54.189.84 - - [08/Jun/2015:00:09:19 -0500] "GET /galeria/mapa2/BURRO12.jpg HTTP/1.1" 200 24169
181.54.189.84 - - [08/Jun/2015:00:09:19 -0500] "GET /galeria/mapa2/VACA12.jpg HTTP/1.1" 200 22491
181.54.189.84 - - [08/Jun/2015:00:09:19 -0500] "GET /galeria/mapa2/TIBANICA12.jpg HTTP/1.1" 200 23039
181.54.189.84 - - [08/Jun/2015:00:09:19 -0500] "GET /galeria/mapa2/Aula-Soratama.jpg HTTP/1.1" 200 51270
181.54.189.84 - - [08/Jun/2015:00:09:19 -0500] "GET /galeria/mapa2/Aula-Nevados.jpg HTTP/1.1" 200 64761
181.54.189.84 - - [08/Jun/2015:00:09:20 -0500] "GET /galeria/mapa2/Montana-Entrenubes.jpg HTTP/1.1" 200 42011
181.54.189.84 - - [08/Jun/2015:00:09:20 -0500] "GET /galeria/mapa2/aulaSantaM.jpg HTTP/1.1" 200 69216
180.76.15.21 - - [08/Jun/2015:00:09:24 -0500] "GET /BLA/resoluciones/RESOLUCIONES%202010/0472.pdf HTTP/1.1" 200 114016
66.249.67.133 - - [08/Jun/2015:00:09:27 -0500] "GET /BLA/resoluciones/AUTOS%202014/2993.pdf HTTP/1.1" 200 452573
207.46.13.68 - - [08/Jun/2015:00:09:35 -0500] "GET /BLA/resoluciones/RESOLUCIONES%202009/8223.pdf HTTP/1.1" 200 443180
180.76.15.142 - - [08/Jun/2015:00:09:41 -0500] "GET /BLA/resoluciones/RESOLUCIONES%202009/8779.pdf HTTP/1.1" 200 1286561
181.54.189.84 - - [08/Jun/2015:00:09:42 -0500] "GET /galeria/galeria/fotos/juan-amarillo4P.jpg HTTP/1.1" 200 23811
181.54.189.84 - - [08/Jun/2015:00:09:42 -0500] "GET /galeria/galeria/fotos/juan-amarillo2P.jpg HTTP/1.1" 200 32696
181.54.189.84 - - [08/Jun/2015:00:09:42 -0500] "GET /galeria/galeria/fotos/juan-amarillo3P.jpg HTTP/1.1" 200 28033
181.54.189.84 - - [08/Jun/2015:00:09:42 -0500] "GET /galeria/galeria/fotos/juan-amarillo1P.jpg HTTP/1.1" 200 30845
207.46.13.104 - - [08/Jun/2015:00:09:51 -0500] "GET /BLA/resoluciones/RESOLUCIONES%202011/1840.pdf HTTP/1.1" 200 515688
190.27.77.77 - - [08/Jun/2015:00:09:56 -0500] "GET /BLA/boletinlegal/js/jquery.scrollShow.js HTTP/1.1" 200 4586
190.27.77.77 - - [08/Jun/2015:00:09:56 -0500] "GET /galeria/galeria/jquery.fancybox.js?v=2.1.5 HTTP/1.1" 200 48706
190.27.77.77 - - [08/Jun/2015:00:09:56 -0500] "GET /BLA/boletinlegal/js/jquery.scrollTo-min.js HTTP/1.1" 200 1150
190.27.77.77 - - [08/Jun/2015:00:09:56 -0500] "GET /galeria/galeria/jquery.fancybox.css?v=2.1.5 HTTP/1.1" 200 4895
157.55.39.167 - - [08/Jun/2015:00:09:59 -0500] "GET /BLA/resoluciones/RESOLUCIONES%202008/0774.pdf HTTP/1.1" 200 275357
157.55.39.167 - - [08/Jun/2015:00:09:59 -0500] "GET /bla/resoluciones/resoluciones%202009/5961.pdf HTTP/1.1" 200 1105652
157.55.39.167 - - [08/Jun/2015:00:09:59 -0500] "GET /bla/resoluciones/resoluciones%202009/7581.pdf HTTP/1.1" 200 490681
180.76.15.152 - - [08/Jun/2015:00:10:01 -0500] "GET /BLA/resoluciones/RESOLUCIONES%202010/2121.pdf HTTP/1.1" 200 513053
157.55.39.10 - - [08/Jun/2015:00:10:02 -0500] "GET /BLA/resoluciones/RESOLUCIONES%202013/1611.pdf HTTP/1.1" 200 636967
157.55.39.10 - - [08/Jun/2015:00:10:02 -0500] "GET /BLA/resoluciones/RESOLUCIONES%202008/5053.pdf HTTP/1.1" 200 265572
157.55.39.10 - - [08/Jun/2015:00:10:03 -0500] "GET /bla/resoluciones/resoluciones%202010/5291.pdf HTTP/1.1" 200 760507
123.125.71.102 - - [08/Jun/2015:00:10:06 -0500] "GET / HTTP/1.1" 200 10190
207.46.13.104 - - [08/Jun/2015:00:10:07 -0500] "GET /BLA/resoluciones/AUTOS%202010/2293.pdf HTTP/1.1" 200 184882
207.46.13.104 - - [08/Jun/2015:00:10:07 -0500] "GET /BLA/resoluciones/RESOLUCIONES%202011/4552.pdf HTTP/1.1" 200 998624
207.46.13.104 - - [08/Jun/2015:00:10:08 -0500] "GET /bla/resoluciones/resoluciones%202010/0720.pdf HTTP/1.1" 200 103792
190.27.77.77 - - [08/Jun/2015:00:10:10 -0500] "GET /BLA/boletinlegal/js/jquery.scrollShow.js HTTP/1.1" 200 4586
190.27.77.77 - - [08/Jun/2015:00:10:10 -0500] "GET /BLA/boletinlegal/js/jquery.scrollTo-min.js HTTP/1.1" 200 1150
190.27.77.77 - - [08/Jun/2015:00:10:10 -0500] "GET /galeria/galeria/jquery.fancybox.js?v=2.1.5 HTTP/1.1" 200 48706
190.27.77.77 - - [08/Jun/2015:00:10:10 -0500] "GET /galeria/galeria/jquery.fancybox.css?v=2.1.5 HTTP/1.1" 200 4895
207.46.13.68 - - [08/Jun/2015:00:10:13 -0500] "GET /BLA/resoluciones/AUTOS%202009/3211.pdf HTTP/1.1" 200 208239
190.26.236.113 - - [08/Jun/2015:00:10:13 -0500] "POST /forms/lservlet;jsessionid=ac16012b30d6cbf8a861549d4aaaa584af93aeeca8db.e3iSbxaKaheRe34MbhmNaxqNb41ynknvrkLOlQzNp65In0 HTTP/1.1" 200 2
207.46.13.68 - - [08/Jun/2015:00:10:13 -0500] "GET /bla/resoluciones/RESOLUCIONES%202009/6062.pdf HTTP/1.1" 200 639549
207.46.13.68 - - [08/Jun/2015:00:10:14 -0500] "GET /BLA/resoluciones/AUTOS%202009/3194.pdf HTTP/1.1" 200 142468
207.46.13.68 - - [08/Jun/2015:00:10:14 -0500] "GET /bla/resoluciones/RESOLUCIONES%202009/7568.pdf HTTP/1.1" 200 494579
207.46.13.68 - - [08/Jun/2015:00:10:15 -0500] "GET /BLA/boletinlegal/jurisprudencia/analisis/analisis%20sentencia%20C-596-10.doc HTTP/1.1" 200 36352
180.76.15.20 - - [08/Jun/2015:00:10:16 -0500] "GET /BLA/resoluciones/RESOLUCIONES%202010/2769.pdf HTTP/1.1" 200 496765
207.46.13.104 - - [08/Jun/2015:00:10:17 -0500] "GET /BLA/resoluciones/AUTOS%202009/3139.pdf HTTP/1.1" 200 134035
201.216.20.108 - - [08/Jun/2015:00:10:21 -0500] "POST /forms/lservlet;jsessionid=ac16012b30d687520e7de4ad41a2bf9687d9e8d71479.e3iSbxaKaheRe34MbhmNaxqNb41ynknvrkLOlQzNp65In0 HTTP/1.1" 200 2
152.61.128.66 - - [08/Jun/2015:00:10:26 -0500] "HEAD / HTTP/1.1" 200 -
152.61.128.66 - - [08/Jun/2015:00:10:27 -0500] "GET /arcgis/services/Calidad_del_Agua_WQI/MapServer/WMSServer?SERVICE=WMS&REQUEST=GetCapabilities HTTP/1.1" 200 32135
207.46.13.68 - - [08/Jun/2015:00:10:27 -0500] "GET /BLA/resoluciones/RESOLUCIONES%202010/3247.pdf HTTP/1.1" 200 767179
152.61.128.66 - - [08/Jun/2015:00:10:27 -0500] "GET /arcgis/services/Calidad_del_Agua_WQI/MapServer/WMSServer?SERVICE=WMS&REQUEST=GetCapabilities HTTP/1.0" 200 32135
152.61.128.66 - - [08/Jun/2015:00:10:28 -0500] "GET /arcgis/services/Calidad_del_Agua_WQI/MapServer/WMSServer?SERVICE=WMS&REQUEST=GetCapabilities HTTP/1.0" 200 32135
152.61.128.66 - - [08/Jun/2015:00:10:29 -0500] "GET /arcgis/services/Calidad_del_Agua_WQI/MapServer/WMSServer?SERVICE=WMS&REQUEST=GetCapabilities HTTP/1.0" 200 32135
152.61.128.66 - - [08/Jun/2015:00:10:30 -0500] "GET /arcgis/services/Calidad_del_Agua_WQI/MapServer/WMSServer?VERSION=1.1.1&REQUEST=GetMap&LAYERS=0&SRS=EPSG:4326&BBOX=-74.473395,3.674381,-73.963300,4.920569&WIDTH=250&HEIGHT=250&FORMAT=image/bmp&STYLES=& HTTP/1.1" 200 188054
180.76.15.6 - - [08/Jun/2015:00:10:33 -0500] "GET /BLA/resoluciones/RESOLUCIONES%202008/1014.pdf HTTP/1.1" 200 194764
207.46.13.104 - - [08/Jun/2015:00:10:36 -0500] "GET /bla/resoluciones/resoluciones%202010/5866.pdf HTTP/1.1" 200 136348
207.46.13.104 - - [08/Jun/2015:00:10:37 -0500] "GET /BLA/resoluciones/RESOLUCIONES%202008/1075.pdf HTTP/1.1" 200 301099
157.55.39.134 - - [08/Jun/2015:00:10:41 -0500] "GET /BLA/resoluciones/RESOLUCIONES%202014/0273.pdf HTTP/1.1" 200 3365367
66.249.67.120 - - [08/Jun/2015:00:10:44 -0500] "GET /BLA/resoluciones/AUTOS%202014/6262.pdf HTTP/1.1" 200 472920
207.46.13.68 - - [08/Jun/2015:00:10:46 -0500] "GET /BLA/resoluciones/Autos%202008/3107.pdf HTTP/1.1" 200 131974
207.46.13.68 - - [08/Jun/2015:00:10:48 -0500] "GET /bla/resoluciones/RESOLUCIONES%202009/7378.pdf HTTP/1.1" 200 967457
180.76.15.18 - - [08/Jun/2015:00:10:51 -0500] "GET /BLA/resoluciones/RESOLUCIONES%202010/1967.pdf HTTP/1.1" 200 298333
207.46.13.104 - - [08/Jun/2015:00:10:57 -0500] "GET /bla/resoluciones/resoluciones%202010/0967.pdf HTTP/1.1" 200 433911
66.249.67.107 - - [08/Jun/2015:00:11:03 -0500] "GET /BLA/resoluciones/AUTOS%202013/3649.pdf HTTP/1.1" 200 505416
157.55.39.167 - - [08/Jun/2015:00:11:07 -0500] "GET /bla/resoluciones/resoluciones%202010/4670.pdf HTTP/1.1" 200 147262
157.55.39.167 - - [08/Jun/2015:00:11:07 -0500] "GET /BLA/resoluciones/RESOLUCIONES%202009/7092.pdf HTTP/1.1" 200 873337
157.55.39.167 - - [08/Jun/2015:00:11:08 -0500] "GET /BLA/resoluciones/AUTOS%202007/0921.pdf HTTP/1.1" 200 479739
157.55.39.167 - - [08/Jun/2015:00:11:08 -0500] "GET /BLA/resoluciones/RESOLUCIONES%202013/1366.pdf HTTP/1.1" 200 931789
157.55.39.167 - - [08/Jun/2015:00:11:09 -0500] "GET /BLA/resoluciones/RESOLUCIONES%202012/0651.pdf HTTP/1.1" 200 369929
157.55.39.167 - - [08/Jun/2015:00:11:09 -0500] "GET /BLA/resoluciones/Autos%202008/3206.pdf HTTP/1.1" 200 131896
157.55.39.167 - - [08/Jun/2015:00:11:09 -0500] "GET /BLA/resoluciones/AUTOS%202012/1794.pdf HTTP/1.1" 200 279032
157.55.39.167 - - [08/Jun/2015:00:11:10 -0500] "GET /BLA/resoluciones/RESOLUCIONES%202009/4325.pdf HTTP/1.1" 200 4302457
157.55.39.167 - - [08/Jun/2015:00:11:10 -0500] "GET /bla/resoluciones/autos%202010/5427.pdf HTTP/1.1" 200 374926
157.55.39.167 - - [08/Jun/2015:00:11:11 -0500] "GET /BLA/resoluciones/AUTOS%202012/2873.pdf HTTP/1.1" 200 404298
157.55.39.167 - - [08/Jun/2015:00:11:11 -0500] "GET /bla/resoluciones/resoluciones%202009/8918.pdf HTTP/1.1" 200 301383
157.55.39.10 - - [08/Jun/2015:00:11:14 -0500] "GET /bla/resoluciones/RESOLUCIONES%202011/5711.pdf HTTP/1.1" 200 1242708
157.55.39.10 - - [08/Jun/2015:00:11:14 -0500] "GET /BLA/resoluciones/AUTOS%202009/1013.pdf HTTP/1.1" 200 300869
207.46.13.68 - - [08/Jun/2015:00:11:17 -0500] "GET /BLA/resoluciones/AUTOS%202012/1822.pdf HTTP/1.1" 200 341075
207.46.13.68 - - [08/Jun/2015:00:11:17 -0500] "GET /BLA/resoluciones/RESOLUCIONES%202008/5091.pdf HTTP/1.1" 200 289864
207.46.13.68 - - [08/Jun/2015:00:11:17 -0500] "GET /BLA/resoluciones/AUTOS%202010/5373.pdf HTTP/1.1" 200 1540998
207.46.13.104 - - [08/Jun/2015:00:11:22 -0500] "GET /BLA/resoluciones/AUTOS%202012/1814.pdf HTTP/1.1" 200 271713
207.46.13.104 - - [08/Jun/2015:00:11:23 -0500] "GET /bla/resoluciones/resoluciones%202010/7313.pdf HTTP/1.1" 200 347033
207.46.13.104 - - [08/Jun/2015:00:11:36 -0500] "GET /BLA/resoluciones/RESOLUCIONES%202010/6152.pdf HTTP/1.1" 200 655796
180.76.15.24 - - [08/Jun/2015:00:11:40 -0500] "GET /BLA/resoluciones/RESOLUCIONES%202011/2540.pdf HTTP/1.1" 200 495107
207.46.13.68 - - [08/Jun/2015:00:11:40 -0500] "GET /BLA/resoluciones/AUTOS%202009/2065.pdf HTTP/1.1" 200 98739
207.46.13.68 - - [08/Jun/2015:00:11:43 -0500] "GET /bla/resoluciones/resoluciones%202009/7147.pdf HTTP/1.1" 200 98665
157.55.39.134 - - [08/Jun/2015:00:11:48 -0500] "GET /BLA/resoluciones/AUTOS%202010/6885.pdf HTTP/1.1" 200 176813
207.46.13.68 - - [08/Jun/2015:00:11:53 -0500] "GET /BLA/resoluciones/RESOLUCIONES%202010/3479.pdf HTTP/1.1" 200 514091
207.46.13.104 - - [08/Jun/2015:00:11:58 -0500] "GET /BLA/resoluciones/AUTOS%202010/4575.pdf HTTP/1.1" 200 170591
180.76.15.150 - - [08/Jun/2015:00:11:58 -0500] "GET /BLA/resoluciones/RESOLUCIONES%202011/2930.pdf HTTP/1.1" 200 520558
207.46.13.104 - - [08/Jun/2015:00:11:59 -0500] "GET /bla/resoluciones/resoluciones%202010/1390.pdf HTTP/1.1" 200 348250
207.46.13.104 - - [08/Jun/2015:00:12:00 -0500] "GET /BLA/resoluciones/RESOLUCIONES%202010/3126.pdf HTTP/1.1" 200 687669
66.249.67.107 - - [08/Jun/2015:00:12:01 -0500] "GET /BLA/resoluciones/AUTOS%202014/1018.pdf HTTP/1.1" 200 527895
201.245.192.253 - - [08/Jun/2015:00:09:11 -0500] "GET /ForestMSG_SDA/channelAsync/template_word_18303147?X-Atmosphere-tracking-id=ef7b8cca-22a0-3631-7219-93916646b115&X-Atmosphere-Framework=1.0.5&X-Atmosphere-Transport=long-polling&tabid=0.1128270248301344&X-Cache-Date=0&Content-Type=application/xml&_=1433740213510 HTTP/1.1" 200 8193
190.26.236.113 - - [08/Jun/2015:00:12:13 -0500] "POST /forms/lservlet;jsessionid=ac16012b30d6cbf8a861549d4aaaa584af93aeeca8db.e3iSbxaKaheRe34MbhmNaxqNb41ynknvrkLOlQzNp65In0 HTTP/1.1" 200 2
157.55.39.10 - - [08/Jun/2015:00:12:19 -0500] "GET /BLA/resoluciones/RESOLUCIONES%202008/1001.pdf HTTP/1.1" 200 202570
201.216.20.108 - - [08/Jun/2015:00:12:21 -0500] "POST /forms/lservlet;jsessionid=ac16012b30d687520e7de4ad41a2bf9687d9e8d71479.e3iSbxaKaheRe34MbhmNaxqNb41ynknvrkLOlQzNp65In0 HTTP/1.1" 200 2
66.249.67.107 - - [08/Jun/2015:00:12:22 -0500] "GET /galeria/galeria/fotos/Humedal-Santa-Mar%C3%ADa-del-Lago1P.jpg HTTP/1.1" 304 -
66.249.67.177 - - [08/Jun/2015:00:12:23 -0500] "GET /galeria/nivo-slider/demo/images/BultoPalma01.jpg HTTP/1.1" 200 756299
207.46.13.104 - - [08/Jun/2015:00:12:26 -0500] "GET /BLA/resoluciones/AUTOS%202012/2714.pdf HTTP/1.1" 200 380774
207.46.13.68 - - [08/Jun/2015:00:12:28 -0500] "GET /bla/resoluciones/RESOLUCIONES%202009/2861.pdf HTTP/1.1" 200 781613
98.177.250.124 - - [08/Jun/2015:00:12:40 -0500] "GET /webdav/x32.php?host=108.61.234.142&time=12&port=1000 HTTP/1.1" 404 1018
207.46.13.68 - - [08/Jun/2015:00:12:44 -0500] "GET /bla/resoluciones/resoluciones%202009/8120.pdf HTTP/1.1" 200 566826
207.46.13.68 - - [08/Jun/2015:00:12:47 -0500] "GET /bla/resoluciones/resoluciones%202011/0266.pdf HTTP/1.1" 200 62838
191.95.251.72 - - [08/Jun/2015:00:12:56 -0500] "GET /BLA/boletinlegal/js/jquery.scrollTo-min.js HTTP/1.1" 200 1150
191.95.251.72 - - [08/Jun/2015:00:12:56 -0500] "GET /BLA/boletinlegal/js/jquery.scrollShow.js HTTP/1.1" 200 4586
191.95.251.72 - - [08/Jun/2015:00:12:56 -0500] "GET /galeria/galeria/jquery.fancybox.js?v=2.1.5 HTTP/1.1" 200 48706
191.95.251.72 - - [08/Jun/2015:00:12:57 -0500] "GET /galeria/galeria/jquery.fancybox.css?v=2.1.5 HTTP/1.1" 200 4895
191.95.251.72 - - [08/Jun/2015:00:12:57 -0500] "GET /galeria/carrusel/Carrusel/jquery.thumbnailScroller.css HTTP/1.1" 200 2066
191.95.251.72 - - [08/Jun/2015:00:12:57 -0500] "GET /galeria/carrusel/Carrusel/jquery-ui-1.8.13.custom.min.js HTTP/1.1" 200 10800
191.95.251.72 - - [08/Jun/2015:00:12:58 -0500] "GET /galeria/carrusel/Carrusel/jquery.thumbnailScroller.js HTTP/1.1" 200 8157
157.55.39.10 - - [08/Jun/2015:00:12:58 -0500] "GET /BLA/resoluciones/RESOLUCIONES%202009/7906.pdf HTTP/1.1" 200 505669
191.95.251.72 - - [08/Jun/2015:00:13:00 -0500] "GET /galeria/nivo-slider/demo/demo.html HTTP/1.1" 200 5219
191.95.251.72 - - [08/Jun/2015:00:13:01 -0500] "GET /galeria/nivo-slider/themes/default/default.css HTTP/1.1" 200 1569
191.95.251.72 - - [08/Jun/2015:00:13:02 -0500] "GET /galeria/nivo-slider/themes/pascal/pascal.css HTTP/1.1" 200 2258
191.95.251.72 - - [08/Jun/2015:00:13:02 -0500] "GET /galeria/nivo-slider/themes/orman/orman.css HTTP/1.1" 200 2152
191.95.251.72 - - [08/Jun/2015:00:13:02 -0500] "GET /galeria/nivo-slider/demo/scripts/jquery-1.7.1.min.js HTTP/1.1" 200 93868
191.95.251.72 - - [08/Jun/2015:00:13:02 -0500] "GET /galeria/nivo-slider/jquery.nivo.slider.pack.js HTTP/1.1" 200 11561
191.95.251.72 - - [08/Jun/2015:00:13:02 -0500] "GET /galeria/nivo-slider/nivo-slider.css HTTP/1.1" 200 1507
191.95.251.72 - - [08/Jun/2015:00:13:02 -0500] "GET /galeria/nivo-slider/demo/style.css HTTP/1.1" 200 2222
191.95.251.72 - - [08/Jun/2015:00:13:02 -0500] "GET /galeria/nivo-slider/demo/images/Semana-Ambiental.jpg HTTP/1.1" 200 62910
191.95.251.72 - - [08/Jun/2015:00:13:02 -0500] "GET /galeria/nivo-slider/demo/images/medio-ambiente.jpg HTTP/1.1" 200 105259
191.95.251.72 - - [08/Jun/2015:00:13:02 -0500] "GET /galeria/nivo-slider/demo/images/Comparendo-ambiental-Banner.jpg HTTP/1.1" 200 83731
191.95.251.72 - - [08/Jun/2015:00:13:02 -0500] "GET /galeria/nivo-slider/demo/images/GAE-banner.jpg HTTP/1.1" 200 97556
191.95.251.72 - - [08/Jun/2015:00:13:02 -0500] "GET /galeria/nivo-slider/demo/images/9Signos.jpg HTTP/1.1" 200 81776
191.95.251.72 - - [08/Jun/2015:00:13:02 -0500] "GET /galeria/nivo-slider/demo/images/banner-Pacto-por-la-madera.jpg HTTP/1.1" 200 209966
191.95.251.72 - - [08/Jun/2015:00:13:02 -0500] "GET /galeria/nivo-slider/demo/images/Banner-encuesta-de-percepscio.jpg HTTP/1.1" 200 201899
191.95.251.72 - - [08/Jun/2015:00:13:02 -0500] "GET /galeria/nivo-slider/demo/images/Banner-salud.jpg HTTP/1.1" 200 181685
191.95.251.72 - - [08/Jun/2015:00:13:02 -0500] "GET /galeria/nivo-slider/demo/images/mailling-acercar-xpress.jpg HTTP/1.1" 200 137233
191.95.251.72 - - [08/Jun/2015:00:13:02 -0500] "GET /galeria/nivo-slider/demo/images/acuerdo_569.jpg HTTP/1.1" 200 62670
191.95.251.72 - - [08/Jun/2015:00:13:02 -0500] "GET /galeria/nivo-slider/demo/images/Licitaciones-proyecto-paramo.jpg HTTP/1.1" 200 221877
191.95.251.72 - - [08/Jun/2015:00:13:02 -0500] "GET /galeria/nivo-slider/demo/images/Banner-decreto1299.jpg HTTP/1.1" 200 182613
191.95.251.72 - - [08/Jun/2015:00:13:02 -0500] "GET /galeria/nivo-slider/demo/images/Banner-Directorio.jpg HTTP/1.1" 200 182068
191.95.251.72 - - [08/Jun/2015:00:13:02 -0500] "GET /galeria/nivo-slider/demo/images/Ruta-vertimientos-01.jpg HTTP/1.1" 200 130151
191.95.251.72 - - [08/Jun/2015:00:13:02 -0500] "GET /galeria/nivo-slider/demo/images/bolsas-06.jpg HTTP/1.1" 200 90982
191.95.251.72 - - [08/Jun/2015:00:13:02 -0500] "GET /galeria/nivo-slider/demo/images/Conoce-los-humedales.jpg HTTP/1.1" 200 294036
191.95.251.72 - - [08/Jun/2015:00:13:02 -0500] "GET /galeria/nivo-slider/demo/images/ecolecta-Dic2014.png HTTP/1.1" 200 288593
157.55.39.10 - - [08/Jun/2015:00:13:02 -0500] "GET /bla/resoluciones/resoluciones%202011/1605.pdf HTTP/1.1" 200 69969
191.95.251.72 - - [08/Jun/2015:00:13:03 -0500] "GET /galeria/nivo-slider/demo/images/Banner-Caracol-Africano.jpg HTTP/1.1" 200 331986
191.95.251.72 - - [08/Jun/2015:00:13:04 -0500] "GET /galeria/nivo-slider/demo/images/banner-llantas2.jpg HTTP/1.1" 200 204644
191.95.251.72 - - [08/Jun/2015:00:13:04 -0500] "GET /galeria/nivo-slider/demo/images/4Simple_Slider.png HTTP/1.1" 200 11722
191.95.251.72 - - [08/Jun/2015:00:13:04 -0500] "GET /galeria/nivo-slider/themes/default/loading.gif HTTP/1.1" 200 1737
180.76.15.17 - - [08/Jun/2015:00:13:05 -0500] "GET /BLA/resoluciones/RESOLUCIONES%202009/2079.pdf HTTP/1.1" 200 553187
207.46.13.68 - - [08/Jun/2015:00:13:06 -0500] "GET /bla/resoluciones/resoluciones%202010/1486.pdf HTTP/1.1" 200 514865
207.46.13.68 - - [08/Jun/2015:00:13:07 -0500] "GET /BLA/resoluciones/RESOLUCIONES%202011/1940.pdf HTTP/1.1" 200 453978
191.95.251.72 - - [08/Jun/2015:00:13:07 -0500] "GET /galeria/nivo-slider/themes/default/arrows.png HTTP/1.1" 200 824
191.95.251.72 - - [08/Jun/2015:00:13:07 -0500] "GET /galeria/nivo-slider/themes/default/bullets.png HTTP/1.1" 200 1281
66.249.67.133 - - [08/Jun/2015:00:13:18 -0500] "GET /BLA/resoluciones/AUTOS%202014/5796.pdf HTTP/1.1" 200 564887
157.55.39.168 - - [08/Jun/2015:00:13:20 -0500] "GET /bla/resoluciones/RESOLUCIONES%202009/7876.pdf HTTP/1.1" 200 449638
157.55.39.168 - - [08/Jun/2015:00:13:20 -0500] "GET /BLA/resoluciones/RESOLUCIONES%202010/3830.pdf HTTP/1.1" 200 3001226
157.55.39.168 - - [08/Jun/2015:00:13:21 -0500] "GET /BLA/resoluciones/RESOLUCIONES%202009/3333.pdf HTTP/1.1" 200 627815
157.55.39.168 - - [08/Jun/2015:00:13:21 -0500] "GET /BLA/resoluciones/RESOLUCIONES%202011/5916.pdf HTTP/1.1" 200 184831
157.55.39.168 - - [08/Jun/2015:00:13:22 -0500] "GET /BLA/resoluciones/RESOLUCIONES%202007/RES%202007%204201%20AL%204300/RESOLUCION%204231%20DE%202007.pdf HTTP/1.1" 200 41004
157.55.39.168 - - [08/Jun/2015:00:13:22 -0500] "GET /BLA/resoluciones/RESOLUCIONES%202010/3211.pdf HTTP/1.1" 200 520133
180.76.15.24 - - [08/Jun/2015:00:13:23 -0500] "GET /BLA/resoluciones/RESOLUCIONES%202008/1639.pdf HTTP/1.1" 200 230948
207.46.13.104 - - [08/Jun/2015:00:13:38 -0500] "GET /bla/resoluciones/resoluciones%202009/8963.pdf HTTP/1.1" 200 375444
180.76.15.30 - - [08/Jun/2015:00:13:40 -0500] "GET /BLA/resoluciones/RESOLUCIONES%202009/2588.pdf HTTP/1.1" 200 1138094
207.46.13.68 - - [08/Jun/2015:00:13:46 -0500] "GET /bla/resoluciones/resoluciones%202010/4790.pdf HTTP/1.1" 200 125414
207.46.13.68 - - [08/Jun/2015:00:13:47 -0500] "GET /bla/resoluciones/resoluciones%202010/2875.pdf HTTP/1.1" 200 263283
207.46.13.68 - - [08/Jun/2015:00:13:48 -0500] "GET /bla/resoluciones/resoluciones%202009/6218.pdf HTTP/1.1" 200 840153
74.86.158.107 - - [08/Jun/2015:00:13:50 -0500] "HEAD / HTTP/1.1" 200 -
207.46.13.104 - - [08/Jun/2015:00:13:50 -0500] "GET /BLA/resoluciones/RESOLUCIONES%202009/6550.pdf HTTP/1.1" 200 619289
207.46.13.104 - - [08/Jun/2015:00:13:50 -0500] "GET /BLA/resoluciones/RESOLUCIONES%202008/3385.pdf HTTP/1.1" 200 260600
207.46.13.104 - - [08/Jun/2015:00:13:52 -0500] "GET /bla/resoluciones/RESOLUCIONES%202009/5568.pdf HTTP/1.1" 200 682017
201.216.49.22 - - [08/Jun/2015:00:13:56 -0500] "GET /BLA/boletinlegal/js/jquery.scrollTo-min.js HTTP/1.1" 200 1150
201.216.49.22 - - [08/Jun/2015:00:13:56 -0500] "GET /galeria/galeria/jquery.fancybox.js?v=2.1.5 HTTP/1.1" 200 48706
201.216.49.22 - - [08/Jun/2015:00:13:56 -0500] "GET /galeria/galeria/jquery.fancybox.css?v=2.1.5 HTTP/1.1" 200 4895
201.216.49.22 - - [08/Jun/2015:00:13:56 -0500] "GET /BLA/boletinlegal/js/jquery.scrollShow.js HTTP/1.1" 200 4586
180.76.15.14 - - [08/Jun/2015:00:13:57 -0500] "GET /BLA/resoluciones/RESOLUCIONES%202009/9341.pdf HTTP/1.1" 200 493449
207.46.13.68 - - [08/Jun/2015:00:14:07 -0500] "GET /bla/resoluciones/resoluciones%202010/7088.pdf HTTP/1.1" 200 509088
66.249.67.120 - - [08/Jun/2015:00:14:13 -0500] "GET /BLA/resoluciones/AUTOS%202013/3435.pdf HTTP/1.1" 200 499272
190.26.236.113 - - [08/Jun/2015:00:14:14 -0500] "POST /forms/lservlet;jsessionid=ac16012b30d6cbf8a861549d4aaaa584af93aeeca8db.e3iSbxaKaheRe34MbhmNaxqNb41ynknvrkLOlQzNp65In0 HTTP/1.1" 200 2
157.55.39.10 - - [08/Jun/2015:00:14:14 -0500] "GET /BLA/resoluciones/RESOLUCIONES%202007/RES%202007%201101%20AL%201200/RESOLUCION%201165%20DE%202007.pdf HTTP/1.1" 200 292512
180.76.15.158 - - [08/Jun/2015:00:14:15 -0500] "GET /BLA/resoluciones/RESOLUCIONES%202008/1829.pdf HTTP/1.1" 200 253870
201.216.49.22 - - [08/Jun/2015:00:14:16 -0500] "GET /galeria/galeria/jquery.fancybox.css?v=2.1.5 HTTP/1.1" 304 -
201.216.49.22 - - [08/Jun/2015:00:14:16 -0500] "GET /BLA/boletinlegal/js/jquery.scrollTo-min.js HTTP/1.1" 304 -
201.216.49.22 - - [08/Jun/2015:00:14:16 -0500] "GET /galeria/galeria/jquery.fancybox.js?v=2.1.5 HTTP/1.1" 304 -
201.216.49.22 - - [08/Jun/2015:00:14:16 -0500] "GET /BLA/boletinlegal/js/jquery.scrollShow.js HTTP/1.1" 304 -
207.46.13.104 - - [08/Jun/2015:00:14:19 -0500] "GET /bla/resoluciones/resoluciones%202009/4376.pdf HTTP/1.1" 200 1137119
207.46.13.104 - - [08/Jun/2015:00:14:21 -0500] "GET /bla/resoluciones/resoluciones%202011/0430.pdf HTTP/1.1" 200 67241
201.216.20.108 - - [08/Jun/2015:00:14:21 -0500] "POST /forms/lservlet;jsessionid=ac16012b30d687520e7de4ad41a2bf9687d9e8d71479.e3iSbxaKaheRe34MbhmNaxqNb41ynknvrkLOlQzNp65In0 HTTP/1.1" 200 2
207.46.13.104 - - [08/Jun/2015:00:14:21 -0500] "GET /BLA/resoluciones/RESOLUCIONES%202011/5659.pdf HTTP/1.1" 200 537953
207.46.13.68 - - [08/Jun/2015:00:14:24 -0500] "GET /BLA/resoluciones/RESOLUCIONES%202009/3497.pdf HTTP/1.1" 200 757226
207.46.13.68 - - [08/Jun/2015:00:14:24 -0500] "GET /BLA/resoluciones/RESOLUCIONES%202009/3932.pdf HTTP/1.1" 200 6066136
157.55.39.11 - - [08/Jun/2015:00:14:29 -0500] "GET /BLA/resoluciones/RESOLUCIONES%202008/1393.pdf HTTP/1.1" 200 302783
180.76.15.158 - - [08/Jun/2015:00:14:32 -0500] "GET /BLA/resoluciones/AUTOS%202013/1772.pdf HTTP/1.1" 200 658145
66.249.67.120 - - [08/Jun/2015:00:14:36 -0500] "GET /BLA/resoluciones/AUTOS%202014/2547.pdf HTTP/1.1" 200 212842
157.55.39.168 - - [08/Jun/2015:00:14:38 -0500] "GET /bla/resoluciones/resoluciones%202010/0815.pdf HTTP/1.1" 200 98085
157.55.39.168 - - [08/Jun/2015:00:14:38 -0500] "GET /bla/resoluciones/resoluciones%202010/2580.pdf HTTP/1.1" 200 811659
157.55.39.168 - - [08/Jun/2015:00:14:39 -0500] "GET /BLA/resoluciones/AUTOS%202009/1820.pdf HTTP/1.1" 200 211430
207.46.13.104 - - [08/Jun/2015:00:14:39 -0500] "GET /bla/resoluciones/resoluciones%202009/7215.pdf HTTP/1.1" 200 804652
207.46.13.104 - - [08/Jun/2015:00:14:40 -0500] "GET /BLA/resoluciones/RESOLUCIONES%202008/2110.pdf HTTP/1.1" 200 27913
207.46.13.68 - - [08/Jun/2015:00:14:46 -0500] "GET /BLA/resoluciones/RESOLUCIONES%202010/3567.pdf HTTP/1.1" 200 358990
180.76.15.31 - - [08/Jun/2015:00:14:49 -0500] "GET /BLA/resoluciones/RESOLUCIONES%202007/RES%202007%203301%20AL%203400/RESOLUCION%203352%20DE%202007.pdf HTTP/1.1" 200 1046142
157.55.39.134 - - [08/Jun/2015:00:14:50 -0500] "GET /BLA/resoluciones/RESOLUCIONES%202011/3783.pdf HTTP/1.1" 200 530061
98.177.250.124 - - [08/Jun/2015:00:14:58 -0500] "GET /webdav/x32.php?host=108.61.234.142&time=12&port=1000 HTTP/1.1" 404 1018
207.46.13.104 - - [08/Jun/2015:00:15:04 -0500] "GET /BLA/resoluciones/RESOLUCIONES%202011/2174.pdf HTTP/1.1" 200 498888
180.76.15.18 - - [08/Jun/2015:00:15:06 -0500] "GET /BLA/resoluciones/RESOLUCIONES%202011/0954.pdf HTTP/1.1" 200 73837
201.245.192.253 - - [08/Jun/2015:00:12:11 -0500] "GET /ForestMSG_SDA/channelAsync/template_word_18303147?X-Atmosphere-tracking-id=ef7b8cca-22a0-3631-7219-93916646b115&X-Atmosphere-Framework=1.0.5&X-Atmosphere-Transport=long-polling&tabid=0.1128270248301344&X-Cache-Date=0&Content-Type=application/xml&_=1433740393522 HTTP/1.1" 200 8193
190.159.10.197 - - [08/Jun/2015:00:15:12 -0500] "GET /BLA/boletinlegal/jurisprudencia/analisis/analisis%20C-595-2010.doc HTTP/1.1" 200 39424
190.159.10.197 - - [08/Jun/2015:00:15:20 -0500] "GET /BLA/boletinlegal/jurisprudencia/analisis/analisis%20C-595-2010.doc HTTP/1.1" 200 39424
191.95.251.72 - - [08/Jun/2015:00:15:20 -0500] "GET /BLA/boletinlegal/js/jquery.scrollTo-min.js HTTP/1.1" 304 -
191.95.251.72 - - [08/Jun/2015:00:15:20 -0500] "GET /BLA/boletinlegal/js/jquery.scrollShow.js HTTP/1.1" 304 -
191.95.251.72 - - [08/Jun/2015:00:15:20 -0500] "GET /galeria/galeria/jquery.fancybox.js?v=2.1.5 HTTP/1.1" 304 -
191.95.251.72 - - [08/Jun/2015:00:15:20 -0500] "GET /galeria/galeria/jquery.fancybox.css?v=2.1.5 HTTP/1.1" 304 -
180.76.15.29 - - [08/Jun/2015:00:15:24 -0500] "GET /BLA/resoluciones/AUTOS%202009/2014.pdf HTTP/1.1" 200 100937
207.46.13.68 - - [08/Jun/2015:00:15:24 -0500] "GET /bla/resoluciones/resoluciones%202009/8225.pdf HTTP/1.1" 200 255545
207.46.13.104 - - [08/Jun/2015:00:15:33 -0500] "GET /BLA/resoluciones/AUTOS%202009/2661.pdf HTTP/1.1" 200 102018
207.46.13.104 - - [08/Jun/2015:00:15:33 -0500] "GET /BLA/resoluciones/RESOLUCIONES%202010/6968.pdf HTTP/1.1" 200 1143523
157.55.39.11 - - [08/Jun/2015:00:15:33 -0500] "GET /bla/resoluciones/resoluciones%202011/1063.pdf HTTP/1.1" 200 389868
157.55.39.11 - - [08/Jun/2015:00:15:34 -0500] "GET /BLA/resoluciones/AUTOS%202012/0873.pdf HTTP/1.1" 200 732150
180.76.15.25 - - [08/Jun/2015:00:15:41 -0500] "GET /BLA/resoluciones/RESOLUCIONES%202008/4476.pdf HTTP/1.1" 200 91998
207.46.13.104 - - [08/Jun/2015:00:15:50 -0500] "GET /BLA/resoluciones/AUTOS%202012/1945.pdf HTTP/1.1" 200 412709
207.46.13.104 - - [08/Jun/2015:00:15:50 -0500] "GET /BLA/resoluciones/RESOLUCIONES%202007/RES%202007%202701%20AL%202800/RESOLUCION%202729%20%20DE%202007.pdf HTTP/1.1" 200 627047
66.249.67.133 - - [08/Jun/2015:00:15:53 -0500] "GET /BLA/resoluciones/AUTOS%202014/0116.pdf HTTP/1.1" 200 566298
180.76.15.16 - - [08/Jun/2015:00:15:58 -0500] "GET /BLA/resoluciones/RESOLUCIONES%202011/0760.pdf HTTP/1.1" 200 512097
207.46.13.104 - - [08/Jun/2015:00:16:04 -0500] "GET /BLA/resoluciones/AUTOS%202009/1067.pdf HTTP/1.1" 200 186089
207.46.13.104 - - [08/Jun/2015:00:16:04 -0500] "GET /bla/resoluciones/resoluciones%202010/7137.pdf HTTP/1.1" 200 399918
207.46.13.104 - - [08/Jun/2015:00:16:05 -0500] "GET /bla/resoluciones/resoluciones%202009/9164.pdf HTTP/1.1" 200 437571
207.46.13.68 - - [08/Jun/2015:00:16:09 -0500] "GET /bla/resoluciones/resoluciones%202010/2222.pdf HTTP/1.1" 200 513104
157.55.39.10 - - [08/Jun/2015:00:16:13 -0500] "GET /BLA/resoluciones/RESOLUCIONES%202010/3488.pdf HTTP/1.1" 200 524267
190.26.236.113 - - [08/Jun/2015:00:16:14 -0500] "POST /forms/lservlet;jsessionid=ac16012b30d6cbf8a861549d4aaaa584af93aeeca8db.e3iSbxaKaheRe34MbhmNaxqNb41ynknvrkLOlQzNp65In0 HTTP/1.1" 200 2
180.76.15.21 - - [08/Jun/2015:00:16:16 -0500] "GET /BLA/resoluciones/RESOLUCIONES%202011/1196.pdf HTTP/1.1" 200 241352
201.216.20.108 - - [08/Jun/2015:00:16:21 -0500] "POST /forms/lservlet;jsessionid=ac16012b30d687520e7de4ad41a2bf9687d9e8d71479.e3iSbxaKaheRe34MbhmNaxqNb41ynknvrkLOlQzNp65In0 HTTP/1.1" 200 2
207.46.13.104 - - [08/Jun/2015:00:16:23 -0500] "GET /bla/resoluciones/RESOLUCIONES%202009/8204.pdf HTTP/1.1" 200 1073129
207.46.13.104 - - [08/Jun/2015:00:16:23 -0500] "GET /BLA/resoluciones/RESOLUCIONES%202010/4677.pdf HTTP/1.1" 200 750663
157.55.39.168 - - [08/Jun/2015:00:16:28 -0500] "GET /bla/resoluciones/resoluciones%202010/0645.pdf HTTP/1.1" 200 495155
157.55.39.168 - - [08/Jun/2015:00:16:28 -0500] "GET /bla/resoluciones/resoluciones%202011/1232.pdf HTTP/1.1" 200 703968
157.55.39.168 - - [08/Jun/2015:00:16:29 -0500] "GET /BLA/resoluciones/RESOLUCIONES%202010/3713.pdf HTTP/1.1" 200 605588
157.55.39.168 - - [08/Jun/2015:00:16:29 -0500] "GET /bla/resoluciones/resoluciones%202009/4999.pdf HTTP/1.1" 200 643339
180.76.15.6 - - [08/Jun/2015:00:16:33 -0500] "GET /BLA/resoluciones/RESOLUCIONES%202009/0348.pdf HTTP/1.1" 200 149432
207.46.13.68 - - [08/Jun/2015:00:16:33 -0500] "GET /bla/resoluciones/resoluciones%202009/3184.pdf HTTP/1.1" 200 663569
207.46.13.104 - - [08/Jun/2015:00:16:37 -0500] "GET /BLA/resoluciones/RESOLUCIONES%202012/0333.pdf HTTP/1.1" 200 391966
186.84.14.120 - - [08/Jun/2015:00:16:41 -0500] "GET /galeria/galeria/jquery.fancybox.css?v=2.1.5 HTTP/1.1" 200 4895
186.84.14.120 - - [08/Jun/2015:00:16:41 -0500] "GET /galeria/galeria/jquery.fancybox.js?v=2.1.5 HTTP/1.1" 200 48706
186.84.14.120 - - [08/Jun/2015:00:16:41 -0500] "GET /BLA/boletinlegal/js/jquery.scrollShow.js HTTP/1.1" 200 4586
186.84.14.120 - - [08/Jun/2015:00:16:41 -0500] "GET /BLA/boletinlegal/js/jquery.scrollTo-min.js HTTP/1.1" 200 1150
157.55.39.134 - - [08/Jun/2015:00:16:43 -0500] "GET /bla/resoluciones/resoluciones%202010/0159.pdf HTTP/1.1" 200 376243
186.84.14.120 - - [08/Jun/2015:00:16:46 -0500] "GET /BLA/boletinlegal/js/jquery.scrollTo-min.js HTTP/1.1" 304 -
186.84.14.120 - - [08/Jun/2015:00:16:46 -0500] "GET /BLA/boletinlegal/js/jquery.scrollShow.js HTTP/1.1" 304 -
186.84.14.120 - - [08/Jun/2015:00:16:46 -0500] "GET /galeria/galeria/jquery.fancybox.css?v=2.1.5 HTTP/1.1" 304 -
186.84.14.120 - - [08/Jun/2015:00:16:46 -0500] "GET /galeria/galeria/jquery.fancybox.js?v=2.1.5 HTTP/1.1" 304 -
180.76.15.18 - - [08/Jun/2015:00:16:50 -0500] "GET /BLA/resoluciones/RESOLUCIONES%202009/9466.pdf HTTP/1.1" 200 359524
207.46.13.104 - - [08/Jun/2015:00:17:08 -0500] "GET /bla/resoluciones/resoluciones%202010/2292.pdf HTTP/1.1" 200 876090
180.76.15.28 - - [08/Jun/2015:00:17:08 -0500] "GET /BLA/resoluciones/RESOLUCIONES%202010/0089.pdf HTTP/1.1" 200 547381
66.249.67.120 - - [08/Jun/2015:00:17:10 -0500] "GET /BLA/resoluciones/AUTOS%202014/5850.pdf HTTP/1.1" 200 464002
207.46.13.68 - - [08/Jun/2015:00:17:12 -0500] "GET /BLA/resoluciones/RESOLUCIONES%202008/5151.pdf HTTP/1.1" 200 235506
207.46.13.68 - - [08/Jun/2015:00:17:13 -0500] "GET /BLA/resoluciones/RESOLUCIONES%202010/5435.pdf HTTP/1.1" 200 518681
157.55.39.10 - - [08/Jun/2015:00:17:18 -0500] "GET /bla/resoluciones/RESOLUCIONES%202009/8194.pdf HTTP/1.1" 200 142762
180.76.15.156 - - [08/Jun/2015:00:17:25 -0500] "GET /BLA/resoluciones/RESOLUCIONES%202007/RES%202007%202901%20AL%203000/RESOLUCION%202995%20DE%202007.pdf HTTP/1.1" 200 53770
66.249.67.120 - - [08/Jun/2015:00:17:28 -0500] "GET /BLA/resoluciones/AUTOS%202013/1177.pdf HTTP/1.1" 200 630736
207.46.13.68 - - [08/Jun/2015:00:17:31 -0500] "GET /bla/resoluciones/resoluciones%202009/7113.pdf HTTP/1.1" 200 1686976
207.46.13.104 - - [08/Jun/2015:00:17:36 -0500] "GET /bla/resoluciones/resoluciones%202009/9258.pdf HTTP/1.1" 200 524378
157.55.39.134 - - [08/Jun/2015:00:17:41 -0500] "GET /BLA/resoluciones/RESOLUCIONES%202010/5146.pdf HTTP/1.1" 200 364542
157.55.39.134 - - [08/Jun/2015:00:17:41 -0500] "GET /BLA/resoluciones/RESOLUCIONES%202010/4752.pdf HTTP/1.1" 200 521463
180.76.15.16 - - [08/Jun/2015:00:17:42 -0500] "GET /BLA/resoluciones/RESOLUCIONES%202011/5589.pdf HTTP/1.1" 200 11615681
157.55.39.134 - - [08/Jun/2015:00:17:43 -0500] "GET /BLA/resoluciones/RESOLUCIONES%202013/0678.pdf HTTP/1.1" 200 797474
157.55.39.134 - - [08/Jun/2015:00:17:43 -0500] "GET /BLA/resoluciones/RESOLUCIONES%202009/2657.pdf HTTP/1.1" 200 716934
207.46.13.104 - - [08/Jun/2015:00:17:55 -0500] "GET /BLA/resoluciones/RESOLUCIONES%202008/0452.pdf HTTP/1.1" 200 243343
207.46.13.104 - - [08/Jun/2015:00:17:56 -0500] "GET /BLA/resoluciones/RESOLUCIONES%202007/RES%202007%20201%20AL%20300/RESOLUCION%200255%20DE%202007.pdf HTTP/1.1" 200 267393
180.76.15.26 - - [08/Jun/2015:00:17:59 -0500] "GET /BLA/resoluciones/RESOLUCIONES%202008/1394.pdf HTTP/1.1" 200 301836
201.245.192.253 - - [08/Jun/2015:00:15:12 -0500] "GET /ForestMSG_SDA/channelAsync/template_word_18303147?X-Atmosphere-tracking-id=ef7b8cca-22a0-3631-7219-93916646b115&X-Atmosphere-Framework=1.0.5&X-Atmosphere-Transport=long-polling&tabid=0.1128270248301344&X-Cache-Date=0&Content-Type=application/xml&_=1433740573550 HTTP/1.1" 200 8193
191.95.251.72 - - [08/Jun/2015:00:18:13 -0500] "GET /transparencia/directorioservidores/junio2015.xlsx HTTP/1.1" 404 1254
190.26.236.113 - - [08/Jun/2015:00:18:14 -0500] "POST /forms/lservlet;jsessionid=ac16012b30d6cbf8a861549d4aaaa584af93aeeca8db.e3iSbxaKaheRe34MbhmNaxqNb41ynknvrkLOlQzNp65In0 HTTP/1.1" 200 2
180.76.15.23 - - [08/Jun/2015:00:18:17 -0500] "GET /BLA/resoluciones/RESOLUCIONES%202009/1817.pdf HTTP/1.1" 200 443832
157.55.39.10 - - [08/Jun/2015:00:18:17 -0500] "GET /bla/resoluciones/RESOLUCIONES%202009/8582.pdf HTTP/1.1" 200 209485
190.216.130.229 - - [08/Jun/2015:00:18:20 -0500] "GET /BLA/boletinlegal/js/jquery.scrollTo-min.js HTTP/1.1" 200 1150
190.216.130.229 - - [08/Jun/2015:00:18:20 -0500] "GET /galeria/galeria/jquery.fancybox.css?v=2.1.5 HTTP/1.1" 200 4895
190.216.130.229 - - [08/Jun/2015:00:18:20 -0500] "GET /galeria/galeria/jquery.fancybox.js?v=2.1.5 HTTP/1.1" 200 48706
190.216.130.229 - - [08/Jun/2015:00:18:20 -0500] "GET /BLA/boletinlegal/js/jquery.scrollShow.js HTTP/1.1" 200 4586
201.216.20.108 - - [08/Jun/2015:00:18:21 -0500] "POST /forms/lservlet;jsessionid=ac16012b30d687520e7de4ad41a2bf9687d9e8d71479.e3iSbxaKaheRe34MbhmNaxqNb41ynknvrkLOlQzNp65In0 HTTP/1.1" 200 2
207.46.13.104 - - [08/Jun/2015:00:18:22 -0500] "GET /BLA/resoluciones/RESOLUCIONES%202010/4671.pdf HTTP/1.1" 200 759735
207.46.13.104 - - [08/Jun/2015:00:18:22 -0500] "GET /BLA/resoluciones/RESOLUCIONES%202010/2738.pdf HTTP/1.1" 200 392578
191.95.251.72 - - [08/Jun/2015:00:18:25 -0500] "GET /transparencia/directorioservidores/diciembre2015.xlsx HTTP/1.1" 404 1254
207.46.13.68 - - [08/Jun/2015:00:18:29 -0500] "GET /bla/resoluciones/RESOLUCIONES%202009/5202.pdf HTTP/1.1" 200 1284423
207.46.13.68 - - [08/Jun/2015:00:18:29 -0500] "GET /BLA/resoluciones/RESOLUCIONES%202007/RES%202007%204201%20AL%204300/RESOLUCION%204285%20DE%202007.pdf HTTP/1.1" 200 325271
191.95.251.72 - - [08/Jun/2015:00:18:31 -0500] "GET /transparencia/directorioservidores/abril2015.pdf HTTP/1.1" 200 325020
191.95.251.72 - - [08/Jun/2015:00:18:32 -0500] "GET /transparencia/directorioservidores/abril2015.pdf HTTP/1.1" 200 325020
207.46.13.104 - - [08/Jun/2015:00:18:32 -0500] "GET /BLA/resoluciones/RESOLUCIONES%202008/2031.pdf HTTP/1.1" 200 207634
207.46.13.104 - - [08/Jun/2015:00:18:32 -0500] "GET /bla/resoluciones/resoluciones%202010/0690.pdf HTTP/1.1" 200 124998
190.216.130.229 - - [08/Jun/2015:00:18:33 -0500] "GET /BLA/boletinlegal/js/jquery.scrollTo-min.js HTTP/1.1" 304 -
190.216.130.229 - - [08/Jun/2015:00:18:33 -0500] "GET /galeria/galeria/jquery.fancybox.css?v=2.1.5 HTTP/1.1" 304 -
190.216.130.229 - - [08/Jun/2015:00:18:33 -0500] "GET /galeria/galeria/jquery.fancybox.js?v=2.1.5 HTTP/1.1" 304 -
190.216.130.229 - - [08/Jun/2015:00:18:33 -0500] "GET /BLA/boletinlegal/js/jquery.scrollShow.js HTTP/1.1" 304 -
157.55.39.11 - - [08/Jun/2015:00:18:36 -0500] "GET /BLA/resoluciones/RESOLUCIONES%202011/4364.pdf HTTP/1.1" 200 654008
157.55.39.11 - - [08/Jun/2015:00:18:37 -0500] "GET /BLA/resoluciones/RESOLUCIONES%202009/8118.pdf HTTP/1.1" 200 556392
157.55.39.134 - - [08/Jun/2015:00:18:47 -0500] "GET /bla/resoluciones/resoluciones%202009/9498.pdf HTTP/1.1" 200 563624
74.86.158.107 - - [08/Jun/2015:00:18:50 -0500] "HEAD / HTTP/1.1" 200 -
207.46.13.68 - - [08/Jun/2015:00:18:54 -0500] "GET /BLA/resoluciones/RESOLUCIONES%202011/0575.pdf HTTP/1.1" 200 69719
207.46.13.68 - - [08/Jun/2015:00:18:54 -0500] "GET /bla/resoluciones/RESOLUCIONES%202009/9587.pdf HTTP/1.1" 200 376968
157.55.39.10 - - [08/Jun/2015:00:19:01 -0500] "GET /BLA/resoluciones/RESOLUCIONES%202008/1804.pdf HTTP/1.1" 200 283048
180.76.15.21 - - [08/Jun/2015:00:19:06 -0500] "GET /BLA/resoluciones/RESOLUCIONES%202009/7373.pdf HTTP/1.1" 200 1248311
157.55.39.167 - - [08/Jun/2015:00:19:13 -0500] "GET /BLA/resoluciones/RESOLUCIONES%202010/4878.pdf HTTP/1.1" 200 749535
157.55.39.167 - - [08/Jun/2015:00:19:14 -0500] "GET /bla/resoluciones/RESOLUCIONES%202009/5949.pdf HTTP/1.1" 200 597247
157.55.39.167 - - [08/Jun/2015:00:19:14 -0500] "GET /bla/resoluciones/resoluciones%202010/6323.pdf HTTP/1.1" 200 2258048
157.55.39.167 - - [08/Jun/2015:00:19:14 -0500] "GET /bla/resoluciones/RESOLUCIONES%202009/8154.pdf HTTP/1.1" 200 490671
157.55.39.167 - - [08/Jun/2015:00:19:15 -0500] "GET /BLA/resoluciones/RESOLUCIONES%202010/5079.pdf HTTP/1.1" 200 496829
157.55.39.167 - - [08/Jun/2015:00:19:15 -0500] "GET /BLA/resoluciones/RESOLUCIONES%202008/0017.pdf HTTP/1.1" 200 914552
157.55.39.167 - - [08/Jun/2015:00:19:16 -0500] "GET /BLA/resoluciones/RESOLUCIONES%202009/8723.pdf HTTP/1.1" 200 601603
157.55.39.167 - - [08/Jun/2015:00:19:16 -0500] "GET /BLA/resoluciones/RESOLUCIONES%202011/4867.pdf HTTP/1.1" 200 458261
157.55.39.167 - - [08/Jun/2015:00:19:17 -0500] "GET /bla/resoluciones/resoluciones%202009/6313.pdf HTTP/1.1" 200 621757
157.55.39.10 - - [08/Jun/2015:00:19:22 -0500] "GET /BLA/resoluciones/RESOLUCIONES%202010/2575.pdf HTTP/1.1" 200 391446
157.55.39.10 - - [08/Jun/2015:00:19:22 -0500] "GET /bla/resoluciones/RESOLUCIONES%202009/9381.pdf HTTP/1.1" 200 498389
157.55.39.10 - - [08/Jun/2015:00:19:22 -0500] "GET /BLA/resoluciones/RESOLUCIONES%202008/4590.pdf HTTP/1.1" 200 182409
180.76.15.141 - - [08/Jun/2015:00:19:23 -0500] "GET /BLA/resoluciones/AUTOS%202012/1971.pdf HTTP/1.1" 200 413420
157.55.39.10 - - [08/Jun/2015:00:19:24 -0500] "GET /BLA/resoluciones/RESOLUCIONES%202009/3340.pdf HTTP/1.1" 200 634732
157.55.39.11 - - [08/Jun/2015:00:19:24 -0500] "GET /BLA/resoluciones/AUTOS%202012/0547.pdf HTTP/1.1" 200 364767
157.55.39.11 - - [08/Jun/2015:00:19:32 -0500] "GET /BLA/resoluciones/RESOLUCIONES%202009/8340.pdf HTTP/1.1" 200 513790
157.55.39.11 - - [08/Jun/2015:00:19:33 -0500] "GET /bla/resoluciones/RESOLUCIONES%202011/5576.pdf HTTP/1.1" 200 456847
207.46.13.104 - - [08/Jun/2015:00:19:36 -0500] "GET /bla/resoluciones/autos%202010/4424.pdf HTTP/1.1" 200 142755
207.46.13.104 - - [08/Jun/2015:00:19:37 -0500] "GET /BLA/resoluciones/AUTOS%202012/2934.pdf HTTP/1.1" 200 772029
207.46.13.104 - - [08/Jun/2015:00:19:37 -0500] "GET /bla/resoluciones/resoluciones%202010/1272.pdf HTTP/1.1" 200 104142
207.46.13.104 - - [08/Jun/2015:00:19:38 -0500] "GET /bla/resoluciones/resoluciones%202009/8371.pdf HTTP/1.1" 200 375054
180.76.15.15 - - [08/Jun/2015:00:19:40 -0500] "GET /BLA/resoluciones/RESOLUCIONES%202008/2354.pdf HTTP/1.1" 200 344123
66.249.67.133 - - [08/Jun/2015:00:19:44 -0500] "GET /BLA/resoluciones/AUTOS%202014/0477.pdf HTTP/1.1" 200 512166
157.55.39.134 - - [08/Jun/2015:00:19:47 -0500] "GET /BLA/resoluciones/RESOLUCIONES%202011/5630.pdf HTTP/1.1" 200 479407
207.46.13.68 - - [08/Jun/2015:00:19:52 -0500] "GET /BLA/resoluciones/RESOLUCIONES%202010/3706.pdf HTTP/1.1" 200 769599
207.46.13.68 - - [08/Jun/2015:00:19:53 -0500] "GET /BLA/resoluciones/RESOLUCIONES%202009/2909.pdf HTTP/1.1" 200 1264294
207.46.13.68 - - [08/Jun/2015:00:19:53 -0500] "GET /BLA/resoluciones/RESOLUCIONES%202009/9560.pdf HTTP/1.1" 200 501405
207.46.13.68 - - [08/Jun/2015:00:19:54 -0500] "GET /bla/resoluciones/autos%202010/3909.pdf HTTP/1.1" 200 54020
191.95.252.22 - - [08/Jun/2015:00:19:56 -0500] "GET /isolucionsda/g/Bot_CalibracionOver_ESP.jpg HTTP/1.1" 200 5739
180.76.15.25 - - [08/Jun/2015:00:19:57 -0500] "GET /BLA/resoluciones/RESOLUCIONES%202007/RES%202007%20201%20AL%20300/RESOLUCION%200250%20DE%202007.pdf HTTP/1.1" 200 365118
207.46.13.104 - - [08/Jun/2015:00:20:01 -0500] "GET /BLA/resoluciones/AUTOS%202009/1713.pdf HTTP/1.1" 200 123676
190.26.236.113 - - [08/Jun/2015:00:20:14 -0500] "POST /forms/lservlet;jsessionid=ac16012b30d6cbf8a861549d4aaaa584af93aeeca8db.e3iSbxaKaheRe34MbhmNaxqNb41ynknvrkLOlQzNp65In0 HTTP/1.1" 200 2
157.55.39.10 - - [08/Jun/2015:00:20:18 -0500] "GET /BLA/resoluciones/Autos%202008/2658.pdf HTTP/1.1" 200 61306
201.216.20.108 - - [08/Jun/2015:00:20:21 -0500] "POST /forms/lservlet;jsessionid=ac16012b30d687520e7de4ad41a2bf9687d9e8d71479.e3iSbxaKaheRe34MbhmNaxqNb41ynknvrkLOlQzNp65In0 HTTP/1.1" 200 2
186.84.14.120 - - [08/Jun/2015:00:20:22 -0500] "GET /galeria/carrusel/Carrusel/jquery-ui-1.8.13.custom.min.js HTTP/1.1" 200 10800
186.84.14.120 - - [08/Jun/2015:00:20:22 -0500] "GET /galeria/carrusel/Carrusel/jquery.thumbnailScroller.css HTTP/1.1" 200 2066
186.84.14.120 - - [08/Jun/2015:00:20:22 -0500] "GET /galeria/carrusel/Carrusel/jquery.thumbnailScroller.js HTTP/1.1" 200 8157
186.84.14.120 - - [08/Jun/2015:00:20:22 -0500] "GET /galeria/nivo-slider/demo/demo.html HTTP/1.1" 200 5219
186.84.14.120 - - [08/Jun/2015:00:20:25 -0500] "GET /galeria/nivo-slider/themes/default/default.css HTTP/1.1" 200 1569
186.84.14.120 - - [08/Jun/2015:00:20:25 -0500] "GET /galeria/nivo-slider/themes/pascal/pascal.css HTTP/1.1" 200 2258
186.84.14.120 - - [08/Jun/2015:00:20:25 -0500] "GET /galeria/nivo-slider/themes/orman/orman.css HTTP/1.1" 200 2152
186.84.14.120 - - [08/Jun/2015:00:20:25 -0500] "GET /galeria/nivo-slider/demo/scripts/jquery-1.7.1.min.js HTTP/1.1" 200 93868
186.84.14.120 - - [08/Jun/2015:00:20:25 -0500] "GET /galeria/nivo-slider/jquery.nivo.slider.pack.js HTTP/1.1" 200 11561
186.84.14.120 - - [08/Jun/2015:00:20:25 -0500] "GET /galeria/nivo-slider/demo/images/GAE-banner.jpg HTTP/1.1" 200 97556
186.84.14.120 - - [08/Jun/2015:00:20:25 -0500] "GET /galeria/nivo-slider/demo/images/9Signos.jpg HTTP/1.1" 200 81776
186.84.14.120 - - [08/Jun/2015:00:20:26 -0500] "GET /galeria/nivo-slider/demo/images/Semana-Ambiental.jpg HTTP/1.1" 200 62910
186.84.14.120 - - [08/Jun/2015:00:20:26 -0500] "GET /galeria/nivo-slider/demo/style.css HTTP/1.1" 200 2222
186.84.14.120 - - [08/Jun/2015:00:20:26 -0500] "GET /galeria/nivo-slider/demo/images/Banner-salud.jpg HTTP/1.1" 200 181685
186.84.14.120 - - [08/Jun/2015:00:20:26 -0500] "GET /galeria/nivo-slider/demo/images/acuerdo_569.jpg HTTP/1.1" 200 62670
186.84.14.120 - - [08/Jun/2015:00:20:26 -0500] "GET /galeria/nivo-slider/demo/images/Ruta-vertimientos-01.jpg HTTP/1.1" 200 130151
186.84.14.120 - - [08/Jun/2015:00:20:26 -0500] "GET /galeria/nivo-slider/demo/images/bolsas-06.jpg HTTP/1.1" 200 90982
186.84.14.120 - - [08/Jun/2015:00:20:26 -0500] "GET /galeria/nivo-slider/nivo-slider.css HTTP/1.1" 200 1507
186.84.14.120 - - [08/Jun/2015:00:20:26 -0500] "GET /galeria/nivo-slider/demo/images/Banner-Caracol-Africano.jpg HTTP/1.1" 200 331986
186.84.14.120 - - [08/Jun/2015:00:20:26 -0500] "GET /galeria/nivo-slider/demo/images/banner-llantas2.jpg HTTP/1.1" 200 204644
186.84.14.120 - - [08/Jun/2015:00:20:26 -0500] "GET /galeria/nivo-slider/demo/images/Licitaciones-proyecto-paramo.jpg HTTP/1.1" 200 221877
186.84.14.120 - - [08/Jun/2015:00:20:27 -0500] "GET /galeria/nivo-slider/demo/images/Banner-Directorio.jpg HTTP/1.1" 200 182068
186.84.14.120 - - [08/Jun/2015:00:20:26 -0500] "GET /galeria/nivo-slider/demo/images/Conoce-los-humedales.jpg HTTP/1.1" 200 294036
186.84.14.120 - - [08/Jun/2015:00:20:28 -0500] "GET /galeria/nivo-slider/demo/images/ecolecta-Dic2014.png HTTP/1.1" 200 288593
186.84.14.120 - - [08/Jun/2015:00:20:26 -0500] "GET /galeria/nivo-slider/demo/images/mailling-acercar-xpress.jpg HTTP/1.1" 200 137233
186.84.14.120 - - [08/Jun/2015:00:20:28 -0500] "GET /galeria/nivo-slider/demo/images/Banner-decreto1299.jpg HTTP/1.1" 200 182613
157.55.39.168 - - [08/Jun/2015:00:20:28 -0500] "GET /BLA/resoluciones/AUTOS%202007/0197.pdf HTTP/1.1" 200 313633
157.55.39.168 - - [08/Jun/2015:00:20:29 -0500] "GET /BLA/resoluciones/RESOLUCIONES%202010/3922.pdf HTTP/1.1" 200 555905
157.55.39.168 - - [08/Jun/2015:00:20:29 -0500] "GET /bla/resoluciones/autos%202010/4623.pdf HTTP/1.1" 200 380903
157.55.39.168 - - [08/Jun/2015:00:20:30 -0500] "GET /BLA/resoluciones/RESOLUCIONES%202010/4255.pdf HTTP/1.1" 200 629338
157.55.39.168 - - [08/Jun/2015:00:20:30 -0500] "GET /BLA/resoluciones/RESOLUCIONES%202008/5155.pdf HTTP/1.1" 200 222537
186.84.14.120 - - [08/Jun/2015:00:20:27 -0500] "GET /galeria/nivo-slider/themes/default/loading.gif HTTP/1.1" 200 1737
157.55.39.168 - - [08/Jun/2015:00:20:31 -0500] "GET /BLA/resoluciones/AUTOS%202012/1579.pdf HTTP/1.1" 200 392741
157.55.39.168 - - [08/Jun/2015:00:20:31 -0500] "GET /bla/resoluciones/RESOLUCIONES%202009/7046.pdf HTTP/1.1" 200 722011
207.46.13.104 - - [08/Jun/2015:00:20:31 -0500] "GET /BLA/resoluciones/AUTOS%202007/0679.pdf HTTP/1.1" 200 145130
186.84.14.120 - - [08/Jun/2015:00:20:25 -0500] "GET /galeria/nivo-slider/demo/images/Banner-encuesta-de-percepscio.jpg HTTP/1.1" 200 201899
186.84.14.120 - - [08/Jun/2015:00:20:31 -0500] "GET /galeria/nivo-slider/demo/images/banner-Pacto-por-la-madera.jpg HTTP/1.1" 200 209966
157.55.39.168 - - [08/Jun/2015:00:20:31 -0500] "GET /bla/resoluciones/resoluciones%202009/9029.pdf HTTP/1.1" 200 499759
207.46.13.104 - - [08/Jun/2015:00:20:32 -0500] "GET /bla/resoluciones/resoluciones%202009/3272.pdf HTTP/1.1" 200 603561
186.84.14.120 - - [08/Jun/2015:00:20:25 -0500] "GET /galeria/nivo-slider/demo/images/medio-ambiente.jpg HTTP/1.1" 200 105259
186.84.14.120 - - [08/Jun/2015:00:20:32 -0500] "GET /galeria/nivo-slider/demo/images/Comparendo-ambiental-Banner.jpg HTTP/1.1" 200 83731
180.76.15.5 - - [08/Jun/2015:00:20:32 -0500] "GET /BLA/resoluciones/AUTOS%202009/1383.pdf HTTP/1.1" 200 122431
186.84.14.120 - - [08/Jun/2015:00:20:27 -0500] "GET /galeria/nivo-slider/demo/images/4Simple_Slider.png HTTP/1.1" 200 11722
186.84.14.120 - - [08/Jun/2015:00:20:38 -0500] "GET /galeria/nivo-slider/themes/default/arrows.png HTTP/1.1" 200 824
186.84.14.120 - - [08/Jun/2015:00:20:38 -0500] "GET /galeria/nivo-slider/themes/default/bullets.png HTTP/1.1" 200 1281
207.46.13.68 - - [08/Jun/2015:00:20:38 -0500] "GET /bla/resoluciones/resoluciones%202010/2146.pdf HTTP/1.1" 200 528343
207.46.13.68 - - [08/Jun/2015:00:20:39 -0500] "GET /BLA/resoluciones/RESOLUCIONES%202012/1226.pdf HTTP/1.1" 200 408872
207.46.13.68 - - [08/Jun/2015:00:20:39 -0500] "GET /bla/resoluciones/resoluciones%202009/7654.pdf HTTP/1.1" 200 528965
207.46.13.68 - - [08/Jun/2015:00:20:41 -0500] "GET /bla/resoluciones/resoluciones%202011/0042.pdf HTTP/1.1" 200 927708
66.249.67.133 - - [08/Jun/2015:00:20:41 -0500] "GET /BLA/resoluciones/AUTOS%202013/2179.pdf HTTP/1.1" 200 769373
180.76.15.23 - - [08/Jun/2015:00:20:49 -0500] "GET /BLA/resoluciones/RESOLUCIONES%202009/0225.pdf HTTP/1.1" 200 284903
66.249.67.107 - - [08/Jun/2015:00:21:01 -0500] "GET /BLA/resoluciones/AUTOS%202014/7047.pdf HTTP/1.1" 200 76471
186.30.77.128 - - [08/Jun/2015:00:21:06 -0500] "GET /BLA/boletinlegal/js/jquery.scrollTo-min.js HTTP/1.1" 200 1150
186.30.77.128 - - [08/Jun/2015:00:21:06 -0500] "GET /galeria/galeria/jquery.fancybox.css?v=2.1.5 HTTP/1.1" 200 4895
186.30.77.128 - - [08/Jun/2015:00:21:06 -0500] "GET /BLA/boletinlegal/js/jquery.scrollShow.js HTTP/1.1" 200 4586
186.30.77.128 - - [08/Jun/2015:00:21:06 -0500] "GET /galeria/galeria/jquery.fancybox.js?v=2.1.5 HTTP/1.1" 200 48706
180.76.15.136 - - [08/Jun/2015:00:21:07 -0500] "GET /BLA/resoluciones/RESOLUCIONES%202007/RES%202007%20801%20AL%20900/RESOLUCION%200854%20DE%202007.pdf HTTP/1.1" 200 1245085
201.245.192.253 - - [08/Jun/2015:00:18:12 -0500] "GET /ForestMSG_SDA/channelAsync/template_word_18303147?X-Atmosphere-tracking-id=ef7b8cca-22a0-3631-7219-93916646b115&X-Atmosphere-Framework=1.0.5&X-Atmosphere-Transport=long-polling&tabid=0.1128270248301344&X-Cache-Date=0&Content-Type=application/xml&_=1433740753549 HTTP/1.1" 200 8193
186.30.77.128 - - [08/Jun/2015:00:21:15 -0500] "GET /galeria/galeria/jquery.fancybox.css?v=2.1.5 HTTP/1.1" 304 -
186.30.77.128 - - [08/Jun/2015:00:21:15 -0500] "GET /BLA/boletinlegal/js/jquery.scrollTo-min.js HTTP/1.1" 304 -
186.30.77.128 - - [08/Jun/2015:00:21:15 -0500] "GET /BLA/boletinlegal/js/jquery.scrollShow.js HTTP/1.1" 304 -
186.30.77.128 - - [08/Jun/2015:00:21:15 -0500] "GET /galeria/galeria/jquery.fancybox.js?v=2.1.5 HTTP/1.1" 304 -
207.46.13.68 - - [08/Jun/2015:00:21:17 -0500] "GET /bla/resoluciones/resoluciones%202011/0789.pdf HTTP/1.1" 200 788762
157.55.39.10 - - [08/Jun/2015:00:21:21 -0500] "GET /BLA/resoluciones/RESOLUCIONES%202008/0744.pdf HTTP/1.1" 200 164365
157.55.39.10 - - [08/Jun/2015:00:21:23 -0500] "GET /BLA/resoluciones/RESOLUCIONES%202007/RES%202007%20201%20AL%20300/RESOLUCION%200244%20DE%202007.pdf HTTP/1.1" 200 429588
157.55.39.10 - - [08/Jun/2015:00:21:23 -0500] "GET /bla/resoluciones/RESOLUCIONES%202009/9603.pdf HTTP/1.1" 200 347168
180.76.15.16 - - [08/Jun/2015:00:21:24 -0500] "GET /BLA/resoluciones/RESOLUCIONES%202009/0579.pdf HTTP/1.1" 200 310539
157.55.39.134 - - [08/Jun/2015:00:21:44 -0500] "GET /BLA/resoluciones/RESOLUCIONES%202010/3553.pdf HTTP/1.1" 200 742415
157.55.39.134 - - [08/Jun/2015:00:21:44 -0500] "GET /bla/resoluciones/autos%202010/4833.pdf HTTP/1.1" 200 378973
157.55.39.134 - - [08/Jun/2015:00:21:45 -0500] "GET /bla/resoluciones/resoluciones%202009/4686.pdf HTTP/1.1" 200 725028
157.55.39.134 - - [08/Jun/2015:00:21:45 -0500] "GET /BLA/resoluciones/AUTOS%202012/2230.pdf HTTP/1.1" 200 150467
157.55.39.134 - - [08/Jun/2015:00:21:47 -0500] "GET /BLA/resoluciones/RESOLUCIONES%202011/2532.pdf HTTP/1.1" 200 498174
207.46.13.104 - - [08/Jun/2015:00:21:47 -0500] "GET /bla/resoluciones/autos%202010/5626.pdf HTTP/1.1" 200 456554
207.46.13.104 - - [08/Jun/2015:00:21:49 -0500] "GET /BLA/resoluciones/RESOLUCIONES%202009/9840.pdf HTTP/1.1" 200 688935
157.55.39.167 - - [08/Jun/2015:00:21:52 -0500] "GET /BLA/resoluciones/RESOLUCIONES%202010/3922.pdf HTTP/1.1" 200 555905
157.55.39.167 - - [08/Jun/2015:00:21:53 -0500] "GET /bla/resoluciones/resoluciones%202010/6414.pdf HTTP/1.1" 200 476144
157.55.39.167 - - [08/Jun/2015:00:21:53 -0500] "GET /BLA/resoluciones/Autos%202008/3336.pdf HTTP/1.1" 200 93290
