186.154.68.28 - - [08/Jun/2015:09:40:01 -0500] "GET /Residuos/cosmeticos/files/search/search17.xml HTTP/1.1" 200 13821
186.154.68.28 - - [08/Jun/2015:09:40:01 -0500] "GET /Residuos/cosmeticos/images/page16.swf HTTP/1.1" 200 209195
190.25.157.12 - - [08/Jun/2015:09:40:01 -0500] "POST /forms/lservlet;jsessionid=ac16012b30d6d47c3dd7da3942e9b051bb596cc42a02.e3iSbxaKaheRe34MbhmNaxqNb41ynknvrkLOlQzNp65In0 HTTP/1.1" 200 2
186.154.68.28 - - [08/Jun/2015:09:40:02 -0500] "GET /Residuos/cosmeticos/files/search/search16.xml HTTP/1.1" 200 9416
190.25.157.12 - - [08/Jun/2015:09:40:01 -0500] "POST /forms/lservlet;jsessionid=ac16012b30d6d47c3dd7da3942e9b051bb596cc42a02.e3iSbxaKaheRe34MbhmNaxqNb41ynknvrkLOlQzNp65In0 HTTP/1.1" 200 113
190.25.157.12 - - [08/Jun/2015:09:40:02 -0500] "POST /forms/lservlet;jsessionid=ac16012b30d6d47c3dd7da3942e9b051bb596cc42a02.e3iSbxaKaheRe34MbhmNaxqNb41ynknvrkLOlQzNp65In0 HTTP/1.1" 200 2
190.25.157.12 - - [08/Jun/2015:09:40:02 -0500] "GET /reports/rwservlet/getjobid352683?server=rep_srvapsda HTTP/1.1" 200 66859
207.46.13.104 - - [08/Jun/2015:09:40:05 -0500] "GET /bla/resoluciones/resoluciones%202010/1533.pdf HTTP/1.1" 200 260619
207.46.13.104 - - [08/Jun/2015:09:40:05 -0500] "GET /BLA/resoluciones/AUTOS%202009/0679.pdf HTTP/1.1" 200 88422
207.46.13.104 - - [08/Jun/2015:09:40:06 -0500] "GET /BLA/resoluciones/AUTOS%202009/2449.pdf HTTP/1.1" 200 103671
180.76.15.155 - - [08/Jun/2015:09:40:06 -0500] "GET /BLA/resoluciones/RESOLUCIONES%202008/2119.pdf HTTP/1.1" 200 555099
207.46.13.104 - - [08/Jun/2015:09:40:06 -0500] "GET /bla/resoluciones/resoluciones%202009/4665.pdf HTTP/1.1" 200 1187927
207.46.13.104 - - [08/Jun/2015:09:40:07 -0500] "GET /bla/resoluciones/resoluciones%202010/2300.pdf HTTP/1.1" 200 803943
190.25.157.12 - - [08/Jun/2015:09:40:17 -0500] "POST /forms/lservlet;jsessionid=ac16012b30d6d47c3dd7da3942e9b051bb596cc42a02.e3iSbxaKaheRe34MbhmNaxqNb41ynknvrkLOlQzNp65In0 HTTP/1.1" 200 2
190.25.157.12 - - [08/Jun/2015:09:40:18 -0500] "POST /forms/lservlet;jsessionid=ac16012b30d6d47c3dd7da3942e9b051bb596cc42a02.e3iSbxaKaheRe34MbhmNaxqNb41ynknvrkLOlQzNp65In0 HTTP/1.1" 200 2355
180.76.15.163 - - [08/Jun/2015:09:40:23 -0500] "GET /BLA/resoluciones/RESOLUCIONES%202014/3137.pdf HTTP/1.1" 200 491296
66.249.64.223 - - [08/Jun/2015:09:40:35 -0500] "GET /BLA/resoluciones/AUTOS%202014/5454.pdf HTTP/1.1" 200 446290
207.46.13.104 - - [08/Jun/2015:09:40:35 -0500] "GET /BLA/resoluciones/RESOLUCIONES%202013/0764.pdf HTTP/1.1" 200 1684076
207.46.13.104 - - [08/Jun/2015:09:40:36 -0500] "GET /BLA/resoluciones/AUTOS%202012/1588.pdf HTTP/1.1" 200 850332
190.25.157.12 - - [08/Jun/2015:09:40:36 -0500] "POST /forms/lservlet;jsessionid=ac16012b30d6d47c3dd7da3942e9b051bb596cc42a02.e3iSbxaKaheRe34MbhmNaxqNb41ynknvrkLOlQzNp65In0 HTTP/1.1" 200 24
207.46.13.104 - - [08/Jun/2015:09:40:36 -0500] "GET /bla/resoluciones/resoluciones%202010/1552.pdf HTTP/1.1" 200 400747
190.25.157.12 - - [08/Jun/2015:09:40:36 -0500] "POST /forms/lservlet;jsessionid=ac16012b30d6d47c3dd7da3942e9b051bb596cc42a02.e3iSbxaKaheRe34MbhmNaxqNb41ynknvrkLOlQzNp65In0 HTTP/1.1" 200 4268
190.25.157.12 - - [08/Jun/2015:09:40:37 -0500] "POST /forms/lservlet;jsessionid=ac16012b30d6d47c3dd7da3942e9b051bb596cc42a02.e3iSbxaKaheRe34MbhmNaxqNb41ynknvrkLOlQzNp65In0 HTTP/1.1" 200 2
207.46.13.104 - - [08/Jun/2015:09:40:37 -0500] "GET /BLA/resoluciones/RESOLUCIONES%202010/5570.pdf HTTP/1.1" 200 1952782
207.46.13.104 - - [08/Jun/2015:09:40:38 -0500] "GET /bla/resoluciones/resoluciones%202011/1851.pdf HTTP/1.1" 200 1359083
190.25.157.12 - - [08/Jun/2015:09:40:40 -0500] "POST /forms/lservlet;jsessionid=ac16012b30d6d47c3dd7da3942e9b051bb596cc42a02.e3iSbxaKaheRe34MbhmNaxqNb41ynknvrkLOlQzNp65In0 HTTP/1.1" 200 2
180.76.15.155 - - [08/Jun/2015:09:40:41 -0500] "GET /BLA/resoluciones/RESOLUCIONES%202007/RES%202007%201%20AL%20100/RESOLUCION%200034%20%20DE%202007.pdf HTTP/1.1" 200 51742
190.25.157.12 - - [08/Jun/2015:09:40:40 -0500] "POST /forms/lservlet;jsessionid=ac16012b30d6d47c3dd7da3942e9b051bb596cc42a02.e3iSbxaKaheRe34MbhmNaxqNb41ynknvrkLOlQzNp65In0 HTTP/1.1" 200 14
207.46.13.68 - - [08/Jun/2015:09:40:42 -0500] "GET /bla/resoluciones/resoluciones%202010/6875.pdf HTTP/1.1" 200 372142
190.25.157.12 - - [08/Jun/2015:09:40:41 -0500] "POST /forms/lservlet;jsessionid=ac16012b30d6d47c3dd7da3942e9b051bb596cc42a02.e3iSbxaKaheRe34MbhmNaxqNb41ynknvrkLOlQzNp65In0 HTTP/1.1" 200 14
207.46.13.68 - - [08/Jun/2015:09:40:42 -0500] "GET /BLA/resoluciones/RESOLUCIONES%202011/2877.pdf HTTP/1.1" 200 747250
54.92.234.248 - - [08/Jun/2015:09:40:43 -0500] "GET /BLA/boletinlegal/js/jquery.scrollTo-min.js HTTP/1.1" 200 1150
54.92.234.248 - - [08/Jun/2015:09:40:43 -0500] "GET /galeria/galeria/jquery.fancybox.css?v=2.1.5 HTTP/1.1" 200 4895
54.92.234.248 - - [08/Jun/2015:09:40:43 -0500] "GET /galeria/galeria/jquery.fancybox.js?v=2.1.5 HTTP/1.1" 200 48706
54.92.234.248 - - [08/Jun/2015:09:40:43 -0500] "GET /BLA/boletinlegal/js/jquery.scrollShow.js HTTP/1.1" 200 4586
190.25.157.12 - - [08/Jun/2015:09:40:42 -0500] "POST /forms/lservlet;jsessionid=ac16012b30d6d47c3dd7da3942e9b051bb596cc42a02.e3iSbxaKaheRe34MbhmNaxqNb41ynknvrkLOlQzNp65In0 HTTP/1.1" 200 14
190.25.157.12 - - [08/Jun/2015:09:40:44 -0500] "POST /forms/lservlet;jsessionid=ac16012b30d6d47c3dd7da3942e9b051bb596cc42a02.e3iSbxaKaheRe34MbhmNaxqNb41ynknvrkLOlQzNp65In0 HTTP/1.1" 200 14
157.55.39.134 - - [08/Jun/2015:09:40:45 -0500] "GET /bla/resoluciones/resoluciones%202010/0026.pdf HTTP/1.1" 200 416858
207.46.13.68 - - [08/Jun/2015:09:40:45 -0500] "GET /BLA/resoluciones/RESOLUCIONES%202008/3529.pdf HTTP/1.1" 200 307637
157.55.39.134 - - [08/Jun/2015:09:40:46 -0500] "GET /BLA/resoluciones/RESOLUCIONES%202010/7441.pdf HTTP/1.1" 200 586668
190.25.157.12 - - [08/Jun/2015:09:40:45 -0500] "POST /forms/lservlet;jsessionid=ac16012b30d6d47c3dd7da3942e9b051bb596cc42a02.e3iSbxaKaheRe34MbhmNaxqNb41ynknvrkLOlQzNp65In0 HTTP/1.1" 200 15
190.25.157.12 - - [08/Jun/2015:09:40:48 -0500] "POST /forms/lservlet;jsessionid=ac16012b30d6d47c3dd7da3942e9b051bb596cc42a02.e3iSbxaKaheRe34MbhmNaxqNb41ynknvrkLOlQzNp65In0 HTTP/1.1" 200 15
190.25.157.12 - - [08/Jun/2015:09:40:52 -0500] "POST /forms/lservlet;jsessionid=ac16012b30d6d47c3dd7da3942e9b051bb596cc42a02.e3iSbxaKaheRe34MbhmNaxqNb41ynknvrkLOlQzNp65In0 HTTP/1.1" 200 15
180.76.15.136 - - [08/Jun/2015:09:40:58 -0500] "GET /BLA/resoluciones/RESOLUCIONES%202014/2675.pdf HTTP/1.1" 200 313561
190.25.157.12 - - [08/Jun/2015:09:41:00 -0500] "POST /forms/lservlet;jsessionid=ac16012b30d6d47c3dd7da3942e9b051bb596cc42a02.e3iSbxaKaheRe34MbhmNaxqNb41ynknvrkLOlQzNp65In0 HTTP/1.1" 200 15
181.55.242.241 - - [08/Jun/2015:09:41:05 -0500] "GET /forest/documentos/1962812/2014EE192411.docx HTTP/1.1" 200 1138152
181.61.173.135 - - [08/Jun/2015:09:41:06 -0500] "GET /forest/login.do HTTP/1.1" 200 12815
207.46.13.68 - - [08/Jun/2015:09:41:07 -0500] "GET /BLA/resoluciones/RESOLUCIONES%202011/2995.pdf HTTP/1.1" 200 668174
207.46.13.68 - - [08/Jun/2015:09:41:08 -0500] "GET /bla/resoluciones/resoluciones%202009/9246.pdf HTTP/1.1" 200 494715
207.46.13.68 - - [08/Jun/2015:09:41:08 -0500] "GET /BLA/resoluciones/RESOLUCIONES%202008/3051.pdf HTTP/1.1" 200 319234
190.25.157.12 - - [08/Jun/2015:09:41:09 -0500] "POST /forms/lservlet;jsessionid=ac16012b30d6d47c3dd7da3942e9b051bb596cc42a02.e3iSbxaKaheRe34MbhmNaxqNb41ynknvrkLOlQzNp65In0 HTTP/1.1" 200 112
190.25.157.12 - - [08/Jun/2015:09:41:09 -0500] "POST /forms/lservlet;jsessionid=ac16012b30d6d47c3dd7da3942e9b051bb596cc42a02.e3iSbxaKaheRe34MbhmNaxqNb41ynknvrkLOlQzNp65In0 HTTP/1.1" 200 2
207.46.13.104 - - [08/Jun/2015:09:41:14 -0500] "GET /BLA/resoluciones/RESOLUCIONES%202009/8181.pdf HTTP/1.1" 200 497187
207.46.13.104 - - [08/Jun/2015:09:41:14 -0500] "GET /BLA/resoluciones/RESOLUCIONES%202008/1998.pdf HTTP/1.1" 200 243592
207.46.13.104 - - [08/Jun/2015:09:41:15 -0500] "GET /BLA/resoluciones/AUTOS%202012/1574.pdf HTTP/1.1" 200 533072
207.46.13.104 - - [08/Jun/2015:09:41:15 -0500] "GET /bla/resoluciones/resoluciones%202009/4946.pdf HTTP/1.1" 200 643996
180.76.15.31 - - [08/Jun/2015:09:41:15 -0500] "GET /BLA/resoluciones/RESOLUCIONES%202014/2747.pdf HTTP/1.1" 200 728327
207.46.13.104 - - [08/Jun/2015:09:41:16 -0500] "GET /bla/resoluciones/resoluciones%202009/9563.pdf HTTP/1.1" 200 496049
207.46.13.104 - - [08/Jun/2015:09:41:16 -0500] "GET /bla/resoluciones/resoluciones%202010/7223.pdf HTTP/1.1" 200 571386
181.61.173.135 - - [08/Jun/2015:09:41:16 -0500] "POST /forest/login.do HTTP/1.1" 302 -
181.61.173.135 - - [08/Jun/2015:09:41:17 -0500] "GET /forest/index2.jsp?a=0.7483565238182741 HTTP/1.1" 200 87876
181.61.173.135 - - [08/Jun/2015:09:41:18 -0500] "GET /forest/session.jsp?a=0.5309093205723912 HTTP/1.1" 200 4
200.106.165.244 - - [08/Jun/2015:09:41:18 -0500] "GET /BLA/boletinlegal/js/jquery.scrollTo-min.js HTTP/1.1" 200 1150
200.106.165.244 - - [08/Jun/2015:09:41:18 -0500] "GET /BLA/boletinlegal/js/jquery.scrollShow.js HTTP/1.1" 200 4586
200.106.165.244 - - [08/Jun/2015:09:41:18 -0500] "GET /galeria/galeria/jquery.fancybox.js?v=2.1.5 HTTP/1.1" 200 48706
200.106.165.244 - - [08/Jun/2015:09:41:18 -0500] "GET /galeria/galeria/jquery.fancybox.css?v=2.1.5 HTTP/1.1" 200 4895
200.106.165.244 - - [08/Jun/2015:09:41:18 -0500] "GET /galeria/carrusel/Carrusel/jquery.thumbnailScroller.css HTTP/1.1" 200 2066
200.106.165.244 - - [08/Jun/2015:09:41:18 -0500] "GET /galeria/carrusel/Carrusel/jquery-ui-1.8.13.custom.min.js HTTP/1.1" 200 10800
200.106.165.244 - - [08/Jun/2015:09:41:19 -0500] "GET /galeria/carrusel/Carrusel/jquery.thumbnailScroller.js HTTP/1.1" 200 8157
181.61.173.135 - - [08/Jun/2015:09:41:20 -0500] "POST /forest/index.do HTTP/1.1" 302 -
181.61.173.135 - - [08/Jun/2015:09:41:21 -0500] "GET /forest/index2.jsp?a=0.4548529978092152 HTTP/1.1" 200 43597
181.61.173.135 - - [08/Jun/2015:09:41:21 -0500] "GET /forest/session.jsp?a=0.524411981459707 HTTP/1.1" 200 4
200.106.165.244 - - [08/Jun/2015:09:41:22 -0500] "GET /galeria/nivo-slider/demo/demo.html HTTP/1.1" 200 5219
200.106.165.244 - - [08/Jun/2015:09:41:22 -0500] "GET /galeria/nivo-slider/themes/default/default.css HTTP/1.1" 200 1569
200.106.165.244 - - [08/Jun/2015:09:41:22 -0500] "GET /galeria/nivo-slider/themes/pascal/pascal.css HTTP/1.1" 200 2258
200.106.165.244 - - [08/Jun/2015:09:41:22 -0500] "GET /galeria/nivo-slider/themes/orman/orman.css HTTP/1.1" 200 2152
200.106.165.244 - - [08/Jun/2015:09:41:22 -0500] "GET /galeria/nivo-slider/nivo-slider.css HTTP/1.1" 200 1507
200.106.165.244 - - [08/Jun/2015:09:41:22 -0500] "GET /galeria/nivo-slider/demo/style.css HTTP/1.1" 200 2222
200.106.165.244 - - [08/Jun/2015:09:41:22 -0500] "GET /galeria/nivo-slider/demo/scripts/jquery-1.7.1.min.js HTTP/1.1" 200 93868
200.106.165.244 - - [08/Jun/2015:09:41:22 -0500] "GET /galeria/nivo-slider/jquery.nivo.slider.pack.js HTTP/1.1" 200 11561
200.106.165.244 - - [08/Jun/2015:09:41:22 -0500] "GET /galeria/nivo-slider/demo/images/Semana-Ambiental.jpg HTTP/1.1" 200 62910
200.106.165.244 - - [08/Jun/2015:09:41:22 -0500] "GET /galeria/nivo-slider/demo/images/medio-ambiente.jpg HTTP/1.1" 200 105259
200.106.165.244 - - [08/Jun/2015:09:41:22 -0500] "GET /galeria/nivo-slider/demo/images/Comparendo-ambiental-Banner.jpg HTTP/1.1" 200 83731
200.106.165.244 - - [08/Jun/2015:09:41:22 -0500] "GET /galeria/nivo-slider/demo/images/GAE-banner.jpg HTTP/1.1" 200 97556
200.106.165.244 - - [08/Jun/2015:09:41:22 -0500] "GET /galeria/nivo-slider/demo/images/9Signos.jpg HTTP/1.1" 200 81776
181.61.173.135 - - [08/Jun/2015:09:41:27 -0500] "GET /forest/usutareas.do?group_system_actual=3&codTraEsc=18292107&_a=0.10103249946226622 HTTP/1.1" 200 109916
181.61.173.135 - - [08/Jun/2015:09:41:28 -0500] "GET /forest/session.jsp?a=0.5974898380227387 HTTP/1.1" 200 4
66.249.64.233 - - [08/Jun/2015:09:41:31 -0500] "GET /sig/Gesti%C3%B3n%20Talento%20Humano/126PA01-PR14.pdf HTTP/1.1" 200 46081
180.76.15.8 - - [08/Jun/2015:09:41:32 -0500] "GET /BLA/resoluciones/RESOLUCIONES%202014/2296.pdf HTTP/1.1" 200 597622
200.106.165.244 - - [08/Jun/2015:09:41:34 -0500] "GET /galeria/nivo-slider/demo/images/Banner-encuesta-de-percepscio.jpg HTTP/1.1" 200 201899
200.106.165.244 - - [08/Jun/2015:09:41:34 -0500] "GET /galeria/nivo-slider/demo/images/banner-Pacto-por-la-madera.jpg HTTP/1.1" 200 209966
181.61.173.135 - - [08/Jun/2015:09:41:33 -0500] "POST /forest/usutareas.do? HTTP/1.1" 200 76
200.106.165.244 - - [08/Jun/2015:09:41:34 -0500] "GET /galeria/nivo-slider/demo/images/acuerdo_569.jpg HTTP/1.1" 200 62670
200.106.165.244 - - [08/Jun/2015:09:41:34 -0500] "GET /galeria/nivo-slider/demo/images/Banner-salud.jpg HTTP/1.1" 200 181685
200.106.165.244 - - [08/Jun/2015:09:41:34 -0500] "GET /galeria/nivo-slider/demo/images/mailling-acercar-xpress.jpg HTTP/1.1" 200 137233
200.106.165.244 - - [08/Jun/2015:09:41:34 -0500] "GET /galeria/nivo-slider/demo/images/Licitaciones-proyecto-paramo.jpg HTTP/1.1" 200 221877
200.106.165.244 - - [08/Jun/2015:09:41:36 -0500] "GET /galeria/nivo-slider/demo/images/Banner-decreto1299.jpg HTTP/1.1" 200 182613
181.61.173.135 - - [08/Jun/2015:09:41:36 -0500] "GET /forest/usutareas.do?group_system_actual=3&a=0.8120457653421909 HTTP/1.1" 200 112098
181.61.173.135 - - [08/Jun/2015:09:41:37 -0500] "GET /forest/skins/gdocs-jar/img/plus.gif HTTP/1.1" 200 352
181.61.173.135 - - [08/Jun/2015:09:41:37 -0500] "GET /forest/skins/gdocs-jar/img/pencil.png HTTP/1.1" 200 23500
181.61.173.135 - - [08/Jun/2015:09:41:37 -0500] "GET /forest/skins/gdocs-jar/img/minus.png HTTP/1.1" 200 23511
181.61.173.135 - - [08/Jun/2015:09:41:37 -0500] "GET /forest/session.jsp?a=0.5054162184242159 HTTP/1.1" 200 4
181.61.173.135 - - [08/Jun/2015:09:41:37 -0500] "GET /forest/actions/forms.getMappedValues?id=id_EnlaceConcejo173&value=1433775419261&codForm=DPC_RepartoConsolidador&a=0.6298566511832178 HTTP/1.1" 200 24
200.106.165.244 - - [08/Jun/2015:09:41:38 -0500] "GET /galeria/nivo-slider/demo/images/Banner-Directorio.jpg HTTP/1.1" 200 182068
200.106.165.244 - - [08/Jun/2015:09:41:38 -0500] "GET /galeria/nivo-slider/demo/images/Ruta-vertimientos-01.jpg HTTP/1.1" 200 130151
200.106.165.244 - - [08/Jun/2015:09:41:39 -0500] "GET /galeria/nivo-slider/demo/images/bolsas-06.jpg HTTP/1.1" 200 90982
200.106.165.244 - - [08/Jun/2015:09:41:40 -0500] "GET /galeria/nivo-slider/demo/images/Conoce-los-humedales.jpg HTTP/1.1" 200 294036
200.106.165.244 - - [08/Jun/2015:09:41:41 -0500] "GET /galeria/nivo-slider/demo/images/ecolecta-Dic2014.png HTTP/1.1" 200 288593
200.106.165.244 - - [08/Jun/2015:09:41:41 -0500] "GET /galeria/nivo-slider/demo/images/Banner-Caracol-Africano.jpg HTTP/1.1" 200 331986
181.61.173.135 - - [08/Jun/2015:09:41:41 -0500] "GET /forest/actions/forms.getList?codForm=DPC_RepartoConsolidador&id=funcionarioasignado&text=A HTTP/1.1" 200 1245
181.61.173.135 - - [08/Jun/2015:09:41:41 -0500] "GET /forest/actions/forms.getList?codForm=DPC_RepartoConsolidador&id=funcionarioasignado&text=AP HTTP/1.1" 200 737
200.106.165.244 - - [08/Jun/2015:09:41:41 -0500] "GET /galeria/nivo-slider/demo/images/banner-llantas2.jpg HTTP/1.1" 200 204644
181.61.173.135 - - [08/Jun/2015:09:41:41 -0500] "GET /forest/actions/forms.getList?codForm=DPC_RepartoConsolidador&id=funcionarioasignado&text=APO HTTP/1.1" 200 69
200.106.165.244 - - [08/Jun/2015:09:41:41 -0500] "GET /galeria/nivo-slider/demo/images/4Simple_Slider.png HTTP/1.1" 200 11722
200.106.165.244 - - [08/Jun/2015:09:41:41 -0500] "GET /galeria/nivo-slider/themes/default/loading.gif HTTP/1.1" 200 1737
200.106.165.244 - - [08/Jun/2015:09:41:48 -0500] "GET /galeria/nivo-slider/themes/default/bullets.png HTTP/1.1" 200 1281
200.106.165.244 - - [08/Jun/2015:09:41:48 -0500] "GET /galeria/nivo-slider/themes/default/arrows.png HTTP/1.1" 200 824
157.55.39.134 - - [08/Jun/2015:09:41:48 -0500] "GET /bla/resoluciones/autos%202010/0117.pdf HTTP/1.1" 200 266941
181.61.173.135 - - [08/Jun/2015:09:41:48 -0500] "GET /forest/actions/forms.getList?codForm=DPC_RepartoConsolidador&id=codigoFuncionario&text=P HTTP/1.1" 200 1281
181.61.173.135 - - [08/Jun/2015:09:41:49 -0500] "GET /forest/actions/forms.getList?codForm=DPC_RepartoConsolidador&id=codigoFuncionario&text=PO HTTP/1.1" 200 1262
181.61.173.135 - - [08/Jun/2015:09:41:49 -0500] "GET /forest/actions/forms.getList?codForm=DPC_RepartoConsolidador&id=codigoFuncionario&text=POS HTTP/1.1" 200 261
157.55.39.134 - - [08/Jun/2015:09:41:49 -0500] "GET /bla/resoluciones/RESOLUCIONES%202011/4660.pdf HTTP/1.1" 200 926383
181.61.173.135 - - [08/Jun/2015:09:41:49 -0500] "GET /forest/actions/forms.getList?codForm=DPC_RepartoConsolidador&id=codigoFuncionario&text=POSA HTTP/1.1" 200 133
181.61.173.135 - - [08/Jun/2015:09:41:49 -0500] "GET /forest/actions/forms.getList?codForm=DPC_RepartoConsolidador&id=codigoFuncionario&text=POSAD HTTP/1.1" 200 133
181.61.173.135 - - [08/Jun/2015:09:41:49 -0500] "GET /forest/actions/forms.getList?codForm=DPC_RepartoConsolidador&id=codigoFuncionario&text=POSADA HTTP/1.1" 200 133
157.55.39.134 - - [08/Jun/2015:09:41:49 -0500] "GET /BLA/resoluciones/AUTOS%202012/0911.pdf HTTP/1.1" 200 244960
157.55.39.134 - - [08/Jun/2015:09:41:49 -0500] "GET /BLA/resoluciones/RESOLUCIONES%202011/1338.pdf HTTP/1.1" 200 66111
180.76.15.146 - - [08/Jun/2015:09:41:50 -0500] "GET /BLA/resoluciones/RESOLUCIONES%202008/1718.pdf HTTP/1.1" 200 616123
190.25.157.12 - - [08/Jun/2015:09:41:09 -0500] "GET /reports/rwservlet/getjobid352684?server=rep_srvapsda HTTP/1.1" 200 34994183
186.85.225.85 - - [08/Jun/2015:09:41:59 -0500] "GET /galeria/mapa/3MapaBogot%C3%A1.jpg HTTP/1.1" 200 688183
207.46.13.68 - - [08/Jun/2015:09:41:59 -0500] "GET /BLA/resoluciones/RESOLUCIONES%202013/1401.pdf HTTP/1.1" 200 675815
207.46.13.68 - - [08/Jun/2015:09:41:59 -0500] "GET /BLA/resoluciones/AUTOS%202010/1460.pdf HTTP/1.1" 200 245463
207.46.13.68 - - [08/Jun/2015:09:42:00 -0500] "GET /bla/resoluciones/resoluciones%202009/8714.pdf HTTP/1.1" 200 498258
207.46.13.68 - - [08/Jun/2015:09:42:00 -0500] "GET /BLA/resoluciones/RESOLUCIONES%202010/4391.pdf HTTP/1.1" 200 590715
207.46.13.68 - - [08/Jun/2015:09:42:01 -0500] "GET /BLA/resoluciones/RESOLUCIONES%202011/5386.pdf HTTP/1.1" 200 573170
180.76.15.23 - - [08/Jun/2015:09:42:07 -0500] "GET /BLA/resoluciones/RESOLUCIONES%202008/2772.pdf HTTP/1.1" 200 337410
157.55.39.167 - - [08/Jun/2015:09:42:12 -0500] "GET /BLA/resoluciones/RESOLUCIONES%202008/2553.pdf HTTP/1.1" 200 32487
157.55.39.167 - - [08/Jun/2015:09:42:12 -0500] "GET /BLA/resoluciones/RESOLUCIONES%202007/RES%202007%203501%20AL%203600/RESOLUCION%203548%20DE%202007.pdf HTTP/1.1" 200 49698
157.55.39.167 - - [08/Jun/2015:09:42:13 -0500] "GET /BLA/resoluciones/RESOLUCIONES%202014/0840.pdf HTTP/1.1" 200 565725
157.55.39.167 - - [08/Jun/2015:09:42:13 -0500] "GET /BLA/resoluciones/RESOLUCIONES%202010/4831.pdf HTTP/1.1" 200 748885
157.55.39.167 - - [08/Jun/2015:09:42:13 -0500] "GET /BLA/resoluciones/Autos%202008/3321.pdf HTTP/1.1" 200 89396
157.55.39.167 - - [08/Jun/2015:09:42:14 -0500] "GET /bla/resoluciones/RESOLUCIONES%202009/5006.pdf HTTP/1.1" 200 706121
157.55.39.167 - - [08/Jun/2015:09:42:14 -0500] "GET /bla/resoluciones/resoluciones%202011/1347.pdf HTTP/1.1" 200 69723
157.55.39.167 - - [08/Jun/2015:09:42:15 -0500] "GET /bla/resoluciones/resoluciones%202010/3836.pdf HTTP/1.1" 200 151636
157.55.39.167 - - [08/Jun/2015:09:42:15 -0500] "GET /BLA/resoluciones/AUTOS%202009/2660.pdf HTTP/1.1" 200 105791
157.55.39.167 - - [08/Jun/2015:09:42:15 -0500] "GET /BLA/resoluciones/AUTOS%202012/2531.pdf HTTP/1.1" 200 1877949
157.55.39.167 - - [08/Jun/2015:09:42:16 -0500] "GET /BLA/resoluciones/RESOLUCIONES%202008/1717.pdf HTTP/1.1" 200 340222
157.55.39.167 - - [08/Jun/2015:09:42:16 -0500] "GET /BLA/resoluciones/RESOLUCIONES%202007/RES%202007%202701%20AL%202800/RESOLUCION%202759%20DE%202007.pdf HTTP/1.1" 200 369606
157.55.39.167 - - [08/Jun/2015:09:42:17 -0500] "GET /bla/resoluciones/autos%202010/1366.pdf HTTP/1.1" 200 251947
157.55.39.167 - - [08/Jun/2015:09:42:17 -0500] "GET /BLA/resoluciones/RESOLUCIONES%202010/6099.pdf HTTP/1.1" 200 656729
190.25.157.12 - - [08/Jun/2015:09:42:17 -0500] "POST /forms/lservlet;jsessionid=ac16012b30d6d47c3dd7da3942e9b051bb596cc42a02.e3iSbxaKaheRe34MbhmNaxqNb41ynknvrkLOlQzNp65In0 HTTP/1.1" 200 2
157.55.39.167 - - [08/Jun/2015:09:42:18 -0500] "GET /BLA/resoluciones/RESOLUCIONES%202007/RES%202007%201%20AL%20100/RESOLUCION%200023%20DE%202007.pdf HTTP/1.1" 200 69371
157.55.39.167 - - [08/Jun/2015:09:42:18 -0500] "GET /BLA/resoluciones/RESOLUCIONES%202009/5168.pdf HTTP/1.1" 200 628588
157.55.39.167 - - [08/Jun/2015:09:42:18 -0500] "GET /bla/resoluciones/resoluciones%202009/9302.pdf HTTP/1.1" 200 1211709
157.55.39.167 - - [08/Jun/2015:09:42:19 -0500] "GET /bla/resoluciones/resoluciones%202010/1361.pdf HTTP/1.1" 200 361786
157.55.39.167 - - [08/Jun/2015:09:42:19 -0500] "GET /BLA/resoluciones/AUTOS%202012/1996.pdf HTTP/1.1" 200 2320236
157.55.39.167 - - [08/Jun/2015:09:42:20 -0500] "GET /BLA/resoluciones/RESOLUCIONES%202008/4028.pdf HTTP/1.1" 200 212805
157.55.39.167 - - [08/Jun/2015:09:42:20 -0500] "GET /BLA/resoluciones/RESOLUCIONES%202008/5329.pdf HTTP/1.1" 200 243201
157.55.39.167 - - [08/Jun/2015:09:42:21 -0500] "GET /BLA/resoluciones/RESOLUCIONES%202008/5074.pdf HTTP/1.1" 200 241706
157.55.39.167 - - [08/Jun/2015:09:42:21 -0500] "GET /bla/resoluciones/RESOLUCIONES%202009/9120.pdf HTTP/1.1" 200 410858
157.55.39.167 - - [08/Jun/2015:09:42:21 -0500] "GET /BLA/resoluciones/AUTOS%202009/3265.pdf HTTP/1.1" 200 109520
157.55.39.167 - - [08/Jun/2015:09:42:22 -0500] "GET /BLA/resoluciones/RESOLUCIONES%202009/8176.pdf HTTP/1.1" 200 501273
157.55.39.167 - - [08/Jun/2015:09:42:23 -0500] "GET /BLA/resoluciones/AUTOS%202010/6886.pdf HTTP/1.1" 200 227653
157.55.39.167 - - [08/Jun/2015:09:42:23 -0500] "GET /BLA/resoluciones/RESOLUCIONES%202009/4396.pdf HTTP/1.1" 200 744405
157.55.39.167 - - [08/Jun/2015:09:42:23 -0500] "GET /bla/resoluciones/RESOLUCIONES%202011/3984.pdf HTTP/1.1" 200 923534
201.245.192.253 - - [08/Jun/2015:09:39:24 -0500] "GET /ForestMSG_SDA/channelAsync/template_word_18303147?X-Atmosphere-tracking-id=ef7b8cca-22a0-3631-7219-93916646b115&X-Atmosphere-Framework=1.0.5&X-Atmosphere-Transport=long-polling&tabid=0.1128270248301344&X-Cache-Date=0&Content-Type=application/xml&_=1433774426822 HTTP/1.1" 200 8193
157.55.39.167 - - [08/Jun/2015:09:42:24 -0500] "GET /bla/resoluciones/RESOLUCIONES%202011/5779.pdf HTTP/1.1" 200 1637906
180.76.15.21 - - [08/Jun/2015:09:42:24 -0500] "GET /BLA/resoluciones/RESOLUCIONES%202014/2095.pdf HTTP/1.1" 200 648687
157.55.39.167 - - [08/Jun/2015:09:42:24 -0500] "GET /bla/resoluciones/resoluciones%202009/6762.pdf HTTP/1.1" 200 646922
66.249.64.233 - - [08/Jun/2015:09:42:28 -0500] "GET /sig/Direccionamiento%20Estrategico/126PG01-PR07.pdf HTTP/1.1" 200 3326948
190.25.157.12 - - [08/Jun/2015:09:42:31 -0500] "POST /forms/lservlet;jsessionid=ac16012b30d6d47c3dd7da3942e9b051bb596cc42a02.e3iSbxaKaheRe34MbhmNaxqNb41ynknvrkLOlQzNp65In0 HTTP/1.1" 200 2
190.25.157.12 - - [08/Jun/2015:09:42:31 -0500] "POST /forms/lservlet;jsessionid=ac16012b30d6d47c3dd7da3942e9b051bb596cc42a02.e3iSbxaKaheRe34MbhmNaxqNb41ynknvrkLOlQzNp65In0 HTTP/1.1" 200 14
190.25.157.12 - - [08/Jun/2015:09:42:33 -0500] "POST /forms/lservlet;jsessionid=ac16012b30d6d47c3dd7da3942e9b051bb596cc42a02.e3iSbxaKaheRe34MbhmNaxqNb41ynknvrkLOlQzNp65In0 HTTP/1.1" 200 14
190.25.157.12 - - [08/Jun/2015:09:42:34 -0500] "POST /forms/lservlet;jsessionid=ac16012b30d6d47c3dd7da3942e9b051bb596cc42a02.e3iSbxaKaheRe34MbhmNaxqNb41ynknvrkLOlQzNp65In0 HTTP/1.1" 200 14
190.25.157.12 - - [08/Jun/2015:09:42:35 -0500] "POST /forms/lservlet;jsessionid=ac16012b30d6d47c3dd7da3942e9b051bb596cc42a02.e3iSbxaKaheRe34MbhmNaxqNb41ynknvrkLOlQzNp65In0 HTTP/1.1" 200 14
190.25.157.12 - - [08/Jun/2015:09:42:37 -0500] "POST /forms/lservlet;jsessionid=ac16012b30d6d47c3dd7da3942e9b051bb596cc42a02.e3iSbxaKaheRe34MbhmNaxqNb41ynknvrkLOlQzNp65In0 HTTP/1.1" 200 15
190.25.157.12 - - [08/Jun/2015:09:42:40 -0500] "POST /forms/lservlet;jsessionid=ac16012b30d6d47c3dd7da3942e9b051bb596cc42a02.e3iSbxaKaheRe34MbhmNaxqNb41ynknvrkLOlQzNp65In0 HTTP/1.1" 200 15
180.76.15.149 - - [08/Jun/2015:09:42:42 -0500] "GET /BLA/resoluciones/RESOLUCIONES%202010/6305.pdf HTTP/1.1" 200 11388978
74.86.158.107 - - [08/Jun/2015:09:42:45 -0500] "HEAD / HTTP/1.1" 200 -
190.25.157.12 - - [08/Jun/2015:09:42:44 -0500] "POST /forms/lservlet;jsessionid=ac16012b30d6d47c3dd7da3942e9b051bb596cc42a02.e3iSbxaKaheRe34MbhmNaxqNb41ynknvrkLOlQzNp65In0 HTTP/1.1" 200 15
207.46.13.104 - - [08/Jun/2015:09:42:51 -0500] "GET /BLA/resoluciones/RESOLUCIONES%202008/1083.pdf HTTP/1.1" 200 293748
207.46.13.104 - - [08/Jun/2015:09:42:51 -0500] "GET /bla/resoluciones/resoluciones%202010/7016.pdf HTTP/1.1" 200 2771433
207.46.13.104 - - [08/Jun/2015:09:42:52 -0500] "GET /bla/resoluciones/resoluciones%202010/2529.pdf HTTP/1.1" 200 493033
207.46.13.104 - - [08/Jun/2015:09:42:52 -0500] "GET /BLA/resoluciones/RESOLUCIONES%202008/1560.pdf HTTP/1.1" 200 275382
190.25.157.12 - - [08/Jun/2015:09:42:51 -0500] "POST /forms/lservlet;jsessionid=ac16012b30d6d47c3dd7da3942e9b051bb596cc42a02.e3iSbxaKaheRe34MbhmNaxqNb41ynknvrkLOlQzNp65In0 HTTP/1.1" 200 15
207.46.13.68 - - [08/Jun/2015:09:42:54 -0500] "GET /BLA/resoluciones/RESOLUCIONES%202008/4780.pdf HTTP/1.1" 200 171831
207.46.13.68 - - [08/Jun/2015:09:42:55 -0500] "GET /bla/resoluciones/resoluciones%202010/6976.pdf HTTP/1.1" 200 353818
207.46.13.68 - - [08/Jun/2015:09:42:55 -0500] "GET /bla/resoluciones/autos%202010/1879.pdf HTTP/1.1" 200 89060
207.46.13.68 - - [08/Jun/2015:09:42:56 -0500] "GET /BLA/resoluciones/RESOLUCIONES%202010/6340.pdf HTTP/1.1" 200 2609161
207.46.13.68 - - [08/Jun/2015:09:42:56 -0500] "GET /BLA/resoluciones/RESOLUCIONES%202011/3939.pdf HTTP/1.1" 200 765115
207.46.13.68 - - [08/Jun/2015:09:42:57 -0500] "GET /BLA/resoluciones/RESOLUCIONES%202013/1407.pdf HTTP/1.1" 200 712913
207.46.13.68 - - [08/Jun/2015:09:42:57 -0500] "GET /BLA/resoluciones/RESOLUCIONES%202009/8229.pdf HTTP/1.1" 200 1633336
180.76.15.134 - - [08/Jun/2015:09:42:59 -0500] "GET /BLA/resoluciones/RESOLUCIONES%202008/0946.pdf HTTP/1.1" 200 327363
190.25.157.12 - - [08/Jun/2015:09:43:00 -0500] "POST /forms/lservlet;jsessionid=ac16012b30d6d47c3dd7da3942e9b051bb596cc42a02.e3iSbxaKaheRe34MbhmNaxqNb41ynknvrkLOlQzNp65In0 HTTP/1.1" 200 116
190.25.157.12 - - [08/Jun/2015:09:43:00 -0500] "POST /forms/lservlet;jsessionid=ac16012b30d6d47c3dd7da3942e9b051bb596cc42a02.e3iSbxaKaheRe34MbhmNaxqNb41ynknvrkLOlQzNp65In0 HTTP/1.1" 200 2
157.55.39.10 - - [08/Jun/2015:09:43:01 -0500] "GET /BLA/resoluciones/RESOLUCIONES%202011/5859.pdf HTTP/1.1" 200 422087
157.55.39.10 - - [08/Jun/2015:09:43:01 -0500] "GET /BLA/resoluciones/RESOLUCIONES%202010/5935.pdf HTTP/1.1" 200 1302654
157.55.39.10 - - [08/Jun/2015:09:43:02 -0500] "GET /BLA/resoluciones/RESOLUCIONES%202008/0538.pdf HTTP/1.1" 200 258088
157.55.39.10 - - [08/Jun/2015:09:43:02 -0500] "GET /BLA/resoluciones/Autos%202008/2624.pdf HTTP/1.1" 200 54201
157.55.39.10 - - [08/Jun/2015:09:43:03 -0500] "GET /bla/resoluciones/RESOLUCIONES%202009/9107.pdf HTTP/1.1" 200 411388
180.76.15.28 - - [08/Jun/2015:09:43:16 -0500] "GET /BLA/resoluciones/RESOLUCIONES%202014/0578.pdf HTTP/1.1" 200 667227
186.118.199.35 - - [08/Jun/2015:09:43:18 -0500] "GET /galeria/galeria/jquery.fancybox.css?v=2.1.5 HTTP/1.1" 200 4895
186.118.199.35 - - [08/Jun/2015:09:43:18 -0500] "GET /BLA/boletinlegal/js/jquery.scrollTo-min.js HTTP/1.1" 200 1150
186.118.199.35 - - [08/Jun/2015:09:43:18 -0500] "GET /BLA/boletinlegal/js/jquery.scrollShow.js HTTP/1.1" 200 4586
186.118.199.35 - - [08/Jun/2015:09:43:18 -0500] "GET /galeria/galeria/jquery.fancybox.js?v=2.1.5 HTTP/1.1" 200 48706
181.133.2.253 - - [08/Jun/2015:09:43:20 -0500] "GET /galeria/mapa/humedal.html? HTTP/1.1" 200 11204
181.133.2.253 - - [08/Jun/2015:09:43:20 -0500] "GET /galeria/mapa/3MapaBogot%C3%A1.jpg HTTP/1.1" 200 688183
181.133.2.253 - - [08/Jun/2015:09:43:20 -0500] "GET /galeria/mapa/TORCA12.jpg HTTP/1.1" 200 24337
181.133.2.253 - - [08/Jun/2015:09:43:20 -0500] "GET /galeria/mapa/Guaymaral12.jpg HTTP/1.1" 200 53686
181.133.2.253 - - [08/Jun/2015:09:43:20 -0500] "GET /galeria/mapa/CORDOBA12.jpg HTTP/1.1" 200 23380
181.133.2.253 - - [08/Jun/2015:09:43:20 -0500] "GET /galeria/mapa/JUANAMARILLO12.jpg HTTP/1.1" 200 21131
181.133.2.253 - - [08/Jun/2015:09:43:20 -0500] "GET /galeria/mapa/CONEJERA12.jpg HTTP/1.1" 200 21841
181.133.2.253 - - [08/Jun/2015:09:43:20 -0500] "GET /galeria/mapa/SANTAMARIA22.jpg HTTP/1.1" 200 22321
181.133.2.253 - - [08/Jun/2015:09:43:20 -0500] "GET /galeria/mapa/JABOQUE12.jpg HTTP/1.1" 200 21815
181.133.2.253 - - [08/Jun/2015:09:43:20 -0500] "GET /galeria/mapa/capellania12.jpg HTTP/1.1" 200 22811
181.133.2.253 - - [08/Jun/2015:09:43:20 -0500] "GET /galeria/mapa/MEANDRO12.jpg HTTP/1.1" 200 22732
181.133.2.253 - - [08/Jun/2015:09:43:20 -0500] "GET /galeria/mapa/TECHO12.jpg HTTP/1.1" 200 27716
181.133.2.253 - - [08/Jun/2015:09:43:20 -0500] "GET /galeria/mapa/BURRO12.jpg HTTP/1.1" 200 24169
181.133.2.253 - - [08/Jun/2015:09:43:21 -0500] "GET /galeria/mapa/VACA12.jpg HTTP/1.1" 200 22491
181.133.2.253 - - [08/Jun/2015:09:43:21 -0500] "GET /galeria/mapa/TIBANICA12.jpg HTTP/1.1" 200 23039
181.133.2.253 - - [08/Jun/2015:09:43:21 -0500] "GET /galeria/mapa/Aula-Soratama.jpg HTTP/1.1" 200 51270
181.133.2.253 - - [08/Jun/2015:09:43:21 -0500] "GET /galeria/mapa/Aula-Nevados.jpg HTTP/1.1" 200 64761
181.133.2.253 - - [08/Jun/2015:09:43:21 -0500] "GET /galeria/mapa/Montana-Entrenubes.jpg HTTP/1.1" 200 42011
181.133.2.253 - - [08/Jun/2015:09:43:21 -0500] "GET /galeria/mapa/aulaSantaM.jpg HTTP/1.1" 200 69216
207.46.13.68 - - [08/Jun/2015:09:43:23 -0500] "GET /BLA/resoluciones/RESOLUCIONES%202011/5014.pdf HTTP/1.1" 200 594866
207.46.13.68 - - [08/Jun/2015:09:43:24 -0500] "GET /BLA/resoluciones/RESOLUCIONES%202008/2445.pdf HTTP/1.1" 200 109988
207.46.13.68 - - [08/Jun/2015:09:43:24 -0500] "GET /bla/resoluciones/RESOLUCIONES%202009/7372.pdf HTTP/1.1" 200 887803
66.249.64.233 - - [08/Jun/2015:09:43:25 -0500] "GET /sig/Gesti%C3%B3n%20Talento%20Humano/126PA01-PR20.pdf HTTP/1.1" 200 71236
152.200.133.207 - - [08/Jun/2015:09:43:26 -0500] "GET /galeria/galeria/jquery.fancybox.css?v=2.1.5 HTTP/1.1" 200 4895
152.200.133.207 - - [08/Jun/2015:09:43:26 -0500] "GET /BLA/boletinlegal/js/jquery.scrollTo-min.js HTTP/1.1" 200 1150
152.200.133.207 - - [08/Jun/2015:09:43:26 -0500] "GET /BLA/boletinlegal/js/jquery.scrollShow.js HTTP/1.1" 200 4586
152.200.133.207 - - [08/Jun/2015:09:43:26 -0500] "GET /galeria/galeria/jquery.fancybox.js?v=2.1.5 HTTP/1.1" 200 48706
186.118.199.35 - - [08/Jun/2015:09:43:26 -0500] "GET /galeria/galeria/jquery.fancybox.css?v=2.1.5 HTTP/1.1" 304 -
186.118.199.35 - - [08/Jun/2015:09:43:26 -0500] "GET /BLA/boletinlegal/js/jquery.scrollTo-min.js HTTP/1.1" 304 -
186.118.199.35 - - [08/Jun/2015:09:43:26 -0500] "GET /BLA/boletinlegal/js/jquery.scrollShow.js HTTP/1.1" 304 -
186.118.199.35 - - [08/Jun/2015:09:43:26 -0500] "GET /galeria/galeria/jquery.fancybox.js?v=2.1.5 HTTP/1.1" 304 -
157.55.39.11 - - [08/Jun/2015:09:43:29 -0500] "GET /bla/resoluciones/RESOLUCIONES%202009/4730.pdf HTTP/1.1" 200 1029105
157.55.39.11 - - [08/Jun/2015:09:43:30 -0500] "GET /bla/resoluciones/resoluciones%202009/8146.pdf HTTP/1.1" 200 500047
157.55.39.11 - - [08/Jun/2015:09:43:30 -0500] "GET /BLA/resoluciones/RESOLUCIONES%202011/1196.pdf HTTP/1.1" 200 241352
157.55.39.11 - - [08/Jun/2015:09:43:32 -0500] "GET /BLA/resoluciones/AUTOS%202010/1400.pdf HTTP/1.1" 200 253409
157.55.39.11 - - [08/Jun/2015:09:43:32 -0500] "GET /bla/resoluciones/resoluciones%202010/5261.pdf HTTP/1.1" 200 349156
152.200.133.207 - - [08/Jun/2015:09:43:33 -0500] "GET /BLA/boletinlegal/js/jquery.scrollShow.js HTTP/1.1" 304 -
152.200.133.207 - - [08/Jun/2015:09:43:33 -0500] "GET /BLA/boletinlegal/js/jquery.scrollTo-min.js HTTP/1.1" 304 -
152.200.133.207 - - [08/Jun/2015:09:43:33 -0500] "GET /galeria/galeria/jquery.fancybox.js?v=2.1.5 HTTP/1.1" 304 -
152.200.133.207 - - [08/Jun/2015:09:43:33 -0500] "GET /galeria/galeria/jquery.fancybox.css?v=2.1.5 HTTP/1.1" 304 -
180.76.15.16 - - [08/Jun/2015:09:43:33 -0500] "GET /BLA/resoluciones/RESOLUCIONES%202014/2989.pdf HTTP/1.1" 200 3464388
207.46.13.104 - - [08/Jun/2015:09:43:35 -0500] "GET /BLA/resoluciones/RESOLUCIONES%202009/3524.pdf HTTP/1.1" 200 715958
207.46.13.104 - - [08/Jun/2015:09:43:35 -0500] "GET /bla/resoluciones/resoluciones%202010/7260.pdf HTTP/1.1" 200 306575
207.46.13.104 - - [08/Jun/2015:09:43:35 -0500] "GET /bla/resoluciones/resoluciones%202011/1632.pdf HTTP/1.1" 200 68011
190.25.157.12 - - [08/Jun/2015:09:43:00 -0500] "GET /reports/rwservlet/getjobid352685?server=rep_srvapsda HTTP/1.1" 200 32309176
180.76.15.34 - - [08/Jun/2015:09:43:51 -0500] "GET /BLA/resoluciones/RESOLUCIONES%202008/1505.pdf HTTP/1.1" 200 427381
207.46.13.68 - - [08/Jun/2015:09:43:55 -0500] "GET /bla/resoluciones/RESOLUCIONES%202009/7645.pdf HTTP/1.1" 200 491173
190.25.157.12 - - [08/Jun/2015:09:44:03 -0500] "POST /forms/lservlet;jsessionid=ac16012b30d6d47c3dd7da3942e9b051bb596cc42a02.e3iSbxaKaheRe34MbhmNaxqNb41ynknvrkLOlQzNp65In0 HTTP/1.1" 200 2
190.25.157.12 - - [08/Jun/2015:09:44:03 -0500] "POST /forms/lservlet;jsessionid=ac16012b30d6d47c3dd7da3942e9b051bb596cc42a02.e3iSbxaKaheRe34MbhmNaxqNb41ynknvrkLOlQzNp65In0 HTTP/1.1" 200 14
190.25.157.12 - - [08/Jun/2015:09:44:04 -0500] "POST /forms/lservlet;jsessionid=ac16012b30d6d47c3dd7da3942e9b051bb596cc42a02.e3iSbxaKaheRe34MbhmNaxqNb41ynknvrkLOlQzNp65In0 HTTP/1.1" 200 14
190.25.157.12 - - [08/Jun/2015:09:44:06 -0500] "POST /forms/lservlet;jsessionid=ac16012b30d6d47c3dd7da3942e9b051bb596cc42a02.e3iSbxaKaheRe34MbhmNaxqNb41ynknvrkLOlQzNp65In0 HTTP/1.1" 200 113
190.25.157.12 - - [08/Jun/2015:09:44:06 -0500] "POST /forms/lservlet;jsessionid=ac16012b30d6d47c3dd7da3942e9b051bb596cc42a02.e3iSbxaKaheRe34MbhmNaxqNb41ynknvrkLOlQzNp65In0 HTTP/1.1" 200 2
190.25.157.12 - - [08/Jun/2015:09:44:06 -0500] "GET /reports/rwservlet/getjobid352686?server=rep_srvapsda HTTP/1.1" 200 47917
207.46.13.104 - - [08/Jun/2015:09:44:07 -0500] "GET /BLA/resoluciones/Autos%202008/2989.pdf HTTP/1.1" 200 247542
180.76.15.144 - - [08/Jun/2015:09:44:08 -0500] "GET /BLA/resoluciones/RESOLUCIONES%202014/1494.pdf HTTP/1.1" 200 438794
190.25.157.12 - - [08/Jun/2015:09:44:17 -0500] "POST /forms/lservlet;jsessionid=ac16012b30d6d47c3dd7da3942e9b051bb596cc42a02.e3iSbxaKaheRe34MbhmNaxqNb41ynknvrkLOlQzNp65In0 HTTP/1.1" 200 2
66.249.64.233 - - [08/Jun/2015:09:44:21 -0500] "GET /sig/Gesti%C3%B3n%20de%20Recursos%20F%C3%ADsicos/126PA04-PR28.pdf HTTP/1.1" 200 151605
180.76.15.158 - - [08/Jun/2015:09:44:25 -0500] "GET /BLA/resoluciones/RESOLUCIONES%202014/1280.pdf HTTP/1.1" 200 681757
207.46.13.68 - - [08/Jun/2015:09:44:28 -0500] "GET /BLA/resoluciones/RESOLUCIONES%202008/4640.pdf HTTP/1.1" 200 69772
207.46.13.68 - - [08/Jun/2015:09:44:28 -0500] "GET /bla/resoluciones/resoluciones%202009/9227.pdf HTTP/1.1" 200 507632
207.46.13.68 - - [08/Jun/2015:09:44:29 -0500] "GET /BLA/resoluciones/RESOLUCIONES%202010/7008.pdf HTTP/1.1" 200 520426
207.46.13.68 - - [08/Jun/2015:09:44:30 -0500] "GET /BLA/resoluciones/AUTOS%202009/2749.pdf HTTP/1.1" 200 95890
180.76.15.146 - - [08/Jun/2015:09:44:43 -0500] "GET /BLA/resoluciones/RESOLUCIONES%202014/2442.pdf HTTP/1.1" 200 7534339
181.55.242.241 - - [08/Jun/2015:09:44:52 -0500] "GET /forest/session.jsp?a=0.8173681446351111 HTTP/1.1" 200 4
207.46.13.104 - - [08/Jun/2015:09:44:53 -0500] "GET /BLA/resoluciones/RESOLUCIONES%202010/6936.pdf HTTP/1.1" 200 677728
207.46.13.104 - - [08/Jun/2015:09:44:53 -0500] "GET /BLA/resoluciones/RESOLUCIONES%202011/1653.pdf HTTP/1.1" 200 71729
207.46.13.104 - - [08/Jun/2015:09:44:54 -0500] "GET /BLA/resoluciones/AUTOS%202011/0771.pdf HTTP/1.1" 200 436429
207.46.13.104 - - [08/Jun/2015:09:44:54 -0500] "GET /bla/resoluciones/RESOLUCIONES%202011/5392.pdf HTTP/1.1" 200 404408
207.46.13.104 - - [08/Jun/2015:09:44:54 -0500] "GET /bla/resoluciones/resoluciones%202009/7543.pdf HTTP/1.1" 200 498453
207.46.13.68 - - [08/Jun/2015:09:44:57 -0500] "GET /BLA/resoluciones/RESOLUCIONES%202010/2569.pdf HTTP/1.1" 200 502757
181.61.173.135 - - [08/Jun/2015:09:44:56 -0500] "POST /forest/usutareas.do? HTTP/1.1" 200 76
54.157.246.35 - - [08/Jun/2015:09:44:58 -0500] "GET /galeria/galeria/jquery.fancybox.js?v=2.1.5 HTTP/1.1" 200 48706
54.157.246.35 - - [08/Jun/2015:09:44:58 -0500] "GET /galeria/galeria/jquery.fancybox.css?v=2.1.5 HTTP/1.1" 200 4895
207.46.13.68 - - [08/Jun/2015:09:44:58 -0500] "GET /BLA/resoluciones/RESOLUCIONES%202011/4895.pdf HTTP/1.1" 200 622678
207.46.13.68 - - [08/Jun/2015:09:44:58 -0500] "GET /BLA/resoluciones/RESOLUCIONES%202013/1189.pdf HTTP/1.1" 200 438786
54.157.246.35 - - [08/Jun/2015:09:44:58 -0500] "GET /videos/galeria-cronicas/1V3wnplaylist.htm? HTTP/1.1" 200 4013
54.157.246.35 - - [08/Jun/2015:09:44:59 -0500] "GET /videos/galeria-cronicas/skin/blue.monday/jplayer.blue.monday.css HTTP/1.1" 200 12518
54.157.246.35 - - [08/Jun/2015:09:44:59 -0500] "GET /videos/galeria-cronicas/js/jquery.jplayer.min.js HTTP/1.1" 200 43668
54.157.246.35 - - [08/Jun/2015:09:44:59 -0500] "GET /videos/galeria-cronicas/js/jplayer.playlist.min.js HTTP/1.1" 200 8608
181.61.173.135 - - [08/Jun/2015:09:44:59 -0500] "GET /forest/usutareas.do?group_system_actual=3&a=0.37592913303524256 HTTP/1.1" 200 113815
181.61.173.135 - - [08/Jun/2015:09:45:00 -0500] "GET /forest/js/usutareas-docs.js HTTP/1.1" 200 646
181.61.173.135 - - [08/Jun/2015:09:45:00 -0500] "GET /forest/skins/gdocs-jar/js/grid.js?version=1503.161801 HTTP/1.1" 200 7034
181.61.173.135 - - [08/Jun/2015:09:45:00 -0500] "GET /forest/js/socketConnection.js HTTP/1.1" 200 3648
181.61.173.135 - - [08/Jun/2015:09:45:00 -0500] "GET /forest/skins/gdocs-jar/img/bola.gif HTTP/1.1" 200 272
181.61.173.135 - - [08/Jun/2015:09:45:00 -0500] "GET /forest/js/jquery/jquery-1.5.2.min.js HTTP/1.1" 304 -
181.61.173.135 - - [08/Jun/2015:09:45:00 -0500] "GET /forest/skins/gdocs-jar/img/iconCallForm.gif HTTP/1.1" 200 1043
181.61.173.135 - - [08/Jun/2015:09:45:00 -0500] "GET /forest/js/jquery/jquery.atmosphere.js HTTP/1.1" 200 103614
181.61.173.135 - - [08/Jun/2015:09:45:00 -0500] "GET /forest/session.jsp?a=0.7237569061107934 HTTP/1.1" 200 4
181.61.173.135 - - [08/Jun/2015:09:45:00 -0500] "GET /forest/actions/forms.getMappedValues?id=id_EnlaceConcejo17&value=1433775419261&codForm=DPC_ElaborarBorradorConsolidador&a=0.4591687242500484 HTTP/1.1" 200 26
180.76.15.159 - - [08/Jun/2015:09:45:00 -0500] "GET /BLA/resoluciones/RESOLUCIONES%202014/3229.pdf HTTP/1.1" 200 4079933
190.25.157.12 - - [08/Jun/2015:09:45:01 -0500] "POST /forms/lservlet;jsessionid=ac16012b30d6d47c3dd7da3942e9b051bb596cc42a02.e3iSbxaKaheRe34MbhmNaxqNb41ynknvrkLOlQzNp65In0 HTTP/1.1" 200 2
190.25.157.12 - - [08/Jun/2015:09:45:01 -0500] "POST /forms/lservlet;jsessionid=ac16012b30d6d47c3dd7da3942e9b051bb596cc42a02.e3iSbxaKaheRe34MbhmNaxqNb41ynknvrkLOlQzNp65In0 HTTP/1.1" 200 14
190.25.157.12 - - [08/Jun/2015:09:45:02 -0500] "POST /forms/lservlet;jsessionid=ac16012b30d6d47c3dd7da3942e9b051bb596cc42a02.e3iSbxaKaheRe34MbhmNaxqNb41ynknvrkLOlQzNp65In0 HTTP/1.1" 200 113
190.25.157.12 - - [08/Jun/2015:09:45:02 -0500] "POST /forms/lservlet;jsessionid=ac16012b30d6d47c3dd7da3942e9b051bb596cc42a02.e3iSbxaKaheRe34MbhmNaxqNb41ynknvrkLOlQzNp65In0 HTTP/1.1" 200 2
190.25.157.12 - - [08/Jun/2015:09:45:02 -0500] "GET /reports/rwservlet/getjobid352687?server=rep_srvapsda HTTP/1.1" 200 73377
181.61.173.135 - - [08/Jun/2015:09:45:03 -0500] "GET /forest/actions/sgc.getPlantillaByInst?codForm=2021&codInst=3151361 HTTP/1.1" 200 97224
180.76.15.149 - - [08/Jun/2015:09:45:17 -0500] "GET /BLA/resoluciones/RESOLUCIONES%202014/1247.pdf HTTP/1.1" 200 1979376
66.249.64.228 - - [08/Jun/2015:09:45:18 -0500] "GET /sig/ECS/126PM04-PR04.pdf HTTP/1.1" 200 2983801
66.249.64.228 - - [08/Jun/2015:09:45:21 -0500] "GET /BLA/resoluciones/RESOLUCIONES%202007/RES%202007%202201%20AL%202300/RESOLUCION%202253%20DE%202007.pdf HTTP/1.1" 200 595469
201.245.192.253 - - [08/Jun/2015:09:42:24 -0500] "GET /ForestMSG_SDA/channelAsync/template_word_18303147?X-Atmosphere-tracking-id=ef7b8cca-22a0-3631-7219-93916646b115&X-Atmosphere-Framework=1.0.5&X-Atmosphere-Transport=long-polling&tabid=0.1128270248301344&X-Cache-Date=0&Content-Type=application/xml&_=1433774606813 HTTP/1.1" 200 8193
207.46.13.104 - - [08/Jun/2015:09:45:30 -0500] "GET /bla/resoluciones/RESOLUCIONES%202011/4956.pdf HTTP/1.1" 200 351467
157.55.39.11 - - [08/Jun/2015:09:45:30 -0500] "GET /BLA/resoluciones/AUTOS%202012/0239.pdf HTTP/1.1" 200 295773
157.55.39.11 - - [08/Jun/2015:09:45:31 -0500] "GET /bla/resoluciones/resoluciones%202010/7367.pdf HTTP/1.1" 200 339716
157.55.39.11 - - [08/Jun/2015:09:45:31 -0500] "GET /BLA/resoluciones/AUTOS%202009/3319.pdf HTTP/1.1" 200 205532
157.55.39.11 - - [08/Jun/2015:09:45:32 -0500] "GET /bla/resoluciones/RESOLUCIONES%202009/7588.pdf HTTP/1.1" 200 496223
157.55.39.11 - - [08/Jun/2015:09:45:32 -0500] "GET /bla/resoluciones/resoluciones%202011/0917.pdf HTTP/1.1" 200 73253
181.61.173.135 - - [08/Jun/2015:09:45:32 -0500] "GET /forest/usudocumentos.do?_a=0.9887925507500768&group_system_actual=3 HTTP/1.1" 200 12815
189.188.143.66 - - [08/Jun/2015:09:45:34 -0500] "GET /BLA/boletinlegal/js/jquery.scrollTo-min.js HTTP/1.1" 200 1150
189.188.143.66 - - [08/Jun/2015:09:45:34 -0500] "GET /BLA/boletinlegal/js/jquery.scrollShow.js HTTP/1.1" 200 4586
189.188.143.66 - - [08/Jun/2015:09:45:34 -0500] "GET /galeria/galeria/jquery.fancybox.js?v=2.1.5 HTTP/1.1" 200 48706
189.188.143.66 - - [08/Jun/2015:09:45:34 -0500] "GET /galeria/galeria/jquery.fancybox.css?v=2.1.5 HTTP/1.1" 200 4895
180.76.15.17 - - [08/Jun/2015:09:45:34 -0500] "GET /BLA/resoluciones/RESOLUCIONES%202014/1297.pdf HTTP/1.1" 200 1513734
189.188.143.66 - - [08/Jun/2015:09:45:42 -0500] "GET /BLA/boletinlegal/js/jquery.scrollTo-min.js HTTP/1.1" 304 -
189.188.143.66 - - [08/Jun/2015:09:45:42 -0500] "GET /BLA/boletinlegal/js/jquery.scrollShow.js HTTP/1.1" 304 -
189.188.143.66 - - [08/Jun/2015:09:45:42 -0500] "GET /galeria/galeria/jquery.fancybox.js?v=2.1.5 HTTP/1.1" 304 -
189.188.143.66 - - [08/Jun/2015:09:45:42 -0500] "GET /galeria/galeria/jquery.fancybox.css?v=2.1.5 HTTP/1.1" 304 -
190.25.157.12 - - [08/Jun/2015:09:45:43 -0500] "POST /forms/lservlet;jsessionid=ac16012b30d6d47c3dd7da3942e9b051bb596cc42a02.e3iSbxaKaheRe34MbhmNaxqNb41ynknvrkLOlQzNp65In0 HTTP/1.1" 200 2
190.25.157.12 - - [08/Jun/2015:09:45:43 -0500] "POST /forms/lservlet;jsessionid=ac16012b30d6d47c3dd7da3942e9b051bb596cc42a02.e3iSbxaKaheRe34MbhmNaxqNb41ynknvrkLOlQzNp65In0 HTTP/1.1" 200 14
190.25.157.12 - - [08/Jun/2015:09:45:44 -0500] "POST /forms/lservlet;jsessionid=ac16012b30d6d47c3dd7da3942e9b051bb596cc42a02.e3iSbxaKaheRe34MbhmNaxqNb41ynknvrkLOlQzNp65In0 HTTP/1.1" 200 14
190.25.157.12 - - [08/Jun/2015:09:45:45 -0500] "POST /forms/lservlet;jsessionid=ac16012b30d6d47c3dd7da3942e9b051bb596cc42a02.e3iSbxaKaheRe34MbhmNaxqNb41ynknvrkLOlQzNp65In0 HTTP/1.1" 200 14
181.61.173.135 - - [08/Jun/2015:09:45:47 -0500] "POST /forest/login.do HTTP/1.1" 302 -
181.61.173.135 - - [08/Jun/2015:09:45:47 -0500] "GET /forest/index2.jsp?a=0.0828995156175325 HTTP/1.1" 200 87876
181.61.173.135 - - [08/Jun/2015:09:45:47 -0500] "GET /forest/session.jsp?a=0.8586710949894041 HTTP/1.1" 200 4
190.25.157.12 - - [08/Jun/2015:09:45:47 -0500] "POST /forms/lservlet;jsessionid=ac16012b30d6d47c3dd7da3942e9b051bb596cc42a02.e3iSbxaKaheRe34MbhmNaxqNb41ynknvrkLOlQzNp65In0 HTTP/1.1" 200 14
190.25.157.12 - - [08/Jun/2015:09:45:49 -0500] "POST /forms/lservlet;jsessionid=ac16012b30d6d47c3dd7da3942e9b051bb596cc42a02.e3iSbxaKaheRe34MbhmNaxqNb41ynknvrkLOlQzNp65In0 HTTP/1.1" 200 15
181.61.173.135 - - [08/Jun/2015:09:45:51 -0500] "POST /forest/index.do HTTP/1.1" 302 -
181.61.173.135 - - [08/Jun/2015:09:45:51 -0500] "GET /forest/index2.jsp?a=0.8885460286310434 HTTP/1.1" 200 43386
181.61.173.135 - - [08/Jun/2015:09:45:51 -0500] "GET /forest/session.jsp?a=0.7033332271967083 HTTP/1.1" 200 4
180.76.15.7 - - [08/Jun/2015:09:45:52 -0500] "GET /BLA/resoluciones/RESOLUCIONES%202012/0329.pdf HTTP/1.1" 200 285292
181.55.242.241 - - [08/Jun/2015:09:39:52 -0500] "GET /ForestMSG_SDA/channelAsync/template_word_18203571?X-Atmosphere-tracking-id=8f6709f3-dfde-e820-bb56-42d0c8ea62ed&X-Atmosphere-Framework=1.0.5&X-Atmosphere-Transport=long-polling&tabid=0.9327505708206445&X-Cache-Date=0&Content-Type=application/xml&_=1433774551138 HTTP/1.1" 200 8193
190.25.157.12 - - [08/Jun/2015:09:45:51 -0500] "POST /forms/lservlet;jsessionid=ac16012b30d6d47c3dd7da3942e9b051bb596cc42a02.e3iSbxaKaheRe34MbhmNaxqNb41ynknvrkLOlQzNp65In0 HTTP/1.1" 200 15
190.25.157.12 - - [08/Jun/2015:09:45:55 -0500] "POST /forms/lservlet;jsessionid=ac16012b30d6d47c3dd7da3942e9b051bb596cc42a02.e3iSbxaKaheRe34MbhmNaxqNb41ynknvrkLOlQzNp65In0 HTTP/1.1" 200 15
190.80.186.111 - - [08/Jun/2015:09:45:58 -0500] "GET /BLA/resoluciones/AUTOS%202013/1048.pdf HTTP/1.1" 200 1771557
190.80.186.111 - - [08/Jun/2015:09:45:58 -0500] "GET /favicon.ico HTTP/1.1" 200 7782
207.46.13.68 - - [08/Jun/2015:09:45:59 -0500] "GET /BLA/resoluciones/RESOLUCIONES%202007/RES%202007%203301%20AL%203400/RESOLUCION%203357%20DE%202007.pdf HTTP/1.1" 200 443500
207.46.13.68 - - [08/Jun/2015:09:46:00 -0500] "GET /bla/resoluciones/RESOLUCIONES%202011/4232.pdf HTTP/1.1" 200 483285
190.80.186.111 - - [08/Jun/2015:09:46:00 -0500] "GET /BLA/resoluciones/AUTOS%202013/1048.pdf HTTP/1.1" 206 32768
207.46.13.68 - - [08/Jun/2015:09:46:00 -0500] "GET /bla/resoluciones/resoluciones%202011/0147.pdf HTTP/1.1" 200 359432
190.80.186.111 - - [08/Jun/2015:09:46:00 -0500] "GET /BLA/resoluciones/AUTOS%202013/1048.pdf HTTP/1.1" 206 1738789
207.46.13.68 - - [08/Jun/2015:09:46:00 -0500] "GET /bla/resoluciones/resoluciones%202009/8764.pdf HTTP/1.1" 200 55666
207.46.13.68 - - [08/Jun/2015:09:46:01 -0500] "GET /bla/resoluciones/resoluciones%202009/9431.pdf HTTP/1.1" 200 530947
190.25.157.12 - - [08/Jun/2015:09:46:03 -0500] "POST /forms/lservlet;jsessionid=ac16012b30d6d47c3dd7da3942e9b051bb596cc42a02.e3iSbxaKaheRe34MbhmNaxqNb41ynknvrkLOlQzNp65In0 HTTP/1.1" 200 15
161.18.111.161 - - [08/Jun/2015:09:46:06 -0500] "GET /BLA/boletinlegal/js/jquery.scrollTo-min.js HTTP/1.1" 200 1150
161.18.111.161 - - [08/Jun/2015:09:46:06 -0500] "GET /BLA/boletinlegal/js/jquery.scrollShow.js HTTP/1.1" 200 4586
161.18.111.161 - - [08/Jun/2015:09:46:06 -0500] "GET /galeria/galeria/jquery.fancybox.js?v=2.1.5 HTTP/1.1" 200 48706
161.18.111.161 - - [08/Jun/2015:09:46:07 -0500] "GET /galeria/galeria/jquery.fancybox.css?v=2.1.5 HTTP/1.1" 200 4895
180.76.15.140 - - [08/Jun/2015:09:46:09 -0500] "GET /BLA/resoluciones/AUTOS%202013/3512.pdf HTTP/1.1" 200 469521
190.25.157.12 - - [08/Jun/2015:09:46:12 -0500] "POST /forms/lservlet;jsessionid=ac16012b30d6d47c3dd7da3942e9b051bb596cc42a02.e3iSbxaKaheRe34MbhmNaxqNb41ynknvrkLOlQzNp65In0 HTTP/1.1" 200 113
190.25.157.12 - - [08/Jun/2015:09:46:12 -0500] "POST /forms/lservlet;jsessionid=ac16012b30d6d47c3dd7da3942e9b051bb596cc42a02.e3iSbxaKaheRe34MbhmNaxqNb41ynknvrkLOlQzNp65In0 HTTP/1.1" 200 2
190.25.157.12 - - [08/Jun/2015:09:46:12 -0500] "GET /reports/rwservlet/getjobid352688?server=rep_srvapsda HTTP/1.1" 200 519927
157.55.39.10 - - [08/Jun/2015:09:46:12 -0500] "GET /bla/resoluciones/resoluciones%202010/6184.pdf HTTP/1.1" 200 3337965
157.55.39.10 - - [08/Jun/2015:09:46:13 -0500] "GET /bla/resoluciones/resoluciones%202009/9293.pdf HTTP/1.1" 200 103032
157.55.39.10 - - [08/Jun/2015:09:46:14 -0500] "GET /BLA/boletinlegal/Directivas/2014/Directiva%20No.%204%20del%2006%20de%20Junio%20de%202014.pdf HTTP/1.1" 200 236794
157.55.39.10 - - [08/Jun/2015:09:46:14 -0500] "GET /BLA/resoluciones/AUTOS%202012/2005.pdf HTTP/1.1" 200 2899427
66.249.64.223 - - [08/Jun/2015:09:46:14 -0500] "GET /sig/ECS/126PM04-PR93.pdf HTTP/1.1" 200 4154124
157.55.39.10 - - [08/Jun/2015:09:46:15 -0500] "GET /bla/resoluciones/resoluciones%202009/8502.pdf HTTP/1.1" 200 688644
207.46.13.104 - - [08/Jun/2015:09:46:17 -0500] "GET /BLA/resoluciones/RESOLUCIONES%202014/0899.pdf HTTP/1.1" 200 644380
207.46.13.104 - - [08/Jun/2015:09:46:17 -0500] "GET /bla/resoluciones/resoluciones%202010/0245.pdf HTTP/1.1" 200 281597
207.46.13.104 - - [08/Jun/2015:09:46:18 -0500] "GET /BLA/resoluciones/Autos%202008/3178.pdf HTTP/1.1" 200 175530
207.46.13.104 - - [08/Jun/2015:09:46:19 -0500] "GET /bla/resoluciones/resoluciones%202010/6870.pdf HTTP/1.1" 200 188438
207.46.13.68 - - [08/Jun/2015:09:46:22 -0500] "GET /bla/resoluciones/resoluciones%202009/6167.pdf HTTP/1.1" 200 766455
207.46.13.68 - - [08/Jun/2015:09:46:23 -0500] "GET /bla/resoluciones/resoluciones%202009/3201.pdf HTTP/1.1" 200 619209
207.46.13.68 - - [08/Jun/2015:09:46:25 -0500] "GET /BLA/resoluciones/RESOLUCIONES%202011/5311.pdf HTTP/1.1" 200 408600
190.25.157.12 - - [08/Jun/2015:09:46:26 -0500] "POST /forms/lservlet;jsessionid=ac16012b30d6d47c3dd7da3942e9b051bb596cc42a02.e3iSbxaKaheRe34MbhmNaxqNb41ynknvrkLOlQzNp65In0 HTTP/1.1" 200 2
180.76.15.163 - - [08/Jun/2015:09:46:26 -0500] "GET /BLA/resoluciones/RESOLUCIONES%202014/0970.pdf HTTP/1.1" 200 7233237
161.18.111.161 - - [08/Jun/2015:09:46:27 -0500] "GET /BLA/boletinlegal/js/jquery.scrollTo-min.js HTTP/1.1" 200 1150
161.18.111.161 - - [08/Jun/2015:09:46:27 -0500] "GET /BLA/boletinlegal/js/jquery.scrollShow.js HTTP/1.1" 200 4586
161.18.111.161 - - [08/Jun/2015:09:46:28 -0500] "GET /galeria/galeria/jquery.fancybox.js?v=2.1.5 HTTP/1.1" 200 48706
161.18.111.161 - - [08/Jun/2015:09:46:28 -0500] "GET /galeria/galeria/jquery.fancybox.css?v=2.1.5 HTTP/1.1" 200 4895
181.134.203.2 - - [08/Jun/2015:09:46:28 -0500] "GET /galeria/galeria/jquery.fancybox.css?v=2.1.5 HTTP/1.1" 200 4895
181.134.203.2 - - [08/Jun/2015:09:46:28 -0500] "GET /BLA/boletinlegal/js/jquery.scrollTo-min.js HTTP/1.1" 200 1150
181.134.203.2 - - [08/Jun/2015:09:46:28 -0500] "GET /BLA/boletinlegal/js/jquery.scrollShow.js HTTP/1.1" 200 4586
181.134.203.2 - - [08/Jun/2015:09:46:28 -0500] "GET /galeria/galeria/jquery.fancybox.js?v=2.1.5 HTTP/1.1" 200 48706
66.249.64.228 - - [08/Jun/2015:09:46:39 -0500] "GET /galeria/nivo-slider/demo/images/Licitaciones-proyecto-paramo.jpg HTTP/1.1" 304 -
207.46.13.68 - - [08/Jun/2015:09:46:40 -0500] "GET /BLA/resoluciones/RESOLUCIONES%202011/4705.pdf HTTP/1.1" 200 715650
