157.55.39.167 - - [08/Jun/2015:00:21:53 -0500] "GET /bla/resoluciones/RESOLUCIONES%202009/5784.pdf HTTP/1.1" 200 1026645
157.55.39.167 - - [08/Jun/2015:00:21:54 -0500] "GET /BLA/resoluciones/RESOLUCIONES%202010/6026.pdf HTTP/1.1" 200 736523
157.55.39.167 - - [08/Jun/2015:00:21:54 -0500] "GET /BLA/resoluciones/RESOLUCIONES%202008/0954.pdf HTTP/1.1" 200 184065
157.55.39.167 - - [08/Jun/2015:00:21:55 -0500] "GET /bla/resoluciones/autos%202010/0840.pdf HTTP/1.1" 200 185553
157.55.39.167 - - [08/Jun/2015:00:21:55 -0500] "GET /bla/resoluciones/autos%202010/6707.pdf HTTP/1.1" 200 185181
157.55.39.167 - - [08/Jun/2015:00:21:55 -0500] "GET /BLA/resoluciones/AUTOS%202009/3107.pdf HTTP/1.1" 200 149052
180.76.15.153 - - [08/Jun/2015:00:21:58 -0500] "GET /BLA/resoluciones/RESOLUCIONES%202008/1246.pdf HTTP/1.1" 200 997530
207.46.13.68 - - [08/Jun/2015:00:22:02 -0500] "GET /BLA/resoluciones/RESOLUCIONES%202007/RES%202007%204201%20AL%204300/RESOLUCION%204274%20DE%202007.pdf HTTP/1.1" 200 311077
190.26.236.113 - - [08/Jun/2015:00:22:14 -0500] "POST /forms/lservlet;jsessionid=ac16012b30d6cbf8a861549d4aaaa584af93aeeca8db.e3iSbxaKaheRe34MbhmNaxqNb41ynknvrkLOlQzNp65In0 HTTP/1.1" 200 2
180.76.15.143 - - [08/Jun/2015:00:22:16 -0500] "GET /BLA/resoluciones/RESOLUCIONES%202007/RES%202007%20701%20AL%20800/RESOLUCION%200726%20DE%202007.pdf HTTP/1.1" 200 230077
207.46.13.104 - - [08/Jun/2015:00:22:18 -0500] "GET /BLA/resoluciones/RESOLUCIONES%202013/1345.pdf HTTP/1.1" 200 530778
152.61.193.99 - - [08/Jun/2015:00:22:18 -0500] "HEAD / HTTP/1.1" 200 -
66.249.67.133 - - [08/Jun/2015:00:22:19 -0500] "GET /BLA/resoluciones/AUTOS%202014/0371.pdf HTTP/1.1" 200 431117
152.61.193.99 - - [08/Jun/2015:00:22:18 -0500] "GET /arcgis/services/Calidad_del_Agua_WQI/MapServer/WMSServer?request=GetCapabilities&service=WMS HTTP/1.1" 200 32135
152.61.193.99 - - [08/Jun/2015:00:22:19 -0500] "GET /arcgis/services/Calidad_del_Agua_WQI/MapServer/WMSServer?request=GetCapabilities&service=WMS HTTP/1.1" 200 32135
152.61.193.99 - - [08/Jun/2015:00:22:20 -0500] "GET /arcgis/services/Calidad_del_Agua_WQI/MapServer/WMSServer?request=GetCapabilities&service=WMS HTTP/1.1" 200 32135
152.61.193.99 - - [08/Jun/2015:00:22:20 -0500] "GET /arcgis/services/Calidad_del_Agua_WQI/MapServer/WMSServer?request=GetCapabilities&service=WMS HTTP/1.1" 200 32135
201.216.20.108 - - [08/Jun/2015:00:22:21 -0500] "POST /forms/lservlet;jsessionid=ac16012b30d687520e7de4ad41a2bf9687d9e8d71479.e3iSbxaKaheRe34MbhmNaxqNb41ynknvrkLOlQzNp65In0 HTTP/1.1" 200 2
152.61.193.99 - - [08/Jun/2015:00:22:21 -0500] "GET /arcgis/services/Calidad_del_Agua_WQI/MapServer/WMSServer?VERSION=1.1.1&REQUEST=GetMap&LAYERS=0&SRS=EPSG:4326&BBOX=-74.473395,3.674381,-73.963300,4.920569&WIDTH=250&HEIGHT=250&FORMAT=image/bmp&STYLES=& HTTP/1.1" 200 188054
157.55.39.10 - - [08/Jun/2015:00:22:22 -0500] "GET /BLA/resoluciones/RESOLUCIONES%202010/4597.pdf HTTP/1.1" 200 1251357
157.55.39.11 - - [08/Jun/2015:00:22:28 -0500] "GET /BLA/resoluciones/RESOLUCIONES%202011/1735.pdf HTTP/1.1" 200 525586
207.46.13.68 - - [08/Jun/2015:00:22:33 -0500] "GET /BLA/resoluciones/RESOLUCIONES%202009/9335.pdf HTTP/1.1" 200 756444
207.46.13.68 - - [08/Jun/2015:00:22:33 -0500] "GET /bla/resoluciones/resoluciones%202009/8680.pdf HTTP/1.1" 200 477241
207.46.13.68 - - [08/Jun/2015:00:22:34 -0500] "GET /BLA/resoluciones/RESOLUCIONES%202008/4237.pdf HTTP/1.1" 200 299734
207.46.13.68 - - [08/Jun/2015:00:23:02 -0500] "GET /bla/resoluciones/resoluciones%202010/0279.pdf HTTP/1.1" 200 112640
207.46.13.68 - - [08/Jun/2015:00:23:04 -0500] "GET /BLA/resoluciones/RESOLUCIONES%202013/2119.pdf HTTP/1.1" 200 450631
207.46.13.104 - - [08/Jun/2015:00:23:06 -0500] "GET /BLA/resoluciones/AUTOS%202012/1756.pdf HTTP/1.1" 200 898499
180.76.15.33 - - [08/Jun/2015:00:23:09 -0500] "GET /BLA/resoluciones/RESOLUCIONES%202011/2178.pdf HTTP/1.1" 200 494840
157.55.39.10 - - [08/Jun/2015:00:23:12 -0500] "GET /BLA/resoluciones/RESOLUCIONES%202013/0064.pdf HTTP/1.1" 200 593731
157.55.39.10 - - [08/Jun/2015:00:23:12 -0500] "GET /BLA/resoluciones/RESOLUCIONES%202010/3419.pdf HTTP/1.1" 200 824115
157.55.39.10 - - [08/Jun/2015:00:23:13 -0500] "GET /BLA/resoluciones/Autos%202008/2996.pdf HTTP/1.1" 200 247034
157.55.39.10 - - [08/Jun/2015:00:23:14 -0500] "GET /bla/resoluciones/RESOLUCIONES%202009/5998.pdf HTTP/1.1" 200 663634
207.46.13.104 - - [08/Jun/2015:00:23:18 -0500] "GET /BLA/resoluciones/RESOLUCIONES%202008/5051.pdf HTTP/1.1" 200 263599
207.46.13.104 - - [08/Jun/2015:00:23:18 -0500] "GET /bla/resoluciones/resoluciones%202010/1609.pdf HTTP/1.1" 200 3435927
180.76.15.26 - - [08/Jun/2015:00:23:27 -0500] "GET /BLA/resoluciones/RESOLUCIONES%202009/2284.pdf HTTP/1.1" 200 374970
157.55.39.10 - - [08/Jun/2015:00:23:32 -0500] "GET /BLA/resoluciones/RESOLUCIONES%202011/5219.pdf HTTP/1.1" 200 407382
207.46.13.104 - - [08/Jun/2015:00:23:34 -0500] "GET /BLA/resoluciones/AUTOS%202009/1258.pdf HTTP/1.1" 200 116242
66.249.67.133 - - [08/Jun/2015:00:23:36 -0500] "GET /BLA/resoluciones/AUTOS%202014/6587.pdf HTTP/1.1" 200 422235
207.46.13.68 - - [08/Jun/2015:00:23:41 -0500] "GET /bla/resoluciones/resoluciones%202009/6135.pdf HTTP/1.1" 200 214743
207.46.13.68 - - [08/Jun/2015:00:23:41 -0500] "GET /BLA/resoluciones/RESOLUCIONES%202010/4111.pdf HTTP/1.1" 200 763803
180.76.15.23 - - [08/Jun/2015:00:23:44 -0500] "GET /BLA/resoluciones/RESOLUCIONES%202010/2309.pdf HTTP/1.1" 200 507873
157.55.39.168 - - [08/Jun/2015:00:23:46 -0500] "GET /BLA/resoluciones/AUTOS%202012/0324.pdf HTTP/1.1" 200 313480
157.55.39.168 - - [08/Jun/2015:00:23:46 -0500] "GET /BLA/resoluciones/AUTOS%202010/5208.pdf HTTP/1.1" 200 155635
157.55.39.168 - - [08/Jun/2015:00:23:47 -0500] "GET /bla/resoluciones/RESOLUCIONES%202009/9470.pdf HTTP/1.1" 200 380629
157.55.39.168 - - [08/Jun/2015:00:23:47 -0500] "GET /BLA/resoluciones/RESOLUCIONES%202008/4774.pdf HTTP/1.1" 200 401098
74.86.158.107 - - [08/Jun/2015:00:23:50 -0500] "HEAD / HTTP/1.1" 200 -
157.55.39.134 - - [08/Jun/2015:00:23:50 -0500] "GET /BLA/resoluciones/RESOLUCIONES%202011/3617.pdf HTTP/1.1" 200 459170
157.55.39.134 - - [08/Jun/2015:00:23:50 -0500] "GET /BLA/resoluciones/RESOLUCIONES%202008/5400.pdf HTTP/1.1" 200 178807
157.55.39.134 - - [08/Jun/2015:00:23:51 -0500] "GET /BLA/resoluciones/RESOLUCIONES%202008/0083.pdf HTTP/1.1" 200 219137
66.249.67.107 - - [08/Jun/2015:00:23:52 -0500] "GET /BLA/resoluciones/AUTOS%202013/0838.pdf HTTP/1.1" 200 747818
201.245.192.253 - - [08/Jun/2015:00:21:12 -0500] "GET /ForestMSG_SDA/channelAsync/template_word_18303147?X-Atmosphere-tracking-id=ef7b8cca-22a0-3631-7219-93916646b115&X-Atmosphere-Framework=1.0.5&X-Atmosphere-Transport=long-polling&tabid=0.1128270248301344&X-Cache-Date=0&Content-Type=application/xml&_=1433740933533 HTTP/1.1" 200 8193
190.26.236.113 - - [08/Jun/2015:00:24:14 -0500] "POST /forms/lservlet;jsessionid=ac16012b30d6cbf8a861549d4aaaa584af93aeeca8db.e3iSbxaKaheRe34MbhmNaxqNb41ynknvrkLOlQzNp65In0 HTTP/1.1" 200 2
201.216.20.108 - - [08/Jun/2015:00:24:21 -0500] "POST /forms/lservlet;jsessionid=ac16012b30d687520e7de4ad41a2bf9687d9e8d71479.e3iSbxaKaheRe34MbhmNaxqNb41ynknvrkLOlQzNp65In0 HTTP/1.1" 200 2
207.46.13.68 - - [08/Jun/2015:00:24:25 -0500] "GET /bla/resoluciones/resoluciones%202010/6383.pdf HTTP/1.1" 200 740307
207.46.13.68 - - [08/Jun/2015:00:24:26 -0500] "GET /BLA/resoluciones/AUTOS%202009/0579.pdf HTTP/1.1" 200 126742
207.46.13.68 - - [08/Jun/2015:00:24:26 -0500] "GET /BLA/resoluciones/RESOLUCIONES%202013/0272.pdf HTTP/1.1" 200 3145171
207.46.13.68 - - [08/Jun/2015:00:24:27 -0500] "GET /BLA/resoluciones/RESOLUCIONES%202009/8277.pdf HTTP/1.1" 200 616734
157.55.39.11 - - [08/Jun/2015:00:24:28 -0500] "GET /bla/resoluciones/resoluciones%202009/3466.pdf HTTP/1.1" 200 621155
157.55.39.11 - - [08/Jun/2015:00:24:28 -0500] "GET /bla/resoluciones/resoluciones%202010/2428.pdf HTTP/1.1" 200 493457
157.55.39.11 - - [08/Jun/2015:00:24:28 -0500] "GET /BLA/resoluciones/RESOLUCIONES%202011/5134.pdf HTTP/1.1" 200 448971
157.55.39.11 - - [08/Jun/2015:00:24:29 -0500] "GET /bla/resoluciones/resoluciones%202010/2071.pdf HTTP/1.1" 200 196319
207.46.13.104 - - [08/Jun/2015:00:24:41 -0500] "GET /BLA/resoluciones/AUTOS%202012/2622.pdf HTTP/1.1" 200 1294300
190.158.220.60 - - [08/Jun/2015:00:24:42 -0500] "GET /dama/libreria/jpg/ecosistemas/aulas/aa2_1.jpg HTTP/1.1" 404 1315
190.158.220.60 - - [08/Jun/2015:00:24:50 -0500] "GET /dama/libreria/jpg/ecosistemas/aulas/aa2_1.jpg HTTP/1.1" 404 1315
207.46.13.68 - - [08/Jun/2015:00:24:52 -0500] "GET /BLA/resoluciones/RESOLUCIONES%202011/0863.pdf HTTP/1.1" 200 210321
207.46.13.68 - - [08/Jun/2015:00:24:52 -0500] "GET /bla/resoluciones/RESOLUCIONES%202009/7942.pdf HTTP/1.1" 200 498277
66.249.67.107 - - [08/Jun/2015:00:24:53 -0500] "GET /BLA/resoluciones/AUTOS%202014/6121.pdf HTTP/1.1" 200 102848
180.76.15.22 - - [08/Jun/2015:00:25:04 -0500] "GET /BLA/resoluciones/RESOLUCIONES%202009/1184.pdf HTTP/1.1" 200 282502
207.46.13.104 - - [08/Jun/2015:00:25:09 -0500] "GET /BLA/resoluciones/RESOLUCIONES%202012/1721.pdf HTTP/1.1" 200 1208192
157.55.39.10 - - [08/Jun/2015:00:25:13 -0500] "GET /BLA/resoluciones/RESOLUCIONES%202008/1773.pdf HTTP/1.1" 200 50537
157.55.39.10 - - [08/Jun/2015:00:25:14 -0500] "GET /bla/resoluciones/resoluciones%202010/0440.pdf HTTP/1.1" 200 492697
191.95.251.72 - - [08/Jun/2015:00:25:17 -0500] "GET /BLA/boletinlegal/js/jquery.scrollTo-min.js HTTP/1.1" 200 1150
191.95.251.72 - - [08/Jun/2015:00:25:17 -0500] "GET /BLA/boletinlegal/js/jquery.scrollShow.js HTTP/1.1" 200 4586
191.95.251.72 - - [08/Jun/2015:00:25:17 -0500] "GET /galeria/galeria/jquery.fancybox.js?v=2.1.5 HTTP/1.1" 200 48706
191.95.251.72 - - [08/Jun/2015:00:25:17 -0500] "GET /galeria/galeria/jquery.fancybox.css?v=2.1.5 HTTP/1.1" 200 4895
207.46.13.104 - - [08/Jun/2015:00:25:20 -0500] "GET /BLA/resoluciones/RESOLUCIONES%202009/5557.pdf HTTP/1.1" 200 674561
207.46.13.104 - - [08/Jun/2015:00:25:21 -0500] "GET /bla/resoluciones/resoluciones%202009/7405.pdf HTTP/1.1" 200 680905
207.46.13.104 - - [08/Jun/2015:00:25:21 -0500] "GET /bla/resoluciones/RESOLUCIONES%202009/7999.pdf HTTP/1.1" 200 140824
180.76.15.27 - - [08/Jun/2015:00:25:22 -0500] "GET /BLA/resoluciones/RESOLUCIONES%202008/0344.pdf HTTP/1.1" 200 352332
207.46.13.104 - - [08/Jun/2015:00:25:30 -0500] "GET /BLA/resoluciones/RESOLUCIONES%202011/1198.pdf HTTP/1.1" 200 347366
207.46.13.68 - - [08/Jun/2015:00:25:35 -0500] "GET /BLA/resoluciones/AUTOS%202009/2099.pdf HTTP/1.1" 200 437934
207.46.13.68 - - [08/Jun/2015:00:25:38 -0500] "GET /BLA/resoluciones/RESOLUCIONES%202009/9678.pdf HTTP/1.1" 200 533107
157.55.39.11 - - [08/Jun/2015:00:25:39 -0500] "GET /BLA/resoluciones/RESOLUCIONES%202014/3116.pdf HTTP/1.1" 200 182880
180.76.15.145 - - [08/Jun/2015:00:25:39 -0500] "GET /BLA/resoluciones/RESOLUCIONES%202011/0765.pdf HTTP/1.1" 200 141509
157.55.39.134 - - [08/Jun/2015:00:25:40 -0500] "GET /BLA/resoluciones/AUTOS%202010/1942.pdf HTTP/1.1" 200 286227
157.55.39.134 - - [08/Jun/2015:00:25:40 -0500] "GET /BLA/resoluciones/AUTOS%202012/0151.pdf HTTP/1.1" 200 480978
157.55.39.134 - - [08/Jun/2015:00:25:41 -0500] "GET /bla/resoluciones/autos%202010/5527.pdf HTTP/1.1" 200 242780
181.66.34.19 - - [08/Jun/2015:00:25:44 -0500] "GET /galeria/galeria/jquery.fancybox.css?v=2.1.5 HTTP/1.1" 200 4895
181.66.34.19 - - [08/Jun/2015:00:25:44 -0500] "GET /BLA/boletinlegal/js/jquery.scrollTo-min.js HTTP/1.1" 200 1150
181.66.34.19 - - [08/Jun/2015:00:25:44 -0500] "GET /BLA/boletinlegal/js/jquery.scrollShow.js HTTP/1.1" 200 4586
181.66.34.19 - - [08/Jun/2015:00:25:44 -0500] "GET /galeria/galeria/jquery.fancybox.js?v=2.1.5 HTTP/1.1" 200 48706
207.46.13.68 - - [08/Jun/2015:00:25:51 -0500] "GET /bla/resoluciones/resoluciones%202009/3557.pdf HTTP/1.1" 200 675657
207.46.13.68 - - [08/Jun/2015:00:25:51 -0500] "GET /BLA/resoluciones/RESOLUCIONES%202011/4652.pdf HTTP/1.1" 200 593922
207.46.13.68 - - [08/Jun/2015:00:25:52 -0500] "GET /bla/resoluciones/RESOLUCIONES%202011/4773.pdf HTTP/1.1" 200 797578
207.46.13.68 - - [08/Jun/2015:00:25:52 -0500] "GET /bla/resoluciones/resoluciones%202009/7893.pdf HTTP/1.1" 200 419183
180.76.15.159 - - [08/Jun/2015:00:25:57 -0500] "GET /BLA/resoluciones/RESOLUCIONES%202007/RES%202007%20801%20AL%20900/RESOLUCION%200812%20DE%202007.pdf HTTP/1.1" 200 132675
207.46.13.104 - - [08/Jun/2015:00:25:59 -0500] "GET /BLA/resoluciones/RESOLUCIONES%202010/4206.pdf HTTP/1.1" 200 1188177
66.249.67.133 - - [08/Jun/2015:00:26:10 -0500] "GET /BLA/resoluciones/AUTOS%202014/6714.pdf HTTP/1.1" 200 423191
207.46.13.68 - - [08/Jun/2015:00:26:14 -0500] "GET /BLA/resoluciones/RESOLUCIONES%202010/4079.pdf HTTP/1.1" 200 516671
190.26.236.113 - - [08/Jun/2015:00:26:15 -0500] "POST /forms/lservlet;jsessionid=ac16012b30d6cbf8a861549d4aaaa584af93aeeca8db.e3iSbxaKaheRe34MbhmNaxqNb41ynknvrkLOlQzNp65In0 HTTP/1.1" 200 2
201.216.20.108 - - [08/Jun/2015:00:26:22 -0500] "POST /forms/lservlet;jsessionid=ac16012b30d687520e7de4ad41a2bf9687d9e8d71479.e3iSbxaKaheRe34MbhmNaxqNb41ynknvrkLOlQzNp65In0 HTTP/1.1" 200 2
207.46.13.68 - - [08/Jun/2015:00:26:34 -0500] "GET /BLA/resoluciones/RESOLUCIONES%202011/2142.pdf HTTP/1.1" 200 518441
207.46.13.68 - - [08/Jun/2015:00:26:36 -0500] "GET /bla/resoluciones/resoluciones%202010/0523.pdf HTTP/1.1" 200 264751
207.46.13.68 - - [08/Jun/2015:00:26:37 -0500] "GET /bla/resoluciones/resoluciones%202010/7717.pdf HTTP/1.1" 200 523746
179.33.48.139 - - [08/Jun/2015:00:26:37 -0500] "GET /BLA/resoluciones/RESOLUCIONES%202010/6417.pdf HTTP/1.1" 200 475832
179.33.48.139 - - [08/Jun/2015:00:26:37 -0500] "GET /favicon.ico HTTP/1.1" 200 7782
207.46.13.104 - - [08/Jun/2015:00:26:38 -0500] "GET /bla/resoluciones/resoluciones%202010/7253.pdf HTTP/1.1" 200 1312533
207.46.13.104 - - [08/Jun/2015:00:26:38 -0500] "GET /BLA/resoluciones/RESOLUCIONES%202011/0982.pdf HTTP/1.1" 200 82289
179.33.48.139 - - [08/Jun/2015:00:26:40 -0500] "GET /BLA/resoluciones/RESOLUCIONES%202010/6417.pdf HTTP/1.1" 206 32768
179.33.48.139 - - [08/Jun/2015:00:26:41 -0500] "GET /BLA/resoluciones/RESOLUCIONES%202010/6417.pdf HTTP/1.1" 206 443064
157.55.39.134 - - [08/Jun/2015:00:26:50 -0500] "GET /bla/resoluciones/RESOLUCIONES%202009/7702.pdf HTTP/1.1" 200 633826
199.21.99.202 - - [08/Jun/2015:00:26:51 -0500] "GET /Autoliquidacion/Grupo%20Forestal%20-%20Silvicultura/Especies%20de%20flora%20en%20la%20ciudad%20de%20bogota.xls HTTP/1.1" 200 1619968
207.46.13.104 - - [08/Jun/2015:00:27:01 -0500] "GET /BLA/resoluciones/RESOLUCIONES%202011/2628.pdf HTTP/1.1" 200 747443
157.55.39.167 - - [08/Jun/2015:00:27:07 -0500] "GET /BLA/resoluciones/RESOLUCIONES%202011/1730.pdf HTTP/1.1" 200 784416
66.249.67.107 - - [08/Jun/2015:00:27:07 -0500] "GET /BLA/resoluciones/AUTOS%202013/1301.pdf HTTP/1.1" 200 380194
157.55.39.167 - - [08/Jun/2015:00:27:07 -0500] "GET /bla/resoluciones/resoluciones%202009/9372.pdf HTTP/1.1" 200 535745
157.55.39.167 - - [08/Jun/2015:00:27:08 -0500] "GET /BLA/resoluciones/AUTOS%202011/1043.pdf HTTP/1.1" 200 354642
157.55.39.167 - - [08/Jun/2015:00:27:08 -0500] "GET /BLA/resoluciones/RESOLUCIONES%202009/4896.pdf HTTP/1.1" 200 873560
157.55.39.167 - - [08/Jun/2015:00:27:09 -0500] "GET /BLA/resoluciones/AUTOS%202012/1248.pdf HTTP/1.1" 200 209214
157.55.39.167 - - [08/Jun/2015:00:27:09 -0500] "GET /BLA/resoluciones/RESOLUCIONES%202009/6147.pdf HTTP/1.1" 200 666344
157.55.39.167 - - [08/Jun/2015:00:27:10 -0500] "GET /BLA/resoluciones/RESOLUCIONES%202008/5612.pdf HTTP/1.1" 200 256020
157.55.39.167 - - [08/Jun/2015:00:27:10 -0500] "GET /BLA/resoluciones/RESOLUCIONES%202011/3982.pdf HTTP/1.1" 200 822548
157.55.39.167 - - [08/Jun/2015:00:27:11 -0500] "GET /BLA/resoluciones/RESOLUCIONES%202010/6220.pdf HTTP/1.1" 200 668928
157.55.39.167 - - [08/Jun/2015:00:27:11 -0500] "GET /bla/resoluciones/resoluciones%202010/5285.pdf HTTP/1.1" 200 758027
201.245.192.253 - - [08/Jun/2015:00:24:11 -0500] "GET /ForestMSG_SDA/channelAsync/template_word_18303147?X-Atmosphere-tracking-id=ef7b8cca-22a0-3631-7219-93916646b115&X-Atmosphere-Framework=1.0.5&X-Atmosphere-Transport=long-polling&tabid=0.1128270248301344&X-Cache-Date=0&Content-Type=application/xml&_=1433741113527 HTTP/1.1" 200 8193
157.55.39.167 - - [08/Jun/2015:00:27:12 -0500] "GET /bla/resoluciones/resoluciones%202010/1678.pdf HTTP/1.1" 200 299261
157.55.39.167 - - [08/Jun/2015:00:27:12 -0500] "GET /bla/resoluciones/resoluciones%202011/0587.pdf HTTP/1.1" 200 413936
157.55.39.167 - - [08/Jun/2015:00:27:12 -0500] "GET /bla/resoluciones/resoluciones%202009/4202.pdf HTTP/1.1" 200 1383067
157.55.39.167 - - [08/Jun/2015:00:27:13 -0500] "GET /BLA/resoluciones/RESOLUCIONES%202007/RES%202007%201%20AL%20100/RESOLUCION%200087%20DE%202007.pdf HTTP/1.1" 200 21677
157.55.39.167 - - [08/Jun/2015:00:27:13 -0500] "GET /BLA/resoluciones/Autos%202008/3224.pdf HTTP/1.1" 200 92880
157.55.39.167 - - [08/Jun/2015:00:27:14 -0500] "GET /BLA/resoluciones/RESOLUCIONES%202011/5077.pdf HTTP/1.1" 200 517127
180.76.15.14 - - [08/Jun/2015:00:27:15 -0500] "GET /BLA/resoluciones/AUTOS%202012/2790.pdf HTTP/1.1" 200 838802
207.46.13.68 - - [08/Jun/2015:00:27:26 -0500] "GET /bla/resoluciones/resoluciones%202010/6423.pdf HTTP/1.1" 200 1420470
66.249.67.120 - - [08/Jun/2015:00:27:27 -0500] "GET /BLA/resoluciones/AUTOS%202014/6353.pdf HTTP/1.1" 200 566167
207.46.13.104 - - [08/Jun/2015:00:27:32 -0500] "GET /BLA/resoluciones/RESOLUCIONES%202009/8570.pdf HTTP/1.1" 200 515736
180.76.15.19 - - [08/Jun/2015:00:27:32 -0500] "GET /BLA/resoluciones/RESOLUCIONES%202007/RES%202007%20401%20AL%20500/RESOLUCION%200456%20DE%202007.pdf HTTP/1.1" 200 1597112
207.46.13.104 - - [08/Jun/2015:00:27:33 -0500] "GET /BLA/resoluciones/RESOLUCIONES%202010/2548.pdf HTTP/1.1" 200 494493
201.245.192.253 - - [08/Jun/2015:00:27:42 -0500] "GET /galeria/nivo-slider/demo/images/Semana-Ambiental.jpg HTTP/1.1" 304 -
180.76.15.156 - - [08/Jun/2015:00:27:49 -0500] "GET /BLA/resoluciones/RESOLUCIONES%202011/4332.pdf HTTP/1.1" 200 652554
157.55.39.134 - - [08/Jun/2015:00:27:56 -0500] "GET /BLA/resoluciones/RESOLUCIONES%202010/4580.pdf HTTP/1.1" 200 1194431
201.245.192.253 - - [08/Jun/2015:00:28:01 -0500] "GET /galeria/nivo-slider/demo/images/GAE-banner.jpg HTTP/1.1" 304 -
207.46.13.68 - - [08/Jun/2015:00:28:02 -0500] "GET /bla/resoluciones/RESOLUCIONES%202009/2748.pdf HTTP/1.1" 200 748913
180.76.15.32 - - [08/Jun/2015:00:28:07 -0500] "GET /BLA/resoluciones/RESOLUCIONES%202008/4513.pdf HTTP/1.1" 200 240447
157.55.39.10 - - [08/Jun/2015:00:28:10 -0500] "GET /BLA/resoluciones/Autos%202008/2815.pdf HTTP/1.1" 200 70192
190.26.236.113 - - [08/Jun/2015:00:28:16 -0500] "POST /forms/lservlet;jsessionid=ac16012b30d6cbf8a861549d4aaaa584af93aeeca8db.e3iSbxaKaheRe34MbhmNaxqNb41ynknvrkLOlQzNp65In0 HTTP/1.1" 200 2
201.216.20.108 - - [08/Jun/2015:00:28:22 -0500] "POST /forms/lservlet;jsessionid=ac16012b30d687520e7de4ad41a2bf9687d9e8d71479.e3iSbxaKaheRe34MbhmNaxqNb41ynknvrkLOlQzNp65In0 HTTP/1.1" 200 2
207.46.13.104 - - [08/Jun/2015:00:28:22 -0500] "GET /BLA/resoluciones/AUTOS%202010/4882.pdf HTTP/1.1" 200 1667700
180.76.15.12 - - [08/Jun/2015:00:28:24 -0500] "GET /BLA/resoluciones/RESOLUCIONES%202008/5689.pdf HTTP/1.1" 200 157650
180.76.15.34 - - [08/Jun/2015:00:28:41 -0500] "GET /BLA/resoluciones/RESOLUCIONES%202009/2690.pdf HTTP/1.1" 200 299232
66.249.67.120 - - [08/Jun/2015:00:28:44 -0500] "GET /BLA/resoluciones/AUTOS%202014/6816.pdf HTTP/1.1" 200 380804
207.46.13.68 - - [08/Jun/2015:00:28:44 -0500] "GET /BLA/resoluciones/RESOLUCIONES%202008/5737.pdf HTTP/1.1" 200 312238
207.46.13.68 - - [08/Jun/2015:00:28:45 -0500] "GET /bla/resoluciones/resoluciones%202009/4864.pdf HTTP/1.1" 200 740290
157.55.39.134 - - [08/Jun/2015:00:28:49 -0500] "GET /BLA/resoluciones/RESOLUCIONES%202009/8022.pdf HTTP/1.1" 200 1716701
157.55.39.134 - - [08/Jun/2015:00:28:49 -0500] "GET /bla/resoluciones/resoluciones%202010/7328.pdf HTTP/1.1" 200 379336
74.86.158.107 - - [08/Jun/2015:00:28:50 -0500] "HEAD / HTTP/1.1" 200 -
157.55.39.134 - - [08/Jun/2015:00:28:50 -0500] "GET /BLA/resoluciones/RESOLUCIONES%202010/4866.pdf HTTP/1.1" 200 756587
207.46.13.104 - - [08/Jun/2015:00:28:53 -0500] "GET /bla/resoluciones/resoluciones%202009/9407.pdf HTTP/1.1" 200 420039
207.46.13.104 - - [08/Jun/2015:00:28:54 -0500] "GET /BLA/resoluciones/RESOLUCIONES%202010/3923.pdf HTTP/1.1" 200 557247
207.46.13.104 - - [08/Jun/2015:00:28:55 -0500] "GET /bla/resoluciones/resoluciones%202010/1095.pdf HTTP/1.1" 200 98647
180.76.15.138 - - [08/Jun/2015:00:28:58 -0500] "GET /BLA/resoluciones/AUTOS%202012/1311.pdf HTTP/1.1" 200 365918
181.54.148.147 - - [08/Jun/2015:00:29:05 -0500] "GET /galeria/galeria/jquery.fancybox.js?v=2.1.5 HTTP/1.1" 200 48706
181.54.148.147 - - [08/Jun/2015:00:29:05 -0500] "GET /BLA/boletinlegal/js/jquery.scrollTo-min.js HTTP/1.1" 200 1150
181.54.148.147 - - [08/Jun/2015:00:29:05 -0500] "GET /BLA/boletinlegal/js/jquery.scrollShow.js HTTP/1.1" 200 4586
207.46.13.68 - - [08/Jun/2015:00:29:05 -0500] "GET /BLA/resoluciones/RESOLUCIONES%202011/2110.pdf HTTP/1.1" 200 507497
181.54.148.147 - - [08/Jun/2015:00:29:06 -0500] "GET /galeria/galeria/jquery.fancybox.css?v=2.1.5 HTTP/1.1" 200 4895
181.54.148.147 - - [08/Jun/2015:00:29:09 -0500] "GET /autoliquidacion HTTP/1.1" 301 310
181.54.148.147 - - [08/Jun/2015:00:29:13 -0500] "GET /autoliquidacion/ HTTP/1.1" 200 6375
181.54.148.147 - - [08/Jun/2015:00:29:14 -0500] "GET /autoliquidacion/dlf/styles.css HTTP/1.1" 200 3045
181.54.148.147 - - [08/Jun/2015:00:29:14 -0500] "GET /autoliquidacion/dlf/folder.png HTTP/1.1" 200 410
181.54.148.147 - - [08/Jun/2015:00:29:14 -0500] "GET /autoliquidacion/dlf/bg.gif HTTP/1.1" 200 54
180.76.15.7 - - [08/Jun/2015:00:29:16 -0500] "GET /BLA/resoluciones/RESOLUCIONES%202009/2735.pdf HTTP/1.1" 200 978894
181.54.148.147 - - [08/Jun/2015:00:29:17 -0500] "GET /BLA/boletinlegal/js/jquery.scrollTo-min.js HTTP/1.1" 304 -
181.54.148.147 - - [08/Jun/2015:00:29:17 -0500] "GET /BLA/boletinlegal/js/jquery.scrollShow.js HTTP/1.1" 304 -
181.54.148.147 - - [08/Jun/2015:00:29:17 -0500] "GET /galeria/galeria/jquery.fancybox.js?v=2.1.5 HTTP/1.1" 304 -
181.54.148.147 - - [08/Jun/2015:00:29:17 -0500] "GET /galeria/galeria/jquery.fancybox.css?v=2.1.5 HTTP/1.1" 304 -
157.55.39.10 - - [08/Jun/2015:00:29:17 -0500] "GET /bla/resoluciones/RESOLUCIONES%202009/6123.pdf HTTP/1.1" 200 687612
157.55.39.10 - - [08/Jun/2015:00:29:18 -0500] "GET /bla/resoluciones/resoluciones%202009/8607.pdf HTTP/1.1" 200 107126
181.54.148.147 - - [08/Jun/2015:00:29:18 -0500] "GET /autoliquidacion HTTP/1.1" 301 310
181.54.148.147 - - [08/Jun/2015:00:29:19 -0500] "GET /autoliquidacion/ HTTP/1.1" 200 6375
181.54.148.147 - - [08/Jun/2015:00:29:20 -0500] "GET /autoliquidacion/dlf/folder.png HTTP/1.1" 304 -
181.54.148.147 - - [08/Jun/2015:00:29:20 -0500] "GET /autoliquidacion/dlf/styles.css HTTP/1.1" 304 -
207.46.13.104 - - [08/Jun/2015:00:29:22 -0500] "GET /BLA/resoluciones/RESOLUCIONES%202008/5030.pdf HTTP/1.1" 200 404283
207.46.13.104 - - [08/Jun/2015:00:29:22 -0500] "GET /bla/resoluciones/autos%202010/0172.pdf HTTP/1.1" 200 359964
190.127.232.226 - - [08/Jun/2015:00:29:32 -0500] "GET /galeria/galeria/jquery.fancybox.css?v=2.1.5 HTTP/1.1" 304 -
190.127.232.226 - - [08/Jun/2015:00:29:32 -0500] "GET /BLA/boletinlegal/js/jquery.scrollTo-min.js HTTP/1.1" 304 -
190.127.232.226 - - [08/Jun/2015:00:29:32 -0500] "GET /BLA/boletinlegal/js/jquery.scrollShow.js HTTP/1.1" 304 -
190.127.232.226 - - [08/Jun/2015:00:29:32 -0500] "GET /galeria/galeria/jquery.fancybox.js?v=2.1.5 HTTP/1.1" 304 -
180.76.15.18 - - [08/Jun/2015:00:29:33 -0500] "GET /BLA/resoluciones/RESOLUCIONES%202009/8150.pdf HTTP/1.1" 200 497551
207.46.13.68 - - [08/Jun/2015:00:29:38 -0500] "GET /BLA/resoluciones/RESOLUCIONES%202011/1587.pdf HTTP/1.1" 200 79929
207.46.13.68 - - [08/Jun/2015:00:29:38 -0500] "GET /BLA/resoluciones/AUTOS%202009/2675.pdf HTTP/1.1" 200 102520
181.54.148.147 - - [08/Jun/2015:00:29:44 -0500] "GET /autoliquidacion/index.php?dir=TR%C1MITES+ACEITES-RESIDUOS-ESTACIONES%2F HTTP/1.1" 200 2849
181.54.148.147 - - [08/Jun/2015:00:29:44 -0500] "GET /autoliquidacion/dlf/dirup.png HTTP/1.1" 200 644
181.54.148.147 - - [08/Jun/2015:00:29:44 -0500] "GET /autoliquidacion/dlf/html.gif HTTP/1.1" 200 632
157.55.39.134 - - [08/Jun/2015:00:29:47 -0500] "GET /BLA/resoluciones/RESOLUCIONES%202007/RES%202007%201%20AL%20100/RESOLUCION%200095%20DE%202007.pdf HTTP/1.1" 200 428153
157.55.39.134 - - [08/Jun/2015:00:29:48 -0500] "GET /BLA/resoluciones/Autos%202008/3111.pdf HTTP/1.1" 200 81240
157.55.39.134 - - [08/Jun/2015:00:29:49 -0500] "GET /BLA/resoluciones/RESOLUCIONES%202011/3622.pdf HTTP/1.1" 200 551285
181.54.148.147 - - [08/Jun/2015:00:29:50 -0500] "GET /autoliquidacion/index.php?dir=PERMISO+DE+OCUPACION+DE+SUELO%2F HTTP/1.1" 200 2394
181.54.148.147 - - [08/Jun/2015:00:29:50 -0500] "GET /autoliquidacion/dlf/xls.gif HTTP/1.1" 200 636
180.76.15.155 - - [08/Jun/2015:00:29:50 -0500] "GET /BLA/resoluciones/RESOLUCIONES%202008/5514.pdf HTTP/1.1" 200 118998
181.54.148.147 - - [08/Jun/2015:00:29:55 -0500] "GET /autoliquidacion/PERMISO%20DE%20OCUPACION%20DE%20SUELO/FORMATO%20DE%20SOLICITUD%20PERMISO%20DE%20CAUCES%20POC%20MODIFICADO_29072014.xls HTTP/1.1" 200 723456
190.159.10.197 - - [08/Jun/2015:00:30:01 -0500] "GET /BLA/boletinlegal/jurisprudencia/analisis/SENTENCIA%20C-703%20DE%202010.xls HTTP/1.1" 200 38912
66.249.67.107 - - [08/Jun/2015:00:30:01 -0500] "GET /BLA/resoluciones/AUTOS%202014/5724.pdf HTTP/1.1" 200 430147
180.76.15.141 - - [08/Jun/2015:00:30:09 -0500] "GET /BLA/resoluciones/RESOLUCIONES%202008/0365.pdf HTTP/1.1" 200 475118
207.46.13.68 - - [08/Jun/2015:00:30:09 -0500] "GET /BLA/resoluciones/RESOLUCIONES%202011/2618.pdf HTTP/1.1" 200 746359
201.245.192.253 - - [08/Jun/2015:00:27:11 -0500] "GET /ForestMSG_SDA/channelAsync/template_word_18303147?X-Atmosphere-tracking-id=ef7b8cca-22a0-3631-7219-93916646b115&X-Atmosphere-Framework=1.0.5&X-Atmosphere-Transport=long-polling&tabid=0.1128270248301344&X-Cache-Date=0&Content-Type=application/xml&_=1433741293513 HTTP/1.1" 200 8193
207.46.13.104 - - [08/Jun/2015:00:30:13 -0500] "GET /BLA/resoluciones/RESOLUCIONES%202011/3349.pdf HTTP/1.1" 200 302573
190.26.236.113 - - [08/Jun/2015:00:30:16 -0500] "POST /forms/lservlet;jsessionid=ac16012b30d6cbf8a861549d4aaaa584af93aeeca8db.e3iSbxaKaheRe34MbhmNaxqNb41ynknvrkLOlQzNp65In0 HTTP/1.1" 200 2
66.249.67.133 - - [08/Jun/2015:00:30:20 -0500] "GET /BLA/resoluciones/AUTOS%202013/2703.pdf HTTP/1.1" 200 415781
201.216.20.108 - - [08/Jun/2015:00:30:23 -0500] "POST /forms/lservlet;jsessionid=ac16012b30d687520e7de4ad41a2bf9687d9e8d71479.e3iSbxaKaheRe34MbhmNaxqNb41ynknvrkLOlQzNp65In0 HTTP/1.1" 200 2
180.76.15.144 - - [08/Jun/2015:00:30:25 -0500] "GET /BLA/resoluciones/RESOLUCIONES%202009/7622.pdf HTTP/1.1" 200 648870
157.55.39.11 - - [08/Jun/2015:00:30:28 -0500] "GET /BLA/resoluciones/RESOLUCIONES%202014/1564.pdf HTTP/1.1" 200 12299134
207.46.13.104 - - [08/Jun/2015:00:30:36 -0500] "GET /BLA/resoluciones/RESOLUCIONES%202010/4112.pdf HTTP/1.1" 200 758561
157.55.39.168 - - [08/Jun/2015:00:30:41 -0500] "GET /BLA/resoluciones/RESOLUCIONES%202007/RES%202007%201%20AL%20100/RESOLUCION%200005%20DE%202007.pdf HTTP/1.1" 200 270708
157.55.39.168 - - [08/Jun/2015:00:30:42 -0500] "GET /bla/resoluciones/resoluciones%202010/0435.pdf HTTP/1.1" 200 363972
180.76.15.19 - - [08/Jun/2015:00:30:42 -0500] "GET /BLA/resoluciones/RESOLUCIONES%202007/RES%202007%202301%20AL%202400/RESOLUCION%202335%20DE%202007.pdf HTTP/1.1" 200 188887
157.55.39.168 - - [08/Jun/2015:00:30:42 -0500] "GET /BLA/resoluciones/AUTOS%202012/1893.pdf HTTP/1.1" 200 1892126
157.55.39.168 - - [08/Jun/2015:00:30:43 -0500] "GET /BLA/resoluciones/RESOLUCIONES%202009/5028.pdf HTTP/1.1" 200 651827
157.55.39.168 - - [08/Jun/2015:00:30:43 -0500] "GET /BLA/resoluciones/AUTOS%202010/0879.pdf HTTP/1.1" 200 171306
157.55.39.168 - - [08/Jun/2015:00:30:43 -0500] "GET /bla/resoluciones/RESOLUCIONES%202009/5114.pdf HTTP/1.1" 200 1181556
157.55.39.168 - - [08/Jun/2015:00:30:44 -0500] "GET /BLA/resoluciones/RESOLUCIONES%202008/1041.pdf HTTP/1.1" 200 250516
157.55.39.168 - - [08/Jun/2015:00:30:44 -0500] "GET /bla/resoluciones/resoluciones%202009/9730.pdf HTTP/1.1" 200 293007
157.55.39.168 - - [08/Jun/2015:00:30:45 -0500] "GET /bla/resoluciones/autos%202010/2285.pdf HTTP/1.1" 200 308181
157.55.39.168 - - [08/Jun/2015:00:30:45 -0500] "GET /bla/resoluciones/resoluciones%202011/1831.pdf HTTP/1.1" 200 496390
207.46.13.68 - - [08/Jun/2015:00:30:57 -0500] "GET /bla/resoluciones/resoluciones%202009/9828.pdf HTTP/1.1" 200 540993
180.76.15.145 - - [08/Jun/2015:00:30:59 -0500] "GET /BLA/resoluciones/RESOLUCIONES%202009/2042.pdf HTTP/1.1" 200 654627
207.46.13.104 - - [08/Jun/2015:00:31:13 -0500] "GET /BLA/resoluciones/RESOLUCIONES%202008/4210.pdf HTTP/1.1" 200 568277
207.46.13.104 - - [08/Jun/2015:00:31:15 -0500] "GET /BLA/resoluciones/RESOLUCIONES%202009/8390.pdf HTTP/1.1" 200 482213
180.76.15.11 - - [08/Jun/2015:00:31:17 -0500] "GET /BLA/resoluciones/RESOLUCIONES%202009/2366.pdf HTTP/1.1" 200 462012
66.249.67.107 - - [08/Jun/2015:00:31:18 -0500] "GET /BLA/resoluciones/AUTOS%202014/0376.pdf HTTP/1.1" 200 609393
207.46.13.68 - - [08/Jun/2015:00:31:19 -0500] "GET /BLA/resoluciones/RESOLUCIONES%202009/6062.pdf HTTP/1.1" 200 639549
207.46.13.68 - - [08/Jun/2015:00:31:19 -0500] "GET /BLA/resoluciones/RESOLUCIONES%202013/1629.pdf HTTP/1.1" 200 625013
180.76.15.146 - - [08/Jun/2015:00:31:34 -0500] "GET /BLA/resoluciones/RESOLUCIONES%202009/7785.pdf HTTP/1.1" 200 539518
186.84.89.107 - - [08/Jun/2015:00:31:42 -0500] "GET /galeria/galeria/jquery.fancybox.css?v=2.1.5 HTTP/1.1" 200 4895
186.84.89.107 - - [08/Jun/2015:00:31:42 -0500] "GET /BLA/boletinlegal/js/jquery.scrollShow.js HTTP/1.1" 200 4586
186.84.89.107 - - [08/Jun/2015:00:31:42 -0500] "GET /BLA/boletinlegal/js/jquery.scrollTo-min.js HTTP/1.1" 200 1150
186.84.89.107 - - [08/Jun/2015:00:31:42 -0500] "GET /galeria/galeria/jquery.fancybox.js?v=2.1.5 HTTP/1.1" 200 48706
157.55.39.134 - - [08/Jun/2015:00:31:43 -0500] "GET /bla/resoluciones/resoluciones%202010/0825.pdf HTTP/1.1" 200 97737
207.46.13.68 - - [08/Jun/2015:00:31:49 -0500] "GET /BLA/resoluciones/RESOLUCIONES%202014/0567.pdf HTTP/1.1" 200 462905
207.46.13.68 - - [08/Jun/2015:00:31:50 -0500] "GET /BLA/resoluciones/AUTOS%202009/0048.pdf HTTP/1.1" 200 52991
180.76.15.154 - - [08/Jun/2015:00:31:51 -0500] "GET /BLA/resoluciones/RESOLUCIONES%202007/RES%202007%202801%20AL%202900/RESOLUCION%202873%20DE%202007.pdf HTTP/1.1" 200 351498
161.18.36.32 - - [08/Jun/2015:00:31:52 -0500] "GET /BLA/boletinlegal/js/jquery.scrollTo-min.js HTTP/1.1" 200 1150
161.18.36.32 - - [08/Jun/2015:00:31:52 -0500] "GET /BLA/boletinlegal/js/jquery.scrollShow.js HTTP/1.1" 200 4586
161.18.36.32 - - [08/Jun/2015:00:31:52 -0500] "GET /galeria/galeria/jquery.fancybox.css?v=2.1.5 HTTP/1.1" 200 4895
161.18.36.32 - - [08/Jun/2015:00:31:52 -0500] "GET /galeria/galeria/jquery.fancybox.js?v=2.1.5 HTTP/1.1" 200 48706
207.46.13.104 - - [08/Jun/2015:00:31:53 -0500] "GET /BLA/resoluciones/RESOLUCIONES%202009/9531.pdf HTTP/1.1" 200 494907
157.55.39.10 - - [08/Jun/2015:00:31:57 -0500] "GET /BLA/resoluciones/RESOLUCIONES%202008/2720.pdf HTTP/1.1" 200 340165
186.84.89.107 - - [08/Jun/2015:00:31:59 -0500] "GET /galeria/galeria/jquery.fancybox.css?v=2.1.5 HTTP/1.1" 304 -
186.84.89.107 - - [08/Jun/2015:00:31:59 -0500] "GET /galeria/galeria/jquery.fancybox.js?v=2.1.5 HTTP/1.1" 304 -
186.84.89.107 - - [08/Jun/2015:00:31:59 -0500] "GET /BLA/boletinlegal/js/jquery.scrollTo-min.js HTTP/1.1" 304 -
186.84.89.107 - - [08/Jun/2015:00:31:59 -0500] "GET /BLA/boletinlegal/js/jquery.scrollShow.js HTTP/1.1" 304 -
161.18.36.32 - - [08/Jun/2015:00:32:03 -0500] "GET /BLA/boletinlegal/js/jquery.scrollTo-min.js HTTP/1.1" 200 1150
161.18.36.32 - - [08/Jun/2015:00:32:03 -0500] "GET /BLA/boletinlegal/js/jquery.scrollShow.js HTTP/1.1" 200 4586
161.18.36.32 - - [08/Jun/2015:00:32:03 -0500] "GET /galeria/galeria/jquery.fancybox.js?v=2.1.5 HTTP/1.1" 200 48706
161.18.36.32 - - [08/Jun/2015:00:32:03 -0500] "GET /galeria/galeria/jquery.fancybox.css?v=2.1.5 HTTP/1.1" 200 4895
207.46.13.68 - - [08/Jun/2015:00:32:08 -0500] "GET /BLA/resoluciones/RESOLUCIONES%202008/4915.pdf HTTP/1.1" 200 214481
180.76.15.32 - - [08/Jun/2015:00:32:09 -0500] "GET /BLA/resoluciones/RESOLUCIONES%202008/3289.pdf HTTP/1.1" 200 197095
190.26.236.113 - - [08/Jun/2015:00:32:16 -0500] "POST /forms/lservlet;jsessionid=ac16012b30d6cbf8a861549d4aaaa584af93aeeca8db.e3iSbxaKaheRe34MbhmNaxqNb41ynknvrkLOlQzNp65In0 HTTP/1.1" 200 2
201.216.20.108 - - [08/Jun/2015:00:32:24 -0500] "POST /forms/lservlet;jsessionid=ac16012b30d687520e7de4ad41a2bf9687d9e8d71479.e3iSbxaKaheRe34MbhmNaxqNb41ynknvrkLOlQzNp65In0 HTTP/1.1" 200 2
180.76.15.138 - - [08/Jun/2015:00:32:26 -0500] "GET /BLA/resoluciones/RESOLUCIONES%202009/1991.pdf HTTP/1.1" 200 614653
207.46.13.104 - - [08/Jun/2015:00:32:27 -0500] "GET /BLA/resoluciones/RESOLUCIONES%202008/4108.pdf HTTP/1.1" 200 353088
66.249.67.120 - - [08/Jun/2015:00:32:36 -0500] "GET /BLA/resoluciones/AUTOS%202014/3197.pdf HTTP/1.1" 200 433775
207.46.13.68 - - [08/Jun/2015:00:32:41 -0500] "GET /BLA/resoluciones/AUTOS%202012/0718.pdf HTTP/1.1" 200 248411
180.76.15.5 - - [08/Jun/2015:00:32:43 -0500] "GET /BLA/resoluciones/RESOLUCIONES%202008/0232.pdf HTTP/1.1" 200 301280
207.46.13.104 - - [08/Jun/2015:00:33:05 -0500] "GET /bla/resoluciones/resoluciones%202009/3919.pdf HTTP/1.1" 200 911312
207.46.13.68 - - [08/Jun/2015:00:33:08 -0500] "GET /bla/resoluciones/resoluciones%202011/1665.pdf HTTP/1.1" 200 68085
201.245.192.253 - - [08/Jun/2015:00:30:11 -0500] "GET /ForestMSG_SDA/channelAsync/template_word_18303147?X-Atmosphere-tracking-id=ef7b8cca-22a0-3631-7219-93916646b115&X-Atmosphere-Framework=1.0.5&X-Atmosphere-Transport=long-polling&tabid=0.1128270248301344&X-Cache-Date=0&Content-Type=application/xml&_=1433741473505 HTTP/1.1" 200 8193
180.76.15.11 - - [08/Jun/2015:00:33:18 -0500] "GET /BLA/resoluciones/RESOLUCIONES%202011/0340.pdf HTTP/1.1" 200 68387
66.249.67.190 - - [08/Jun/2015:00:33:31 -0500] "GET /huelladecarbono/descargas.html HTTP/1.1" 200 5786
207.46.13.68 - - [08/Jun/2015:00:33:33 -0500] "GET /bla/resoluciones/RESOLUCIONES%202009/9811.pdf HTTP/1.1" 200 349313
180.76.15.23 - - [08/Jun/2015:00:33:35 -0500] "GET /BLA/resoluciones/RESOLUCIONES%202011/3226.pdf HTTP/1.1" 200 77279
207.46.13.68 - - [08/Jun/2015:00:33:35 -0500] "GET /BLA/resoluciones/RESOLUCIONES%202007/RES%202007%203801%20AL%203900/RESOLUCION%203815%20DE%202007.pdf HTTP/1.1" 200 122362
207.46.13.104 - - [08/Jun/2015:00:33:46 -0500] "GET /BLA/resoluciones/Notificaciones/AUTOS%202014/4397.doc HTTP/1.1" 200 98304
207.46.13.104 - - [08/Jun/2015:00:33:47 -0500] "GET /bla/resoluciones/autos%202010/2908.pdf HTTP/1.1" 200 220265
207.46.13.104 - - [08/Jun/2015:00:33:47 -0500] "GET /BLA/resoluciones/RESOLUCIONES%202009/4744.pdf HTTP/1.1" 200 655879
74.86.158.107 - - [08/Jun/2015:00:33:50 -0500] "HEAD / HTTP/1.1" 200 -
66.249.67.120 - - [08/Jun/2015:00:33:53 -0500] "GET /BLA/resoluciones/AUTOS%202014/6397.pdf HTTP/1.1" 200 473348
157.55.39.10 - - [08/Jun/2015:00:33:58 -0500] "GET /BLA/resoluciones/RESOLUCIONES%202013/2763.pdf HTTP/1.1" 200 244562
157.55.39.167 - - [08/Jun/2015:00:34:07 -0500] "GET /bla/resoluciones/resoluciones%202011/0912.pdf HTTP/1.1" 200 74655
157.55.39.167 - - [08/Jun/2015:00:34:08 -0500] "GET /bla/resoluciones/resoluciones%202010/1615.pdf HTTP/1.1" 200 620429
157.55.39.167 - - [08/Jun/2015:00:34:08 -0500] "GET /BLA/resoluciones/AUTOS%202012/0957.pdf HTTP/1.1" 200 171704
157.55.39.167 - - [08/Jun/2015:00:34:08 -0500] "GET /bla/resoluciones/RESOLUCIONES%202009/9182.pdf HTTP/1.1" 200 580340
157.55.39.167 - - [08/Jun/2015:00:34:09 -0500] "GET /bla/resoluciones/RESOLUCIONES%202009/3358.pdf HTTP/1.1" 200 607579
157.55.39.167 - - [08/Jun/2015:00:34:09 -0500] "GET /BLA/resoluciones/RESOLUCIONES%202011/3099.pdf HTTP/1.1" 200 871338
157.55.39.167 - - [08/Jun/2015:00:34:10 -0500] "GET /bla/resoluciones/resoluciones%202010/2329.pdf HTTP/1.1" 200 532705
157.55.39.167 - - [08/Jun/2015:00:34:10 -0500] "GET /bla/resoluciones/resoluciones%202010/1469.pdf HTTP/1.1" 200 517489
157.55.39.167 - - [08/Jun/2015:00:34:10 -0500] "GET /bla/resoluciones/resoluciones%202010/5688.pdf HTTP/1.1" 200 37635
157.55.39.167 - - [08/Jun/2015:00:34:11 -0500] "GET /bla/resoluciones/RESOLUCIONES%202009/8620.pdf HTTP/1.1" 200 173401
207.46.13.104 - - [08/Jun/2015:00:34:13 -0500] "GET /BLA/resoluciones/RESOLUCIONES%202011/0511.pdf HTTP/1.1" 200 529272
207.46.13.104 - - [08/Jun/2015:00:34:13 -0500] "GET /bla/resoluciones/resoluciones%202010/1462.pdf HTTP/1.1" 200 437417
190.26.236.113 - - [08/Jun/2015:00:34:16 -0500] "POST /forms/lservlet;jsessionid=ac16012b30d6cbf8a861549d4aaaa584af93aeeca8db.e3iSbxaKaheRe34MbhmNaxqNb41ynknvrkLOlQzNp65In0 HTTP/1.1" 200 2
201.216.20.108 - - [08/Jun/2015:00:34:25 -0500] "POST /forms/lservlet;jsessionid=ac16012b30d687520e7de4ad41a2bf9687d9e8d71479.e3iSbxaKaheRe34MbhmNaxqNb41ynknvrkLOlQzNp65In0 HTTP/1.1" 200 2
198.46.81.29 - - [08/Jun/2015:00:34:31 -0500] "GET /wp-admin/ HTTP/1.1" 404 1018
207.46.13.104 - - [08/Jun/2015:00:34:34 -0500] "GET /bla/resoluciones/resoluciones%202010/5972.pdf HTTP/1.1" 200 248553
157.55.39.11 - - [08/Jun/2015:00:34:39 -0500] "GET /bla/resoluciones/resoluciones%202009/4606.pdf HTTP/1.1" 200 641435
157.55.39.11 - - [08/Jun/2015:00:34:40 -0500] "GET /BLA/resoluciones/RESOLUCIONES%202014/1341.pdf HTTP/1.1" 200 364873
207.46.13.104 - - [08/Jun/2015:00:34:43 -0500] "GET /bla/resoluciones/RESOLUCIONES%202009/3866.pdf HTTP/1.1" 200 1250159
207.46.13.68 - - [08/Jun/2015:00:34:51 -0500] "GET /BLA/resoluciones/RESOLUCIONES%202008/4675.pdf HTTP/1.1" 200 623516
207.46.13.68 - - [08/Jun/2015:00:34:52 -0500] "GET /bla/resoluciones/resoluciones%202011/1867.pdf HTTP/1.1" 200 512986
180.76.15.150 - - [08/Jun/2015:00:34:56 -0500] "GET /BLA/resoluciones/RESOLUCIONES%202011/3674.pdf HTTP/1.1" 200 548348
66.249.67.133 - - [08/Jun/2015:00:34:58 -0500] "GET /galeria/nivo-slider/demo/images/astromirador4.jpg HTTP/1.1" 200 156727
152.61.193.99 - - [08/Jun/2015:00:35:03 -0500] "HEAD / HTTP/1.1" 200 -
152.61.193.99 - - [08/Jun/2015:00:35:04 -0500] "GET /arcgis/services/Calidad_del_Agua_WQI/MapServer/WMSServer?SERVICE=WMS&REQUEST=GetCapabilities HTTP/1.1" 200 32135
152.61.193.99 - - [08/Jun/2015:00:35:04 -0500] "GET /arcgis/services/Calidad_del_Agua_WQI/MapServer/WMSServer?SERVICE=WMS&REQUEST=GetCapabilities HTTP/1.1" 200 32135
152.61.193.99 - - [08/Jun/2015:00:35:05 -0500] "GET /arcgis/services/Calidad_del_Agua_WQI/MapServer/WMSServer?SERVICE=WMS&REQUEST=GetCapabilities HTTP/1.1" 200 32135
152.61.193.99 - - [08/Jun/2015:00:35:06 -0500] "GET /arcgis/services/Calidad_del_Agua_WQI/MapServer/WMSServer?SERVICE=WMS&REQUEST=GetCapabilities HTTP/1.1" 200 32135
152.61.193.99 - - [08/Jun/2015:00:35:06 -0500] "GET /arcgis/services/Calidad_del_Agua_WQI/MapServer/WMSServer?VERSION=1.1.1&REQUEST=GetMap&LAYERS=0&SRS=EPSG:4326&BBOX=-74.473395,3.674381,-73.963300,4.920569&WIDTH=250&HEIGHT=250&FORMAT=image/bmp&STYLES=& HTTP/1.1" 200 188054
66.249.67.133 - - [08/Jun/2015:00:35:10 -0500] "GET /BLA/resoluciones/AUTOS%202014/4521.pdf HTTP/1.1" 200 393583
157.55.39.10 - - [08/Jun/2015:00:35:23 -0500] "GET /BLA/resoluciones/RESOLUCIONES%202011/0297.pdf HTTP/1.1" 200 268591
66.249.67.107 - - [08/Jun/2015:00:35:28 -0500] "GET /galeria/galeria/fotos/Humedal-Santa-Mar%C3%ADa-del-Lago4P.jpg HTTP/1.1" 304 -
207.46.13.104 - - [08/Jun/2015:00:35:30 -0500] "GET /BLA/resoluciones/RESOLUCIONES%202007/RES%202007%204201%20AL%204300/RESOLUCION%204283%20DE%202007.pdf HTTP/1.1" 200 408927
207.46.13.104 - - [08/Jun/2015:00:35:30 -0500] "GET /BLA/resoluciones/RESOLUCIONES%202010/3486.pdf HTTP/1.1" 200 504693
180.76.15.159 - - [08/Jun/2015:00:35:31 -0500] "GET /BLA/resoluciones/RESOLUCIONES%202007/RES%202007%203201%20AL%203300/RESOLUCION%203233%20DE%202007.pdf HTTP/1.1" 200 143038
207.46.13.104 - - [08/Jun/2015:00:35:31 -0500] "GET /BLA/resoluciones/RESOLUCIONES%202011/2540.pdf HTTP/1.1" 200 495107
207.46.13.68 - - [08/Jun/2015:00:35:34 -0500] "GET /BLA/resoluciones/RESOLUCIONES%202014/0913.pdf HTTP/1.1" 200 748793
207.46.13.68 - - [08/Jun/2015:00:35:35 -0500] "GET /bla/resoluciones/RESOLUCIONES%202009/3850.pdf HTTP/1.1" 200 621106
207.46.13.68 - - [08/Jun/2015:00:35:35 -0500] "GET /BLA/resoluciones/RESOLUCIONES%202008/1455.pdf HTTP/1.1" 200 305849
207.46.13.68 - - [08/Jun/2015:00:35:36 -0500] "GET /BLA/resoluciones/AUTOS%202009/1426.pdf HTTP/1.1" 200 197203
207.46.13.104 - - [08/Jun/2015:00:35:47 -0500] "GET /BLA/resoluciones/RESOLUCIONES%202010/5421.pdf HTTP/1.1" 200 756005
180.76.15.150 - - [08/Jun/2015:00:35:48 -0500] "GET /BLA/resoluciones/RESOLUCIONES%202011/0642.pdf HTTP/1.1" 200 359462
207.46.13.104 - - [08/Jun/2015:00:35:49 -0500] "GET /BLA/resoluciones/RESOLUCIONES%202008/2761.pdf HTTP/1.1" 200 198359
207.46.13.104 - - [08/Jun/2015:00:35:49 -0500] "GET /BLA/resoluciones/AUTOS%202010/5525.pdf HTTP/1.1" 200 247692
157.55.39.134 - - [08/Jun/2015:00:35:53 -0500] "GET /BLA/resoluciones/RESOLUCIONES%202008/1411.pdf HTTP/1.1" 200 210859
157.55.39.134 - - [08/Jun/2015:00:35:55 -0500] "GET /bla/resoluciones/resoluciones%202009/6063.pdf HTTP/1.1" 200 639233
167.0.180.144 - - [08/Jun/2015:00:35:57 -0500] "GET /BLA/boletinlegal/js/jquery.scrollShow.js HTTP/1.1" 200 4586
207.46.13.104 - - [08/Jun/2015:00:36:00 -0500] "GET /BLA/resoluciones/AUTOS%202009/3021.pdf HTTP/1.1" 200 185766
180.76.15.134 - - [08/Jun/2015:00:36:07 -0500] "GET /BLA/resoluciones/RESOLUCIONES%202011/2185.pdf HTTP/1.1" 200 511455
207.46.13.68 - - [08/Jun/2015:00:36:05 -0500] "GET /BLA/resoluciones/index.php?dir=RESOLUCIONES%202011/&sort=name&order=asc HTTP/1.1" 200 607442
207.46.13.104 - - [08/Jun/2015:00:36:10 -0500] "GET /BLA/resoluciones/RESOLUCIONES%202007/RES%202007%204201%20AL%204300/RESOLUCION%204241%20DE%202007.pdf HTTP/1.1" 200 394189
201.245.192.253 - - [08/Jun/2015:00:33:12 -0500] "GET /ForestMSG_SDA/channelAsync/template_word_18303147?X-Atmosphere-tracking-id=ef7b8cca-22a0-3631-7219-93916646b115&X-Atmosphere-Framework=1.0.5&X-Atmosphere-Transport=long-polling&tabid=0.1128270248301344&X-Cache-Date=0&Content-Type=application/xml&_=1433741653539 HTTP/1.1" 200 8193
190.26.236.113 - - [08/Jun/2015:00:36:17 -0500] "POST /forms/lservlet;jsessionid=ac16012b30d6cbf8a861549d4aaaa584af93aeeca8db.e3iSbxaKaheRe34MbhmNaxqNb41ynknvrkLOlQzNp65In0 HTTP/1.1" 200 2
207.46.13.104 - - [08/Jun/2015:00:36:20 -0500] "GET /BLA/resoluciones/RESOLUCIONES%202011/5900.pdf HTTP/1.1" 200 620450
207.46.13.104 - - [08/Jun/2015:00:36:20 -0500] "GET /bla/resoluciones/resoluciones%202010/5485.pdf HTTP/1.1" 200 246403
180.76.15.29 - - [08/Jun/2015:00:36:22 -0500] "GET /BLA/resoluciones/RESOLUCIONES%202009/2399.pdf HTTP/1.1" 200 380492
157.55.39.10 - - [08/Jun/2015:00:36:24 -0500] "GET /BLA/resoluciones/RESOLUCIONES%202008/5195.pdf HTTP/1.1" 200 42228
201.216.20.108 - - [08/Jun/2015:00:36:25 -0500] "POST /forms/lservlet;jsessionid=ac16012b30d687520e7de4ad41a2bf9687d9e8d71479.e3iSbxaKaheRe34MbhmNaxqNb41ynknvrkLOlQzNp65In0 HTTP/1.1" 200 2
66.249.67.107 - - [08/Jun/2015:00:36:27 -0500] "GET /BLA/resoluciones/AUTOS%202014/1782.pdf HTTP/1.1" 200 467120
207.46.13.68 - - [08/Jun/2015:00:36:34 -0500] "GET /bla/resoluciones/resoluciones%202011/1465.pdf HTTP/1.1" 200 112130
207.46.13.68 - - [08/Jun/2015:00:36:40 -0500] "GET /bla/resoluciones/resoluciones%202011/1962.pdf HTTP/1.1" 200 317734
66.249.67.107 - - [08/Jun/2015:00:36:46 -0500] "GET /BLA/resoluciones/AUTOS%202013/2810.pdf HTTP/1.1" 200 346045
180.76.15.153 - - [08/Jun/2015:00:37:03 -0500] "GET /BLA/resoluciones/RESOLUCIONES%202008/0780.pdf HTTP/1.1" 200 18739
207.46.13.104 - - [08/Jun/2015:00:37:21 -0500] "GET /bla/resoluciones/resoluciones%202009/9459.pdf HTTP/1.1" 200 393665
207.46.13.104 - - [08/Jun/2015:00:37:21 -0500] "GET /BLA/resoluciones/RESOLUCIONES%202010/3242.pdf HTTP/1.1" 200 759231
207.46.13.104 - - [08/Jun/2015:00:37:21 -0500] "GET /BLA/resoluciones/AUTOS%202012/0095.pdf HTTP/1.1" 200 169405
180.76.15.11 - - [08/Jun/2015:00:37:38 -0500] "GET /BLA/resoluciones/RESOLUCIONES%202009/6956.pdf HTTP/1.1" 200 2490586
66.249.67.164 - - [08/Jun/2015:00:37:44 -0500] "GET /SIG/Gestion%20Documental/126PA06-PR13%20CONTROL%20DOCUMENTOS%20EXTERNOS-NORMOGRAMA.pdf HTTP/1.1" 304 -
157.55.39.134 - - [08/Jun/2015:00:37:50 -0500] "GET /bla/resoluciones/resoluciones%202011/1310.pdf HTTP/1.1" 200 64049
157.55.39.134 - - [08/Jun/2015:00:37:50 -0500] "GET /bla/resoluciones/resoluciones%202009/9640.pdf HTTP/1.1" 200 637204
157.55.39.134 - - [08/Jun/2015:00:37:51 -0500] "GET /BLA/resoluciones/AUTOS%202009/2209.pdf HTTP/1.1" 200 112499
157.55.39.134 - - [08/Jun/2015:00:37:51 -0500] "GET /BLA/resoluciones/RESOLUCIONES%202011/1215.pdf HTTP/1.1" 200 227466
157.55.39.134 - - [08/Jun/2015:00:37:53 -0500] "GET /BLA/resoluciones/RESOLUCIONES%202008/3468.pdf HTTP/1.1" 200 447952
207.46.13.104 - - [08/Jun/2015:00:37:55 -0500] "GET /BLA/resoluciones/RESOLUCIONES%202009/8107.pdf HTTP/1.1" 200 498129
207.46.13.104 - - [08/Jun/2015:00:37:56 -0500] "GET /BLA/resoluciones/RESOLUCIONES%202009/9830.pdf HTTP/1.1" 200 1355451
207.46.13.104 - - [08/Jun/2015:00:37:57 -0500] "GET /bla/resoluciones/RESOLUCIONES%202009/8539.pdf HTTP/1.1" 200 542447
207.46.13.68 - - [08/Jun/2015:00:38:00 -0500] "GET /bla/resoluciones/resoluciones%202010/0456.pdf HTTP/1.1" 200 102764
207.46.13.68 - - [08/Jun/2015:00:38:01 -0500] "GET /bla/resoluciones/RESOLUCIONES%202009/7783.pdf HTTP/1.1" 200 496303
207.46.13.68 - - [08/Jun/2015:00:38:02 -0500] "GET /bla/resoluciones/RESOLUCIONES%202009/2753.pdf HTTP/1.1" 200 717929
207.46.13.68 - - [08/Jun/2015:00:38:02 -0500] "GET /BLA/resoluciones/RESOLUCIONES%202009/3341.pdf HTTP/1.1" 200 633966
207.46.13.68 - - [08/Jun/2015:00:38:03 -0500] "GET /bla/resoluciones/autos%202010/5713.pdf HTTP/1.1" 200 231067
157.55.39.10 - - [08/Jun/2015:00:38:10 -0500] "GET /bla/resoluciones/resoluciones%202009/6196.pdf HTTP/1.1" 200 694992
207.46.13.104 - - [08/Jun/2015:00:38:15 -0500] "GET /BLA/resoluciones/RESOLUCIONES%202010/5937.pdf HTTP/1.1" 200 553911
207.46.13.104 - - [08/Jun/2015:00:38:16 -0500] "GET /BLA/resoluciones/AUTOS%202009/0483.pdf HTTP/1.1" 200 411863
207.46.13.104 - - [08/Jun/2015:00:38:16 -0500] "GET /BLA/resoluciones/RESOLUCIONES%202008/4038.pdf HTTP/1.1" 200 361104
207.46.13.104 - - [08/Jun/2015:00:38:16 -0500] "GET /bla/resoluciones/RESOLUCIONES%202009/4143.pdf HTTP/1.1" 200 783834
190.26.236.113 - - [08/Jun/2015:00:38:17 -0500] "POST /forms/lservlet;jsessionid=ac16012b30d6cbf8a861549d4aaaa584af93aeeca8db.e3iSbxaKaheRe34MbhmNaxqNb41ynknvrkLOlQzNp65In0 HTTP/1.1" 200 2
201.216.20.108 - - [08/Jun/2015:00:38:26 -0500] "POST /forms/lservlet;jsessionid=ac16012b30d687520e7de4ad41a2bf9687d9e8d71479.e3iSbxaKaheRe34MbhmNaxqNb41ynknvrkLOlQzNp65In0 HTTP/1.1" 200 2
180.76.15.32 - - [08/Jun/2015:00:38:31 -0500] "GET /BLA/resoluciones/RESOLUCIONES%202007/RES%202007%204101%20AL%204200/RESOLUCION%204153%20DE%202007.pdf HTTP/1.1" 200 294085
207.46.13.104 - - [08/Jun/2015:00:38:32 -0500] "GET /BLA/resoluciones/RESOLUCIONES%202009/2593.pdf HTTP/1.1" 200 1275091
207.46.13.104 - - [08/Jun/2015:00:38:34 -0500] "GET /BLA/resoluciones/RESOLUCIONES%202008/0433.pdf HTTP/1.1" 200 270346
157.55.39.168 - - [08/Jun/2015:00:38:40 -0500] "GET /bla/resoluciones/RESOLUCIONES%202011/4275.pdf HTTP/1.1" 200 1186071
157.55.39.168 - - [08/Jun/2015:00:38:41 -0500] "GET /bla/resoluciones/RESOLUCIONES%202009/4745.pdf HTTP/1.1" 200 663898
157.55.39.168 - - [08/Jun/2015:00:38:41 -0500] "GET /bla/resoluciones/RESOLUCIONES%202011/6045.pdf HTTP/1.1" 200 936212
157.55.39.168 - - [08/Jun/2015:00:38:41 -0500] "GET /BLA/resoluciones/RESOLUCIONES%202007/RES%202007%201401%20AL%201500/RESOLUCION%201402%20DE%202007.pdf HTTP/1.1" 200 224148
157.55.39.168 - - [08/Jun/2015:00:38:42 -0500] "GET /BLA/resoluciones/RESOLUCIONES%202008/2876.pdf HTTP/1.1" 200 581950
157.55.39.168 - - [08/Jun/2015:00:38:42 -0500] "GET /BLA/resoluciones/RESOLUCIONES%202011/4641.pdf HTTP/1.1" 200 584680
157.55.39.168 - - [08/Jun/2015:00:38:43 -0500] "GET /bla/resoluciones/resoluciones%202009/6895.pdf HTTP/1.1" 200 329829
157.55.39.168 - - [08/Jun/2015:00:38:43 -0500] "GET /BLA/resoluciones/RESOLUCIONES%202008/4537.pdf HTTP/1.1" 200 472936
157.55.39.168 - - [08/Jun/2015:00:38:43 -0500] "GET /bla/resoluciones/resoluciones%202010/2360.pdf HTTP/1.1" 200 466068
157.55.39.168 - - [08/Jun/2015:00:38:44 -0500] "GET /BLA/resoluciones/RESOLUCIONES%202007/RES%202007%204201%20AL%204300/RESOLUCION%204271%20DE%202007.pdf HTTP/1.1" 200 250744
157.55.39.168 - - [08/Jun/2015:00:38:44 -0500] "GET /BLA/resoluciones/RESOLUCIONES%202011/4701.pdf HTTP/1.1" 200 684860
157.55.39.168 - - [08/Jun/2015:00:38:45 -0500] "GET /BLA/resoluciones/RESOLUCIONES%202013/2068.pdf HTTP/1.1" 200 545439
157.55.39.168 - - [08/Jun/2015:00:38:45 -0500] "GET /BLA/resoluciones/RESOLUCIONES%202011/5034.pdf HTTP/1.1" 200 534278
157.55.39.168 - - [08/Jun/2015:00:38:46 -0500] "GET /BLA/resoluciones/AUTOS%202009/0354.pdf HTTP/1.1" 200 81660
157.55.39.168 - - [08/Jun/2015:00:38:46 -0500] "GET /bla/resoluciones/resoluciones%202009/8707.pdf HTTP/1.1" 200 582806
157.55.39.168 - - [08/Jun/2015:00:38:46 -0500] "GET /BLA/resoluciones/AUTOS%202012/2185.pdf HTTP/1.1" 200 2213106
157.55.39.168 - - [08/Jun/2015:00:38:47 -0500] "GET /bla/resoluciones/resoluciones%202010/2013.pdf HTTP/1.1" 200 337868
157.55.39.168 - - [08/Jun/2015:00:38:47 -0500] "GET /BLA/resoluciones/RESOLUCIONES%202009/8707.pdf HTTP/1.1" 200 582806
180.76.15.6 - - [08/Jun/2015:00:38:48 -0500] "GET /BLA/resoluciones/AUTOS%202012/2154.pdf HTTP/1.1" 200 300786
74.86.158.107 - - [08/Jun/2015:00:38:49 -0500] "HEAD / HTTP/1.1" 200 -
207.46.13.104 - - [08/Jun/2015:00:38:58 -0500] "GET /bla/resoluciones/RESOLUCIONES%202009/7332.pdf HTTP/1.1" 200 688230
207.46.13.68 - - [08/Jun/2015:00:39:00 -0500] "GET /BLA/resoluciones/AUTOS%202012/1663.pdf HTTP/1.1" 200 460393
66.249.67.190 - - [08/Jun/2015:00:39:01 -0500] "GET / HTTP/1.1" 200 10190
157.55.39.10 - - [08/Jun/2015:00:39:05 -0500] "GET /BLA/resoluciones/AUTOS%202010/0559.pdf HTTP/1.1" 200 679497
180.76.15.153 - - [08/Jun/2015:00:39:05 -0500] "GET /BLA/resoluciones/RESOLUCIONES%202009/2551.pdf HTTP/1.1" 200 448570
