201.245.192.253 - - [08/Jun/2015:04:00:19 -0500] "GET /ForestMSG_SDA/channelAsync/template_word_18303147?X-Atmosphere-tracking-id=ef7b8cca-22a0-3631-7219-93916646b115&X-Atmosphere-Framework=1.0.5&X-Atmosphere-Transport=long-polling&tabid=0.1128270248301344&X-Cache-Date=0&Content-Type=application/xml&_=1433754081563 HTTP/1.1" 200 8193
66.249.67.120 - - [08/Jun/2015:04:03:26 -0500] "GET /BLA/resoluciones/AUTOS%202014/0499.pdf HTTP/1.1" 200 481036
207.46.13.68 - - [08/Jun/2015:04:03:54 -0500] "GET /BLA/resoluciones/AUTOS%202007/0901.pdf HTTP/1.1" 200 142591
207.46.13.68 - - [08/Jun/2015:04:03:54 -0500] "GET /BLA/resoluciones/RESOLUCIONES%202008/2281.pdf HTTP/1.1" 200 516211
207.46.13.68 - - [08/Jun/2015:04:03:55 -0500] "GET /BLA/resoluciones/AUTOS%202010/0877.pdf HTTP/1.1" 200 176996
157.55.39.10 - - [08/Jun/2015:04:03:58 -0500] "GET /bla/resoluciones/resoluciones%202009/9418.pdf HTTP/1.1" 200 891079
207.46.13.104 - - [08/Jun/2015:04:04:04 -0500] "GET /bla/resoluciones/RESOLUCIONES%202011/5222.pdf HTTP/1.1" 200 599176
207.46.13.104 - - [08/Jun/2015:04:04:06 -0500] "GET /BLA/resoluciones/AUTOS%202009/2384.pdf HTTP/1.1" 200 241543
157.55.39.41 - - [08/Jun/2015:04:04:12 -0500] "GET / HTTP/1.1" 200 10190
180.76.15.16 - - [08/Jun/2015:04:04:15 -0500] "GET /BLA/resoluciones/AUTOS%202013/2289.pdf HTTP/1.1" 200 461718
180.76.15.25 - - [08/Jun/2015:04:04:32 -0500] "GET /BLA/resoluciones/AUTOS%202012/2018.pdf HTTP/1.1" 200 297796
207.46.13.68 - - [08/Jun/2015:04:04:43 -0500] "GET /BLA/resoluciones/RESOLUCIONES%202010/6206.pdf HTTP/1.1" 200 848908
207.46.13.68 - - [08/Jun/2015:04:04:43 -0500] "GET /BLA/resoluciones/RESOLUCIONES%202008/0479.pdf HTTP/1.1" 200 506583
66.249.67.120 - - [08/Jun/2015:04:04:44 -0500] "GET /BLA/resoluciones/AUTOS%202014/6943.pdf HTTP/1.1" 200 273765
207.46.13.68 - - [08/Jun/2015:04:04:45 -0500] "GET /BLA/resoluciones/RESOLUCIONES%202009/7635.pdf HTTP/1.1" 200 541745
180.76.15.13 - - [08/Jun/2015:04:04:50 -0500] "GET /BLA/resoluciones/RESOLUCIONES%202008/4712.pdf HTTP/1.1" 200 254767
207.46.13.104 - - [08/Jun/2015:04:04:52 -0500] "GET /BLA/resoluciones/RESOLUCIONES%202013/0417.pdf HTTP/1.1" 200 581613
207.46.13.104 - - [08/Jun/2015:04:04:52 -0500] "GET /BLA/resoluciones/RESOLUCIONES%202011/1737.pdf HTTP/1.1" 200 511313
207.46.13.104 - - [08/Jun/2015:04:04:56 -0500] "GET /BLA/resoluciones/RESOLUCIONES%202008/0369.pdf HTTP/1.1" 200 244211
207.46.13.68 - - [08/Jun/2015:04:05:03 -0500] "GET /bla/resoluciones/autos%202010/4612.pdf HTTP/1.1" 200 380203
180.76.15.32 - - [08/Jun/2015:04:05:07 -0500] "GET /BLA/resoluciones/RESOLUCIONES%202007/RES%202007%204101%20AL%204200/RESOLUCION%204132%20DE%202007.pdf HTTP/1.1" 200 669004
180.76.15.30 - - [08/Jun/2015:04:05:24 -0500] "GET /BLA/resoluciones/RESOLUCIONES%202008/0912.pdf HTTP/1.1" 200 260059
207.46.13.68 - - [08/Jun/2015:04:05:27 -0500] "GET /BLA/resoluciones/RESOLUCIONES%202008/0913.pdf HTTP/1.1" 200 212900
207.46.13.68 - - [08/Jun/2015:04:05:28 -0500] "GET /bla/resoluciones/resoluciones%202010/0128.pdf HTTP/1.1" 200 386612
207.46.13.104 - - [08/Jun/2015:04:05:31 -0500] "GET /BLA/resoluciones/RESOLUCIONES%202008/3696.pdf HTTP/1.1" 200 346703
207.46.13.104 - - [08/Jun/2015:04:05:32 -0500] "GET /BLA/resoluciones/RESOLUCIONES%202011/5011.pdf HTTP/1.1" 200 352061
157.55.39.168 - - [08/Jun/2015:04:05:36 -0500] "GET /BLA/resoluciones/AUTOS%202012/1645.pdf HTTP/1.1" 200 329490
157.55.39.168 - - [08/Jun/2015:04:05:37 -0500] "GET /BLA/resoluciones/RESOLUCIONES%202010/3595.pdf HTTP/1.1" 200 501551
157.55.39.168 - - [08/Jun/2015:04:05:37 -0500] "GET /bla/resoluciones/autos%202010/0778.pdf HTTP/1.1" 200 193135
157.55.39.168 - - [08/Jun/2015:04:05:38 -0500] "GET /bla/resoluciones/RESOLUCIONES%202009/8876.pdf HTTP/1.1" 200 274729
157.55.39.168 - - [08/Jun/2015:04:05:38 -0500] "GET /bla/resoluciones/resoluciones%202009/8170.pdf HTTP/1.1" 200 496209
157.55.39.168 - - [08/Jun/2015:04:05:39 -0500] "GET /BLA/resoluciones/RESOLUCIONES%202010/2580.pdf HTTP/1.1" 200 811659
157.55.39.168 - - [08/Jun/2015:04:05:39 -0500] "GET /BLA/resoluciones/RESOLUCIONES%202010/3198.pdf HTTP/1.1" 200 363529
157.55.39.168 - - [08/Jun/2015:04:05:39 -0500] "GET /bla/resoluciones/resoluciones%202010/7547.pdf HTTP/1.1" 200 496491
157.55.39.168 - - [08/Jun/2015:04:05:40 -0500] "GET /bla/resoluciones/resoluciones%202009/8098.pdf HTTP/1.1" 200 512668
157.55.39.168 - - [08/Jun/2015:04:05:40 -0500] "GET /BLA/resoluciones/RESOLUCIONES%202009/6102.pdf HTTP/1.1" 200 668614
157.55.39.168 - - [08/Jun/2015:04:05:41 -0500] "GET /BLA/resoluciones/AUTOS%202009/3284.pdf HTTP/1.1" 200 67497
157.55.39.168 - - [08/Jun/2015:04:05:41 -0500] "GET /bla/resoluciones/resoluciones%202009/8684.pdf HTTP/1.1" 200 538402
180.76.15.134 - - [08/Jun/2015:04:05:41 -0500] "GET /BLA/resoluciones/RESOLUCIONES%202009/2882.pdf HTTP/1.1" 200 401262
157.55.39.168 - - [08/Jun/2015:04:05:42 -0500] "GET /BLA/resoluciones/RESOLUCIONES%202011/1207.pdf HTTP/1.1" 200 489988
157.55.39.168 - - [08/Jun/2015:04:05:42 -0500] "GET /BLA/resoluciones/RESOLUCIONES%202007/RES%202007%204201%20AL%204300/RESOLUCION%204265%20DE%202007.pdf HTTP/1.1" 200 240566
157.55.39.168 - - [08/Jun/2015:04:05:43 -0500] "GET /bla/resoluciones/resoluciones%202011/1290.pdf HTTP/1.1" 200 137111
157.55.39.168 - - [08/Jun/2015:04:05:43 -0500] "GET /BLA/resoluciones/RESOLUCIONES%202008/3467.pdf HTTP/1.1" 200 566996
157.55.39.168 - - [08/Jun/2015:04:05:43 -0500] "GET /bla/resoluciones/autos%202010/5213.pdf HTTP/1.1" 200 156771
157.55.39.168 - - [08/Jun/2015:04:05:44 -0500] "GET /bla/resoluciones/RESOLUCIONES%202009/7620.pdf HTTP/1.1" 200 1600951
157.55.39.168 - - [08/Jun/2015:04:05:44 -0500] "GET /bla/resoluciones/resoluciones%202011/0672.pdf HTTP/1.1" 200 83793
157.55.39.168 - - [08/Jun/2015:04:05:45 -0500] "GET /BLA/resoluciones/RESOLUCIONES%202011/5712.pdf HTTP/1.1" 200 559355
157.55.39.168 - - [08/Jun/2015:04:05:45 -0500] "GET /bla/resoluciones/resoluciones%202009/8760.pdf HTTP/1.1" 200 531979
66.249.67.164 - - [08/Jun/2015:04:05:48 -0500] "GET /Anexos%20estudio%20Organizacional%20SDA/ANEXO%20No.%208%20-%20MATRICES%20DE%20REGISTRO%20Y%20DE%20SALIDA%20MEDICI%C3%93N%20CARGAS%20LABORALES%20SDA/1.2%20OPEL/OPEL.xls HTTP/1.1" 304 -
207.46.13.104 - - [08/Jun/2015:04:05:56 -0500] "GET /BLA/resoluciones/Autos%202008/2495.pdf HTTP/1.1" 200 152010
207.46.13.104 - - [08/Jun/2015:04:05:57 -0500] "GET /bla/resoluciones/resoluciones%202009/8733.pdf HTTP/1.1" 200 557562
207.46.13.104 - - [08/Jun/2015:04:05:57 -0500] "GET /bla/resoluciones/autos%202010/1478.pdf HTTP/1.1" 200 279727
66.249.67.107 - - [08/Jun/2015:04:06:01 -0500] "GET /BLA/resoluciones/AUTOS%202014/2701.pdf HTTP/1.1" 200 416075
157.55.39.10 - - [08/Jun/2015:04:06:15 -0500] "GET /BLA/resoluciones/RESOLUCIONES%202011/1160.pdf HTTP/1.1" 200 514316
157.55.39.10 - - [08/Jun/2015:04:06:15 -0500] "GET /BLA/resoluciones/RESOLUCIONES%202008/2000.pdf HTTP/1.1" 200 235203
157.55.39.10 - - [08/Jun/2015:04:06:16 -0500] "GET /bla/resoluciones/resoluciones%202009/8943.pdf HTTP/1.1" 200 294643
157.55.39.10 - - [08/Jun/2015:04:06:16 -0500] "GET /bla/resoluciones/resoluciones%202009/9220.pdf HTTP/1.1" 200 491799
157.55.39.10 - - [08/Jun/2015:04:06:16 -0500] "GET /BLA/resoluciones/AUTOS%202012/2143.pdf HTTP/1.1" 200 710194
157.55.39.10 - - [08/Jun/2015:04:06:17 -0500] "GET /bla/resoluciones/resoluciones%202010/1671.pdf HTTP/1.1" 200 105182
157.55.39.10 - - [08/Jun/2015:04:06:17 -0500] "GET /BLA/resoluciones/RESOLUCIONES%202010/3989.pdf HTTP/1.1" 200 511329
157.55.39.10 - - [08/Jun/2015:04:06:18 -0500] "GET /bla/resoluciones/RESOLUCIONES%202009/8151.pdf HTTP/1.1" 200 502037
201.245.192.253 - - [08/Jun/2015:04:03:19 -0500] "GET /ForestMSG_SDA/channelAsync/template_word_18303147?X-Atmosphere-tracking-id=ef7b8cca-22a0-3631-7219-93916646b115&X-Atmosphere-Framework=1.0.5&X-Atmosphere-Transport=long-polling&tabid=0.1128270248301344&X-Cache-Date=0&Content-Type=application/xml&_=1433754261614 HTTP/1.1" 200 8193
207.46.13.68 - - [08/Jun/2015:04:06:23 -0500] "GET /BLA/resoluciones/RESOLUCIONES%202013/1024.pdf HTTP/1.1" 200 4080379
180.76.15.26 - - [08/Jun/2015:04:06:23 -0500] "GET /BLA/resoluciones/RESOLUCIONES%202009/7459.pdf HTTP/1.1" 200 76561
207.46.13.68 - - [08/Jun/2015:04:06:25 -0500] "GET /bla/resoluciones/RESOLUCIONES%202011/2125.pdf HTTP/1.1" 200 553996
66.249.67.133 - - [08/Jun/2015:04:06:29 -0500] "GET /BLA/resoluciones/AUTOS%202014/3419.pdf HTTP/1.1" 200 370247
207.46.13.104 - - [08/Jun/2015:04:06:30 -0500] "GET /bla/resoluciones/resoluciones%202009/6873.pdf HTTP/1.1" 200 329264
157.55.39.11 - - [08/Jun/2015:04:06:34 -0500] "GET /bla/resoluciones/resoluciones%202010/7695.pdf HTTP/1.1" 200 187314
207.46.13.104 - - [08/Jun/2015:04:06:48 -0500] "GET /bla/resoluciones/resoluciones%202009/3807.pdf HTTP/1.1" 200 902703
157.55.39.134 - - [08/Jun/2015:04:06:55 -0500] "GET /bla/resoluciones/autos%202010/1433.pdf HTTP/1.1" 200 235241
157.55.39.134 - - [08/Jun/2015:04:06:56 -0500] "GET /BLA/resoluciones/RESOLUCIONES%202011/4949.pdf HTTP/1.1" 200 352275
207.46.13.68 - - [08/Jun/2015:04:07:00 -0500] "GET /BLA/resoluciones/RESOLUCIONES%202010/2531.pdf HTTP/1.1" 200 504609
207.46.13.68 - - [08/Jun/2015:04:07:00 -0500] "GET /BLA/resoluciones/RESOLUCIONES%202011/1358.pdf HTTP/1.1" 200 65629
207.46.13.68 - - [08/Jun/2015:04:07:01 -0500] "GET /BLA/resoluciones/RESOLUCIONES%202008/0004.pdf HTTP/1.1" 200 62442
207.46.13.104 - - [08/Jun/2015:04:07:09 -0500] "GET /BLA/resoluciones/AUTOS%202009/1375.pdf HTTP/1.1" 200 117796
207.46.13.104 - - [08/Jun/2015:04:07:10 -0500] "GET /bla/resoluciones/resoluciones%202009/2719.pdf HTTP/1.1" 200 655604
180.76.15.24 - - [08/Jun/2015:04:07:10 -0500] "GET /BLA/resoluciones/RESOLUCIONES%202009/9804.pdf HTTP/1.1" 200 550225
207.46.13.104 - - [08/Jun/2015:04:07:10 -0500] "GET /BLA/resoluciones/RESOLUCIONES%202011/0673.pdf HTTP/1.1" 200 355357
66.249.67.133 - - [08/Jun/2015:04:07:18 -0500] "GET /BLA/resoluciones/AUTOS%202014/1284.pdf HTTP/1.1" 200 441798
207.46.13.104 - - [08/Jun/2015:04:07:43 -0500] "GET /bla/resoluciones/RESOLUCIONES%202009/9091.pdf HTTP/1.1" 200 541775
207.46.13.104 - - [08/Jun/2015:04:07:43 -0500] "GET /bla/resoluciones/resoluciones%202010/0146.pdf HTTP/1.1" 200 382572
207.46.13.104 - - [08/Jun/2015:04:07:44 -0500] "GET /bla/resoluciones/resoluciones%202010/6669.pdf HTTP/1.1" 200 266851
180.76.15.23 - - [08/Jun/2015:04:07:45 -0500] "GET /BLA/resoluciones/RESOLUCIONES%202008/3320.pdf HTTP/1.1" 200 222287
207.46.13.68 - - [08/Jun/2015:04:07:55 -0500] "GET /bla/resoluciones/resoluciones%202009/3882.pdf HTTP/1.1" 200 1022143
207.46.13.68 - - [08/Jun/2015:04:07:55 -0500] "GET /BLA/resoluciones/AUTOS%202012/2586.pdf HTTP/1.1" 200 316370
207.46.13.68 - - [08/Jun/2015:04:07:56 -0500] "GET /BLA/resoluciones/AUTOS%202012/1345.pdf HTTP/1.1" 200 161352
207.46.13.68 - - [08/Jun/2015:04:07:56 -0500] "GET /BLA/resoluciones/RESOLUCIONES%202008/4353.pdf HTTP/1.1" 200 416168
207.46.13.68 - - [08/Jun/2015:04:07:57 -0500] "GET /BLA/resoluciones/RESOLUCIONES%202011/3052.pdf HTTP/1.1" 200 675612
207.46.13.104 - - [08/Jun/2015:04:08:01 -0500] "GET /BLA/resoluciones/RESOLUCIONES%202008/4244.pdf HTTP/1.1" 200 351435
207.46.13.104 - - [08/Jun/2015:04:08:01 -0500] "GET /bla/resoluciones/resoluciones%202010/1457.pdf HTTP/1.1" 200 434995
207.46.13.104 - - [08/Jun/2015:04:08:03 -0500] "GET /BLA/resoluciones/AUTOS%202011/1505.pdf HTTP/1.1" 200 274572
157.55.39.10 - - [08/Jun/2015:04:08:06 -0500] "GET /bla/resoluciones/RESOLUCIONES%202009/6621.pdf HTTP/1.1" 200 1362793
157.55.39.10 - - [08/Jun/2015:04:08:08 -0500] "GET /BLA/resoluciones/RESOLUCIONES%202011/0185.pdf HTTP/1.1" 200 285634
207.46.13.68 - - [08/Jun/2015:04:08:15 -0500] "GET /bla/resoluciones/RESOLUCIONES%202009/7658.pdf HTTP/1.1" 200 514090
180.76.15.15 - - [08/Jun/2015:04:08:19 -0500] "GET /BLA/resoluciones/RESOLUCIONES%202009/1113.pdf HTTP/1.1" 200 412964
66.249.67.164 - - [08/Jun/2015:04:08:31 -0500] "GET /dama/libreria/pdf/PMA_alcaldia.pdf HTTP/1.1" 404 1019
157.55.39.168 - - [08/Jun/2015:04:08:34 -0500] "GET /BLA/resoluciones/RESOLUCIONES%202008/1202.pdf HTTP/1.1" 200 229209
157.55.39.168 - - [08/Jun/2015:04:08:34 -0500] "GET /bla/resoluciones/resoluciones%202010/6657.pdf HTTP/1.1" 200 903201
157.55.39.168 - - [08/Jun/2015:04:08:35 -0500] "GET /BLA/resoluciones/RESOLUCIONES%202011/0397.pdf HTTP/1.1" 200 71993
66.249.67.107 - - [08/Jun/2015:04:08:35 -0500] "GET /BLA/resoluciones/AUTOS%202014/1234.pdf HTTP/1.1" 200 1674006
157.55.39.168 - - [08/Jun/2015:04:08:35 -0500] "GET /BLA/resoluciones/AUTOS%202009/1802.pdf HTTP/1.1" 200 199315
157.55.39.168 - - [08/Jun/2015:04:08:36 -0500] "GET /BLA/resoluciones/RESOLUCIONES%202008/5348.pdf HTTP/1.1" 200 232398
157.55.39.168 - - [08/Jun/2015:04:08:36 -0500] "GET /bla/resoluciones/autos%202010/6619.pdf HTTP/1.1" 200 155131
180.76.15.144 - - [08/Jun/2015:04:08:36 -0500] "GET /BLA/resoluciones/RESOLUCIONES%202008/1473.pdf HTTP/1.1" 200 401318
157.55.39.168 - - [08/Jun/2015:04:08:37 -0500] "GET /bla/resoluciones/RESOLUCIONES%202009/6709.pdf HTTP/1.1" 200 8844278
157.55.39.168 - - [08/Jun/2015:04:08:38 -0500] "GET /bla/resoluciones/resoluciones%202010/1979.pdf HTTP/1.1" 200 513833
157.55.39.134 - - [08/Jun/2015:04:08:42 -0500] "GET /BLA/resoluciones/RESOLUCIONES%202010/6356.pdf HTTP/1.1" 200 2520061
66.249.67.120 - - [08/Jun/2015:04:09:01 -0500] "GET /BLA/resoluciones/RESOLUCIONES%202010/2785.pdf HTTP/1.1" 304 -
201.245.192.253 - - [08/Jun/2015:04:06:19 -0500] "GET /ForestMSG_SDA/channelAsync/template_word_18303147?X-Atmosphere-tracking-id=ef7b8cca-22a0-3631-7219-93916646b115&X-Atmosphere-Framework=1.0.5&X-Atmosphere-Transport=long-polling&tabid=0.1128270248301344&X-Cache-Date=0&Content-Type=application/xml&_=1433754441574 HTTP/1.1" 200 8193
180.76.15.13 - - [08/Jun/2015:04:09:22 -0500] "GET /BLA/resoluciones/AUTOS%202011/1552.pdf HTTP/1.1" 200 161739
207.46.13.68 - - [08/Jun/2015:04:09:24 -0500] "GET /BLA/resoluciones/RESOLUCIONES%202007/RES%202007%20301%20AL%20400/RESOLUCION%200324%20DE%202007.pdf HTTP/1.1" 200 263490
207.46.13.68 - - [08/Jun/2015:04:09:25 -0500] "GET /BLA/resoluciones/RESOLUCIONES%202012/0327.pdf HTTP/1.1" 200 215453
207.46.13.68 - - [08/Jun/2015:04:09:27 -0500] "GET /bla/resoluciones/resoluciones%202009/3476.pdf HTTP/1.1" 200 656149
157.55.39.11 - - [08/Jun/2015:04:09:28 -0500] "GET /bla/resoluciones/resoluciones%202009/9348.pdf HTTP/1.1" 200 494913
157.55.39.11 - - [08/Jun/2015:04:09:29 -0500] "GET /BLA/resoluciones/RESOLUCIONES%202010/3124.pdf HTTP/1.1" 200 745941
180.76.15.163 - - [08/Jun/2015:04:09:40 -0500] "GET /BLA/resoluciones/RESOLUCIONES%202008/2797.pdf HTTP/1.1" 200 322337
207.46.13.104 - - [08/Jun/2015:04:09:45 -0500] "GET /bla/resoluciones/resoluciones%202010/5621.pdf HTTP/1.1" 200 2768330
207.46.13.104 - - [08/Jun/2015:04:09:45 -0500] "GET /BLA/resoluciones/RESOLUCIONES%202010/4035.pdf HTTP/1.1" 200 752905
157.55.39.134 - - [08/Jun/2015:04:09:50 -0500] "GET /BLA/resoluciones/RESOLUCIONES%202010/3493.pdf HTTP/1.1" 200 507037
157.55.39.134 - - [08/Jun/2015:04:09:50 -0500] "GET /BLA/resoluciones/RESOLUCIONES%202008/5449.pdf HTTP/1.1" 200 255569
66.249.67.107 - - [08/Jun/2015:04:09:52 -0500] "GET /BLA/resoluciones/AUTOS%202014/6648.pdf HTTP/1.1" 200 518847
207.46.13.68 - - [08/Jun/2015:04:09:56 -0500] "GET /BLA/resoluciones/RESOLUCIONES%202011/2037.pdf HTTP/1.1" 200 414843
207.46.13.68 - - [08/Jun/2015:04:09:57 -0500] "GET /BLA/resoluciones/RESOLUCIONES%202013/2210.pdf HTTP/1.1" 200 680041
207.46.13.68 - - [08/Jun/2015:04:09:57 -0500] "GET /bla/resoluciones/RESOLUCIONES%202009/3287.pdf HTTP/1.1" 200 655998
207.46.13.68 - - [08/Jun/2015:04:09:59 -0500] "GET /bla/resoluciones/resoluciones%202009/7406.pdf HTTP/1.1" 200 176583
207.46.13.104 - - [08/Jun/2015:04:10:05 -0500] "GET /BLA/resoluciones/RESOLUCIONES%202007/RES%202007%201%20AL%20100/RESOLUCION%200091%20DE%202007.pdf HTTP/1.1" 200 32450
207.46.13.104 - - [08/Jun/2015:04:10:08 -0500] "GET /BLA/resoluciones/RESOLUCIONES%202011/5496.pdf HTTP/1.1" 200 598655
207.46.13.104 - - [08/Jun/2015:04:10:09 -0500] "GET /BLA/resoluciones/AUTOS%202009/0919.pdf HTTP/1.1" 200 121662
207.46.13.68 - - [08/Jun/2015:04:10:10 -0500] "GET /BLA/resoluciones/RESOLUCIONES%202008/2188.pdf HTTP/1.1" 200 903393
157.55.39.10 - - [08/Jun/2015:04:10:16 -0500] "GET /BLA/resoluciones/RESOLUCIONES%202011/2111.pdf HTTP/1.1" 200 507319
157.55.39.10 - - [08/Jun/2015:04:10:16 -0500] "GET /BLA/resoluciones/RESOLUCIONES%202011/4327.pdf HTTP/1.1" 200 628763
66.249.67.107 - - [08/Jun/2015:04:10:26 -0500] "GET /catalogoisis/imagenes/aceptar1.gif HTTP/1.1" 304 -
157.55.39.11 - - [08/Jun/2015:04:10:33 -0500] "GET /BLA/resoluciones/RESOLUCIONES%202010/3478.pdf HTTP/1.1" 200 519211
180.76.15.28 - - [08/Jun/2015:04:10:37 -0500] "GET /BLA/resoluciones/RESOLUCIONES%202009/8043.pdf HTTP/1.1" 200 416092
207.46.13.68 - - [08/Jun/2015:04:10:48 -0500] "GET /BLA/resoluciones/RESOLUCIONES%202011/5322.pdf HTTP/1.1" 200 565504
74.86.158.107 - - [08/Jun/2015:04:10:49 -0500] "HEAD / HTTP/1.1" 200 -
180.76.15.14 - - [08/Jun/2015:04:10:54 -0500] "GET /BLA/resoluciones/AUTOS%202010/0775.pdf HTTP/1.1" 200 195637
207.46.13.104 - - [08/Jun/2015:04:10:55 -0500] "GET /BLA/resoluciones/RESOLUCIONES%202009/9425.pdf HTTP/1.1" 200 472413
157.55.39.10 - - [08/Jun/2015:04:11:09 -0500] "GET /bla/resoluciones/RESOLUCIONES%202009/7818.pdf HTTP/1.1" 200 496017
157.55.39.10 - - [08/Jun/2015:04:11:09 -0500] "GET /BLA/resoluciones/RESOLUCIONES%202007/RES%202007%203501%20AL%203600/RESOLUCION%203528%20DE%202007.pdf HTTP/1.1" 200 367884
66.249.67.133 - - [08/Jun/2015:04:11:09 -0500] "GET /BLA/resoluciones/AUTOS%202014/0566.pdf HTTP/1.1" 200 423175
157.55.39.10 - - [08/Jun/2015:04:11:11 -0500] "GET /BLA/resoluciones/AUTOS%202007/0198.pdf HTTP/1.1" 200 139659
207.46.13.68 - - [08/Jun/2015:04:11:38 -0500] "GET /bla/resoluciones/RESOLUCIONES%202009/5668.pdf HTTP/1.1" 200 681189
207.46.13.104 - - [08/Jun/2015:04:11:43 -0500] "GET /BLA/resoluciones/RESOLUCIONES%202008/4633.pdf HTTP/1.1" 200 255699
207.46.13.104 - - [08/Jun/2015:04:11:44 -0500] "GET /BLA/resoluciones/AUTOS%202010/3900.pdf HTTP/1.1" 200 90520
207.46.13.104 - - [08/Jun/2015:04:11:44 -0500] "GET /BLA/resoluciones/RESOLUCIONES%202013/1738.pdf HTTP/1.1" 200 531030
207.46.13.104 - - [08/Jun/2015:04:11:45 -0500] "GET /BLA/resoluciones/AUTOS%202009/2585.pdf HTTP/1.1" 200 97758
207.46.13.68 - - [08/Jun/2015:04:11:55 -0500] "GET /BLA/resoluciones/RESOLUCIONES%202009/4634.pdf HTTP/1.1" 200 649831
157.55.39.10 - - [08/Jun/2015:04:12:00 -0500] "GET /BLA/resoluciones/RESOLUCIONES%202010/3111.pdf HTTP/1.1" 200 547405
207.46.13.104 - - [08/Jun/2015:04:12:06 -0500] "GET /BLA/resoluciones/RESOLUCIONES%202010/2753.pdf HTTP/1.1" 200 538862
157.55.39.167 - - [08/Jun/2015:04:12:13 -0500] "GET /BLA/resoluciones/AUTOS%202009/1445.pdf HTTP/1.1" 200 118035
157.55.39.167 - - [08/Jun/2015:04:12:13 -0500] "GET /BLA/resoluciones/RESOLUCIONES%202011/3479.pdf HTTP/1.1" 200 526610
157.55.39.167 - - [08/Jun/2015:04:12:14 -0500] "GET /bla/resoluciones/RESOLUCIONES%202009/8149.pdf HTTP/1.1" 200 492111
157.55.39.167 - - [08/Jun/2015:04:12:14 -0500] "GET /BLA/resoluciones/RESOLUCIONES%202008/0857.pdf HTTP/1.1" 200 266992
157.55.39.167 - - [08/Jun/2015:04:12:14 -0500] "GET /bla/resoluciones/resoluciones%202010/5790.pdf HTTP/1.1" 200 82123
66.249.67.107 - - [08/Jun/2015:04:12:14 -0500] "GET /BLA/resoluciones/AUTOS%202006/AUTOS%202006%201301-1400/ HTTP/1.1" 200 22561
157.55.39.167 - - [08/Jun/2015:04:12:15 -0500] "GET /BLA/resoluciones/RESOLUCIONES%202011/1831.pdf HTTP/1.1" 200 496390
157.55.39.167 - - [08/Jun/2015:04:12:15 -0500] "GET /BLA/resoluciones/AUTOS%202009/0753.pdf HTTP/1.1" 200 86690
201.245.192.253 - - [08/Jun/2015:04:09:19 -0500] "GET /ForestMSG_SDA/channelAsync/template_word_18303147?X-Atmosphere-tracking-id=ef7b8cca-22a0-3631-7219-93916646b115&X-Atmosphere-Framework=1.0.5&X-Atmosphere-Transport=long-polling&tabid=0.1128270248301344&X-Cache-Date=0&Content-Type=application/xml&_=1433754621601 HTTP/1.1" 200 8193
66.249.67.107 - - [08/Jun/2015:04:12:26 -0500] "GET /BLA/resoluciones/AUTOS%202014/0717.pdf HTTP/1.1" 200 516534
207.46.13.68 - - [08/Jun/2015:04:12:29 -0500] "GET /BLA/resoluciones/RESOLUCIONES%202007/RES%202007%203501%20AL%203600/RESOLUCION%203503%20DE%202007.pdf HTTP/1.1" 200 1001424
180.76.15.145 - - [08/Jun/2015:04:12:30 -0500] "GET /BLA/resoluciones/AUTOS%202012/2130.pdf HTTP/1.1" 200 537261
157.55.39.134 - - [08/Jun/2015:04:12:39 -0500] "GET /BLA/resoluciones/AUTOS%202009/2858.pdf HTTP/1.1" 200 71772
180.76.15.10 - - [08/Jun/2015:04:13:04 -0500] "GET /BLA/resoluciones/RESOLUCIONES%202009/9518.pdf HTTP/1.1" 200 653522
186.29.98.105 - - [08/Jun/2015:04:13:15 -0500] "GET /BLA/boletinlegal/js/jquery.scrollTo-min.js HTTP/1.1" 200 1150
186.29.98.105 - - [08/Jun/2015:04:13:15 -0500] "GET /galeria/galeria/jquery.fancybox.css?v=2.1.5 HTTP/1.1" 200 4895
186.29.98.105 - - [08/Jun/2015:04:13:15 -0500] "GET /BLA/boletinlegal/js/jquery.scrollShow.js HTTP/1.1" 200 4586
186.29.98.105 - - [08/Jun/2015:04:13:15 -0500] "GET /galeria/galeria/jquery.fancybox.js?v=2.1.5 HTTP/1.1" 200 48706
186.29.98.105 - - [08/Jun/2015:04:13:18 -0500] "GET /BLA/boletinlegal/js/jquery.scrollTo-min.js HTTP/1.1" 304 -
186.29.98.105 - - [08/Jun/2015:04:13:18 -0500] "GET /BLA/boletinlegal/js/jquery.scrollShow.js HTTP/1.1" 304 -
186.29.98.105 - - [08/Jun/2015:04:13:18 -0500] "GET /galeria/galeria/jquery.fancybox.js?v=2.1.5 HTTP/1.1" 304 -
186.29.98.105 - - [08/Jun/2015:04:13:18 -0500] "GET /galeria/galeria/jquery.fancybox.css?v=2.1.5 HTTP/1.1" 304 -
207.46.13.68 - - [08/Jun/2015:04:13:20 -0500] "GET /bla/resoluciones/RESOLUCIONES%202009/8400.pdf HTTP/1.1" 200 415841
207.46.13.68 - - [08/Jun/2015:04:13:21 -0500] "GET /bla/resoluciones/resoluciones%202010/2224.pdf HTTP/1.1" 200 522648
157.55.39.10 - - [08/Jun/2015:04:13:23 -0500] "GET /BLA/resoluciones/RESOLUCIONES%202010/3094.pdf HTTP/1.1" 200 501931
157.55.39.11 - - [08/Jun/2015:04:13:24 -0500] "GET /bla/resoluciones/resoluciones%202009/3496.pdf HTTP/1.1" 200 702618
207.46.13.68 - - [08/Jun/2015:04:13:37 -0500] "GET /BLA/resoluciones/RESOLUCIONES%202008/4825.pdf HTTP/1.1" 200 28330
180.76.15.31 - - [08/Jun/2015:04:13:39 -0500] "GET /BLA/resoluciones/RESOLUCIONES%202010/1776.pdf HTTP/1.1" 200 542997
207.46.13.104 - - [08/Jun/2015:04:13:43 -0500] "GET /bla/resoluciones/resoluciones%202010/0556.pdf HTTP/1.1" 200 101608
207.46.13.104 - - [08/Jun/2015:04:13:43 -0500] "GET /bla/resoluciones/autos%202010/4606.pdf HTTP/1.1" 200 401261
66.249.67.133 - - [08/Jun/2015:04:13:44 -0500] "GET /BLA/resoluciones/RESOLUCIONES%202007/RES%202007%20101%20AL%20200/RESOLUCION%200146%20DE%202007.pdf HTTP/1.1" 200 285136
180.76.15.24 - - [08/Jun/2015:04:13:56 -0500] "GET /BLA/resoluciones/AUTOS%202014/7390.pdf HTTP/1.1" 200 1849528
207.46.13.104 - - [08/Jun/2015:04:14:02 -0500] "GET /bla/resoluciones/RESOLUCIONES%202009/8646.pdf HTTP/1.1" 200 52580
207.46.13.104 - - [08/Jun/2015:04:14:03 -0500] "GET /BLA/resoluciones/RESOLUCIONES%202011/4711.pdf HTTP/1.1" 200 444725
157.55.39.10 - - [08/Jun/2015:04:14:07 -0500] "GET /BLA/resoluciones/AUTOS%202012/1334.pdf HTTP/1.1" 200 160085
157.55.39.10 - - [08/Jun/2015:04:14:08 -0500] "GET /bla/resoluciones/resoluciones%202010/5696.pdf HTTP/1.1" 200 93082
157.55.39.10 - - [08/Jun/2015:04:14:08 -0500] "GET /BLA/resoluciones/AUTOS%202009/3225.pdf HTTP/1.1" 200 194916
157.55.39.10 - - [08/Jun/2015:04:14:09 -0500] "GET /BLA/resoluciones/RESOLUCIONES%202011/6376.pdf HTTP/1.1" 200 460712
207.46.13.68 - - [08/Jun/2015:04:14:24 -0500] "GET /bla/resoluciones/resoluciones%202010/0641.pdf HTTP/1.1" 200 512769
207.46.13.68 - - [08/Jun/2015:04:14:24 -0500] "GET /bla/resoluciones/autos%202010/0877.pdf HTTP/1.1" 200 176996
207.46.13.68 - - [08/Jun/2015:04:14:25 -0500] "GET /BLA/resoluciones/RESOLUCIONES%202007/RES%202007%203701%20AL%203800/RESOLUCION%203739%20DE%202007.pdf HTTP/1.1" 200 218691
207.46.13.104 - - [08/Jun/2015:04:14:29 -0500] "GET /BLA/resoluciones/RESOLUCIONES%202008/1979.pdf HTTP/1.1" 200 157283
207.46.13.104 - - [08/Jun/2015:04:14:29 -0500] "GET /BLA/resoluciones/RESOLUCIONES%202008/2609.pdf HTTP/1.1" 200 140402
180.76.15.29 - - [08/Jun/2015:04:14:31 -0500] "GET /BLA/resoluciones/RESOLUCIONES%202007/RES%202007%20601%20AL%20700/RESOLUCION%200614%20DE%202007.pdf HTTP/1.1" 200 702559
66.249.67.190 - - [08/Jun/2015:04:15:01 -0500] "GET / HTTP/1.1" 200 10190
207.46.13.104 - - [08/Jun/2015:04:15:11 -0500] "GET /BLA/resoluciones/RESOLUCIONES%202010/2951.pdf HTTP/1.1" 200 1146596
207.46.13.68 - - [08/Jun/2015:04:15:16 -0500] "GET /BLA/resoluciones/RESOLUCIONES%202008/5550.pdf HTTP/1.1" 200 255990
201.245.192.253 - - [08/Jun/2015:04:12:19 -0500] "GET /ForestMSG_SDA/channelAsync/template_word_18303147?X-Atmosphere-tracking-id=ef7b8cca-22a0-3631-7219-93916646b115&X-Atmosphere-Framework=1.0.5&X-Atmosphere-Transport=long-polling&tabid=0.1128270248301344&X-Cache-Date=0&Content-Type=application/xml&_=1433754801596 HTTP/1.1" 200 8193
66.249.67.133 - - [08/Jun/2015:04:15:28 -0500] "GET /BLA/resoluciones/RESOLUCIONES%202013/2319.pdf HTTP/1.1" 304 -
157.55.39.11 - - [08/Jun/2015:04:15:35 -0500] "GET /bla/resoluciones/RESOLUCIONES%202009/3318.pdf HTTP/1.1" 200 637702
157.55.39.11 - - [08/Jun/2015:04:15:35 -0500] "GET /bla/resoluciones/RESOLUCIONES%202011/3445.pdf HTTP/1.1" 200 562642
157.55.39.134 - - [08/Jun/2015:04:15:36 -0500] "GET /BLA/resoluciones/AUTOS%202009/0336.pdf HTTP/1.1" 200 361252
180.76.15.26 - - [08/Jun/2015:04:15:40 -0500] "GET /BLA/resoluciones/RESOLUCIONES%202008/2664.pdf HTTP/1.1" 200 238837
207.46.13.104 - - [08/Jun/2015:04:15:45 -0500] "GET /bla/resoluciones/RESOLUCIONES%202011/2893.pdf HTTP/1.1" 200 645772
207.46.13.104 - - [08/Jun/2015:04:15:45 -0500] "GET /bla/resoluciones/resoluciones%202010/0364.pdf HTTP/1.1" 200 524409
207.46.13.104 - - [08/Jun/2015:04:15:45 -0500] "GET /bla/resoluciones/autos%202010/4374.pdf HTTP/1.1" 200 303097
207.46.13.104 - - [08/Jun/2015:04:15:46 -0500] "GET /bla/resoluciones/resoluciones%202010/6828.pdf HTTP/1.1" 200 690480
207.46.13.104 - - [08/Jun/2015:04:15:46 -0500] "GET /BLA/resoluciones/RESOLUCIONES%202013/2088.pdf HTTP/1.1" 200 557474
207.46.13.104 - - [08/Jun/2015:04:15:47 -0500] "GET /bla/resoluciones/RESOLUCIONES%202011/5970.pdf HTTP/1.1" 200 512816
207.46.13.104 - - [08/Jun/2015:04:15:47 -0500] "GET /BLA/resoluciones/RESOLUCIONES%202010/5215.pdf HTTP/1.1" 200 776429
74.86.158.107 - - [08/Jun/2015:04:15:49 -0500] "HEAD / HTTP/1.1" 200 -
207.46.13.68 - - [08/Jun/2015:04:15:54 -0500] "GET /bla/resoluciones/RESOLUCIONES%202009/7406.pdf HTTP/1.1" 200 176583
207.46.13.68 - - [08/Jun/2015:04:15:54 -0500] "GET /BLA/resoluciones/RESOLUCIONES%202009/7882.pdf HTTP/1.1" 200 438774
180.76.15.134 - - [08/Jun/2015:04:15:57 -0500] "GET /BLA/resoluciones/AUTOS%202010/5642.pdf HTTP/1.1" 200 200335
157.55.39.10 - - [08/Jun/2015:04:16:02 -0500] "GET /BLA/resoluciones/RESOLUCIONES%202010/6108.pdf HTTP/1.1" 200 873344
66.249.67.120 - - [08/Jun/2015:04:16:18 -0500] "GET /BLA/resoluciones/RESOLUCIONES%202010/7717.pdf HTTP/1.1" 200 523746
207.46.13.68 - - [08/Jun/2015:04:16:21 -0500] "GET /BLA/resoluciones/RESOLUCIONES%202008/3057.pdf HTTP/1.1" 200 408103
207.46.13.68 - - [08/Jun/2015:04:16:22 -0500] "GET /bla/resoluciones/resoluciones%202010/5271.pdf HTTP/1.1" 200 407759
207.46.13.68 - - [08/Jun/2015:04:16:22 -0500] "GET /BLA/resoluciones/RESOLUCIONES%202011/4751.pdf HTTP/1.1" 200 544142
207.46.13.68 - - [08/Jun/2015:04:16:22 -0500] "GET /BLA/resoluciones/RESOLUCIONES%202010/5225.pdf HTTP/1.1" 200 767919
207.46.13.104 - - [08/Jun/2015:04:16:55 -0500] "GET /BLA/resoluciones/AUTOS%202009/0213.pdf HTTP/1.1" 200 91964
180.76.15.141 - - [08/Jun/2015:04:16:58 -0500] "GET /BLA/resoluciones/RESOLUCIONES%202009/9784.pdf HTTP/1.1" 200 333556
157.55.39.167 - - [08/Jun/2015:04:16:59 -0500] "GET /BLA/resoluciones/AUTOS%202012/2741.pdf HTTP/1.1" 200 233534
157.55.39.167 - - [08/Jun/2015:04:17:00 -0500] "GET /BLA/resoluciones/AUTOS%202012/2183.pdf HTTP/1.1" 200 1704923
157.55.39.167 - - [08/Jun/2015:04:17:00 -0500] "GET /bla/resoluciones/resoluciones%202011/1207.pdf HTTP/1.1" 200 489988
157.55.39.167 - - [08/Jun/2015:04:17:00 -0500] "GET /BLA/resoluciones/RESOLUCIONES%202010/2539.pdf HTTP/1.1" 200 499793
157.55.39.167 - - [08/Jun/2015:04:17:01 -0500] "GET /BLA/resoluciones/RESOLUCIONES%202013/0336.pdf HTTP/1.1" 200 2319137
157.55.39.167 - - [08/Jun/2015:04:17:01 -0500] "GET /BLA/resoluciones/RESOLUCIONES%202007/RES%202007%20901%20AL%201000/RESOLUCION%200911%20DE%202007.pdf HTTP/1.1" 200 359698
157.55.39.167 - - [08/Jun/2015:04:17:02 -0500] "GET /bla/resoluciones/resoluciones%202010/3379.pdf HTTP/1.1" 200 298087
157.55.39.167 - - [08/Jun/2015:04:17:02 -0500] "GET /BLA/resoluciones/AUTOS%202012/0437.pdf HTTP/1.1" 200 157868
157.55.39.167 - - [08/Jun/2015:04:17:03 -0500] "GET /BLA/resoluciones/RESOLUCIONES%202009/5327.pdf HTTP/1.1" 200 934847
157.55.39.167 - - [08/Jun/2015:04:17:03 -0500] "GET /BLA/resoluciones/Autos%202008/3364.pdf HTTP/1.1" 200 99584
157.55.39.167 - - [08/Jun/2015:04:17:03 -0500] "GET /BLA/resoluciones/RESOLUCIONES%202008/0136.pdf HTTP/1.1" 200 285034
207.46.13.68 - - [08/Jun/2015:04:17:10 -0500] "GET /BLA/resoluciones/RESOLUCIONES%202010/5048.pdf HTTP/1.1" 200 500959
207.46.13.68 - - [08/Jun/2015:04:17:10 -0500] "GET /bla/resoluciones/resoluciones%202009/9273.pdf HTTP/1.1" 200 510554
207.46.13.68 - - [08/Jun/2015:04:17:11 -0500] "GET /BLA/resoluciones/RESOLUCIONES%202011/3976.pdf HTTP/1.1" 200 792238
207.46.13.68 - - [08/Jun/2015:04:17:11 -0500] "GET /BLA/resoluciones/RESOLUCIONES%202010/3332.pdf HTTP/1.1" 200 751199
207.46.13.68 - - [08/Jun/2015:04:17:12 -0500] "GET /BLA/resoluciones/index.php?dir=RESOLUCIONES%202004/RES%202004%201201-1250/&sort=size&order=asc HTTP/1.1" 200 12361
207.46.13.68 - - [08/Jun/2015:04:17:15 -0500] "GET /BLA/resoluciones/RESOLUCIONES%202010/3657.pdf HTTP/1.1" 200 730061
180.76.15.18 - - [08/Jun/2015:04:17:15 -0500] "GET /BLA/resoluciones/AUTOS%202013/3090.pdf HTTP/1.1" 200 665915
207.46.13.68 - - [08/Jun/2015:04:17:16 -0500] "GET /bla/resoluciones/RESOLUCIONES%202009/8255.pdf HTTP/1.1" 200 290415
207.46.13.104 - - [08/Jun/2015:04:17:24 -0500] "GET /bla/resoluciones/RESOLUCIONES%202009/3522.pdf HTTP/1.1" 200 656708
180.76.15.149 - - [08/Jun/2015:04:17:33 -0500] "GET /BLA/resoluciones/RESOLUCIONES%202007/RES%202007%201901%20AL%202000/RESOLUCION%201957%20DE%202007.pdf HTTP/1.1" 200 268815
157.55.39.11 - - [08/Jun/2015:04:17:35 -0500] "GET /BLA/resoluciones/RESOLUCIONES%202010/5011.pdf HTTP/1.1" 200 754079
66.249.67.120 - - [08/Jun/2015:04:17:35 -0500] "GET /BLA/resoluciones/RESOLUCIONES%202009/7157.pdf HTTP/1.1" 304 -
157.55.39.11 - - [08/Jun/2015:04:17:38 -0500] "GET /BLA/resoluciones/AUTOS%202012/2292.pdf HTTP/1.1" 200 521448
157.55.39.11 - - [08/Jun/2015:04:17:39 -0500] "GET /bla/resoluciones/resoluciones%202010/0735.pdf HTTP/1.1" 200 101828
157.55.39.11 - - [08/Jun/2015:04:17:39 -0500] "GET /bla/resoluciones/RESOLUCIONES%202009/9576.pdf HTTP/1.1" 200 282367
207.46.13.104 - - [08/Jun/2015:04:17:41 -0500] "GET /bla/resoluciones/resoluciones%202009/8965.pdf HTTP/1.1" 200 405272
207.46.13.104 - - [08/Jun/2015:04:17:42 -0500] "GET /BLA/resoluciones/RESOLUCIONES%202008/5100.pdf HTTP/1.1" 200 504184
157.55.39.134 - - [08/Jun/2015:04:17:47 -0500] "GET /bla/resoluciones/resoluciones%202009/4244.pdf HTTP/1.1" 200 795400
207.46.13.68 - - [08/Jun/2015:04:17:53 -0500] "GET /BLA/resoluciones/RESOLUCIONES%202014/1267.pdf HTTP/1.1" 200 694604
207.46.13.68 - - [08/Jun/2015:04:17:54 -0500] "GET /bla/resoluciones/resoluciones%202009/9068.pdf HTTP/1.1" 200 519943
207.46.13.104 - - [08/Jun/2015:04:18:20 -0500] "GET /BLA/resoluciones/RESOLUCIONES%202010/3987.pdf HTTP/1.1" 200 505903
201.245.192.253 - - [08/Jun/2015:04:15:19 -0500] "GET /ForestMSG_SDA/channelAsync/template_word_18303147?X-Atmosphere-tracking-id=ef7b8cca-22a0-3631-7219-93916646b115&X-Atmosphere-Framework=1.0.5&X-Atmosphere-Transport=long-polling&tabid=0.1128270248301344&X-Cache-Date=0&Content-Type=application/xml&_=1433754981931 HTTP/1.1" 200 8193
207.46.13.104 - - [08/Jun/2015:04:18:20 -0500] "GET /BLA/resoluciones/RESOLUCIONES%202011/3781.pdf HTTP/1.1" 200 411559
207.46.13.104 - - [08/Jun/2015:04:18:21 -0500] "GET /bla/resoluciones/RESOLUCIONES%202011/3790.pdf HTTP/1.1" 200 445381
207.46.13.68 - - [08/Jun/2015:04:18:29 -0500] "GET /Metadatos_final_2014/Proy_Const_Gen_RCD.xml HTTP/1.1" 200 31240
207.46.13.68 - - [08/Jun/2015:04:18:32 -0500] "GET /bla/resoluciones/resoluciones%202011/0779.pdf HTTP/1.1" 200 286701
157.55.39.11 - - [08/Jun/2015:04:18:32 -0500] "GET /BLA/resoluciones/RESOLUCIONES%202008/3329.pdf HTTP/1.1" 200 62786
157.55.39.11 - - [08/Jun/2015:04:18:33 -0500] "GET /BLA/resoluciones/RESOLUCIONES%202009/7809.pdf HTTP/1.1" 200 529631
157.55.39.11 - - [08/Jun/2015:04:18:33 -0500] "GET /BLA/resoluciones/RESOLUCIONES%202008/1169.pdf HTTP/1.1" 200 284657
157.55.39.11 - - [08/Jun/2015:04:18:34 -0500] "GET /BLA/resoluciones/RESOLUCIONES%202009/9554.pdf HTTP/1.1" 200 495183
157.55.39.252 - - [08/Jun/2015:04:18:34 -0500] "GET /dama/libreria/pdf/formularios/Informe_pruebas_de_bombeo.pdf HTTP/1.1" 404 1019
207.46.13.104 - - [08/Jun/2015:04:18:39 -0500] "GET /BLA/resoluciones/RESOLUCIONES%202008/4060.pdf HTTP/1.1" 200 461637
207.46.13.104 - - [08/Jun/2015:04:18:40 -0500] "GET /bla/resoluciones/autos%202010/1516.pdf HTTP/1.1" 200 490095
207.46.13.104 - - [08/Jun/2015:04:18:41 -0500] "GET /bla/resoluciones/RESOLUCIONES%202009/8931.pdf HTTP/1.1" 200 369141
66.249.67.133 - - [08/Jun/2015:04:18:41 -0500] "GET /BLA/resoluciones/RESOLUCIONES%202010/1376.pdf HTTP/1.1" 304 -
66.249.67.107 - - [08/Jun/2015:04:18:52 -0500] "GET /BLA/resoluciones/AUTOS%202009/1774.pdf HTTP/1.1" 200 97577
157.55.39.167 - - [08/Jun/2015:04:18:59 -0500] "GET /bla/resoluciones/RESOLUCIONES%202009/3227.pdf HTTP/1.1" 200 812366
157.55.39.167 - - [08/Jun/2015:04:18:59 -0500] "GET /BLA/resoluciones/RESOLUCIONES%202008/1440.pdf HTTP/1.1" 200 303747
157.55.39.167 - - [08/Jun/2015:04:19:00 -0500] "GET /bla/resoluciones/RESOLUCIONES%202009/4153.pdf HTTP/1.1" 200 780888
157.55.39.167 - - [08/Jun/2015:04:19:00 -0500] "GET /BLA/resoluciones/RESOLUCIONES%202011/2052.pdf HTTP/1.1" 200 515983
157.55.39.167 - - [08/Jun/2015:04:19:01 -0500] "GET /bla/resoluciones/autos%202010/5984.pdf HTTP/1.1" 200 337625
157.55.39.167 - - [08/Jun/2015:04:19:01 -0500] "GET /BLA/resoluciones/AUTOS%202012/2935.pdf HTTP/1.1" 200 369791
157.55.39.167 - - [08/Jun/2015:04:19:01 -0500] "GET /BLA/resoluciones/AUTOS%202012/2103.pdf HTTP/1.1" 200 384001
157.55.39.167 - - [08/Jun/2015:04:19:02 -0500] "GET /BLA/resoluciones/RESOLUCIONES%202011/5592.pdf HTTP/1.1" 200 1214243
157.55.39.167 - - [08/Jun/2015:04:19:02 -0500] "GET /BLA/resoluciones/RESOLUCIONES%202010/3151.pdf HTTP/1.1" 200 350124
157.55.39.167 - - [08/Jun/2015:04:19:03 -0500] "GET /bla/resoluciones/resoluciones%202009/9126.pdf HTTP/1.1" 200 414484
157.55.39.167 - - [08/Jun/2015:04:19:03 -0500] "GET /BLA/resoluciones/RESOLUCIONES%202010/5294.pdf HTTP/1.1" 200 753847
157.55.39.167 - - [08/Jun/2015:04:19:04 -0500] "GET /bla/resoluciones/resoluciones%202009/5105.pdf HTTP/1.1" 200 911975
157.55.39.167 - - [08/Jun/2015:04:19:04 -0500] "GET /BLA/resoluciones/AUTOS%202010/6257.pdf HTTP/1.1" 200 376253
157.55.39.167 - - [08/Jun/2015:04:19:04 -0500] "GET /bla/resoluciones/resoluciones%202010/2919.pdf HTTP/1.1" 200 116497
207.46.13.68 - - [08/Jun/2015:04:19:06 -0500] "GET /bla/resoluciones/resoluciones%202010/5417.pdf HTTP/1.1" 200 748074
180.76.15.29 - - [08/Jun/2015:04:19:19 -0500] "GET /BLA/resoluciones/RESOLUCIONES%202007/RES%202007%202401%20AL%202500/RESOLUCION%202435%20DE%202007.pdf HTTP/1.1" 200 942525
207.46.13.68 - - [08/Jun/2015:04:19:24 -0500] "GET /BLA/resoluciones/RESOLUCIONES%202009/5767.pdf HTTP/1.1" 200 715997
207.46.13.68 - - [08/Jun/2015:04:19:25 -0500] "GET /BLA/resoluciones/RESOLUCIONES%202011/5858.pdf HTTP/1.1" 200 422185
207.46.13.68 - - [08/Jun/2015:04:19:25 -0500] "GET /BLA/resoluciones/RESOLUCIONES%202010/4544.pdf HTTP/1.1" 200 56640
157.55.39.11 - - [08/Jun/2015:04:19:32 -0500] "GET /BLA/resoluciones/AUTOS%202012/0945.pdf HTTP/1.1" 200 172774
157.55.39.11 - - [08/Jun/2015:04:19:33 -0500] "GET /BLA/resoluciones/RESOLUCIONES%202014/3101.pdf HTTP/1.1" 200 3018103
157.55.39.11 - - [08/Jun/2015:04:19:33 -0500] "GET /BLA/resoluciones/AUTOS%202012/2647.pdf HTTP/1.1" 200 255832
157.55.39.11 - - [08/Jun/2015:04:19:34 -0500] "GET /BLA/resoluciones/RESOLUCIONES%202007/RES%202007%20201%20AL%20300/RESOLUCION%200211%20DE%202007.pdf HTTP/1.1" 200 287954
180.76.15.142 - - [08/Jun/2015:04:19:37 -0500] "GET /BLA/resoluciones/RESOLUCIONES%202008/0973.pdf HTTP/1.1" 200 453231
123.125.71.104 - - [08/Jun/2015:04:19:39 -0500] "GET / HTTP/1.1" 200 10190
180.76.15.154 - - [08/Jun/2015:04:19:54 -0500] "GET /BLA/resoluciones/RESOLUCIONES%202011/2907.pdf HTTP/1.1" 200 522510
207.46.13.68 - - [08/Jun/2015:04:20:06 -0500] "GET /BLA/resoluciones/RESOLUCIONES%202010/4317.pdf HTTP/1.1" 200 50970
207.46.13.68 - - [08/Jun/2015:04:20:06 -0500] "GET /BLA/resoluciones/RESOLUCIONES%202011/0271.pdf HTTP/1.1" 200 343627
66.249.67.120 - - [08/Jun/2015:04:20:09 -0500] "GET /BLA/resoluciones/RESOLUCIONES%202010/3123.pdf HTTP/1.1" 200 688705
207.46.13.104 - - [08/Jun/2015:04:20:11 -0500] "GET /bla/resoluciones/resoluciones%202010/6322.pdf HTTP/1.1" 200 3009610
157.55.39.10 - - [08/Jun/2015:04:20:23 -0500] "GET /BLA/resoluciones/RESOLUCIONES%202009/7588.pdf HTTP/1.1" 200 496223
157.55.39.10 - - [08/Jun/2015:04:20:24 -0500] "GET /BLA/resoluciones/RESOLUCIONES%202008/0876.pdf HTTP/1.1" 200 223052
207.46.13.104 - - [08/Jun/2015:04:20:43 -0500] "GET /bla/resoluciones/resoluciones%202009/4742.pdf HTTP/1.1" 200 625975
74.86.158.107 - - [08/Jun/2015:04:20:49 -0500] "HEAD / HTTP/1.1" 200 -
207.46.13.104 - - [08/Jun/2015:04:20:52 -0500] "GET /BLA/resoluciones/RESOLUCIONES%202010/5187.pdf HTTP/1.1" 200 913196
157.55.39.134 - - [08/Jun/2015:04:20:56 -0500] "GET /bla/resoluciones/resoluciones%202010/4274.pdf HTTP/1.1" 200 59558
157.55.39.10 - - [08/Jun/2015:04:20:57 -0500] "GET /BLA/resoluciones/RESOLUCIONES%202012/1912.pdf HTTP/1.1" 200 379148
157.55.39.10 - - [08/Jun/2015:04:20:57 -0500] "GET /BLA/resoluciones/AUTOS%202009/2577.pdf HTTP/1.1" 200 96809
180.76.15.7 - - [08/Jun/2015:04:20:58 -0500] "GET /BLA/resoluciones/RESOLUCIONES%202009/0408.pdf HTTP/1.1" 200 236753
157.55.39.10 - - [08/Jun/2015:04:20:58 -0500] "GET /BLA/resoluciones/RESOLUCIONES%202010/4920.pdf HTTP/1.1" 200 753937
207.46.13.68 - - [08/Jun/2015:04:21:02 -0500] "GET /BLA/resoluciones/RESOLUCIONES%202010/4501.pdf HTTP/1.1" 200 4070663
207.46.13.104 - - [08/Jun/2015:04:21:06 -0500] "GET /BLA/resoluciones/RESOLUCIONES%202008/1352.pdf HTTP/1.1" 200 272603
207.46.13.104 - - [08/Jun/2015:04:21:08 -0500] "GET /bla/resoluciones/resoluciones%202009/8015.pdf HTTP/1.1" 200 82649
207.46.13.104 - - [08/Jun/2015:04:21:08 -0500] "GET /BLA/resoluciones/RESOLUCIONES%202008/4055.pdf HTTP/1.1" 200 356163
207.46.13.104 - - [08/Jun/2015:04:21:08 -0500] "GET /BLA/resoluciones/AUTOS%202010/0350.pdf HTTP/1.1" 200 365306
207.46.13.104 - - [08/Jun/2015:04:21:09 -0500] "GET /bla/resoluciones/resoluciones%202009/9206.pdf HTTP/1.1" 200 490287
157.55.39.10 - - [08/Jun/2015:04:21:12 -0500] "GET /bla/resoluciones/resoluciones%202010/1997.pdf HTTP/1.1" 200 341856
157.55.39.10 - - [08/Jun/2015:04:21:13 -0500] "GET /bla/resoluciones/resoluciones%202010/7380.pdf HTTP/1.1" 200 378791
157.55.39.10 - - [08/Jun/2015:04:21:13 -0500] "GET /BLA/resoluciones/RESOLUCIONES%202011/1387.pdf HTTP/1.1" 200 75771
157.55.39.10 - - [08/Jun/2015:04:21:14 -0500] "GET /bla/resoluciones/RESOLUCIONES%202009/8224.pdf HTTP/1.1" 200 248839
201.245.192.253 - - [08/Jun/2015:04:18:20 -0500] "GET /ForestMSG_SDA/channelAsync/template_word_18303147?X-Atmosphere-tracking-id=ef7b8cca-22a0-3631-7219-93916646b115&X-Atmosphere-Framework=1.0.5&X-Atmosphere-Transport=long-polling&tabid=0.1128270248301344&X-Cache-Date=0&Content-Type=application/xml&_=1433755162464 HTTP/1.1" 200 8193
66.249.67.133 - - [08/Jun/2015:04:21:26 -0500] "GET /BLA/resoluciones/AUTOS%202007/1350.pdf HTTP/1.1" 200 29263
180.76.15.32 - - [08/Jun/2015:04:21:32 -0500] "GET /BLA/resoluciones/RESOLUCIONES%202008/3486.pdf HTTP/1.1" 200 52861
207.46.13.68 - - [08/Jun/2015:04:21:33 -0500] "GET /bla/resoluciones/resoluciones%202010/3816.pdf HTTP/1.1" 200 135484
207.46.13.68 - - [08/Jun/2015:04:21:45 -0500] "GET /BLA/resoluciones/RESOLUCIONES%202008/1917.pdf HTTP/1.1" 200 261626
207.46.13.104 - - [08/Jun/2015:04:21:51 -0500] "GET /BLA/resoluciones/RESOLUCIONES%202012/1131.pdf HTTP/1.1" 200 1519411
207.46.13.104 - - [08/Jun/2015:04:21:52 -0500] "GET /BLA/resoluciones/RESOLUCIONES%202011/5114.pdf HTTP/1.1" 200 592652
66.249.67.120 - - [08/Jun/2015:04:21:55 -0500] "GET /BLA/resoluciones/Notificaciones/AUTOS%202014/6723.doc HTTP/1.1" 304 -
157.55.39.134 - - [08/Jun/2015:04:21:55 -0500] "GET /BLA/resoluciones/RESOLUCIONES%202011/5148.pdf HTTP/1.1" 200 469089
157.55.39.134 - - [08/Jun/2015:04:21:55 -0500] "GET /bla/resoluciones/resoluciones%202010/0664.pdf HTTP/1.1" 200 527132
207.46.13.104 - - [08/Jun/2015:04:22:04 -0500] "GET /BLA/resoluciones/RESOLUCIONES%202007/RES%202007%201401%20AL%201500/RESOLUCION%201468%20DE%202007.pdf HTTP/1.1" 200 390721
207.46.13.104 - - [08/Jun/2015:04:22:04 -0500] "GET /BLA/resoluciones/RESOLUCIONES%202011/4855.pdf HTTP/1.1" 200 335293
207.46.13.104 - - [08/Jun/2015:04:22:05 -0500] "GET /BLA/resoluciones/AUTOS%202010/5650.pdf HTTP/1.1" 200 455700
207.46.13.68 - - [08/Jun/2015:04:22:08 -0500] "GET /bla/resoluciones/resoluciones%202009/5129.pdf HTTP/1.1" 200 768163
157.55.39.10 - - [08/Jun/2015:04:22:18 -0500] "GET /BLA/boletinlegal/jurisprudencia/analisis/analisis%20sentencia%20C-1007-2011-1.doc HTTP/1.1" 200 35328
157.55.39.10 - - [08/Jun/2015:04:22:20 -0500] "GET /bla/resoluciones/RESOLUCIONES%202009/9160.pdf HTTP/1.1" 200 437023
207.46.13.68 - - [08/Jun/2015:04:22:22 -0500] "GET /BLA/resoluciones/RESOLUCIONES%202010/5977.pdf HTTP/1.1" 200 1083549
157.55.39.11 - - [08/Jun/2015:04:22:29 -0500] "GET /BLA/resoluciones/RESOLUCIONES%202009/4120.pdf HTTP/1.1" 200 670494
180.76.15.31 - - [08/Jun/2015:04:22:29 -0500] "GET /BLA/resoluciones/RESOLUCIONES%202008/1431.pdf HTTP/1.1" 200 243369
207.46.13.68 - - [08/Jun/2015:04:22:34 -0500] "GET /BLA/resoluciones/RESOLUCIONES%202010/4699.pdf HTTP/1.1" 200 751775
207.46.13.104 - - [08/Jun/2015:04:22:39 -0500] "GET /BLA/resoluciones/RESOLUCIONES%202008/3906.pdf HTTP/1.1" 200 223299
66.249.67.107 - - [08/Jun/2015:04:22:44 -0500] "GET /BLA/resoluciones/AUTOS%202007/1305.pdf HTTP/1.1" 200 155056
180.76.15.23 - - [08/Jun/2015:04:22:46 -0500] "GET /BLA/resoluciones/AUTOS%202013/0051.pdf HTTP/1.1" 200 1183633
157.55.39.134 - - [08/Jun/2015:04:22:48 -0500] "GET /BLA/resoluciones/AUTOS%202007/0601.pdf HTTP/1.1" 200 157577
180.76.15.141 - - [08/Jun/2015:04:23:04 -0500] "GET /BLA/resoluciones/RESOLUCIONES%202008/5717.pdf HTTP/1.1" 200 250039
207.46.13.104 - - [08/Jun/2015:04:23:18 -0500] "GET /bla/resoluciones/resoluciones%202009/8853.pdf HTTP/1.1" 200 227995
207.46.13.104 - - [08/Jun/2015:04:23:19 -0500] "GET /bla/resoluciones/autos%202010/5212.pdf HTTP/1.1" 200 162479
180.76.15.14 - - [08/Jun/2015:04:23:21 -0500] "GET /BLA/resoluciones/AUTOS%202010/0170.pdf HTTP/1.1" 200 345314
207.46.13.104 - - [08/Jun/2015:04:23:35 -0500] "GET /BLA/resoluciones/RESOLUCIONES%202014/2412.pdf HTTP/1.1" 200 273134
180.76.15.15 - - [08/Jun/2015:04:23:38 -0500] "GET /BLA/resoluciones/AUTOS%202009/2994.pdf HTTP/1.1" 200 110269
157.55.39.134 - - [08/Jun/2015:04:23:39 -0500] "GET /BLA/resoluciones/RESOLUCIONES%202008/4559.pdf HTTP/1.1" 200 496121
207.46.13.68 - - [08/Jun/2015:04:23:46 -0500] "GET /BLA/resoluciones/RESOLUCIONES%202008/3306.pdf HTTP/1.1" 200 224593
207.46.13.68 - - [08/Jun/2015:04:23:46 -0500] "GET /BLA/resoluciones/RESOLUCIONES%202010/6118.pdf HTTP/1.1" 200 3199649
207.46.13.68 - - [08/Jun/2015:04:23:48 -0500] "GET /BLA/resoluciones/AUTOS%202010/5634.pdf HTTP/1.1" 200 980617
207.46.13.68 - - [08/Jun/2015:04:23:48 -0500] "GET /bla/resoluciones/resoluciones%202010/5826.pdf HTTP/1.1" 200 629618
207.46.13.68 - - [08/Jun/2015:04:23:49 -0500] "GET /BLA/resoluciones/AUTOS%202012/2533.pdf HTTP/1.1" 200 409894
180.76.15.24 - - [08/Jun/2015:04:23:56 -0500] "GET /BLA/resoluciones/AUTOS%202012/2897.pdf HTTP/1.1" 200 1409986
66.249.67.107 - - [08/Jun/2015:04:24:01 -0500] "GET /BLA/resoluciones/AUTOS%202014/7177.pdf HTTP/1.1" 200 167210
207.46.13.68 - - [08/Jun/2015:04:24:09 -0500] "GET /BLA/resoluciones/RESOLUCIONES%202012/1013.pdf HTTP/1.1" 200 491994
201.245.192.253 - - [08/Jun/2015:04:21:20 -0500] "GET /ForestMSG_SDA/channelAsync/template_word_18303147?X-Atmosphere-tracking-id=ef7b8cca-22a0-3631-7219-93916646b115&X-Atmosphere-Framework=1.0.5&X-Atmosphere-Transport=long-polling&tabid=0.1128270248301344&X-Cache-Date=0&Content-Type=application/xml&_=1433755342458 HTTP/1.1" 200 8193
157.55.39.10 - - [08/Jun/2015:04:24:25 -0500] "GET /bla/resoluciones/resoluciones%202010/1747.pdf HTTP/1.1" 200 413514
157.55.39.11 - - [08/Jun/2015:04:24:26 -0500] "GET /BLA/resoluciones/AUTOS%202012/0127.pdf HTTP/1.1" 200 409010
157.55.39.134 - - [08/Jun/2015:04:24:41 -0500] "GET /BLA/resoluciones/RESOLUCIONES%202011/1838.pdf HTTP/1.1" 200 512762
207.46.13.68 - - [08/Jun/2015:04:24:50 -0500] "GET /BLA/resoluciones/AUTOS%202010/2568.pdf HTTP/1.1" 200 206872
207.46.13.68 - - [08/Jun/2015:04:24:50 -0500] "GET /BLA/resoluciones/AUTOS%202010/5136.pdf HTTP/1.1" 200 338597
207.46.13.68 - - [08/Jun/2015:04:24:51 -0500] "GET /BLA/resoluciones/RESOLUCIONES%202010/6747.pdf HTTP/1.1" 200 603981
207.46.13.68 - - [08/Jun/2015:04:24:51 -0500] "GET /bla/resoluciones/resoluciones%202010/6943.pdf HTTP/1.1" 200 687948
207.46.13.68 - - [08/Jun/2015:04:24:52 -0500] "GET /BLA/resoluciones/RESOLUCIONES%202011/4120.pdf HTTP/1.1" 200 134501
180.76.15.136 - - [08/Jun/2015:04:25:00 -0500] "GET /BLA/resoluciones/RESOLUCIONES%202010/2555.pdf HTTP/1.1" 200 539945
207.46.13.104 - - [08/Jun/2015:04:25:00 -0500] "GET /BLA/resoluciones/RESOLUCIONES%202008/4727.pdf HTTP/1.1" 200 638687
207.46.13.104 - - [08/Jun/2015:04:25:01 -0500] "GET /bla/resoluciones/resoluciones%202009/7860.pdf HTTP/1.1" 200 426666
157.55.39.10 - - [08/Jun/2015:04:25:05 -0500] "GET /BLA/resoluciones/RESOLUCIONES%202007/RES%202007%204201%20AL%204300/RESOLUCION%204236%20DE%202007.pdf HTTP/1.1" 200 351918
66.249.67.133 - - [08/Jun/2015:04:25:08 -0500] "GET /BLA/resoluciones/RESOLUCIONES%202007/RES%202007%20301%20AL%20400/RESOLUCION%200383%20DE%202007.pdf HTTP/1.1" 304 -
207.46.13.68 - - [08/Jun/2015:04:25:10 -0500] "GET /BLA/resoluciones/RESOLUCIONES%202014/2680.pdf HTTP/1.1" 200 502106
180.76.15.23 - - [08/Jun/2015:04:25:17 -0500] "GET /BLA/resoluciones/RESOLUCIONES%202009/1770.pdf HTTP/1.1" 200 274408
66.249.67.120 - - [08/Jun/2015:04:25:18 -0500] "GET /BLA/resoluciones/AUTOS%202014/0794.pdf HTTP/1.1" 200 477451
207.46.13.68 - - [08/Jun/2015:04:25:31 -0500] "GET /BLA/resoluciones/RESOLUCIONES%202008/2990.pdf HTTP/1.1" 200 334291
74.86.158.107 - - [08/Jun/2015:04:25:49 -0500] "HEAD / HTTP/1.1" 200 -
207.46.13.68 - - [08/Jun/2015:04:26:02 -0500] "GET /BLA/resoluciones/RESOLUCIONES%202013/0609.pdf HTTP/1.1" 200 1556593
207.46.13.104 - - [08/Jun/2015:04:26:06 -0500] "GET /BLA/resoluciones/RESOLUCIONES%202008/5507.pdf HTTP/1.1" 200 249908
157.55.39.41 - - [08/Jun/2015:04:26:10 -0500] "GET /dama/libreria/pdf/pies_doc.pdf HTTP/1.1" 404 1019
207.46.13.68 - - [08/Jun/2015:04:26:12 -0500] "GET /BLA/resoluciones/RESOLUCIONES%202011/6013.pdf HTTP/1.1" 200 640700
180.76.15.154 - - [08/Jun/2015:04:26:15 -0500] "GET /BLA/resoluciones/AUTOS%202011/1320.pdf HTTP/1.1" 200 159625
157.55.39.10 - - [08/Jun/2015:04:26:16 -0500] "GET /BLA/resoluciones/RESOLUCIONES%202007/RES%202007%201101%20AL%201200/RESOLUCION%201116%20DE%202007.pdf HTTP/1.1" 200 141106
207.46.13.68 - - [08/Jun/2015:04:26:25 -0500] "GET /bla/resoluciones/RESOLUCIONES%202009/8363.pdf HTTP/1.1" 200 341725
207.46.13.68 - - [08/Jun/2015:04:26:34 -0500] "GET /BLA/resoluciones/RESOLUCIONES%202008/1520.pdf HTTP/1.1" 200 511462
66.249.67.133 - - [08/Jun/2015:04:26:35 -0500] "GET /BLA/resoluciones/AUTOS%202014/1229.pdf HTTP/1.1" 200 182365
220.181.108.179 - - [08/Jun/2015:04:26:48 -0500] "GET / HTTP/1.1" 200 10190
207.46.13.104 - - [08/Jun/2015:04:27:02 -0500] "GET /BLA/resoluciones/RESOLUCIONES%202009/9321.pdf HTTP/1.1" 200 888434
207.46.13.68 - - [08/Jun/2015:04:27:03 -0500] "GET /BLA/resoluciones/RESOLUCIONES%202012/0466.pdf HTTP/1.1" 200 695216
157.55.39.10 - - [08/Jun/2015:04:27:07 -0500] "GET /BLA/resoluciones/RESOLUCIONES%202009/8164.pdf HTTP/1.1" 200 498902
180.76.15.32 - - [08/Jun/2015:04:27:12 -0500] "GET /BLA/resoluciones/AUTOS%202012/1934.pdf HTTP/1.1" 200 914765
201.245.192.253 - - [08/Jun/2015:04:24:20 -0500] "GET /ForestMSG_SDA/channelAsync/template_word_18303147?X-Atmosphere-tracking-id=ef7b8cca-22a0-3631-7219-93916646b115&X-Atmosphere-Framework=1.0.5&X-Atmosphere-Transport=long-polling&tabid=0.1128270248301344&X-Cache-Date=0&Content-Type=application/xml&_=1433755522444 HTTP/1.1" 200 8193
207.46.13.104 - - [08/Jun/2015:04:27:22 -0500] "GET /BLA/resoluciones/AUTOS%202009/2234.pdf HTTP/1.1" 200 121784
207.46.13.104 - - [08/Jun/2015:04:27:22 -0500] "GET /bla/resoluciones/resoluciones%202011/0558.pdf HTTP/1.1" 200 71673
207.46.13.104 - - [08/Jun/2015:04:27:41 -0500] "GET /BLA/resoluciones/RESOLUCIONES%202011/5774.pdf HTTP/1.1" 200 433400
207.46.13.104 - - [08/Jun/2015:04:27:42 -0500] "GET /BLA/resoluciones/RESOLUCIONES%202013/1367.pdf HTTP/1.1" 200 665016
157.55.39.134 - - [08/Jun/2015:04:27:45 -0500] "GET /BLA/resoluciones/AUTOS%202012/1627.pdf HTTP/1.1" 200 390130
157.55.39.134 - - [08/Jun/2015:04:27:46 -0500] "GET /BLA/resoluciones/RESOLUCIONES%202013/1819.pdf HTTP/1.1" 200 1209757
157.55.39.134 - - [08/Jun/2015:04:27:46 -0500] "GET /bla/resoluciones/resoluciones%202011/1116.pdf HTTP/1.1" 200 279065
157.55.39.134 - - [08/Jun/2015:04:27:46 -0500] "GET /BLA/resoluciones/AUTOS%202010/1382.pdf HTTP/1.1" 200 257857
157.55.39.134 - - [08/Jun/2015:04:27:47 -0500] "GET /BLA/resoluciones/AUTOS%202009/1612.pdf HTTP/1.1" 200 181551
