157.55.39.10 - - [08/Jun/2015:01:51:22 -0500] "GET /bla/resoluciones/RESOLUCIONES%202011/3486.pdf HTTP/1.1" 200 398867
180.76.15.152 - - [08/Jun/2015:01:51:37 -0500] "GET /BLA/resoluciones/RESOLUCIONES%202009/1422.pdf HTTP/1.1" 200 420023
207.46.13.68 - - [08/Jun/2015:01:51:43 -0500] "GET /bla/resoluciones/RESOLUCIONES%202009/6111.pdf HTTP/1.1" 200 613694
207.46.13.68 - - [08/Jun/2015:01:51:43 -0500] "GET /BLA/resoluciones/RESOLUCIONES%202008/0338.pdf HTTP/1.1" 200 246761
207.46.13.68 - - [08/Jun/2015:01:51:43 -0500] "GET /BLA/resoluciones/RESOLUCIONES%202009/9419.pdf HTTP/1.1" 200 453805
157.55.39.134 - - [08/Jun/2015:01:51:46 -0500] "GET /bla/resoluciones/resoluciones%202010/1000.pdf HTTP/1.1" 200 100966
157.55.39.134 - - [08/Jun/2015:01:51:46 -0500] "GET /BLA/resoluciones/RESOLUCIONES%202008/0870.pdf HTTP/1.1" 200 380201
207.46.13.104 - - [08/Jun/2015:01:51:52 -0500] "GET /bla/resoluciones/resoluciones%202009/5120.pdf HTTP/1.1" 200 779735
180.76.15.10 - - [08/Jun/2015:01:51:54 -0500] "GET /BLA/resoluciones/RESOLUCIONES%202011/0041.pdf HTTP/1.1" 200 433238
207.46.13.104 - - [08/Jun/2015:01:51:55 -0500] "GET /BLA/resoluciones/RESOLUCIONES%202011/1644.pdf HTTP/1.1" 200 590876
207.46.13.68 - - [08/Jun/2015:01:51:58 -0500] "GET /BLA/resoluciones/RESOLUCIONES%202009/4900.pdf HTTP/1.1" 200 651230
207.46.13.68 - - [08/Jun/2015:01:51:58 -0500] "GET /bla/resoluciones/resoluciones%202010/0777.pdf HTTP/1.1" 200 129924
207.46.13.68 - - [08/Jun/2015:01:51:59 -0500] "GET /BLA/resoluciones/RESOLUCIONES%202013/2384.pdf HTTP/1.1" 200 3235841
207.46.13.68 - - [08/Jun/2015:01:51:59 -0500] "GET /bla/resoluciones/resoluciones%202010/5815.pdf HTTP/1.1" 200 80693
180.76.15.20 - - [08/Jun/2015:01:52:11 -0500] "GET /BLA/resoluciones/RESOLUCIONES%202007/RES%202007%20301%20AL%20400/RESOLUCION%200313%20DE%202007.pdf HTTP/1.1" 200 342420
157.55.39.10 - - [08/Jun/2015:01:52:16 -0500] "GET /BLA/resoluciones/AUTOS%202009/2079.pdf HTTP/1.1" 200 101347
157.55.39.10 - - [08/Jun/2015:01:52:16 -0500] "GET /BLA/resoluciones/RESOLUCIONES%202011/6474.pdf HTTP/1.1" 200 546166
66.249.67.133 - - [08/Jun/2015:01:52:18 -0500] "GET /BLA/resoluciones/AUTOS%202014/5752.pdf HTTP/1.1" 200 427287
157.55.39.168 - - [08/Jun/2015:01:52:20 -0500] "GET /BLA/resoluciones/RESOLUCIONES%202011/5372.pdf HTTP/1.1" 200 587635
157.55.39.168 - - [08/Jun/2015:01:52:21 -0500] "GET /BLA/resoluciones/RESOLUCIONES%202010/3569.pdf HTTP/1.1" 200 590159
157.55.39.168 - - [08/Jun/2015:01:52:21 -0500] "GET /BLA/resoluciones/AUTOS%202007/0548.pdf HTTP/1.1" 200 620562
157.55.39.168 - - [08/Jun/2015:01:52:22 -0500] "GET /bla/resoluciones/autos%202010/6596.pdf HTTP/1.1" 200 147693
157.55.39.168 - - [08/Jun/2015:01:52:22 -0500] "GET /bla/resoluciones/RESOLUCIONES%202009/9503.pdf HTTP/1.1" 200 419087
157.55.39.168 - - [08/Jun/2015:01:52:22 -0500] "GET /BLA/resoluciones/RESOLUCIONES%202011/1296.pdf HTTP/1.1" 200 369947
157.55.39.168 - - [08/Jun/2015:01:52:23 -0500] "GET /BLA/resoluciones/RESOLUCIONES%202009/3027.pdf HTTP/1.1" 200 613582
157.55.39.168 - - [08/Jun/2015:01:52:23 -0500] "GET /BLA/resoluciones/RESOLUCIONES%202011/2362.pdf HTTP/1.1" 200 779846
157.55.39.168 - - [08/Jun/2015:01:52:24 -0500] "GET /bla/resoluciones/RESOLUCIONES%202009/9736.pdf HTTP/1.1" 200 365715
180.76.15.16 - - [08/Jun/2015:01:52:28 -0500] "GET /BLA/resoluciones/RESOLUCIONES%202009/8489.pdf HTTP/1.1" 200 650496
207.46.13.104 - - [08/Jun/2015:01:52:32 -0500] "GET /BLA/resoluciones/RESOLUCIONES%202008/4445.pdf HTTP/1.1" 200 331269
207.46.13.68 - - [08/Jun/2015:01:52:37 -0500] "GET /bla/resoluciones/resoluciones%202010/2058.pdf HTTP/1.1" 200 193931
207.46.13.68 - - [08/Jun/2015:01:52:37 -0500] "GET /BLA/resoluciones/RESOLUCIONES%202009/3060.pdf HTTP/1.1" 200 619669
157.55.39.134 - - [08/Jun/2015:01:52:43 -0500] "GET /BLA/resoluciones/AUTOS%202009/3172.pdf HTTP/1.1" 200 131796
207.46.13.104 - - [08/Jun/2015:01:52:52 -0500] "GET /BLA/resoluciones/RESOLUCIONES%202012/1023.pdf HTTP/1.1" 200 655188
207.46.13.104 - - [08/Jun/2015:01:52:53 -0500] "GET /BLA/resoluciones/AUTOS%202009/2296.pdf HTTP/1.1" 200 137563
157.55.39.10 - - [08/Jun/2015:01:52:57 -0500] "GET /BLA/resoluciones/RESOLUCIONES%202010/4231.pdf HTTP/1.1" 200 604729
207.46.13.68 - - [08/Jun/2015:01:53:04 -0500] "GET /BLA/resoluciones/RESOLUCIONES%202011/4697.pdf HTTP/1.1" 200 410719
207.46.13.68 - - [08/Jun/2015:01:53:05 -0500] "GET /bla/resoluciones/resoluciones%202009/8234.pdf HTTP/1.1" 200 342419
207.46.13.68 - - [08/Jun/2015:01:53:05 -0500] "GET /bla/resoluciones/resoluciones%202009/2710.pdf HTTP/1.1" 200 667760
157.55.39.11 - - [08/Jun/2015:01:53:32 -0500] "GET /BLA/resoluciones/RESOLUCIONES%202011/0818.pdf HTTP/1.1" 200 643574
157.55.39.11 - - [08/Jun/2015:01:53:33 -0500] "GET /bla/resoluciones/resoluciones%202009/9219.pdf HTTP/1.1" 200 511351
66.249.67.133 - - [08/Jun/2015:01:53:35 -0500] "GET /BLA/resoluciones/AUTOS%202014/5375.pdf HTTP/1.1" 200 422772
207.46.13.68 - - [08/Jun/2015:01:53:38 -0500] "GET /bla/resoluciones/resoluciones%202009/8290.pdf HTTP/1.1" 200 463491
207.46.13.68 - - [08/Jun/2015:01:53:38 -0500] "GET /BLA/resoluciones/RESOLUCIONES%202012/0715.pdf HTTP/1.1" 200 245132
207.46.13.68 - - [08/Jun/2015:01:53:39 -0500] "GET /BLA/resoluciones/RESOLUCIONES%202007/RES%202007%203301%20AL%203400/RESOLUCION%203325%20DE%202007.pdf HTTP/1.1" 200 1025635
207.46.13.68 - - [08/Jun/2015:01:53:39 -0500] "GET /BLA/resoluciones/RESOLUCIONES%202008/3465.pdf HTTP/1.1" 200 408797
61.160.224.128 - - [08/Jun/2015:01:53:44 -0500] "GET /dnscfg.cgi HTTP/1.1" 404 1018
207.46.13.104 - - [08/Jun/2015:01:53:45 -0500] "GET /BLA/resoluciones/RESOLUCIONES%202008/4229.pdf HTTP/1.1" 200 789996
180.76.15.155 - - [08/Jun/2015:01:53:46 -0500] "GET /BLA/resoluciones/RESOLUCIONES%202009/1965.pdf HTTP/1.1" 200 491427
74.86.158.107 - - [08/Jun/2015:01:53:49 -0500] "HEAD / HTTP/1.1" 200 -
157.55.39.167 - - [08/Jun/2015:01:53:51 -0500] "GET /BLA/resoluciones/RESOLUCIONES%202010/3487.pdf HTTP/1.1" 200 502121
157.55.39.167 - - [08/Jun/2015:01:53:52 -0500] "GET /BLA/resoluciones/RESOLUCIONES%202010/5176.pdf HTTP/1.1" 200 1405968
157.55.39.167 - - [08/Jun/2015:01:53:52 -0500] "GET /bla/resoluciones/resoluciones%202010/5710.pdf HTTP/1.1" 200 205032
157.55.39.167 - - [08/Jun/2015:01:53:53 -0500] "GET /BLA/resoluciones/RESOLUCIONES%202008/3223.pdf HTTP/1.1" 200 29462
157.55.39.167 - - [08/Jun/2015:01:53:53 -0500] "GET /bla/resoluciones/resoluciones%202010/1450.pdf HTTP/1.1" 200 555590
157.55.39.167 - - [08/Jun/2015:01:53:53 -0500] "GET /BLA/resoluciones/AUTOS%202012/0139.pdf HTTP/1.1" 200 168710
207.46.13.68 - - [08/Jun/2015:01:53:54 -0500] "GET /BLA/resoluciones/RESOLUCIONES%202007/RES%202007%204201%20AL%204300/RESOLUCION%204220%20DE%202007.pdf HTTP/1.1" 200 1196622
207.46.13.68 - - [08/Jun/2015:01:53:55 -0500] "GET /bla/resoluciones/resoluciones%202011/1268.pdf HTTP/1.1" 200 271466
157.55.39.10 - - [08/Jun/2015:01:53:59 -0500] "GET /bla/resoluciones/resoluciones%202010/7419.pdf HTTP/1.1" 200 283928
180.76.15.152 - - [08/Jun/2015:01:54:03 -0500] "GET /BLA/resoluciones/RESOLUCIONES%202009/0358.pdf HTTP/1.1" 200 356269
201.245.192.253 - - [08/Jun/2015:01:51:13 -0500] "GET /ForestMSG_SDA/channelAsync/template_word_18303147?X-Atmosphere-tracking-id=ef7b8cca-22a0-3631-7219-93916646b115&X-Atmosphere-Framework=1.0.5&X-Atmosphere-Transport=long-polling&tabid=0.1128270248301344&X-Cache-Date=0&Content-Type=application/xml&_=1433746334780 HTTP/1.1" 200 8193
207.46.13.68 - - [08/Jun/2015:01:54:13 -0500] "GET /bla/resoluciones/resoluciones%202010/1764.pdf HTTP/1.1" 200 450831
157.55.39.10 - - [08/Jun/2015:01:54:18 -0500] "GET /BLA/resoluciones/AUTOS%202010/5201.pdf HTTP/1.1" 200 206151
157.55.39.10 - - [08/Jun/2015:01:54:18 -0500] "GET /bla/resoluciones/resoluciones%202009/4551.pdf HTTP/1.1" 200 640519
180.76.15.150 - - [08/Jun/2015:01:54:20 -0500] "GET /BLA/resoluciones/RESOLUCIONES%202008/2983.pdf HTTP/1.1" 200 51659
207.46.13.104 - - [08/Jun/2015:01:54:24 -0500] "GET /BLA/resoluciones/RESOLUCIONES%202012/0619.pdf HTTP/1.1" 200 443982
180.76.15.5 - - [08/Jun/2015:01:54:38 -0500] "GET /BLA/resoluciones/RESOLUCIONES%202009/2133.pdf HTTP/1.1" 200 543032
207.46.13.104 - - [08/Jun/2015:01:54:49 -0500] "GET /bla/resoluciones/autos%202010/6947.pdf HTTP/1.1" 200 205865
66.249.67.177 - - [08/Jun/2015:01:54:53 -0500] "GET /Anexos%20estudio%20Organizacional%20SDA/ANEXO%20No.%203-%20CONTRATACI%C3%93N%20%20OPS%C2%B4s%202008-2012/CONTRATOS%20SDA%202011%20POR%20DEPENDENCIA.xls HTTP/1.1" 304 -
180.76.15.9 - - [08/Jun/2015:01:54:55 -0500] "GET /BLA/resoluciones/RESOLUCIONES%202009/0127.pdf HTTP/1.1" 200 50737
207.46.13.68 - - [08/Jun/2015:01:54:58 -0500] "GET /bla/resoluciones/resoluciones%202010/2584.pdf HTTP/1.1" 200 759964
157.55.39.167 - - [08/Jun/2015:01:55:03 -0500] "GET /BLA/resoluciones/AUTOS%202010/0379.pdf HTTP/1.1" 200 179737
157.55.39.167 - - [08/Jun/2015:01:55:03 -0500] "GET /bla/resoluciones/RESOLUCIONES%202009/7501.pdf HTTP/1.1" 200 527774
157.55.39.167 - - [08/Jun/2015:01:55:04 -0500] "GET /BLA/resoluciones/RESOLUCIONES%202010/2498.pdf HTTP/1.1" 200 538857
157.55.39.167 - - [08/Jun/2015:01:55:05 -0500] "GET /BLA/resoluciones/AUTOS%202010/1159.pdf HTTP/1.1" 200 150564
207.46.13.68 - - [08/Jun/2015:01:55:07 -0500] "GET /BLA/resoluciones/RESOLUCIONES%202012/0958.pdf HTTP/1.1" 200 468764
157.55.39.10 - - [08/Jun/2015:01:55:17 -0500] "GET /BLA/resoluciones/RESOLUCIONES%202011/1636.pdf HTTP/1.1" 200 302702
157.55.39.10 - - [08/Jun/2015:01:55:19 -0500] "GET /bla/resoluciones/resoluciones%202009/3556.pdf HTTP/1.1" 200 683836
207.46.13.104 - - [08/Jun/2015:01:55:22 -0500] "GET /BLA/resoluciones/RESOLUCIONES%202009/5635.pdf HTTP/1.1" 200 625940
180.76.15.159 - - [08/Jun/2015:01:55:36 -0500] "GET /BLA/resoluciones/RESOLUCIONES%202010/2292.pdf HTTP/1.1" 200 876090
207.46.13.104 - - [08/Jun/2015:01:55:39 -0500] "GET /bla/resoluciones/resoluciones%202009/7947.pdf HTTP/1.1" 200 494653
207.46.13.104 - - [08/Jun/2015:01:55:40 -0500] "GET /bla/resoluciones/autos%202010/0606.pdf HTTP/1.1" 200 194821
207.46.13.68 - - [08/Jun/2015:01:55:51 -0500] "GET /bla/resoluciones/resoluciones%202009/6294.pdf HTTP/1.1" 200 2071060
180.76.15.9 - - [08/Jun/2015:01:55:53 -0500] "GET /BLA/resoluciones/RESOLUCIONES%202008/0163.pdf HTTP/1.1" 200 279922
207.46.13.104 - - [08/Jun/2015:01:55:55 -0500] "GET /BLA/resoluciones/RESOLUCIONES%202011/1276.pdf HTTP/1.1" 200 353690
207.46.13.104 - - [08/Jun/2015:01:55:57 -0500] "GET /bla/resoluciones/RESOLUCIONES%202009/9502.pdf HTTP/1.1" 200 526269
207.46.13.68 - - [08/Jun/2015:01:56:01 -0500] "GET /BLA/resoluciones/RESOLUCIONES%202011/0686.pdf HTTP/1.1" 200 71597
207.46.13.104 - - [08/Jun/2015:01:56:05 -0500] "GET /BLA/resoluciones/RESOLUCIONES%202008/0624.pdf HTTP/1.1" 200 31642
66.249.67.133 - - [08/Jun/2015:01:56:10 -0500] "GET /BLA/resoluciones/AUTOS%202014/0664.pdf HTTP/1.1" 200 491502
157.55.39.10 - - [08/Jun/2015:01:56:13 -0500] "GET /BLA/resoluciones/RESOLUCIONES%202008/0989.pdf HTTP/1.1" 200 207936
207.46.13.104 - - [08/Jun/2015:01:56:18 -0500] "GET /BLA/resoluciones/RESOLUCIONES%202007/RES%202007%201%20AL%20100/RESOLUCION%200090%20DE%202007.pdf HTTP/1.1" 200 478837
207.46.13.104 - - [08/Jun/2015:01:56:36 -0500] "GET /BLA/resoluciones/RESOLUCIONES%202011/5438.pdf HTTP/1.1" 200 542464
207.46.13.104 - - [08/Jun/2015:01:56:38 -0500] "GET /bla/resoluciones/resoluciones%202010/2098.pdf HTTP/1.1" 200 449919
207.46.13.68 - - [08/Jun/2015:01:56:40 -0500] "GET /BLA/resoluciones/AUTOS%202009/0172.pdf HTTP/1.1" 200 187415
207.46.13.68 - - [08/Jun/2015:01:56:41 -0500] "GET /BLA/resoluciones/RESOLUCIONES%202014/1460.pdf HTTP/1.1" 200 519400
207.46.13.68 - - [08/Jun/2015:01:56:41 -0500] "GET /BLA/resoluciones/RESOLUCIONES%202013/0528.pdf HTTP/1.1" 200 2475071
207.46.13.104 - - [08/Jun/2015:01:56:46 -0500] "GET /bla/resoluciones/resoluciones%202009/9696.pdf HTTP/1.1" 200 346011
207.46.13.68 - - [08/Jun/2015:01:56:50 -0500] "GET /bla/resoluciones/resoluciones%202009/8990.pdf HTTP/1.1" 200 565686
157.55.39.167 - - [08/Jun/2015:01:56:59 -0500] "GET /BLA/resoluciones/RESOLUCIONES%202008/5144.pdf HTTP/1.1" 200 199369
157.55.39.167 - - [08/Jun/2015:01:56:59 -0500] "GET /bla/resoluciones/RESOLUCIONES%202009/8544.pdf HTTP/1.1" 200 483525
157.55.39.167 - - [08/Jun/2015:01:56:59 -0500] "GET /bla/resoluciones/resoluciones%202010/6250.pdf HTTP/1.1" 200 596234
157.55.39.167 - - [08/Jun/2015:01:57:00 -0500] "GET /BLA/resoluciones/RESOLUCIONES%202011/2252.pdf HTTP/1.1" 200 748180
157.55.39.167 - - [08/Jun/2015:01:57:00 -0500] "GET /BLA/resoluciones/AUTOS%202009/3293.pdf HTTP/1.1" 200 196215
157.55.39.167 - - [08/Jun/2015:01:57:01 -0500] "GET /BLA/resoluciones/AUTOS%202010/4270.pdf HTTP/1.1" 200 128443
157.55.39.167 - - [08/Jun/2015:01:57:01 -0500] "GET /bla/resoluciones/resoluciones%202009/7766.pdf HTTP/1.1" 200 522487
157.55.39.167 - - [08/Jun/2015:01:57:02 -0500] "GET /BLA/resoluciones/AUTOS%202012/2103.pdf HTTP/1.1" 200 384001
157.55.39.167 - - [08/Jun/2015:01:57:02 -0500] "GET /BLA/resoluciones/RESOLUCIONES%202010/4509.pdf HTTP/1.1" 200 242319
157.55.39.167 - - [08/Jun/2015:01:57:03 -0500] "GET /BLA/resoluciones/RESOLUCIONES%202008/1612.pdf HTTP/1.1" 200 200566
157.55.39.167 - - [08/Jun/2015:01:57:03 -0500] "GET /bla/resoluciones/resoluciones%202011/1010.pdf HTTP/1.1" 200 72377
157.55.39.167 - - [08/Jun/2015:01:57:03 -0500] "GET /bla/resoluciones/resoluciones%202011/1032.pdf HTTP/1.1" 200 61533
207.46.13.104 - - [08/Jun/2015:01:57:07 -0500] "GET /bla/resoluciones/resoluciones%202010/1142.pdf HTTP/1.1" 200 106040
207.46.13.104 - - [08/Jun/2015:01:57:08 -0500] "GET /BLA/resoluciones/RESOLUCIONES%202011/4528.pdf HTTP/1.1" 200 588790
66.249.67.177 - - [08/Jun/2015:01:57:09 -0500] "GET /phpold/thumbnail_files/ HTTP/1.1" 404 1019
207.46.13.104 - - [08/Jun/2015:01:57:09 -0500] "GET /bla/resoluciones/RESOLUCIONES%202011/4745.pdf HTTP/1.1" 200 542160
201.245.192.253 - - [08/Jun/2015:01:54:13 -0500] "GET /ForestMSG_SDA/channelAsync/template_word_18303147?X-Atmosphere-tracking-id=ef7b8cca-22a0-3631-7219-93916646b115&X-Atmosphere-Framework=1.0.5&X-Atmosphere-Transport=long-polling&tabid=0.1128270248301344&X-Cache-Date=0&Content-Type=application/xml&_=1433746514764 HTTP/1.1" 200 8193
157.55.39.10 - - [08/Jun/2015:01:57:22 -0500] "GET /bla/resoluciones/RESOLUCIONES%202009/4751.pdf HTTP/1.1" 200 861538
157.55.39.10 - - [08/Jun/2015:01:57:23 -0500] "GET /BLA/resoluciones/RESOLUCIONES%202007/RES%202007%201%20AL%20100/RESOLUCION%200081%20DE%202007.pdf HTTP/1.1" 200 527363
157.55.39.10 - - [08/Jun/2015:01:57:23 -0500] "GET /BLA/resoluciones/RESOLUCIONES%202010/2802.pdf HTTP/1.1" 200 1532430
157.55.39.10 - - [08/Jun/2015:01:57:23 -0500] "GET /BLA/resoluciones/RESOLUCIONES%202010/3402.pdf HTTP/1.1" 200 317380
66.249.67.120 - - [08/Jun/2015:01:57:27 -0500] "GET /BLA/resoluciones/AUTOS%202014/6790.pdf HTTP/1.1" 200 463135
207.46.13.104 - - [08/Jun/2015:01:57:27 -0500] "GET /BLA/resoluciones/AUTOS%202010/4350.pdf HTTP/1.1" 200 147460
207.46.13.68 - - [08/Jun/2015:01:57:33 -0500] "GET /bla/resoluciones/resoluciones%202009/8568.pdf HTTP/1.1" 200 519012
207.46.13.68 - - [08/Jun/2015:01:57:34 -0500] "GET /BLA/resoluciones/RESOLUCIONES%202007/RES%202007%201%20AL%20100/RESOLUCION%200007DE%202007.pdf HTTP/1.1" 200 164907
207.46.13.68 - - [08/Jun/2015:01:57:34 -0500] "GET /BLA/resoluciones/RESOLUCIONES%202012/1887.pdf HTTP/1.1" 200 1979362
207.46.13.104 - - [08/Jun/2015:01:57:47 -0500] "GET /BLA/resoluciones/RESOLUCIONES%202011/0377.pdf HTTP/1.1" 200 295752
180.76.15.135 - - [08/Jun/2015:01:57:49 -0500] "GET /BLA/resoluciones/RESOLUCIONES%202009/2875.pdf HTTP/1.1" 200 446971
157.55.39.134 - - [08/Jun/2015:01:57:52 -0500] "GET /bla/resoluciones/RESOLUCIONES%202009/8795.pdf HTTP/1.1" 200 533105
207.46.13.68 - - [08/Jun/2015:01:58:01 -0500] "GET /bla/resoluciones/resoluciones%202009/9240.pdf HTTP/1.1" 200 495023
207.46.13.68 - - [08/Jun/2015:01:58:01 -0500] "GET /bla/resoluciones/RESOLUCIONES%202009/8959.pdf HTTP/1.1" 200 340444
207.46.13.104 - - [08/Jun/2015:01:58:06 -0500] "GET /BLA/resoluciones/RESOLUCIONES%202011/1584.pdf HTTP/1.1" 200 74475
180.76.15.25 - - [08/Jun/2015:01:58:06 -0500] "GET /BLA/resoluciones/RESOLUCIONES%202009/7674.pdf HTTP/1.1" 200 497437
157.55.39.10 - - [08/Jun/2015:01:58:13 -0500] "GET /BLA/resoluciones/AUTOS%202010/4577.pdf HTTP/1.1" 200 156769
157.55.39.10 - - [08/Jun/2015:01:58:13 -0500] "GET /BLA/resoluciones/AUTOS%202009/3141.pdf HTTP/1.1" 200 134205
157.55.39.10 - - [08/Jun/2015:01:58:13 -0500] "GET /bla/resoluciones/resoluciones%202010/0418.pdf HTTP/1.1" 200 546371
157.55.39.10 - - [08/Jun/2015:01:58:14 -0500] "GET /bla/resoluciones/RESOLUCIONES%202009/7696.pdf HTTP/1.1" 200 635164
207.46.13.104 - - [08/Jun/2015:01:58:32 -0500] "GET /BLA/resoluciones/AUTOS%202012/2536.pdf HTTP/1.1" 200 258151
157.55.39.11 - - [08/Jun/2015:01:58:39 -0500] "GET /bla/resoluciones/RESOLUCIONES%202009/9213.pdf HTTP/1.1" 200 517730
180.76.15.7 - - [08/Jun/2015:01:58:40 -0500] "GET /BLA/resoluciones/AUTOS%202013/3496.pdf HTTP/1.1" 200 299742
207.46.13.68 - - [08/Jun/2015:01:58:43 -0500] "GET /BLA/resoluciones/RESOLUCIONES%202008/0683.pdf HTTP/1.1" 200 319414
207.46.13.68 - - [08/Jun/2015:01:58:44 -0500] "GET /BLA/resoluciones/RESOLUCIONES%202007/RES%202007%202701%20AL%202800/RESOLUCION%202775%20DE%202007.pdf HTTP/1.1" 200 384415
66.249.67.120 - - [08/Jun/2015:01:58:44 -0500] "GET /BLA/resoluciones/AUTOS%202004/1669.pdf HTTP/1.1" 200 44803
207.46.13.68 - - [08/Jun/2015:01:58:44 -0500] "GET /BLA/resoluciones/AUTOS%202009/0606.pdf HTTP/1.1" 200 126366
157.55.39.168 - - [08/Jun/2015:01:58:49 -0500] "GET /bla/resoluciones/RESOLUCIONES%202009/8021.pdf HTTP/1.1" 200 778390
157.55.39.168 - - [08/Jun/2015:01:58:49 -0500] "GET /bla/resoluciones/RESOLUCIONES%202011/3679.pdf HTTP/1.1" 200 556378
74.86.158.107 - - [08/Jun/2015:01:58:49 -0500] "HEAD / HTTP/1.1" 200 -
157.55.39.167 - - [08/Jun/2015:01:58:50 -0500] "GET /BLA/resoluciones/RESOLUCIONES%202010/5154.pdf HTTP/1.1" 200 1216987
157.55.39.167 - - [08/Jun/2015:01:58:50 -0500] "GET /BLA/resoluciones/RESOLUCIONES%202011/3344.pdf HTTP/1.1" 200 761402
157.55.39.167 - - [08/Jun/2015:01:58:53 -0500] "GET /bla/resoluciones/RESOLUCIONES%202011/4367.pdf HTTP/1.1" 200 632548
180.76.15.8 - - [08/Jun/2015:01:58:58 -0500] "GET /BLA/resoluciones/RESOLUCIONES%202007/RES%202007%20501%20AL%20600/RESOLUCION%200549%20DE%202007.pdf HTTP/1.1" 200 372397
207.46.13.104 - - [08/Jun/2015:01:59:03 -0500] "GET /BLA/resoluciones/AUTOS%202012/2108.pdf HTTP/1.1" 200 361641
207.46.13.68 - - [08/Jun/2015:01:59:06 -0500] "GET /BLA/resoluciones/RESOLUCIONES%202011/4910.pdf HTTP/1.1" 200 451700
207.46.13.68 - - [08/Jun/2015:01:59:07 -0500] "GET /BLA/resoluciones/RESOLUCIONES%202008/5502.pdf HTTP/1.1" 200 217230
207.46.13.68 - - [08/Jun/2015:01:59:07 -0500] "GET /bla/resoluciones/resoluciones%202010/7685.pdf HTTP/1.1" 200 306761
157.55.39.10 - - [08/Jun/2015:01:59:25 -0500] "GET /bla/resoluciones/resoluciones%202010/7046.pdf HTTP/1.1" 200 570072
157.55.39.10 - - [08/Jun/2015:01:59:25 -0500] "GET /BLA/resoluciones/AUTOS%202009/2227.pdf HTTP/1.1" 200 122089
207.46.13.104 - - [08/Jun/2015:01:59:29 -0500] "GET /BLA/resoluciones/RESOLUCIONES%202008/0150.pdf HTTP/1.1" 200 95011
207.46.13.104 - - [08/Jun/2015:01:59:30 -0500] "GET /BLA/resoluciones/RESOLUCIONES%202010/3424.pdf HTTP/1.1" 200 755729
207.46.13.68 - - [08/Jun/2015:01:59:40 -0500] "GET /BLA/resoluciones/RESOLUCIONES%202007/RES%202007%201401%20AL%201500/RESOLUCION%201453%20DE%202007.pdf HTTP/1.1" 200 522885
207.46.13.68 - - [08/Jun/2015:01:59:41 -0500] "GET /bla/resoluciones/resoluciones%202009/9729.pdf HTTP/1.1" 200 369580
207.46.13.104 - - [08/Jun/2015:01:59:47 -0500] "GET /BLA/resoluciones/RESOLUCIONES%202010/6051.pdf HTTP/1.1" 200 641712
157.55.39.134 - - [08/Jun/2015:01:59:51 -0500] "GET /bla/resoluciones/RESOLUCIONES%202009/7080.pdf HTTP/1.1" 200 910691
66.249.67.133 - - [08/Jun/2015:02:00:01 -0500] "GET /BLA/resoluciones/AUTOS%202014/1851.pdf HTTP/1.1" 200 504262
180.76.15.148 - - [08/Jun/2015:02:00:07 -0500] "GET /BLA/resoluciones/RESOLUCIONES%202009/8749.pdf HTTP/1.1" 200 344064
207.46.13.68 - - [08/Jun/2015:02:00:07 -0500] "GET /BLA/resoluciones/AUTOS%202011/0022.pdf HTTP/1.1" 200 352961
207.46.13.68 - - [08/Jun/2015:02:00:08 -0500] "GET /BLA/resoluciones/RESOLUCIONES%202010/4352.pdf HTTP/1.1" 200 524775
207.46.13.68 - - [08/Jun/2015:02:00:08 -0500] "GET /BLA/resoluciones/Autos%202008/2677.pdf HTTP/1.1" 200 102358
207.46.13.104 - - [08/Jun/2015:02:00:11 -0500] "GET /bla/resoluciones/RESOLUCIONES%202011/3744.pdf HTTP/1.1" 200 467862
207.46.13.104 - - [08/Jun/2015:02:00:12 -0500] "GET /BLA/resoluciones/RESOLUCIONES%202010/7705.pdf HTTP/1.1" 200 526130
207.46.13.104 - - [08/Jun/2015:02:00:12 -0500] "GET /BLA/resoluciones/RESOLUCIONES%202007/RES%202007%203501%20AL%203600/RESOLUCION%203579%20DE%202007.pdf HTTP/1.1" 200 2650316
201.245.192.253 - - [08/Jun/2015:01:57:13 -0500] "GET /ForestMSG_SDA/channelAsync/template_word_18303147?X-Atmosphere-tracking-id=ef7b8cca-22a0-3631-7219-93916646b115&X-Atmosphere-Framework=1.0.5&X-Atmosphere-Transport=long-polling&tabid=0.1128270248301344&X-Cache-Date=0&Content-Type=application/xml&_=1433746694800 HTTP/1.1" 200 8193
207.46.13.104 - - [08/Jun/2015:02:00:13 -0500] "GET /bla/resoluciones/resoluciones%202010/5978.pdf HTTP/1.1" 200 142058
157.55.39.10 - - [08/Jun/2015:02:00:19 -0500] "GET /BLA/resoluciones/AUTOS%202009/1995.pdf HTTP/1.1" 200 104272
157.55.39.10 - - [08/Jun/2015:02:00:19 -0500] "GET /BLA/resoluciones/AUTOS%202012/1711.pdf HTTP/1.1" 200 211259
180.76.15.142 - - [08/Jun/2015:02:00:24 -0500] "GET /BLA/resoluciones/RESOLUCIONES%202007/RES%202007%203601%20AL%203700/RESOLUCION%203631%20DE%202007.pdf HTTP/1.1" 200 400480
207.46.13.68 - - [08/Jun/2015:02:00:29 -0500] "GET /BLA/resoluciones/RESOLUCIONES%202009/4318.pdf HTTP/1.1" 200 767241
207.46.13.68 - - [08/Jun/2015:02:00:29 -0500] "GET /bla/resoluciones/resoluciones%202009/7764.pdf HTTP/1.1" 200 529563
180.76.15.153 - - [08/Jun/2015:02:00:44 -0500] "GET /BLA/resoluciones/RESOLUCIONES%202008/0129.pdf HTTP/1.1" 200 297227
157.55.39.168 - - [08/Jun/2015:02:00:46 -0500] "GET /bla/resoluciones/resoluciones%202010/6436.pdf HTTP/1.1" 200 235575
157.55.39.168 - - [08/Jun/2015:02:00:46 -0500] "GET /bla/resoluciones/resoluciones%202010/7460.pdf HTTP/1.1" 200 327546
157.55.39.168 - - [08/Jun/2015:02:00:47 -0500] "GET /bla/resoluciones/resoluciones%202009/4237.pdf HTTP/1.1" 200 593928
157.55.39.168 - - [08/Jun/2015:02:00:47 -0500] "GET /BLA/resoluciones/RESOLUCIONES%202011/5600.pdf HTTP/1.1" 200 1286123
157.55.39.168 - - [08/Jun/2015:02:00:48 -0500] "GET /BLA/resoluciones/AUTOS%202010/1390.pdf HTTP/1.1" 200 246883
157.55.39.168 - - [08/Jun/2015:02:00:48 -0500] "GET /bla/resoluciones/resoluciones%202010/5828.pdf HTTP/1.1" 200 91396
157.55.39.168 - - [08/Jun/2015:02:00:49 -0500] "GET /BLA/resoluciones/RESOLUCIONES%202013/2106.pdf HTTP/1.1" 200 1418109
157.55.39.168 - - [08/Jun/2015:02:00:49 -0500] "GET /bla/resoluciones/RESOLUCIONES%202009/8152.pdf HTTP/1.1" 200 497543
157.55.39.134 - - [08/Jun/2015:02:00:53 -0500] "GET /bla/resoluciones/RESOLUCIONES%202011/5019.pdf HTTP/1.1" 200 781030
157.55.39.134 - - [08/Jun/2015:02:00:54 -0500] "GET /bla/resoluciones/autos%202010/4268.pdf HTTP/1.1" 200 130165
207.46.13.104 - - [08/Jun/2015:02:00:58 -0500] "GET /BLA/resoluciones/RESOLUCIONES%202010/3096.pdf HTTP/1.1" 200 349412
180.76.15.142 - - [08/Jun/2015:02:00:59 -0500] "GET /BLA/resoluciones/RESOLUCIONES%202009/7301.pdf HTTP/1.1" 200 340458
207.46.13.104 - - [08/Jun/2015:02:01:00 -0500] "GET /BLA/resoluciones/AUTOS%202012/1715.pdf HTTP/1.1" 200 869956
207.46.13.68 - - [08/Jun/2015:02:01:06 -0500] "GET /BLA/resoluciones/RESOLUCIONES%202014/1830.pdf HTTP/1.1" 200 285319
207.46.13.68 - - [08/Jun/2015:02:01:06 -0500] "GET /BLA/resoluciones/Autos%202008/3204.pdf HTTP/1.1" 200 267829
157.55.39.10 - - [08/Jun/2015:02:01:15 -0500] "GET /BLA/resoluciones/RESOLUCIONES%202008/5467.pdf HTTP/1.1" 200 228887
180.76.15.25 - - [08/Jun/2015:02:01:17 -0500] "GET /BLA/resoluciones/RESOLUCIONES%202009/0690.pdf HTTP/1.1" 200 204599
66.249.67.133 - - [08/Jun/2015:02:01:18 -0500] "GET /BLA/resoluciones/AUTOS%202014/5626.pdf HTTP/1.1" 200 379742
180.76.15.26 - - [08/Jun/2015:02:01:34 -0500] "GET /BLA/resoluciones/RESOLUCIONES%202008/4941.pdf HTTP/1.1" 200 223121
207.46.13.104 - - [08/Jun/2015:02:01:38 -0500] "GET /bla/resoluciones/resoluciones%202009/8694.pdf HTTP/1.1" 200 495351
207.46.13.104 - - [08/Jun/2015:02:01:39 -0500] "GET /bla/resoluciones/resoluciones%202010/7060.pdf HTTP/1.1" 200 43630
207.46.13.104 - - [08/Jun/2015:02:01:39 -0500] "GET /BLA/resoluciones/AUTOS%202009/2709.pdf HTTP/1.1" 200 122029
207.46.13.68 - - [08/Jun/2015:02:01:43 -0500] "GET /BLA/resoluciones/RESOLUCIONES%202011/1285.pdf HTTP/1.1" 200 398762
207.46.13.68 - - [08/Jun/2015:02:01:43 -0500] "GET /BLA/resoluciones/AUTOS%202012/1650.pdf HTTP/1.1" 200 203833
207.46.13.68 - - [08/Jun/2015:02:01:45 -0500] "GET /BLA/resoluciones/RESOLUCIONES%202011/3803.pdf HTTP/1.1" 200 513256
88.198.233.69 - - [08/Jun/2015:02:01:45 -0500] "GET / HTTP/1.1" 200 10190
207.46.13.104 - - [08/Jun/2015:02:01:48 -0500] "GET /bla/resoluciones/resoluciones%202010/6472.pdf HTTP/1.1" 200 79326
207.46.13.104 - - [08/Jun/2015:02:01:50 -0500] "GET /bla/resoluciones/resoluciones%202009/7913.pdf HTTP/1.1" 200 510079
180.76.15.151 - - [08/Jun/2015:02:01:51 -0500] "GET /BLA/resoluciones/RESOLUCIONES%202010/2496.pdf HTTP/1.1" 200 549711
157.55.39.134 - - [08/Jun/2015:02:01:52 -0500] "GET /BLA/resoluciones/RESOLUCIONES%202009/6776.pdf HTTP/1.1" 200 681242
157.55.39.134 - - [08/Jun/2015:02:01:54 -0500] "GET /bla/resoluciones/resoluciones%202009/7778.pdf HTTP/1.1" 200 491707
180.76.15.160 - - [08/Jun/2015:02:02:08 -0500] "GET /BLA/resoluciones/RESOLUCIONES%202009/1016.pdf HTTP/1.1" 200 210733
207.46.13.68 - - [08/Jun/2015:02:02:15 -0500] "GET /bla/resoluciones/resoluciones%202009/7815.pdf HTTP/1.1" 200 500663
207.46.13.104 - - [08/Jun/2015:02:02:19 -0500] "GET /BLA/resoluciones/RESOLUCIONES%202008/3671.pdf HTTP/1.1" 200 49602
207.46.13.68 - - [08/Jun/2015:02:02:25 -0500] "GET /bla/resoluciones/RESOLUCIONES%202011/6418.pdf HTTP/1.1" 200 969047
207.46.13.68 - - [08/Jun/2015:02:02:25 -0500] "GET /BLA/resoluciones/RESOLUCIONES%202011/0709.pdf HTTP/1.1" 200 71951
180.76.15.26 - - [08/Jun/2015:02:02:26 -0500] "GET /BLA/resoluciones/RESOLUCIONES%202007/RES%202007%203601%20AL%203700/RESOLUCION%203629%20DE%202007.pdf HTTP/1.1" 200 705947
207.46.13.68 - - [08/Jun/2015:02:02:26 -0500] "GET /BLA/resoluciones/RESOLUCIONES%202013/0848.pdf HTTP/1.1" 200 3438957
207.46.13.68 - - [08/Jun/2015:02:02:27 -0500] "GET /bla/resoluciones/resoluciones%202010/1628.pdf HTTP/1.1" 200 440313
157.55.39.168 - - [08/Jun/2015:02:02:31 -0500] "GET /bla/resoluciones/resoluciones%202009/8725.pdf HTTP/1.1" 200 486933
157.55.39.168 - - [08/Jun/2015:02:02:31 -0500] "GET /BLA/resoluciones/RESOLUCIONES%202012/0956.pdf HTTP/1.1" 200 485580
157.55.39.168 - - [08/Jun/2015:02:02:32 -0500] "GET /BLA/resoluciones/RESOLUCIONES%202008/2781.pdf HTTP/1.1" 200 253186
157.55.39.168 - - [08/Jun/2015:02:02:32 -0500] "GET /BLA/resoluciones/RESOLUCIONES%202010/5191.pdf HTTP/1.1" 200 1278121
157.55.39.168 - - [08/Jun/2015:02:02:32 -0500] "GET /bla/resoluciones/resoluciones%202009/2802.pdf HTTP/1.1" 200 602937
157.55.39.168 - - [08/Jun/2015:02:02:33 -0500] "GET /bla/resoluciones/resoluciones%202010/6475.pdf HTTP/1.1" 200 595530
157.55.39.168 - - [08/Jun/2015:02:02:33 -0500] "GET /bla/resoluciones/RESOLUCIONES%202009/7482.pdf HTTP/1.1" 200 494385
66.249.67.120 - - [08/Jun/2015:02:02:35 -0500] "GET /BLA/resoluciones/AUTOS%202014/5764.pdf HTTP/1.1" 200 474283
157.55.39.11 - - [08/Jun/2015:02:02:36 -0500] "GET /BLA/resoluciones/RESOLUCIONES%202009/9250.pdf HTTP/1.1" 200 494251
207.46.13.104 - - [08/Jun/2015:02:02:41 -0500] "GET /BLA/resoluciones/RESOLUCIONES%202009/7711.pdf HTTP/1.1" 200 627388
207.46.13.104 - - [08/Jun/2015:02:02:42 -0500] "GET /bla/resoluciones/resoluciones%202009/9097.pdf HTTP/1.1" 200 530401
207.46.13.104 - - [08/Jun/2015:02:02:42 -0500] "GET /BLA/resoluciones/RESOLUCIONES%202008/4622.pdf HTTP/1.1" 200 265787
207.46.13.104 - - [08/Jun/2015:02:02:43 -0500] "GET /bla/resoluciones/resoluciones%202011/1373.pdf HTTP/1.1" 200 74007
157.55.39.134 - - [08/Jun/2015:02:02:46 -0500] "GET /BLA/resoluciones/AUTOS%202009/1325.pdf HTTP/1.1" 200 73050
157.55.39.134 - - [08/Jun/2015:02:02:47 -0500] "GET /bla/resoluciones/resoluciones%202010/2363.pdf HTTP/1.1" 200 463758
207.46.13.68 - - [08/Jun/2015:02:03:08 -0500] "GET /bla/resoluciones/resoluciones%202011/1257.pdf HTTP/1.1" 200 354738
201.245.192.253 - - [08/Jun/2015:02:00:13 -0500] "GET /ForestMSG_SDA/channelAsync/template_word_18303147?X-Atmosphere-tracking-id=ef7b8cca-22a0-3631-7219-93916646b115&X-Atmosphere-Framework=1.0.5&X-Atmosphere-Transport=long-polling&tabid=0.1128270248301344&X-Cache-Date=0&Content-Type=application/xml&_=1433746874862 HTTP/1.1" 200 8193
207.46.13.104 - - [08/Jun/2015:02:03:40 -0500] "GET /bla/resoluciones/resoluciones%202009/9245.pdf HTTP/1.1" 200 500385
74.86.158.107 - - [08/Jun/2015:02:03:49 -0500] "HEAD / HTTP/1.1" 200 -
207.46.13.68 - - [08/Jun/2015:02:03:50 -0500] "GET /BLA/resoluciones/AUTOS%202012/0315.pdf HTTP/1.1" 200 170425
180.76.15.161 - - [08/Jun/2015:02:03:50 -0500] "GET /BLA/resoluciones/RESOLUCIONES%202009/7598.pdf HTTP/1.1" 200 493425
66.249.67.120 - - [08/Jun/2015:02:03:52 -0500] "GET /BLA/resoluciones/AUTOS%202014/5772.pdf HTTP/1.1" 200 422069
157.55.39.134 - - [08/Jun/2015:02:03:53 -0500] "GET /BLA/resoluciones/Autos%202008/2736.pdf HTTP/1.1" 200 119098
207.46.13.104 - - [08/Jun/2015:02:03:57 -0500] "GET /bla/resoluciones/RESOLUCIONES%202009/8002.pdf HTTP/1.1" 200 139770
180.76.15.135 - - [08/Jun/2015:02:04:09 -0500] "GET /BLA/resoluciones/AUTOS%202012/2631.pdf HTTP/1.1" 200 260800
157.55.39.10 - - [08/Jun/2015:02:04:15 -0500] "GET /BLA/resoluciones/RESOLUCIONES%202010/3292.pdf HTTP/1.1" 200 735435
157.55.39.168 - - [08/Jun/2015:02:04:24 -0500] "GET /bla/resoluciones/resoluciones%202010/0757.pdf HTTP/1.1" 200 106040
157.55.39.168 - - [08/Jun/2015:02:04:24 -0500] "GET /bla/resoluciones/resoluciones%202009/5898.pdf HTTP/1.1" 200 802602
157.55.39.168 - - [08/Jun/2015:02:04:24 -0500] "GET /bla/resoluciones/autos%202010/4593.pdf HTTP/1.1" 200 156975
157.55.39.168 - - [08/Jun/2015:02:04:25 -0500] "GET /BLA/resoluciones/RESOLUCIONES%202010/5273.pdf HTTP/1.1" 200 755643
157.55.39.168 - - [08/Jun/2015:02:04:25 -0500] "GET /BLA/resoluciones/RESOLUCIONES%202008/5506.pdf HTTP/1.1" 200 206070
157.55.39.168 - - [08/Jun/2015:02:04:26 -0500] "GET /BLA/resoluciones/RESOLUCIONES%202007/RES%202007%203801%20AL%203900/RESOLUCION%203887%20DE%202007.pdf HTTP/1.1" 200 287020
157.55.39.168 - - [08/Jun/2015:02:04:26 -0500] "GET /BLA/resoluciones/RESOLUCIONES%202011/4343.pdf HTTP/1.1" 200 346733
157.55.39.168 - - [08/Jun/2015:02:04:26 -0500] "GET /bla/resoluciones/resoluciones%202009/7876.pdf HTTP/1.1" 200 449638
207.46.13.68 - - [08/Jun/2015:02:04:30 -0500] "GET /BLA/resoluciones/RESOLUCIONES%202011/4721.pdf HTTP/1.1" 200 349433
207.46.13.68 - - [08/Jun/2015:02:04:31 -0500] "GET /BLA/resoluciones/RESOLUCIONES%202009/9839.pdf HTTP/1.1" 200 1449860
207.46.13.68 - - [08/Jun/2015:02:04:33 -0500] "GET /bla/resoluciones/resoluciones%202010/6563.pdf HTTP/1.1" 200 299493
207.46.13.104 - - [08/Jun/2015:02:04:40 -0500] "GET /BLA/resoluciones/RESOLUCIONES%202011/4377.pdf HTTP/1.1" 200 491563
207.46.13.104 - - [08/Jun/2015:02:04:40 -0500] "GET /bla/resoluciones/resoluciones%202009/9690.pdf HTTP/1.1" 200 331310
207.46.13.104 - - [08/Jun/2015:02:04:51 -0500] "GET /bla/resoluciones/resoluciones%202009/7539.pdf HTTP/1.1" 200 515210
207.46.13.104 - - [08/Jun/2015:02:04:51 -0500] "GET /bla/resoluciones/resoluciones%202009/3282.pdf HTTP/1.1" 200 713598
202.174.204.68 - - [08/Jun/2015:02:04:55 -0500] "GET /BLA/resoluciones/AUTOS%202011/1979.pdf HTTP/1.1" 200 408243
202.174.204.68 - - [08/Jun/2015:02:04:55 -0500] "GET /favicon.ico HTTP/1.1" 200 7782
157.55.39.10 - - [08/Jun/2015:02:05:02 -0500] "GET /BLA/resoluciones/RESOLUCIONES%202007/RES%202007%202701%20AL%202800/RESOLUCION%202745%20DE%202007.pdf HTTP/1.1" 200 257237
66.249.67.133 - - [08/Jun/2015:02:05:10 -0500] "GET /BLA/resoluciones/AUTOS%202014/4171.pdf HTTP/1.1" 200 155142
207.46.13.104 - - [08/Jun/2015:02:05:15 -0500] "GET /bla/resoluciones/resoluciones%202010/0340.pdf HTTP/1.1" 200 355702
207.46.13.68 - - [08/Jun/2015:02:05:25 -0500] "GET /BLA/resoluciones/RESOLUCIONES%202008/5379.pdf HTTP/1.1" 200 214006
207.46.13.68 - - [08/Jun/2015:02:05:26 -0500] "GET /BLA/resoluciones/RESOLUCIONES%202010/3969.pdf HTTP/1.1" 200 504973
207.46.13.68 - - [08/Jun/2015:02:05:26 -0500] "GET /bla/resoluciones/resoluciones%202010/0723.pdf HTTP/1.1" 200 119596
207.46.13.68 - - [08/Jun/2015:02:05:26 -0500] "GET /bla/resoluciones/resoluciones%202009/2968.pdf HTTP/1.1" 200 604040
207.46.13.68 - - [08/Jun/2015:02:05:28 -0500] "GET /BLA/resoluciones/RESOLUCIONES%202010/4744.pdf HTTP/1.1" 200 222873
207.46.13.104 - - [08/Jun/2015:02:05:30 -0500] "GET /BLA/resoluciones/AUTOS%202012/3098.pdf HTTP/1.1" 200 2046946
180.76.15.12 - - [08/Jun/2015:02:05:36 -0500] "GET /BLA/resoluciones/RESOLUCIONES%202010/1422.pdf HTTP/1.1" 200 409084
157.55.39.134 - - [08/Jun/2015:02:05:47 -0500] "GET /bla/resoluciones/resoluciones%202010/2443.pdf HTTP/1.1" 200 497187
207.46.13.104 - - [08/Jun/2015:02:05:50 -0500] "GET /bla/resoluciones/resoluciones%202010/0249.pdf HTTP/1.1" 200 681958
207.46.13.104 - - [08/Jun/2015:02:06:00 -0500] "GET /BLA/resoluciones/RESOLUCIONES%202010/4245.pdf HTTP/1.1" 200 765037
207.46.13.104 - - [08/Jun/2015:02:06:01 -0500] "GET /BLA/resoluciones/RESOLUCIONES%202008/3146.pdf HTTP/1.1" 200 233079
207.46.13.104 - - [08/Jun/2015:02:06:10 -0500] "GET /BLA/resoluciones/RESOLUCIONES%202010/4109.pdf HTTP/1.1" 200 98542
201.245.192.253 - - [08/Jun/2015:02:03:13 -0500] "GET /ForestMSG_SDA/channelAsync/template_word_18303147?X-Atmosphere-tracking-id=ef7b8cca-22a0-3631-7219-93916646b115&X-Atmosphere-Framework=1.0.5&X-Atmosphere-Transport=long-polling&tabid=0.1128270248301344&X-Cache-Date=0&Content-Type=application/xml&_=1433747054894 HTTP/1.1" 200 8193
207.46.13.68 - - [08/Jun/2015:02:06:15 -0500] "GET /BLA/resoluciones/RESOLUCIONES%202010/4693.pdf HTTP/1.1" 200 747693
207.46.13.68 - - [08/Jun/2015:02:06:15 -0500] "GET /BLA/resoluciones/RESOLUCIONES%202011/0435.pdf HTTP/1.1" 200 73641
207.46.13.68 - - [08/Jun/2015:02:06:17 -0500] "GET /BLA/resoluciones/RESOLUCIONES%202008/1593.pdf HTTP/1.1" 200 269733
207.46.13.68 - - [08/Jun/2015:02:06:17 -0500] "GET /bla/resoluciones/resoluciones%202009/4900.pdf HTTP/1.1" 200 651230
157.55.39.10 - - [08/Jun/2015:02:06:20 -0500] "GET /bla/resoluciones/autos%202010/5417.pdf HTTP/1.1" 200 417700
157.55.39.10 - - [08/Jun/2015:02:06:20 -0500] "GET /BLA/resoluciones/AUTOS%202012/2921.pdf HTTP/1.1" 200 218536
66.249.67.133 - - [08/Jun/2015:02:06:27 -0500] "GET /BLA/resoluciones/AUTOS%202014/5032.pdf HTTP/1.1" 200 198912
207.46.13.104 - - [08/Jun/2015:02:06:32 -0500] "GET /BLA/resoluciones/RESOLUCIONES%202008/3401.pdf HTTP/1.1" 200 233131
207.46.13.104 - - [08/Jun/2015:02:06:34 -0500] "GET /bla/resoluciones/resoluciones%202009/8084.pdf HTTP/1.1" 200 496689
157.55.39.11 - - [08/Jun/2015:02:06:36 -0500] "GET /BLA/resoluciones/RESOLUCIONES%202008/4361.pdf HTTP/1.1" 200 69586
157.55.39.220 - - [08/Jun/2015:02:06:45 -0500] "GET /dama/libreria/pdf/formularios/formato_tala.pdf HTTP/1.1" 404 1019
66.249.67.107 - - [08/Jun/2015:02:06:48 -0500] "GET /even/Ca0jr6ay/tsld005.htm HTTP/1.1" 404 1018
157.55.39.134 - - [08/Jun/2015:02:06:51 -0500] "GET /BLA/resoluciones/RESOLUCIONES%202013/0626.pdf HTTP/1.1" 200 381459
180.76.15.140 - - [08/Jun/2015:02:06:55 -0500] "GET /BLA/resoluciones/RESOLUCIONES%202008/1381.pdf HTTP/1.1" 200 1089936
207.46.13.68 - - [08/Jun/2015:02:07:02 -0500] "GET /BLA/resoluciones/AUTOS%202010/0853.pdf HTTP/1.1" 200 190673
157.55.39.10 - - [08/Jun/2015:02:07:12 -0500] "GET /bla/resoluciones/resoluciones%202009/8383.pdf HTTP/1.1" 200 409125
157.55.39.10 - - [08/Jun/2015:02:07:13 -0500] "GET /bla/resoluciones/resoluciones%202010/6326.pdf HTTP/1.1" 200 479175
157.55.39.11 - - [08/Jun/2015:02:07:31 -0500] "GET /bla/resoluciones/resoluciones%202009/4721.pdf HTTP/1.1" 200 1106693
157.55.39.11 - - [08/Jun/2015:02:07:32 -0500] "GET /bla/resoluciones/autos%202010/2795.pdf HTTP/1.1" 200 116800
157.55.39.11 - - [08/Jun/2015:02:07:33 -0500] "GET /BLA/resoluciones/RESOLUCIONES%202007/RES%202007%202701%20AL%202800/RESOLUCION%202789%20DE%202007.pdf HTTP/1.1" 200 911367
157.55.39.11 - - [08/Jun/2015:02:07:34 -0500] "GET /bla/resoluciones/RESOLUCIONES%202009/7392.pdf HTTP/1.1" 200 949921
207.46.13.104 - - [08/Jun/2015:02:07:43 -0500] "GET /BLA/resoluciones/RESOLUCIONES%202010/2973.pdf HTTP/1.1" 200 1029615
66.249.67.133 - - [08/Jun/2015:02:07:44 -0500] "GET /BLA/resoluciones/AUTOS%202014/0353.pdf HTTP/1.1" 200 528903
207.46.13.68 - - [08/Jun/2015:02:07:50 -0500] "GET /bla/resoluciones/resoluciones%202009/8594.pdf HTTP/1.1" 200 395799
180.76.15.161 - - [08/Jun/2015:02:07:54 -0500] "GET /BLA/resoluciones/RESOLUCIONES%202009/7348.pdf HTTP/1.1" 200 2418504
157.55.39.167 - - [08/Jun/2015:02:07:56 -0500] "GET /BLA/resoluciones/RESOLUCIONES%202008/4312.pdf HTTP/1.1" 200 274524
157.55.39.167 - - [08/Jun/2015:02:07:57 -0500] "GET /BLA/resoluciones/RESOLUCIONES%202010/3607.pdf HTTP/1.1" 200 553541
157.55.39.167 - - [08/Jun/2015:02:07:57 -0500] "GET /bla/resoluciones/resoluciones%202009/6831.pdf HTTP/1.1" 200 617315
157.55.39.167 - - [08/Jun/2015:02:07:58 -0500] "GET /BLA/resoluciones/RESOLUCIONES%202008/1256.pdf HTTP/1.1" 200 295007
157.55.39.167 - - [08/Jun/2015:02:07:58 -0500] "GET /BLA/resoluciones/RESOLUCIONES%202010/4163.pdf HTTP/1.1" 200 755623
157.55.39.167 - - [08/Jun/2015:02:07:58 -0500] "GET /bla/resoluciones/resoluciones%202009/8135.pdf HTTP/1.1" 200 520797
157.55.39.167 - - [08/Jun/2015:02:07:59 -0500] "GET /BLA/resoluciones/RESOLUCIONES%202011/3711.pdf HTTP/1.1" 200 452526
157.55.39.167 - - [08/Jun/2015:02:07:59 -0500] "GET /bla/resoluciones/resoluciones%202009/8437.pdf HTTP/1.1" 200 557306
157.55.39.167 - - [08/Jun/2015:02:08:00 -0500] "GET /BLA/resoluciones/AUTOS%202009/0431.pdf HTTP/1.1" 200 115757
157.55.39.167 - - [08/Jun/2015:02:08:00 -0500] "GET /BLA/resoluciones/AUTOS%202012/1182.pdf HTTP/1.1" 200 153942
207.46.13.68 - - [08/Jun/2015:02:08:07 -0500] "GET /BLA/resoluciones/RESOLUCIONES%202008/5291.pdf HTTP/1.1" 200 237689
207.46.13.104 - - [08/Jun/2015:02:08:12 -0500] "GET /bla/resoluciones/resoluciones%202010/3382.pdf HTTP/1.1" 200 301185
180.76.15.12 - - [08/Jun/2015:02:08:12 -0500] "GET /BLA/resoluciones/RESOLUCIONES%202009/1014.pdf HTTP/1.1" 200 233731
157.55.39.10 - - [08/Jun/2015:02:08:16 -0500] "GET /BLA/resoluciones/RESOLUCIONES%202014/2192.pdf HTTP/1.1" 200 1749647
180.76.15.32 - - [08/Jun/2015:02:08:45 -0500] "GET /BLA/resoluciones/RESOLUCIONES%202007/RES%202007%20301%20AL%20400/RESOLUCION%200384%20DE%202007.pdf HTTP/1.1" 200 283494
207.46.13.104 - - [08/Jun/2015:02:08:46 -0500] "GET /bla/resoluciones/autos%202010/2483.pdf HTTP/1.1" 200 67160
74.86.158.107 - - [08/Jun/2015:02:08:49 -0500] "HEAD / HTTP/1.1" 200 -
157.55.39.10 - - [08/Jun/2015:02:08:57 -0500] "GET /bla/resoluciones/RESOLUCIONES%202009/9761.pdf HTTP/1.1" 200 311691
66.249.67.107 - - [08/Jun/2015:02:09:01 -0500] "GET /BLA/resoluciones/AUTOS%202014/6270.pdf HTTP/1.1" 200 521549
180.76.15.29 - - [08/Jun/2015:02:09:03 -0500] "GET /BLA/resoluciones/AUTOS%202011/0239.pdf HTTP/1.1" 200 205301
201.245.192.253 - - [08/Jun/2015:02:06:13 -0500] "GET /ForestMSG_SDA/channelAsync/template_word_18303147?X-Atmosphere-tracking-id=ef7b8cca-22a0-3631-7219-93916646b115&X-Atmosphere-Framework=1.0.5&X-Atmosphere-Transport=long-polling&tabid=0.1128270248301344&X-Cache-Date=0&Content-Type=application/xml&_=1433747234958 HTTP/1.1" 200 8193
180.76.15.137 - - [08/Jun/2015:02:09:20 -0500] "GET /BLA/resoluciones/RESOLUCIONES%202007/RES%202007%20201%20AL%20300/RESOLUCION%200300%20DE%202007.pdf HTTP/1.1" 200 81879
157.55.39.11 - - [08/Jun/2015:02:09:28 -0500] "GET /bla/resoluciones/resoluciones%202009/8550.pdf HTTP/1.1" 200 508738
157.55.39.11 - - [08/Jun/2015:02:09:29 -0500] "GET /BLA/resoluciones/Autos%202008/2740.pdf HTTP/1.1" 200 103050
157.55.39.11 - - [08/Jun/2015:02:09:29 -0500] "GET /BLA/resoluciones/RESOLUCIONES%202008/1287.pdf HTTP/1.1" 200 644759
207.46.13.104 - - [08/Jun/2015:02:09:32 -0500] "GET /bla/resoluciones/resoluciones%202010/2289.pdf HTTP/1.1" 200 544095
207.46.13.68 - - [08/Jun/2015:02:09:37 -0500] "GET /BLA/resoluciones/AUTOS%202010/5286.pdf HTTP/1.1" 200 192173
180.76.15.149 - - [08/Jun/2015:02:09:37 -0500] "GET /BLA/resoluciones/RESOLUCIONES%202008/1772.pdf HTTP/1.1" 200 69902
207.46.13.68 - - [08/Jun/2015:02:09:39 -0500] "GET /bla/resoluciones/resoluciones%202009/9516.pdf HTTP/1.1" 200 502189
207.46.13.104 - - [08/Jun/2015:02:09:57 -0500] "GET /BLA/resoluciones/RESOLUCIONES%202011/2878.pdf HTTP/1.1" 200 757600
207.46.13.104 - - [08/Jun/2015:02:09:57 -0500] "GET /BLA/resoluciones/RESOLUCIONES%202013/1682.pdf HTTP/1.1" 200 329253
207.46.13.104 - - [08/Jun/2015:02:09:58 -0500] "GET /BLA/resoluciones/AUTOS%202009/0241.pdf HTTP/1.1" 200 74826
207.46.13.104 - - [08/Jun/2015:02:10:00 -0500] "GET /BLA/resoluciones/RESOLUCIONES%202010/4857.pdf HTTP/1.1" 200 756312
157.55.39.10 - - [08/Jun/2015:02:10:01 -0500] "GET /bla/resoluciones/RESOLUCIONES%202009/8336.pdf HTTP/1.1" 200 420992
157.55.39.10 - - [08/Jun/2015:02:10:02 -0500] "GET /BLA/resoluciones/RESOLUCIONES%202007/RES%202007%203801%20AL%203900/RESOLUCION%203895%20DE%202007.pdf HTTP/1.1" 200 417092
66.249.67.107 - - [08/Jun/2015:02:10:18 -0500] "GET /BLA/resoluciones/AUTOS%202014/5895.pdf HTTP/1.1" 200 423725
207.46.13.68 - - [08/Jun/2015:02:10:20 -0500] "GET /BLA/resoluciones/AUTOS%202010/5466.pdf HTTP/1.1" 200 183663
207.46.13.68 - - [08/Jun/2015:02:10:20 -0500] "GET /BLA/resoluciones/AUTOS%202009/1608.pdf HTTP/1.1" 200 199157
207.46.13.68 - - [08/Jun/2015:02:10:20 -0500] "GET /BLA/resoluciones/RESOLUCIONES%202009/5561.pdf HTTP/1.1" 200 671827
207.46.13.68 - - [08/Jun/2015:02:10:21 -0500] "GET /bla/resoluciones/resoluciones%202010/0905.pdf HTTP/1.1" 200 100237
207.46.13.68 - - [08/Jun/2015:02:10:21 -0500] "GET /BLA/resoluciones/RESOLUCIONES%202010/4637.pdf HTTP/1.1" 200 525409
207.46.13.68 - - [08/Jun/2015:02:10:45 -0500] "GET /bla/resoluciones/resoluciones%202009/7007.pdf HTTP/1.1" 200 727797
207.46.13.68 - - [08/Jun/2015:02:10:46 -0500] "GET /bla/resoluciones/RESOLUCIONES%202009/4772.pdf HTTP/1.1" 200 812239
66.249.67.107 - - [08/Jun/2015:02:10:48 -0500] "GET /galeria/galeria/fotos/Capellania3P.jpg HTTP/1.1" 304 -
207.46.13.104 - - [08/Jun/2015:02:10:58 -0500] "GET /bla/resoluciones/resoluciones%202009/9162.pdf HTTP/1.1" 200 437449
207.46.13.68 - - [08/Jun/2015:02:11:28 -0500] "GET /BLA/resoluciones/RESOLUCIONES%202013/2319.pdf HTTP/1.1" 200 3292215
207.46.13.68 - - [08/Jun/2015:02:11:29 -0500] "GET /BLA/resoluciones/RESOLUCIONES%202010/4957.pdf HTTP/1.1" 200 313112
207.46.13.68 - - [08/Jun/2015:02:11:30 -0500] "GET /BLA/resoluciones/RESOLUCIONES%202010/3539.pdf HTTP/1.1" 200 514035
157.55.39.11 - - [08/Jun/2015:02:11:32 -0500] "GET /bla/resoluciones/resoluciones%202010/2863.pdf HTTP/1.1" 200 298155
157.55.39.11 - - [08/Jun/2015:02:11:33 -0500] "GET /bla/resoluciones/resoluciones%202010/1189.pdf HTTP/1.1" 200 136490
66.249.67.133 - - [08/Jun/2015:02:11:35 -0500] "GET /BLA/resoluciones/AUTOS%202014/6024.pdf HTTP/1.1" 200 422965
207.46.13.104 - - [08/Jun/2015:02:11:37 -0500] "GET /BLA/resoluciones/RESOLUCIONES%202008/1420.pdf HTTP/1.1" 200 215472
207.46.13.104 - - [08/Jun/2015:02:11:38 -0500] "GET /BLA/resoluciones/RESOLUCIONES%202007/RES%202007%203501%20AL%203600/RESOLUCION%203593%20DE%202007.pdf HTTP/1.1" 200 889690
207.46.13.104 - - [08/Jun/2015:02:11:38 -0500] "GET /bla/resoluciones/resoluciones%202010/7874.pdf HTTP/1.1" 200 526676
207.46.13.68 - - [08/Jun/2015:02:11:49 -0500] "GET /bla/resoluciones/resoluciones%202010/0781.pdf HTTP/1.1" 200 103380
207.46.13.68 - - [08/Jun/2015:02:11:49 -0500] "GET /BLA/resoluciones/RESOLUCIONES%202007/RES%202007%203801%20AL%203900/RESOLUCION%203826%20DE%202007.pdf HTTP/1.1" 200 72942
207.46.13.68 - - [08/Jun/2015:02:11:49 -0500] "GET /bla/resoluciones/RESOLUCIONES%202009/8594.pdf HTTP/1.1" 200 395799
207.46.13.68 - - [08/Jun/2015:02:11:50 -0500] "GET /BLA/resoluciones/RESOLUCIONES%202009/3579.pdf HTTP/1.1" 200 611297
180.76.15.160 - - [08/Jun/2015:02:11:53 -0500] "GET /BLA/resoluciones/RESOLUCIONES%202007/RES%202007%202201%20AL%202300/RESOLUCION%202244%20DE%202007.pdf HTTP/1.1" 200 350561
207.46.13.104 - - [08/Jun/2015:02:11:59 -0500] "GET /BLA/resoluciones/RESOLUCIONES%202011/4698.pdf HTTP/1.1" 200 684038
207.46.13.104 - - [08/Jun/2015:02:11:59 -0500] "GET /bla/resoluciones/autos%202010/5484.pdf HTTP/1.1" 200 331694
66.249.67.120 - - [08/Jun/2015:02:12:01 -0500] "GET /BLA/resoluciones/AUTOS%202014/1211.pdf HTTP/1.1" 200 186497
157.55.39.10 - - [08/Jun/2015:02:12:03 -0500] "GET /BLA/resoluciones/RESOLUCIONES%202009/7677.pdf HTTP/1.1" 200 496351
180.76.15.147 - - [08/Jun/2015:02:12:10 -0500] "GET /BLA/resoluciones/AUTOS%202010/6645.pdf HTTP/1.1" 200 155619
207.46.13.68 - - [08/Jun/2015:02:12:10 -0500] "GET /BLA/resoluciones/RESOLUCIONES%202008/2365.pdf HTTP/1.1" 200 245133
207.46.13.68 - - [08/Jun/2015:02:12:12 -0500] "GET /BLA/resoluciones/RESOLUCIONES%202008/0160.pdf HTTP/1.1" 200 282525
207.46.13.68 - - [08/Jun/2015:02:12:12 -0500] "GET /bla/resoluciones/resoluciones%202010/1697.pdf HTTP/1.1" 200 318306
201.245.192.253 - - [08/Jun/2015:02:09:13 -0500] "GET /ForestMSG_SDA/channelAsync/template_word_18303147?X-Atmosphere-tracking-id=ef7b8cca-22a0-3631-7219-93916646b115&X-Atmosphere-Framework=1.0.5&X-Atmosphere-Transport=long-polling&tabid=0.1128270248301344&X-Cache-Date=0&Content-Type=application/xml&_=1433747414963 HTTP/1.1" 200 8193
157.55.39.10 - - [08/Jun/2015:02:12:19 -0500] "GET /BLA/resoluciones/RESOLUCIONES%202011/1056.pdf HTTP/1.1" 200 284827
157.55.39.10 - - [08/Jun/2015:02:12:19 -0500] "GET /BLA/resoluciones/RESOLUCIONES%202008/5131.pdf HTTP/1.1" 200 564779
207.46.13.68 - - [08/Jun/2015:02:12:43 -0500] "GET /BLA/resoluciones/RESOLUCIONES%202008/4489.pdf HTTP/1.1" 200 251909
157.55.39.134 - - [08/Jun/2015:02:12:47 -0500] "GET /BLA/resoluciones/RESOLUCIONES%202008/0345.pdf HTTP/1.1" 200 14568
66.249.67.107 - - [08/Jun/2015:02:12:52 -0500] "GET /BLA/resoluciones/AUTOS%202014/5756.pdf HTTP/1.1" 200 587592
157.55.39.10 - - [08/Jun/2015:02:12:59 -0500] "GET /BLA/resoluciones/RESOLUCIONES%202008/2490.pdf HTTP/1.1" 200 314987
180.76.15.134 - - [08/Jun/2015:02:13:00 -0500] "GET /BLA/resoluciones/AUTOS%202013/2166.pdf HTTP/1.1" 200 1946442
207.46.13.68 - - [08/Jun/2015:02:13:12 -0500] "GET /bla/resoluciones/RESOLUCIONES%202011/4955.pdf HTTP/1.1" 200 349625
207.46.13.68 - - [08/Jun/2015:02:13:13 -0500] "GET /BLA/resoluciones/RESOLUCIONES%202008/1049.pdf HTTP/1.1" 200 361035
207.46.13.104 - - [08/Jun/2015:02:13:16 -0500] "GET /bla/resoluciones/resoluciones%202010/0653.pdf HTTP/1.1" 200 508627
207.46.13.104 - - [08/Jun/2015:02:13:17 -0500] "GET /bla/resoluciones/resoluciones%202010/2117.pdf HTTP/1.1" 200 450695
180.76.15.146 - - [08/Jun/2015:02:13:17 -0500] "GET /BLA/resoluciones/RESOLUCIONES%202009/1820.pdf HTTP/1.1" 200 411169
207.46.13.104 - - [08/Jun/2015:02:13:17 -0500] "GET /BLA/resoluciones/RESOLUCIONES%202008/0242.pdf HTTP/1.1" 200 274656
180.76.15.8 - - [08/Jun/2015:02:13:34 -0500] "GET /BLA/resoluciones/RESOLUCIONES%202009/9512.pdf HTTP/1.1" 200 494963
157.55.39.168 - - [08/Jun/2015:02:13:37 -0500] "GET /bla/resoluciones/RESOLUCIONES%202009/6315.pdf HTTP/1.1" 200 621357
157.55.39.168 - - [08/Jun/2015:02:13:37 -0500] "GET /BLA/resoluciones/RESOLUCIONES%202011/1374.pdf HTTP/1.1" 200 68425
157.55.39.168 - - [08/Jun/2015:02:13:37 -0500] "GET /BLA/resoluciones/RESOLUCIONES%202011/4311.pdf HTTP/1.1" 200 468985
157.55.39.168 - - [08/Jun/2015:02:13:38 -0500] "GET /bla/resoluciones/RESOLUCIONES%202009/7548.pdf HTTP/1.1" 200 515716
186.30.185.144 - - [08/Jun/2015:02:13:38 -0500] "GET /BLA/boletinlegal/js/jquery.scrollTo-min.js HTTP/1.1" 200 1150
186.30.185.144 - - [08/Jun/2015:02:13:38 -0500] "GET /BLA/boletinlegal/js/jquery.scrollShow.js HTTP/1.1" 200 4586
157.55.39.168 - - [08/Jun/2015:02:13:38 -0500] "GET /BLA/resoluciones/RESOLUCIONES%202008/4416.pdf HTTP/1.1" 200 357163
157.55.39.168 - - [08/Jun/2015:02:13:39 -0500] "GET /BLA/resoluciones/AUTOS%202012/2453.pdf HTTP/1.1" 200 1373048
157.55.39.168 - - [08/Jun/2015:02:13:39 -0500] "GET /BLA/resoluciones/AUTOS%202009/2321.pdf HTTP/1.1" 200 161649
186.30.185.144 - - [08/Jun/2015:02:13:39 -0500] "GET /galeria/galeria/jquery.fancybox.js?v=2.1.5 HTTP/1.1" 200 48706
186.30.185.144 - - [08/Jun/2015:02:13:39 -0500] "GET /galeria/galeria/jquery.fancybox.css?v=2.1.5 HTTP/1.1" 200 4895
157.55.39.168 - - [08/Jun/2015:02:13:39 -0500] "GET /BLA/resoluciones/RESOLUCIONES%202009/5704.pdf HTTP/1.1" 200 660555
157.55.39.168 - - [08/Jun/2015:02:13:40 -0500] "GET /bla/resoluciones/RESOLUCIONES%202009/8227.pdf HTTP/1.1" 200 504873
157.55.39.168 - - [08/Jun/2015:02:13:40 -0500] "GET /bla/resoluciones/resoluciones%202009/4614.pdf HTTP/1.1" 200 642083
157.55.39.168 - - [08/Jun/2015:02:13:41 -0500] "GET /bla/resoluciones/autos%202010/0477.pdf HTTP/1.1" 200 194903
157.55.39.168 - - [08/Jun/2015:02:13:41 -0500] "GET /bla/resoluciones/RESOLUCIONES%202009/7957.pdf HTTP/1.1" 200 122192
157.55.39.168 - - [08/Jun/2015:02:13:42 -0500] "GET /BLA/resoluciones/RESOLUCIONES%202007/RES%202007%20201%20AL%20300/RESOLUCION%200300%20DE%202007.pdf HTTP/1.1" 200 81879
207.46.13.104 - - [08/Jun/2015:02:13:46 -0500] "GET /BLA/resoluciones/AUTOS%202012/0543.pdf HTTP/1.1" 200 271045
186.30.185.144 - - [08/Jun/2015:02:13:49 -0500] "GET /galeria/galeria/jquery.fancybox.css?v=2.1.5 HTTP/1.1" 304 -
186.30.185.144 - - [08/Jun/2015:02:13:49 -0500] "GET /BLA/boletinlegal/js/jquery.scrollTo-min.js HTTP/1.1" 304 -
186.30.185.144 - - [08/Jun/2015:02:13:49 -0500] "GET /BLA/boletinlegal/js/jquery.scrollShow.js HTTP/1.1" 304 -
