201.245.192.253 - - [08/Jun/2015:00:36:12 -0500] "GET /ForestMSG_SDA/channelAsync/template_word_18303147?X-Atmosphere-tracking-id=ef7b8cca-22a0-3631-7219-93916646b115&X-Atmosphere-Framework=1.0.5&X-Atmosphere-Transport=long-polling&tabid=0.1128270248301344&X-Cache-Date=0&Content-Type=application/xml&_=1433741833504 HTTP/1.1" 200 8193
207.46.13.104 - - [08/Jun/2015:00:39:12 -0500] "GET /bla/resoluciones/resoluciones%202011/1245.pdf HTTP/1.1" 200 436134
180.76.15.142 - - [08/Jun/2015:00:39:22 -0500] "GET /BLA/resoluciones/RESOLUCIONES%202009/1563.pdf HTTP/1.1" 200 565405
186.31.155.216 - - [08/Jun/2015:00:39:35 -0500] "GET /galeria/galeria/jquery.fancybox.css?v=2.1.5 HTTP/1.1" 200 4895
186.31.155.216 - - [08/Jun/2015:00:39:35 -0500] "GET /BLA/boletinlegal/js/jquery.scrollShow.js HTTP/1.1" 200 4586
186.31.155.216 - - [08/Jun/2015:00:39:35 -0500] "GET /BLA/boletinlegal/js/jquery.scrollTo-min.js HTTP/1.1" 200 1150
186.31.155.216 - - [08/Jun/2015:00:39:35 -0500] "GET /galeria/galeria/jquery.fancybox.js?v=2.1.5 HTTP/1.1" 200 48706
157.55.39.11 - - [08/Jun/2015:00:39:36 -0500] "GET /bla/resoluciones/RESOLUCIONES%202009/5672.pdf HTTP/1.1" 200 675033
157.55.39.134 - - [08/Jun/2015:00:39:38 -0500] "GET /BLA/resoluciones/RESOLUCIONES%202009/6810.pdf HTTP/1.1" 200 640374
157.55.39.134 - - [08/Jun/2015:00:39:38 -0500] "GET /BLA/resoluciones/AUTOS%202010/4710.pdf HTTP/1.1" 200 277038
180.76.15.30 - - [08/Jun/2015:00:39:42 -0500] "GET /BLA/resoluciones/RESOLUCIONES%202007/RES%202007%20501%20AL%20600/RESOLUCION%200599%20DE%202007.pdf HTTP/1.1" 200 263540
186.31.155.216 - - [08/Jun/2015:00:39:46 -0500] "GET /galeria/galeria/jquery.fancybox.css?v=2.1.5 HTTP/1.1" 304 -
186.31.155.216 - - [08/Jun/2015:00:39:46 -0500] "GET /BLA/boletinlegal/js/jquery.scrollTo-min.js HTTP/1.1" 304 -
186.31.155.216 - - [08/Jun/2015:00:39:46 -0500] "GET /BLA/boletinlegal/js/jquery.scrollShow.js HTTP/1.1" 304 -
186.31.155.216 - - [08/Jun/2015:00:39:46 -0500] "GET /galeria/galeria/jquery.fancybox.js?v=2.1.5 HTTP/1.1" 304 -
207.46.13.68 - - [08/Jun/2015:00:39:46 -0500] "GET /bla/resoluciones/resoluciones%202009/2596.pdf HTTP/1.1" 200 1021319
157.55.39.134 - - [08/Jun/2015:00:39:51 -0500] "GET /BLA/resoluciones/AUTOS%202010/5454.pdf HTTP/1.1" 200 150347
157.55.39.134 - - [08/Jun/2015:00:39:52 -0500] "GET /BLA/resoluciones/index.php?dir=RESOLUCIONES%202007/RES%202007%201%20AL%20100/&sort=name&order=desc HTTP/1.1" 200 26174
157.55.39.134 - - [08/Jun/2015:00:39:52 -0500] "GET /BLA/resoluciones/RESOLUCIONES%202014/3489.pdf HTTP/1.1" 200 465193
207.46.13.104 - - [08/Jun/2015:00:39:55 -0500] "GET /BLA/resoluciones/RESOLUCIONES%202010/3910.pdf HTTP/1.1" 200 1159449
123.126.113.85 - - [08/Jun/2015:00:39:56 -0500] "GET /resoluciones/RESOLUCIONES%202009/0696.pdf HTTP/1.1" 404 1018
180.76.15.160 - - [08/Jun/2015:00:39:57 -0500] "GET /BLA/resoluciones/RESOLUCIONES%202009/6981.pdf HTTP/1.1" 200 54384
66.249.67.120 - - [08/Jun/2015:00:39:59 -0500] "GET /BLA/resoluciones/RESOLUCIONES%202009/3646.pdf HTTP/1.1" 200 1112485
207.46.13.68 - - [08/Jun/2015:00:40:06 -0500] "GET /bla/resoluciones/resoluciones%202010/0495.pdf HTTP/1.1" 200 116820
207.46.13.68 - - [08/Jun/2015:00:40:06 -0500] "GET /BLA/resoluciones/AUTOS%202012/1669.pdf HTTP/1.1" 200 213556
186.85.122.203 - - [08/Jun/2015:00:40:07 -0500] "GET /BLA/boletinlegal/js/jquery.scrollShow.js HTTP/1.1" 200 4586
186.85.122.203 - - [08/Jun/2015:00:40:07 -0500] "GET /BLA/boletinlegal/js/jquery.scrollTo-min.js HTTP/1.1" 200 1150
186.85.122.203 - - [08/Jun/2015:00:40:07 -0500] "GET /galeria/galeria/jquery.fancybox.css?v=2.1.5 HTTP/1.1" 200 4895
186.85.122.203 - - [08/Jun/2015:00:40:07 -0500] "GET /galeria/galeria/jquery.fancybox.js?v=2.1.5 HTTP/1.1" 200 48706
157.55.39.10 - - [08/Jun/2015:00:40:09 -0500] "GET /BLA/resoluciones/AUTOS%202009/2009.pdf HTTP/1.1" 200 100874
157.55.39.10 - - [08/Jun/2015:00:40:09 -0500] "GET /BLA/resoluciones/RESOLUCIONES%202011/0496.pdf HTTP/1.1" 200 76413
157.55.39.10 - - [08/Jun/2015:00:40:10 -0500] "GET /BLA/resoluciones/RESOLUCIONES%202009/9171.pdf HTTP/1.1" 200 436095
157.55.39.10 - - [08/Jun/2015:00:40:10 -0500] "GET /BLA/resoluciones/RESOLUCIONES%202009/8588.pdf HTTP/1.1" 200 362166
180.76.15.25 - - [08/Jun/2015:00:40:14 -0500] "GET /BLA/resoluciones/RESOLUCIONES%202009/0076.pdf HTTP/1.1" 200 273903
123.126.113.85 - - [08/Jun/2015:00:40:14 -0500] "GET /resoluciones/RESOLUCIONES%202009/0689.pdf HTTP/1.1" 404 1018
190.26.236.113 - - [08/Jun/2015:00:40:17 -0500] "POST /forms/lservlet;jsessionid=ac16012b30d6cbf8a861549d4aaaa584af93aeeca8db.e3iSbxaKaheRe34MbhmNaxqNb41ynknvrkLOlQzNp65In0 HTTP/1.1" 200 2
66.249.67.107 - - [08/Jun/2015:00:40:18 -0500] "GET /BLA/resoluciones/RESOLUCIONES%202009/3957.pdf HTTP/1.1" 304 -
201.216.20.108 - - [08/Jun/2015:00:40:26 -0500] "POST /forms/lservlet;jsessionid=ac16012b30d687520e7de4ad41a2bf9687d9e8d71479.e3iSbxaKaheRe34MbhmNaxqNb41ynknvrkLOlQzNp65In0 HTTP/1.1" 200 2
180.76.15.134 - - [08/Jun/2015:00:40:31 -0500] "GET /BLA/resoluciones/RESOLUCIONES%202010/1149.pdf HTTP/1.1" 200 93727
157.55.39.11 - - [08/Jun/2015:00:40:32 -0500] "GET /BLA/resoluciones/RESOLUCIONES%202009/4944.pdf HTTP/1.1" 200 730128
157.55.39.11 - - [08/Jun/2015:00:40:33 -0500] "GET /BLA/resoluciones/RESOLUCIONES%202011/0045.pdf HTTP/1.1" 200 370868
157.55.39.11 - - [08/Jun/2015:00:40:33 -0500] "GET /BLA/resoluciones/RESOLUCIONES%202010/3139.pdf HTTP/1.1" 200 676559
207.46.13.68 - - [08/Jun/2015:00:40:38 -0500] "GET /bla/resoluciones/resoluciones%202009/6755.pdf HTTP/1.1" 200 754767
207.46.13.104 - - [08/Jun/2015:00:40:44 -0500] "GET /BLA/resoluciones/AUTOS%202010/1420.pdf HTTP/1.1" 200 161238
180.76.15.148 - - [08/Jun/2015:00:40:49 -0500] "GET /BLA/resoluciones/RESOLUCIONES%202009/2189.pdf HTTP/1.1" 200 633012
207.46.13.104 - - [08/Jun/2015:00:40:53 -0500] "GET /BLA/resoluciones/RESOLUCIONES%202011/0605.pdf HTTP/1.1" 200 71985
157.55.39.10 - - [08/Jun/2015:00:40:57 -0500] "GET /bla/resoluciones/resoluciones%202010/5737.pdf HTTP/1.1" 200 88796
207.46.13.68 - - [08/Jun/2015:00:41:01 -0500] "GET /bla/resoluciones/resoluciones%202009/3521.pdf HTTP/1.1" 200 663340
207.46.13.68 - - [08/Jun/2015:00:41:02 -0500] "GET /BLA/resoluciones/RESOLUCIONES%202008/4904.pdf HTTP/1.1" 200 215742
180.76.15.153 - - [08/Jun/2015:00:41:06 -0500] "GET /BLA/resoluciones/RESOLUCIONES%202011/2686.pdf HTTP/1.1" 200 730062
207.46.13.104 - - [08/Jun/2015:00:41:13 -0500] "GET /BLA/resoluciones/RESOLUCIONES%202011/1851.pdf HTTP/1.1" 200 1359083
207.46.13.104 - - [08/Jun/2015:00:41:13 -0500] "GET /BLA/resoluciones/RESOLUCIONES%202008/3224.pdf HTTP/1.1" 200 690267
190.26.236.113 - - [08/Jun/2015:00:41:14 -0500] "POST /forms/lservlet;jsessionid=ac16012b30d6cbf8a861549d4aaaa584af93aeeca8db.e3iSbxaKaheRe34MbhmNaxqNb41ynknvrkLOlQzNp65In0 HTTP/1.1" 200 377
157.55.39.167 - - [08/Jun/2015:00:41:17 -0500] "GET /BLA/resoluciones/AUTOS%202009/0897.pdf HTTP/1.1" 200 125083
157.55.39.167 - - [08/Jun/2015:00:41:18 -0500] "GET /BLA/resoluciones/AUTOS%202012/0918.pdf HTTP/1.1" 200 670916
157.55.39.167 - - [08/Jun/2015:00:41:18 -0500] "GET /bla/resoluciones/resoluciones%202009/7021.pdf HTTP/1.1" 200 722085
157.55.39.167 - - [08/Jun/2015:00:41:19 -0500] "GET /BLA/resoluciones/RESOLUCIONES%202008/0076.pdf HTTP/1.1" 200 360606
157.55.39.167 - - [08/Jun/2015:00:41:19 -0500] "GET /BLA/resoluciones/RESOLUCIONES%202010/6396.pdf HTTP/1.1" 200 3362879
157.55.39.167 - - [08/Jun/2015:00:41:20 -0500] "GET /BLA/resoluciones/RESOLUCIONES%202010/3883.pdf HTTP/1.1" 200 998202
157.55.39.167 - - [08/Jun/2015:00:41:20 -0500] "GET /BLA/resoluciones/RESOLUCIONES%202010/5218.pdf HTTP/1.1" 200 782419
157.55.39.167 - - [08/Jun/2015:00:41:21 -0500] "GET /BLA/resoluciones/RESOLUCIONES%202012/0366.pdf HTTP/1.1" 200 264632
157.55.39.167 - - [08/Jun/2015:00:41:21 -0500] "GET /BLA/resoluciones/AUTOS%202009/2429.pdf HTTP/1.1" 200 100458
157.55.39.167 - - [08/Jun/2015:00:41:21 -0500] "GET /BLA/resoluciones/RESOLUCIONES%202012/0974.pdf HTTP/1.1" 200 1491889
157.55.39.167 - - [08/Jun/2015:00:41:22 -0500] "GET /BLA/resoluciones/AUTOS%202010/2420.pdf HTTP/1.1" 200 1456218
157.55.39.167 - - [08/Jun/2015:00:41:22 -0500] "GET /BLA/resoluciones/RESOLUCIONES%202010/7389.pdf HTTP/1.1" 200 504674
157.55.39.167 - - [08/Jun/2015:00:41:23 -0500] "GET /BLA/resoluciones/AUTOS%202012/0251.pdf HTTP/1.1" 200 316585
180.76.15.150 - - [08/Jun/2015:00:41:23 -0500] "GET /BLA/resoluciones/RESOLUCIONES%202007/RES%202007%203601%20AL%203700/RESOLUCION%203615%20DE%202007.pdf HTTP/1.1" 200 1065164
190.26.236.113 - - [08/Jun/2015:00:41:23 -0500] "POST /forms/lservlet;jsessionid=ac16012b30d6cbf8a861549d4aaaa584af93aeeca8db.e3iSbxaKaheRe34MbhmNaxqNb41ynknvrkLOlQzNp65In0 HTTP/1.1" 200 142
190.26.236.113 - - [08/Jun/2015:00:41:24 -0500] "POST /forms/lservlet;jsessionid=ac16012b30d6cbf8a861549d4aaaa584af93aeeca8db.e3iSbxaKaheRe34MbhmNaxqNb41ynknvrkLOlQzNp65In0 HTTP/1.1" 200 -
207.46.13.104 - - [08/Jun/2015:00:41:33 -0500] "GET /bla/resoluciones/RESOLUCIONES%202009/8913.pdf HTTP/1.1" 200 272461
207.46.13.68 - - [08/Jun/2015:00:41:37 -0500] "GET /BLA/resoluciones/RESOLUCIONES%202012/1570.pdf HTTP/1.1" 200 767512
207.46.13.68 - - [08/Jun/2015:00:41:38 -0500] "GET /BLA/resoluciones/AUTOS%202010/0056.pdf HTTP/1.1" 200 199153
180.76.15.23 - - [08/Jun/2015:00:41:41 -0500] "GET /BLA/resoluciones/RESOLUCIONES%202008/5055.pdf HTTP/1.1" 200 250569
157.55.39.134 - - [08/Jun/2015:00:41:45 -0500] "GET /bla/resoluciones/resoluciones%202010/2319.pdf HTTP/1.1" 200 414053
157.55.39.134 - - [08/Jun/2015:00:41:46 -0500] "GET /BLA/resoluciones/RESOLUCIONES%202008/2052.pdf HTTP/1.1" 200 183247
207.46.13.104 - - [08/Jun/2015:00:41:49 -0500] "GET /bla/resoluciones/resoluciones%202009/9061.pdf HTTP/1.1" 200 522571
180.76.15.33 - - [08/Jun/2015:00:41:58 -0500] "GET /BLA/resoluciones/RESOLUCIONES%202009/0694.pdf HTTP/1.1" 200 204836
207.46.13.68 - - [08/Jun/2015:00:42:10 -0500] "GET /bla/resoluciones/resoluciones%202009/7199.pdf HTTP/1.1" 200 1127173
201.245.192.253 - - [08/Jun/2015:00:39:12 -0500] "GET /ForestMSG_SDA/channelAsync/template_word_18303147?X-Atmosphere-tracking-id=ef7b8cca-22a0-3631-7219-93916646b115&X-Atmosphere-Framework=1.0.5&X-Atmosphere-Transport=long-polling&tabid=0.1128270248301344&X-Cache-Date=0&Content-Type=application/xml&_=1433742013506 HTTP/1.1" 200 8193
207.46.13.68 - - [08/Jun/2015:00:42:12 -0500] "GET /BLA/resoluciones/RESOLUCIONES%202013/1200.pdf HTTP/1.1" 200 2450316
207.46.13.104 - - [08/Jun/2015:00:42:18 -0500] "GET /BLA/resoluciones/RESOLUCIONES%202009/9368.pdf HTTP/1.1" 200 535923
201.216.20.108 - - [08/Jun/2015:00:42:26 -0500] "POST /forms/lservlet;jsessionid=ac16012b30d687520e7de4ad41a2bf9687d9e8d71479.e3iSbxaKaheRe34MbhmNaxqNb41ynknvrkLOlQzNp65In0 HTTP/1.1" 200 2
207.46.13.68 - - [08/Jun/2015:00:42:37 -0500] "GET /BLA/resoluciones/RESOLUCIONES%202008/3559.pdf HTTP/1.1" 200 193796
207.46.13.68 - - [08/Jun/2015:00:42:37 -0500] "GET /BLA/resoluciones/RESOLUCIONES%202008/3064.pdf HTTP/1.1" 200 280450
157.55.39.11 - - [08/Jun/2015:00:42:43 -0500] "GET /BLA/resoluciones/RESOLUCIONES%202008/2578.pdf HTTP/1.1" 200 234680
207.46.13.104 - - [08/Jun/2015:00:42:49 -0500] "GET /BLA/resoluciones/RESOLUCIONES%202011/0978.pdf HTTP/1.1" 200 252261
66.249.67.107 - - [08/Jun/2015:00:42:53 -0500] "GET /BLA/resoluciones/AUTOS%202014/0760.pdf HTTP/1.1" 200 424876
180.76.15.17 - - [08/Jun/2015:00:42:57 -0500] "GET /BLA/resoluciones/RESOLUCIONES%202009/0294.pdf HTTP/1.1" 200 384962
66.249.67.133 - - [08/Jun/2015:00:43:09 -0500] "GET /BLA/resoluciones/RESOLUCIONES%202007/RES%202007%203001%20AL%203100/RESOLUCION%203009%20DE%202007.pdf HTTP/1.1" 200 166753
180.76.15.11 - - [08/Jun/2015:00:43:14 -0500] "GET /BLA/resoluciones/RESOLUCIONES%202009/2082.pdf HTTP/1.1" 200 575123
207.46.13.68 - - [08/Jun/2015:00:43:17 -0500] "GET /bla/resoluciones/RESOLUCIONES%202009/4245.pdf HTTP/1.1" 200 5048599
157.55.39.10 - - [08/Jun/2015:00:43:27 -0500] "GET /BLA/resoluciones/RESOLUCIONES%202009/9099.pdf HTTP/1.1" 200 484649
157.55.39.11 - - [08/Jun/2015:00:43:27 -0500] "GET /bla/resoluciones/resoluciones%202010/3402.pdf HTTP/1.1" 200 317380
157.55.39.11 - - [08/Jun/2015:00:43:27 -0500] "GET /bla/resoluciones/resoluciones%202010/6557.pdf HTTP/1.1" 200 302658
207.46.13.68 - - [08/Jun/2015:00:43:34 -0500] "GET /BLA/resoluciones/AUTOS%202009/1861.pdf HTTP/1.1" 200 101532
207.46.13.68 - - [08/Jun/2015:00:43:37 -0500] "GET /bla/resoluciones/resoluciones%202011/0948.pdf HTTP/1.1" 200 69797
207.46.13.104 - - [08/Jun/2015:00:43:39 -0500] "GET /bla/resoluciones/resoluciones%202009/8517.pdf HTTP/1.1" 200 516902
207.46.13.104 - - [08/Jun/2015:00:43:40 -0500] "GET /BLA/resoluciones/AUTOS%202009/2435.pdf HTTP/1.1" 200 101116
74.86.158.107 - - [08/Jun/2015:00:43:49 -0500] "HEAD / HTTP/1.1" 200 -
207.46.13.68 - - [08/Jun/2015:00:43:54 -0500] "GET /BLA/resoluciones/RESOLUCIONES%202013/0202.pdf HTTP/1.1" 200 2216369
207.46.13.68 - - [08/Jun/2015:00:43:55 -0500] "GET /BLA/resoluciones/RESOLUCIONES%202011/2208.pdf HTTP/1.1" 200 478131
157.55.39.10 - - [08/Jun/2015:00:44:00 -0500] "GET /BLA/resoluciones/AUTOS%202009/1387.pdf HTTP/1.1" 200 122882
157.55.39.10 - - [08/Jun/2015:00:44:00 -0500] "GET /bla/resoluciones/RESOLUCIONES%202009/5641.pdf HTTP/1.1" 200 676341
157.55.39.10 - - [08/Jun/2015:00:44:01 -0500] "GET /bla/resoluciones/resoluciones%202009/9366.pdf HTTP/1.1" 200 532269
207.46.13.104 - - [08/Jun/2015:00:44:04 -0500] "GET /bla/resoluciones/RESOLUCIONES%202009/3288.pdf HTTP/1.1" 200 671742
207.46.13.104 - - [08/Jun/2015:00:44:04 -0500] "GET /BLA/resoluciones/RESOLUCIONES%202009/7371.pdf HTTP/1.1" 200 825643
198.46.81.29 - - [08/Jun/2015:00:44:06 -0500] "GET /test/wp-admin/ HTTP/1.1" 404 1018
66.249.67.133 - - [08/Jun/2015:00:44:10 -0500] "GET /BLA/resoluciones/AUTOS%202014/5848.pdf HTTP/1.1" 200 471273
180.76.15.19 - - [08/Jun/2015:00:44:21 -0500] "GET /BLA/resoluciones/RESOLUCIONES%202009/0788.pdf HTTP/1.1" 200 234905
207.46.13.68 - - [08/Jun/2015:00:44:25 -0500] "GET /BLA/resoluciones/AUTOS%202012/2522.pdf HTTP/1.1" 200 1691972
201.216.20.108 - - [08/Jun/2015:00:44:26 -0500] "POST /forms/lservlet;jsessionid=ac16012b30d687520e7de4ad41a2bf9687d9e8d71479.e3iSbxaKaheRe34MbhmNaxqNb41ynknvrkLOlQzNp65In0 HTTP/1.1" 200 2
157.55.39.11 - - [08/Jun/2015:00:44:29 -0500] "GET /BLA/resoluciones/RESOLUCIONES%202011/5338.pdf HTTP/1.1" 200 557416
207.46.13.104 - - [08/Jun/2015:00:44:36 -0500] "GET /BLA/resoluciones/AUTOS%202012/0904.pdf HTTP/1.1" 200 864795
180.76.15.155 - - [08/Jun/2015:00:44:39 -0500] "GET /BLA/resoluciones/RESOLUCIONES%202010/0748.pdf HTTP/1.1" 200 438657
157.55.39.134 - - [08/Jun/2015:00:44:43 -0500] "GET /BLA/resoluciones/RESOLUCIONES%202011/4976.pdf HTTP/1.1" 200 348495
157.55.39.134 - - [08/Jun/2015:00:44:45 -0500] "GET /BLA/resoluciones/RESOLUCIONES%202011/1181.pdf HTTP/1.1" 200 344005
157.55.39.10 - - [08/Jun/2015:00:44:58 -0500] "GET /BLA/resoluciones/RESOLUCIONES%202008/5242.pdf HTTP/1.1" 200 335701
207.46.13.104 - - [08/Jun/2015:00:45:05 -0500] "GET /bla/resoluciones/resoluciones%202009/2623.pdf HTTP/1.1" 200 879804
201.245.192.253 - - [08/Jun/2015:00:42:12 -0500] "GET /ForestMSG_SDA/channelAsync/template_word_18303147?X-Atmosphere-tracking-id=ef7b8cca-22a0-3631-7219-93916646b115&X-Atmosphere-Framework=1.0.5&X-Atmosphere-Transport=long-polling&tabid=0.1128270248301344&X-Cache-Date=0&Content-Type=application/xml&_=1433742193575 HTTP/1.1" 200 8193
180.76.15.18 - - [08/Jun/2015:00:45:14 -0500] "GET /BLA/resoluciones/RESOLUCIONES%202008/1987.pdf HTTP/1.1" 200 501320
207.46.13.68 - - [08/Jun/2015:00:45:16 -0500] "GET /BLA/resoluciones/RESOLUCIONES%202013/0082.pdf HTTP/1.1" 200 429546
207.46.13.68 - - [08/Jun/2015:00:45:17 -0500] "GET /BLA/resoluciones/RESOLUCIONES%202008/3294.pdf HTTP/1.1" 200 143297
66.249.67.107 - - [08/Jun/2015:00:45:27 -0500] "GET /BLA/resoluciones/AUTOS%202014/6826.pdf HTTP/1.1" 200 370003
207.46.13.68 - - [08/Jun/2015:00:45:27 -0500] "GET /BLA/resoluciones/RESOLUCIONES%202010/4985.pdf HTTP/1.1" 200 750673
207.46.13.68 - - [08/Jun/2015:00:45:30 -0500] "GET /BLA/resoluciones/RESOLUCIONES%202012/0894.pdf HTTP/1.1" 200 466149
207.46.13.68 - - [08/Jun/2015:00:45:30 -0500] "GET /BLA/resoluciones/RESOLUCIONES%202011/4966.pdf HTTP/1.1" 200 579673
180.76.15.12 - - [08/Jun/2015:00:45:30 -0500] "GET /BLA/resoluciones/RESOLUCIONES%202009/8259.pdf HTTP/1.1" 200 551195
207.46.13.104 - - [08/Jun/2015:00:45:35 -0500] "GET /bla/resoluciones/resoluciones%202009/8675.pdf HTTP/1.1" 200 530993
207.46.13.104 - - [08/Jun/2015:00:45:36 -0500] "GET /bla/resoluciones/resoluciones%202010/0105.pdf HTTP/1.1" 200 500485
157.55.39.11 - - [08/Jun/2015:00:45:40 -0500] "GET /BLA/resoluciones/RESOLUCIONES%202009/8389.pdf HTTP/1.1" 200 407740
207.46.13.104 - - [08/Jun/2015:00:45:46 -0500] "GET /BLA/resoluciones/RESOLUCIONES%202008/2591.pdf HTTP/1.1" 200 70478
180.76.15.145 - - [08/Jun/2015:00:45:48 -0500] "GET /BLA/resoluciones/RESOLUCIONES%202007/RES%202007%202901%20AL%203000/RESOLUCION%202992%20DE%202007.pdf HTTP/1.1" 200 510005
157.55.39.10 - - [08/Jun/2015:00:45:59 -0500] "GET /BLA/resoluciones/RESOLUCIONES%202008/0370.pdf HTTP/1.1" 200 205957
180.76.15.31 - - [08/Jun/2015:00:46:05 -0500] "GET /BLA/resoluciones/RESOLUCIONES%202009/9176.pdf HTTP/1.1" 200 385940
207.46.13.104 - - [08/Jun/2015:00:46:15 -0500] "GET /BLA/resoluciones/RESOLUCIONES%202008/0165.pdf HTTP/1.1" 200 307025
207.46.13.104 - - [08/Jun/2015:00:46:16 -0500] "GET /bla/resoluciones/resoluciones%202011/1211.pdf HTTP/1.1" 200 428962
207.46.13.104 - - [08/Jun/2015:00:46:16 -0500] "GET /bla/resoluciones/resoluciones%202010/1621.pdf HTTP/1.1" 200 518769
207.46.13.104 - - [08/Jun/2015:00:46:17 -0500] "GET /BLA/resoluciones/AUTOS%202012/1644.pdf HTTP/1.1" 200 367975
180.76.15.29 - - [08/Jun/2015:00:46:22 -0500] "GET /BLA/resoluciones/RESOLUCIONES%202008/3924.pdf HTTP/1.1" 200 171308
66.249.67.107 - - [08/Jun/2015:00:46:25 -0500] "GET /BLA/resoluciones/RESOLUCIONES%202012/0334.pdf HTTP/1.1" 200 360967
201.216.20.108 - - [08/Jun/2015:00:46:26 -0500] "POST /forms/lservlet;jsessionid=ac16012b30d687520e7de4ad41a2bf9687d9e8d71479.e3iSbxaKaheRe34MbhmNaxqNb41ynknvrkLOlQzNp65In0 HTTP/1.1" 200 2
207.46.13.68 - - [08/Jun/2015:00:46:31 -0500] "GET /BLA/resoluciones/RESOLUCIONES%202007/RES%202007%204201%20AL%204300/RESOLUCION%204290%20DE%202007.pdf HTTP/1.1" 200 2119819
207.46.13.68 - - [08/Jun/2015:00:46:32 -0500] "GET /bla/resoluciones/resoluciones%202009/9311.pdf HTTP/1.1" 200 444941
207.46.13.68 - - [08/Jun/2015:00:46:32 -0500] "GET /BLA/resoluciones/Autos%202008/3329.pdf HTTP/1.1" 200 58714
157.55.39.11 - - [08/Jun/2015:00:46:36 -0500] "GET /BLA/resoluciones/RESOLUCIONES%202011/2957.pdf HTTP/1.1" 200 513192
157.55.39.11 - - [08/Jun/2015:00:46:37 -0500] "GET /bla/resoluciones/resoluciones%202009/8616.pdf HTTP/1.1" 200 108965
180.76.15.15 - - [08/Jun/2015:00:46:40 -0500] "GET /BLA/resoluciones/RESOLUCIONES%202008/4453.pdf HTTP/1.1" 200 216079
66.249.67.120 - - [08/Jun/2015:00:46:44 -0500] "GET /BLA/resoluciones/AUTOS%202014/3792.pdf HTTP/1.1" 200 567729
207.46.13.68 - - [08/Jun/2015:00:46:48 -0500] "GET /BLA/resoluciones/RESOLUCIONES%202009/8837.pdf HTTP/1.1" 200 445367
180.76.15.139 - - [08/Jun/2015:00:46:57 -0500] "GET /BLA/resoluciones/RESOLUCIONES%202009/1653.pdf HTTP/1.1" 200 420410
207.46.13.68 - - [08/Jun/2015:00:47:03 -0500] "GET /bla/resoluciones/resoluciones%202009/5780.pdf HTTP/1.1" 200 1180980
207.46.13.104 - - [08/Jun/2015:00:47:08 -0500] "GET /BLA/resoluciones/RESOLUCIONES%202010/3676.pdf HTTP/1.1" 200 546461
207.46.13.104 - - [08/Jun/2015:00:47:09 -0500] "GET /BLA/resoluciones/RESOLUCIONES%202009/6782.pdf HTTP/1.1" 200 683516
157.55.39.10 - - [08/Jun/2015:00:47:13 -0500] "GET /BLA/resoluciones/RESOLUCIONES%202010/4295.pdf HTTP/1.1" 200 539818
157.55.39.10 - - [08/Jun/2015:00:47:13 -0500] "GET /bla/resoluciones/resoluciones%202009/7769.pdf HTTP/1.1" 200 495123
180.76.15.19 - - [08/Jun/2015:00:47:15 -0500] "GET /BLA/resoluciones/RESOLUCIONES%202011/3786.pdf HTTP/1.1" 200 606242
207.46.13.104 - - [08/Jun/2015:00:47:18 -0500] "GET /BLA/resoluciones/index.php?dir=RESOLUCIONES%202007/RES%202007%203801%20AL%203900/&sort=name&order=asc HTTP/1.1" 200 26637
207.46.13.68 - - [08/Jun/2015:00:47:23 -0500] "GET /bla/resoluciones/resoluciones%202009/8878.pdf HTTP/1.1" 200 303545
207.46.13.68 - - [08/Jun/2015:00:47:24 -0500] "GET /bla/resoluciones/resoluciones%202009/6732.pdf HTTP/1.1" 200 321472
207.46.13.68 - - [08/Jun/2015:00:47:25 -0500] "GET /bla/resoluciones/resoluciones%202010/7219.pdf HTTP/1.1" 200 81210
207.46.13.104 - - [08/Jun/2015:00:47:28 -0500] "GET /bla/resoluciones/resoluciones%202009/4734.pdf HTTP/1.1" 200 1481216
180.76.15.153 - - [08/Jun/2015:00:47:31 -0500] "GET /BLA/resoluciones/RESOLUCIONES%202009/9601.pdf HTTP/1.1" 200 360402
207.46.13.104 - - [08/Jun/2015:00:47:37 -0500] "GET /BLA/resoluciones/AUTOS%202009/0717.pdf HTTP/1.1" 200 153753
207.46.13.104 - - [08/Jun/2015:00:47:37 -0500] "GET /BLA/resoluciones/RESOLUCIONES%202010/4599.pdf HTTP/1.1" 200 899496
157.55.39.134 - - [08/Jun/2015:00:47:42 -0500] "GET /bla/resoluciones/resoluciones%202010/2865.pdf HTTP/1.1" 200 101949
157.55.39.134 - - [08/Jun/2015:00:47:43 -0500] "GET /BLA/resoluciones/RESOLUCIONES%202011/0235.pdf HTTP/1.1" 200 1320887
180.76.15.34 - - [08/Jun/2015:00:47:49 -0500] "GET /BLA/resoluciones/RESOLUCIONES%202009/8412.pdf HTTP/1.1" 200 573989
201.216.20.108 - - [08/Jun/2015:00:47:55 -0500] "POST /forms/lservlet;jsessionid=ac16012b30d687520e7de4ad41a2bf9687d9e8d71479.e3iSbxaKaheRe34MbhmNaxqNb41ynknvrkLOlQzNp65In0 HTTP/1.1" 200 2
201.216.20.108 - - [08/Jun/2015:00:47:55 -0500] "POST /forms/lservlet;jsessionid=ac16012b30d687520e7de4ad41a2bf9687d9e8d71479.e3iSbxaKaheRe34MbhmNaxqNb41ynknvrkLOlQzNp65In0 HTTP/1.1" 200 2355
201.216.20.108 - - [08/Jun/2015:00:47:56 -0500] "POST /forms/lservlet;jsessionid=ac16012b30d687520e7de4ad41a2bf9687d9e8d71479.e3iSbxaKaheRe34MbhmNaxqNb41ynknvrkLOlQzNp65In0 HTTP/1.1" 200 10
207.46.13.68 - - [08/Jun/2015:00:47:59 -0500] "GET /BLA/resoluciones/AUTOS%202011/1506.pdf HTTP/1.1" 200 279005
66.249.67.133 - - [08/Jun/2015:00:48:01 -0500] "GET /BLA/resoluciones/AUTOS%202014/0981.pdf HTTP/1.1" 200 196612
201.216.20.108 - - [08/Jun/2015:00:48:02 -0500] "POST /forms/lservlet;jsessionid=ac16012b30d687520e7de4ad41a2bf9687d9e8d71479.e3iSbxaKaheRe34MbhmNaxqNb41ynknvrkLOlQzNp65In0 HTTP/1.1" 200 24
201.216.20.108 - - [08/Jun/2015:00:48:03 -0500] "POST /forms/lservlet;jsessionid=ac16012b30d687520e7de4ad41a2bf9687d9e8d71479.e3iSbxaKaheRe34MbhmNaxqNb41ynknvrkLOlQzNp65In0 HTTP/1.1" 200 3690
201.216.20.108 - - [08/Jun/2015:00:48:04 -0500] "POST /forms/lservlet;jsessionid=ac16012b30d687520e7de4ad41a2bf9687d9e8d71479.e3iSbxaKaheRe34MbhmNaxqNb41ynknvrkLOlQzNp65In0 HTTP/1.1" 200 2
157.55.39.10 - - [08/Jun/2015:00:48:04 -0500] "GET /BLA/resoluciones/RESOLUCIONES%202011/0508.pdf HTTP/1.1" 200 507896
201.216.20.108 - - [08/Jun/2015:00:48:06 -0500] "POST /forms/lservlet;jsessionid=ac16012b30d687520e7de4ad41a2bf9687d9e8d71479.e3iSbxaKaheRe34MbhmNaxqNb41ynknvrkLOlQzNp65In0 HTTP/1.1" 200 2
180.76.15.17 - - [08/Jun/2015:00:48:06 -0500] "GET /BLA/resoluciones/RESOLUCIONES%202010/0394.pdf HTTP/1.1" 200 93435
201.216.20.108 - - [08/Jun/2015:00:48:06 -0500] "POST /forms/lservlet;jsessionid=ac16012b30d687520e7de4ad41a2bf9687d9e8d71479.e3iSbxaKaheRe34MbhmNaxqNb41ynknvrkLOlQzNp65In0 HTTP/1.1" 200 14
201.216.20.108 - - [08/Jun/2015:00:48:07 -0500] "POST /forms/lservlet;jsessionid=ac16012b30d687520e7de4ad41a2bf9687d9e8d71479.e3iSbxaKaheRe34MbhmNaxqNb41ynknvrkLOlQzNp65In0 HTTP/1.1" 200 14
201.216.20.108 - - [08/Jun/2015:00:48:08 -0500] "POST /forms/lservlet;jsessionid=ac16012b30d687520e7de4ad41a2bf9687d9e8d71479.e3iSbxaKaheRe34MbhmNaxqNb41ynknvrkLOlQzNp65In0 HTTP/1.1" 200 112
201.216.20.108 - - [08/Jun/2015:00:48:09 -0500] "POST /forms/lservlet;jsessionid=ac16012b30d687520e7de4ad41a2bf9687d9e8d71479.e3iSbxaKaheRe34MbhmNaxqNb41ynknvrkLOlQzNp65In0 HTTP/1.1" 200 2
201.245.192.253 - - [08/Jun/2015:00:45:12 -0500] "GET /ForestMSG_SDA/channelAsync/template_word_18303147?X-Atmosphere-tracking-id=ef7b8cca-22a0-3631-7219-93916646b115&X-Atmosphere-Framework=1.0.5&X-Atmosphere-Transport=long-polling&tabid=0.1128270248301344&X-Cache-Date=0&Content-Type=application/xml&_=1433742373575 HTTP/1.1" 200 8193
207.46.13.104 - - [08/Jun/2015:00:48:12 -0500] "GET /BLA/resoluciones/RESOLUCIONES%202008/0736.pdf HTTP/1.1" 200 353443
201.216.20.108 - - [08/Jun/2015:00:48:09 -0500] "GET /reports/rwservlet/getjobid352639?server=rep_srvapsda HTTP/1.1" 200 292254
157.55.39.10 - - [08/Jun/2015:00:48:16 -0500] "GET /BLA/resoluciones/RESOLUCIONES%202011/0222.pdf HTTP/1.1" 200 65015
207.46.13.104 - - [08/Jun/2015:00:48:22 -0500] "GET /bla/resoluciones/autos%202010/3702.pdf HTTP/1.1" 200 241021
207.46.13.104 - - [08/Jun/2015:00:48:23 -0500] "GET /bla/resoluciones/resoluciones%202009/8123.pdf HTTP/1.1" 200 556278
180.76.15.18 - - [08/Jun/2015:00:48:23 -0500] "GET /BLA/resoluciones/RESOLUCIONES%202007/RES%202007%202501%20AL%202600/RESOLUCION%202575%20DE%202007.pdf HTTP/1.1" 200 935349
201.216.20.108 - - [08/Jun/2015:00:48:26 -0500] "POST /forms/lservlet;jsessionid=ac16012b30d687520e7de4ad41a2bf9687d9e8d71479.e3iSbxaKaheRe34MbhmNaxqNb41ynknvrkLOlQzNp65In0 HTTP/1.1" 200 2
207.46.13.68 - - [08/Jun/2015:00:48:29 -0500] "GET /BLA/resoluciones/RESOLUCIONES%202011/4304.pdf HTTP/1.1" 200 562754
207.46.13.68 - - [08/Jun/2015:00:48:29 -0500] "GET /BLA/resoluciones/AUTOS%202009/2265.pdf HTTP/1.1" 200 122334
180.76.15.163 - - [08/Jun/2015:00:48:41 -0500] "GET /BLA/resoluciones/RESOLUCIONES%202010/1029.pdf HTTP/1.1" 200 1279050
207.46.13.104 - - [08/Jun/2015:00:48:41 -0500] "GET /BLA/resoluciones/Autos%202008/2936.pdf HTTP/1.1" 200 68128
74.86.158.107 - - [08/Jun/2015:00:48:49 -0500] "HEAD / HTTP/1.1" 200 -
207.46.13.104 - - [08/Jun/2015:00:48:52 -0500] "GET /BLA/resoluciones/Autos%202008/2729.pdf HTTP/1.1" 200 104294
180.76.15.9 - - [08/Jun/2015:00:48:58 -0500] "GET /BLA/resoluciones/RESOLUCIONES%202009/2330.pdf HTTP/1.1" 200 697136
180.76.15.147 - - [08/Jun/2015:00:49:16 -0500] "GET /BLA/resoluciones/RESOLUCIONES%202010/1353.pdf HTTP/1.1" 200 345074
66.249.67.107 - - [08/Jun/2015:00:49:18 -0500] "GET /BLA/resoluciones/AUTOS%202014/7258.pdf HTTP/1.1" 200 179401
207.46.13.68 - - [08/Jun/2015:00:49:28 -0500] "GET /BLA/resoluciones/AUTOS%202009/1854.pdf HTTP/1.1" 200 100605
157.55.39.11 - - [08/Jun/2015:00:49:32 -0500] "GET /BLA/resoluciones/AUTOS%202009/1539.pdf HTTP/1.1" 200 117609
180.76.15.25 - - [08/Jun/2015:00:49:32 -0500] "GET /BLA/resoluciones/RESOLUCIONES%202011/3748.pdf HTTP/1.1" 200 346446
157.55.39.11 - - [08/Jun/2015:00:49:32 -0500] "GET /BLA/resoluciones/Autos%202008/2942.pdf HTTP/1.1" 200 71403
201.216.20.108 - - [08/Jun/2015:00:49:33 -0500] "POST /forms/lservlet;jsessionid=ac16012b30d687520e7de4ad41a2bf9687d9e8d71479.e3iSbxaKaheRe34MbhmNaxqNb41ynknvrkLOlQzNp65In0 HTTP/1.1" 200 2
157.55.39.11 - - [08/Jun/2015:00:49:33 -0500] "GET /BLA/resoluciones/RESOLUCIONES%202008/0415.pdf HTTP/1.1" 200 424672
201.216.20.108 - - [08/Jun/2015:00:49:33 -0500] "POST /forms/lservlet;jsessionid=ac16012b30d687520e7de4ad41a2bf9687d9e8d71479.e3iSbxaKaheRe34MbhmNaxqNb41ynknvrkLOlQzNp65In0 HTTP/1.1" 200 116
201.216.20.108 - - [08/Jun/2015:00:49:34 -0500] "POST /forms/lservlet;jsessionid=ac16012b30d687520e7de4ad41a2bf9687d9e8d71479.e3iSbxaKaheRe34MbhmNaxqNb41ynknvrkLOlQzNp65In0 HTTP/1.1" 200 2
201.216.20.108 - - [08/Jun/2015:00:49:34 -0500] "GET /reports/rwservlet/getjobid352640?server=rep_srvapsda HTTP/1.1" 200 292254
66.249.67.133 - - [08/Jun/2015:00:49:38 -0500] "GET /BLA/resoluciones/RESOLUCIONES%202011/0338.pdf HTTP/1.1" 200 72505
186.85.122.203 - - [08/Jun/2015:00:49:41 -0500] "GET /galeria/carrusel/Carrusel/jquery.thumbnailScroller.css HTTP/1.1" 200 2066
186.85.122.203 - - [08/Jun/2015:00:49:41 -0500] "GET /galeria/carrusel/Carrusel/jquery-ui-1.8.13.custom.min.js HTTP/1.1" 200 10800
186.85.122.203 - - [08/Jun/2015:00:49:41 -0500] "GET /galeria/carrusel/Carrusel/jquery.thumbnailScroller.js HTTP/1.1" 200 8157
207.46.13.104 - - [08/Jun/2015:00:49:44 -0500] "GET /BLA/resoluciones/AUTOS%202009/0770.pdf HTTP/1.1" 200 178690
207.46.13.104 - - [08/Jun/2015:00:49:44 -0500] "GET /BLA/resoluciones/RESOLUCIONES%202010/3916.pdf HTTP/1.1" 200 1112926
207.46.13.104 - - [08/Jun/2015:00:49:46 -0500] "GET /BLA/resoluciones/RESOLUCIONES%202010/4601.pdf HTTP/1.1" 200 919032
186.85.122.203 - - [08/Jun/2015:00:49:47 -0500] "GET /galeria/nivo-slider/demo/demo.html HTTP/1.1" 200 5219
207.46.13.68 - - [08/Jun/2015:00:49:48 -0500] "GET /BLA/resoluciones/RESOLUCIONES%202013/1127.pdf HTTP/1.1" 200 779892
180.76.15.10 - - [08/Jun/2015:00:49:50 -0500] "GET /BLA/resoluciones/RESOLUCIONES%202008/4577.pdf HTTP/1.1" 200 125950
186.85.122.203 - - [08/Jun/2015:00:49:58 -0500] "GET /galeria/nivo-slider/themes/default/default.css HTTP/1.1" 200 1569
186.85.122.203 - - [08/Jun/2015:00:49:58 -0500] "GET /galeria/nivo-slider/nivo-slider.css HTTP/1.1" 200 1507
186.85.122.203 - - [08/Jun/2015:00:49:58 -0500] "GET /galeria/nivo-slider/demo/scripts/jquery-1.7.1.min.js HTTP/1.1" 200 93868
186.85.122.203 - - [08/Jun/2015:00:49:58 -0500] "GET /galeria/nivo-slider/themes/orman/orman.css HTTP/1.1" 200 2152
186.85.122.203 - - [08/Jun/2015:00:49:58 -0500] "GET /galeria/nivo-slider/demo/style.css HTTP/1.1" 200 2222
186.85.122.203 - - [08/Jun/2015:00:49:58 -0500] "GET /galeria/nivo-slider/themes/pascal/pascal.css HTTP/1.1" 200 2258
186.85.122.203 - - [08/Jun/2015:00:49:58 -0500] "GET /galeria/nivo-slider/jquery.nivo.slider.pack.js HTTP/1.1" 200 11561
186.85.122.203 - - [08/Jun/2015:00:49:58 -0500] "GET /galeria/nivo-slider/demo/images/medio-ambiente.jpg HTTP/1.1" 200 105259
186.85.122.203 - - [08/Jun/2015:00:49:58 -0500] "GET /galeria/nivo-slider/demo/images/Comparendo-ambiental-Banner.jpg HTTP/1.1" 200 83731
186.85.122.203 - - [08/Jun/2015:00:49:59 -0500] "GET /galeria/nivo-slider/demo/images/Semana-Ambiental.jpg HTTP/1.1" 200 62910
186.85.122.203 - - [08/Jun/2015:00:49:59 -0500] "GET /galeria/nivo-slider/demo/images/GAE-banner.jpg HTTP/1.1" 200 97556
157.55.39.10 - - [08/Jun/2015:00:49:59 -0500] "GET /bla/resoluciones/resoluciones%202010/5593.pdf HTTP/1.1" 200 339080
157.55.39.10 - - [08/Jun/2015:00:50:00 -0500] "GET /BLA/resoluciones/RESOLUCIONES%202011/0235.pdf HTTP/1.1" 200 1320887
186.85.122.203 - - [08/Jun/2015:00:50:01 -0500] "GET /galeria/nivo-slider/demo/images/9Signos.jpg HTTP/1.1" 200 81776
186.85.122.203 - - [08/Jun/2015:00:50:02 -0500] "GET /galeria/nivo-slider/demo/images/Banner-encuesta-de-percepscio.jpg HTTP/1.1" 200 201899
186.85.122.203 - - [08/Jun/2015:00:50:03 -0500] "GET /galeria/nivo-slider/demo/images/banner-Pacto-por-la-madera.jpg HTTP/1.1" 200 209966
186.85.122.203 - - [08/Jun/2015:00:50:03 -0500] "GET /galeria/nivo-slider/demo/images/Banner-salud.jpg HTTP/1.1" 200 181685
186.85.122.203 - - [08/Jun/2015:00:50:04 -0500] "GET /galeria/nivo-slider/demo/images/mailling-acercar-xpress.jpg HTTP/1.1" 200 137233
186.85.122.203 - - [08/Jun/2015:00:50:04 -0500] "GET /galeria/nivo-slider/demo/images/acuerdo_569.jpg HTTP/1.1" 200 62670
186.85.122.203 - - [08/Jun/2015:00:50:04 -0500] "GET /galeria/nivo-slider/demo/images/Licitaciones-proyecto-paramo.jpg HTTP/1.1" 200 221877
186.85.122.203 - - [08/Jun/2015:00:50:04 -0500] "GET /galeria/nivo-slider/demo/images/Banner-decreto1299.jpg HTTP/1.1" 200 182613
186.85.122.203 - - [08/Jun/2015:00:50:05 -0500] "GET /galeria/nivo-slider/demo/images/Banner-Directorio.jpg HTTP/1.1" 200 182068
186.85.122.203 - - [08/Jun/2015:00:50:05 -0500] "GET /galeria/nivo-slider/demo/images/Ruta-vertimientos-01.jpg HTTP/1.1" 200 130151
186.85.122.203 - - [08/Jun/2015:00:50:05 -0500] "GET /galeria/nivo-slider/demo/images/bolsas-06.jpg HTTP/1.1" 200 90982
186.85.122.203 - - [08/Jun/2015:00:50:06 -0500] "GET /galeria/nivo-slider/demo/images/Conoce-los-humedales.jpg HTTP/1.1" 200 294036
186.85.122.203 - - [08/Jun/2015:00:50:06 -0500] "GET /galeria/nivo-slider/demo/images/ecolecta-Dic2014.png HTTP/1.1" 200 288593
186.85.122.203 - - [08/Jun/2015:00:50:07 -0500] "GET /galeria/nivo-slider/demo/images/Banner-Caracol-Africano.jpg HTTP/1.1" 200 331986
186.85.122.203 - - [08/Jun/2015:00:50:08 -0500] "GET /galeria/nivo-slider/demo/images/banner-llantas2.jpg HTTP/1.1" 200 204644
207.46.13.104 - - [08/Jun/2015:00:50:09 -0500] "GET /BLA/resoluciones/AUTOS%202009/0717.pdf HTTP/1.1" 200 153753
186.85.122.203 - - [08/Jun/2015:00:50:11 -0500] "GET /galeria/nivo-slider/demo/images/4Simple_Slider.png HTTP/1.1" 200 11722
186.85.122.203 - - [08/Jun/2015:00:50:11 -0500] "GET /galeria/nivo-slider/themes/default/loading.gif HTTP/1.1" 200 1737
66.249.67.107 - - [08/Jun/2015:00:50:14 -0500] "GET /galeria/nivo-slider/jquery.nivo.slider.pack.js HTTP/1.1" 200 11561
66.249.67.107 - - [08/Jun/2015:00:50:14 -0500] "GET /galeria/nivo-slider/demo/scripts/jquery-1.7.1.min.js HTTP/1.1" 200 93868
186.85.122.203 - - [08/Jun/2015:00:50:14 -0500] "GET /galeria/nivo-slider/themes/default/arrows.png HTTP/1.1" 200 824
186.85.122.203 - - [08/Jun/2015:00:50:14 -0500] "GET /galeria/nivo-slider/themes/default/bullets.png HTTP/1.1" 200 1281
66.249.67.107 - - [08/Jun/2015:00:50:15 -0500] "GET /galeria/nivo-slider/themes/orman/orman.css HTTP/1.1" 200 2152
66.249.67.120 - - [08/Jun/2015:00:50:15 -0500] "GET /galeria/nivo-slider/demo/style.css HTTP/1.1" 200 2222
66.249.67.133 - - [08/Jun/2015:00:50:16 -0500] "GET /galeria/nivo-slider/nivo-slider.css HTTP/1.1" 200 1507
66.249.67.107 - - [08/Jun/2015:00:50:17 -0500] "GET /galeria/nivo-slider/demo/demo.html HTTP/1.1" 200 5219
66.249.67.107 - - [08/Jun/2015:00:50:18 -0500] "GET /galeria/nivo-slider/themes/pascal/pascal.css HTTP/1.1" 200 2258
66.249.67.107 - - [08/Jun/2015:00:50:18 -0500] "GET /galeria/nivo-slider/themes/default/default.css HTTP/1.1" 200 1569
201.216.20.108 - - [08/Jun/2015:00:50:26 -0500] "POST /forms/lservlet;jsessionid=ac16012b30d687520e7de4ad41a2bf9687d9e8d71479.e3iSbxaKaheRe34MbhmNaxqNb41ynknvrkLOlQzNp65In0 HTTP/1.1" 200 2
66.229.10.100 - - [08/Jun/2015:00:50:30 -0500] "GET /BLA/resoluciones/AUTOS%202007/0305.pdf HTTP/1.1" 200 239812
207.46.13.104 - - [08/Jun/2015:00:50:34 -0500] "GET /bla/resoluciones/resoluciones%202009/3074.pdf HTTP/1.1" 200 682573
66.249.67.107 - - [08/Jun/2015:00:50:36 -0500] "GET /BLA/resoluciones/AUTOS%202014/0575.pdf HTTP/1.1" 200 606768
157.55.39.134 - - [08/Jun/2015:00:50:40 -0500] "GET /bla/resoluciones/RESOLUCIONES%202011/3624.pdf HTTP/1.1" 200 370345
157.55.39.134 - - [08/Jun/2015:00:50:41 -0500] "GET /BLA/resoluciones/AUTOS%202009/2994.pdf HTTP/1.1" 200 110269
157.55.39.134 - - [08/Jun/2015:00:50:41 -0500] "GET /BLA/resoluciones/RESOLUCIONES%202012/0661.pdf HTTP/1.1" 200 264813
157.55.39.134 - - [08/Jun/2015:00:50:42 -0500] "GET /bla/resoluciones/resoluciones%202009/6299.pdf HTTP/1.1" 200 344251
180.76.15.20 - - [08/Jun/2015:00:50:43 -0500] "GET /BLA/resoluciones/RESOLUCIONES%202009/0093.pdf HTTP/1.1" 200 283365
157.55.39.134 - - [08/Jun/2015:00:50:43 -0500] "GET /BLA/resoluciones/RESOLUCIONES%202008/4738.pdf HTTP/1.1" 200 333173
207.46.13.104 - - [08/Jun/2015:00:50:50 -0500] "GET /bla/resoluciones/autos%202010/5725.pdf HTTP/1.1" 200 229967
207.46.13.68 - - [08/Jun/2015:00:50:55 -0500] "GET /bla/resoluciones/resoluciones%202009/3304.pdf HTTP/1.1" 200 715722
207.46.13.68 - - [08/Jun/2015:00:50:55 -0500] "GET /bla/resoluciones/resoluciones%202009/8271.pdf HTTP/1.1" 200 330730
180.76.15.15 - - [08/Jun/2015:00:51:00 -0500] "GET /BLA/resoluciones/RESOLUCIONES%202007/RES%202007%20201%20AL%20300/RESOLUCION%20026%20DE%202007.pdf HTTP/1.1" 200 232742
157.55.39.10 - - [08/Jun/2015:00:51:10 -0500] "GET /bla/resoluciones/resoluciones%202010/7335.pdf HTTP/1.1" 200 520814
157.55.39.10 - - [08/Jun/2015:00:51:10 -0500] "GET /BLA/resoluciones/RESOLUCIONES%202013/1156.pdf HTTP/1.1" 200 506160
201.245.192.253 - - [08/Jun/2015:00:48:12 -0500] "GET /ForestMSG_SDA/channelAsync/template_word_18303147?X-Atmosphere-tracking-id=ef7b8cca-22a0-3631-7219-93916646b115&X-Atmosphere-Framework=1.0.5&X-Atmosphere-Transport=long-polling&tabid=0.1128270248301344&X-Cache-Date=0&Content-Type=application/xml&_=1433742553581 HTTP/1.1" 200 8193
207.46.13.68 - - [08/Jun/2015:00:51:19 -0500] "GET /BLA/resoluciones/AUTOS%202009/1012.pdf HTTP/1.1" 200 174178
180.76.15.29 - - [08/Jun/2015:00:51:32 -0500] "GET /BLA/resoluciones/RESOLUCIONES%202007/RES%202007%203301%20AL%203400/RESOLUCION%203307%20DE%202007.pdf HTTP/1.1" 200 399027
207.46.13.104 - - [08/Jun/2015:00:51:33 -0500] "GET /BLA/resoluciones/RESOLUCIONES%202010/7216.pdf HTTP/1.1" 200 800288
157.55.39.134 - - [08/Jun/2015:00:51:42 -0500] "GET /BLA/resoluciones/RESOLUCIONES%202013/2245.pdf HTTP/1.1" 200 493463
157.55.39.134 - - [08/Jun/2015:00:51:43 -0500] "GET /BLA/resoluciones/AUTOS%202009/2133.pdf HTTP/1.1" 200 85089
66.249.67.120 - - [08/Jun/2015:00:51:53 -0500] "GET /BLA/resoluciones/AUTOS%202014/4903.pdf HTTP/1.1" 200 226115
157.55.39.134 - - [08/Jun/2015:00:51:56 -0500] "GET /BLA/resoluciones/AUTOS%202010/0615.pdf HTTP/1.1" 200 196667
157.55.39.134 - - [08/Jun/2015:00:51:57 -0500] "GET /bla/resoluciones/resoluciones%202010/7748.pdf HTTP/1.1" 200 506842
207.46.13.104 - - [08/Jun/2015:00:52:00 -0500] "GET /BLA/resoluciones/AUTOS%202012/0913.pdf HTTP/1.1" 200 298694
207.46.13.104 - - [08/Jun/2015:00:52:01 -0500] "GET /BLA/resoluciones/RESOLUCIONES%202010/4392.pdf HTTP/1.1" 200 569615
207.46.13.104 - - [08/Jun/2015:00:52:01 -0500] "GET /BLA/resoluciones/RESOLUCIONES%202010/4623.pdf HTTP/1.1" 200 626828
207.46.13.68 - - [08/Jun/2015:00:52:10 -0500] "GET /bla/resoluciones/autos%202010/5416.pdf HTTP/1.1" 200 210782
207.46.13.68 - - [08/Jun/2015:00:52:10 -0500] "GET /BLA/resoluciones/RESOLUCIONES%202008/0685.pdf HTTP/1.1" 200 30887
207.46.13.68 - - [08/Jun/2015:00:52:10 -0500] "GET /BLA/resoluciones/RESOLUCIONES%202008/5121.pdf HTTP/1.1" 200 613496
186.85.232.208 - - [08/Jun/2015:00:52:13 -0500] "GET /BLA/boletinlegal/js/jquery.scrollTo-min.js HTTP/1.1" 200 1150
186.85.232.208 - - [08/Jun/2015:00:52:13 -0500] "GET /galeria/galeria/jquery.fancybox.css?v=2.1.5 HTTP/1.1" 200 4895
186.85.232.208 - - [08/Jun/2015:00:52:13 -0500] "GET /BLA/boletinlegal/js/jquery.scrollShow.js HTTP/1.1" 200 4586
186.85.232.208 - - [08/Jun/2015:00:52:13 -0500] "GET /galeria/galeria/jquery.fancybox.js?v=2.1.5 HTTP/1.1" 200 48706
157.55.39.10 - - [08/Jun/2015:00:52:15 -0500] "GET /bla/resoluciones/autos%202010/0079.pdf HTTP/1.1" 200 191155
157.55.39.10 - - [08/Jun/2015:00:52:16 -0500] "GET /BLA/resoluciones/RESOLUCIONES%202009/9160.pdf HTTP/1.1" 200 437023
186.85.232.208 - - [08/Jun/2015:00:52:17 -0500] "GET /galeria/galeria/jquery.fancybox.css?v=2.1.5 HTTP/1.1" 304 -
186.85.232.208 - - [08/Jun/2015:00:52:17 -0500] "GET /BLA/boletinlegal/js/jquery.scrollTo-min.js HTTP/1.1" 304 -
186.85.232.208 - - [08/Jun/2015:00:52:17 -0500] "GET /BLA/boletinlegal/js/jquery.scrollShow.js HTTP/1.1" 304 -
186.85.232.208 - - [08/Jun/2015:00:52:17 -0500] "GET /galeria/galeria/jquery.fancybox.js?v=2.1.5 HTTP/1.1" 304 -
201.216.20.108 - - [08/Jun/2015:00:52:26 -0500] "POST /forms/lservlet;jsessionid=ac16012b30d687520e7de4ad41a2bf9687d9e8d71479.e3iSbxaKaheRe34MbhmNaxqNb41ynknvrkLOlQzNp65In0 HTTP/1.1" 200 2
157.55.39.11 - - [08/Jun/2015:00:52:26 -0500] "GET /BLA/resoluciones/RESOLUCIONES%202012/1068.pdf HTTP/1.1" 200 12607219
207.46.13.104 - - [08/Jun/2015:00:52:32 -0500] "GET /bla/resoluciones/resoluciones%202009/3219.pdf HTTP/1.1" 200 985999
207.46.13.104 - - [08/Jun/2015:00:52:33 -0500] "GET /bla/resoluciones/resoluciones%202010/5334.pdf HTTP/1.1" 200 519786
207.46.13.104 - - [08/Jun/2015:00:52:34 -0500] "GET /BLA/resoluciones/RESOLUCIONES%202010/4258.pdf HTTP/1.1" 200 627618
207.46.13.104 - - [08/Jun/2015:00:52:34 -0500] "GET /BLA/resoluciones/AUTOS%202009/0902.pdf HTTP/1.1" 200 123481
207.46.13.104 - - [08/Jun/2015:00:52:35 -0500] "GET /BLA/resoluciones/RESOLUCIONES%202008/4815.pdf HTTP/1.1" 200 25690
207.46.13.68 - - [08/Jun/2015:00:52:37 -0500] "GET /BLA/resoluciones/RESOLUCIONES%202013/2617.pdf HTTP/1.1" 200 436255
157.55.39.134 - - [08/Jun/2015:00:52:42 -0500] "GET /BLA/resoluciones/RESOLUCIONES%202011/0741.pdf HTTP/1.1" 200 66907
186.85.232.208 - - [08/Jun/2015:00:52:46 -0500] "GET /galeria/galeria/jquery.fancybox.css?v=2.1.5 HTTP/1.1" 304 -
186.85.232.208 - - [08/Jun/2015:00:52:46 -0500] "GET /BLA/boletinlegal/js/jquery.scrollTo-min.js HTTP/1.1" 304 -
186.85.232.208 - - [08/Jun/2015:00:52:46 -0500] "GET /BLA/boletinlegal/js/jquery.scrollShow.js HTTP/1.1" 304 -
186.85.232.208 - - [08/Jun/2015:00:52:46 -0500] "GET /galeria/galeria/jquery.fancybox.js?v=2.1.5 HTTP/1.1" 304 -
66.249.67.107 - - [08/Jun/2015:00:52:48 -0500] "GET /BLA/resoluciones/AUTOS%202007/1531.pdf HTTP/1.1" 200 93974
201.216.20.108 - - [08/Jun/2015:00:52:55 -0500] "POST /forms/lservlet;jsessionid=ac16012b30d687520e7de4ad41a2bf9687d9e8d71479.e3iSbxaKaheRe34MbhmNaxqNb41ynknvrkLOlQzNp65In0 HTTP/1.1" 200 2
201.216.20.108 - - [08/Jun/2015:00:52:55 -0500] "POST /forms/lservlet;jsessionid=ac16012b30d687520e7de4ad41a2bf9687d9e8d71479.e3iSbxaKaheRe34MbhmNaxqNb41ynknvrkLOlQzNp65In0 HTTP/1.1" 200 14
201.216.20.108 - - [08/Jun/2015:00:52:56 -0500] "POST /forms/lservlet;jsessionid=ac16012b30d687520e7de4ad41a2bf9687d9e8d71479.e3iSbxaKaheRe34MbhmNaxqNb41ynknvrkLOlQzNp65In0 HTTP/1.1" 200 113
201.216.20.108 - - [08/Jun/2015:00:52:57 -0500] "POST /forms/lservlet;jsessionid=ac16012b30d687520e7de4ad41a2bf9687d9e8d71479.e3iSbxaKaheRe34MbhmNaxqNb41ynknvrkLOlQzNp65In0 HTTP/1.1" 200 2
201.216.20.108 - - [08/Jun/2015:00:52:57 -0500] "GET /reports/rwservlet/getjobid352641?server=rep_srvapsda HTTP/1.1" 200 292254
207.46.13.104 - - [08/Jun/2015:00:53:06 -0500] "GET /BLA/resoluciones/RESOLUCIONES%202008/3410.pdf HTTP/1.1" 200 348467
157.55.39.219 - - [08/Jun/2015:00:53:10 -0500] "GET /robots.txt HTTP/1.1" 404 1019
66.249.67.133 - - [08/Jun/2015:00:53:10 -0500] "GET /BLA/resoluciones/AUTOS%202014/6099.pdf HTTP/1.1" 200 476781
207.46.13.104 - - [08/Jun/2015:00:53:19 -0500] "GET /BLA/resoluciones/RESOLUCIONES%202007/RES%202007%203801%20AL%203900/RESOLUCION%203852%20DE%202007.pdf HTTP/1.1" 200 976041
207.46.13.104 - - [08/Jun/2015:00:53:20 -0500] "GET /BLA/resoluciones/RESOLUCIONES%202013/1322.pdf HTTP/1.1" 200 3353708
157.55.39.11 - - [08/Jun/2015:00:53:32 -0500] "GET /bla/resoluciones/resoluciones%202010/7734.pdf HTTP/1.1" 200 101775
157.55.39.11 - - [08/Jun/2015:00:53:32 -0500] "GET /bla/resoluciones/resoluciones%202009/3303.pdf HTTP/1.1" 200 635823
198.46.81.29 - - [08/Jun/2015:00:53:37 -0500] "GET /wordpress/wp-admin/ HTTP/1.1" 404 1018
180.76.15.151 - - [08/Jun/2015:00:53:39 -0500] "GET /BLA/resoluciones/AUTOS%202014/5793.pdf HTTP/1.1" 200 122598
180.76.15.149 - - [08/Jun/2015:00:53:47 -0500] "GET /BLA/resoluciones/AUTOS%202014/2302.pdf HTTP/1.1" 200 400716
74.86.158.107 - - [08/Jun/2015:00:53:49 -0500] "HEAD / HTTP/1.1" 200 -
207.46.13.104 - - [08/Jun/2015:00:53:51 -0500] "GET /bla/resoluciones/resoluciones%202010/6221.pdf HTTP/1.1" 200 656800
207.46.13.104 - - [08/Jun/2015:00:53:52 -0500] "GET /BLA/resoluciones/RESOLUCIONES%202008/0785.pdf HTTP/1.1" 200 56339
207.46.13.104 - - [08/Jun/2015:00:54:00 -0500] "GET /bla/resoluciones/resoluciones%202010/5844.pdf HTTP/1.1" 200 1348760
207.46.13.104 - - [08/Jun/2015:00:54:00 -0500] "GET /BLA/resoluciones/RESOLUCIONES%202010/3856.pdf HTTP/1.1" 200 1081894
207.46.13.104 - - [08/Jun/2015:00:54:01 -0500] "GET /BLA/resoluciones/AUTOS%202012/2617.pdf HTTP/1.1" 200 228646
207.46.13.104 - - [08/Jun/2015:00:54:02 -0500] "GET /bla/resoluciones/resoluciones%202010/2559.pdf HTTP/1.1" 200 664250
207.46.13.104 - - [08/Jun/2015:00:54:02 -0500] "GET /bla/resoluciones/resoluciones%202010/4653.pdf HTTP/1.1" 200 258591
157.55.39.10 - - [08/Jun/2015:00:54:05 -0500] "GET /bla/resoluciones/resoluciones%202010/6178.pdf HTTP/1.1" 200 643086
157.55.39.10 - - [08/Jun/2015:00:54:06 -0500] "GET /BLA/resoluciones/RESOLUCIONES%202013/0209.pdf HTTP/1.1" 200 2312304
157.55.39.10 - - [08/Jun/2015:00:54:06 -0500] "GET /BLA/resoluciones/RESOLUCIONES%202008/1667.pdf HTTP/1.1" 200 160150
157.55.39.10 - - [08/Jun/2015:00:54:07 -0500] "GET /BLA/resoluciones/RESOLUCIONES%202007/RES%202007%20301%20AL%20400/?C=D;O=A HTTP/1.1" 200 24527
157.55.39.10 - - [08/Jun/2015:00:54:07 -0500] "GET /bla/resoluciones/resoluciones%202010/7753.pdf HTTP/1.1" 200 543457
201.245.192.253 - - [08/Jun/2015:00:51:12 -0500] "GET /ForestMSG_SDA/channelAsync/template_word_18303147?X-Atmosphere-tracking-id=ef7b8cca-22a0-3631-7219-93916646b115&X-Atmosphere-Framework=1.0.5&X-Atmosphere-Transport=long-polling&tabid=0.1128270248301344&X-Cache-Date=0&Content-Type=application/xml&_=1433742733575 HTTP/1.1" 200 8193
207.46.13.68 - - [08/Jun/2015:00:54:12 -0500] "GET /BLA/resoluciones/RESOLUCIONES%202008/4274.pdf HTTP/1.1" 200 258452
207.46.13.68 - - [08/Jun/2015:00:54:13 -0500] "GET /bla/resoluciones/resoluciones%202010/5929.pdf HTTP/1.1" 200 92742
201.216.20.108 - - [08/Jun/2015:00:54:26 -0500] "POST /forms/lservlet;jsessionid=ac16012b30d687520e7de4ad41a2bf9687d9e8d71479.e3iSbxaKaheRe34MbhmNaxqNb41ynknvrkLOlQzNp65In0 HTTP/1.1" 200 2
66.249.67.133 - - [08/Jun/2015:00:54:27 -0500] "GET /BLA/resoluciones/AUTOS%202014/2758.pdf HTTP/1.1" 200 696329
157.55.39.11 - - [08/Jun/2015:00:54:33 -0500] "GET /BLA/resoluciones/RESOLUCIONES%202008/1207.pdf HTTP/1.1" 200 68762
157.55.39.11 - - [08/Jun/2015:00:54:33 -0500] "GET /BLA/resoluciones/RESOLUCIONES%202010/2815.pdf HTTP/1.1" 200 291065
180.76.15.138 - - [08/Jun/2015:00:54:38 -0500] "GET /BLA/resoluciones/AUTOS%202014/2317.pdf HTTP/1.1" 200 273429
207.46.13.104 - - [08/Jun/2015:00:54:51 -0500] "GET /BLA/resoluciones/RESOLUCIONES%202012/1055.pdf HTTP/1.1" 200 1162207
157.55.39.134 - - [08/Jun/2015:00:54:55 -0500] "GET /BLA/resoluciones/AUTOS%202009/0889.pdf HTTP/1.1" 200 119655
180.76.15.7 - - [08/Jun/2015:00:54:56 -0500] "GET /BLA/resoluciones/RESOLUCIONES%202010/1576.pdf HTTP/1.1" 200 494675
207.46.13.68 - - [08/Jun/2015:00:55:05 -0500] "GET /bla/resoluciones/RESOLUCIONES%202011/5328.pdf HTTP/1.1" 200 565178
157.55.39.10 - - [08/Jun/2015:00:55:27 -0500] "GET /BLA/resoluciones/AUTOS%202012/2983.pdf HTTP/1.1" 200 368058
157.55.39.10 - - [08/Jun/2015:00:55:27 -0500] "GET /bla/resoluciones/RESOLUCIONES%202009/9190.pdf HTTP/1.1" 200 472591
207.46.13.104 - - [08/Jun/2015:00:55:36 -0500] "GET /BLA/resoluciones/AUTOS%202012/1731.pdf HTTP/1.1" 200 2083610
180.76.15.19 - - [08/Jun/2015:00:55:42 -0500] "GET /BLA/resoluciones/RESOLUCIONES%202008/5080.pdf HTTP/1.1" 200 184461
66.249.67.107 - - [08/Jun/2015:00:55:44 -0500] "GET /BLA/resoluciones/AUTOS%202014/4890.pdf HTTP/1.1" 200 443999
207.46.13.68 - - [08/Jun/2015:00:55:46 -0500] "GET /bla/resoluciones/resoluciones%202011/0813.pdf HTTP/1.1" 200 1027507
157.55.39.10 - - [08/Jun/2015:00:56:01 -0500] "GET /bla/resoluciones/resoluciones%202011/1698.pdf HTTP/1.1" 200 72417
180.76.15.156 - - [08/Jun/2015:00:56:01 -0500] "GET /BLA/resoluciones/RESOLUCIONES%202008/3292.pdf HTTP/1.1" 200 150277
66.249.67.133 - - [08/Jun/2015:00:56:03 -0500] "GET /BLA/resoluciones/RESOLUCIONES%202010/0300.pdf HTTP/1.1" 200 389549
207.46.13.68 - - [08/Jun/2015:00:56:13 -0500] "GET /BLA/resoluciones/RESOLUCIONES%202008/2551.pdf HTTP/1.1" 200 464733
207.46.13.68 - - [08/Jun/2015:00:56:13 -0500] "GET /bla/resoluciones/resoluciones%202010/2054.pdf HTTP/1.1" 200 197365
201.216.20.108 - - [08/Jun/2015:00:56:27 -0500] "POST /forms/lservlet;jsessionid=ac16012b30d687520e7de4ad41a2bf9687d9e8d71479.e3iSbxaKaheRe34MbhmNaxqNb41ynknvrkLOlQzNp65In0 HTTP/1.1" 200 2
207.46.13.104 - - [08/Jun/2015:00:56:28 -0500] "GET /bla/resoluciones/resoluciones%202009/9453.pdf HTTP/1.1" 200 490891
180.76.15.28 - - [08/Jun/2015:00:56:30 -0500] "GET /BLA/resoluciones/RESOLUCIONES%202010/0635.pdf HTTP/1.1" 200 533013
180.76.15.145 - - [08/Jun/2015:00:56:35 -0500] "GET /BLA/resoluciones/RESOLUCIONES%202009/7637.pdf HTTP/1.1" 200 899850
180.76.15.162 - - [08/Jun/2015:00:56:40 -0500] "GET /BLA/resoluciones/RESOLUCIONES%202009/8282.pdf HTTP/1.1" 200 64014
180.76.15.149 - - [08/Jun/2015:00:56:49 -0500] "GET /BLA/resoluciones/AUTOS%202010/2321.PDF HTTP/1.1" 200 800733
207.46.13.68 - - [08/Jun/2015:00:56:49 -0500] "GET /bla/resoluciones/RESOLUCIONES%202009/7077.pdf HTTP/1.1" 200 1082043
157.55.39.134 - - [08/Jun/2015:00:56:54 -0500] "GET /BLA/resoluciones/RESOLUCIONES%202009/7702.pdf HTTP/1.1" 200 633826
207.46.13.68 - - [08/Jun/2015:00:56:54 -0500] "GET /BLA/resoluciones/RESOLUCIONES%202010/7717.pdf HTTP/1.1" 200 523746
157.55.39.134 - - [08/Jun/2015:00:56:54 -0500] "GET /BLA/resoluciones/RESOLUCIONES%202011/2345.pdf HTTP/1.1" 200 357825
157.55.39.134 - - [08/Jun/2015:00:56:54 -0500] "GET /bla/resoluciones/resoluciones%202010/7613.pdf HTTP/1.1" 200 340342
157.55.39.134 - - [08/Jun/2015:00:56:55 -0500] "GET /bla/resoluciones/autos%202010/0811.pdf HTTP/1.1" 200 179093
66.249.67.107 - - [08/Jun/2015:00:57:01 -0500] "GET /BLA/resoluciones/AUTOS%202014/5728.pdf HTTP/1.1" 200 475988
180.76.15.155 - - [08/Jun/2015:00:57:05 -0500] "GET /BLA/resoluciones/AUTOS%202010/0079.pdf HTTP/1.1" 200 191155
207.46.13.68 - - [08/Jun/2015:00:57:09 -0500] "GET /BLA/resoluciones/RESOLUCIONES%202008/3218.pdf HTTP/1.1" 200 39036
201.245.192.253 - - [08/Jun/2015:00:54:12 -0500] "GET /ForestMSG_SDA/channelAsync/template_word_18303147?X-Atmosphere-tracking-id=ef7b8cca-22a0-3631-7219-93916646b115&X-Atmosphere-Framework=1.0.5&X-Atmosphere-Transport=long-polling&tabid=0.1128270248301344&X-Cache-Date=0&Content-Type=application/xml&_=1433742913581 HTTP/1.1" 200 8193
180.76.15.17 - - [08/Jun/2015:00:57:22 -0500] "GET /BLA/resoluciones/RESOLUCIONES%202009/8107.pdf HTTP/1.1" 200 498129
207.46.13.68 - - [08/Jun/2015:00:57:27 -0500] "GET /BLA/resoluciones/RESOLUCIONES%202008/3828.pdf HTTP/1.1" 200 623517
207.46.13.68 - - [08/Jun/2015:00:57:29 -0500] "GET /BLA/resoluciones/RESOLUCIONES%202012/0582.pdf HTTP/1.1" 200 347174
207.46.13.104 - - [08/Jun/2015:00:57:31 -0500] "GET /BLA/resoluciones/RESOLUCIONES%202008/4096.pdf HTTP/1.1" 200 236890
207.46.13.68 - - [08/Jun/2015:00:57:32 -0500] "GET /BLA/resoluciones/RESOLUCIONES%202010/2986.pdf HTTP/1.1" 200 990036
180.76.15.19 - - [08/Jun/2015:00:57:40 -0500] "GET /BLA/resoluciones/RESOLUCIONES%202008/0321.pdf HTTP/1.1" 200 205756
