157.55.39.11 - - [11/Jun/2015:02:07:00 -0500] "GET /BLA/resoluciones/RESOLUCIONES%202009/0921.pdf HTTP/1.1" 200 1042083
157.55.39.134 - - [11/Jun/2015:02:07:01 -0500] "GET /BLA/resoluciones/AUTOS%202007/2918.pdf HTTP/1.1" 200 412320
207.46.13.68 - - [11/Jun/2015:02:07:12 -0500] "GET /BLA/resoluciones/AUTOS%202007/0159.pdf HTTP/1.1" 200 121502
180.76.15.23 - - [11/Jun/2015:02:07:16 -0500] "GET /BLA/resoluciones/RESOLUCIONES%202007/RES%202007%203201%20AL%203300/RESOLUCION%203251%20DE%202007.pdf HTTP/1.1" 200 676520
157.55.39.37 - - [11/Jun/2015:02:07:17 -0500] "GET /BLA/resoluciones/RESOLUCIONES%202011/1439.pdf HTTP/1.1" 200 65901
157.55.39.37 - - [11/Jun/2015:02:07:18 -0500] "GET /BLA/resoluciones/RESOLUCIONES%202008/2130.pdf HTTP/1.1" 200 692750
157.55.39.10 - - [11/Jun/2015:02:07:21 -0500] "GET /BLA/resoluciones/RESOLUCIONES%202011/0917.pdf HTTP/1.1" 200 73253
157.55.39.10 - - [11/Jun/2015:02:07:22 -0500] "GET /BLA/resoluciones/AUTOS%202010/0195.pdf HTTP/1.1" 200 260543
207.46.13.68 - - [11/Jun/2015:02:07:29 -0500] "GET /bla/resoluciones/RESOLUCIONES%202009/1880.pdf HTTP/1.1" 200 356546
207.46.13.104 - - [11/Jun/2015:02:07:33 -0500] "GET /BLA/resoluciones/RESOLUCIONES%202008/1481.pdf HTTP/1.1" 200 309098
207.46.13.104 - - [11/Jun/2015:02:07:33 -0500] "GET /BLA/resoluciones/AUTOS%202007/1161.pdf HTTP/1.1" 200 119037
207.46.13.104 - - [11/Jun/2015:02:07:34 -0500] "GET /BLA/resoluciones/AUTOS%202011/0859.pdf HTTP/1.1" 200 150097
180.76.15.16 - - [11/Jun/2015:02:07:36 -0500] "GET /BLA/resoluciones/RESOLUCIONES%202011/0198.pdf HTTP/1.1" 200 69405
66.249.79.133 - - [11/Jun/2015:02:07:40 -0500] "GET /BLA/resoluciones/AUTOS%202013/3701.pdf HTTP/1.1" 200 513675
207.46.13.68 - - [11/Jun/2015:02:07:48 -0500] "GET /BLA/resoluciones/RESOLUCIONES%202009/0049.pdf HTTP/1.1" 200 192322
157.55.39.11 - - [11/Jun/2015:02:07:52 -0500] "GET /BLA/resoluciones/Autos%202008/0344.pdf HTTP/1.1" 200 216253
157.55.39.11 - - [11/Jun/2015:02:07:52 -0500] "GET /BLA/resoluciones/AUTOS%202007/1563.pdf HTTP/1.1" 200 28122
207.46.13.68 - - [11/Jun/2015:02:07:58 -0500] "GET /BLA/resoluciones/RESOLUCIONES%202010/1781.pdf HTTP/1.1" 200 538849
207.46.13.68 - - [11/Jun/2015:02:07:59 -0500] "GET /bla/resoluciones/RESOLUCIONES%202011/1767.pdf HTTP/1.1" 200 520542
207.46.13.68 - - [11/Jun/2015:02:07:59 -0500] "GET /BLA/resoluciones/AUTOS%202010/3714.pdf HTTP/1.1" 200 267605
157.55.39.134 - - [11/Jun/2015:02:08:07 -0500] "GET /BLA/resoluciones/RESOLUCIONES%202008/3742.pdf HTTP/1.1" 200 146441
207.46.13.104 - - [11/Jun/2015:02:08:21 -0500] "GET /BLA/resoluciones/Resoluciones%202011/3050.pdf HTTP/1.1" 200 757402
207.46.13.104 - - [11/Jun/2015:02:08:22 -0500] "GET /BLA/resoluciones/RESOLUCIONES%202010/2753.pdf HTTP/1.1" 200 538862
207.46.13.104 - - [11/Jun/2015:02:08:25 -0500] "GET /BLA/resoluciones/RESOLUCIONES%202009/4703.pdf HTTP/1.1" 200 251103
157.55.39.37 - - [11/Jun/2015:02:08:30 -0500] "GET /bla/resoluciones/RESOLUCIONES%202011/1293.pdf HTTP/1.1" 200 361658
157.55.39.37 - - [11/Jun/2015:02:08:30 -0500] "GET /bla/resoluciones/RESOLUCIONES%202009/2263.pdf HTTP/1.1" 200 200636
157.55.39.37 - - [11/Jun/2015:02:08:31 -0500] "GET /BLA/resoluciones/RESOLUCIONES%202010/1216.pdf HTTP/1.1" 200 151556
157.55.39.37 - - [11/Jun/2015:02:08:32 -0500] "GET /BLA/resoluciones/AUTOS%202007/3122.pdf HTTP/1.1" 200 427084
157.55.39.37 - - [11/Jun/2015:02:08:32 -0500] "GET /BLA/resoluciones/RESOLUCIONES%202008/0708.pdf HTTP/1.1" 200 1300881
157.55.39.37 - - [11/Jun/2015:02:08:32 -0500] "GET /bla/resoluciones/resoluciones%202009/0589.pdf HTTP/1.1" 200 325849
180.76.15.20 - - [11/Jun/2015:02:08:37 -0500] "GET /BLA/resoluciones/RESOLUCIONES%202008/0801.pdf HTTP/1.1" 200 774921
180.76.15.145 - - [11/Jun/2015:02:08:52 -0500] "GET /BLA/resoluciones/AUTOS%202012/2264.pdf HTTP/1.1" 200 183338
74.86.158.107 - - [11/Jun/2015:02:08:59 -0500] "HEAD / HTTP/1.1" 200 -
180.76.15.5 - - [11/Jun/2015:02:09:05 -0500] "GET /BLA/resoluciones/RESOLUCIONES%202007/RES%202007%204001%20AL%204100/RESOLUCION%204071%20DE%202007.pdf HTTP/1.1" 200 176634
180.76.15.29 - - [11/Jun/2015:02:09:18 -0500] "GET /BLA/resoluciones/AUTOS%202009/0436.pdf HTTP/1.1" 200 202480
207.46.13.68 - - [11/Jun/2015:02:09:23 -0500] "GET /BLA/resoluciones/AUTOS%202009/0912.pdf HTTP/1.1" 200 118929
207.46.13.104 - - [11/Jun/2015:02:09:31 -0500] "GET /BLA/resoluciones/AUTOS%202011/2197.pdf HTTP/1.1" 200 195359
207.46.13.104 - - [11/Jun/2015:02:09:31 -0500] "GET /BLA/resoluciones/AUTOS%202011/7375.pdf HTTP/1.1" 200 147346
207.46.13.104 - - [11/Jun/2015:02:09:32 -0500] "GET /BLA/resoluciones/RESOLUCIONES%202014/1612.pdf HTTP/1.1" 200 541310
207.46.13.104 - - [11/Jun/2015:02:09:32 -0500] "GET /BLA/resoluciones/RESOLUCIONES%202008/3652.pdf HTTP/1.1" 200 415552
207.46.13.104 - - [11/Jun/2015:02:09:32 -0500] "GET /BLA/resoluciones/AUTOS%202009/3270.pdf HTTP/1.1" 200 117490
207.46.13.104 - - [11/Jun/2015:02:09:33 -0500] "GET /BLA/resoluciones/RESOLUCIONES%202010/1972.pdf HTTP/1.1" 200 331118
180.76.15.14 - - [11/Jun/2015:02:09:35 -0500] "GET /BLA/resoluciones/RESOLUCIONES%202007/RES%202007%202501%20AL%202600/RESOLUCION%202589%20DE%202007.pdf HTTP/1.1" 200 478394
207.46.13.68 - - [11/Jun/2015:02:09:47 -0500] "GET /BLA/resoluciones/AUTOS%202011/3770.pdf HTTP/1.1" 200 260921
207.46.13.68 - - [11/Jun/2015:02:09:47 -0500] "GET /bla/resoluciones/RESOLUCIONES%202011/0893.pdf HTTP/1.1" 200 813958
207.46.13.68 - - [11/Jun/2015:02:09:48 -0500] "GET /bla/resoluciones/RESOLUCIONES%202011/0765.pdf HTTP/1.1" 200 141509
180.76.15.19 - - [11/Jun/2015:02:09:54 -0500] "GET /BLA/resoluciones/AUTOS%202009/2663.pdf HTTP/1.1" 200 100312
151.80.31.153 - - [11/Jun/2015:02:09:56 -0500] "GET /galeria/galeria/fotos/17.jpg HTTP/1.1" 200 196674
157.55.39.11 - - [11/Jun/2015:02:09:58 -0500] "GET /BLA/resoluciones/AUTOS%202007/1502.pdf HTTP/1.1" 200 89155
157.55.39.11 - - [11/Jun/2015:02:09:58 -0500] "GET /BLA/resoluciones/RESOLUCIONES%202008/1442.pdf HTTP/1.1" 200 303974
207.46.13.68 - - [11/Jun/2015:02:10:02 -0500] "GET /BLA/resoluciones/RESOLUCIONES%202009/0467.pdf HTTP/1.1" 200 466098
66.249.79.120 - - [11/Jun/2015:02:10:08 -0500] "GET /BLA/resoluciones/RESOLUCIONES%202010/4409.pdf HTTP/1.1" 200 158538
207.46.13.104 - - [11/Jun/2015:02:10:09 -0500] "GET /BLA/resoluciones/RESOLUCIONES%202011/2370.pdf HTTP/1.1" 200 510697
207.46.13.104 - - [11/Jun/2015:02:10:09 -0500] "GET /bla/resoluciones/resoluciones%202009/5199.pdf HTTP/1.1" 200 286265
207.46.13.104 - - [11/Jun/2015:02:10:10 -0500] "GET /BLA/resoluciones/AUTOS%202009/0838.pdf HTTP/1.1" 200 74182
207.46.13.104 - - [11/Jun/2015:02:10:10 -0500] "GET /BLA/resoluciones/RESOLUCIONES%202009/8624.pdf HTTP/1.1" 200 293187
207.46.13.104 - - [11/Jun/2015:02:10:11 -0500] "GET /BLA/resoluciones/RESOLUCIONES%202010/6425.pdf HTTP/1.1" 200 475869
180.76.15.153 - - [11/Jun/2015:02:10:11 -0500] "GET /BLA/resoluciones/AUTOS%202009/1690.pdf HTTP/1.1" 200 125220
157.55.39.37 - - [11/Jun/2015:02:10:15 -0500] "GET /BLA/resoluciones/RESOLUCIONES%202014/2386.pdf HTTP/1.1" 200 348866
157.55.39.37 - - [11/Jun/2015:02:10:15 -0500] "GET /BLA/boletinlegal/Directivas/2014/Directiva%20No.%204%20del%2006%20de%20Junio%20de%202014.pdf HTTP/1.1" 200 236794
157.55.39.10 - - [11/Jun/2015:02:10:19 -0500] "GET /BLA/resoluciones/RESOLUCIONES%202009/5736.pdf HTTP/1.1" 200 127926
207.46.13.68 - - [11/Jun/2015:02:10:25 -0500] "GET /BLA/resoluciones/AUTOS%202007/1800.pdf HTTP/1.1" 200 29589
180.76.15.5 - - [11/Jun/2015:02:10:27 -0500] "GET /BLA/resoluciones/AUTOS%202010/1458.pdf HTTP/1.1" 200 221035
66.249.79.107 - - [11/Jun/2015:02:10:29 -0500] "GET /BLA/resoluciones/RESOLUCIONES%202010/0528.pdf HTTP/1.1" 200 376130
180.76.15.20 - - [11/Jun/2015:02:10:44 -0500] "GET /BLA/resoluciones/AUTOS%202010/4629.pdf HTTP/1.1" 200 483283
207.46.13.68 - - [11/Jun/2015:02:10:50 -0500] "GET /BLA/resoluciones/RESOLUCIONES%202011/0632.pdf HTTP/1.1" 200 285912
207.46.13.68 - - [11/Jun/2015:02:10:51 -0500] "GET /BLA/resoluciones/Resoluciones%202011/5890.pdf HTTP/1.1" 200 662796
207.46.13.68 - - [11/Jun/2015:02:10:51 -0500] "GET /BLA/resoluciones/AUTOS%202011/3332.pdf HTTP/1.1" 200 335936
207.46.13.68 - - [11/Jun/2015:02:10:52 -0500] "GET /BLA/resoluciones/AUTOS%202007/3478.pdf HTTP/1.1" 200 74743
157.55.39.11 - - [11/Jun/2015:02:10:56 -0500] "GET /BLA/resoluciones/RESOLUCIONES%202009/0658.pdf HTTP/1.1" 200 125296
157.55.39.11 - - [11/Jun/2015:02:10:57 -0500] "GET /BLA/resoluciones/AUTOS%202007/1682.pdf HTTP/1.1" 200 255496
157.55.39.11 - - [11/Jun/2015:02:10:57 -0500] "GET /BLA/resoluciones/RESOLUCIONES%202010/3057.pdf HTTP/1.1" 200 505489
157.55.39.134 - - [11/Jun/2015:02:11:06 -0500] "GET /BLA/resoluciones/AUTOS%202011/4259.pdf HTTP/1.1" 200 184489
180.76.15.10 - - [11/Jun/2015:02:11:07 -0500] "GET /BLA/resoluciones/RESOLUCIONES%202008/1585.pdf HTTP/1.1" 200 323735
66.249.79.120 - - [11/Jun/2015:02:11:12 -0500] "GET /BLA/resoluciones/RESOLUCIONES%202010/1468.pdf HTTP/1.1" 200 439669
191.144.186.113 - - [11/Jun/2015:02:11:12 -0500] "GET /BLA/resoluciones/AUTOS%202007/2587.pdf HTTP/1.1" 200 63119
157.55.39.37 - - [11/Jun/2015:02:11:18 -0500] "GET /BLA/resoluciones/RESOLUCIONES%202011/1042.pdf HTTP/1.1" 200 70163
181.50.52.234 - - [11/Jun/2015:02:11:18 -0500] "GET /autoliquidacion/TR%C3%81MITES%20VERTIMIENTOS/PERMISOS%20DE%20VERTIMIENTOS/ANEXO%20%205.%20%20MATRIZ%20PAR%C3%81METRSO%20ACTIVDADES%20PRODUCTIVAS.xls HTTP/1.1" 200 86528
157.55.39.37 - - [11/Jun/2015:02:11:18 -0500] "GET /BLA/resoluciones/RESOLUCIONES%202010/0360.pdf HTTP/1.1" 200 515469
157.55.39.37 - - [11/Jun/2015:02:11:19 -0500] "GET /BLA/resoluciones/AUTOS%202009/2248.pdf HTTP/1.1" 200 123137
180.76.15.32 - - [11/Jun/2015:02:11:19 -0500] "GET /BLA/resoluciones/RESOLUCIONES%202007/RES%202007%202801%20AL%202900/RESOLUCION%202838%20DE%202007.pdf HTTP/1.1" 200 27156
191.144.186.113 - - [11/Jun/2015:02:11:21 -0500] "GET /BLA/resoluciones/AUTOS%202007/2587.pdf HTTP/1.1" 200 63119
207.46.13.104 - - [11/Jun/2015:02:11:22 -0500] "GET /BLA/resoluciones/RESOLUCIONES%202010/5816.pdf HTTP/1.1" 200 80748
207.46.13.104 - - [11/Jun/2015:02:11:24 -0500] "GET /BLA/resoluciones/RESOLUCIONES%202008/3048.pdf HTTP/1.1" 200 224223
207.46.13.104 - - [11/Jun/2015:02:11:24 -0500] "GET /BLA/resoluciones/RESOLUCIONES%202014/2127.pdf HTTP/1.1" 200 1915019
207.46.13.104 - - [11/Jun/2015:02:11:24 -0500] "GET /BLA/resoluciones/RESOLUCIONES%202012/0876.pdf HTTP/1.1" 200 434518
66.249.79.120 - - [11/Jun/2015:02:11:28 -0500] "GET /BLA/resoluciones/RESOLUCIONES%202010/1183.pdf HTTP/1.1" 200 98291
207.46.13.68 - - [11/Jun/2015:02:11:33 -0500] "GET /BLA/resoluciones/AUTOS%202011/2971.pdf HTTP/1.1" 200 152371
207.46.13.68 - - [11/Jun/2015:02:11:33 -0500] "GET /BLA/resoluciones/RESOLUCIONES%202012/0195.pdf HTTP/1.1" 200 555119
207.46.13.68 - - [11/Jun/2015:02:11:34 -0500] "GET /bla/resoluciones/RESOLUCIONES%202009/2250.pdf HTTP/1.1" 200 476364
180.76.15.9 - - [11/Jun/2015:02:11:36 -0500] "GET /BLA/resoluciones/AUTOS%202009/1765.pdf HTTP/1.1" 200 96130
207.46.13.68 - - [11/Jun/2015:02:11:50 -0500] "GET /BLA/resoluciones/RESOLUCIONES%202008/4165.pdf HTTP/1.1" 200 648266
180.76.15.147 - - [11/Jun/2015:02:11:53 -0500] "GET /BLA/resoluciones/AUTOS%202012/1594.pdf HTTP/1.1" 200 392705
157.55.39.134 - - [11/Jun/2015:02:12:01 -0500] "GET /BLA/resoluciones/Autos%202008/1955.pdf HTTP/1.1" 200 94747
157.55.39.134 - - [11/Jun/2015:02:12:03 -0500] "GET /BLA/resoluciones/AUTOS%202007/0971.pdf HTTP/1.1" 200 70047
180.76.15.154 - - [11/Jun/2015:02:12:11 -0500] "GET /BLA/resoluciones/AUTOS%202010/5451.pdf HTTP/1.1" 200 253327
207.46.13.68 - - [11/Jun/2015:02:12:13 -0500] "GET /BLA/resoluciones/RESOLUCIONES%202010/5854.pdf HTTP/1.1" 200 169000
207.46.13.68 - - [11/Jun/2015:02:12:14 -0500] "GET /BLA/resoluciones/RESOLUCIONES%202008/4314.pdf HTTP/1.1" 200 213295
207.46.13.68 - - [11/Jun/2015:02:12:15 -0500] "GET /BLA/resoluciones/RESOLUCIONES%202011/0522.pdf HTTP/1.1" 200 341446
66.249.79.133 - - [11/Jun/2015:02:12:16 -0500] "GET /BLA/resoluciones/AUTOS%202007/0753.pdf HTTP/1.1" 200 28646
66.249.79.120 - - [11/Jun/2015:02:12:19 -0500] "GET /BLA/resoluciones/RESOLUCIONES%202010/2129.pdf HTTP/1.1" 200 108654
157.55.39.37 - - [11/Jun/2015:02:12:26 -0500] "GET /bla/resoluciones/RESOLUCIONES%202011/0083.pdf HTTP/1.1" 200 378522
157.55.39.37 - - [11/Jun/2015:02:12:26 -0500] "GET /bla/resoluciones/resoluciones%202009/2308.pdf HTTP/1.1" 200 419708
207.46.13.68 - - [11/Jun/2015:02:12:28 -0500] "GET /BLA/resoluciones/RESOLUCIONES%202008/3542.pdf HTTP/1.1" 200 208538
207.46.13.104 - - [11/Jun/2015:02:12:34 -0500] "GET /BLA/resoluciones/RESOLUCIONES%202010/1279.pdf HTTP/1.1" 200 107564
207.46.13.104 - - [11/Jun/2015:02:12:34 -0500] "GET /BLA/resoluciones/Autos%202008/0032.pdf HTTP/1.1" 200 74665
207.46.13.104 - - [11/Jun/2015:02:12:35 -0500] "GET /BLA/resoluciones/RESOLUCIONES%202009/1200.pdf HTTP/1.1" 200 464218
207.46.13.104 - - [11/Jun/2015:02:12:35 -0500] "GET /BLA/resoluciones/Autos%202008/0750.pdf HTTP/1.1" 200 224704
207.46.13.104 - - [11/Jun/2015:02:12:36 -0500] "GET /bla/resoluciones/RESOLUCIONES%202011/0229.pdf HTTP/1.1" 200 65005
207.46.13.104 - - [11/Jun/2015:02:12:36 -0500] "GET /BLA/resoluciones/RESOLUCIONES%202014/1258.pdf HTTP/1.1" 200 1321902
207.46.13.68 - - [11/Jun/2015:02:12:42 -0500] "GET /BLA/resoluciones/RESOLUCIONES%202010/6476.pdf HTTP/1.1" 200 1134902
157.55.39.10 - - [11/Jun/2015:02:12:45 -0500] "GET /BLA/resoluciones/RESOLUCIONES%202009/6135.pdf HTTP/1.1" 200 214743
180.76.15.20 - - [11/Jun/2015:02:12:45 -0500] "GET /BLA/resoluciones/AUTOS%202012/1347.pdf HTTP/1.1" 200 160564
157.55.39.10 - - [11/Jun/2015:02:12:46 -0500] "GET /BLA/resoluciones/RESOLUCIONES%202011/0374.pdf HTTP/1.1" 200 68141
157.55.39.10 - - [11/Jun/2015:02:12:47 -0500] "GET /BLA/resoluciones/RESOLUCIONES%202008/1514.pdf HTTP/1.1" 200 339737
66.249.79.120 - - [11/Jun/2015:02:12:47 -0500] "GET /BLA/resoluciones/AUTOS%202011/4446.pdf HTTP/1.1" 200 223093
157.55.39.11 - - [11/Jun/2015:02:12:53 -0500] "GET /BLA/resoluciones/Autos%202008/2341.pdf HTTP/1.1" 200 110718
207.46.13.68 - - [11/Jun/2015:02:12:57 -0500] "GET /BLA/resoluciones/AUTOS%202007/3333.pdf HTTP/1.1" 200 81077
157.55.39.37 - - [11/Jun/2015:02:13:03 -0500] "GET /bla/resoluciones/resoluciones%202009/1141.pdf HTTP/1.1" 200 255750
66.249.79.107 - - [11/Jun/2015:02:13:07 -0500] "GET /BLA/resoluciones/RESOLUCIONES%202014/3131.pdf HTTP/1.1" 200 481216
207.46.13.104 - - [11/Jun/2015:02:13:09 -0500] "GET /BLA/resoluciones/AUTOS%202007/1922.pdf HTTP/1.1" 200 105348
207.46.13.104 - - [11/Jun/2015:02:13:10 -0500] "GET /bla/resoluciones/resoluciones%202009/1955.pdf HTTP/1.1" 200 509830
207.46.13.104 - - [11/Jun/2015:02:13:11 -0500] "GET /bla/resoluciones/resoluciones%202009/1609.pdf HTTP/1.1" 200 724642
207.46.13.104 - - [11/Jun/2015:02:13:11 -0500] "GET /bla/resoluciones/resoluciones%202009/0138.pdf HTTP/1.1" 200 371808
207.46.13.104 - - [11/Jun/2015:02:13:12 -0500] "GET /BLA/resoluciones/Autos%202008/0815.pdf HTTP/1.1" 200 118141
207.46.13.68 - - [11/Jun/2015:02:13:23 -0500] "GET /BLA/resoluciones/AUTOS%202011/3720.pdf HTTP/1.1" 200 283387
207.46.13.68 - - [11/Jun/2015:02:13:26 -0500] "GET /BLA/resoluciones/RESOLUCIONES%202011/3910.pdf HTTP/1.1" 200 541172
157.55.39.10 - - [11/Jun/2015:02:13:26 -0500] "GET /BLA/resoluciones/RESOLUCIONES%202014/0154.pdf HTTP/1.1" 200 710188
157.55.39.10 - - [11/Jun/2015:02:13:28 -0500] "GET /BLA/resoluciones/AUTOS%202010/2795.pdf HTTP/1.1" 200 116800
180.76.15.156 - - [11/Jun/2015:02:13:32 -0500] "GET /BLA/resoluciones/AUTOS%202014/0888.pdf HTTP/1.1" 200 312214
190.45.218.243 - - [11/Jun/2015:02:13:33 -0500] "GET /galeria/galeria/jquery.fancybox.css?v=2.1.5 HTTP/1.1" 200 4895
190.45.218.243 - - [11/Jun/2015:02:13:33 -0500] "GET /BLA/boletinlegal/js/jquery.scrollTo-min.js HTTP/1.1" 200 1150
190.45.218.243 - - [11/Jun/2015:02:13:33 -0500] "GET /BLA/boletinlegal/js/jquery.scrollShow.js HTTP/1.1" 200 4586
190.45.218.243 - - [11/Jun/2015:02:13:33 -0500] "GET /galeria/galeria/jquery.fancybox.js?v=2.1.5 HTTP/1.1" 200 48706
190.45.218.243 - - [11/Jun/2015:02:13:40 -0500] "GET /galeria/galeria/jquery.fancybox.css?v=2.1.5 HTTP/1.1" 304 -
190.45.218.243 - - [11/Jun/2015:02:13:40 -0500] "GET /BLA/boletinlegal/js/jquery.scrollTo-min.js HTTP/1.1" 304 -
190.45.218.243 - - [11/Jun/2015:02:13:40 -0500] "GET /BLA/boletinlegal/js/jquery.scrollShow.js HTTP/1.1" 304 -
190.45.218.243 - - [11/Jun/2015:02:13:40 -0500] "GET /galeria/galeria/jquery.fancybox.js?v=2.1.5 HTTP/1.1" 304 -
157.55.39.37 - - [11/Jun/2015:02:13:48 -0500] "GET /BLA/resoluciones/AUTOS%202007/0422.pdf HTTP/1.1" 200 64098
180.76.15.9 - - [11/Jun/2015:02:13:50 -0500] "GET /BLA/resoluciones/AUTOS%202012/0449.pdf HTTP/1.1" 200 270221
157.55.39.37 - - [11/Jun/2015:02:13:50 -0500] "GET /BLA/resoluciones/RESOLUCIONES%202010/1123.pdf HTTP/1.1" 200 103378
207.46.13.104 - - [11/Jun/2015:02:13:54 -0500] "GET /BLA/resoluciones/Resoluciones%202011/2698.pdf HTTP/1.1" 200 774378
207.46.13.104 - - [11/Jun/2015:02:13:55 -0500] "GET /BLA/resoluciones/AUTOS%202011/4647.pdf HTTP/1.1" 200 266561
207.46.13.104 - - [11/Jun/2015:02:13:55 -0500] "GET /BLA/resoluciones/AUTOS%202007/3588.pdf HTTP/1.1" 200 235676
157.55.39.134 - - [11/Jun/2015:02:13:59 -0500] "GET /BLA/resoluciones/RESOLUCIONES%202010/6387.pdf HTTP/1.1" 200 479309
74.86.158.107 - - [11/Jun/2015:02:13:59 -0500] "HEAD / HTTP/1.1" 200 -
157.55.39.134 - - [11/Jun/2015:02:13:59 -0500] "GET /BLA/resoluciones/RESOLUCIONES%202012/0911.pdf HTTP/1.1" 200 684237
157.55.39.134 - - [11/Jun/2015:02:14:01 -0500] "GET /BLA/resoluciones/RESOLUCIONES%202010/2216.pdf HTTP/1.1" 200 492836
157.55.39.134 - - [11/Jun/2015:02:14:01 -0500] "GET /BLA/resoluciones/RESOLUCIONES%202010/2193.pdf HTTP/1.1" 200 664412
179.7.126.151 - - [11/Jun/2015:02:14:03 -0500] "GET /galeria/galeria/jquery.fancybox.css?v=2.1.5 HTTP/1.1" 200 4895
179.7.126.151 - - [11/Jun/2015:02:14:03 -0500] "GET /BLA/boletinlegal/js/jquery.scrollTo-min.js HTTP/1.1" 200 1150
179.7.126.151 - - [11/Jun/2015:02:14:03 -0500] "GET /BLA/boletinlegal/js/jquery.scrollShow.js HTTP/1.1" 200 4586
179.7.126.151 - - [11/Jun/2015:02:14:03 -0500] "GET /galeria/galeria/jquery.fancybox.js?v=2.1.5 HTTP/1.1" 200 48706
207.46.13.68 - - [11/Jun/2015:02:14:04 -0500] "GET /BLA/resoluciones/RESOLUCIONES%202008/3253.pdf HTTP/1.1" 200 250531
207.46.13.68 - - [11/Jun/2015:02:14:04 -0500] "GET /BLA/resoluciones/RESOLUCIONES%202010/1462.pdf HTTP/1.1" 200 437417
207.46.13.68 - - [11/Jun/2015:02:14:04 -0500] "GET /BLA/resoluciones/RESOLUCIONES%202010/0671.pdf HTTP/1.1" 200 481743
207.46.13.68 - - [11/Jun/2015:02:14:06 -0500] "GET /BLA/resoluciones/RESOLUCIONES%202008/4005.pdf HTTP/1.1" 200 535159
207.46.13.68 - - [11/Jun/2015:02:14:06 -0500] "GET /bla/resoluciones/RESOLUCIONES%202009/1307.pdf HTTP/1.1" 200 454787
207.46.13.68 - - [11/Jun/2015:02:14:17 -0500] "GET /BLA/resoluciones/Resoluciones%202011/2911.pdf HTTP/1.1" 200 515406
207.46.13.68 - - [11/Jun/2015:02:14:17 -0500] "GET /BLA/resoluciones/Autos%202008/1055.pdf HTTP/1.1" 200 97218
157.55.39.10 - - [11/Jun/2015:02:14:23 -0500] "GET /BLA/resoluciones/RESOLUCIONES%202009/8649.pdf HTTP/1.1" 200 130859
180.76.15.7 - - [11/Jun/2015:02:14:24 -0500] "GET /BLA/resoluciones/AUTOS%202014/6474.pdf HTTP/1.1" 200 2515554
157.55.39.10 - - [11/Jun/2015:02:14:25 -0500] "GET /BLA/resoluciones/RESOLUCIONES%202008/1928.pdf HTTP/1.1" 200 275687
157.55.39.10 - - [11/Jun/2015:02:14:25 -0500] "GET /BLA/resoluciones/AUTOS%202009/3231.pdf HTTP/1.1" 200 193428
157.55.39.37 - - [11/Jun/2015:02:14:29 -0500] "GET /bla/resoluciones/resoluciones%202009/1483.pdf HTTP/1.1" 200 434568
157.55.39.37 - - [11/Jun/2015:02:14:30 -0500] "GET /BLA/resoluciones/RESOLUCIONES%202010/1513.pdf HTTP/1.1" 200 481679
157.55.39.37 - - [11/Jun/2015:02:14:31 -0500] "GET /BLA/resoluciones/AUTOS%202011/0016.pdf HTTP/1.1" 200 197439
157.55.39.10 - - [11/Jun/2015:02:14:35 -0500] "GET /bla/resoluciones/RESOLUCIONES%202011/2977.pdf HTTP/1.1" 200 500794
180.76.15.10 - - [11/Jun/2015:02:14:42 -0500] "GET /BLA/resoluciones/AUTOS%202014/1945.pdf HTTP/1.1" 200 669966
157.55.39.11 - - [11/Jun/2015:02:14:49 -0500] "GET /BLA/resoluciones/Resoluciones%202011/2024.pdf HTTP/1.1" 200 319633
157.55.39.11 - - [11/Jun/2015:02:14:49 -0500] "GET /BLA/resoluciones/AUTOS%202007/2573.pdf HTTP/1.1" 200 41250
157.55.39.11 - - [11/Jun/2015:02:14:51 -0500] "GET /BLA/resoluciones/RESOLUCIONES%202011/4296.pdf HTTP/1.1" 200 2180459
157.55.39.11 - - [11/Jun/2015:02:14:51 -0500] "GET /BLA/resoluciones/RESOLUCIONES%202011/0340.pdf HTTP/1.1" 200 68387
157.55.39.37 - - [11/Jun/2015:02:14:54 -0500] "GET /BLA/resoluciones/RESOLUCIONES%202008/2852.pdf HTTP/1.1" 200 56270
157.55.39.37 - - [11/Jun/2015:02:14:55 -0500] "GET /BLA/resoluciones/AUTOS%202007/2385.pdf HTTP/1.1" 200 72003
180.76.15.17 - - [11/Jun/2015:02:14:59 -0500] "GET /BLA/resoluciones/AUTOS%202014/2560.pdf HTTP/1.1" 200 373697
207.46.13.68 - - [11/Jun/2015:02:15:01 -0500] "GET /BLA/resoluciones/RESOLUCIONES%202008/2963.pdf HTTP/1.1" 200 331704
207.46.13.104 - - [11/Jun/2015:02:15:14 -0500] "GET /BLA/resoluciones/Resoluciones%202011/1002.pdf HTTP/1.1" 200 71799
207.46.13.104 - - [11/Jun/2015:02:15:14 -0500] "GET /BLA/resoluciones/RESOLUCIONES%202009/0293.pdf HTTP/1.1" 200 357167
207.46.13.104 - - [11/Jun/2015:02:15:14 -0500] "GET /bla/resoluciones/RESOLUCIONES%202011/2625.pdf HTTP/1.1" 200 512745
207.46.13.104 - - [11/Jun/2015:02:15:15 -0500] "GET /BLA/resoluciones/AUTOS%202009/0350.pdf HTTP/1.1" 200 90185
207.46.13.104 - - [11/Jun/2015:02:15:15 -0500] "GET /BLA/resoluciones/AUTOS%202007/0912.pdf HTTP/1.1" 200 99225
66.249.79.120 - - [11/Jun/2015:02:15:17 -0500] "GET /BLA/resoluciones/RESOLUCIONES%202010/6081.pdf HTTP/1.1" 200 716680
180.76.15.23 - - [11/Jun/2015:02:15:18 -0500] "GET /BLA/resoluciones/RESOLUCIONES%202009/1887.pdf HTTP/1.1" 200 444264
157.55.39.10 - - [11/Jun/2015:02:15:19 -0500] "GET /bla/resoluciones/RESOLUCIONES%202009/1299.pdf HTTP/1.1" 200 429852
157.55.39.10 - - [11/Jun/2015:02:15:19 -0500] "GET /BLA/resoluciones/RESOLUCIONES%202008/1350.pdf HTTP/1.1" 200 376885
157.55.39.10 - - [11/Jun/2015:02:15:20 -0500] "GET /BLA/resoluciones/AUTOS%202009/2013.pdf HTTP/1.1" 200 99533
157.55.39.10 - - [11/Jun/2015:02:15:20 -0500] "GET /BLA/resoluciones/RESOLUCIONES%202010/0398.pdf HTTP/1.1" 200 121968
157.55.39.10 - - [11/Jun/2015:02:15:21 -0500] "GET /BLA/resoluciones/AUTOS%202007/1604.pdf HTTP/1.1" 200 42184
66.249.79.133 - - [11/Jun/2015:02:15:22 -0500] "GET /BLA/resoluciones/RESOLUCIONES%202010/2437.pdf HTTP/1.1" 200 507129
207.46.13.68 - - [11/Jun/2015:02:15:27 -0500] "GET /BLA/resoluciones/RESOLUCIONES%202008/4002.pdf HTTP/1.1" 200 657834
180.76.15.33 - - [11/Jun/2015:02:15:33 -0500] "GET /BLA/resoluciones/RESOLUCIONES%202007/RES%202007%20301%20AL%20400/RESOLUCION%200305%20DE%202007.pdf HTTP/1.1" 200 251394
157.55.39.37 - - [11/Jun/2015:02:15:38 -0500] "GET /BLA/resoluciones/AUTOS%202010/0867.pdf HTTP/1.1" 200 293578
157.55.39.37 - - [11/Jun/2015:02:15:39 -0500] "GET /bla/resoluciones/RESOLUCIONES%202009/0957.pdf HTTP/1.1" 200 671258
157.55.39.37 - - [11/Jun/2015:02:15:40 -0500] "GET /BLA/resoluciones/RESOLUCIONES%202009/8969.pdf HTTP/1.1" 200 276767
66.249.79.120 - - [11/Jun/2015:02:15:41 -0500] "GET /BLA/resoluciones/RESOLUCIONES%202010/6662.pdf HTTP/1.1" 200 266105
207.46.13.68 - - [11/Jun/2015:02:15:48 -0500] "GET /BLA/resoluciones/RESOLUCIONES%202009/0860.pdf HTTP/1.1" 200 309608
180.76.15.11 - - [11/Jun/2015:02:15:51 -0500] "GET /BLA/resoluciones/RESOLUCIONES%202007/RES%202007%202801%20AL%202900/RESOLUCION%202886%20DE%202007.pdf HTTP/1.1" 200 5095924
66.249.79.133 - - [11/Jun/2015:02:15:56 -0500] "GET /BLA/resoluciones/RESOLUCIONES%202010/2673.pdf HTTP/1.1" 200 377400
157.55.39.11 - - [11/Jun/2015:02:15:57 -0500] "GET /bla/resoluciones/resoluciones%202009/0232.pdf HTTP/1.1" 200 177819
157.55.39.11 - - [11/Jun/2015:02:15:57 -0500] "GET /BLA/resoluciones/RESOLUCIONES%202010/1629.pdf HTTP/1.1" 200 440223
157.55.39.134 - - [11/Jun/2015:02:15:59 -0500] "GET /BLA/resoluciones/RESOLUCIONES%202008/0332.pdf HTTP/1.1" 200 713035
157.55.39.134 - - [11/Jun/2015:02:15:59 -0500] "GET /BLA/resoluciones/RESOLUCIONES%202008/4402.pdf HTTP/1.1" 200 580324
157.55.39.134 - - [11/Jun/2015:02:16:00 -0500] "GET /BLA/resoluciones/RESOLUCIONES%202009/1830.pdf HTTP/1.1" 200 488529
207.46.13.68 - - [11/Jun/2015:02:16:03 -0500] "GET /BLA/resoluciones/RESOLUCIONES%202010/7392.pdf HTTP/1.1" 200 376813
180.76.15.145 - - [11/Jun/2015:02:16:08 -0500] "GET /BLA/resoluciones/RESOLUCIONES%202007/RES%202007%20401%20AL%20500/RESOLUCION%200494%20DE%202007.pdf HTTP/1.1" 200 726022
157.55.39.37 - - [11/Jun/2015:02:16:28 -0500] "GET /BLA/resoluciones/Resoluciones%202011/1115.pdf HTTP/1.1" 200 269908
157.55.39.37 - - [11/Jun/2015:02:16:28 -0500] "GET /BLA/resoluciones/RESOLUCIONES%202010/5980.pdf HTTP/1.1" 200 2098289
157.55.39.10 - - [11/Jun/2015:02:16:32 -0500] "GET /BLA/resoluciones/RESOLUCIONES%202009/2057.pdf HTTP/1.1" 200 881819
207.46.13.68 - - [11/Jun/2015:02:16:38 -0500] "GET /BLA/resoluciones/RESOLUCIONES%202009/0119.pdf HTTP/1.1" 200 323518
207.46.13.104 - - [11/Jun/2015:02:16:53 -0500] "GET /BLA/resoluciones/RESOLUCIONES%202010/6335.pdf HTTP/1.1" 200 721565
207.46.13.104 - - [11/Jun/2015:02:16:53 -0500] "GET /BLA/resoluciones/AUTOS%202009/0546.pdf HTTP/1.1" 200 183550
207.46.13.104 - - [11/Jun/2015:02:16:54 -0500] "GET /BLA/resoluciones/RESOLUCIONES%202009/8999.pdf HTTP/1.1" 200 319612
180.76.15.147 - - [11/Jun/2015:02:16:54 -0500] "GET /BLA/resoluciones/AUTOS%202012/1127.pdf HTTP/1.1" 200 170499
207.46.13.104 - - [11/Jun/2015:02:16:54 -0500] "GET /BLA/resoluciones/RESOLUCIONES%202010/6077.pdf HTTP/1.1" 200 282118
207.46.13.104 - - [11/Jun/2015:02:16:54 -0500] "GET /bla/resoluciones/RESOLUCIONES%202011/0429.pdf HTTP/1.1" 200 66579
207.46.13.104 - - [11/Jun/2015:02:16:55 -0500] "GET /BLA/resoluciones/RESOLUCIONES%202010/5553.pdf HTTP/1.1" 200 398170
207.46.13.104 - - [11/Jun/2015:02:16:55 -0500] "GET /BLA/resoluciones/AUTOS%202009/1539.pdf HTTP/1.1" 200 117609
207.46.13.104 - - [11/Jun/2015:02:16:56 -0500] "GET /BLA/resoluciones/Resoluciones%202011/1660.pdf HTTP/1.1" 200 289947
207.46.13.104 - - [11/Jun/2015:02:16:56 -0500] "GET /BLA/resoluciones/AUTOS%202011/2875.pdf HTTP/1.1" 200 148414
207.46.13.104 - - [11/Jun/2015:02:16:57 -0500] "GET /BLA/resoluciones/RESOLUCIONES%202009/1231.pdf HTTP/1.1" 200 408998
157.55.39.37 - - [11/Jun/2015:02:16:57 -0500] "GET /BLA/resoluciones/AUTOS%202010/0441.pdf HTTP/1.1" 200 158364
157.55.39.37 - - [11/Jun/2015:02:16:58 -0500] "GET /BLA/resoluciones/RESOLUCIONES%202011/1480.pdf HTTP/1.1" 200 66323
207.46.13.68 - - [11/Jun/2015:02:17:03 -0500] "GET /BLA/resoluciones/Resoluciones%202011/1401.pdf HTTP/1.1" 200 63863
207.46.13.68 - - [11/Jun/2015:02:17:16 -0500] "GET /BLA/resoluciones/AUTOS%202011/0668.pdf HTTP/1.1" 200 98071
207.46.13.68 - - [11/Jun/2015:02:17:17 -0500] "GET /BLA/resoluciones/RESOLUCIONES%202009/1429.pdf HTTP/1.1" 200 964821
180.76.15.142 - - [11/Jun/2015:02:17:28 -0500] "GET /BLA/boletinlegal;jsessionid=00A9FC79343EC8E614761944D2E12CFE?/? HTTP/1.1" 404 1018
157.55.39.37 - - [11/Jun/2015:02:17:31 -0500] "GET /BLA/resoluciones/Resoluciones%202011/3327.pdf HTTP/1.1" 200 787712
66.249.79.120 - - [11/Jun/2015:02:17:45 -0500] "GET /BLA/resoluciones/RESOLUCIONES%202007/RES%202007%201801%20AL%201900/RESOLUCION%201874%20DE%202007.pdf HTTP/1.1" 200 456537
157.55.39.11 - - [11/Jun/2015:02:17:51 -0500] "GET /BLA/resoluciones/RESOLUCIONES%202010/6362.pdf HTTP/1.1" 200 1766860
157.55.39.11 - - [11/Jun/2015:02:17:52 -0500] "GET /BLA/resoluciones/RESOLUCIONES%202009/8660.pdf HTTP/1.1" 200 120211
157.55.39.11 - - [11/Jun/2015:02:17:52 -0500] "GET /BLA/resoluciones/AUTOS%202011/2156.pdf HTTP/1.1" 200 1592655
157.55.39.11 - - [11/Jun/2015:02:17:53 -0500] "GET /BLA/resoluciones/AUTOS%202007/0729.pdf HTTP/1.1" 200 26504
157.55.39.11 - - [11/Jun/2015:02:17:54 -0500] "GET /BLA/resoluciones/AUTOS%202009/1870.pdf HTTP/1.1" 200 103943
207.46.13.68 - - [11/Jun/2015:02:17:55 -0500] "GET /BLA/resoluciones/RESOLUCIONES%202009/2599.pdf HTTP/1.1" 200 255117
207.46.13.68 - - [11/Jun/2015:02:17:56 -0500] "GET /bla/resoluciones/RESOLUCIONES%202009/0981.pdf HTTP/1.1" 200 309667
157.55.39.37 - - [11/Jun/2015:02:18:02 -0500] "GET /BLA/resoluciones/Resoluciones%202011/2542.pdf HTTP/1.1" 200 275841
157.55.39.37 - - [11/Jun/2015:02:18:03 -0500] "GET /BLA/resoluciones/Resoluciones%202011/1639.pdf HTTP/1.1" 200 251182
157.55.39.134 - - [11/Jun/2015:02:18:07 -0500] "GET /BLA/resoluciones/AUTOS%202009/2939.pdf HTTP/1.1" 200 157095
180.76.15.34 - - [11/Jun/2015:02:18:10 -0500] "GET /BLA/resoluciones/AUTOS%202010/0538.pdf HTTP/1.1" 200 215289
66.249.79.107 - - [11/Jun/2015:02:18:11 -0500] "GET /BLA/resoluciones/RESOLUCIONES%202007/RES%202007%201401%20AL%201500/RESOLUCION%201487%20DE%202007.pdf HTTP/1.1" 200 256544
207.46.13.104 - - [11/Jun/2015:02:18:13 -0500] "GET /BLA/resoluciones/AUTOS%202009/0816.pdf HTTP/1.1" 200 116658
66.249.79.133 - - [11/Jun/2015:02:18:13 -0500] "GET /BLA/resoluciones/RESOLUCIONES%202007/RES%202007%201501%20AL%201600/RESOLUCION%201571%20DE%202007.pdf HTTP/1.1" 200 419005
207.46.13.104 - - [11/Jun/2015:02:18:13 -0500] "GET /BLA/resoluciones/AUTOS%202010/6709.pdf HTTP/1.1" 200 212906
207.46.13.104 - - [11/Jun/2015:02:18:13 -0500] "GET /BLA/resoluciones/RESOLUCIONES%202009/4694.pdf HTTP/1.1" 200 109096
207.46.13.104 - - [11/Jun/2015:02:18:14 -0500] "GET /BLA/resoluciones/RESOLUCIONES%202010/2582.pdf HTTP/1.1" 200 775470
207.46.13.104 - - [11/Jun/2015:02:18:14 -0500] "GET /BLA/resoluciones/RESOLUCIONES%202010/2561.pdf HTTP/1.1" 200 499079
207.46.13.104 - - [11/Jun/2015:02:18:15 -0500] "GET /bla/resoluciones/RESOLUCIONES%202011/2365.pdf HTTP/1.1" 200 789160
157.55.39.10 - - [11/Jun/2015:02:18:33 -0500] "GET /BLA/resoluciones/RESOLUCIONES%202010/0428.pdf HTTP/1.1" 200 511125
157.55.39.10 - - [11/Jun/2015:02:18:33 -0500] "GET /BLA/resoluciones/RESOLUCIONES%202009/1301.pdf HTTP/1.1" 200 560581
66.249.79.120 - - [11/Jun/2015:02:18:34 -0500] "GET /BLA/resoluciones/RESOLUCIONES%202007/RES%202007%204301%20AL%204352/RESOLUCION%204310%20DE%202007.pdf HTTP/1.1" 200 907614
207.46.13.68 - - [11/Jun/2015:02:18:36 -0500] "GET /BLA/resoluciones/Resoluciones%202011/3680.pdf HTTP/1.1" 200 553064
157.55.39.37 - - [11/Jun/2015:02:18:41 -0500] "GET /BLA/resoluciones/RESOLUCIONES%202010/1819.pdf HTTP/1.1" 200 351500
157.55.39.10 - - [11/Jun/2015:02:18:46 -0500] "GET /BLA/resoluciones/RESOLUCIONES%202008/3456.pdf HTTP/1.1" 200 149347
66.249.79.107 - - [11/Jun/2015:02:18:47 -0500] "GET /BLA/resoluciones/RESOLUCIONES%202010/6054.pdf HTTP/1.1" 200 1345858
157.55.39.11 - - [11/Jun/2015:02:18:57 -0500] "GET /BLA/resoluciones/AUTOS%202010/5641.pdf HTTP/1.1" 200 158773
74.86.158.107 - - [11/Jun/2015:02:18:59 -0500] "HEAD / HTTP/1.1" 200 -
66.249.79.120 - - [11/Jun/2015:02:19:00 -0500] "GET /BLA/resoluciones/AUTOS%202011/6510.pdf HTTP/1.1" 200 154163
66.249.79.120 - - [11/Jun/2015:02:19:02 -0500] "GET /Autoliquidacion/dlf/folder.png HTTP/1.1" 304 -
157.55.39.37 - - [11/Jun/2015:02:19:03 -0500] "GET /BLA/resoluciones/RESOLUCIONES%202008/1802.pdf HTTP/1.1" 200 391835
157.55.39.37 - - [11/Jun/2015:02:19:07 -0500] "GET /bla/resoluciones/resoluciones%202009/2121.pdf HTTP/1.1" 200 567183
207.46.13.68 - - [11/Jun/2015:02:19:07 -0500] "GET /bla/resoluciones/RESOLUCIONES%202011/1885.pdf HTTP/1.1" 200 514862
207.46.13.68 - - [11/Jun/2015:02:19:08 -0500] "GET /BLA/resoluciones/AUTOS%202011/6810.pdf HTTP/1.1" 200 142167
66.249.79.133 - - [11/Jun/2015:02:19:10 -0500] "GET /BLA/resoluciones/AUTOS%202010/0180.pdf HTTP/1.1" 200 352266
157.55.39.134 - - [11/Jun/2015:02:19:17 -0500] "GET /BLA/resoluciones/RESOLUCIONES%202009/9416.pdf HTTP/1.1" 200 160960
207.46.13.104 - - [11/Jun/2015:02:19:40 -0500] "GET /BLA/resoluciones/RESOLUCIONES%202010/1407.pdf HTTP/1.1" 200 477209
207.46.13.104 - - [11/Jun/2015:02:19:40 -0500] "GET /BLA/resoluciones/Resoluciones%202011/2631.pdf HTTP/1.1" 200 406852
207.46.13.104 - - [11/Jun/2015:02:19:40 -0500] "GET /BLA/resoluciones/AUTOS%202009/1649.pdf HTTP/1.1" 200 97286
207.46.13.104 - - [11/Jun/2015:02:19:41 -0500] "GET /bla/resoluciones/RESOLUCIONES%202011/0533.pdf HTTP/1.1" 200 805060
207.46.13.104 - - [11/Jun/2015:02:19:41 -0500] "GET /bla/resoluciones/resoluciones%202009/2015.pdf HTTP/1.1" 200 1357574
207.46.13.104 - - [11/Jun/2015:02:19:42 -0500] "GET /BLA/resoluciones/RESOLUCIONES%202010/6424.pdf HTTP/1.1" 200 470893
207.46.13.104 - - [11/Jun/2015:02:19:42 -0500] "GET /bla/resoluciones/RESOLUCIONES%202011/3716.pdf HTTP/1.1" 200 252062
207.46.13.104 - - [11/Jun/2015:02:19:42 -0500] "GET /BLA/resoluciones/Resoluciones%202011/4051.pdf HTTP/1.1" 200 73593
207.46.13.104 - - [11/Jun/2015:02:19:43 -0500] "GET /BLA/resoluciones/RESOLUCIONES%202010/6116.pdf HTTP/1.1" 200 600060
180.76.15.22 - - [11/Jun/2015:02:19:45 -0500] "GET /BLA/resoluciones/AUTOS%202014/1480.pdf HTTP/1.1" 200 832970
207.46.13.68 - - [11/Jun/2015:02:19:49 -0500] "GET /BLA/resoluciones/RESOLUCIONES%202008/3526.pdf HTTP/1.1" 200 366474
157.55.39.37 - - [11/Jun/2015:02:19:57 -0500] "GET /BLA/resoluciones/AUTOS%202009/0560.pdf HTTP/1.1" 200 123613
157.55.39.37 - - [11/Jun/2015:02:19:58 -0500] "GET /BLA/resoluciones/Resoluciones%202011/5134.pdf HTTP/1.1" 200 448971
157.55.39.134 - - [11/Jun/2015:02:20:01 -0500] "GET /BLA/resoluciones/AUTOS%202009/3061.pdf HTTP/1.1" 200 108393
123.125.71.96 - - [11/Jun/2015:02:20:02 -0500] "GET / HTTP/1.1" 200 10190
157.55.39.134 - - [11/Jun/2015:02:20:02 -0500] "GET /BLA/resoluciones/AUTOS%202007/0120.pdf HTTP/1.1" 200 44130
157.55.39.134 - - [11/Jun/2015:02:20:02 -0500] "GET /BLA/resoluciones/Resoluciones%202011/3373.pdf HTTP/1.1" 200 755896
66.249.79.107 - - [11/Jun/2015:02:20:05 -0500] "GET /BLA/resoluciones/RESOLUCIONES%202007/RES%202007%203901%20AL%204000/RESOLUCION%203997%20DE%202007.pdf HTTP/1.1" 200 256780
207.46.13.68 - - [11/Jun/2015:02:20:17 -0500] "GET /BLA/resoluciones/AUTOS%202011/7585.pdf HTTP/1.1" 200 170844
207.46.13.68 - - [11/Jun/2015:02:20:18 -0500] "GET /BLA/resoluciones/RESOLUCIONES%202011/0215.pdf HTTP/1.1" 200 231095
207.46.13.68 - - [11/Jun/2015:02:20:18 -0500] "GET /BLA/resoluciones/RESOLUCIONES%202010/0417.pdf HTTP/1.1" 200 458177
157.55.39.37 - - [11/Jun/2015:02:20:21 -0500] "GET /BLA/resoluciones/RESOLUCIONES%202010/5772.pdf HTTP/1.1" 200 101436
157.55.39.37 - - [11/Jun/2015:02:20:22 -0500] "GET /BLA/resoluciones/RESOLUCIONES%202008/1795.pdf HTTP/1.1" 200 262860
157.55.39.37 - - [11/Jun/2015:02:20:22 -0500] "GET /BLA/resoluciones/AUTOS%202011/4025.pdf HTTP/1.1" 200 331092
157.55.39.10 - - [11/Jun/2015:02:20:38 -0500] "GET /BLA/resoluciones/AUTOS%202010/0848.pdf HTTP/1.1" 200 178563
157.55.39.10 - - [11/Jun/2015:02:20:39 -0500] "GET /BLA/resoluciones/AUTOS%202010/2892.pdf HTTP/1.1" 200 165770
180.76.15.32 - - [11/Jun/2015:02:20:39 -0500] "GET /BLA/resoluciones/AUTOS%202010/6939.pdf HTTP/1.1" 200 286549
157.55.39.11 - - [11/Jun/2015:02:20:54 -0500] "GET /BLA/resoluciones/RESOLUCIONES%202008/4372.pdf HTTP/1.1" 200 598766
180.76.15.149 - - [11/Jun/2015:02:20:54 -0500] "GET /BLA/resoluciones/AUTOS%202009/2438.pdf HTTP/1.1" 200 101360
207.46.13.68 - - [11/Jun/2015:02:20:58 -0500] "GET /BLA/resoluciones/RESOLUCIONES%202010/0316.pdf HTTP/1.1" 200 107017
207.46.13.68 - - [11/Jun/2015:02:20:59 -0500] "GET /BLA/resoluciones/RESOLUCIONES%202009/5429.pdf HTTP/1.1" 200 101488
207.46.13.68 - - [11/Jun/2015:02:20:59 -0500] "GET /BLA/resoluciones/RESOLUCIONES%202010/1230.pdf HTTP/1.1" 200 146090
207.46.13.68 - - [11/Jun/2015:02:21:00 -0500] "GET /BLA/resoluciones/RESOLUCIONES%202010/1383.pdf HTTP/1.1" 200 352088
207.46.13.68 - - [11/Jun/2015:02:21:00 -0500] "GET /BLA/resoluciones/RESOLUCIONES%202008/4798.pdf HTTP/1.1" 200 848592
180.76.15.134 - - [11/Jun/2015:02:21:11 -0500] "GET /BLA/resoluciones/RESOLUCIONES%202007/RES%202007%203601%20AL%203700/RESOLUCION%203688%20DE%202007.pdf HTTP/1.1" 200 622990
157.55.39.134 - - [11/Jun/2015:02:21:13 -0500] "GET /BLA/resoluciones/RESOLUCIONES%202009/1499.pdf HTTP/1.1" 200 663843
207.46.13.68 - - [11/Jun/2015:02:21:26 -0500] "GET /BLA/resoluciones/AUTOS%202007/1191.pdf HTTP/1.1" 200 27657
207.46.13.68 - - [11/Jun/2015:02:21:26 -0500] "GET /BLA/resoluciones/AUTOS%202010/5369.pdf HTTP/1.1" 200 1541014
207.46.13.104 - - [11/Jun/2015:02:21:31 -0500] "GET /bla/resoluciones/RESOLUCIONES%202009/1422.pdf HTTP/1.1" 200 420023
207.46.13.104 - - [11/Jun/2015:02:21:32 -0500] "GET /BLA/resoluciones/RESOLUCIONES%202010/5740.pdf HTTP/1.1" 200 91354
207.46.13.104 - - [11/Jun/2015:02:21:32 -0500] "GET /BLA/resoluciones/Resoluciones%202011/5688.pdf HTTP/1.1" 200 563092
207.46.13.104 - - [11/Jun/2015:02:21:33 -0500] "GET /bla/resoluciones/resoluciones%202009/0004.pdf HTTP/1.1" 200 181976
207.46.13.104 - - [11/Jun/2015:02:21:33 -0500] "GET /BLA/resoluciones/RESOLUCIONES%202009/3695.pdf HTTP/1.1" 200 60154
180.76.15.16 - - [11/Jun/2015:02:21:33 -0500] "GET /BLA/resoluciones/RESOLUCIONES%202008/1112.pdf HTTP/1.1" 200 218760
207.46.13.104 - - [11/Jun/2015:02:21:33 -0500] "GET /BLA/resoluciones/AUTOS%202009/1258.pdf HTTP/1.1" 200 116242
207.46.13.104 - - [11/Jun/2015:02:21:34 -0500] "GET /BLA/resoluciones/Resoluciones%202011/0309.pdf HTTP/1.1" 200 85183
207.46.13.104 - - [11/Jun/2015:02:21:34 -0500] "GET /BLA/resoluciones/AUTOS%202009/2551.pdf HTTP/1.1" 200 101256
207.46.13.104 - - [11/Jun/2015:02:21:35 -0500] "GET /BLA/resoluciones/RESOLUCIONES%202011/0828.pdf HTTP/1.1" 200 75323
207.46.13.104 - - [11/Jun/2015:02:21:35 -0500] "GET /BLA/resoluciones/Autos%202008/0132.pdf HTTP/1.1" 200 172488
207.46.13.104 - - [11/Jun/2015:02:21:35 -0500] "GET /BLA/resoluciones/AUTOS%202011/4016.pdf HTTP/1.1" 200 274205
207.46.13.104 - - [11/Jun/2015:02:21:36 -0500] "GET /BLA/resoluciones/RESOLUCIONES%202010/7560.pdf HTTP/1.1" 200 69143
207.46.13.104 - - [11/Jun/2015:02:21:36 -0500] "GET /BLA/resoluciones/RESOLUCIONES%202009/9569.pdf HTTP/1.1" 200 332654
157.55.39.37 - - [11/Jun/2015:02:21:46 -0500] "GET /BLA/resoluciones/AUTOS%202009/0624.pdf HTTP/1.1" 200 74085
180.76.15.19 - - [11/Jun/2015:02:21:46 -0500] "GET /BLA/resoluciones/AUTOS%202012/2971.pdf HTTP/1.1" 200 221212
157.55.39.134 - - [11/Jun/2015:02:21:58 -0500] "GET /bla/resoluciones/resoluciones%202009/0075.pdf HTTP/1.1" 200 220967
157.55.39.134 - - [11/Jun/2015:02:21:59 -0500] "GET /bla/resoluciones/resoluciones%202009/0149.pdf HTTP/1.1" 200 35186
180.76.15.140 - - [11/Jun/2015:02:22:03 -0500] "GET /BLA/resoluciones/AUTOS%202009/1817.pdf HTTP/1.1" 200 202788
207.46.13.68 - - [11/Jun/2015:02:22:19 -0500] "GET /BLA/resoluciones/RESOLUCIONES%202011/0910.pdf HTTP/1.1" 200 71946
207.46.13.68 - - [11/Jun/2015:02:22:20 -0500] "GET /BLA/resoluciones/RESOLUCIONES%202008/4868.pdf HTTP/1.1" 200 258355
180.76.15.149 - - [11/Jun/2015:02:22:20 -0500] "GET /BLA/resoluciones/AUTOS%202010/5533.pdf HTTP/1.1" 200 742575
157.55.39.10 - - [11/Jun/2015:02:22:23 -0500] "GET /BLA/resoluciones/Autos%202008/0826.pdf HTTP/1.1" 200 161941
157.55.39.10 - - [11/Jun/2015:02:22:24 -0500] "GET /BLA/resoluciones/index.php?dir=RESOLUCIONES%202012/&sort=size&order=asc HTTP/1.1" 200 134793
157.55.39.10 - - [11/Jun/2015:02:22:26 -0500] "GET /BLA/resoluciones/Resoluciones%202011/0293.pdf HTTP/1.1" 200 443838
180.76.15.30 - - [11/Jun/2015:02:22:39 -0500] "GET /BLA/resoluciones/AUTOS%202010/5254.pdf HTTP/1.1" 200 21900
157.55.39.37 - - [11/Jun/2015:02:22:40 -0500] "GET /BLA/resoluciones/Resoluciones%202011/1962.pdf HTTP/1.1" 200 317734
157.55.39.37 - - [11/Jun/2015:02:22:41 -0500] "GET /BLA/resoluciones/RESOLUCIONES%202011/0637.pdf HTTP/1.1" 200 289711
157.55.39.37 - - [11/Jun/2015:02:22:42 -0500] "GET /BLA/resoluciones/RESOLUCIONES%202009/7243.pdf HTTP/1.1" 200 115116
157.55.39.37 - - [11/Jun/2015:02:22:42 -0500] "GET /BLA/resoluciones/RESOLUCIONES%202011/1900.pdf HTTP/1.1" 200 516748
157.55.39.37 - - [11/Jun/2015:02:22:43 -0500] "GET /BLA/resoluciones/RESOLUCIONES%202008/1342.pdf HTTP/1.1" 200 719237
207.46.13.68 - - [11/Jun/2015:02:22:53 -0500] "GET /bla/resoluciones/RESOLUCIONES%202011/3685.pdf HTTP/1.1" 200 785442
180.76.15.156 - - [11/Jun/2015:02:22:55 -0500] "GET /BLA/resoluciones/AUTOS%202012/1342.pdf HTTP/1.1" 200 162426
157.55.39.11 - - [11/Jun/2015:02:22:57 -0500] "GET /BLA/resoluciones/Autos%202008/2487.pdf HTTP/1.1" 200 134936
157.55.39.11 - - [11/Jun/2015:02:22:57 -0500] "GET /BLA/resoluciones/RESOLUCIONES%202008/5429.pdf HTTP/1.1" 200 270142
157.55.39.11 - - [11/Jun/2015:02:22:58 -0500] "GET /bla/resoluciones/RESOLUCIONES%202011/0621.pdf HTTP/1.1" 200 74979
157.55.39.37 - - [11/Jun/2015:02:23:03 -0500] "GET /BLA/resoluciones/RESOLUCIONES%202010/1446.pdf HTTP/1.1" 200 511249
157.55.39.37 - - [11/Jun/2015:02:23:03 -0500] "GET /BLA/resoluciones/RESOLUCIONES%202008/1114.pdf HTTP/1.1" 200 67177
180.76.15.160 - - [11/Jun/2015:02:23:12 -0500] "GET /BLA/resoluciones/AUTOS%202012/1397.pdf HTTP/1.1" 200 280860
207.46.13.68 - - [11/Jun/2015:02:23:15 -0500] "GET /BLA/resoluciones/Resoluciones%202011/1617.pdf HTTP/1.1" 200 92771
157.55.39.10 - - [11/Jun/2015:02:23:23 -0500] "GET /BLA/resoluciones/AUTOS%202011/4796.pdf HTTP/1.1" 200 274835
157.55.39.10 - - [11/Jun/2015:02:23:24 -0500] "GET /BLA/resoluciones/Resoluciones%202011/5356.pdf HTTP/1.1" 200 468959
157.55.39.10 - - [11/Jun/2015:02:23:25 -0500] "GET /BLA/resoluciones/Resoluciones%202011/0583.pdf HTTP/1.1" 200 74161
207.46.13.104 - - [11/Jun/2015:02:23:38 -0500] "GET /BLA/resoluciones/AUTOS%202010/5495.pdf HTTP/1.1" 200 214017
207.46.13.104 - - [11/Jun/2015:02:23:38 -0500] "GET /BLA/resoluciones/RESOLUCIONES%202008/4877.pdf HTTP/1.1" 200 260277
207.46.13.104 - - [11/Jun/2015:02:23:38 -0500] "GET /bla/resoluciones/resoluciones%202009/2198.pdf HTTP/1.1" 200 635748
207.46.13.104 - - [11/Jun/2015:02:23:39 -0500] "GET /BLA/resoluciones/RESOLUCIONES%202009/4928.pdf HTTP/1.1" 200 113200
207.46.13.104 - - [11/Jun/2015:02:23:39 -0500] "GET /BLA/resoluciones/RESOLUCIONES%202012/0621.pdf HTTP/1.1" 200 500118
207.46.13.104 - - [11/Jun/2015:02:23:40 -0500] "GET /BLA/resoluciones/RESOLUCIONES%202009/4839.pdf HTTP/1.1" 200 205046
207.46.13.104 - - [11/Jun/2015:02:23:40 -0500] "GET /BLA/resoluciones/RESOLUCIONES%202010/6120.pdf HTTP/1.1" 200 1395008
207.46.13.104 - - [11/Jun/2015:02:23:41 -0500] "GET /bla/resoluciones/RESOLUCIONES%202009/2038.pdf HTTP/1.1" 200 377762
207.46.13.104 - - [11/Jun/2015:02:23:41 -0500] "GET /BLA/resoluciones/RESOLUCIONES%202010/0228.pdf HTTP/1.1" 200 660998
207.46.13.104 - - [11/Jun/2015:02:23:41 -0500] "GET /BLA/resoluciones/RESOLUCIONES%202011/1510.pdf HTTP/1.1" 200 71925
207.46.13.104 - - [11/Jun/2015:02:23:42 -0500] "GET /BLA/resoluciones/AUTOS%202007/2722.pdf HTTP/1.1" 200 75461
207.46.13.104 - - [11/Jun/2015:02:23:42 -0500] "GET /BLA/resoluciones/AUTOS%202011/6758.pdf HTTP/1.1" 200 238088
180.76.15.139 - - [11/Jun/2015:02:23:47 -0500] "GET /BLA/resoluciones/RESOLUCIONES%202010/0369.pdf HTTP/1.1" 200 451523
207.46.13.68 - - [11/Jun/2015:02:23:49 -0500] "GET /BLA/resoluciones/AUTOS%202011/1719.pdf HTTP/1.1" 200 149667
74.86.158.107 - - [11/Jun/2015:02:23:59 -0500] "HEAD / HTTP/1.1" 200 -
66.249.79.120 - - [11/Jun/2015:02:24:01 -0500] "GET /BLA/resoluciones/RESOLUCIONES%202012/1223.pdf HTTP/1.1" 200 386444
180.76.15.10 - - [11/Jun/2015:02:24:04 -0500] "GET /BLA/resoluciones/AUTOS%202014/5533.pdf HTTP/1.1" 200 284439
207.46.13.68 - - [11/Jun/2015:02:24:10 -0500] "GET /BLA/resoluciones/AUTOS%202009/1662.pdf HTTP/1.1" 200 112407
207.46.13.68 - - [11/Jun/2015:02:24:10 -0500] "GET /BLA/resoluciones/RESOLUCIONES%202009/2110.pdf HTTP/1.1" 200 990500
207.46.13.68 - - [11/Jun/2015:02:24:14 -0500] "GET /bla/resoluciones/RESOLUCIONES%202011/1640.pdf HTTP/1.1" 200 267284
179.7.126.151 - - [11/Jun/2015:02:24:18 -0500] "GET /galeria/galeria/jquery.fancybox.css?v=2.1.5 HTTP/1.1" 304 -
179.7.126.151 - - [11/Jun/2015:02:24:18 -0500] "GET /BLA/boletinlegal/js/jquery.scrollTo-min.js HTTP/1.1" 304 -
179.7.126.151 - - [11/Jun/2015:02:24:18 -0500] "GET /BLA/boletinlegal/js/jquery.scrollShow.js HTTP/1.1" 304 -
179.7.126.151 - - [11/Jun/2015:02:24:18 -0500] "GET /galeria/galeria/jquery.fancybox.js?v=2.1.5 HTTP/1.1" 304 -
180.76.15.160 - - [11/Jun/2015:02:24:21 -0500] "GET /BLA/resoluciones/AUTOS%202009/2045.pdf HTTP/1.1" 200 422569
180.76.15.154 - - [11/Jun/2015:02:24:41 -0500] "GET /BLA/resoluciones/RESOLUCIONES%202012/0834.pdf HTTP/1.1" 200 542591
207.46.13.68 - - [11/Jun/2015:02:24:46 -0500] "GET /BLA/resoluciones/RESOLUCIONES%202010/0935.pdf HTTP/1.1" 200 107878
207.46.13.68 - - [11/Jun/2015:02:24:47 -0500] "GET /bla/resoluciones/RESOLUCIONES%202011/0444.pdf HTTP/1.1" 200 84201
207.46.13.68 - - [11/Jun/2015:02:24:50 -0500] "GET /BLA/resoluciones/RESOLUCIONES%202011/1077.pdf HTTP/1.1" 200 73585
207.46.13.68 - - [11/Jun/2015:02:24:50 -0500] "GET /BLA/resoluciones/Autos%202008/1452.pdf HTTP/1.1" 200 87317
157.55.39.37 - - [11/Jun/2015:02:24:51 -0500] "GET /BLA/resoluciones/Resoluciones%202011/1208.pdf HTTP/1.1" 200 349645
207.46.13.68 - - [11/Jun/2015:02:24:51 -0500] "GET /BLA/resoluciones/Autos%202008/1810.pdf HTTP/1.1" 200 171944
157.55.39.37 - - [11/Jun/2015:02:24:52 -0500] "GET /BLA/resoluciones/AUTOS%202007/2739.pdf HTTP/1.1" 200 107392
157.55.39.37 - - [11/Jun/2015:02:24:52 -0500] "GET /BLA/resoluciones/Resoluciones%202011/5359.pdf HTTP/1.1" 200 526897
66.249.79.107 - - [11/Jun/2015:02:24:53 -0500] "GET /BLA/resoluciones/AUTOS%202008/0084.pdf HTTP/1.1" 200 127090
180.76.15.18 - - [11/Jun/2015:02:24:56 -0500] "GET /BLA/resoluciones/AUTOS%202012/2469.pdf HTTP/1.1" 200 1023853
207.46.13.68 - - [11/Jun/2015:02:25:02 -0500] "GET /BLA/resoluciones/Resoluciones%202011/5003.pdf HTTP/1.1" 200 353107
66.249.79.120 - - [11/Jun/2015:02:25:03 -0500] "GET /BLA/resoluciones/RESOLUCIONES%202007/RES%202007%202801%20AL%202900/RESOLUCION%202811%20DE%202007.pdf HTTP/1.1" 200 570262
157.55.39.134 - - [11/Jun/2015:02:25:06 -0500] "GET /bla/resoluciones/RESOLUCIONES%202011/0408.pdf HTTP/1.1" 200 70361
157.55.39.37 - - [11/Jun/2015:02:25:13 -0500] "GET /BLA/resoluciones/RESOLUCIONES%202008/5665.pdf HTTP/1.1" 200 107647
157.55.39.37 - - [11/Jun/2015:02:25:13 -0500] "GET /BLA/resoluciones/RESOLUCIONES%202009/3923.pdf HTTP/1.1" 200 100910
180.76.15.161 - - [11/Jun/2015:02:25:13 -0500] "GET /BLA/resoluciones/AUTOS%202013/2671.pdf HTTP/1.1" 200 243349
157.55.39.37 - - [11/Jun/2015:02:25:13 -0500] "GET /BLA/resoluciones/RESOLUCIONES%202009/9716.pdf HTTP/1.1" 200 340050
157.55.39.37 - - [11/Jun/2015:02:25:14 -0500] "GET /BLA/resoluciones/RESOLUCIONES%202008/0316.pdf HTTP/1.1" 200 242828
207.46.13.68 - - [11/Jun/2015:02:25:24 -0500] "GET /BLA/resoluciones/RESOLUCIONES%202008/5102.pdf HTTP/1.1" 200 412041
207.46.13.104 - - [11/Jun/2015:02:25:28 -0500] "GET /BLA/resoluciones/RESOLUCIONES%202009/3687.pdf HTTP/1.1" 200 146588
207.46.13.104 - - [11/Jun/2015:02:25:28 -0500] "GET /BLA/resoluciones/AUTOS%202010/3494.pdf HTTP/1.1" 200 1489516
207.46.13.104 - - [11/Jun/2015:02:25:28 -0500] "GET /BLA/resoluciones/RESOLUCIONES%202008/0919.pdf HTTP/1.1" 200 212760
207.46.13.104 - - [11/Jun/2015:02:25:29 -0500] "GET /BLA/resoluciones/AUTOS%202009/3235.pdf HTTP/1.1" 200 193565
207.46.13.104 - - [11/Jun/2015:02:25:29 -0500] "GET /BLA/resoluciones/RESOLUCIONES%202010/0360.pdf HTTP/1.1" 200 515469
207.46.13.104 - - [11/Jun/2015:02:25:30 -0500] "GET /BLA/resoluciones/AUTOS%202011/7136.pdf HTTP/1.1" 200 173911
207.46.13.104 - - [11/Jun/2015:02:25:30 -0500] "GET /BLA/resoluciones/RESOLUCIONES%202010/1333.pdf HTTP/1.1" 200 353310
207.46.13.104 - - [11/Jun/2015:02:25:30 -0500] "GET /BLA/resoluciones/Resoluciones%202011/5275.pdf HTTP/1.1" 200 451805
180.76.15.20 - - [11/Jun/2015:02:25:30 -0500] "GET /BLA/resoluciones/AUTOS%202014/5785.pdf HTTP/1.1" 200 196991
207.46.13.104 - - [11/Jun/2015:02:25:31 -0500] "GET /bla/resoluciones/RESOLUCIONES%202011/1217.pdf HTTP/1.1" 200 510153
207.46.13.104 - - [11/Jun/2015:02:25:31 -0500] "GET /BLA/resoluciones/RESOLUCIONES%202008/4540.pdf HTTP/1.1" 200 496649
207.46.13.104 - - [11/Jun/2015:02:25:32 -0500] "GET /BLA/resoluciones/AUTOS%202009/1494.pdf HTTP/1.1" 200 112332
157.55.39.10 - - [11/Jun/2015:02:25:45 -0500] "GET /BLA/resoluciones/Resoluciones%202011/0827.pdf HTTP/1.1" 200 71439
157.55.39.10 - - [11/Jun/2015:02:25:45 -0500] "GET /BLA/resoluciones/RESOLUCIONES%202008/2472.pdf HTTP/1.1" 200 275877
190.158.80.247 - - [11/Jun/2015:02:25:46 -0500] "GET /BLA/boletinlegal/js/jquery.scrollTo-min.js HTTP/1.1" 200 1150
157.55.39.10 - - [11/Jun/2015:02:25:46 -0500] "GET /BLA/resoluciones/RESOLUCIONES%202010/1893.pdf HTTP/1.1" 200 641422
180.76.15.10 - - [11/Jun/2015:02:25:48 -0500] "GET /BLA/resoluciones/AUTOS%202009/3444.pdf HTTP/1.1" 200 97496
190.158.80.247 - - [11/Jun/2015:02:25:48 -0500] "GET /BLA/boletinlegal/js/jquery.scrollShow.js HTTP/1.1" 200 4586
190.158.80.247 - - [11/Jun/2015:02:25:48 -0500] "GET /galeria/galeria/jquery.fancybox.css?v=2.1.5 HTTP/1.1" 200 4895
190.158.80.247 - - [11/Jun/2015:02:25:48 -0500] "GET /galeria/carrusel/Carrusel/jquery.thumbnailScroller.css HTTP/1.1" 200 2066
190.158.80.247 - - [11/Jun/2015:02:25:48 -0500] "GET /galeria/galeria/jquery.fancybox.js?v=2.1.5 HTTP/1.1" 200 48706
190.158.80.247 - - [11/Jun/2015:02:25:48 -0500] "GET /galeria/carrusel/Carrusel/jquery-ui-1.8.13.custom.min.js HTTP/1.1" 200 10800
190.158.80.247 - - [11/Jun/2015:02:25:48 -0500] "GET /galeria/carrusel/Carrusel/jquery.thumbnailScroller.js HTTP/1.1" 200 8157
190.158.80.247 - - [11/Jun/2015:02:25:49 -0500] "GET /galeria/nivo-slider/demo/demo.html HTTP/1.1" 200 4410
190.158.80.247 - - [11/Jun/2015:02:25:50 -0500] "GET /galeria/nivo-slider/themes/orman/orman.css HTTP/1.1" 200 2152
190.158.80.247 - - [11/Jun/2015:02:25:50 -0500] "GET /galeria/nivo-slider/themes/pascal/pascal.css HTTP/1.1" 200 2258
190.158.80.247 - - [11/Jun/2015:02:25:50 -0500] "GET /galeria/nivo-slider/themes/default/default.css HTTP/1.1" 200 1569
190.158.80.247 - - [11/Jun/2015:02:25:50 -0500] "GET /galeria/nivo-slider/nivo-slider.css HTTP/1.1" 200 1507
190.158.80.247 - - [11/Jun/2015:02:25:50 -0500] "GET /galeria/nivo-slider/demo/style.css HTTP/1.1" 200 2222
190.158.80.247 - - [11/Jun/2015:02:25:50 -0500] "GET /galeria/nivo-slider/demo/images/9Signos.jpg HTTP/1.1" 200 81776
