201.233.178.93 - - [11/Jun/2015:06:07:23 -0500] "GET /galeria/nivo-slider/demo/images/Banner-Caracol-Africano.jpg HTTP/1.1" 200 331986
201.233.178.93 - - [11/Jun/2015:06:07:23 -0500] "GET /galeria/nivo-slider/demo/images/banner-llantas2.jpg HTTP/1.1" 200 204644
157.55.39.37 - - [11/Jun/2015:06:07:35 -0500] "GET /bla/resoluciones/resoluciones%202009/1243.pdf HTTP/1.1" 200 612463
207.46.13.104 - - [11/Jun/2015:06:07:43 -0500] "GET /BLA/resoluciones/AUTOS%202007/2494.pdf HTTP/1.1" 200 143572
207.46.13.104 - - [11/Jun/2015:06:07:43 -0500] "GET /BLA/resoluciones/AUTOS%202009/2199.pdf HTTP/1.1" 200 113803
180.76.15.14 - - [11/Jun/2015:06:07:45 -0500] "GET /BLA/resoluciones/AUTOS%202014/5557.pdf HTTP/1.1" 200 185200
207.46.13.104 - - [11/Jun/2015:06:07:45 -0500] "GET /BLA/resoluciones/AUTOS%202010/0144.pdf HTTP/1.1" 200 199643
207.46.13.104 - - [11/Jun/2015:06:07:45 -0500] "GET /bla/resoluciones/RESOLUCIONES%202011/2273.pdf HTTP/1.1" 200 505216
207.46.13.104 - - [11/Jun/2015:06:07:46 -0500] "GET /BLA/resoluciones/Autos%202008/0405.pdf HTTP/1.1" 200 178864
190.25.16.126 - - [11/Jun/2015:06:07:46 -0500] "GET /BLA/boletinlegal/js/jquery.scrollShow.js HTTP/1.1" 200 4586
190.25.16.126 - - [11/Jun/2015:06:07:46 -0500] "GET /BLA/boletinlegal/js/jquery.scrollTo-min.js HTTP/1.1" 200 1150
190.25.16.126 - - [11/Jun/2015:06:07:46 -0500] "GET /galeria/galeria/jquery.fancybox.css?v=2.1.5 HTTP/1.1" 200 4895
190.25.16.126 - - [11/Jun/2015:06:07:46 -0500] "GET /galeria/galeria/jquery.fancybox.js?v=2.1.5 HTTP/1.1" 200 48706
207.46.13.68 - - [11/Jun/2015:06:07:47 -0500] "GET /BLA/resoluciones/AUTOS%202010/3443.pdf HTTP/1.1" 200 465313
207.46.13.68 - - [11/Jun/2015:06:07:47 -0500] "GET /BLA/resoluciones/RESOLUCIONES%202008/1817.pdf HTTP/1.1" 200 264745
200.116.48.46 - - [11/Jun/2015:06:07:51 -0500] "GET /galeria/galeria/fotos/Soratama3P.jpg HTTP/1.1" 200 11298
200.116.48.46 - - [11/Jun/2015:06:07:51 -0500] "GET /galeria/galeria/jquery.fancybox.js?v=2.1.5 HTTP/1.1" 200 48706
200.116.48.46 - - [11/Jun/2015:06:07:51 -0500] "GET /galeria/galeria/jquery.fancybox.css?v=2.1.5 HTTP/1.1" 200 4895
200.116.48.46 - - [11/Jun/2015:06:07:51 -0500] "GET /galeria/galeria/fotos/Soratama2P.jpg HTTP/1.1" 200 10548
200.116.48.46 - - [11/Jun/2015:06:07:51 -0500] "GET /galeria/galeria/fotos/Soratama1P.jpg HTTP/1.1" 200 9622
157.55.39.11 - - [11/Jun/2015:06:07:52 -0500] "GET /BLA/resoluciones/Resoluciones%202011/1273.pdf HTTP/1.1" 200 363899
161.18.161.166 - - [11/Jun/2015:06:07:54 -0500] "GET /BLA/boletinlegal/js/jquery.scrollTo-min.js HTTP/1.1" 200 1150
161.18.161.166 - - [11/Jun/2015:06:07:54 -0500] "GET /BLA/boletinlegal/js/jquery.scrollShow.js HTTP/1.1" 200 4586
161.18.161.166 - - [11/Jun/2015:06:07:54 -0500] "GET /galeria/galeria/jquery.fancybox.js?v=2.1.5 HTTP/1.1" 200 48706
161.18.161.166 - - [11/Jun/2015:06:07:54 -0500] "GET /galeria/galeria/jquery.fancybox.css?v=2.1.5 HTTP/1.1" 200 4895
200.116.48.46 - - [11/Jun/2015:06:07:54 -0500] "GET /galeria/galeria/fotos/Soratama4P.jpg HTTP/1.1" 200 10482
207.46.13.104 - - [11/Jun/2015:06:07:58 -0500] "GET /BLA/resoluciones/RESOLUCIONES%202010/5830.pdf HTTP/1.1" 200 602632
207.46.13.104 - - [11/Jun/2015:06:07:59 -0500] "GET /BLA/resoluciones/RESOLUCIONES%202010/7450.pdf HTTP/1.1" 200 451361
207.46.13.104 - - [11/Jun/2015:06:07:59 -0500] "GET /BLA/resoluciones/RESOLUCIONES%202012/1546.pdf HTTP/1.1" 200 797424
207.46.13.104 - - [11/Jun/2015:06:08:00 -0500] "GET /bla/resoluciones/RESOLUCIONES%202011/4062.pdf HTTP/1.1" 200 68049
180.76.15.152 - - [11/Jun/2015:06:08:02 -0500] "GET /BLA/boletinlegal;jsessionid=09044A16C7477A7D4F51C96F194912DE?/? HTTP/1.1" 404 1018
161.18.161.166 - - [11/Jun/2015:06:08:04 -0500] "GET /BLA/boletinlegal/js/jquery.scrollTo-min.js HTTP/1.1" 304 -
161.18.161.166 - - [11/Jun/2015:06:08:04 -0500] "GET /BLA/boletinlegal/js/jquery.scrollShow.js HTTP/1.1" 304 -
161.18.161.166 - - [11/Jun/2015:06:08:04 -0500] "GET /galeria/galeria/jquery.fancybox.js?v=2.1.5 HTTP/1.1" 304 -
161.18.161.166 - - [11/Jun/2015:06:08:04 -0500] "GET /galeria/galeria/jquery.fancybox.css?v=2.1.5 HTTP/1.1" 304 -
190.42.16.160 - - [11/Jun/2015:06:08:06 -0500] "GET /galeria/galeria/jquery.fancybox.js?v=2.1.5 HTTP/1.1" 200 48706
190.42.16.160 - - [11/Jun/2015:06:08:06 -0500] "GET /galeria/galeria/jquery.fancybox.css?v=2.1.5 HTTP/1.1" 200 4895
200.116.48.46 - - [11/Jun/2015:06:08:08 -0500] "GET /galeria/galeria/fotos/Soratama1P.jpg HTTP/1.1" 200 9622
157.55.39.134 - - [11/Jun/2015:06:08:09 -0500] "GET /BLA/resoluciones/RESOLUCIONES%202010/2290.pdf HTTP/1.1" 200 1047105
157.55.39.134 - - [11/Jun/2015:06:08:09 -0500] "GET /BLA/resoluciones/Resoluciones%202011/5406.pdf HTTP/1.1" 200 460135
207.46.13.104 - - [11/Jun/2015:06:08:20 -0500] "GET /BLA/resoluciones/RESOLUCIONES%202010/7848.pdf HTTP/1.1" 200 90333
200.116.48.46 - - [11/Jun/2015:06:08:23 -0500] "GET /galeria/galeria/fotos/Soratama2P.jpg HTTP/1.1" 200 10548
190.42.16.160 - - [11/Jun/2015:06:08:34 -0500] "GET /galeria/galeria/jquery.fancybox.js?v=2.1.5 HTTP/1.1" 200 48706
190.42.16.160 - - [11/Jun/2015:06:08:34 -0500] "GET /galeria/galeria/jquery.fancybox.css?v=2.1.5 HTTP/1.1" 200 4895
180.76.15.7 - - [11/Jun/2015:06:08:37 -0500] "GET /BLA/resoluciones/AUTOS%202009/1674.pdf HTTP/1.1" 200 124095
200.116.48.46 - - [11/Jun/2015:06:08:37 -0500] "GET /galeria/galeria/fotos/Soratama3P.jpg HTTP/1.1" 200 11298
157.55.39.10 - - [11/Jun/2015:06:08:38 -0500] "GET /BLA/resoluciones/RESOLUCIONES%202010/7001.pdf HTTP/1.1" 200 95079
200.116.48.46 - - [11/Jun/2015:06:08:47 -0500] "GET /galeria/galeria/fotos/Soratama4P.jpg HTTP/1.1" 200 10482
207.46.13.68 - - [11/Jun/2015:06:08:49 -0500] "GET /BLA/resoluciones/AUTOS%202011/5676.pdf HTTP/1.1" 200 289046
207.46.13.68 - - [11/Jun/2015:06:08:50 -0500] "GET /BLA/resoluciones/RESOLUCIONES%202010/7575.pdf HTTP/1.1" 200 880616
180.76.15.31 - - [11/Jun/2015:06:08:54 -0500] "GET /BLA/resoluciones/AUTOS%202009/0235.pdf HTTP/1.1" 200 101470
207.46.13.104 - - [11/Jun/2015:06:08:55 -0500] "GET /BLA/resoluciones/RESOLUCIONES%202011/1580.pdf HTTP/1.1" 200 61755
207.46.13.104 - - [11/Jun/2015:06:08:56 -0500] "GET /BLA/resoluciones/RESOLUCIONES%202008/5590.pdf HTTP/1.1" 200 247543
74.86.158.107 - - [11/Jun/2015:06:08:59 -0500] "HEAD / HTTP/1.1" 200 -
157.55.39.11 - - [11/Jun/2015:06:08:59 -0500] "GET /BLA/resoluciones/Resoluciones%202011/0120.pdf HTTP/1.1" 200 218771
157.55.39.37 - - [11/Jun/2015:06:09:04 -0500] "GET /BLA/resoluciones/RESOLUCIONES%202014/3229.pdf HTTP/1.1" 200 4079933
157.55.39.37 - - [11/Jun/2015:06:09:05 -0500] "GET /BLA/resoluciones/RESOLUCIONES%202008/3255.pdf HTTP/1.1" 200 215000
157.55.39.37 - - [11/Jun/2015:06:09:06 -0500] "GET /BLA/resoluciones/AUTOS%202011/3041.pdf HTTP/1.1" 200 191495
157.55.39.134 - - [11/Jun/2015:06:09:09 -0500] "GET /BLA/resoluciones/AUTOS%202009/2903.pdf HTTP/1.1" 200 88972
157.55.39.134 - - [11/Jun/2015:06:09:10 -0500] "GET /bla/resoluciones/RESOLUCIONES%202009/2402.pdf HTTP/1.1" 200 320761
180.76.15.142 - - [11/Jun/2015:06:09:14 -0500] "GET /BLA/resoluciones/AUTOS%202014/5921.pdf HTTP/1.1" 200 153253
207.46.13.68 - - [11/Jun/2015:06:09:15 -0500] "GET /BLA/resoluciones/RESOLUCIONES%202014/0746.pdf HTTP/1.1" 200 538217
207.46.13.68 - - [11/Jun/2015:06:09:16 -0500] "GET /bla/resoluciones/resoluciones%202009/5620.pdf HTTP/1.1" 200 331480
157.55.39.10 - - [11/Jun/2015:06:09:27 -0500] "GET /BLA/resoluciones/RESOLUCIONES%202010/1172.pdf HTTP/1.1" 200 107216
207.46.13.68 - - [11/Jun/2015:06:09:32 -0500] "GET /BLA/resoluciones/AUTOS%202007/1999.pdf HTTP/1.1" 200 33478
207.46.13.104 - - [11/Jun/2015:06:09:43 -0500] "GET /BLA/resoluciones/AUTOS%202009/0359.pdf HTTP/1.1" 200 182525
157.55.39.10 - - [11/Jun/2015:06:09:48 -0500] "GET /bla/resoluciones/RESOLUCIONES%202011/0357.pdf HTTP/1.1" 200 83611
181.54.152.170 - - [11/Jun/2015:06:09:49 -0500] "GET /forest/misactividades.do?group_system_actual=3&codPro=95&_a=0.1338055570021761 HTTP/1.1" 200 38238
181.54.152.170 - - [11/Jun/2015:06:09:49 -0500] "GET /forest/session.jsp?a=0.7641993630677462 HTTP/1.1" 200 4
181.54.152.170 - - [11/Jun/2015:06:09:49 -0500] "POST /forest/misactividades.do?ajax=true&a=0.1279379699844867 HTTP/1.1" 200 6672
157.55.39.37 - - [11/Jun/2015:06:09:53 -0500] "GET /BLA/resoluciones/RESOLUCIONES%202014/0187.pdf HTTP/1.1" 200 665041
157.55.39.37 - - [11/Jun/2015:06:09:53 -0500] "GET /bla/resoluciones/resoluciones%202009/0963.pdf HTTP/1.1" 200 673793
157.55.39.37 - - [11/Jun/2015:06:09:54 -0500] "GET /BLA/resoluciones/RESOLUCIONES%202008/1352.pdf HTTP/1.1" 200 272603
207.46.13.104 - - [11/Jun/2015:06:09:58 -0500] "GET /BLA/resoluciones/Resoluciones%202011/4179.pdf HTTP/1.1" 200 642660
207.46.13.104 - - [11/Jun/2015:06:09:59 -0500] "GET /BLA/resoluciones/RESOLUCIONES%202008/1139.pdf HTTP/1.1" 200 326669
157.55.39.37 - - [11/Jun/2015:06:09:54 -0500] "GET /BLA/resoluciones/Resoluciones%202011/?C=S;O=A HTTP/1.1" 200 601349
157.55.39.37 - - [11/Jun/2015:06:10:01 -0500] "GET /BLA/resoluciones/AUTOS%202011/4564.pdf HTTP/1.1" 200 241339
180.76.15.147 - - [11/Jun/2015:06:10:03 -0500] "GET /BLA/resoluciones/AUTOS%202010/6620.pdf HTTP/1.1" 200 154911
207.46.13.68 - - [11/Jun/2015:06:10:03 -0500] "GET /BLA/resoluciones/AUTOS%202011/7366.pdf HTTP/1.1" 200 166924
157.55.39.37 - - [11/Jun/2015:06:10:11 -0500] "GET /BLA/resoluciones/RESOLUCIONES%202010/7570.pdf HTTP/1.1" 200 66638
157.55.39.37 - - [11/Jun/2015:06:10:14 -0500] "GET /BLA/resoluciones/Autos%202008/0794.pdf HTTP/1.1" 200 69942
207.46.13.104 - - [11/Jun/2015:06:10:18 -0500] "GET /BLA/resoluciones/RESOLUCIONES%202012/1567.pdf HTTP/1.1" 200 3167999
207.46.13.104 - - [11/Jun/2015:06:10:19 -0500] "GET /BLA/resoluciones/RESOLUCIONES%202010/0058.pdf HTTP/1.1" 200 505594
181.54.152.170 - - [11/Jun/2015:06:10:22 -0500] "GET /forest/usutareas.do?_a=0.6751710344105959&group_system_actual=3 HTTP/1.1" 200 122573
181.54.152.170 - - [11/Jun/2015:06:10:23 -0500] "GET /forest/skins/gdocs-jar/img/pencil.png HTTP/1.1" 304 -
181.54.152.170 - - [11/Jun/2015:06:10:23 -0500] "GET /forest/skins/gdocs-jar/img/close.gif HTTP/1.1" 304 -
181.54.152.170 - - [11/Jun/2015:06:10:23 -0500] "GET /forest/skins/gdocs-jar/img/minus.png HTTP/1.1" 304 -
181.54.152.170 - - [11/Jun/2015:06:10:23 -0500] "GET /forest/session.jsp?a=0.290525529300794 HTTP/1.1" 200 4
181.54.152.170 - - [11/Jun/2015:06:10:25 -0500] "GET /favicon.ico HTTP/1.1" 200 7782
181.54.152.170 - - [11/Jun/2015:06:10:25 -0500] "GET /forest/documentos/2085488/2015ER93115.pdf HTTP/1.1" 200 82415
66.249.79.120 - - [11/Jun/2015:06:10:28 -0500] "GET /BLA/resoluciones/RESOLUCIONES%202007/RES%202007%202401%20AL%202500/RESOLUCION%202456%20DE%202007.pdf HTTP/1.1" 200 577987
157.55.39.37 - - [11/Jun/2015:06:10:29 -0500] "GET /BLA/resoluciones/RESOLUCIONES%202009/0220.pdf HTTP/1.1" 200 203931
157.55.39.37 - - [11/Jun/2015:06:10:30 -0500] "GET /BLA/resoluciones/AUTOS%202007/0936.pdf HTTP/1.1" 200 23003
180.76.15.139 - - [11/Jun/2015:06:10:37 -0500] "GET /BLA/boletinlegal;jsessionid=3B9F62B36DA599C7F58AFAE059893100?/? HTTP/1.1" 404 1018
157.55.39.10 - - [11/Jun/2015:06:10:50 -0500] "GET /BLA/resoluciones/AUTOS%202009/0122.pdf HTTP/1.1" 200 69479
157.55.39.10 - - [11/Jun/2015:06:10:50 -0500] "GET /BLA/resoluciones/Resoluciones%202011/4717.pdf HTTP/1.1" 200 436569
180.76.15.145 - - [11/Jun/2015:06:10:55 -0500] "GET /BLA/resoluciones/AUTOS%202014/5580.pdf HTTP/1.1" 200 1267120
152.61.128.66 - - [11/Jun/2015:06:10:55 -0500] "HEAD / HTTP/1.1" 200 -
152.61.128.66 - - [11/Jun/2015:06:10:55 -0500] "GET /arcgis/services/Calidad_del_Agua_WQI/MapServer/WMSServer?SERVICE=WMS&REQUEST=GetCapabilities HTTP/1.1" 200 32135
152.61.128.66 - - [11/Jun/2015:06:10:56 -0500] "GET /arcgis/services/Calidad_del_Agua_WQI/MapServer/WMSServer?SERVICE=WMS&REQUEST=GetCapabilities HTTP/1.0" 200 32135
152.61.128.66 - - [11/Jun/2015:06:10:57 -0500] "GET /arcgis/services/Calidad_del_Agua_WQI/MapServer/WMSServer?SERVICE=WMS&REQUEST=GetCapabilities HTTP/1.0" 200 32135
152.61.128.66 - - [11/Jun/2015:06:10:58 -0500] "GET /arcgis/services/Calidad_del_Agua_WQI/MapServer/WMSServer?SERVICE=WMS&REQUEST=GetCapabilities HTTP/1.0" 200 32135
152.61.128.66 - - [11/Jun/2015:06:10:59 -0500] "GET /arcgis/services/Calidad_del_Agua_WQI/MapServer/WMSServer?VERSION=1.1.1&REQUEST=GetMap&LAYERS=0&SRS=EPSG:4326&BBOX=-74.473395,3.674381,-73.963300,4.920569&WIDTH=250&HEIGHT=250&FORMAT=image/bmp&STYLES=& HTTP/1.1" 200 188054
207.46.13.68 - - [11/Jun/2015:06:11:00 -0500] "GET /BLA/resoluciones/RESOLUCIONES%202010/6419.pdf HTTP/1.1" 200 60470
207.46.13.68 - - [11/Jun/2015:06:11:01 -0500] "GET /bla/resoluciones/RESOLUCIONES%202009/0944.pdf HTTP/1.1" 200 433387
207.46.13.104 - - [11/Jun/2015:06:11:05 -0500] "GET /BLA/resoluciones/RESOLUCIONES%202014/0686.pdf HTTP/1.1" 200 2148637
157.55.39.134 - - [11/Jun/2015:06:11:10 -0500] "GET /bla/resoluciones/RESOLUCIONES%202009/1883.pdf HTTP/1.1" 200 418895
157.55.39.134 - - [11/Jun/2015:06:11:11 -0500] "GET /bla/resoluciones/RESOLUCIONES%202009/1032.pdf HTTP/1.1" 200 204676
180.76.15.21 - - [11/Jun/2015:06:11:12 -0500] "GET /BLA/boletinlegal;jsessionid=C612BF83EF85AAD4C5CE7B6D7905A0F6?/? HTTP/1.1" 404 1018
207.46.13.68 - - [11/Jun/2015:06:11:15 -0500] "GET /bla/resoluciones/RESOLUCIONES%202011/1951.pdf HTTP/1.1" 200 348829
207.46.13.68 - - [11/Jun/2015:06:11:16 -0500] "GET /BLA/resoluciones/RESOLUCIONES%202009/8915.pdf HTTP/1.1" 200 332546
66.249.79.133 - - [11/Jun/2015:06:11:20 -0500] "GET /BLA/resoluciones/RESOLUCIONES%202008/0026.pdf HTTP/1.1" 304 -
180.76.15.7 - - [11/Jun/2015:06:11:29 -0500] "GET /Autoliquidacion/Solicitudes%20relacionadas%20con%20calidad%20del%20aire%20auditiva%20y%20visual/Evaluaci%C3%B3n%20de%20Estudios%20de%20ruido/Aplicativo%20Evaluacion%20estudios%20de%20ruido%202015.xlsx HTTP/1.1" 200 77856
207.46.13.104 - - [11/Jun/2015:06:11:33 -0500] "GET /BLA/resoluciones/RESOLUCIONES%202010/2460.pdf HTTP/1.1" 200 493808
157.55.39.37 - - [11/Jun/2015:06:11:42 -0500] "GET /bla/resoluciones/resoluciones%202009/0505.pdf HTTP/1.1" 200 16413
180.76.15.158 - - [11/Jun/2015:06:11:42 -0500] "GET / HTTP/1.1" 200 10190
157.55.39.37 - - [11/Jun/2015:06:11:45 -0500] "GET /BLA/resoluciones/AUTOS%202011/5293.pdf HTTP/1.1" 200 508934
157.55.39.37 - - [11/Jun/2015:06:11:45 -0500] "GET /BLA/resoluciones/AUTOS%202007/1255.pdf HTTP/1.1" 200 62087
180.76.15.8 - - [11/Jun/2015:06:11:46 -0500] "GET /BLA/resoluciones/AUTOS%202009/0231.pdf HTTP/1.1" 200 121179
207.46.13.68 - - [11/Jun/2015:06:11:47 -0500] "GET /BLA/resoluciones/RESOLUCIONES%202010/0024.pdf HTTP/1.1" 200 380446
157.55.39.11 - - [11/Jun/2015:06:11:51 -0500] "GET /bla/resoluciones/RESOLUCIONES%202009/0362.pdf HTTP/1.1" 200 368361
157.55.39.11 - - [11/Jun/2015:06:11:51 -0500] "GET /BLA/resoluciones/AUTOS%202009/1450.pdf HTTP/1.1" 200 111769
157.55.39.11 - - [11/Jun/2015:06:11:51 -0500] "GET /BLA/resoluciones/AUTOS%202007/1751.pdf HTTP/1.1" 200 29119
157.55.39.11 - - [11/Jun/2015:06:11:52 -0500] "GET /BLA/resoluciones/RESOLUCIONES%202008/0356.pdf HTTP/1.1" 200 283649
207.46.13.104 - - [11/Jun/2015:06:11:56 -0500] "GET /BLA/resoluciones/RESOLUCIONES%202011/3026.pdf HTTP/1.1" 200 661168
207.46.13.68 - - [11/Jun/2015:06:12:03 -0500] "GET /BLA/resoluciones/RESOLUCIONES%202010/0889.pdf HTTP/1.1" 200 108412
207.46.13.68 - - [11/Jun/2015:06:12:03 -0500] "GET /BLA/resoluciones/RESOLUCIONES%202010/1395.pdf HTTP/1.1" 200 520903
157.55.39.134 - - [11/Jun/2015:06:12:16 -0500] "GET /BLA/resoluciones/AUTOS%202007/2762.pdf HTTP/1.1" 200 77791
207.46.13.104 - - [11/Jun/2015:06:12:20 -0500] "GET /BLA/resoluciones/Resoluciones%202011/3099.pdf HTTP/1.1" 200 871338
207.46.13.104 - - [11/Jun/2015:06:12:20 -0500] "GET /BLA/resoluciones/RESOLUCIONES%202011/0228.pdf HTTP/1.1" 200 72827
207.46.13.104 - - [11/Jun/2015:06:12:21 -0500] "GET /BLA/resoluciones/RESOLUCIONES%202008/2625.pdf HTTP/1.1" 200 209731
207.46.13.104 - - [11/Jun/2015:06:12:22 -0500] "GET /BLA/resoluciones/AUTOS%202010/1121.pdf HTTP/1.1" 200 184039
181.54.152.170 - - [11/Jun/2015:06:12:24 -0500] "GET /forest/misactividades.do?_a=0.1919146382715553&group_system_actual=3 HTTP/1.1" 200 37602
181.54.152.170 - - [11/Jun/2015:06:12:24 -0500] "GET /forest/session.jsp?a=0.3360379470977932 HTTP/1.1" 200 4
181.54.152.170 - - [11/Jun/2015:06:12:24 -0500] "POST /forest/misactividades.do?ajax=true&a=0.9730018856935203 HTTP/1.1" 200 6711
181.179.164.103 - - [11/Jun/2015:06:12:28 -0500] "GET /BLA/boletinlegal/js/jquery.scrollTo-min.js HTTP/1.1" 200 1150
181.179.164.103 - - [11/Jun/2015:06:12:28 -0500] "GET /BLA/boletinlegal/js/jquery.scrollShow.js HTTP/1.1" 200 4586
181.179.164.103 - - [11/Jun/2015:06:12:28 -0500] "GET /galeria/galeria/jquery.fancybox.js?v=2.1.5 HTTP/1.1" 200 48706
181.179.164.103 - - [11/Jun/2015:06:12:28 -0500] "GET /galeria/galeria/jquery.fancybox.css?v=2.1.5 HTTP/1.1" 200 4895
181.179.164.103 - - [11/Jun/2015:06:12:29 -0500] "GET /galeria/carrusel/Carrusel/jquery.thumbnailScroller.css HTTP/1.1" 200 2066
181.179.164.103 - - [11/Jun/2015:06:12:29 -0500] "GET /galeria/carrusel/Carrusel/jquery-ui-1.8.13.custom.min.js HTTP/1.1" 200 10800
181.179.164.103 - - [11/Jun/2015:06:12:29 -0500] "GET /galeria/carrusel/Carrusel/jquery.thumbnailScroller.js HTTP/1.1" 200 8157
181.54.152.170 - - [11/Jun/2015:06:12:33 -0500] "GET /forest/usutareas.do?_a=0.28113591601140797&group_system_actual=3 HTTP/1.1" 200 122791
181.54.152.170 - - [11/Jun/2015:06:12:36 -0500] "GET /forest/session.jsp?a=0.8299856623634696 HTTP/1.1" 200 4
180.76.15.34 - - [11/Jun/2015:06:12:37 -0500] "GET /BLA/resoluciones/AUTOS%202010/0502.pdf HTTP/1.1" 200 352454
181.54.152.170 - - [11/Jun/2015:06:12:37 -0500] "GET /forest/documentos/2086466/2015ER94093.pdf HTTP/1.1" 200 244612
207.46.13.68 - - [11/Jun/2015:06:12:42 -0500] "GET /BLA/resoluciones/RESOLUCIONES%202010/1999.pdf HTTP/1.1" 200 336320
157.55.39.10 - - [11/Jun/2015:06:12:46 -0500] "GET /BLA/resoluciones/RESOLUCIONES%202007/RES%202007%203401%20AL%203500/RESOLUCION%203472%20DE%202007.pdf HTTP/1.1" 200 407196
157.55.39.10 - - [11/Jun/2015:06:12:46 -0500] "GET /BLA/resoluciones/Resoluciones%202011/3991.pdf HTTP/1.1" 200 152027
157.55.39.10 - - [11/Jun/2015:06:12:48 -0500] "GET /BLA/resoluciones/Autos%202008/0782.pdf HTTP/1.1" 200 77291
180.76.15.16 - - [11/Jun/2015:06:12:50 -0500] "GET /BLA/boletinlegal;jsessionid=CABD7A828FFB0DAC9990E848BA765CE6?/? HTTP/1.1" 404 1018
207.46.13.68 - - [11/Jun/2015:06:12:52 -0500] "GET /bla/resoluciones/resoluciones%202009/1954.pdf HTTP/1.1" 200 599125
207.46.13.104 - - [11/Jun/2015:06:13:03 -0500] "GET /bla/resoluciones/RESOLUCIONES%202011/1825.pdf HTTP/1.1" 200 502462
180.76.15.135 - - [11/Jun/2015:06:13:06 -0500] "GET /BLA/resoluciones/AUTOS%202010/4506.pdf HTTP/1.1" 200 326365
157.55.39.134 - - [11/Jun/2015:06:13:08 -0500] "GET /BLA/resoluciones/AUTOS%202007/2461.pdf HTTP/1.1" 200 88531
207.46.13.68 - - [11/Jun/2015:06:13:13 -0500] "GET /BLA/resoluciones/Resoluciones%202011/1235.pdf HTTP/1.1" 200 273353
207.46.13.104 - - [11/Jun/2015:06:13:18 -0500] "GET /BLA/resoluciones/RESOLUCIONES%202010/0978.pdf HTTP/1.1" 200 126124
157.55.39.37 - - [11/Jun/2015:06:13:22 -0500] "GET /bla/resoluciones/RESOLUCIONES%202009/0960.pdf HTTP/1.1" 200 591287
157.55.39.37 - - [11/Jun/2015:06:13:23 -0500] "GET /BLA/resoluciones/AUTOS%202009/3145.pdf HTTP/1.1" 200 133989
207.46.13.104 - - [11/Jun/2015:06:13:38 -0500] "GET /BLA/resoluciones/RESOLUCIONES%202010/2468.pdf HTTP/1.1" 200 496446
180.76.15.7 - - [11/Jun/2015:06:13:40 -0500] "GET /BLA/resoluciones/AUTOS%202009/3112.pdf HTTP/1.1" 200 153801
207.46.13.68 - - [11/Jun/2015:06:13:42 -0500] "GET /BLA/resoluciones/RESOLUCIONES%202010/6117.pdf HTTP/1.1" 200 648525
207.46.13.104 - - [11/Jun/2015:06:13:55 -0500] "GET /bla/resoluciones/RESOLUCIONES%202009/1713.pdf HTTP/1.1" 200 644344
157.55.39.37 - - [11/Jun/2015:06:13:58 -0500] "GET /BLA/resoluciones/Resoluciones%202011/0556.pdf HTTP/1.1" 200 89085
74.86.158.107 - - [11/Jun/2015:06:13:58 -0500] "HEAD / HTTP/1.1" 200 -
180.76.15.22 - - [11/Jun/2015:06:13:59 -0500] "GET /BLA/resoluciones/AUTOS%202010/4826.pdf HTTP/1.1" 200 365005
207.46.13.104 - - [11/Jun/2015:06:14:03 -0500] "GET /BLA/resoluciones/RESOLUCIONES%202008/0276.pdf HTTP/1.1" 200 398263
201.245.192.253 - - [11/Jun/2015:06:14:06 -0500] "GET /galeria/nivo-slider/demo/demo.html HTTP/1.1" 304 -
201.245.192.253 - - [11/Jun/2015:06:14:09 -0500] "GET /galeria/nivo-slider/demo/images/GAE-banner.jpg HTTP/1.1" 304 -
157.55.39.134 - - [11/Jun/2015:06:14:09 -0500] "GET /BLA/resoluciones/AUTOS%202009/0818.pdf HTTP/1.1" 200 77503
207.46.13.68 - - [11/Jun/2015:06:14:14 -0500] "GET /BLA/resoluciones/Autos%202008/2405.pdf HTTP/1.1" 200 81143
180.76.15.10 - - [11/Jun/2015:06:14:15 -0500] "GET /BLA/resoluciones/AUTOS%202009/1329.pdf HTTP/1.1" 200 90734
157.55.39.37 - - [11/Jun/2015:06:14:19 -0500] "GET /bla/resoluciones/RESOLUCIONES%202011/3138.pdf HTTP/1.1" 200 759575
207.46.13.68 - - [11/Jun/2015:06:14:44 -0500] "GET /BLA/resoluciones/AUTOS%202007/2327.pdf HTTP/1.1" 200 156963
207.46.13.68 - - [11/Jun/2015:06:14:44 -0500] "GET /BLA/resoluciones/RESOLUCIONES%202010/2518.pdf HTTP/1.1" 200 289707
180.76.15.12 - - [11/Jun/2015:06:14:50 -0500] "GET /BLA/resoluciones/AUTOS%202009/2024.pdf HTTP/1.1" 200 99851
207.46.13.104 - - [11/Jun/2015:06:14:53 -0500] "GET /BLA/resoluciones/AUTOS%202011/5040.pdf HTTP/1.1" 200 667565
207.46.13.104 - - [11/Jun/2015:06:14:54 -0500] "GET /BLA/resoluciones/RESOLUCIONES%202014/1667.pdf HTTP/1.1" 200 578914
207.46.13.68 - - [11/Jun/2015:06:14:58 -0500] "GET /BLA/resoluciones/Autos%202008/1553.pdf HTTP/1.1" 200 87945
207.46.13.68 - - [11/Jun/2015:06:15:03 -0500] "GET /bla/resoluciones/resoluciones%202009/4809.pdf HTTP/1.1" 200 308071
180.76.15.15 - - [11/Jun/2015:06:15:07 -0500] "GET /BLA/resoluciones/RESOLUCIONES%202008/1981.pdf HTTP/1.1" 200 308572
207.46.13.104 - - [11/Jun/2015:06:15:08 -0500] "GET /bla/resoluciones/RESOLUCIONES%202011/1897.pdf HTTP/1.1" 200 522202
190.14.232.130 - - [11/Jun/2015:06:15:07 -0500] "GET /videos/QueEsPREAD.flv HTTP/1.1" 200 15958405
207.46.13.104 - - [11/Jun/2015:06:15:08 -0500] "GET /BLA/resoluciones/Resoluciones%202011/5144.pdf HTTP/1.1" 200 599938
207.46.13.104 - - [11/Jun/2015:06:15:09 -0500] "GET /BLA/resoluciones/Autos%202008/2284.pdf HTTP/1.1" 200 104503
190.14.232.130 - - [11/Jun/2015:06:15:11 -0500] "GET /videos/EMPRESASPREAD2013.flv HTTP/1.1" 200 40598582
157.55.39.134 - - [11/Jun/2015:06:15:14 -0500] "GET /BLA/resoluciones/AUTOS%202011/3244.pdf HTTP/1.1" 200 225935
157.55.39.134 - - [11/Jun/2015:06:15:15 -0500] "GET /BLA/resoluciones/Resoluciones%202011/2076.pdf HTTP/1.1" 200 508513
157.55.39.134 - - [11/Jun/2015:06:15:15 -0500] "GET /bla/resoluciones/resoluciones%202009/0387.pdf HTTP/1.1" 200 354736
157.55.39.134 - - [11/Jun/2015:06:15:15 -0500] "GET /BLA/resoluciones/RESOLUCIONES%202009/0893.pdf HTTP/1.1" 200 208940
66.249.79.120 - - [11/Jun/2015:06:15:16 -0500] "GET /BLA/resoluciones/RESOLUCIONES%202008/0026.pdf HTTP/1.1" 304 -
157.55.39.134 - - [11/Jun/2015:06:15:17 -0500] "GET /BLA/resoluciones/RESOLUCIONES%202011/2701.pdf HTTP/1.1" 200 770072
186.28.79.46 - - [11/Jun/2015:06:15:22 -0500] "GET /galeria/galeria/jquery.fancybox.css?v=2.1.5 HTTP/1.1" 200 4895
180.76.15.162 - - [11/Jun/2015:06:15:24 -0500] "GET /BLA/resoluciones/AUTOS%202009/0808.pdf HTTP/1.1" 200 75579
157.55.39.37 - - [11/Jun/2015:06:15:25 -0500] "GET /BLA/resoluciones/RESOLUCIONES%202009/0336.pdf HTTP/1.1" 200 256263
157.55.39.37 - - [11/Jun/2015:06:15:25 -0500] "GET /BLA/resoluciones/Resoluciones%202011/0286.pdf HTTP/1.1" 200 96237
157.55.39.37 - - [11/Jun/2015:06:15:26 -0500] "GET /bla/resoluciones/resoluciones%202009/2046.pdf HTTP/1.1" 200 769770
157.55.39.37 - - [11/Jun/2015:06:15:26 -0500] "GET /BLA/resoluciones/RESOLUCIONES%202014/1409.pdf HTTP/1.1" 200 574313
157.55.39.37 - - [11/Jun/2015:06:15:27 -0500] "GET /BLA/resoluciones/RESOLUCIONES%202010/0445.pdf HTTP/1.1" 200 107682
157.55.39.37 - - [11/Jun/2015:06:15:27 -0500] "GET /BLA/resoluciones/RESOLUCIONES%202011/4416.pdf HTTP/1.1" 200 361135
157.55.39.37 - - [11/Jun/2015:06:15:27 -0500] "GET /BLA/resoluciones/Resoluciones%202011/5306.pdf HTTP/1.1" 200 408287
157.55.39.37 - - [11/Jun/2015:06:15:28 -0500] "GET /BLA/resoluciones/AUTOS%202007/2599.pdf HTTP/1.1" 200 80532
190.14.232.130 - - [11/Jun/2015:06:15:41 -0500] "GET /videos/EMPRESASPREAD2013.flv HTTP/1.1" 206 1
190.14.232.130 - - [11/Jun/2015:06:15:41 -0500] "GET /videos/EMPRESASPREAD2013.flv HTTP/1.1" 206 36404060
207.46.13.68 - - [11/Jun/2015:06:15:43 -0500] "GET /BLA/resoluciones/RESOLUCIONES%202009/1045.pdf HTTP/1.1" 200 202973
157.55.39.37 - - [11/Jun/2015:06:15:47 -0500] "GET /BLA/resoluciones/Resoluciones%202011/4674.pdf HTTP/1.1" 200 557312
157.55.39.37 - - [11/Jun/2015:06:15:48 -0500] "GET /BLA/resoluciones/AUTOS%202011/0958.pdf HTTP/1.1" 200 154963
207.46.13.104 - - [11/Jun/2015:06:15:52 -0500] "GET /BLA/resoluciones/RESOLUCIONES%202009/7841.pdf HTTP/1.1" 200 319186
207.46.13.68 - - [11/Jun/2015:06:15:58 -0500] "GET /BLA/resoluciones/Resoluciones%202011/2819.pdf HTTP/1.1" 200 189883
181.48.9.61 - - [11/Jun/2015:06:16:01 -0500] "GET /BLA/boletinlegal/js/jquery.scrollShow.js HTTP/1.1" 304 -
181.48.9.61 - - [11/Jun/2015:06:16:01 -0500] "GET /BLA/boletinlegal/js/jquery.scrollTo-min.js HTTP/1.1" 304 -
181.48.9.61 - - [11/Jun/2015:06:16:01 -0500] "GET /galeria/galeria/jquery.fancybox.css?v=2.1.5 HTTP/1.1" 304 -
181.48.9.61 - - [11/Jun/2015:06:16:01 -0500] "GET /galeria/galeria/jquery.fancybox.js?v=2.1.5 HTTP/1.1" 304 -
157.55.39.37 - - [11/Jun/2015:06:16:05 -0500] "GET /bla/resoluciones/RESOLUCIONES%202011/0796.pdf HTTP/1.1" 200 301723
157.55.39.134 - - [11/Jun/2015:06:16:12 -0500] "GET /BLA/resoluciones/RESOLUCIONES%202009/9711.pdf HTTP/1.1" 200 321622
207.46.13.68 - - [11/Jun/2015:06:16:16 -0500] "GET /bla/resoluciones/resoluciones%202009/0087.pdf HTTP/1.1" 200 194108
157.55.39.37 - - [11/Jun/2015:06:16:25 -0500] "GET /BLA/resoluciones/AUTOS%202007/3374.pdf HTTP/1.1" 200 123398
157.55.39.37 - - [11/Jun/2015:06:16:25 -0500] "GET /BLA/resoluciones/Resoluciones%202011/4977.pdf HTTP/1.1" 200 348917
181.48.9.61 - - [11/Jun/2015:06:16:29 -0500] "GET /BLA/boletinlegal/js/jquery.scrollShow.js HTTP/1.1" 304 -
181.48.9.61 - - [11/Jun/2015:06:16:29 -0500] "GET /galeria/galeria/jquery.fancybox.css?v=2.1.5 HTTP/1.1" 304 -
181.48.9.61 - - [11/Jun/2015:06:16:29 -0500] "GET /BLA/boletinlegal/js/jquery.scrollTo-min.js HTTP/1.1" 304 -
181.48.9.61 - - [11/Jun/2015:06:16:29 -0500] "GET /galeria/galeria/jquery.fancybox.js?v=2.1.5 HTTP/1.1" 304 -
207.46.13.104 - - [11/Jun/2015:06:16:32 -0500] "GET /BLA/resoluciones/RESOLUCIONES%202010/0641.pdf HTTP/1.1" 200 512769
180.76.15.22 - - [11/Jun/2015:06:16:33 -0500] "GET /BLA/resoluciones/AUTOS%202009/2792.pdf HTTP/1.1" 200 73450
207.46.13.104 - - [11/Jun/2015:06:16:33 -0500] "GET /BLA/resoluciones/RESOLUCIONES%202008/4304.pdf HTTP/1.1" 200 391900
207.46.13.104 - - [11/Jun/2015:06:16:33 -0500] "GET /BLA/resoluciones/RESOLUCIONES%202011/0403.pdf HTTP/1.1" 200 272691
207.46.13.104 - - [11/Jun/2015:06:16:34 -0500] "GET /BLA/resoluciones/RESOLUCIONES%202010/2352.pdf HTTP/1.1" 200 480749
207.46.13.104 - - [11/Jun/2015:06:16:34 -0500] "GET /BLA/boletinlegal/Directivas/2013/Directiva%20No.%201%20del%2004%20de%20Abril%20de%202013.pdf HTTP/1.1" 200 472003
207.46.13.68 - - [11/Jun/2015:06:16:36 -0500] "GET /BLA/resoluciones/AUTOS%202011/2615.pdf HTTP/1.1" 200 159319
157.55.39.37 - - [11/Jun/2015:06:16:49 -0500] "GET /bla/resoluciones/resoluciones%202009/1553.pdf HTTP/1.1" 200 464720
180.76.15.151 - - [11/Jun/2015:06:16:50 -0500] "GET /BLA/resoluciones/AUTOS%202011/0942.pdf HTTP/1.1" 200 158669
207.46.13.104 - - [11/Jun/2015:06:17:01 -0500] "GET /BLA/resoluciones/RESOLUCIONES%202010/0079.pdf HTTP/1.1" 200 539275
207.46.13.104 - - [11/Jun/2015:06:17:03 -0500] "GET /BLA/resoluciones/RESOLUCIONES%202010/2160.pdf HTTP/1.1" 200 504468
207.46.13.68 - - [11/Jun/2015:06:17:05 -0500] "GET /BLA/resoluciones/AUTOS%202010/1723.pdf HTTP/1.1" 200 819092
157.55.39.134 - - [11/Jun/2015:06:17:14 -0500] "GET /BLA/resoluciones/RESOLUCIONES%202012/1522.pdf HTTP/1.1" 200 589889
157.55.39.134 - - [11/Jun/2015:06:17:15 -0500] "GET /BLA/resoluciones/AUTOS%202011/5609.pdf HTTP/1.1" 200 174527
207.46.13.104 - - [11/Jun/2015:06:17:23 -0500] "GET /BLA/resoluciones/Autos%202008/0510.pdf HTTP/1.1" 200 89944
201.244.172.102 - - [11/Jun/2015:06:17:24 -0500] "GET /galeria/galeria/jquery.fancybox.css?v=2.1.5 HTTP/1.1" 200 4895
201.244.172.102 - - [11/Jun/2015:06:17:24 -0500] "GET /galeria/galeria/jquery.fancybox.js?v=2.1.5 HTTP/1.1" 200 48706
201.244.172.102 - - [11/Jun/2015:06:17:24 -0500] "GET /BLA/boletinlegal/js/jquery.scrollShow.js HTTP/1.1" 200 4586
201.244.172.102 - - [11/Jun/2015:06:17:24 -0500] "GET /BLA/boletinlegal/js/jquery.scrollTo-min.js HTTP/1.1" 200 1150
180.76.15.24 - - [11/Jun/2015:06:17:25 -0500] "GET /BLA/resoluciones/AUTOS%202009/1843.pdf HTTP/1.1" 200 101631
157.55.39.10 - - [11/Jun/2015:06:17:29 -0500] "GET /BLA/resoluciones/AUTOS%202011/4539.pdf HTTP/1.1" 200 210120
157.55.39.10 - - [11/Jun/2015:06:17:30 -0500] "GET /BLA/resoluciones/RESOLUCIONES%202008/2456.pdf HTTP/1.1" 200 328033
207.46.13.68 - - [11/Jun/2015:06:17:33 -0500] "GET /BLA/resoluciones/Autos%202008/2094.pdf HTTP/1.1" 200 113069
181.54.152.170 - - [11/Jun/2015:06:17:36 -0500] "GET /forest/session.jsp?a=0.46760502690449357 HTTP/1.1" 200 4
157.55.39.37 - - [11/Jun/2015:06:17:38 -0500] "GET /BLA/resoluciones/RESOLUCIONES%202008/4266.pdf HTTP/1.1" 200 433979
207.46.13.68 - - [11/Jun/2015:06:17:44 -0500] "GET /BLA/resoluciones/RESOLUCIONES%202008/1852.pdf HTTP/1.1" 200 375462
201.245.192.253 - - [11/Jun/2015:06:17:45 -0500] "GET /galeria/galeria/jquery.fancybox.js?v=2.1.5 HTTP/1.1" 304 -
201.245.192.253 - - [11/Jun/2015:06:17:45 -0500] "GET /galeria/galeria/jquery.fancybox.css?v=2.1.5 HTTP/1.1" 304 -
207.46.13.68 - - [11/Jun/2015:06:17:50 -0500] "GET /bla/resoluciones/RESOLUCIONES%202011/1692.pdf HTTP/1.1" 200 379166
157.55.39.11 - - [11/Jun/2015:06:17:54 -0500] "GET /BLA/resoluciones/RESOLUCIONES%202010/1182.pdf HTTP/1.1" 200 105480
180.76.15.163 - - [11/Jun/2015:06:17:59 -0500] "GET /BLA/resoluciones/AUTOS%202009/3609.pdf HTTP/1.1" 200 245229
207.46.13.104 - - [11/Jun/2015:06:18:00 -0500] "GET /BLA/resoluciones/RESOLUCIONES%202011/2964.pdf HTTP/1.1" 200 653654
207.46.13.104 - - [11/Jun/2015:06:18:00 -0500] "GET /BLA/resoluciones/RESOLUCIONES%202010/5719.pdf HTTP/1.1" 200 49281
207.46.13.104 - - [11/Jun/2015:06:18:01 -0500] "GET /bla/resoluciones/RESOLUCIONES%202009/1237.pdf HTTP/1.1" 200 636032
207.46.13.104 - - [11/Jun/2015:06:18:02 -0500] "GET /bla/resoluciones/resoluciones%202009/3596.pdf HTTP/1.1" 200 132124
207.46.13.68 - - [11/Jun/2015:06:18:04 -0500] "GET /BLA/resoluciones/AUTOS%202009/1689.pdf HTTP/1.1" 200 124434
207.46.13.68 - - [11/Jun/2015:06:18:05 -0500] "GET /BLA/resoluciones/AUTOS%202009/3261.pdf HTTP/1.1" 200 221938
207.46.13.68 - - [11/Jun/2015:06:18:06 -0500] "GET /bla/resoluciones/resoluciones%202009/0379.pdf HTTP/1.1" 200 236107
157.55.39.37 - - [11/Jun/2015:06:18:12 -0500] "GET /BLA/resoluciones/AUTOS%202007/2995.pdf HTTP/1.1" 200 84263
180.76.15.25 - - [11/Jun/2015:06:18:16 -0500] "GET /BLA/resoluciones/AUTOS%202009/1565.pdf HTTP/1.1" 200 122939
88.73.44.237 - - [11/Jun/2015:06:18:28 -0500] "GET /galeria/galeria/jquery.fancybox.js?v=2.1.5 HTTP/1.1" 200 48706
88.73.44.237 - - [11/Jun/2015:06:18:28 -0500] "GET /BLA/boletinlegal/js/jquery.scrollShow.js HTTP/1.1" 200 4586
88.73.44.237 - - [11/Jun/2015:06:18:28 -0500] "GET /galeria/galeria/jquery.fancybox.css?v=2.1.5 HTTP/1.1" 200 4895
88.73.44.237 - - [11/Jun/2015:06:18:28 -0500] "GET /BLA/boletinlegal/js/jquery.scrollTo-min.js HTTP/1.1" 200 1150
207.46.13.104 - - [11/Jun/2015:06:18:34 -0500] "GET /BLA/resoluciones/AUTOS%202007/1097.pdf HTTP/1.1" 200 85227
186.28.93.160 - - [11/Jun/2015:06:18:34 -0500] "GET /BLA/resoluciones/RESOLUCIONES%202007/RES%202007%203201%20AL%203300/RESOLUCION%203296%20DE%202007.pdf HTTP/1.1" 200 734931
88.73.44.237 - - [11/Jun/2015:06:18:35 -0500] "GET /BLA/boletinlegal/js/jquery.scrollTo-min.js HTTP/1.1" 200 1150
88.73.44.237 - - [11/Jun/2015:06:18:35 -0500] "GET /galeria/galeria/jquery.fancybox.css?v=2.1.5 HTTP/1.1" 200 4895
88.73.44.237 - - [11/Jun/2015:06:18:35 -0500] "GET /BLA/boletinlegal/js/jquery.scrollShow.js HTTP/1.1" 200 4586
88.73.44.237 - - [11/Jun/2015:06:18:35 -0500] "GET /galeria/galeria/jquery.fancybox.js?v=2.1.5 HTTP/1.1" 200 48706
207.46.13.104 - - [11/Jun/2015:06:18:36 -0500] "GET /BLA/resoluciones/RESOLUCIONES%202010/0797.pdf HTTP/1.1" 200 99993
207.46.13.104 - - [11/Jun/2015:06:18:36 -0500] "GET /BLA/resoluciones/RESOLUCIONES%202010/0429.pdf HTTP/1.1" 200 503927
207.46.13.68 - - [11/Jun/2015:06:18:51 -0500] "GET /BLA/resoluciones/RESOLUCIONES%202010/1482.pdf HTTP/1.1" 200 336084
180.76.15.10 - - [11/Jun/2015:06:18:51 -0500] "GET /BLA/resoluciones/AUTOS%202010/5277.pdf HTTP/1.1" 200 192997
207.46.13.104 - - [11/Jun/2015:06:18:56 -0500] "GET /BLA/resoluciones/RESOLUCIONES%202010/3173.pdf HTTP/1.1" 200 507335
207.46.13.104 - - [11/Jun/2015:06:18:56 -0500] "GET /BLA/resoluciones/RESOLUCIONES%202009/3662.pdf HTTP/1.1" 200 87517
207.46.13.104 - - [11/Jun/2015:06:18:58 -0500] "GET /BLA/resoluciones/AUTOS%202007/0677.pdf HTTP/1.1" 200 99045
74.86.158.107 - - [11/Jun/2015:06:18:58 -0500] "HEAD / HTTP/1.1" 200 -
157.55.39.37 - - [11/Jun/2015:06:19:02 -0500] "GET /BLA/resoluciones/Resoluciones%202011/4660.pdf HTTP/1.1" 200 926383
157.55.39.37 - - [11/Jun/2015:06:19:03 -0500] "GET /BLA/resoluciones/AUTOS%202009/1610.pdf HTTP/1.1" 200 113789
157.55.39.37 - - [11/Jun/2015:06:19:03 -0500] "GET /BLA/resoluciones/RESOLUCIONES%202011/1658.pdf HTTP/1.1" 200 509826
157.55.39.37 - - [11/Jun/2015:06:19:05 -0500] "GET /bla/resoluciones/RESOLUCIONES%202009/1528.pdf HTTP/1.1" 200 364750
157.55.39.134 - - [11/Jun/2015:06:19:06 -0500] "GET /bla/resoluciones/RESOLUCIONES%202009/0963.pdf HTTP/1.1" 200 673793
207.46.13.68 - - [11/Jun/2015:06:19:11 -0500] "GET /BLA/resoluciones/AUTOS%202007/1684.pdf HTTP/1.1" 200 74201
157.55.39.10 - - [11/Jun/2015:06:19:24 -0500] "GET /bla/resoluciones/RESOLUCIONES%202009/1304.pdf HTTP/1.1" 200 523303
207.46.13.104 - - [11/Jun/2015:06:19:32 -0500] "GET /BLA/resoluciones/Autos%202008/1095.pdf HTTP/1.1" 200 64142
207.46.13.104 - - [11/Jun/2015:06:19:33 -0500] "GET /BLA/resoluciones/Resoluciones%202011/3740.pdf HTTP/1.1" 200 607070
207.46.13.104 - - [11/Jun/2015:06:19:33 -0500] "GET /BLA/resoluciones/RESOLUCIONES%202011/0650.pdf HTTP/1.1" 200 540189
207.46.13.104 - - [11/Jun/2015:06:19:34 -0500] "GET /BLA/resoluciones/RESOLUCIONES%202011/3791.pdf HTTP/1.1" 200 547189
207.46.13.68 - - [11/Jun/2015:06:19:40 -0500] "GET /BLA/resoluciones/RESOLUCIONES%202008/4451.pdf HTTP/1.1" 200 244249
207.46.13.68 - - [11/Jun/2015:06:19:52 -0500] "GET /BLA/resoluciones/RESOLUCIONES%202010/6830.pdf HTTP/1.1" 200 927876
207.46.13.68 - - [11/Jun/2015:06:19:53 -0500] "GET /bla/resoluciones/RESOLUCIONES%202009/1804.pdf HTTP/1.1" 200 918418
207.46.13.68 - - [11/Jun/2015:06:19:53 -0500] "GET /BLA/resoluciones/AUTOS%202007/2857.pdf HTTP/1.1" 200 172131
207.46.13.68 - - [11/Jun/2015:06:19:54 -0500] "GET /BLA/resoluciones/RESOLUCIONES%202011/0600.pdf HTTP/1.1" 200 65873
207.46.13.68 - - [11/Jun/2015:06:19:54 -0500] "GET /bla/resoluciones/RESOLUCIONES%202011/0377.pdf HTTP/1.1" 200 295752
66.249.79.120 - - [11/Jun/2015:06:20:04 -0500] "GET /BLA/resoluciones/RESOLUCIONES%202011/6971.pdf HTTP/1.1" 304 -
207.46.13.104 - - [11/Jun/2015:06:20:04 -0500] "GET /BLA/resoluciones/AUTOS%202009/0455.pdf HTTP/1.1" 200 138172
207.46.13.104 - - [11/Jun/2015:06:20:05 -0500] "GET /BLA/resoluciones/AUTOS%202009/3294.pdf HTTP/1.1" 200 182365
207.46.13.104 - - [11/Jun/2015:06:20:06 -0500] "GET /BLA/resoluciones/RESOLUCIONES%202009/2261.pdf HTTP/1.1" 200 488866
207.46.13.104 - - [11/Jun/2015:06:20:06 -0500] "GET /BLA/resoluciones/RESOLUCIONES%202010/7847.pdf HTTP/1.1" 200 37569
157.55.39.134 - - [11/Jun/2015:06:20:06 -0500] "GET /BLA/resoluciones/AUTOS%202011/6815.pdf HTTP/1.1" 200 232443
207.46.13.104 - - [11/Jun/2015:06:20:07 -0500] "GET /BLA/resoluciones/RESOLUCIONES%202008/0985.pdf HTTP/1.1" 200 269684
157.55.39.134 - - [11/Jun/2015:06:20:07 -0500] "GET /BLA/resoluciones/RESOLUCIONES%202008/1476.pdf HTTP/1.1" 200 277806
157.55.39.134 - - [11/Jun/2015:06:20:07 -0500] "GET /BLA/resoluciones/RESOLUCIONES%202011/1624.pdf HTTP/1.1" 200 64909
207.46.13.68 - - [11/Jun/2015:06:20:11 -0500] "GET /BLA/resoluciones/AUTOS%202007/2980.pdf HTTP/1.1" 200 266563
207.46.13.68 - - [11/Jun/2015:06:20:12 -0500] "GET /BLA/resoluciones/AUTOS%202011/0101.pdf HTTP/1.1" 200 138635
157.55.39.10 - - [11/Jun/2015:06:20:17 -0500] "GET /BLA/resoluciones/RESOLUCIONES%202012/0938.pdf HTTP/1.1" 200 572000
157.55.39.37 - - [11/Jun/2015:06:20:30 -0500] "GET /BLA/resoluciones/RESOLUCIONES%202010/1883.pdf HTTP/1.1" 200 778895
157.55.39.37 - - [11/Jun/2015:06:20:31 -0500] "GET /BLA/resoluciones/Autos%202008/1680.pdf HTTP/1.1" 200 233494
157.55.39.37 - - [11/Jun/2015:06:20:31 -0500] "GET /BLA/resoluciones/RESOLUCIONES%202008/4200.pdf HTTP/1.1" 200 251084
180.76.15.6 - - [11/Jun/2015:06:20:32 -0500] "GET /BLA/resoluciones/RESOLUCIONES%202009/1831.pdf HTTP/1.1" 200 467103
207.46.13.104 - - [11/Jun/2015:06:20:48 -0500] "GET /BLA/resoluciones/AUTOS%202011/0865.pdf HTTP/1.1" 200 153445
207.46.13.104 - - [11/Jun/2015:06:20:48 -0500] "GET /BLA/resoluciones/RESOLUCIONES%202010/1512.pdf HTTP/1.1" 200 309241
180.76.15.156 - - [11/Jun/2015:06:20:49 -0500] "GET /BLA/resoluciones/AUTOS%202012/2610.pdf HTTP/1.1" 200 410660
207.46.13.104 - - [11/Jun/2015:06:20:49 -0500] "GET /BLA/resoluciones/AUTOS%202010/4616.pdf HTTP/1.1" 200 384731
207.46.13.104 - - [11/Jun/2015:06:20:50 -0500] "GET /BLA/resoluciones/Autos%202008/1157.pdf HTTP/1.1" 200 141669
207.46.13.104 - - [11/Jun/2015:06:20:50 -0500] "GET /BLA/resoluciones/RESOLUCIONES%202010/1304.pdf HTTP/1.1" 200 109468
157.55.39.37 - - [11/Jun/2015:06:20:52 -0500] "GET /BLA/resoluciones/AUTOS%202007/1398.pdf HTTP/1.1" 200 31062
157.55.39.37 - - [11/Jun/2015:06:20:54 -0500] "GET /BLA/resoluciones/Resoluciones%202011/0195.pdf HTTP/1.1" 200 68407
207.46.13.68 - - [11/Jun/2015:06:20:56 -0500] "GET /BLA/resoluciones/RESOLUCIONES%202008/5537.pdf HTTP/1.1" 200 190631
157.55.39.134 - - [11/Jun/2015:06:21:05 -0500] "GET /BLA/resoluciones/AUTOS%202009/3554.pdf HTTP/1.1" 200 166599
157.55.39.134 - - [11/Jun/2015:06:21:05 -0500] "GET /BLA/resoluciones/RESOLUCIONES%202010/2669.pdf HTTP/1.1" 200 380138
180.76.15.139 - - [11/Jun/2015:06:21:06 -0500] "GET /BLA/boletinlegal;jsessionid=C69F9FC2E67A97F0D7395372BC98468E?/? HTTP/1.1" 404 1018
157.55.39.134 - - [11/Jun/2015:06:21:07 -0500] "GET /BLA/resoluciones/RESOLUCIONES%202011/3767.pdf HTTP/1.1" 200 623406
157.55.39.134 - - [11/Jun/2015:06:21:08 -0500] "GET /BLA/resoluciones/Resoluciones%202011/1887.pdf HTTP/1.1" 200 514340
207.46.13.68 - - [11/Jun/2015:06:21:09 -0500] "GET /BLA/resoluciones/RESOLUCIONES%202008/3841.pdf HTTP/1.1" 200 601240
207.46.13.68 - - [11/Jun/2015:06:21:11 -0500] "GET /BLA/resoluciones/RESOLUCIONES%202010/7618.pdf HTTP/1.1" 200 117979
207.46.13.104 - - [11/Jun/2015:06:21:18 -0500] "GET /BLA/resoluciones/RESOLUCIONES%202010/2353.pdf HTTP/1.1" 200 451238
207.46.13.104 - - [11/Jun/2015:06:21:18 -0500] "GET /BLA/resoluciones/RESOLUCIONES%202008/2562.pdf HTTP/1.1" 200 480861
207.46.13.104 - - [11/Jun/2015:06:21:19 -0500] "GET /BLA/resoluciones/RESOLUCIONES%202009/8004.pdf HTTP/1.1" 200 216747
207.46.13.68 - - [11/Jun/2015:06:21:21 -0500] "GET /BLA/resoluciones/RESOLUCIONES%202009/1928.pdf HTTP/1.1" 200 619292
207.46.13.68 - - [11/Jun/2015:06:21:22 -0500] "GET /BLA/resoluciones/RESOLUCIONES%202010/6223.pdf HTTP/1.1" 200 622054
207.46.13.68 - - [11/Jun/2015:06:21:23 -0500] "GET /BLA/resoluciones/RESOLUCIONES%202008/2102.pdf HTTP/1.1" 200 59585
180.76.15.17 - - [11/Jun/2015:06:21:24 -0500] "GET /BLA/resoluciones/AUTOS%202010/5210.pdf HTTP/1.1" 200 153351
157.55.39.10 - - [11/Jun/2015:06:21:26 -0500] "GET /BLA/resoluciones/AUTOS%202007/2296.pdf HTTP/1.1" 200 118933
157.55.39.10 - - [11/Jun/2015:06:21:27 -0500] "GET /BLA/resoluciones/AUTOS%202009/1677.pdf HTTP/1.1" 200 121474
157.55.39.37 - - [11/Jun/2015:06:21:40 -0500] "GET /BLA/resoluciones/Resoluciones%202011/0168.pdf HTTP/1.1" 200 720268
157.55.39.37 - - [11/Jun/2015:06:21:41 -0500] "GET /bla/resoluciones/RESOLUCIONES%202011/4131.pdf HTTP/1.1" 200 94375
180.76.15.134 - - [11/Jun/2015:06:21:41 -0500] "GET /BLA/resoluciones/AUTOS%202009/0142.pdf HTTP/1.1" 200 244664
157.55.39.37 - - [11/Jun/2015:06:21:41 -0500] "GET /BLA/resoluciones/RESOLUCIONES%202010/1348.pdf HTTP/1.1" 200 94493
157.55.39.10 - - [11/Jun/2015:06:21:45 -0500] "GET /BLA/resoluciones/AUTOS%202009/2819.pdf HTTP/1.1" 200 102298
207.46.13.68 - - [11/Jun/2015:06:21:49 -0500] "GET /BLA/resoluciones/RESOLUCIONES%202009/7208.pdf HTTP/1.1" 200 223509
207.46.13.68 - - [11/Jun/2015:06:21:50 -0500] "GET /BLA/resoluciones/AUTOS%202011/7433.pdf HTTP/1.1" 200 201303
207.46.13.104 - - [11/Jun/2015:06:21:55 -0500] "GET /BLA/resoluciones/RESOLUCIONES%202014/1182.pdf HTTP/1.1" 200 530847
207.46.13.104 - - [11/Jun/2015:06:21:56 -0500] "GET /BLA/resoluciones/AUTOS%202009/1817.pdf HTTP/1.1" 200 202788
207.46.13.104 - - [11/Jun/2015:06:21:56 -0500] "GET /BLA/resoluciones/RESOLUCIONES%202010/1471.pdf HTTP/1.1" 200 441385
207.46.13.104 - - [11/Jun/2015:06:21:57 -0500] "GET /BLA/resoluciones/AUTOS%202007/0838.pdf HTTP/1.1" 200 104461
180.76.15.153 - - [11/Jun/2015:06:21:58 -0500] "GET /BLA/resoluciones/AUTOS%202009/0479.pdf HTTP/1.1" 200 444987
157.55.39.11 - - [11/Jun/2015:06:21:59 -0500] "GET /BLA/resoluciones/RESOLUCIONES%202011/1635.pdf HTTP/1.1" 200 423452
157.55.39.11 - - [11/Jun/2015:06:22:00 -0500] "GET /BLA/resoluciones/AUTOS%202010/6468.pdf HTTP/1.1" 200 156050
157.55.39.11 - - [11/Jun/2015:06:22:01 -0500] "GET /BLA/resoluciones/AUTOS%202011/5150.pdf HTTP/1.1" 200 620807
157.55.39.134 - - [11/Jun/2015:06:22:01 -0500] "GET /BLA/resoluciones/RESOLUCIONES%202010/7302.pdf HTTP/1.1" 200 349689
157.55.39.134 - - [11/Jun/2015:06:22:02 -0500] "GET /BLA/resoluciones/RESOLUCIONES%202008/0742.pdf HTTP/1.1" 200 173580
157.55.39.37 - - [11/Jun/2015:06:22:05 -0500] "GET /bla/resoluciones/RESOLUCIONES%202011/0192.pdf HTTP/1.1" 200 71311
157.55.39.37 - - [11/Jun/2015:06:22:05 -0500] "GET /BLA/resoluciones/AUTOS%202009/2978.pdf HTTP/1.1" 200 102529
157.55.39.37 - - [11/Jun/2015:06:22:06 -0500] "GET /BLA/resoluciones/RESOLUCIONES%202008/0560.pdf HTTP/1.1" 200 115555
157.55.39.37 - - [11/Jun/2015:06:22:06 -0500] "GET /BLA/resoluciones/RESOLUCIONES%202010/6661.pdf HTTP/1.1" 200 268673
180.76.15.17 - - [11/Jun/2015:06:22:15 -0500] "GET /BLA/resoluciones/AUTOS%202009/0901.pdf HTTP/1.1" 200 122469
207.46.13.104 - - [11/Jun/2015:06:22:31 -0500] "GET /bla/resoluciones/RESOLUCIONES%202009/1643.pdf HTTP/1.1" 200 478998
207.46.13.104 - - [11/Jun/2015:06:22:32 -0500] "GET /bla/resoluciones/RESOLUCIONES%202011/0724.pdf HTTP/1.1" 200 244872
207.46.13.104 - - [11/Jun/2015:06:22:32 -0500] "GET /bla/resoluciones/resoluciones%202009/1285.pdf HTTP/1.1" 200 310125
207.46.13.104 - - [11/Jun/2015:06:22:32 -0500] "GET /BLA/resoluciones/RESOLUCIONES%202010/1146.pdf HTTP/1.1" 200 93279
180.76.15.5 - - [11/Jun/2015:06:22:33 -0500] "GET /BLA/boletinlegal;jsessionid=8E620A9D45BC3CA6F5C231D8F17F73FB?/? HTTP/1.1" 404 1018
207.46.13.104 - - [11/Jun/2015:06:22:33 -0500] "GET /bla/resoluciones/resoluciones%202009/1015.pdf HTTP/1.1" 200 166534
207.46.13.104 - - [11/Jun/2015:06:22:33 -0500] "GET /BLA/resoluciones/AUTOS%202011/3798.pdf HTTP/1.1" 200 182958
207.46.13.104 - - [11/Jun/2015:06:22:34 -0500] "GET /BLA/resoluciones/RESOLUCIONES%202009/0778.pdf HTTP/1.1" 200 262633
157.55.39.10 - - [11/Jun/2015:06:22:37 -0500] "GET /BLA/resoluciones/RESOLUCIONES%202011/0183.pdf HTTP/1.1" 200 244979
157.55.39.10 - - [11/Jun/2015:06:22:38 -0500] "GET /BLA/resoluciones/AUTOS%202010/5453.pdf HTTP/1.1" 200 1304139
157.55.39.37 - - [11/Jun/2015:06:22:43 -0500] "GET /BLA/resoluciones/RESOLUCIONES%202014/3531.pdf HTTP/1.1" 200 403423
207.46.13.68 - - [11/Jun/2015:06:22:47 -0500] "GET /BLA/resoluciones/RESOLUCIONES%202010/3055.pdf HTTP/1.1" 200 501029
207.46.13.68 - - [11/Jun/2015:06:22:47 -0500] "GET /BLA/resoluciones/RESOLUCIONES%202010/6801.pdf HTTP/1.1" 200 339183
207.46.13.68 - - [11/Jun/2015:06:22:48 -0500] "GET /BLA/resoluciones/Resoluciones%202011/0798.pdf HTTP/1.1" 200 290819
180.76.15.26 - - [11/Jun/2015:06:22:50 -0500] "GET /BLA/resoluciones/AUTOS%202009/0404.pdf HTTP/1.1" 200 81004
157.55.39.11 - - [11/Jun/2015:06:22:52 -0500] "GET /BLA/resoluciones/RESOLUCIONES%202008/0605.pdf HTTP/1.1" 200 168813
207.46.13.68 - - [11/Jun/2015:06:23:02 -0500] "GET /BLA/resoluciones/RESOLUCIONES%202008/1773.pdf HTTP/1.1" 200 50537
207.46.13.68 - - [11/Jun/2015:06:23:03 -0500] "GET /BLA/resoluciones/Resoluciones%202011/3970.pdf HTTP/1.1" 200 784424
207.46.13.68 - - [11/Jun/2015:06:23:04 -0500] "GET /BLA/resoluciones/RESOLUCIONES%202008/0949.pdf HTTP/1.1" 200 375950
180.76.15.12 - - [11/Jun/2015:06:23:07 -0500] "GET /BLA/resoluciones/AUTOS%202012/1181.pdf HTTP/1.1" 200 154777
207.46.13.68 - - [11/Jun/2015:06:23:08 -0500] "GET /bla/resoluciones/resoluciones%202009/0534.pdf HTTP/1.1" 200 48894
207.46.13.104 - - [11/Jun/2015:06:23:13 -0500] "GET /BLA/resoluciones/Resoluciones%202011/3454.pdf HTTP/1.1" 200 528778
207.46.13.104 - - [11/Jun/2015:06:23:15 -0500] "GET /BLA/resoluciones/AUTOS%202007/3104.pdf HTTP/1.1" 200 281754
207.46.13.104 - - [11/Jun/2015:06:23:15 -0500] "GET /bla/resoluciones/resoluciones%202009/5826.pdf HTTP/1.1" 200 106760
207.46.13.104 - - [11/Jun/2015:06:23:15 -0500] "GET /BLA/resoluciones/RESOLUCIONES%202011/3744.pdf HTTP/1.1" 200 467862
207.46.13.104 - - [11/Jun/2015:06:23:16 -0500] "GET /BLA/resoluciones/AUTOS%202011/5450.pdf HTTP/1.1" 200 205056
157.55.39.37 - - [11/Jun/2015:06:23:18 -0500] "GET /BLA/resoluciones/Resoluciones%202011/3788.pdf HTTP/1.1" 200 706116
157.55.39.37 - - [11/Jun/2015:06:23:19 -0500] "GET /BLA/resoluciones/AUTOS%202010/4875.pdf HTTP/1.1" 200 351829
180.76.15.155 - - [11/Jun/2015:06:23:25 -0500] "GET /BLA/resoluciones/AUTOS%202012/2171.pdf HTTP/1.1" 200 609580
207.46.13.68 - - [11/Jun/2015:06:23:27 -0500] "GET /BLA/resoluciones/RESOLUCIONES%202011/0746.pdf HTTP/1.1" 200 455918
157.55.39.10 - - [11/Jun/2015:06:23:34 -0500] "GET /BLA/resoluciones/AUTOS%202011/6752.pdf HTTP/1.1" 200 232644
157.55.39.10 - - [11/Jun/2015:06:23:35 -0500] "GET /BLA/resoluciones/RESOLUCIONES%202009/1630.pdf HTTP/1.1" 200 512199
207.46.13.104 - - [11/Jun/2015:06:23:37 -0500] "GET /BLA/resoluciones/RESOLUCIONES%202008/2012.pdf HTTP/1.1" 200 112795
207.46.13.104 - - [11/Jun/2015:06:23:37 -0500] "GET /BLA/resoluciones/Autos%202008/0651.pdf HTTP/1.1" 200 266976
207.46.13.104 - - [11/Jun/2015:06:23:38 -0500] "GET /BLA/resoluciones/AUTOS%202011/2977.pdf HTTP/1.1" 200 143461
207.46.13.104 - - [11/Jun/2015:06:23:38 -0500] "GET /bla/resoluciones/RESOLUCIONES%202009/0025.pdf HTTP/1.1" 200 260659
207.46.13.104 - - [11/Jun/2015:06:23:38 -0500] "GET /BLA/resoluciones/AUTOS%202009/0038.pdf HTTP/1.1" 200 107023
180.76.15.157 - - [11/Jun/2015:06:23:42 -0500] "GET /BLA/resoluciones/AUTOS%202014/5594.pdf HTTP/1.1" 200 129240
157.55.39.11 - - [11/Jun/2015:06:23:53 -0500] "GET /BLA/resoluciones/RESOLUCIONES%202010/5859.pdf HTTP/1.1" 200 146150
74.86.158.107 - - [11/Jun/2015:06:23:58 -0500] "HEAD / HTTP/1.1" 200 -
157.55.39.37 - - [11/Jun/2015:06:24:02 -0500] "GET /BLA/resoluciones/AUTOS%202011/6903.pdf HTTP/1.1" 200 206591
207.46.13.68 - - [11/Jun/2015:06:24:06 -0500] "GET /BLA/resoluciones/RESOLUCIONES%202009/2458.pdf HTTP/1.1" 200 261451
66.102.8.228 - - [11/Jun/2015:06:24:09 -0500] "GET /BLA/boletinlegal/js/jquery.scrollTo-min.js HTTP/1.1" 200 1150
66.102.8.228 - - [11/Jun/2015:06:24:10 -0500] "GET /galeria/galeria/jquery.fancybox.js?v=2.1.5 HTTP/1.1" 200 48706
66.102.8.228 - - [11/Jun/2015:06:24:10 -0500] "GET /galeria/carrusel/Carrusel/jquery.thumbnailScroller.css HTTP/1.1" 200 2066
66.102.8.233 - - [11/Jun/2015:06:24:10 -0500] "GET /galeria/galeria/jquery.fancybox.css?v=2.1.5 HTTP/1.1" 200 4895
66.102.8.228 - - [11/Jun/2015:06:24:10 -0500] "GET /galeria/carrusel/Carrusel/jquery-ui-1.8.13.custom.min.js HTTP/1.1" 200 10800
66.102.8.228 - - [11/Jun/2015:06:24:10 -0500] "GET /BLA/boletinlegal/js/jquery.scrollShow.js HTTP/1.1" 200 4586
66.102.8.233 - - [11/Jun/2015:06:24:10 -0500] "GET /galeria/carrusel/Carrusel/jquery.thumbnailScroller.js HTTP/1.1" 200 8157
207.46.13.68 - - [11/Jun/2015:06:24:12 -0500] "GET /BLA/resoluciones/RESOLUCIONES%202010/0420.pdf HTTP/1.1" 200 500701
207.46.13.68 - - [11/Jun/2015:06:24:22 -0500] "GET /BLA/resoluciones/Resoluciones%202011/2965.pdf HTTP/1.1" 200 643514
66.249.79.120 - - [11/Jun/2015:06:24:23 -0500] "GET /BLA/resoluciones/RESOLUCIONES%202005/RES%202005%20951-1000/00000962.tif HTTP/1.1" 304 -
180.76.15.8 - - [11/Jun/2015:06:24:27 -0500] "GET /BLA/resoluciones/AUTOS%202012/1478.pdf HTTP/1.1" 200 351827
207.46.13.104 - - [11/Jun/2015:06:24:28 -0500] "GET /BLA/resoluciones/RESOLUCIONES%202010/7061.pdf HTTP/1.1" 200 502382
207.46.13.104 - - [11/Jun/2015:06:24:29 -0500] "GET /BLA/resoluciones/AUTOS%202010/4833.pdf HTTP/1.1" 200 378973
207.46.13.104 - - [11/Jun/2015:06:24:29 -0500] "GET /BLA/resoluciones/RESOLUCIONES%202010/0555.pdf HTTP/1.1" 200 97575
207.46.13.104 - - [11/Jun/2015:06:24:30 -0500] "GET /BLA/resoluciones/RESOLUCIONES%202014/1004.pdf HTTP/1.1" 200 969674
207.46.13.104 - - [11/Jun/2015:06:24:30 -0500] "GET /bla/resoluciones/resoluciones%202009/0853.pdf HTTP/1.1" 200 297902
157.55.39.37 - - [11/Jun/2015:06:24:32 -0500] "GET /BLA/resoluciones/RESOLUCIONES%202008/2316.pdf HTTP/1.1" 200 354487
157.55.39.37 - - [11/Jun/2015:06:24:33 -0500] "GET /bla/resoluciones/RESOLUCIONES%202009/2187.pdf HTTP/1.1" 200 622188
66.102.8.228 - - [11/Jun/2015:06:24:35 -0500] "GET /galeria/nivo-slider/demo/demo.html HTTP/1.1" 200 4410
66.102.8.228 - - [11/Jun/2015:06:24:37 -0500] "GET /galeria/nivo-slider/jquery.nivo.slider.pack.js HTTP/1.1" 200 11561
66.102.8.223 - - [11/Jun/2015:06:24:37 -0500] "GET /galeria/nivo-slider/themes/pascal/pascal.css HTTP/1.1" 200 2258
66.102.8.233 - - [11/Jun/2015:06:24:37 -0500] "GET /galeria/nivo-slider/themes/orman/orman.css HTTP/1.1" 200 2152
