180.76.15.160 - - [16/Jun/2015:03:10:02 -0500] "GET /BLA/resoluciones/RESOLUCIONES%202010/2649.pdf HTTP/1.1" 200 339418
66.249.73.155 - - [16/Jun/2015:03:10:02 -0500] "GET /BLA/resoluciones/RESOLUCIONES%202009/3134.pdf HTTP/1.1" 200 485943
186.29.179.67 - - [16/Jun/2015:03:10:03 -0500] "GET /forest/skins/gdocs-jar/popup/escritorio/subirborrador.jsp?form=Correspondencia_Elaborar_Borrador&codTpl=641&codBorr=&a=0.7742439147550613 HTTP/1.1" 200 23286
186.29.179.67 - - [16/Jun/2015:03:10:04 -0500] "GET /forest/json.do?query=borradoresByTpls&codInst=3159004&codTare=692&firma=0&a=0.5763773401267827 HTTP/1.1" 200 2
186.29.179.67 - - [16/Jun/2015:03:10:04 -0500] "GET /forest/json.do?query=plantillasByTarea&codTare=692&codInst=3159004&firma=0&a=0.16841838229447603 HTTP/1.1" 200 904
186.29.179.67 - - [16/Jun/2015:03:10:04 -0500] "GET /forest/skins/gdocs-jar/img/top-search-icon.gif HTTP/1.1" 200 607
186.29.179.67 - - [16/Jun/2015:03:10:04 -0500] "GET /forest/json.do?query=terceroById&numTer=79555163&a=0.6135033909231424 HTTP/1.1" 200 629
186.29.179.67 - - [16/Jun/2015:03:10:04 -0500] "GET /forest/json.do?query=ultimoBorradorByTpl&codTpl=621&codInst=3159004&a=0.35889247711747885 HTTP/1.1" 200 2
186.29.179.67 - - [16/Jun/2015:03:10:04 -0500] "GET /forest/img/lapiz.gif HTTP/1.1" 200 914
186.29.179.67 - - [16/Jun/2015:03:10:04 -0500] "GET /forest/img/historial.gif HTTP/1.1" 200 1341
186.29.179.67 - - [16/Jun/2015:03:10:04 -0500] "GET /forest/img/adduser.gif HTTP/1.1" 200 1249
186.29.179.67 - - [16/Jun/2015:03:10:04 -0500] "GET /forest/skins/gdocs-jar/img/expandido.gif HTTP/1.1" 200 190
186.29.179.67 - - [16/Jun/2015:03:10:04 -0500] "GET /forest/json.do?query=ultimoBorradorByTpl&codTpl=1201&codInst=3159004&a=0.8963270543608814 HTTP/1.1" 200 2
186.29.179.67 - - [16/Jun/2015:03:10:04 -0500] "GET /forest/json.do?query=ultimoBorradorByTpl&codTpl=641&codInst=3159004&a=0.6857407838106155 HTTP/1.1" 200 2
186.29.179.67 - - [16/Jun/2015:03:10:04 -0500] "GET /forest/json.do?query=ultimoBorradorByTpl&codTpl=901&codInst=3159004&a=0.9581410209648311 HTTP/1.1" 200 2
186.29.179.67 - - [16/Jun/2015:03:10:04 -0500] "GET /forest/json.do?query=ultimoBorradorByTpl&codTpl=501&codInst=3159004&a=0.27044554334133863 HTTP/1.1" 200 2
186.29.179.67 - - [16/Jun/2015:03:10:04 -0500] "GET /forest/json.do?query=ultimoBorradorByTpl&codTpl=1301&codInst=3159004&a=0.143885349156335 HTTP/1.1" 200 2
186.29.179.67 - - [16/Jun/2015:03:10:04 -0500] "GET /forest/skins/gdocs-jar/img/icons/docx.gif HTTP/1.1" 200 1039
74.86.158.107 - - [16/Jun/2015:03:10:06 -0500] "HEAD / HTTP/1.1" 200 -
186.29.179.67 - - [16/Jun/2015:03:04:14 -0500] "GET /ForestMSG_SDA/channelAsync/template_word_18382852?X-Atmosphere-tracking-id=e94d5524-ada7-5f2e-a98a-af7b377e7c6b&X-Atmosphere-Framework=1.0.5&X-Atmosphere-Transport=long-polling&tabid=0.11441503115929663&X-Cache-Date=0&Content-Type=application/xml&_=1434441978180 HTTP/1.1" 200 8193
180.76.15.154 - - [16/Jun/2015:03:10:14 -0500] "GET /BLA/resoluciones/RESOLUCIONES%202012/0869.pdf HTTP/1.1" 200 438780
66.249.73.171 - - [16/Jun/2015:03:10:15 -0500] "GET /BLA/resoluciones/RESOLUCIONES%202010/1863.pdf HTTP/1.1" 200 421212
66.249.73.171 - - [16/Jun/2015:03:10:16 -0500] "GET /BLA/resoluciones/RESOLUCIONES%202007/RES%202007%201301%20AL%201400/RESOLUCION%201371%20DE%202007.pdf HTTP/1.1" 200 243715
74.86.158.107 - - [16/Jun/2015:03:10:17 -0500] "HEAD / HTTP/1.1" 200 -
180.76.15.158 - - [16/Jun/2015:03:10:20 -0500] "GET /BLA/resoluciones/RESOLUCIONES%202008/2819.pdf HTTP/1.1" 200 253736
66.249.73.163 - - [16/Jun/2015:03:10:28 -0500] "GET /BLA/resoluciones/AUTOS%202007/2160.pdf HTTP/1.1" 200 133607
180.76.15.152 - - [16/Jun/2015:03:10:32 -0500] "GET /BLA/resoluciones/RESOLUCIONES%202010/2933.pdf HTTP/1.1" 200 509449
186.29.179.67 - - [16/Jun/2015:03:10:33 -0500] "POST /forest/usutareas.do?group_system_actual=3 HTTP/1.1" 200 189
186.29.179.67 - - [16/Jun/2015:03:10:37 -0500] "GET /forest/usutareas.do?group_system_actual=3&a=0.1428635623306036 HTTP/1.1" 200 125038
186.29.179.67 - - [16/Jun/2015:03:10:14 -0500] "GET /ForestMSG_SDA/channelAsync/template_word_18382852?X-Atmosphere-tracking-id=e94d5524-ada7-5f2e-a98a-af7b377e7c6b&X-Atmosphere-Framework=1.0.5&X-Atmosphere-Transport=long-polling&tabid=0.11441503115929663&X-Cache-Date=0&Content-Type=application/xml&_=1434442338620 HTTP/1.1" 200 8193
186.29.179.67 - - [16/Jun/2015:03:10:39 -0500] "GET /forest/session.jsp?a=0.7739262804389 HTTP/1.1" 200 4
66.249.73.155 - - [16/Jun/2015:03:10:41 -0500] "GET /BLA/resoluciones/RESOLUCIONES%202008/0889.pdf HTTP/1.1" 200 587663
180.76.15.134 - - [16/Jun/2015:03:10:46 -0500] "GET /BLA/resoluciones/RESOLUCIONES%202012/1799.pdf HTTP/1.1" 200 890178
66.249.73.155 - - [16/Jun/2015:03:10:47 -0500] "GET /BLA/resoluciones/RESOLUCIONES%202010/3426.pdf HTTP/1.1" 200 741977
180.76.15.148 - - [16/Jun/2015:03:10:52 -0500] "GET /BLA/resoluciones/RESOLUCIONES%202008/2133.pdf HTTP/1.1" 200 168215
66.249.73.171 - - [16/Jun/2015:03:10:53 -0500] "GET /BLA/resoluciones/RESOLUCIONES%202007/RES%202007%20101%20AL%20200/RESOLUCION%200147%20DE%202007.pdf HTTP/1.1" 200 326283
66.249.73.155 - - [16/Jun/2015:03:10:54 -0500] "GET /BLA/resoluciones/RESOLUCIONES%202009/0815.pdf HTTP/1.1" 200 52965
186.29.179.67 - - [16/Jun/2015:03:10:55 -0500] "POST /forest/usutareas.do? HTTP/1.1" 200 76
180.76.15.16 - - [16/Jun/2015:03:10:56 -0500] "GET /BLA/resoluciones/RESOLUCIONES%202014/0198.pdf HTTP/1.1" 200 985553
186.29.179.67 - - [16/Jun/2015:03:10:57 -0500] "GET /forest/usutareas.do?group_system_actual=3&a=0.07443931302987039 HTTP/1.1" 200 20084
186.29.179.67 - - [16/Jun/2015:03:10:57 -0500] "GET /forest/session.jsp?a=0.16785127017647028 HTTP/1.1" 200 4
186.29.179.67 - - [16/Jun/2015:03:10:59 -0500] "GET /forest/misactividades.do?_a=0.4681374472565949&group_system_actual=3 HTTP/1.1" 200 38102
186.29.179.67 - - [16/Jun/2015:03:11:00 -0500] "GET /forest/session.jsp?a=0.5469583324156702 HTTP/1.1" 200 4
186.29.179.67 - - [16/Jun/2015:03:11:00 -0500] "POST /forest/misactividades.do?ajax=true&a=0.2789189973846078 HTTP/1.1" 200 56
66.249.73.155 - - [16/Jun/2015:03:11:01 -0500] "GET /BLA/resoluciones/RESOLUCIONES%202007/RES%202007%201%20AL%20100/RESOLUCION%200055%20DE%202007.pdf HTTP/1.1" 200 233786
180.76.15.25 - - [16/Jun/2015:03:11:06 -0500] "GET /BLA/resoluciones/RESOLUCIONES%202008/1968.pdf HTTP/1.1" 200 57321
66.249.73.171 - - [16/Jun/2015:03:11:07 -0500] "GET /BLA/resoluciones/AUTOS%202009/3557.pdf HTTP/1.1" 200 219424
180.76.15.29 - - [16/Jun/2015:03:11:12 -0500] "GET /BLA/resoluciones/RESOLUCIONES%202011/2364.pdf HTTP/1.1" 200 656822
66.249.73.163 - - [16/Jun/2015:03:11:20 -0500] "GET /BLA/resoluciones/RESOLUCIONES%202010/1584.pdf HTTP/1.1" 200 496797
180.76.15.13 - - [16/Jun/2015:03:11:24 -0500] "GET /BLA/resoluciones/RESOLUCIONES%202008/1079.pdf HTTP/1.1" 200 293645
66.249.73.171 - - [16/Jun/2015:03:11:27 -0500] "GET /portalsiaccapacitaciones/Soportes%20Capacitaciones%20A%C3%B1o%202013/0060.%20Presentaci%C3%B3n%20Balance%20Grupo%20de%20Instrumentos%2019-12-2013.pdf HTTP/1.1" 404 1018
66.249.73.163 - - [16/Jun/2015:03:11:29 -0500] "GET /BLA/resoluciones/RESOLUCIONES%202010/3285.pdf HTTP/1.1" 200 743145
180.76.15.14 - - [16/Jun/2015:03:11:30 -0500] "GET /BLA/resoluciones/RESOLUCIONES%202012/1889.pdf HTTP/1.1" 200 776745
66.249.73.171 - - [16/Jun/2015:03:11:32 -0500] "GET /BLA/resoluciones/AUTOS%202007/1601.pdf HTTP/1.1" 200 44140
180.76.15.15 - - [16/Jun/2015:03:11:40 -0500] "GET /BLA/resoluciones/RESOLUCIONES%202010/0913.pdf HTTP/1.1" 200 105072
66.249.73.163 - - [16/Jun/2015:03:11:45 -0500] "GET /BLA/resoluciones/RESOLUCIONES%202009/4449.pdf HTTP/1.1" 200 376694
180.76.15.18 - - [16/Jun/2015:03:11:46 -0500] "GET /BLA/resoluciones/RESOLUCIONES%202012/1781.pdf HTTP/1.1" 200 441587
180.76.15.20 - - [16/Jun/2015:03:11:58 -0500] "GET /BLA/resoluciones/RESOLUCIONES%202012/0911.pdf HTTP/1.1" 200 684237
66.249.73.163 - - [16/Jun/2015:03:11:58 -0500] "GET /BLA/resoluciones/AUTOS%202014/3213.pdf HTTP/1.1" 200 401585
180.76.15.30 - - [16/Jun/2015:03:12:04 -0500] "GET /BLA/resoluciones/RESOLUCIONES%202012/0821.pdf HTTP/1.1" 200 291659
66.249.73.163 - - [16/Jun/2015:03:12:11 -0500] "GET /BLA/resoluciones/AUTOS%202009/2735.pdf HTTP/1.1" 200 92591
180.76.15.143 - - [16/Jun/2015:03:12:16 -0500] "GET /BLA/resoluciones/AUTOS%202014/1507.pdf HTTP/1.1" 200 687155
180.76.15.151 - - [16/Jun/2015:03:12:22 -0500] "GET /BLA/resoluciones/RESOLUCIONES%202012/1530.pdf HTTP/1.1" 200 520122
66.249.73.163 - - [16/Jun/2015:03:12:24 -0500] "GET /BLA/resoluciones/RESOLUCIONES%202010/2524.pdf HTTP/1.1" 200 323585
180.76.15.18 - - [16/Jun/2015:03:12:32 -0500] "GET /BLA/resoluciones/RESOLUCIONES%202012/0676.pdf HTTP/1.1" 200 1397011
66.249.73.155 - - [16/Jun/2015:03:12:37 -0500] "GET /BLA/resoluciones/RESOLUCIONES%202008/2463.pdf HTTP/1.1" 200 248933
180.76.15.157 - - [16/Jun/2015:03:12:38 -0500] "GET /BLA/resoluciones/RESOLUCIONES%202014/1105.pdf HTTP/1.1" 200 2729477
66.249.73.163 - - [16/Jun/2015:03:12:50 -0500] "GET /BLA/resoluciones/RESOLUCIONES%202011/3814.pdf HTTP/1.1" 200 363033
180.76.15.154 - - [16/Jun/2015:03:12:50 -0500] "GET /BLA/resoluciones/RESOLUCIONES%202012/1112.pdf HTTP/1.1" 200 220939
180.76.15.158 - - [16/Jun/2015:03:12:56 -0500] "GET /BLA/resoluciones/RESOLUCIONES%202012/1355.pdf HTTP/1.1" 200 291015
66.249.73.163 - - [16/Jun/2015:03:13:03 -0500] "GET /BLA/resoluciones/RESOLUCIONES%202008/4262.pdf HTTP/1.1" 200 487428
180.76.15.6 - - [16/Jun/2015:03:13:08 -0500] "GET /BLA/resoluciones/RESOLUCIONES%202012/0966.pdf HTTP/1.1" 200 507300
180.76.15.11 - - [16/Jun/2015:03:13:12 -0500] "GET /BLA/resoluciones/RESOLUCIONES%202012/0335.pdf HTTP/1.1" 200 345043
66.249.73.155 - - [16/Jun/2015:03:13:16 -0500] "GET /BLA/resoluciones/RESOLUCIONES%202011/1510.pdf HTTP/1.1" 200 71925
180.76.15.159 - - [16/Jun/2015:03:13:24 -0500] "GET /BLA/resoluciones/RESOLUCIONES%202014/0993.pdf HTTP/1.1" 200 683598
66.249.73.155 - - [16/Jun/2015:03:13:29 -0500] "GET /BLA/resoluciones/RESOLUCIONES%202009/0738.pdf HTTP/1.1" 200 399451
180.76.15.9 - - [16/Jun/2015:03:13:30 -0500] "GET /BLA/resoluciones/RESOLUCIONES%202014/2295.pdf HTTP/1.1" 200 550117
66.249.73.155 - - [16/Jun/2015:03:13:41 -0500] "GET /BLA/resoluciones/RESOLUCIONES%202010/0084.pdf HTTP/1.1" 200 538631
180.76.15.138 - - [16/Jun/2015:03:13:42 -0500] "GET /BLA/resoluciones/RESOLUCIONES%202012/1230.pdf HTTP/1.1" 200 533724
180.76.15.137 - - [16/Jun/2015:03:13:48 -0500] "GET /BLA/resoluciones/RESOLUCIONES%202008/2274.pdf HTTP/1.1" 200 196633
66.249.73.163 - - [16/Jun/2015:03:13:54 -0500] "GET /BLA/resoluciones/RESOLUCIONES%202010/1298.pdf HTTP/1.1" 200 110954
180.76.15.14 - - [16/Jun/2015:03:14:00 -0500] "GET /BLA/resoluciones/AUTOS%202009/2985.pdf HTTP/1.1" 200 81648
180.76.15.155 - - [16/Jun/2015:03:14:04 -0500] "GET /BLA/resoluciones/RESOLUCIONES%202010/2446.pdf HTTP/1.1" 200 496419
66.249.73.163 - - [16/Jun/2015:03:14:07 -0500] "GET /BLA/resoluciones/AUTOS%202009/3392.pdf HTTP/1.1" 200 98058
180.76.15.148 - - [16/Jun/2015:03:14:16 -0500] "GET /BLA/resoluciones/RESOLUCIONES%202014/1483.pdf HTTP/1.1" 200 379505
66.249.73.155 - - [16/Jun/2015:03:14:20 -0500] "GET /BLA/resoluciones/AUTOS%202009/1207.pdf HTTP/1.1" 200 122857
180.76.15.155 - - [16/Jun/2015:03:14:22 -0500] "GET /BLA/resoluciones/RESOLUCIONES%202008/2650.pdf HTTP/1.1" 200 204232
66.249.73.171 - - [16/Jun/2015:03:14:33 -0500] "GET /BLA/resoluciones/RESOLUCIONES%202011/1056.pdf HTTP/1.1" 200 284827
180.76.15.136 - - [16/Jun/2015:03:14:34 -0500] "GET /BLA/resoluciones/RESOLUCIONES%202008/2640.pdf HTTP/1.1" 200 199506
180.76.15.29 - - [16/Jun/2015:03:14:40 -0500] "GET /BLA/resoluciones/RESOLUCIONES%202010/1210.pdf HTTP/1.1" 200 97865
66.249.73.171 - - [16/Jun/2015:03:14:45 -0500] "GET /BLA/resoluciones/RESOLUCIONES%202007/RES%202007%201901%20AL%202000/RESOLUCION%201962%20DE%202007.pdf HTTP/1.1" 200 279332
66.249.73.171 - - [16/Jun/2015:03:14:46 -0500] "GET /BLA/resoluciones/RESOLUCIONES%202010/3199.pdf HTTP/1.1" 200 369716
180.76.15.162 - - [16/Jun/2015:03:14:52 -0500] "GET /BLA/resoluciones/RESOLUCIONES%202007/RES%202007%203301%20AL%203400/RESOLUCION%203309%20DE%202007.pdf HTTP/1.1" 200 750576
180.76.15.6 - - [16/Jun/2015:03:14:56 -0500] "GET /BLA/resoluciones/RESOLUCIONES%202014/0190.pdf HTTP/1.1" 200 382937
66.249.73.155 - - [16/Jun/2015:03:14:59 -0500] "GET /BLA/resoluciones/RESOLUCIONES%202009/2819.pdf HTTP/1.1" 200 307123
74.86.158.107 - - [16/Jun/2015:03:15:06 -0500] "HEAD / HTTP/1.1" 200 -
180.76.15.14 - - [16/Jun/2015:03:15:08 -0500] "GET /BLA/resoluciones/RESOLUCIONES%202012/1150.pdf HTTP/1.1" 200 1076949
66.249.73.163 - - [16/Jun/2015:03:15:12 -0500] "GET /BLA/resoluciones/RESOLUCIONES%202010/7335.pdf HTTP/1.1" 200 520814
66.249.73.155 - - [16/Jun/2015:03:15:14 -0500] "GET /BLA/resoluciones/RESOLUCIONES%202007/RES%202007%202301%20AL%202400/RESOLUCION%202365%20DE%202007.pdf HTTP/1.1" 200 338798
180.76.15.156 - - [16/Jun/2015:03:15:14 -0500] "GET /BLA/resoluciones/RESOLUCIONES%202012/0942.pdf HTTP/1.1" 200 590290
74.86.158.107 - - [16/Jun/2015:03:15:17 -0500] "HEAD / HTTP/1.1" 200 -
66.249.73.171 - - [16/Jun/2015:03:15:25 -0500] "GET /BLA/resoluciones/RESOLUCIONES%202010/0494.pdf HTTP/1.1" 200 119308
180.76.15.20 - - [16/Jun/2015:03:15:27 -0500] "GET /BLA/resoluciones/RESOLUCIONES%202012/1279.pdf HTTP/1.1" 200 1112567
180.76.15.21 - - [16/Jun/2015:03:15:32 -0500] "GET /BLA/resoluciones/RESOLUCIONES%202012/1188.pdf HTTP/1.1" 200 1472650
66.249.73.163 - - [16/Jun/2015:03:15:38 -0500] "GET /BLA/resoluciones/RESOLUCIONES%202010/0350.pdf HTTP/1.1" 200 352326
203.133.169.78 - - [16/Jun/2015:03:15:42 -0500] "GET / HTTP/1.1" 200 10190
180.76.15.7 - - [16/Jun/2015:03:15:42 -0500] "GET /BLA/resoluciones/RESOLUCIONES%202012/1876.pdf HTTP/1.1" 200 423682
66.249.73.155 - - [16/Jun/2015:03:15:46 -0500] "GET /BLA/resoluciones/AUTOS%202007/0221.pdf HTTP/1.1" 200 32473
180.76.15.150 - - [16/Jun/2015:03:15:48 -0500] "GET /BLA/resoluciones/RESOLUCIONES%202008/1779.pdf HTTP/1.1" 200 325637
66.249.73.171 - - [16/Jun/2015:03:15:50 -0500] "GET /BLA/resoluciones/RESOLUCIONES%202009/7806.pdf HTTP/1.1" 200 527727
186.29.179.67 - - [16/Jun/2015:03:16:00 -0500] "GET /forest/session.jsp?a=0.9969255598261952 HTTP/1.1" 200 4
180.76.15.156 - - [16/Jun/2015:03:16:00 -0500] "GET /BLA/resoluciones/RESOLUCIONES%202012/1898.pdf HTTP/1.1" 200 2832821
66.249.73.171 - - [16/Jun/2015:03:16:03 -0500] "GET /BLA/resoluciones/RESOLUCIONES%202009/5608.pdf HTTP/1.1" 200 58506
180.76.15.12 - - [16/Jun/2015:03:16:06 -0500] "GET /BLA/resoluciones/RESOLUCIONES%202010/2357.pdf HTTP/1.1" 200 1548326
66.249.73.163 - - [16/Jun/2015:03:16:16 -0500] "GET /BLA/resoluciones/RESOLUCIONES%202009/3289.pdf HTTP/1.1" 200 658524
180.76.15.29 - - [16/Jun/2015:03:16:18 -0500] "GET /BLA/resoluciones/RESOLUCIONES%202012/0645.pdf HTTP/1.1" 200 583514
180.76.15.31 - - [16/Jun/2015:03:16:24 -0500] "GET /BLA/resoluciones/RESOLUCIONES%202012/1721.pdf HTTP/1.1" 200 1208192
66.249.73.155 - - [16/Jun/2015:03:16:29 -0500] "GET /BLA/resoluciones/AUTOS%202012/1126.pdf HTTP/1.1" 200 178525
180.76.15.33 - - [16/Jun/2015:03:16:34 -0500] "GET /BLA/resoluciones/RESOLUCIONES%202014/2616.pdf HTTP/1.1" 200 750098
66.249.73.163 - - [16/Jun/2015:03:16:38 -0500] "GET /re/Cuento/cuadro20/_notes/ HTTP/1.1" 404 1018
186.29.179.67 - - [16/Jun/2015:03:10:39 -0500] "GET /ForestMSG_SDA/channelAsync/template_word_18382852?X-Atmosphere-tracking-id=1c1e73d1-f18a-a528-29a3-a37aa5e0b339&X-Atmosphere-Framework=1.0.5&X-Atmosphere-Transport=long-polling&tabid=0.6094955306034535&X-Cache-Date=0&Content-Type=application/xml&_=1434442363414 HTTP/1.1" 200 8193
180.76.15.163 - - [16/Jun/2015:03:16:40 -0500] "GET /BLA/resoluciones/RESOLUCIONES%202012/1185.pdf HTTP/1.1" 200 940089
66.249.73.163 - - [16/Jun/2015:03:16:42 -0500] "GET /BLA/resoluciones/AUTOS%202009/1362.pdf HTTP/1.1" 200 122595
66.249.73.171 - - [16/Jun/2015:03:16:43 -0500] "GET /BLA/resoluciones/RESOLUCIONES%202007/RES%202007%203901%20AL%204000/RESOLUCION%203999%20DE%202007.pdf HTTP/1.1" 200 187041
180.76.15.152 - - [16/Jun/2015:03:16:52 -0500] "GET /BLA/resoluciones/RESOLUCIONES%202012/0370.pdf HTTP/1.1" 200 453099
66.249.73.155 - - [16/Jun/2015:03:16:55 -0500] "GET /BLA/resoluciones/RESOLUCIONES%202010/2585.pdf HTTP/1.1" 200 754852
180.76.15.32 - - [16/Jun/2015:03:16:58 -0500] "GET /BLA/resoluciones/AUTOS%202009/1556.pdf HTTP/1.1" 200 125432
186.147.96.242 - - [16/Jun/2015:03:17:04 -0500] "GET /galeria/galeria/jquery.fancybox.css?v=2.1.5 HTTP/1.1" 304 -
186.147.96.242 - - [16/Jun/2015:03:17:04 -0500] "GET /BLA/boletinlegal/js/jquery.scrollTo-min.js HTTP/1.1" 304 -
186.147.96.242 - - [16/Jun/2015:03:17:04 -0500] "GET /BLA/boletinlegal/js/jquery.scrollShow.js HTTP/1.1" 304 -
186.147.96.242 - - [16/Jun/2015:03:17:04 -0500] "GET /galeria/galeria/jquery.fancybox.js?v=2.1.5 HTTP/1.1" 304 -
66.249.73.155 - - [16/Jun/2015:03:17:08 -0500] "GET /BLA/resoluciones/RESOLUCIONES%202011/2843.pdf HTTP/1.1" 200 764536
180.76.15.21 - - [16/Jun/2015:03:17:14 -0500] "GET /BLA/resoluciones/RESOLUCIONES%202010/2335.pdf HTTP/1.1" 200 188236
180.76.15.19 - - [16/Jun/2015:03:17:14 -0500] "GET /BLA/resoluciones/RESOLUCIONES%202008/2281.pdf HTTP/1.1" 200 516211
66.249.73.171 - - [16/Jun/2015:03:17:21 -0500] "GET /BLA/resoluciones/AUTOS%202009/1633.pdf HTTP/1.1" 200 189386
180.76.15.28 - - [16/Jun/2015:03:17:26 -0500] "GET /BLA/resoluciones/RESOLUCIONES%202012/1133.pdf HTTP/1.1" 200 1618798
180.76.15.139 - - [16/Jun/2015:03:17:32 -0500] "GET /BLA/resoluciones/RESOLUCIONES%202012/0941.pdf HTTP/1.1" 200 364276
66.249.73.163 - - [16/Jun/2015:03:17:34 -0500] "GET /BLA/resoluciones/RESOLUCIONES%202010/6077.pdf HTTP/1.1" 200 282118
180.76.15.7 - - [16/Jun/2015:03:17:44 -0500] "GET /BLA/resoluciones/RESOLUCIONES%202014/1455.pdf HTTP/1.1" 200 352981
66.249.73.171 - - [16/Jun/2015:03:17:47 -0500] "GET /BLA/resoluciones/AUTOS%202009/0749.pdf HTTP/1.1" 200 91446
180.76.15.16 - - [16/Jun/2015:03:17:50 -0500] "GET /BLA/resoluciones/RESOLUCIONES%202014/2123.pdf HTTP/1.1" 200 803647
66.249.73.155 - - [16/Jun/2015:03:17:59 -0500] "GET /BLA/resoluciones/RESOLUCIONES%202009/1963.pdf HTTP/1.1" 200 633899
180.76.15.14 - - [16/Jun/2015:03:18:02 -0500] "GET /BLA/resoluciones/RESOLUCIONES%202012/1752.pdf HTTP/1.1" 200 405918
180.76.15.162 - - [16/Jun/2015:03:18:06 -0500] "GET /BLA/resoluciones/RESOLUCIONES%202010/0801.pdf HTTP/1.1" 200 107038
66.249.73.163 - - [16/Jun/2015:03:18:12 -0500] "GET /BLA/resoluciones/RESOLUCIONES%202008/0227.pdf HTTP/1.1" 200 281834
180.76.15.159 - - [16/Jun/2015:03:18:18 -0500] "GET /BLA/resoluciones/RESOLUCIONES%202014/0320.pdf HTTP/1.1" 200 500170
66.249.65.240 - - [16/Jun/2015:03:18:22 -0500] "GET /Autoliquidacion/index.php?dir=Solicitudes%20relacionadas%20con%20calidad%20del%20aire%20auditiva%20y%20visual/&sort=name&order=desc HTTP/1.1" 200 5747
180.76.15.148 - - [16/Jun/2015:03:18:24 -0500] "GET /BLA/resoluciones/RESOLUCIONES%202010/2303.pdf HTTP/1.1" 200 273381
66.249.73.155 - - [16/Jun/2015:03:18:25 -0500] "GET /BLA/resoluciones/AUTOS%202009/1766.pdf HTTP/1.1" 200 108108
66.249.73.171 - - [16/Jun/2015:03:18:27 -0500] "GET /BLA/resoluciones/AUTOS%202007/3430.pdf HTTP/1.1" 200 184250
180.76.15.34 - - [16/Jun/2015:03:18:36 -0500] "GET /BLA/resoluciones/RESOLUCIONES%202014/2008.pdf HTTP/1.1" 200 5029002
66.249.73.163 - - [16/Jun/2015:03:18:38 -0500] "GET /BLA/resoluciones/RESOLUCIONES%202010/1561.pdf HTTP/1.1" 200 570532
180.76.15.144 - - [16/Jun/2015:03:18:42 -0500] "GET /BLA/resoluciones/RESOLUCIONES%202010/1724.pdf HTTP/1.1" 200 410664
66.249.73.155 - - [16/Jun/2015:03:18:43 -0500] "GET /BLA/resoluciones/AUTOS%202007/1413.pdf HTTP/1.1" 200 41968
66.249.73.155 - - [16/Jun/2015:03:18:51 -0500] "GET /BLA/resoluciones/AUTOS%202007/1631.pdf HTTP/1.1" 200 212255
180.76.15.144 - - [16/Jun/2015:03:18:52 -0500] "GET /BLA/resoluciones/RESOLUCIONES%202010/2555.pdf HTTP/1.1" 200 539945
180.76.15.15 - - [16/Jun/2015:03:18:58 -0500] "GET /BLA/resoluciones/RESOLUCIONES%202010/2875.pdf HTTP/1.1" 200 263283
66.249.73.171 - - [16/Jun/2015:03:19:04 -0500] "GET /BLA/resoluciones/RESOLUCIONES%202011/4204.pdf HTTP/1.1" 200 166219
180.76.15.11 - - [16/Jun/2015:03:19:10 -0500] "GET /BLA/resoluciones/RESOLUCIONES%202012/0813.pdf HTTP/1.1" 200 439338
190.250.61.39 - - [16/Jun/2015:03:19:13 -0500] "GET /BLA/boletinlegal/js/jquery.scrollTo-min.js HTTP/1.1" 200 1150
190.250.61.39 - - [16/Jun/2015:03:19:13 -0500] "GET /BLA/boletinlegal/js/jquery.scrollShow.js HTTP/1.1" 200 4586
190.250.61.39 - - [16/Jun/2015:03:19:13 -0500] "GET /galeria/galeria/jquery.fancybox.css?v=2.1.5 HTTP/1.1" 200 4895
190.250.61.39 - - [16/Jun/2015:03:19:13 -0500] "GET /galeria/galeria/jquery.fancybox.js?v=2.1.5 HTTP/1.1" 200 48706
180.76.15.15 - - [16/Jun/2015:03:19:16 -0500] "GET /BLA/resoluciones/RESOLUCIONES%202008/0968.pdf HTTP/1.1" 200 515746
66.249.73.163 - - [16/Jun/2015:03:19:17 -0500] "GET /BLA/resoluciones/AUTOS%202009/1313.pdf HTTP/1.1" 200 193361
180.76.15.7 - - [16/Jun/2015:03:19:28 -0500] "GET /BLA/resoluciones/RESOLUCIONES%202010/1426.pdf HTTP/1.1" 200 567315
66.249.73.155 - - [16/Jun/2015:03:19:30 -0500] "GET /autoliquidacion/Solicitud%20de%20expedici%C3%B3n%20de%20certificados%20de%20estado%20de%20conservaci%C3%B3n%20ambiental%20(CECA)/FORMULARIO%20DE%20SOLICITUD%20DE%20CECA.pdf HTTP/1.1" 304 -
180.76.15.141 - - [16/Jun/2015:03:19:34 -0500] "GET /BLA/resoluciones/RESOLUCIONES%202014/2722.pdf HTTP/1.1" 200 292762
66.249.73.171 - - [16/Jun/2015:03:19:43 -0500] "GET /BLA/resoluciones/RESOLUCIONES%202008/2973.pdf HTTP/1.1" 200 252863
180.76.15.21 - - [16/Jun/2015:03:19:44 -0500] "GET /BLA/resoluciones/RESOLUCIONES%202012/0725.pdf HTTP/1.1" 200 376644
180.76.15.7 - - [16/Jun/2015:03:19:50 -0500] "GET /BLA/resoluciones/RESOLUCIONES%202012/1585.pdf HTTP/1.1" 200 3208530
66.249.73.171 - - [16/Jun/2015:03:19:56 -0500] "GET /BLA/resoluciones/RESOLUCIONES%202008/5062.pdf HTTP/1.1" 200 169830
180.76.15.140 - - [16/Jun/2015:03:20:02 -0500] "GET /BLA/resoluciones/RESOLUCIONES%202012/1030.pdf HTTP/1.1" 200 585959
201.191.208.203 - - [16/Jun/2015:03:20:06 -0500] "GET /BLA/boletinlegal/jurisprudencia/analisis/Analisis%20jurisprudencial%20Sentencia%20C-366-11.doc HTTP/1.1" 200 59392
66.249.73.163 - - [16/Jun/2015:03:20:06 -0500] "GET /BLA/resoluciones/RESOLUCIONES%202009/1986.pdf HTTP/1.1" 200 723243
74.86.158.107 - - [16/Jun/2015:03:20:06 -0500] "HEAD / HTTP/1.1" 200 -
180.76.15.11 - - [16/Jun/2015:03:20:08 -0500] "GET /BLA/resoluciones/RESOLUCIONES%202010/0438.pdf HTTP/1.1" 200 451485
66.249.73.163 - - [16/Jun/2015:03:20:08 -0500] "GET /BLA/resoluciones/AUTOS%202011/1640.pdf HTTP/1.1" 200 138630
74.86.158.107 - - [16/Jun/2015:03:20:17 -0500] "HEAD / HTTP/1.1" 200 -
180.76.15.22 - - [16/Jun/2015:03:20:20 -0500] "GET /BLA/resoluciones/RESOLUCIONES%202012/1770.pdf HTTP/1.1" 200 1199300
66.249.73.171 - - [16/Jun/2015:03:20:21 -0500] "GET /BLA/resoluciones/RESOLUCIONES%202010/1369.pdf HTTP/1.1" 200 386522
180.76.15.13 - - [16/Jun/2015:03:20:26 -0500] "GET /BLA/resoluciones/RESOLUCIONES%202010/2161.pdf HTTP/1.1" 200 511134
66.249.73.155 - - [16/Jun/2015:03:20:34 -0500] "GET /BLA/resoluciones/AUTOS%202009/1644.pdf HTTP/1.1" 200 99633
180.76.15.139 - - [16/Jun/2015:03:20:41 -0500] "GET /BLA/resoluciones/RESOLUCIONES%202012/1547.pdf HTTP/1.1" 200 817745
180.76.15.28 - - [16/Jun/2015:03:20:42 -0500] "GET /BLA/resoluciones/RESOLUCIONES%202008/0605.pdf HTTP/1.1" 200 168813
66.249.73.163 - - [16/Jun/2015:03:20:47 -0500] "GET /BLA/resoluciones/RESOLUCIONES%202009/0464.pdf HTTP/1.1" 200 286611
180.76.15.22 - - [16/Jun/2015:03:20:54 -0500] "GET /BLA/resoluciones/RESOLUCIONES%202014/0974.pdf HTTP/1.1" 200 2089032
186.29.179.67 - - [16/Jun/2015:03:20:55 -0500] "GET /forest/img/jquery/ui-icons_217bc0_256x240.png HTTP/1.1" 200 70221
180.76.15.25 - - [16/Jun/2015:03:21:00 -0500] "GET /BLA/resoluciones/RESOLUCIONES%202010/0677.pdf HTTP/1.1" 200 103724
186.29.179.67 - - [16/Jun/2015:03:21:00 -0500] "GET /forest/session.jsp?a=0.5033004626166075 HTTP/1.1" 200 4
66.249.73.163 - - [16/Jun/2015:03:21:00 -0500] "GET /BLA/resoluciones/RESOLUCIONES%202009/4025.pdf HTTP/1.1" 200 559621
186.29.179.67 - - [16/Jun/2015:03:21:01 -0500] "GET /forest/skins/gdocs-jar/jsp/cookie.jsp?name=grid_numrad&del HTTP/1.1" 200 -
186.29.179.67 - - [16/Jun/2015:03:21:01 -0500] "POST /forest/misactividades.do?ajax=true&a=0.6993161705322564 HTTP/1.1" 200 56
207.90.2.8 - - [16/Jun/2015:03:21:11 -0500] "GET / HTTP/1.0" 200 10190
180.76.15.33 - - [16/Jun/2015:03:21:12 -0500] "GET /BLA/resoluciones/RESOLUCIONES%202010/0243.pdf HTTP/1.1" 200 296903
66.249.73.155 - - [16/Jun/2015:03:21:13 -0500] "GET /BLA/resoluciones/RESOLUCIONES%202009/8181.pdf HTTP/1.1" 200 497187
186.29.179.67 - - [16/Jun/2015:03:21:12 -0500] "GET /forest/index2.jsp?_a=0.7032268019393086 HTTP/1.1" 200 217595
186.29.179.67 - - [16/Jun/2015:03:21:13 -0500] "GET /forest/session.jsp?a=0.3289347954560071 HTTP/1.1" 200 4
186.29.179.67 - - [16/Jun/2015:03:21:14 -0500] "GET /forest/misactividades.do?group_system_actual=3&codPro=95&_a=0.7811993278903688 HTTP/1.1" 200 38738
186.29.179.67 - - [16/Jun/2015:03:21:15 -0500] "GET /forest/skins/gdocs-jar/jsp/cookie.jsp?name=grid_nomter&del HTTP/1.1" 200 -
186.29.179.67 - - [16/Jun/2015:03:21:15 -0500] "GET /forest/session.jsp?a=0.7063898122869432 HTTP/1.1" 200 4
180.76.15.29 - - [16/Jun/2015:03:21:16 -0500] "GET /BLA/resoluciones/RESOLUCIONES%202014/2596.pdf HTTP/1.1" 200 229960
186.29.179.67 - - [16/Jun/2015:03:21:15 -0500] "POST /forest/misactividades.do?ajax=true&a=0.627178237773478 HTTP/1.1" 200 12845
66.249.73.163 - - [16/Jun/2015:03:21:26 -0500] "GET /BLA/resoluciones/RESOLUCIONES%202009/2195.pdf HTTP/1.1" 200 638720
180.76.15.7 - - [16/Jun/2015:03:21:28 -0500] "GET /BLA/resoluciones/RESOLUCIONES%202014/0442.pdf HTTP/1.1" 200 557513
180.76.15.140 - - [16/Jun/2015:03:21:34 -0500] "GET /BLA/resoluciones/RESOLUCIONES%202010/1920.pdf HTTP/1.1" 200 772652
66.249.73.163 - - [16/Jun/2015:03:21:39 -0500] "GET /BLA/resoluciones/RESOLUCIONES%202009/2935.pdf HTTP/1.1" 200 424900
186.29.179.67 - - [16/Jun/2015:03:21:40 -0500] "GET /forest/skins/gdocs-jar/popup/popup.jsp?width=850&height=380&title=Informaci%F3n%20del%20radicado&uri=/forest/system/document.jsp%3FcodDoc%3D2075430&name=undefined&_a=0.8221858644392341&a=0.9710618210956454 HTTP/1.1" 200 1315
186.29.179.67 - - [16/Jun/2015:03:21:40 -0500] "GET /forest/system/document.jsp?codDoc=2075430 HTTP/1.1" 200 13287
186.29.179.67 - - [16/Jun/2015:03:21:40 -0500] "GET /forest/system/document.jsp?codDoc=2075430 HTTP/1.1" 200 13287
186.29.179.67 - - [16/Jun/2015:03:21:43 -0500] "GET /favicon.ico HTTP/1.1" 200 7782
186.29.179.67 - - [16/Jun/2015:03:21:42 -0500] "GET /forest/documentos/2075430/2015ER83057.pdf HTTP/1.1" 200 159579
180.76.15.9 - - [16/Jun/2015:03:21:46 -0500] "GET /BLA/resoluciones/RESOLUCIONES%202012/1725.pdf HTTP/1.1" 200 1164703
66.249.73.171 - - [16/Jun/2015:03:21:50 -0500] "GET /BLA/resoluciones/RESOLUCIONES%202011/6971.pdf HTTP/1.1" 200 637749
66.249.73.163 - - [16/Jun/2015:03:21:52 -0500] "GET /BLA/resoluciones/RESOLUCIONES%202010/5290.pdf HTTP/1.1" 200 752807
180.76.15.151 - - [16/Jun/2015:03:21:52 -0500] "GET /BLA/resoluciones/RESOLUCIONES%202007/RES%202007%204001%20AL%204100/RESOLUCION%204043%20DE%202007.pdf HTTP/1.1" 200 227024
186.29.179.67 - - [16/Jun/2015:03:21:52 -0500] "GET /forest/usutareas.do?_a=0.331199252512306&group_system_actual=3 HTTP/1.1" 200 123346
186.29.179.67 - - [16/Jun/2015:03:21:54 -0500] "GET /forest/session.jsp?a=0.23999002389609814 HTTP/1.1" 200 4
186.29.179.67 - - [16/Jun/2015:03:21:55 -0500] "GET /forest/documentos/2075122/2015ER82749.pdf HTTP/1.1" 200 1056924
180.76.15.152 - - [16/Jun/2015:03:22:04 -0500] "GET /BLA/resoluciones/RESOLUCIONES%202010/2701.pdf HTTP/1.1" 200 380270
66.249.73.155 - - [16/Jun/2015:03:22:05 -0500] "GET /BLA/resoluciones/AUTOS%202009/1544.pdf HTTP/1.1" 200 112027
180.76.15.150 - - [16/Jun/2015:03:22:08 -0500] "GET /BLA/resoluciones/RESOLUCIONES%202010/1733.pdf HTTP/1.1" 200 484315
66.249.73.171 - - [16/Jun/2015:03:22:18 -0500] "GET /BLA/resoluciones/AUTOS%202011/5049.pdf HTTP/1.1" 200 494986
180.76.15.140 - - [16/Jun/2015:03:22:20 -0500] "GET /BLA/resoluciones/RESOLUCIONES%202008/2717.pdf HTTP/1.1" 200 331788
180.76.15.138 - - [16/Jun/2015:03:22:26 -0500] "GET /BLA/resoluciones/RESOLUCIONES%202010/0899.pdf HTTP/1.1" 200 104450
66.249.73.163 - - [16/Jun/2015:03:22:30 -0500] "GET /BLA/resoluciones/RESOLUCIONES%202010/3684.pdf HTTP/1.1" 200 901504
180.76.15.153 - - [16/Jun/2015:03:22:38 -0500] "GET /BLA/resoluciones/RESOLUCIONES%202008/2203.pdf HTTP/1.1" 200 410946
66.249.73.163 - - [16/Jun/2015:03:22:43 -0500] "GET /BLA/resoluciones/AUTOS%202009/2970.pdf HTTP/1.1" 200 137584
180.76.15.158 - - [16/Jun/2015:03:22:44 -0500] "GET /BLA/resoluciones/RESOLUCIONES%202010/1422.pdf HTTP/1.1" 200 409084
180.76.15.34 - - [16/Jun/2015:03:22:54 -0500] "GET /BLA/resoluciones/RESOLUCIONES%202012/0637.pdf HTTP/1.1" 200 574358
66.249.73.163 - - [16/Jun/2015:03:22:56 -0500] "GET /BLA/resoluciones/RESOLUCIONES%202009/7930.pdf HTTP/1.1" 200 309571
180.76.15.29 - - [16/Jun/2015:03:23:00 -0500] "GET /BLA/resoluciones/RESOLUCIONES%202012/0434.pdf HTTP/1.1" 200 412578
66.249.73.155 - - [16/Jun/2015:03:23:09 -0500] "GET /BLA/resoluciones/AUTOS%202011/3051.pdf HTTP/1.1" 200 84516
180.76.15.26 - - [16/Jun/2015:03:23:12 -0500] "GET /BLA/resoluciones/RESOLUCIONES%202012/0727.pdf HTTP/1.1" 200 407479
180.76.15.141 - - [16/Jun/2015:03:23:18 -0500] "GET /BLA/resoluciones/RESOLUCIONES%202012/1246.pdf HTTP/1.1" 200 367464
66.249.73.171 - - [16/Jun/2015:03:23:21 -0500] "GET /BLA/resoluciones/RESOLUCIONES%202010/2843.pdf HTTP/1.1" 200 811544
66.249.73.155 - - [16/Jun/2015:03:23:23 -0500] "GET /BLA/resoluciones/AUTOS%202009/2277.pdf HTTP/1.1" 200 122409
180.76.15.135 - - [16/Jun/2015:03:23:30 -0500] "GET /BLA/resoluciones/RESOLUCIONES%202012/1034.pdf HTTP/1.1" 200 601592
66.249.73.155 - - [16/Jun/2015:03:23:33 -0500] "GET /BLA/resoluciones/RESOLUCIONES%202014/3169.pdf HTTP/1.1" 200 405871
66.249.73.155 - - [16/Jun/2015:03:23:35 -0500] "GET /BLA/resoluciones/AUTOS%202009/2246.pdf HTTP/1.1" 200 120947
180.76.15.144 - - [16/Jun/2015:03:23:36 -0500] "GET /BLA/resoluciones/RESOLUCIONES%202014/2219.pdf HTTP/1.1" 200 2369680
180.76.15.15 - - [16/Jun/2015:03:23:46 -0500] "GET /BLA/resoluciones/RESOLUCIONES%202012/1572.pdf HTTP/1.1" 200 627358
66.249.73.171 - - [16/Jun/2015:03:23:48 -0500] "GET /BLA/resoluciones/RESOLUCIONES%202011/3035.pdf HTTP/1.1" 200 699466
180.76.15.149 - - [16/Jun/2015:03:23:52 -0500] "GET /BLA/resoluciones/RESOLUCIONES%202011/3696.pdf HTTP/1.1" 200 548212
66.249.73.171 - - [16/Jun/2015:03:24:01 -0500] "GET /BLA/resoluciones/AUTOS%202008/0752.pdf HTTP/1.1" 200 128204
180.76.15.21 - - [16/Jun/2015:03:24:04 -0500] "GET /BLA/resoluciones/RESOLUCIONES%202008/1755.pdf HTTP/1.1" 200 49222
180.76.15.22 - - [16/Jun/2015:03:24:10 -0500] "GET /BLA/resoluciones/RESOLUCIONES%202012/1768.pdf HTTP/1.1" 200 773156
66.249.73.171 - - [16/Jun/2015:03:24:14 -0500] "GET /BLA/resoluciones/RESOLUCIONES%202009/9744.pdf HTTP/1.1" 200 312140
180.76.15.135 - - [16/Jun/2015:03:24:22 -0500] "GET /BLA/resoluciones/RESOLUCIONES%202008/2837.pdf HTTP/1.1" 200 255078
66.249.73.155 - - [16/Jun/2015:03:24:27 -0500] "GET /BLA/resoluciones/AUTOS%202009/1546.pdf HTTP/1.1" 200 111675
180.76.15.160 - - [16/Jun/2015:03:24:28 -0500] "GET /BLA/resoluciones/RESOLUCIONES%202012/0220.pdf HTTP/1.1" 200 2213399
180.76.15.20 - - [16/Jun/2015:03:24:38 -0500] "GET /BLA/resoluciones/RESOLUCIONES%202011/1697.pdf HTTP/1.1" 200 66807
66.249.73.171 - - [16/Jun/2015:03:24:40 -0500] "GET /BLA/resoluciones/RESOLUCIONES%202011/1923.pdf HTTP/1.1" 200 262466
180.76.15.149 - - [16/Jun/2015:03:24:44 -0500] "GET /BLA/resoluciones/RESOLUCIONES%202012/0746.pdf HTTP/1.1" 200 279355
66.249.73.171 - - [16/Jun/2015:03:24:52 -0500] "GET /BLA/resoluciones/AUTOS%202009/2285.pdf HTTP/1.1" 200 86360
180.76.15.134 - - [16/Jun/2015:03:24:56 -0500] "GET /BLA/resoluciones/RESOLUCIONES%202012/1454.pdf HTTP/1.1" 200 1035322
180.76.15.11 - - [16/Jun/2015:03:25:02 -0500] "GET /BLA/resoluciones/RESOLUCIONES%202014/0194.pdf HTTP/1.1" 200 684603
66.249.73.163 - - [16/Jun/2015:03:25:05 -0500] "GET /BLA/resoluciones/RESOLUCIONES%202008/3489.pdf HTTP/1.1" 200 302568
74.86.158.107 - - [16/Jun/2015:03:25:06 -0500] "HEAD / HTTP/1.1" 200 -
180.76.15.145 - - [16/Jun/2015:03:25:14 -0500] "GET /BLA/resoluciones/RESOLUCIONES%202010/0401.pdf HTTP/1.1" 200 113808
66.249.73.155 - - [16/Jun/2015:03:25:17 -0500] "GET /BLA/resoluciones/RESOLUCIONES%202014/1804.pdf HTTP/1.1" 200 263236
74.86.158.107 - - [16/Jun/2015:03:25:17 -0500] "HEAD / HTTP/1.1" 200 -
180.76.15.22 - - [16/Jun/2015:03:25:18 -0500] "GET /BLA/resoluciones/RESOLUCIONES%202012/0420.pdf HTTP/1.1" 200 296447
66.249.73.163 - - [16/Jun/2015:03:25:18 -0500] "GET /BLA/resoluciones/RESOLUCIONES%202010/0885.pdf HTTP/1.1" 200 107504
186.29.179.67 - - [16/Jun/2015:03:25:28 -0500] "GET /forest/skins/gdocs-jar/popup/popup.jsp?width=1100&height=500&title=Buscar%20documentos&uri=/forest/buscar.do%3Ftype%3Ddocumentos&name=undefined&_a=0.8797049918211997&a=0.05173564818687737 HTTP/1.1" 200 1300
186.29.179.67 - - [16/Jun/2015:03:25:28 -0500] "GET /forest/buscar.do?type=documentos HTTP/1.1" 200 18159
186.29.179.67 - - [16/Jun/2015:03:25:28 -0500] "GET /forest/css/autocomplete.css?version=1503.161801 HTTP/1.1" 200 1662
186.29.179.67 - - [16/Jun/2015:03:25:28 -0500] "GET /forest/skins/gdocs-jar/css/tree.css?version=1503.161801 HTTP/1.1" 200 223
186.29.179.67 - - [16/Jun/2015:03:25:28 -0500] "GET /forest/1ibre/jscalendar/calendar-win2k-1.css HTTP/1.1" 200 5986
186.29.179.67 - - [16/Jun/2015:03:25:28 -0500] "GET /forest/js/load_func.js?version=1503.161801 HTTP/1.1" 200 919
186.29.179.67 - - [16/Jun/2015:03:25:29 -0500] "GET /forest/js/dialog.js?version=1503.161801 HTTP/1.1" 200 4201
186.29.179.67 - - [16/Jun/2015:03:25:29 -0500] "GET /forest/js/escritorio/escritorio.js?version=1503.161801 HTTP/1.1" 200 8096
186.29.179.67 - - [16/Jun/2015:03:25:29 -0500] "GET /forest/js/internJS.js?version=1503.161801 HTTP/1.1" 200 3047
186.29.179.67 - - [16/Jun/2015:03:25:29 -0500] "GET /forest/1ibre/jscalendar/lang/calendar-es.js?version=1503.161801 HTTP/1.1" 200 3995
186.29.179.67 - - [16/Jun/2015:03:25:29 -0500] "GET /forest/js/sarissa.js?version=1503.161801 HTTP/1.1" 200 27327
186.29.179.67 - - [16/Jun/2015:03:25:28 -0500] "GET /forest/buscar.do?type=documentos HTTP/1.1" 200 85104
186.29.179.67 - - [16/Jun/2015:03:25:29 -0500] "GET /forest/1ibre/jscalendar/calendar-setup.js?version=1503.161801 HTTP/1.1" 200 8927
186.29.179.67 - - [16/Jun/2015:03:25:29 -0500] "GET /forest/1ibre/jscalendar/calendar.js?version=1503.161801 HTTP/1.1" 200 51363
186.29.179.67 - - [16/Jun/2015:03:25:29 -0500] "GET /forest/js/xml_utilities.js?version=1503.161801 HTTP/1.1" 200 11451
186.29.179.67 - - [16/Jun/2015:03:25:29 -0500] "GET /forest/js/autocompletar2.js?version=1503.161801 HTTP/1.1" 200 24092
186.29.179.67 - - [16/Jun/2015:03:25:29 -0500] "GET /forest/skins/gdocs-jar/img/select.gif HTTP/1.1" 200 335
186.29.179.67 - - [16/Jun/2015:03:25:29 -0500] "GET /forest/skins/gdocs-jar/img/user_search.gif HTTP/1.1" 200 1491
186.29.179.67 - - [16/Jun/2015:03:25:29 -0500] "GET /forest/1ibre/protoaculous.js?version=1503.161801 HTTP/1.1" 200 151386
186.29.179.67 - - [16/Jun/2015:03:25:29 -0500] "GET /forest/1ibre/1ibre.js?version=1503.161801 HTTP/1.1" 200 197648
180.76.15.26 - - [16/Jun/2015:03:25:30 -0500] "GET /BLA/resoluciones/RESOLUCIONES%202011/2735.pdf HTTP/1.1" 200 471977
186.29.179.67 - - [16/Jun/2015:03:25:30 -0500] "GET /forest/json.do?query=usersByDep&coddep=2013 HTTP/1.1" 200 7162
186.29.179.67 - - [16/Jun/2015:03:25:30 -0500] "GET /forest/1ibre/images/spacer.gif HTTP/1.1" 200 43
186.29.179.67 - - [16/Jun/2015:03:25:30 -0500] "GET /forest/skins/gdocs-jar/img/dependencia-tree.gif HTTP/1.1" 200 1039
186.29.179.67 - - [16/Jun/2015:03:25:30 -0500] "GET /forest/1ibre/images/minus.gif HTTP/1.1" 200 80
186.29.179.67 - - [16/Jun/2015:03:25:30 -0500] "GET /forest/1ibre/images/plus.gif HTTP/1.1" 200 88
186.29.179.67 - - [16/Jun/2015:03:25:30 -0500] "GET /forest/json.do?query=versionListadas HTTP/1.1" 200 15
186.29.179.67 - - [16/Jun/2015:03:25:30 -0500] "GET /forest/json.do?query=usersByDep&coddep=2013 HTTP/1.1" 200 7162
186.29.179.67 - - [16/Jun/2015:03:25:30 -0500] "GET /forest/1ibre/jscalendar/img.gif HTTP/1.1" 200 223
186.29.179.67 - - [16/Jun/2015:03:25:31 -0500] "GET /forest/json.do?query=procesIniciales HTTP/1.1" 200 10560
66.249.73.171 - - [16/Jun/2015:03:25:31 -0500] "GET /BLA/resoluciones/RESOLUCIONES%202009/2397.pdf HTTP/1.1" 200 409092
186.29.179.67 - - [16/Jun/2015:03:25:31 -0500] "GET /forest/json.do?query=bpmnIniciales HTTP/1.1" 200 1095
186.29.179.67 - - [16/Jun/2015:03:25:34 -0500] "POST /forest/buscar.do? HTTP/1.1" 200 7243
186.29.179.67 - - [16/Jun/2015:03:25:34 -0500] "GET /forest/img/nav_first.gif HTTP/1.1" 200 89
186.29.179.67 - - [16/Jun/2015:03:25:34 -0500] "GET /forest/img/nav_prev.gif HTTP/1.1" 200 109
186.29.179.67 - - [16/Jun/2015:03:25:34 -0500] "GET /forest/img/nav_next.gif HTTP/1.1" 200 111
186.29.179.67 - - [16/Jun/2015:03:25:34 -0500] "GET /forest/img/nav_last.gif HTTP/1.1" 200 92
186.29.179.67 - - [16/Jun/2015:03:25:34 -0500] "GET /forest/skins/gdocs-jar/img/more_details.gif HTTP/1.1" 200 617
180.76.15.161 - - [16/Jun/2015:03:25:36 -0500] "GET /BLA/resoluciones/RESOLUCIONES%202012/1905.pdf HTTP/1.1" 200 339302
186.29.179.67 - - [16/Jun/2015:03:25:40 -0500] "GET /forest/skins/gdocs-jar/popup/popup.jsp?width=900&height=600&title=Informaci%F3n%20de%20proceso&uri=/forest/system/process.jsp%3FnumPro%3D3050581&name=undefined&_a=0.885154556715861&a=0.21634245826862752 HTTP/1.1" 200 1312
186.29.179.67 - - [16/Jun/2015:03:25:40 -0500] "GET /forest/system/process.jsp?numPro=3050581 HTTP/1.1" 200 18159
186.29.179.67 - - [16/Jun/2015:03:25:41 -0500] "GET /forest/skins/gdocs-jar/img/activity2.gif HTTP/1.1" 200 374
186.29.179.67 - - [16/Jun/2015:03:25:41 -0500] "GET /forest/skins/gdocs-jar/img/itemlist.gif HTTP/1.1" 200 134
186.29.179.67 - - [16/Jun/2015:03:25:42 -0500] "GET /forest/skins/gdocs-jar/img/mueveactividad.gif HTTP/1.1" 200 90
186.29.179.67 - - [16/Jun/2015:03:25:40 -0500] "GET /forest/system/process.jsp?numPro=3050581 HTTP/1.1" 200 64490
186.29.179.67 - - [16/Jun/2015:03:25:42 -0500] "GET /forest/skins/gdocs-jar/img/icons/p7z.gif HTTP/1.1" 200 582
66.249.73.155 - - [16/Jun/2015:03:25:44 -0500] "GET /BLA/resoluciones/RESOLUCIONES%202012/1827.pdf HTTP/1.1" 200 421234
186.29.179.67 - - [16/Jun/2015:03:25:46 -0500] "GET /forest/skins/gdocs-jar/popup/popup.jsp?width=500&height=350&title=Informaci%F3n%20del%20borrador&uri=/forest/system/borrador.jsp%3FcodBorr%3D591593&name=undefined&_a=0.8376959930174053&a=0.6509808588307351 HTTP/1.1" 200 1315
186.29.179.67 - - [16/Jun/2015:03:25:46 -0500] "GET /forest/system/borrador.jsp?codBorr=591593 HTTP/1.1" 200 9149
180.76.15.33 - - [16/Jun/2015:03:25:48 -0500] "GET /BLA/resoluciones/RESOLUCIONES%202012/1540.pdf HTTP/1.1" 200 809481
186.29.179.67 - - [16/Jun/2015:03:25:51 -0500] "GET /forest/skins/gdocs-jar/img/contraido.gif HTTP/1.1" 200 195
180.76.15.18 - - [16/Jun/2015:03:25:54 -0500] "GET /BLA/resoluciones/RESOLUCIONES%202012/1023.pdf HTTP/1.1" 200 655188
66.249.73.171 - - [16/Jun/2015:03:25:57 -0500] "GET /BLA/resoluciones/AUTOS%202009/1912.pdf HTTP/1.1" 200 81420
180.76.15.23 - - [16/Jun/2015:03:26:06 -0500] "GET /BLA/resoluciones/RESOLUCIONES%202010/1275.pdf HTTP/1.1" 200 99995
66.249.73.155 - - [16/Jun/2015:03:26:10 -0500] "GET /BLA/resoluciones/RESOLUCIONES%202010/0960.pdf HTTP/1.1" 200 433387
180.76.15.14 - - [16/Jun/2015:03:26:10 -0500] "GET /BLA/resoluciones/RESOLUCIONES%202014/0606.pdf HTTP/1.1" 200 478546
186.29.179.67 - - [16/Jun/2015:03:26:21 -0500] "POST /forest/usutareas.do? HTTP/1.1" 200 625
180.76.15.158 - - [16/Jun/2015:03:26:22 -0500] "GET /BLA/resoluciones/RESOLUCIONES%202012/1915.pdf HTTP/1.1" 200 493639
66.249.73.155 - - [16/Jun/2015:03:26:23 -0500] "GET /BLA/resoluciones/RESOLUCIONES%202011/3254.pdf HTTP/1.1" 200 453670
186.29.179.67 - - [16/Jun/2015:03:26:23 -0500] "POST /forest/usutareas.do? HTTP/1.1" 200 124
186.29.179.67 - - [16/Jun/2015:03:26:25 -0500] "GET /forest/usutareas.do?group_system_actual=3&a=0.2278425556141883 HTTP/1.1" 200 20084
186.29.179.67 - - [16/Jun/2015:03:26:25 -0500] "GET /forest/session.jsp?a=0.6382034858688712 HTTP/1.1" 200 4
186.29.179.67 - - [16/Jun/2015:03:26:27 -0500] "GET /forest/misactividades.do?_a=0.8581555122509599&group_system_actual=3 HTTP/1.1" 200 38102
186.29.179.67 - - [16/Jun/2015:03:26:27 -0500] "GET /forest/session.jsp?a=0.29825851414352655 HTTP/1.1" 200 4
186.29.179.67 - - [16/Jun/2015:03:26:27 -0500] "POST /forest/misactividades.do?ajax=true&a=0.24727605353109539 HTTP/1.1" 200 12827
180.76.15.21 - - [16/Jun/2015:03:26:28 -0500] "GET /BLA/resoluciones/RESOLUCIONES%202014/0482.pdf HTTP/1.1" 200 540634
66.249.73.171 - - [16/Jun/2015:03:26:36 -0500] "GET /BLA/resoluciones/AUTOS%202011/0009.pdf HTTP/1.1" 200 202441
186.29.179.67 - - [16/Jun/2015:03:26:36 -0500] "GET /forest/skins/gdocs-jar/popup/popup.jsp?width=850&height=380&title=Informaci%F3n%20del%20radicado&uri=/forest/system/document.jsp%3FcodDoc%3D2067747&name=undefined&_a=0.3778831227682531&a=0.03982883831486106 HTTP/1.1" 200 1315
66.249.73.163 - - [16/Jun/2015:03:26:36 -0500] "GET /BLA/resoluciones/AUTOS%202009/0020.pdf HTTP/1.1" 200 208724
186.29.179.67 - - [16/Jun/2015:03:26:36 -0500] "GET /forest/system/document.jsp?codDoc=2067747 HTTP/1.1" 200 15092
186.29.179.67 - - [16/Jun/2015:03:26:36 -0500] "GET /forest/system/document.jsp?codDoc=2067747 HTTP/1.1" 200 15092
180.76.15.139 - - [16/Jun/2015:03:26:40 -0500] "GET /BLA/resoluciones/RESOLUCIONES%202010/1353.pdf HTTP/1.1" 200 345074
66.249.65.240 - - [16/Jun/2015:03:26:40 -0500] "GET /galeria/nivo-slider/demo/images/Banner-info2.jpg HTTP/1.1" 200 210461
180.76.15.13 - - [16/Jun/2015:03:26:46 -0500] "GET /BLA/resoluciones/RESOLUCIONES%202012/1375.pdf HTTP/1.1" 200 709873
186.29.179.67 - - [16/Jun/2015:03:26:38 -0500] "GET /forest/documentos/2067747/2015ER75374.pdf HTTP/1.1" 200 1573524
66.249.73.155 - - [16/Jun/2015:03:26:48 -0500] "GET /BLA/resoluciones/AUTOS%202009/1316.pdf HTTP/1.1" 200 110484
180.76.15.11 - - [16/Jun/2015:03:26:56 -0500] "GET /BLA/resoluciones/RESOLUCIONES%202014/1998.pdf HTTP/1.1" 200 461088
66.249.73.171 - - [16/Jun/2015:03:27:01 -0500] "GET /BLA/resoluciones/RESOLUCIONES%202009/6884.pdf HTTP/1.1" 200 349355
66.249.73.155 - - [16/Jun/2015:03:27:02 -0500] "GET /BLA/resoluciones/RESOLUCIONES%202009/1983.pdf HTTP/1.1" 200 634978
180.76.15.151 - - [16/Jun/2015:03:27:02 -0500] "GET /BLA/resoluciones/RESOLUCIONES%202008/0865.pdf HTTP/1.1" 200 416120
180.76.15.20 - - [16/Jun/2015:03:27:14 -0500] "GET /BLA/resoluciones/RESOLUCIONES%202010/1280.pdf HTTP/1.1" 200 100422
66.249.73.163 - - [16/Jun/2015:03:27:14 -0500] "GET /BLA/resoluciones/RESOLUCIONES%202009/5374.pdf HTTP/1.1" 200 519273
180.76.15.12 - - [16/Jun/2015:03:27:20 -0500] "GET /BLA/resoluciones/RESOLUCIONES%202008/2930.pdf HTTP/1.1" 200 450455
66.249.73.155 - - [16/Jun/2015:03:27:27 -0500] "GET /BLA/resoluciones/RESOLUCIONES%202011/2344.pdf HTTP/1.1" 200 244552
180.76.15.163 - - [16/Jun/2015:03:27:32 -0500] "GET /BLA/resoluciones/RESOLUCIONES%202008/2424.pdf HTTP/1.1" 200 198785
180.76.15.31 - - [16/Jun/2015:03:27:38 -0500] "GET /BLA/resoluciones/RESOLUCIONES%202012/0722.pdf HTTP/1.1" 200 387735
66.249.73.171 - - [16/Jun/2015:03:27:40 -0500] "GET /BLA/resoluciones/RESOLUCIONES%202012/1846.pdf HTTP/1.1" 200 456063
180.76.15.29 - - [16/Jun/2015:03:27:51 -0500] "GET /BLA/resoluciones/RESOLUCIONES%202012/0752.pdf HTTP/1.1" 200 4480156
66.249.73.163 - - [16/Jun/2015:03:27:53 -0500] "GET /BLA/resoluciones/AUTOS%202009/1261.pdf HTTP/1.1" 200 173440
186.29.179.67 - - [16/Jun/2015:03:27:52 -0500] "GET /forest/usutareas.do?_a=0.156636024126783&group_system_actual=3 HTTP/1.1" 200 122873
186.29.179.67 - - [16/Jun/2015:03:27:54 -0500] "GET /forest/session.jsp?a=0.11883464781567454 HTTP/1.1" 200 4
180.76.15.152 - - [16/Jun/2015:03:27:54 -0500] "GET /BLA/resoluciones/RESOLUCIONES%202012/0912.pdf HTTP/1.1" 200 565281
66.249.73.155 - - [16/Jun/2015:03:28:06 -0500] "GET /BLA/resoluciones/RESOLUCIONES%202009/2710.pdf HTTP/1.1" 200 667760
180.76.15.149 - - [16/Jun/2015:03:28:11 -0500] "GET /BLA/resoluciones/RESOLUCIONES%202011/0021.pdf HTTP/1.1" 200 240527
66.249.73.155 - - [16/Jun/2015:03:28:19 -0500] "GET /BLA/resoluciones/AUTOS%202012/2170.pdf HTTP/1.1" 304 -
186.29.179.67 - - [16/Jun/2015:03:28:26 -0500] "POST /forest/usutareas.do? HTTP/1.1" 200 625
180.76.15.19 - - [16/Jun/2015:03:28:28 -0500] "GET /BLA/resoluciones/RESOLUCIONES%202011/0008.pdf HTTP/1.1" 200 590857
186.29.179.67 - - [16/Jun/2015:03:28:30 -0500] "POST /forest/usutareas.do? HTTP/1.1" 200 124
66.249.73.171 - - [16/Jun/2015:03:28:32 -0500] "GET /BLA/resoluciones/AUTOS%202011/4262.pdf HTTP/1.1" 200 229077
186.29.179.67 - - [16/Jun/2015:03:28:32 -0500] "GET /forest/usutareas.do?group_system_actual=3&a=0.47137256897985935 HTTP/1.1" 200 20084
186.29.179.67 - - [16/Jun/2015:03:28:32 -0500] "GET /forest/session.jsp?a=0.7415795500855893 HTTP/1.1" 200 4
186.29.179.67 - - [16/Jun/2015:03:28:33 -0500] "GET /forest/misactividades.do?_a=0.7427954899612814&group_system_actual=3 HTTP/1.1" 200 38102
186.29.179.67 - - [16/Jun/2015:03:28:34 -0500] "GET /forest/session.jsp?a=0.9273189411032945 HTTP/1.1" 200 4
186.29.179.67 - - [16/Jun/2015:03:28:34 -0500] "POST /forest/misactividades.do?ajax=true&a=0.6244492866098881 HTTP/1.1" 200 12864
66.249.73.155 - - [16/Jun/2015:03:28:45 -0500] "GET /BLA/resoluciones/RESOLUCIONES%202012/1888.pdf HTTP/1.1" 200 825696
180.76.15.24 - - [16/Jun/2015:03:28:45 -0500] "GET /BLA/resoluciones/RESOLUCIONES%202012/1576.pdf HTTP/1.1" 200 435402
66.249.73.155 - - [16/Jun/2015:03:28:46 -0500] "GET /BLA/resoluciones/RESOLUCIONES%202007/RES%202007%20301%20AL%20400/RESOLUCION%200342%20DE%202007.pdf HTTP/1.1" 200 331081
66.249.73.171 - - [16/Jun/2015:03:28:56 -0500] "GET /BLA/resoluciones/AUTOS%202007/0962.pdf HTTP/1.1" 200 99661
66.249.73.163 - - [16/Jun/2015:03:28:58 -0500] "GET /BLA/resoluciones/RESOLUCIONES%202010/4255.pdf HTTP/1.1" 200 629338
180.76.15.33 - - [16/Jun/2015:03:29:03 -0500] "GET /BLA/resoluciones/RESOLUCIONES%202014/2988.pdf HTTP/1.1" 200 3569649
66.249.73.171 - - [16/Jun/2015:03:29:10 -0500] "GET /BLA/resoluciones/AUTOS%202009/3559.pdf HTTP/1.1" 200 220777
180.76.15.18 - - [16/Jun/2015:03:29:20 -0500] "GET /BLA/resoluciones/RESOLUCIONES%202010/1120.pdf HTTP/1.1" 200 102178
66.249.73.171 - - [16/Jun/2015:03:29:23 -0500] "GET /BLA/resoluciones/AUTOS%202009/1875.pdf HTTP/1.1" 200 101377
66.249.73.171 - - [16/Jun/2015:03:29:36 -0500] "GET /BLA/resoluciones/AUTOS%202008/0407.pdf HTTP/1.1" 200 81959
180.76.15.8 - - [16/Jun/2015:03:29:37 -0500] "GET /BLA/resoluciones/RESOLUCIONES%202008/1990.pdf HTTP/1.1" 200 273764
66.249.73.155 - - [16/Jun/2015:03:29:49 -0500] "GET /BLA/resoluciones/RESOLUCIONES%202012/1902.pdf HTTP/1.1" 200 435417
180.76.15.135 - - [16/Jun/2015:03:29:54 -0500] "GET /BLA/resoluciones/RESOLUCIONES%202012/1323.pdf HTTP/1.1" 200 449613
66.249.73.171 - - [16/Jun/2015:03:30:02 -0500] "GET /BLA/resoluciones/AUTOS%202009/2651.pdf HTTP/1.1" 200 135246
66.249.73.171 - - [16/Jun/2015:03:30:05 -0500] "GET /BLA/resoluciones/RESOLUCIONES%202010/3161.pdf HTTP/1.1" 200 358028
74.86.158.107 - - [16/Jun/2015:03:30:06 -0500] "HEAD / HTTP/1.1" 200 -
180.76.15.34 - - [16/Jun/2015:03:30:12 -0500] "GET /BLA/resoluciones/RESOLUCIONES%202012/1204.pdf HTTP/1.1" 200 503265
66.249.73.171 - - [16/Jun/2015:03:30:15 -0500] "GET /BLA/resoluciones/RESOLUCIONES%202011/1396.pdf HTTP/1.1" 200 80427
74.86.158.107 - - [16/Jun/2015:03:30:17 -0500] "HEAD / HTTP/1.1" 200 -
66.249.73.171 - - [16/Jun/2015:03:30:20 -0500] "GET /BLA/resoluciones/RESOLUCIONES%202010/0477.pdf HTTP/1.1" 200 102614
66.249.73.171 - - [16/Jun/2015:03:30:28 -0500] "GET /BLA/resoluciones/AUTOS%202009/2969.pdf HTTP/1.1" 200 106145
66.249.73.155 - - [16/Jun/2015:03:30:29 -0500] "GET /BLA/resoluciones/RESOLUCIONES%202008/0026.pdf HTTP/1.1" 200 843258
180.76.15.19 - - [16/Jun/2015:03:30:29 -0500] "GET /BLA/resoluciones/RESOLUCIONES%202012/0681.pdf HTTP/1.1" 200 472851
66.249.73.155 - - [16/Jun/2015:03:30:41 -0500] "GET /BLA/resoluciones/RESOLUCIONES%202008/4850.pdf HTTP/1.1" 200 155446
180.76.15.15 - - [16/Jun/2015:03:30:47 -0500] "GET /BLA/resoluciones/RESOLUCIONES%202014/3411.pdf HTTP/1.1" 200 452726
66.249.73.163 - - [16/Jun/2015:03:30:54 -0500] "GET /BLA/resoluciones/RESOLUCIONES%202008/2497.pdf HTTP/1.1" 200 172291
180.76.15.29 - - [16/Jun/2015:03:31:04 -0500] "GET /BLA/resoluciones/RESOLUCIONES%202010/1799.pdf HTTP/1.1" 200 524629
66.249.73.163 - - [16/Jun/2015:03:31:07 -0500] "GET /BLA/resoluciones/AUTOS%202009/2424.pdf HTTP/1.1" 200 99520
66.249.73.163 - - [16/Jun/2015:03:31:19 -0500] "GET /BLA/resoluciones/RESOLUCIONES%202009/7854.pdf HTTP/1.1" 200 368620
180.76.15.145 - - [16/Jun/2015:03:31:21 -0500] "GET /BLA/resoluciones/RESOLUCIONES%202008/1425.pdf HTTP/1.1" 200 207883
66.249.73.171 - - [16/Jun/2015:03:31:32 -0500] "GET /BLA/resoluciones/RESOLUCIONES%202011/2050.pdf HTTP/1.1" 200 514887
180.76.15.29 - - [16/Jun/2015:03:31:38 -0500] "GET /BLA/resoluciones/RESOLUCIONES%202008/2897.pdf HTTP/1.1" 200 315215
66.249.73.163 - - [16/Jun/2015:03:31:45 -0500] "GET /BLA/resoluciones/AUTOS%202007/3262.pdf HTTP/1.1" 200 151389
66.249.73.163 - - [16/Jun/2015:03:31:45 -0500] "GET /BLA/resoluciones/RESOLUCIONES%202009/6491.pdf HTTP/1.1" 200 431013
180.76.15.17 - - [16/Jun/2015:03:31:55 -0500] "GET /BLA/resoluciones/RESOLUCIONES%202008/0523.pdf HTTP/1.1" 200 246439
66.249.73.163 - - [16/Jun/2015:03:31:58 -0500] "GET /BLA/resoluciones/AUTOS%202009/2284.pdf HTTP/1.1" 200 104832
66.249.73.155 - - [16/Jun/2015:03:32:11 -0500] "GET /BLA/resoluciones/AUTOS%202009/2035.pdf HTTP/1.1" 200 98767
180.76.15.163 - - [16/Jun/2015:03:32:13 -0500] "GET /BLA/resoluciones/RESOLUCIONES%202014/3144.pdf HTTP/1.1" 200 443983
199.195.118.53 - - [16/Jun/2015:03:32:18 -0500] "GET / HTTP/1.1" 200 10190
