180.76.15.146 - - [16/Jun/2015:02:14:55 -0500] "GET /BLA/resoluciones/AUTOS%202009/0026.pdf HTTP/1.1" 200 487098
66.249.73.163 - - [16/Jun/2015:02:14:57 -0500] "GET /BLA/resoluciones/AUTOS%202008/0955.pdf HTTP/1.1" 200 178318
180.76.15.150 - - [16/Jun/2015:02:15:02 -0500] "GET /BLA/resoluciones/RESOLUCIONES%202012/0406.pdf HTTP/1.1" 200 275306
181.59.205.154 - - [16/Jun/2015:02:15:06 -0500] "GET /BLA/boletinlegal/js/jquery.scrollTo-min.js HTTP/1.1" 200 1150
181.59.205.154 - - [16/Jun/2015:02:15:06 -0500] "GET /BLA/boletinlegal/js/jquery.scrollShow.js HTTP/1.1" 200 4586
181.59.205.154 - - [16/Jun/2015:02:15:06 -0500] "GET /galeria/galeria/jquery.fancybox.css?v=2.1.5 HTTP/1.1" 200 4895
181.59.205.154 - - [16/Jun/2015:02:15:06 -0500] "GET /galeria/galeria/jquery.fancybox.js?v=2.1.5 HTTP/1.1" 200 48706
74.86.158.107 - - [16/Jun/2015:02:15:06 -0500] "HEAD / HTTP/1.1" 200 -
66.249.73.155 - - [16/Jun/2015:02:15:06 -0500] "GET /BLA/resoluciones/RESOLUCIONES%202009/3823.pdf HTTP/1.1" 200 402904
180.76.15.6 - - [16/Jun/2015:02:15:10 -0500] "GET /BLA/boletinlegal;jsessionid=3D883BAC09EF9F80D42E58B2053DFF7A?/? HTTP/1.1" 404 1018
180.76.15.5 - - [16/Jun/2015:02:15:15 -0500] "GET /BLA/resoluciones/Notificaciones/AUTOS%202014/3792.doc HTTP/1.1" 200 99840
66.249.73.163 - - [16/Jun/2015:02:15:16 -0500] "GET /BLA/resoluciones/AUTOS%202009/1335.pdf HTTP/1.1" 200 96339
74.86.158.107 - - [16/Jun/2015:02:15:17 -0500] "HEAD / HTTP/1.1" 200 -
181.59.205.154 - - [16/Jun/2015:02:15:18 -0500] "GET /galeria/galeria/jquery.fancybox.css?v=2.1.5 HTTP/1.1" 304 -
181.59.205.154 - - [16/Jun/2015:02:15:18 -0500] "GET /BLA/boletinlegal/js/jquery.scrollTo-min.js HTTP/1.1" 304 -
181.59.205.154 - - [16/Jun/2015:02:15:18 -0500] "GET /BLA/boletinlegal/js/jquery.scrollShow.js HTTP/1.1" 304 -
181.59.205.154 - - [16/Jun/2015:02:15:18 -0500] "GET /galeria/galeria/jquery.fancybox.js?v=2.1.5 HTTP/1.1" 304 -
66.249.73.155 - - [16/Jun/2015:02:15:26 -0500] "GET /BLA/resoluciones/RESOLUCIONES%202010/0775.pdf HTTP/1.1" 200 100304
180.76.15.27 - - [16/Jun/2015:02:15:26 -0500] "GET /BLA/resoluciones/AUTOS%202009/2177.pdf HTTP/1.1" 200 114414
180.76.15.34 - - [16/Jun/2015:02:15:34 -0500] "GET /BLA/boletinlegal;jsessionid=D08FC05B5BB1DE35542614073A86314D?/? HTTP/1.1" 404 1018
66.249.73.171 - - [16/Jun/2015:02:15:36 -0500] "GET /BLA/resoluciones/AUTOS%202009/1732.pdf HTTP/1.1" 200 136139
66.249.73.163 - - [16/Jun/2015:02:15:45 -0500] "GET /BLA/resoluciones/RESOLUCIONES%202011/0849.pdf HTTP/1.1" 200 292483
180.76.15.163 - - [16/Jun/2015:02:15:48 -0500] "GET /BLA/resoluciones/AUTOS%202010/0153.pdf HTTP/1.1" 200 187921
186.29.179.67 - - [16/Jun/2015:02:15:54 -0500] "GET /forest/downloads.jsp?_a=0.3861277096439153 HTTP/1.1" 200 18980
66.249.73.171 - - [16/Jun/2015:02:15:55 -0500] "GET /BLA/resoluciones/RESOLUCIONES%202008/1444.pdf HTTP/1.1" 200 299463
66.249.73.163 - - [16/Jun/2015:02:15:58 -0500] "GET /BLA/resoluciones/RESOLUCIONES%202007/RES%202007%203301%20AL%203400/RESOLUCION%203399%20DE%202007.pdf HTTP/1.1" 200 445820
186.29.179.67 - - [16/Jun/2015:02:16:00 -0500] "GET /forest/img/download1.gif HTTP/1.1" 200 1210
186.29.179.67 - - [16/Jun/2015:02:16:00 -0500] "GET /forest/session.jsp?a=0.7637997027486563 HTTP/1.1" 200 4
180.76.15.15 - - [16/Jun/2015:02:16:02 -0500] "GET /BLA/resoluciones/AUTOS%202009/2093.pdf HTTP/1.1" 200 100553
66.249.73.155 - - [16/Jun/2015:02:16:05 -0500] "GET /BLA/resoluciones/RESOLUCIONES%202009/0366.pdf HTTP/1.1" 200 285680
180.76.15.30 - - [16/Jun/2015:02:16:06 -0500] "GET /BLA/resoluciones/AUTOS%202009/0821.pdf HTTP/1.1" 200 59737
180.76.15.160 - - [16/Jun/2015:02:16:10 -0500] "GET /BLA/resoluciones/AUTOS%202009/3126.pdf HTTP/1.1" 200 380826
66.249.73.155 - - [16/Jun/2015:02:16:15 -0500] "GET /BLA/resoluciones/AUTOS%202009/1799.pdf HTTP/1.1" 200 97670
180.76.15.151 - - [16/Jun/2015:02:16:22 -0500] "GET /BLA/boletinlegal;jsessionid=CA876DDC3A3984B4285C537FC8554CDF?/? HTTP/1.1" 404 1018
66.249.73.171 - - [16/Jun/2015:02:16:24 -0500] "GET /BLA/resoluciones/AUTOS%202009/2178.pdf HTTP/1.1" 200 76817
180.76.15.34 - - [16/Jun/2015:02:16:28 -0500] "GET /BLA/resoluciones/AUTOS%202009/0181.pdf HTTP/1.1" 200 211608
66.249.73.171 - - [16/Jun/2015:02:16:34 -0500] "GET /BLA/resoluciones/RESOLUCIONES%202009/7640.pdf HTTP/1.1" 200 513633
180.76.15.26 - - [16/Jun/2015:02:16:40 -0500] "GET /BLA/resoluciones/AUTOS%202009/1359.pdf HTTP/1.1" 200 116835
66.249.73.155 - - [16/Jun/2015:02:16:42 -0500] "GET /BLA/resoluciones/RESOLUCIONES%202010/2135.pdf HTTP/1.1" 304 -
66.249.73.171 - - [16/Jun/2015:02:16:44 -0500] "GET /BLA/resoluciones/RESOLUCIONES%202009/6685.pdf HTTP/1.1" 200 398018
66.249.73.163 - - [16/Jun/2015:02:16:52 -0500] "GET /BLA/resoluciones/RESOLUCIONES%202010/2191.pdf HTTP/1.1" 200 492111
180.76.15.151 - - [16/Jun/2015:02:16:52 -0500] "GET /BLA/resoluciones/RESOLUCIONES%202010/2468.pdf HTTP/1.1" 200 496446
66.249.73.171 - - [16/Jun/2015:02:16:54 -0500] "GET /BLA/resoluciones/AUTOS%202011/5168.pdf HTTP/1.1" 200 659053
180.76.15.159 - - [16/Jun/2015:02:17:02 -0500] "GET /BLA/resoluciones/AUTOS%202009/0398.pdf HTTP/1.1" 200 62039
66.249.73.155 - - [16/Jun/2015:02:17:03 -0500] "GET /BLA/resoluciones/RESOLUCIONES%202010/5264.pdf HTTP/1.1" 200 389558
66.249.73.155 - - [16/Jun/2015:02:17:05 -0500] "GET /BLA/resoluciones/RESOLUCIONES%202010/2688.pdf HTTP/1.1" 200 383078
180.76.15.138 - - [16/Jun/2015:02:17:08 -0500] "GET /BLA/resoluciones/AUTOS%202010/5239.pdf HTTP/1.1" 200 253523
66.249.73.155 - - [16/Jun/2015:02:17:13 -0500] "GET /BLA/resoluciones/AUTOS%202009/0042.pdf HTTP/1.1" 200 190491
180.76.15.15 - - [16/Jun/2015:02:17:14 -0500] "GET /BLA/resoluciones/AUTOS%202014/6900.pdf HTTP/1.1" 200 2187826
180.76.15.20 - - [16/Jun/2015:02:17:20 -0500] "GET /BLA/resoluciones/AUTOS%202009/2011.pdf HTTP/1.1" 200 100534
66.249.73.155 - - [16/Jun/2015:02:17:23 -0500] "GET /BLA/resoluciones/RESOLUCIONES%202008/3973.pdf HTTP/1.1" 200 714417
181.59.205.154 - - [16/Jun/2015:02:17:24 -0500] "GET /galeria/carrusel/Carrusel/jquery.thumbnailScroller.css HTTP/1.1" 200 2066
181.59.205.154 - - [16/Jun/2015:02:17:24 -0500] "GET /galeria/carrusel/Carrusel/jquery-ui-1.8.13.custom.min.js HTTP/1.1" 200 10800
181.59.205.154 - - [16/Jun/2015:02:17:24 -0500] "GET /galeria/carrusel/Carrusel/jquery.thumbnailScroller.js HTTP/1.1" 200 8157
181.59.205.154 - - [16/Jun/2015:02:17:26 -0500] "GET /galeria/nivo-slider/demo/demo.html HTTP/1.1" 200 4410
181.59.205.154 - - [16/Jun/2015:02:17:27 -0500] "GET /galeria/nivo-slider/themes/pascal/pascal.css HTTP/1.1" 200 2258
181.59.205.154 - - [16/Jun/2015:02:17:28 -0500] "GET /galeria/nivo-slider/themes/default/default.css HTTP/1.1" 200 1569
181.59.205.154 - - [16/Jun/2015:02:17:28 -0500] "GET /galeria/nivo-slider/themes/orman/orman.css HTTP/1.1" 200 2152
181.59.205.154 - - [16/Jun/2015:02:17:28 -0500] "GET /galeria/nivo-slider/nivo-slider.css HTTP/1.1" 200 1507
181.59.205.154 - - [16/Jun/2015:02:17:28 -0500] "GET /galeria/nivo-slider/demo/style.css HTTP/1.1" 200 2222
181.59.205.154 - - [16/Jun/2015:02:17:28 -0500] "GET /galeria/nivo-slider/demo/scripts/jquery-1.7.1.min.js HTTP/1.1" 200 93868
181.59.205.154 - - [16/Jun/2015:02:17:28 -0500] "GET /galeria/nivo-slider/demo/images/Comparendo-ambiental-Banner.jpg HTTP/1.1" 200 83731
181.59.205.154 - - [16/Jun/2015:02:17:28 -0500] "GET /galeria/nivo-slider/jquery.nivo.slider.pack.js HTTP/1.1" 200 11561
181.59.205.154 - - [16/Jun/2015:02:17:28 -0500] "GET /galeria/nivo-slider/demo/images/9Signos.jpg HTTP/1.1" 200 81776
181.59.205.154 - - [16/Jun/2015:02:17:28 -0500] "GET /galeria/nivo-slider/demo/images/GAE-banner.jpg HTTP/1.1" 200 97556
181.59.205.154 - - [16/Jun/2015:02:17:28 -0500] "GET /galeria/nivo-slider/demo/images/Banner-encuesta-de-percepscio.jpg HTTP/1.1" 200 201899
181.59.205.154 - - [16/Jun/2015:02:17:29 -0500] "GET /galeria/nivo-slider/demo/images/banner-Pacto-por-la-madera.jpg HTTP/1.1" 200 209966
181.59.205.154 - - [16/Jun/2015:02:17:29 -0500] "GET /galeria/nivo-slider/demo/images/acuerdo_569.jpg HTTP/1.1" 200 62670
181.59.205.154 - - [16/Jun/2015:02:17:30 -0500] "GET /galeria/nivo-slider/demo/images/4Simple_Slider.png HTTP/1.1" 200 11722
180.76.15.11 - - [16/Jun/2015:02:17:30 -0500] "GET /BLA/resoluciones/AUTOS%202010/4821.pdf HTTP/1.1" 200 365934
181.59.205.154 - - [16/Jun/2015:02:17:30 -0500] "GET /galeria/nivo-slider/themes/default/loading.gif HTTP/1.1" 200 1737
181.59.205.154 - - [16/Jun/2015:02:17:30 -0500] "GET /galeria/nivo-slider/demo/images/Licitaciones-proyecto-paramo.jpg HTTP/1.1" 200 221877
181.59.205.154 - - [16/Jun/2015:02:17:31 -0500] "GET /galeria/nivo-slider/demo/images/Banner-decreto1299.jpg HTTP/1.1" 200 182613
181.59.205.154 - - [16/Jun/2015:02:17:31 -0500] "GET /galeria/nivo-slider/demo/images/Banner-Directorio.jpg HTTP/1.1" 200 182068
181.59.205.154 - - [16/Jun/2015:02:17:31 -0500] "GET /galeria/nivo-slider/demo/images/Ruta-vertimientos-01.jpg HTTP/1.1" 200 130151
181.59.205.154 - - [16/Jun/2015:02:17:31 -0500] "GET /galeria/nivo-slider/demo/images/bolsas-06.jpg HTTP/1.1" 200 90982
181.59.205.154 - - [16/Jun/2015:02:17:32 -0500] "GET /galeria/nivo-slider/demo/images/Conoce-los-humedales.jpg HTTP/1.1" 200 294036
181.59.205.154 - - [16/Jun/2015:02:17:32 -0500] "GET /galeria/nivo-slider/demo/images/ecolecta-Dic2014.png HTTP/1.1" 200 288593
181.59.205.154 - - [16/Jun/2015:02:17:32 -0500] "GET /galeria/nivo-slider/demo/images/Banner-Caracol-Africano.jpg HTTP/1.1" 200 331986
66.249.73.171 - - [16/Jun/2015:02:17:33 -0500] "GET /BLA/resoluciones/AUTOS%202009/2771.pdf HTTP/1.1" 200 100303
181.59.205.154 - - [16/Jun/2015:02:17:33 -0500] "GET /galeria/nivo-slider/demo/images/banner-llantas2.jpg HTTP/1.1" 200 204644
180.76.15.30 - - [16/Jun/2015:02:17:36 -0500] "GET /BLA/resoluciones/RESOLUCIONES%202010/1561.pdf HTTP/1.1" 200 570532
181.59.205.154 - - [16/Jun/2015:02:17:39 -0500] "GET /galeria/nivo-slider/themes/default/arrows.png HTTP/1.1" 200 824
181.59.205.154 - - [16/Jun/2015:02:17:39 -0500] "GET /galeria/nivo-slider/themes/default/bullets.png HTTP/1.1" 200 1281
180.76.15.154 - - [16/Jun/2015:02:17:40 -0500] "GET /BLA/boletinlegal;jsessionid=8D617740DD59B6DBC4398C2180C18810?/? HTTP/1.1" 404 1018
66.249.73.171 - - [16/Jun/2015:02:17:42 -0500] "GET /BLA/resoluciones/AUTOS%202008/0880.pdf HTTP/1.1" 200 121044
180.76.15.138 - - [16/Jun/2015:02:17:48 -0500] "GET /BLA/resoluciones/AUTOS%202009/5144.pdf HTTP/1.1" 200 1515563
186.29.179.67 - - [16/Jun/2015:02:17:48 -0500] "GET /forest/index2.jsp?_a=0.39142040931619704 HTTP/1.1" 200 218937
186.29.179.67 - - [16/Jun/2015:02:17:49 -0500] "GET /forest/session.jsp?a=0.6380641171708703 HTTP/1.1" 200 4
66.249.73.171 - - [16/Jun/2015:02:17:52 -0500] "GET /BLA/resoluciones/AUTOS%202009/0039.pdf HTTP/1.1" 200 102626
186.29.179.67 - - [16/Jun/2015:02:17:52 -0500] "GET /forest/misactividades.do?group_system_actual=3&codPro=233&_a=0.9626121122626892 HTTP/1.1" 200 38745
186.29.179.67 - - [16/Jun/2015:02:17:53 -0500] "GET /forest/skins/gdocs-jar/jsp/cookie.jsp?name=grid_nompro&del HTTP/1.1" 200 -
186.29.179.67 - - [16/Jun/2015:02:17:53 -0500] "GET /forest/session.jsp?a=0.6386788147501647 HTTP/1.1" 200 4
186.29.179.67 - - [16/Jun/2015:02:17:54 -0500] "POST /forest/misactividades.do?ajax=true&a=0.8586963186971843 HTTP/1.1" 200 13038
180.76.15.148 - - [16/Jun/2015:02:17:54 -0500] "GET /BLA/resoluciones/AUTOS%202010/4590.pdf HTTP/1.1" 200 158505
66.249.73.171 - - [16/Jun/2015:02:18:02 -0500] "GET /BLA/resoluciones/AUTOS%202009/0141.pdf HTTP/1.1" 200 193047
186.29.179.67 - - [16/Jun/2015:02:18:04 -0500] "GET /forest/skins/gdocs-jar/js/grid.js?version=1503.161801 HTTP/1.1" 200 7034
186.29.179.67 - - [16/Jun/2015:02:18:04 -0500] "GET /forest/js/usutareas-docs.js HTTP/1.1" 200 646
186.29.179.67 - - [16/Jun/2015:02:18:04 -0500] "GET /forest/js/socketConnection.js HTTP/1.1" 200 3648
186.29.179.67 - - [16/Jun/2015:02:18:04 -0500] "GET /forest/skins/gdocs-jar/img/ok.gif HTTP/1.1" 200 579
186.29.179.67 - - [16/Jun/2015:02:18:04 -0500] "GET /forest/skins/gdocs-jar/img/bola.gif HTTP/1.1" 200 272
186.29.179.67 - - [16/Jun/2015:02:18:04 -0500] "GET /forest/skins/gdocs-jar/img/upload_file_icon.gif HTTP/1.1" 200 291
186.29.179.67 - - [16/Jun/2015:02:18:04 -0500] "GET /forest/js/jquery/jquery-1.5.2.min.js HTTP/1.1" 200 85940
186.29.179.67 - - [16/Jun/2015:02:18:01 -0500] "GET /forest/usutareas.do?_a=0.2734839681070298&group_system_actual=3 HTTP/1.1" 200 257424
186.29.179.67 - - [16/Jun/2015:02:18:05 -0500] "GET /forest/skins/gdocs-jar/img/edit2.gif HTTP/1.1" 200 1012
186.29.179.67 - - [16/Jun/2015:02:18:04 -0500] "GET /forest/js/jquery/jquery.atmosphere.js HTTP/1.1" 200 103614
180.76.15.10 - - [16/Jun/2015:02:18:06 -0500] "GET /BLA/resoluciones/AUTOS%202014/1231.pdf HTTP/1.1" 200 1189589
186.29.179.67 - - [16/Jun/2015:02:18:06 -0500] "GET /forest/session.jsp?a=0.27379376138560474 HTTP/1.1" 200 4
186.29.179.67 - - [16/Jun/2015:02:18:07 -0500] "GET /forest/actions/forms.getList?codForm=Anexo4&id=p300 HTTP/1.1" 200 136
186.29.179.67 - - [16/Jun/2015:02:18:07 -0500] "GET /forest/actions/forms.getList?codForm=Anexo4&id=p312 HTTP/1.1" 200 88
186.29.179.67 - - [16/Jun/2015:02:18:07 -0500] "GET /forest/actions/forms.getList?codForm=Anexo4&id=p368 HTTP/1.1" 200 209
66.249.73.155 - - [16/Jun/2015:02:18:12 -0500] "GET /BLA/resoluciones/RESOLUCIONES%202009/4879.pdf HTTP/1.1" 200 581571
180.76.15.31 - - [16/Jun/2015:02:18:12 -0500] "GET /BLA/resoluciones/AUTOS%202010/1120.pdf HTTP/1.1" 200 193061
37.187.152.111 - - [16/Jun/2015:02:18:19 -0500] "POST /galeria/nivo-slider/&sa=U&ved=0CMYBEBYwKGoVChMImK27g9aTxgIVAVoUCh1fOAJ-&usg=AFQjCNF-2--w7jNQXy-gDlcoSKh4a8NJSw//wp-admin/admin-ajax.php HTTP/1.1" 404 1019
37.187.152.111 - - [16/Jun/2015:02:18:19 -0500] "POST //wp-admin/admin-ajax.php HTTP/1.1" 404 1019
37.187.152.111 - - [16/Jun/2015:02:18:19 -0500] "POST /galeria/nivo-slider//wp-admin/admin-ajax.php HTTP/1.1" 404 1019
66.249.73.163 - - [16/Jun/2015:02:18:21 -0500] "GET /BLA/resoluciones/AUTOS%202009/1077.pdf HTTP/1.1" 200 125242
180.76.15.17 - - [16/Jun/2015:02:18:22 -0500] "GET /BLA/resoluciones/AUTOS%202009/1889.pdf HTTP/1.1" 200 131501
180.76.15.140 - - [16/Jun/2015:02:18:28 -0500] "GET /BLA/resoluciones/AUTOS%202009/1047.pdf HTTP/1.1" 200 156367
66.249.73.171 - - [16/Jun/2015:02:18:31 -0500] "GET /BLA/resoluciones/RESOLUCIONES%202010/2935.pdf HTTP/1.1" 200 505640
180.76.15.11 - - [16/Jun/2015:02:18:40 -0500] "GET /BLA/boletinlegal;jsessionid=B7A4119BB4765577692A1ACAAF7AC75D?/? HTTP/1.1" 404 1018
66.249.73.155 - - [16/Jun/2015:02:18:41 -0500] "GET /BLA/resoluciones/AUTOS%202009/0757.pdf HTTP/1.1" 200 107687
180.76.15.6 - - [16/Jun/2015:02:18:46 -0500] "GET /BLA/resoluciones/RESOLUCIONES%202014/2796.pdf HTTP/1.1" 200 279064
66.249.73.155 - - [16/Jun/2015:02:18:51 -0500] "GET /BLA/resoluciones/AUTOS%202009/2933.pdf HTTP/1.1" 200 160277
181.128.204.109 - - [16/Jun/2015:02:18:55 -0500] "GET /BLA/boletinlegal/js/jquery.scrollShow.js HTTP/1.1" 200 4586
181.128.204.109 - - [16/Jun/2015:02:18:55 -0500] "GET /galeria/galeria/jquery.fancybox.js?v=2.1.5 HTTP/1.1" 200 48706
181.128.204.109 - - [16/Jun/2015:02:18:55 -0500] "GET /BLA/boletinlegal/js/jquery.scrollTo-min.js HTTP/1.1" 200 1150
181.128.204.109 - - [16/Jun/2015:02:18:55 -0500] "GET /galeria/galeria/jquery.fancybox.css?v=2.1.5 HTTP/1.1" 200 4895
180.76.15.148 - - [16/Jun/2015:02:18:58 -0500] "GET /BLA/boletinlegal;jsessionid=AF579644965AF3915CA67F4E72FA64BD?/? HTTP/1.1" 404 1018
66.249.73.171 - - [16/Jun/2015:02:18:58 -0500] "GET /BLA/resoluciones/AUTOS%202014/5572.pdf HTTP/1.1" 304 -
181.128.204.109 - - [16/Jun/2015:02:19:00 -0500] "GET /BLA/boletinlegal/js/jquery.scrollShow.js HTTP/1.1" 304 -
181.128.204.109 - - [16/Jun/2015:02:19:00 -0500] "GET /galeria/galeria/jquery.fancybox.js?v=2.1.5 HTTP/1.1" 304 -
181.128.204.109 - - [16/Jun/2015:02:19:00 -0500] "GET /BLA/boletinlegal/js/jquery.scrollTo-min.js HTTP/1.1" 304 -
181.128.204.109 - - [16/Jun/2015:02:19:00 -0500] "GET /galeria/galeria/jquery.fancybox.css?v=2.1.5 HTTP/1.1" 304 -
66.249.73.171 - - [16/Jun/2015:02:19:00 -0500] "GET /BLA/resoluciones/RESOLUCIONES%202009/2255.pdf HTTP/1.1" 200 524695
180.76.15.15 - - [16/Jun/2015:02:19:04 -0500] "GET /BLA/resoluciones/AUTOS%202010/5599.pdf HTTP/1.1" 200 195451
181.59.205.154 - - [16/Jun/2015:02:19:06 -0500] "GET /galeria/galeria/jquery.fancybox.css?v=2.1.5 HTTP/1.1" 304 -
181.59.205.154 - - [16/Jun/2015:02:19:06 -0500] "GET /BLA/boletinlegal/js/jquery.scrollTo-min.js HTTP/1.1" 304 -
181.59.205.154 - - [16/Jun/2015:02:19:06 -0500] "GET /BLA/boletinlegal/js/jquery.scrollShow.js HTTP/1.1" 304 -
181.59.205.154 - - [16/Jun/2015:02:19:06 -0500] "GET /galeria/galeria/jquery.fancybox.js?v=2.1.5 HTTP/1.1" 304 -
66.249.73.171 - - [16/Jun/2015:02:19:10 -0500] "GET /BLA/resoluciones/RESOLUCIONES%202010/0562.pdf HTTP/1.1" 200 89101
180.76.15.29 - - [16/Jun/2015:02:19:19 -0500] "GET /BLA/boletinlegal;jsessionid=7665782E95B69DD60510CC34458C1A77?/? HTTP/1.1" 404 1018
66.249.73.155 - - [16/Jun/2015:02:19:20 -0500] "GET /BLA/resoluciones/RESOLUCIONES%202009/2143.pdf HTTP/1.1" 200 477471
180.76.15.34 - - [16/Jun/2015:02:19:20 -0500] "GET /BLA/resoluciones/AUTOS%202009/0707.pdf HTTP/1.1" 200 111404
66.249.73.171 - - [16/Jun/2015:02:19:30 -0500] "GET /BLA/resoluciones/RESOLUCIONES%202010/1245.pdf HTTP/1.1" 200 105298
180.76.15.32 - - [16/Jun/2015:02:19:32 -0500] "GET /BLA/boletinlegal;jsessionid=BC7D318599A48EF34F13B6C3761F4EAE?/? HTTP/1.1" 404 1018
180.76.15.32 - - [16/Jun/2015:02:19:38 -0500] "GET /BLA/resoluciones/AUTOS%202009/2130.pdf HTTP/1.1" 200 76931
66.249.73.171 - - [16/Jun/2015:02:19:40 -0500] "GET /BLA/resoluciones/RESOLUCIONES%202008/5558.pdf HTTP/1.1" 200 258335
66.249.73.163 - - [16/Jun/2015:02:19:49 -0500] "GET /BLA/resoluciones/AUTOS%202009/1665.pdf HTTP/1.1" 200 169486
37.187.152.111 - - [16/Jun/2015:02:19:50 -0500] "POST /galeria/nivo-slider/demo/images/&sa=U&ved=0COYCEBYwTmoVChMImK27g9aTxgIVAVoUCh1fOAJ-&usg=AFQjCNFDgAxwx4-I8hsEZqnKaStCPwb83g//wp-admin/admin-ajax.php HTTP/1.1" 404 1018
37.187.152.111 - - [16/Jun/2015:02:19:50 -0500] "POST //wp-admin/admin-ajax.php HTTP/1.1" 404 1018
180.76.15.20 - - [16/Jun/2015:02:19:50 -0500] "GET /BLA/resoluciones/AUTOS%202012/2801.pdf HTTP/1.1" 200 474868
37.187.152.111 - - [16/Jun/2015:02:19:50 -0500] "POST /galeria/nivo-slider/demo/images//wp-admin/admin-ajax.php HTTP/1.1" 404 1018
180.76.15.11 - - [16/Jun/2015:02:19:56 -0500] "GET /BLA/resoluciones/AUTOS%202009/0536.pdf HTTP/1.1" 200 202030
66.249.73.155 - - [16/Jun/2015:02:19:59 -0500] "GET /BLA/resoluciones/AUTOS%202009/2910.pdf HTTP/1.1" 200 93494
190.9.195.100 - - [16/Jun/2015:02:20:03 -0500] "GET /galeria/galeria/jquery.fancybox.css?v=2.1.5 HTTP/1.1" 200 4895
190.9.195.100 - - [16/Jun/2015:02:20:03 -0500] "GET /BLA/boletinlegal/js/jquery.scrollTo-min.js HTTP/1.1" 200 1150
190.9.195.100 - - [16/Jun/2015:02:20:03 -0500] "GET /BLA/boletinlegal/js/jquery.scrollShow.js HTTP/1.1" 200 4586
190.9.195.100 - - [16/Jun/2015:02:20:03 -0500] "GET /galeria/galeria/jquery.fancybox.js?v=2.1.5 HTTP/1.1" 200 48706
74.86.158.107 - - [16/Jun/2015:02:20:06 -0500] "HEAD / HTTP/1.1" 200 -
180.76.15.160 - - [16/Jun/2015:02:20:06 -0500] "GET /BLA/resoluciones/RESOLUCIONES%202010/0100.pdf HTTP/1.1" 200 504761
66.249.73.155 - - [16/Jun/2015:02:20:09 -0500] "GET /BLA/resoluciones/AUTOS%202009/0516.pdf HTTP/1.1" 200 458161
180.76.15.20 - - [16/Jun/2015:02:20:12 -0500] "GET /BLA/resoluciones/AUTOS%202009/2792.pdf HTTP/1.1" 200 73450
74.86.158.107 - - [16/Jun/2015:02:20:17 -0500] "HEAD / HTTP/1.1" 200 -
66.249.73.171 - - [16/Jun/2015:02:20:19 -0500] "GET /BLA/resoluciones/RESOLUCIONES%202010/3301.pdf HTTP/1.1" 200 495869
180.76.15.150 - - [16/Jun/2015:02:20:27 -0500] "GET /BLA/resoluciones/AUTOS%202009/2010.pdf HTTP/1.1" 200 100726
66.249.73.155 - - [16/Jun/2015:02:20:28 -0500] "GET /BLA/resoluciones/RESOLUCIONES%202009/8663.pdf HTTP/1.1" 200 610133
190.9.195.100 - - [16/Jun/2015:02:20:29 -0500] "GET /galeria/galeria/jquery.fancybox.css?v=2.1.5 HTTP/1.1" 304 -
190.9.195.100 - - [16/Jun/2015:02:20:29 -0500] "GET /BLA/boletinlegal/js/jquery.scrollTo-min.js HTTP/1.1" 304 -
190.9.195.100 - - [16/Jun/2015:02:20:29 -0500] "GET /BLA/boletinlegal/js/jquery.scrollShow.js HTTP/1.1" 304 -
190.9.195.100 - - [16/Jun/2015:02:20:29 -0500] "GET /galeria/galeria/jquery.fancybox.js?v=2.1.5 HTTP/1.1" 304 -
180.76.15.147 - - [16/Jun/2015:02:20:30 -0500] "GET /BLA/resoluciones/AUTOS%202009/2024.pdf HTTP/1.1" 200 99851
66.249.73.155 - - [16/Jun/2015:02:20:31 -0500] "GET /BLA/resoluciones/RESOLUCIONES%202007/RES%202007%202301%20AL%202400/RESOLUCION%202308%20DE%202007.pdf HTTP/1.1" 200 1052061
66.249.73.155 - - [16/Jun/2015:02:20:38 -0500] "GET /BLA/resoluciones/RESOLUCIONES%202010/2359.pdf HTTP/1.1" 200 1015311
180.76.15.13 - - [16/Jun/2015:02:20:45 -0500] "GET /BLA/resoluciones/AUTOS%202009/0846.pdf HTTP/1.1" 200 88377
66.249.73.171 - - [16/Jun/2015:02:20:48 -0500] "GET /BLA/resoluciones/AUTOS%202009/1108.pdf HTTP/1.1" 200 70032
180.76.15.146 - - [16/Jun/2015:02:20:48 -0500] "GET /BLA/resoluciones/AUTOS%202009/2778.pdf HTTP/1.1" 200 80229
66.249.73.171 - - [16/Jun/2015:02:20:58 -0500] "GET /BLA/resoluciones/AUTOS%202009/0034.pdf HTTP/1.1" 200 104161
180.76.15.137 - - [16/Jun/2015:02:20:58 -0500] "GET /BLA/resoluciones/AUTOS%202009/1258.pdf HTTP/1.1" 200 116242
180.76.15.34 - - [16/Jun/2015:02:21:04 -0500] "GET /BLA/resoluciones/AUTOS%202009/0369.pdf HTTP/1.1" 200 623224
66.249.73.155 - - [16/Jun/2015:02:21:07 -0500] "GET /BLA/resoluciones/RESOLUCIONES%202010/5291.pdf HTTP/1.1" 200 760507
66.249.73.163 - - [16/Jun/2015:02:21:15 -0500] "GET /BLA/resoluciones/Notificaciones/AUTOS%202014/1509.doc HTTP/1.1" 304 -
66.249.73.163 - - [16/Jun/2015:02:21:17 -0500] "GET /BLA/resoluciones/AUTOS%202009/2787.pdf HTTP/1.1" 200 99591
180.76.15.143 - - [16/Jun/2015:02:21:21 -0500] "GET /BLA/resoluciones/AUTOS%202009/1177.pdf HTTP/1.1" 200 395713
180.76.15.17 - - [16/Jun/2015:02:21:22 -0500] "GET /BLA/resoluciones/AUTOS%202009/0468.pdf HTTP/1.1" 200 107000
66.249.73.155 - - [16/Jun/2015:02:21:27 -0500] "GET /BLA/resoluciones/AUTOS%202009/0198.pdf HTTP/1.1" 200 379077
180.76.15.158 - - [16/Jun/2015:02:21:32 -0500] "GET /BLA/resoluciones/AUTOS%202009/0607.pdf HTTP/1.1" 200 127047
66.249.73.171 - - [16/Jun/2015:02:21:37 -0500] "GET /BLA/resoluciones/RESOLUCIONES%202010/5241.pdf HTTP/1.1" 200 758957
180.76.15.156 - - [16/Jun/2015:02:21:38 -0500] "GET /BLA/resoluciones/AUTOS%202009/1351.pdf HTTP/1.1" 200 78093
66.249.73.171 - - [16/Jun/2015:02:21:46 -0500] "GET /BLA/resoluciones/AUTOS%202009/2869.pdf HTTP/1.1" 200 97671
37.187.152.111 - - [16/Jun/2015:02:21:48 -0500] "POST /galeria/nivo-slider/demo/images/&sa=U&ved=0CHwQFjAYODJqFQoTCO3_5oPWk8YCFUJbFAodejIAAA&usg=AFQjCNFDgAxwx4-I8hsEZqnKaStCPwb83g//wp-admin/admin-ajax.php HTTP/1.1" 404 1018
180.76.15.147 - - [16/Jun/2015:02:21:50 -0500] "GET /Autoliquidacion/Solicitudes%20relacionadas%20con%20calidad%20del%20aire%20auditiva%20y%20visual/Evaluaci%C3%B3n%20de%20Estudios%20de%20ruido/Aplicativo%20Evaluacion%20estudios%20de%20ruido%202015.xlsx HTTP/1.1" 200 77856
180.76.15.7 - - [16/Jun/2015:02:21:56 -0500] "GET /BLA/resoluciones/AUTOS%202009/2009.pdf HTTP/1.1" 200 100874
66.249.73.155 - - [16/Jun/2015:02:21:56 -0500] "GET /BLA/resoluciones/AUTOS%202009/2381.pdf HTTP/1.1" 200 252276
66.249.73.155 - - [16/Jun/2015:02:22:06 -0500] "GET /BLA/resoluciones/RESOLUCIONES%202010/4544.pdf HTTP/1.1" 200 56640
180.76.15.157 - - [16/Jun/2015:02:22:09 -0500] "GET /BLA/boletinlegal;jsessionid=18FDDB268334CDA25AC1C4C2B573FF3E?/? HTTP/1.1" 404 1018
180.76.15.16 - - [16/Jun/2015:02:22:14 -0500] "GET /BLA/boletinlegal;jsessionid=BD81189295DA09E1A5855E42C82B1534?/? HTTP/1.1" 404 1018
66.249.73.163 - - [16/Jun/2015:02:22:16 -0500] "GET /BLA/resoluciones/RESOLUCIONES%202009/2494.pdf HTTP/1.1" 200 318480
180.76.15.156 - - [16/Jun/2015:02:22:24 -0500] "GET /BLA/boletinlegal;jsessionid=B863F0FF3104A03BADE1DECCCEA3A52C?/? HTTP/1.1" 404 1018
66.249.73.155 - - [16/Jun/2015:02:22:25 -0500] "GET /BLA/resoluciones/RESOLUCIONES%202009/9613.pdf HTTP/1.1" 200 364513
180.76.15.139 - - [16/Jun/2015:02:22:30 -0500] "GET /BLA/boletinlegal;jsessionid=8F354C11F40B9A9BC51727889F5ED8B2?/? HTTP/1.1" 404 1018
66.249.73.163 - - [16/Jun/2015:02:22:35 -0500] "GET /BLA/resoluciones/RESOLUCIONES%202009/5246.pdf HTTP/1.1" 200 497317
180.76.15.147 - - [16/Jun/2015:02:22:45 -0500] "GET /BLA/resoluciones/AUTOS%202009/0762.pdf HTTP/1.1" 200 209851
66.249.73.155 - - [16/Jun/2015:02:22:48 -0500] "GET /BLA/resoluciones/RESOLUCIONES%202009/8808.pdf HTTP/1.1" 200 350516
180.76.15.17 - - [16/Jun/2015:02:22:54 -0500] "GET /BLA/resoluciones/AUTOS%202009/1908.pdf HTTP/1.1" 200 230249
180.76.15.23 - - [16/Jun/2015:02:23:00 -0500] "GET /BLA/resoluciones/AUTOS%202010/0346.pdf HTTP/1.1" 200 267569
66.249.73.155 - - [16/Jun/2015:02:23:01 -0500] "GET /BLA/resoluciones/AUTOS%202009/3229.pdf HTTP/1.1" 200 194440
180.76.15.136 - - [16/Jun/2015:02:23:06 -0500] "GET /BLA/resoluciones/AUTOS%202009/1337.pdf HTTP/1.1" 200 86985
186.29.179.67 - - [16/Jun/2015:02:23:08 -0500] "GET /forest/session.jsp?a=0.4487810230348259 HTTP/1.1" 200 4
66.249.73.171 - - [16/Jun/2015:02:23:14 -0500] "GET /BLA/resoluciones/AUTOS%202009/0860.pdf HTTP/1.1" 200 68943
180.76.15.5 - - [16/Jun/2015:02:23:16 -0500] "GET /BLA/resoluciones/AUTOS%202009/1288.pdf HTTP/1.1" 200 295794
66.249.73.155 - - [16/Jun/2015:02:23:27 -0500] "GET /BLA/resoluciones/AUTOS%202011/6786.pdf HTTP/1.1" 200 142850
180.76.15.148 - - [16/Jun/2015:02:23:28 -0500] "GET /BLA/boletinlegal;jsessionid=30AEA3F6B3A6B752C63B775F114EDB1F?/? HTTP/1.1" 404 1018
66.249.73.155 - - [16/Jun/2015:02:23:32 -0500] "GET /BLA/resoluciones/RESOLUCIONES%202009/3957.pdf HTTP/1.1" 200 948979
180.76.15.15 - - [16/Jun/2015:02:23:34 -0500] "GET /BLA/resoluciones/AUTOS%202009/0577.pdf HTTP/1.1" 200 127424
66.249.73.171 - - [16/Jun/2015:02:23:40 -0500] "GET /BLA/resoluciones/AUTOS%202009/3060.pdf HTTP/1.1" 200 110434
180.76.15.8 - - [16/Jun/2015:02:23:40 -0500] "GET /BLA/resoluciones/AUTOS%202009/0479.pdf HTTP/1.1" 200 444987
180.76.15.13 - - [16/Jun/2015:02:23:52 -0500] "GET /BLA/resoluciones/AUTOS%202009/2610.pdf HTTP/1.1" 200 104569
66.249.73.163 - - [16/Jun/2015:02:23:53 -0500] "GET /BLA/resoluciones/AUTOS%202009/3173.pdf HTTP/1.1" 200 132726
180.76.15.19 - - [16/Jun/2015:02:23:58 -0500] "GET /BLA/boletinlegal;jsessionid=D9BCDE9F58CE387ADD681586016F1507?/? HTTP/1.1" 404 1018
66.249.73.163 - - [16/Jun/2015:02:24:06 -0500] "GET /BLA/resoluciones/AUTOS%202014/5763.pdf HTTP/1.1" 200 397414
186.29.179.67 - - [16/Jun/2015:02:18:06 -0500] "GET /ForestMSG_SDA/channelAsync/template_word_18381685?X-Atmosphere-tracking-id=c63ded3b-47e3-36ce-f44b-894d504b2800&X-Atmosphere-Framework=1.0.5&X-Atmosphere-Transport=long-polling&tabid=0.24169155885465443&X-Cache-Date=0&Content-Type=application/xml&_=1434439210367 HTTP/1.1" 200 8193
207.46.13.94 - - [16/Jun/2015:02:24:07 -0500] "GET /BLA/boletinlegal/Directivas/2011/Directiva%20No.%203%20del%2027%20de%20Mayo%20de%202011.pdf HTTP/1.1" 200 910420
180.76.15.149 - - [16/Jun/2015:02:24:08 -0500] "GET /BLA/resoluciones/AUTOS%202009/2052.pdf HTTP/1.1" 200 103129
66.249.73.155 - - [16/Jun/2015:02:24:18 -0500] "GET /BLA/resoluciones/RESOLUCIONES%202008/0381.pdf HTTP/1.1" 200 324305
180.76.15.30 - - [16/Jun/2015:02:24:20 -0500] "GET /BLA/boletinlegal;jsessionid=6F21EEAC6AFBCA0CF8528FC1D90CA41F?/? HTTP/1.1" 404 1018
180.76.15.145 - - [16/Jun/2015:02:24:26 -0500] "GET /BLA/resoluciones/AUTOS%202009/2416.pdf HTTP/1.1" 200 100667
66.249.73.155 - - [16/Jun/2015:02:24:31 -0500] "GET /BLA/resoluciones/RESOLUCIONES%202009/7872.pdf HTTP/1.1" 200 305329
66.249.73.171 - - [16/Jun/2015:02:24:32 -0500] "GET /BLA/resoluciones/AUTOS%202009/3015.pdf HTTP/1.1" 200 185427
180.76.15.143 - - [16/Jun/2015:02:24:32 -0500] "GET /BLA/resoluciones/AUTOS%202009/1564.pdf HTTP/1.1" 200 123187
180.76.15.30 - - [16/Jun/2015:02:24:44 -0500] "GET /BLA/resoluciones/AUTOS%202009/3560.pdf HTTP/1.1" 200 218554
66.249.73.163 - - [16/Jun/2015:02:24:44 -0500] "GET /BLA/resoluciones/AUTOS%202009/2850.pdf HTTP/1.1" 200 71198
180.76.15.136 - - [16/Jun/2015:02:24:50 -0500] "GET /BLA/resoluciones/AUTOS%202009/0989.pdf HTTP/1.1" 200 206242
66.249.73.171 - - [16/Jun/2015:02:24:57 -0500] "GET /BLA/resoluciones/RESOLUCIONES%202009/1470.pdf HTTP/1.1" 200 409543
180.76.15.142 - - [16/Jun/2015:02:25:00 -0500] "GET /BLA/boletinlegal;jsessionid=05126DC24DD29018D5C988C108457635?/? HTTP/1.1" 404 1018
66.249.73.171 - - [16/Jun/2015:02:25:05 -0500] "GET /videos/galeria-cronicas/skin/blue.monday/jplayer.blue.monday.css HTTP/1.1" 200 12518
180.76.15.143 - - [16/Jun/2015:02:25:06 -0500] "GET /BLA/resoluciones/AUTOS%202009/3115.pdf HTTP/1.1" 200 152680
74.86.158.107 - - [16/Jun/2015:02:25:06 -0500] "HEAD / HTTP/1.1" 200 -
66.249.73.155 - - [16/Jun/2015:02:25:10 -0500] "GET /BLA/resoluciones/RESOLUCIONES%202010/2459.pdf HTTP/1.1" 200 497024
74.86.158.107 - - [16/Jun/2015:02:25:17 -0500] "HEAD / HTTP/1.1" 200 -
180.76.15.157 - - [16/Jun/2015:02:25:18 -0500] "GET /BLA/boletinlegal;jsessionid=1522BE4B0D493C5EA59785A8B3C92717?/? HTTP/1.1" 404 1018
66.249.73.171 - - [16/Jun/2015:02:25:23 -0500] "GET /BLA/resoluciones/RESOLUCIONES%202009/3708.pdf HTTP/1.1" 200 54970
180.76.15.11 - - [16/Jun/2015:02:25:24 -0500] "GET /BLA/resoluciones/AUTOS%202009/0272.pdf HTTP/1.1" 200 103629
186.29.179.67 - - [16/Jun/2015:02:25:30 -0500] "GET /forest/skins/gdocs-jar/css/forest.css?version=1503.161801 HTTP/1.1" 304 -
186.29.179.67 - - [16/Jun/2015:02:25:30 -0500] "GET /forest/skins/gdocs-jar/css/menu.css?version=1503.161801 HTTP/1.1" 304 -
186.29.179.67 - - [16/Jun/2015:02:25:30 -0500] "GET /forest/skins/gdocs-jar/css/autocomplete.css?version=1503.161801 HTTP/1.1" 304 -
186.29.179.67 - - [16/Jun/2015:02:25:30 -0500] "GET /forest/css/escritorio.css?version=1503.161801 HTTP/1.1" 304 -
186.29.179.67 - - [16/Jun/2015:02:25:30 -0500] "GET /forest/css/index.css?version=1503.161801 HTTP/1.1" 304 -
186.29.179.67 - - [16/Jun/2015:02:25:30 -0500] "GET /forest/1ibre/jscalendar/calendar-win2k-1.css?version=1503.161801 HTTP/1.1" 304 -
186.29.179.67 - - [16/Jun/2015:02:25:30 -0500] "GET /forest/skins/gdocs-jar/css/dialog.css?version=1503.161801 HTTP/1.1" 304 -
186.29.179.67 - - [16/Jun/2015:02:25:30 -0500] "GET /forest/skins/gdocs-jar/css/forms.css?version=1503.161801 HTTP/1.1" 304 -
186.29.179.67 - - [16/Jun/2015:02:25:30 -0500] "GET /forest/jsoptimized/gz/js/gdocsall-1503.161801.js HTTP/1.1" 304 -
186.29.179.67 - - [16/Jun/2015:02:25:30 -0500] "GET /forest/js/json3.js HTTP/1.1" 304 -
186.29.179.67 - - [16/Jun/2015:02:25:30 -0500] "GET /forest/img/inicio.jpg HTTP/1.1" 304 -
186.29.179.67 - - [16/Jun/2015:02:25:30 -0500] "GET /forest/img/users/3.gif HTTP/1.1" 304 -
186.29.179.67 - - [16/Jun/2015:02:25:30 -0500] "GET /forest/img/users/4.gif HTTP/1.1" 304 -
186.29.179.67 - - [16/Jun/2015:02:25:30 -0500] "GET /forest/img/users/5.gif HTTP/1.1" 304 -
186.29.179.67 - - [16/Jun/2015:02:25:30 -0500] "GET /forest/img/users/7.gif HTTP/1.1" 304 -
186.29.179.67 - - [16/Jun/2015:02:25:30 -0500] "GET /forest/img/download_large.gif HTTP/1.1" 304 -
186.29.179.67 - - [16/Jun/2015:02:25:30 -0500] "GET /forest/skins/gdocs-jar/css/autocomplete.css HTTP/1.1" 304 -
186.29.179.67 - - [16/Jun/2015:02:25:30 -0500] "GET /forest/skins/gdocs-jar/js/tareas.js?version=1503.161801 HTTP/1.1" 304 -
186.29.179.67 - - [16/Jun/2015:02:25:30 -0500] "GET /forest/skins/gdocs-jar/js/autocompletar2.js?version=1503.161801 HTTP/1.1" 304 -
186.29.179.67 - - [16/Jun/2015:02:25:30 -0500] "GET /forest/skins/gdocs-jar/css/tree.css HTTP/1.1" 304 -
186.29.179.67 - - [16/Jun/2015:02:25:30 -0500] "GET /forest/skins/gdocs-jar/css/forms.css HTTP/1.1" 304 -
186.29.179.67 - - [16/Jun/2015:02:25:30 -0500] "GET /forest/skins/gdocs-jar/js/xml_utilities.js?version=1503.161801 HTTP/1.1" 304 -
186.29.179.67 - - [16/Jun/2015:02:25:30 -0500] "GET /forest/skins/gdocs-jar/js/grid.js?version=1503.161801 HTTP/1.1" 304 -
186.29.179.67 - - [16/Jun/2015:02:25:30 -0500] "GET /forest/js/usutareas-docs.js HTTP/1.1" 304 -
186.29.179.67 - - [16/Jun/2015:02:25:30 -0500] "GET /forest/js/jquery/jquery-1.5.2.min.js HTTP/1.1" 304 -
186.29.179.67 - - [16/Jun/2015:02:25:30 -0500] "GET /forest/js/jquery/jquery.atmosphere.js HTTP/1.1" 304 -
186.29.179.67 - - [16/Jun/2015:02:25:30 -0500] "GET /forest/js/socketConnection.js HTTP/1.1" 304 -
186.29.179.67 - - [16/Jun/2015:02:25:30 -0500] "GET /forest/skins/gdocs-jar/js/number-functions.js?version=1503.161801 HTTP/1.1" 304 -
186.29.179.67 - - [16/Jun/2015:02:25:30 -0500] "GET /forest/skins/gdocs-jar/js/formsBase.js?version=1503.161801 HTTP/1.1" 304 -
186.29.179.67 - - [16/Jun/2015:02:25:30 -0500] "GET /forest/skins/gdocs-jar/js/swfobject.js?version=1503.161801 HTTP/1.1" 304 -
186.29.179.67 - - [16/Jun/2015:02:25:30 -0500] "GET /forest/skins/gdocs-jar/js/graphicForm.js?version=1503.161801 HTTP/1.1" 304 -
186.29.179.67 - - [16/Jun/2015:02:25:30 -0500] "GET /forest/img/buscar.jpg HTTP/1.1" 304 -
186.29.179.67 - - [16/Jun/2015:02:25:30 -0500] "GET /forest/img/spacer.gif HTTP/1.1" 304 -
186.29.179.67 - - [16/Jun/2015:02:25:30 -0500] "GET /forest/img/loading.gif HTTP/1.1" 304 -
186.29.179.67 - - [16/Jun/2015:02:25:30 -0500] "GET /forest/img/notify.gif HTTP/1.1" 304 -
186.29.179.67 - - [16/Jun/2015:02:25:30 -0500] "GET /forest/img/ayuda.gif HTTP/1.1" 304 -
186.29.179.67 - - [16/Jun/2015:02:25:30 -0500] "GET /forest/img/pantalla.gif HTTP/1.1" 304 -
186.29.179.67 - - [16/Jun/2015:02:25:30 -0500] "GET /forest/img/salir3.gif HTTP/1.1" 304 -
186.29.179.67 - - [16/Jun/2015:02:25:28 -0500] "GET /forest/usutareas.do?_a=0.2734839681070298&group_system_actual=3 HTTP/1.1" 200 259645
186.29.179.67 - - [16/Jun/2015:02:25:31 -0500] "GET /forest/img/base/bsc2_r1_c1.gif HTTP/1.1" 304 -
186.29.179.67 - - [16/Jun/2015:02:25:31 -0500] "GET /forest/img/base/bsc2_r1_c2.gif HTTP/1.1" 304 -
186.29.179.67 - - [16/Jun/2015:02:24:06 -0500] "GET /ForestMSG_SDA/channelAsync/template_word_18381685?X-Atmosphere-tracking-id=c63ded3b-47e3-36ce-f44b-894d504b2800&X-Atmosphere-Framework=1.0.5&X-Atmosphere-Transport=long-polling&tabid=0.24169155885465443&X-Cache-Date=0&Content-Type=application/xml&_=1434439570449 HTTP/1.1" 200 8193
186.29.179.67 - - [16/Jun/2015:02:25:31 -0500] "GET /forest/img/base/bsc2_r1_c3.gif HTTP/1.1" 304 -
186.29.179.67 - - [16/Jun/2015:02:25:31 -0500] "GET /forest/skins/gdocs-jar/img/desasociarUser.gif HTTP/1.1" 304 -
186.29.179.67 - - [16/Jun/2015:02:25:31 -0500] "GET /forest/img/asociarUser.gif HTTP/1.1" 304 -
186.29.179.67 - - [16/Jun/2015:02:25:31 -0500] "GET /forest/skins/gdocs-jar/img/asociarUserOtraDependencia.gif HTTP/1.1" 304 -
186.29.179.67 - - [16/Jun/2015:02:25:31 -0500] "GET /forest/skins/gdocs-jar/img/comments.gif HTTP/1.1" 304 -
186.29.179.67 - - [16/Jun/2015:02:25:31 -0500] "GET /forest/skins/gdocs-jar/img/vertodossubprocesos.gif HTTP/1.1" 304 -
186.29.179.67 - - [16/Jun/2015:02:25:31 -0500] "GET /forest/skins/gdocs-jar/img/actividad2.gif HTTP/1.1" 304 -
186.29.179.67 - - [16/Jun/2015:02:25:31 -0500] "GET /forest/skins/gdocs-jar/img/print.gif HTTP/1.1" 304 -
186.29.179.67 - - [16/Jun/2015:02:25:31 -0500] "GET /forest/skins/gdocs-jar/img/clip.gif HTTP/1.1" 304 -
186.29.179.67 - - [16/Jun/2015:02:25:31 -0500] "GET /forest/skins/gdocs-jar/img/bola.gif HTTP/1.1" 304 -
186.29.179.67 - - [16/Jun/2015:02:25:31 -0500] "GET /forest/skins/gdocs-jar/img/spacer.gif HTTP/1.1" 304 -
186.29.179.67 - - [16/Jun/2015:02:25:31 -0500] "GET /forest/skins/gdocs-jar/img/prev.gif HTTP/1.1" 304 -
186.29.179.67 - - [16/Jun/2015:02:25:31 -0500] "GET /forest/skins/gdocs-jar/img/icons/pdf.gif HTTP/1.1" 304 -
186.29.179.67 - - [16/Jun/2015:02:25:31 -0500] "GET /forest/img/mplogo.gif HTTP/1.1" 304 -
186.29.179.67 - - [16/Jun/2015:02:25:31 -0500] "GET /forest/img/buscar_documentos.gif HTTP/1.1" 304 -
186.29.179.67 - - [16/Jun/2015:02:25:31 -0500] "GET /forest/img/buscar_procesos.gif HTTP/1.1" 304 -
186.29.179.67 - - [16/Jun/2015:02:25:31 -0500] "GET /forest/img/fondo-barra.gif HTTP/1.1" 304 -
186.29.179.67 - - [16/Jun/2015:02:25:31 -0500] "GET /forest/skins/gdocs-jar/img/ok.gif HTTP/1.1" 304 -
186.29.179.67 - - [16/Jun/2015:02:25:31 -0500] "GET /forest/skins/gdocs-jar/img/upload_file_icon.gif HTTP/1.1" 304 -
186.29.179.67 - - [16/Jun/2015:02:25:31 -0500] "GET /forest/skins/gdocs-jar/img/pencil.png HTTP/1.1" 304 -
186.29.179.67 - - [16/Jun/2015:02:25:31 -0500] "GET /forest/skins/gdocs-jar/img/alert.gif HTTP/1.1" 304 -
186.29.179.67 - - [16/Jun/2015:02:25:31 -0500] "GET /forest/skins/gdocs-jar/img/disk.png HTTP/1.1" 304 -
186.29.179.67 - - [16/Jun/2015:02:25:31 -0500] "GET /forest/skins/gdocs-jar/img/control-double.png HTTP/1.1" 304 -
186.29.179.67 - - [16/Jun/2015:02:25:31 -0500] "GET /forest/skins/gdocs-jar/img/close.gif HTTP/1.1" 304 -
186.29.179.67 - - [16/Jun/2015:02:25:31 -0500] "GET /forest/skins/gdocs-jar/img/plus.gif HTTP/1.1" 304 -
186.29.179.67 - - [16/Jun/2015:02:25:31 -0500] "GET /forest/skins/gdocs-jar/img/minus.png HTTP/1.1" 304 -
186.29.179.67 - - [16/Jun/2015:02:25:31 -0500] "GET /forest/skins/gdocs-jar/img/okey.gif HTTP/1.1" 304 -
186.29.179.67 - - [16/Jun/2015:02:25:31 -0500] "GET /forest/skins/gdocs-jar/img/cancel.gif HTTP/1.1" 304 -
186.29.179.67 - - [16/Jun/2015:02:25:31 -0500] "GET /forest/skins/gdocs-jar/img/edit2.gif HTTP/1.1" 304 -
186.29.179.67 - - [16/Jun/2015:02:25:32 -0500] "GET /forest/img/close.gif HTTP/1.1" 304 -
186.29.179.67 - - [16/Jun/2015:02:25:32 -0500] "GET /forest/1ibre/1ibre.css HTTP/1.1" 304 -
186.29.179.67 - - [16/Jun/2015:02:25:32 -0500] "GET /forest/session.jsp?a=0.27385194250382483 HTTP/1.1" 200 4
186.29.179.67 - - [16/Jun/2015:02:25:33 -0500] "GET /forest/actions/forms.getList?codForm=Anexo4&id=p300 HTTP/1.1" 200 136
186.29.179.67 - - [16/Jun/2015:02:25:33 -0500] "GET /forest/actions/forms.getList?codForm=Anexo4&id=p312 HTTP/1.1" 200 88
186.29.179.67 - - [16/Jun/2015:02:25:33 -0500] "GET /forest/actions/forms.getList?codForm=Anexo4&id=p368 HTTP/1.1" 200 209
186.29.179.67 - - [16/Jun/2015:02:25:33 -0500] "GET /forest/img/forestIcon.gif?version=1503.161801 HTTP/1.1" 200 573
66.249.73.155 - - [16/Jun/2015:02:25:36 -0500] "GET /BLA/resoluciones/AUTOS%202009/3359.pdf HTTP/1.1" 200 209272
180.76.15.156 - - [16/Jun/2015:02:25:36 -0500] "GET /BLA/resoluciones/AUTOS%202009/2155.pdf HTTP/1.1" 200 90629
180.76.15.134 - - [16/Jun/2015:02:25:40 -0500] "GET /BLA/boletinlegal;jsessionid=A02BF0559E74D92445AEA6BF8388893C?/? HTTP/1.1" 404 1018
186.29.179.67 - - [16/Jun/2015:02:25:41 -0500] "GET /forest/skins/gdocs-jar/img/error.gif HTTP/1.1" 200 822
66.249.73.163 - - [16/Jun/2015:02:25:49 -0500] "GET /BLA/resoluciones/RESOLUCIONES%202010/0319.pdf HTTP/1.1" 200 115594
66.249.73.171 - - [16/Jun/2015:02:25:49 -0500] "GET /BLA/resoluciones/AUTOS%202009/2195.pdf HTTP/1.1" 200 113207
180.76.15.154 - - [16/Jun/2015:02:25:52 -0500] "GET /BLA/resoluciones/AUTOS%202010/1378.pdf HTTP/1.1" 200 248952
180.76.15.145 - - [16/Jun/2015:02:25:58 -0500] "GET /BLA/resoluciones/AUTOS%202009/0882.pdf HTTP/1.1" 200 71225
66.249.73.163 - - [16/Jun/2015:02:26:02 -0500] "GET /BLA/resoluciones/AUTOS%202009/3152.pdf HTTP/1.1" 200 132529
180.76.15.5 - - [16/Jun/2015:02:26:10 -0500] "GET /BLA/resoluciones/RESOLUCIONES%202007/RES%202007%201001%20AL%201100/RESOLUCION%201097%20DE%202007.pdf HTTP/1.1" 200 225397
66.249.73.155 - - [16/Jun/2015:02:26:15 -0500] "GET /BLA/resoluciones/AUTOS%202009/1776.pdf HTTP/1.1" 200 97571
180.76.15.152 - - [16/Jun/2015:02:26:16 -0500] "GET /BLA/resoluciones/AUTOS%202010/5201.pdf HTTP/1.1" 200 206151
186.29.179.67 - - [16/Jun/2015:02:25:54 -0500] "POST /forest/actions/forms.sendFile HTTP/1.1" 200 119
186.29.179.67 - - [16/Jun/2015:02:26:23 -0500] "GET /forest/skins/gdocs-jar/img/icons/zip.gif HTTP/1.1" 200 235
180.76.15.18 - - [16/Jun/2015:02:26:26 -0500] "GET /BLA/resoluciones/AUTOS%202009/1444.pdf HTTP/1.1" 200 119124
66.249.73.163 - - [16/Jun/2015:02:26:27 -0500] "GET /BLA/resoluciones/RESOLUCIONES%202011/1145.pdf HTTP/1.1" 200 270522
186.29.179.67 - - [16/Jun/2015:02:26:28 -0500] "POST /forest/usutareas.do? HTTP/1.1" 200 76
180.76.15.19 - - [16/Jun/2015:02:26:34 -0500] "GET /BLA/resoluciones/AUTOS%202009/2444.pdf HTTP/1.1" 200 99374
186.29.179.67 - - [16/Jun/2015:02:26:33 -0500] "GET /forest/usutareas.do?group_system_actual=3&a=0.5613200184889138 HTTP/1.1" 200 151510
186.29.179.67 - - [16/Jun/2015:02:26:35 -0500] "GET /forest/skins/gdocs-jar/img/iconCallReport.png HTTP/1.1" 200 929
186.29.179.67 - - [16/Jun/2015:02:26:35 -0500] "GET /forest/session.jsp?a=0.3075708437245339 HTTP/1.1" 200 4
186.29.179.67 - - [16/Jun/2015:02:26:36 -0500] "GET /forest/actions/forms.getMappedValues?id=NUMTER45&value=899999094-1&codForm=contec&a=0.45696519827470183 HTTP/1.1" 200 180
186.29.179.67 - - [16/Jun/2015:02:26:39 -0500] "GET /forest/actions/forms.getMappedValues?id=localidadvisita402&value=12&codForm=contec&a=0.9824737198650837 HTTP/1.1" 200 24
66.249.73.171 - - [16/Jun/2015:02:26:40 -0500] "GET /BLA/resoluciones/AUTOS%202009/1809.pdf HTTP/1.1" 200 181168
180.76.15.159 - - [16/Jun/2015:02:26:44 -0500] "GET /BLA/boletinlegal;jsessionid=2C151D2A06A6758BA15B758AB87ED1CD?/? HTTP/1.1" 404 1018
180.76.15.134 - - [16/Jun/2015:02:26:50 -0500] "GET /BLA/resoluciones/AUTOS%202009/0491.pdf HTTP/1.1" 200 170962
66.249.73.155 - - [16/Jun/2015:02:26:53 -0500] "GET /BLA/resoluciones/AUTOS%202008/1428.pdf HTTP/1.1" 200 171517
180.76.15.145 - - [16/Jun/2015:02:27:02 -0500] "GET /BLA/resoluciones/AUTOS%202009/3430.pdf HTTP/1.1" 200 98848
66.249.73.155 - - [16/Jun/2015:02:27:06 -0500] "GET /BLA/resoluciones/RESOLUCIONES%202008/1420.pdf HTTP/1.1" 200 215472
180.76.15.28 - - [16/Jun/2015:02:27:12 -0500] "GET /BLA/resoluciones/AUTOS%202009/0909.pdf HTTP/1.1" 200 123153
180.76.15.144 - - [16/Jun/2015:02:27:18 -0500] "GET /BLA/boletinlegal;jsessionid=BBC6997852A00180B155E6494E30BF92?/? HTTP/1.1" 404 1018
66.249.73.171 - - [16/Jun/2015:02:27:19 -0500] "GET /BLA/resoluciones/RESOLUCIONES%202007/RES%202007%201901%20AL%202000/RESOLUCION%201914%20DE%202007.pdf HTTP/1.1" 200 27166
66.249.65.240 - - [16/Jun/2015:02:27:21 -0500] "GET /galeria/nivo-slider/demo/images/AvesLibres03.jpg HTTP/1.1" 200 168083
180.76.15.144 - - [16/Jun/2015:02:27:24 -0500] "GET /BLA/resoluciones/AUTOS%202009/0173.pdf HTTP/1.1" 200 188130
66.249.73.171 - - [16/Jun/2015:02:27:32 -0500] "GET /BLA/resoluciones/AUTOS%202009/0713.pdf HTTP/1.1" 200 108933
180.76.15.159 - - [16/Jun/2015:02:27:36 -0500] "GET /BLA/resoluciones/AUTOS%202010/6473.pdf HTTP/1.1" 200 155617
186.147.101.74 - - [16/Jun/2015:02:27:41 -0500] "GET /galeria/nivo-slider/demo/demo.html HTTP/1.1" 304 -
180.76.15.25 - - [16/Jun/2015:02:27:42 -0500] "GET /BLA/boletinlegal;jsessionid=15AC5F28B6A87A07F2426EA8F73BA178?/? HTTP/1.1" 404 1018
66.249.73.163 - - [16/Jun/2015:02:27:45 -0500] "GET /BLA/resoluciones/AUTOS%202009/3301.pdf HTTP/1.1" 200 142681
186.147.101.74 - - [16/Jun/2015:02:27:50 -0500] "GET /galeria/nivo-slider/demo/images/9Signos.jpg HTTP/1.1" 304 -
186.147.101.74 - - [16/Jun/2015:02:27:50 -0500] "GET /galeria/nivo-slider/demo/images/Comparendo-ambiental-Banner.jpg HTTP/1.1" 304 -
186.147.101.74 - - [16/Jun/2015:02:27:51 -0500] "GET /galeria/nivo-slider/demo/images/banner-Pacto-por-la-madera.jpg HTTP/1.1" 304 -
186.147.101.74 - - [16/Jun/2015:02:27:51 -0500] "GET /galeria/nivo-slider/demo/images/GAE-banner.jpg HTTP/1.1" 304 -
186.147.101.74 - - [16/Jun/2015:02:27:51 -0500] "GET /galeria/nivo-slider/demo/images/Banner-encuesta-de-percepscio.jpg HTTP/1.1" 304 -
186.147.101.74 - - [16/Jun/2015:02:27:51 -0500] "GET /galeria/nivo-slider/demo/images/acuerdo_569.jpg HTTP/1.1" 304 -
186.147.101.74 - - [16/Jun/2015:02:27:51 -0500] "GET /galeria/nivo-slider/demo/images/Licitaciones-proyecto-paramo.jpg HTTP/1.1" 304 -
186.147.101.74 - - [16/Jun/2015:02:27:51 -0500] "GET /galeria/nivo-slider/demo/images/Banner-decreto1299.jpg HTTP/1.1" 304 -
186.147.101.74 - - [16/Jun/2015:02:27:51 -0500] "GET /galeria/nivo-slider/demo/images/Banner-Directorio.jpg HTTP/1.1" 304 -
186.147.101.74 - - [16/Jun/2015:02:27:51 -0500] "GET /galeria/nivo-slider/demo/images/Conoce-los-humedales.jpg HTTP/1.1" 304 -
186.147.101.74 - - [16/Jun/2015:02:27:52 -0500] "GET /galeria/nivo-slider/demo/images/banner-llantas2.jpg HTTP/1.1" 304 -
180.76.15.18 - - [16/Jun/2015:02:27:54 -0500] "GET /BLA/resoluciones/AUTOS%202009/3441.pdf HTTP/1.1" 200 96391
66.249.73.155 - - [16/Jun/2015:02:27:58 -0500] "GET /BLA/resoluciones/AUTOS%202011/1910.pdf HTTP/1.1" 200 156081
180.76.15.147 - - [16/Jun/2015:02:28:02 -0500] "GET /BLA/resoluciones/AUTOS%202010/2174.pdf HTTP/1.1" 200 298883
186.29.179.67 - - [16/Jun/2015:02:28:03 -0500] "POST /forest/usutareas.do? HTTP/1.1" 200 76
66.249.73.155 - - [16/Jun/2015:02:28:07 -0500] "GET /BLA/resoluciones/AUTOS%202014/5702.pdf HTTP/1.1" 200 3128293
186.29.179.67 - - [16/Jun/2015:02:28:07 -0500] "GET /forest/usutareas.do?group_system_actual=3&a=0.0029620095156133175 HTTP/1.1" 200 151798
186.29.179.67 - - [16/Jun/2015:02:28:08 -0500] "GET /forest/session.jsp?a=0.01096052466891706 HTTP/1.1" 200 4
186.29.179.67 - - [16/Jun/2015:02:28:08 -0500] "GET /forest/actions/forms.getMappedValues?id=NUMTER45&value=899999094-1&codForm=contec&a=0.5453247323166579 HTTP/1.1" 200 180
180.76.15.26 - - [16/Jun/2015:02:28:10 -0500] "GET /BLA/resoluciones/AUTOS%202009/1522.pdf HTTP/1.1" 200 98150
66.249.73.155 - - [16/Jun/2015:02:28:11 -0500] "GET /BLA/resoluciones/AUTOS%202009/0444.pdf HTTP/1.1" 200 309930
180.76.15.153 - - [16/Jun/2015:02:28:20 -0500] "GET /BLA/resoluciones/AUTOS%202009/2664.pdf HTTP/1.1" 200 99369
66.249.73.155 - - [16/Jun/2015:02:28:24 -0500] "GET /BLA/resoluciones/RESOLUCIONES%202009/7803.pdf HTTP/1.1" 200 512137
180.76.15.5 - - [16/Jun/2015:02:28:28 -0500] "GET /BLA/resoluciones/RESOLUCIONES%202010/0300.pdf HTTP/1.1" 200 389549
180.76.15.25 - - [16/Jun/2015:02:28:34 -0500] "GET /BLA/resoluciones/RESOLUCIONES%202008/1053.pdf HTTP/1.1" 200 60597
66.249.73.171 - - [16/Jun/2015:02:28:37 -0500] "GET /BLA/resoluciones/AUTOS%202012/1132.pdf HTTP/1.1" 200 154186
186.29.179.67 - - [16/Jun/2015:02:28:39 -0500] "GET /forest/skins/gdocs-jar/css/switch.css HTTP/1.1" 200 843
186.29.179.67 - - [16/Jun/2015:02:28:39 -0500] "GET /forest/skins/gdocs-jar/js/popup.js?version=1503.161801 HTTP/1.1" 200 7658
186.29.179.67 - - [16/Jun/2015:02:28:39 -0500] "GET /forest/skins/gdocs-jar/img/hojaruta.gif HTTP/1.1" 200 159
186.29.179.67 - - [16/Jun/2015:02:28:39 -0500] "GET /forest/skins/gdocs-jar/img/edit.gif HTTP/1.1" 200 1264
186.29.179.67 - - [16/Jun/2015:02:28:39 -0500] "GET /forest/skins/gdocs-jar/img/verComentario.gif HTTP/1.1" 200 689
186.29.179.67 - - [16/Jun/2015:02:28:39 -0500] "GET /forest/skins/gdocs-jar/js/documentos.js?version=1503.161801 HTTP/1.1" 200 24262
186.29.179.67 - - [16/Jun/2015:02:28:39 -0500] "GET /forest/skins/gdocs-jar/img/editarComentario.gif HTTP/1.1" 200 1220
186.29.179.67 - - [16/Jun/2015:02:28:39 -0500] "GET /forest/skins/gdocs-jar/img/cut.gif HTTP/1.1" 200 1280
186.29.179.67 - - [16/Jun/2015:02:28:39 -0500] "GET /forest/skins/gdocs-jar/img/copy.gif HTTP/1.1" 200 185
186.29.179.67 - - [16/Jun/2015:02:28:39 -0500] "GET /forest/skins/gdocs-jar/img/assign-document.gif HTTP/1.1" 200 936
186.29.179.67 - - [16/Jun/2015:02:28:39 -0500] "GET /forest/skins/gdocs-jar/img/icon_document_completed.gif HTTP/1.1" 200 1077
186.29.179.67 - - [16/Jun/2015:02:28:39 -0500] "GET /forest/skins/gdocs-jar/img/fondo-barra.gif HTTP/1.1" 200 282
186.29.179.67 - - [16/Jun/2015:02:28:39 -0500] "GET /forest/skins/gdocs-jar/img/sendmail.gif HTTP/1.1" 200 1297
186.29.179.67 - - [16/Jun/2015:02:28:39 -0500] "GET /forest/skins/gdocs-jar/img/veranexos.gif HTTP/1.1" 200 1130
186.29.179.67 - - [16/Jun/2015:02:28:39 -0500] "GET /forest/skins/gdocs-jar/img/asignar-user.gif HTTP/1.1" 200 1196
186.29.179.67 - - [16/Jun/2015:02:28:13 -0500] "GET /forest/usudocumentos.do?_a=0.09742791391909122&group_system_actual=3 HTTP/1.1" 200 97703
186.29.179.67 - - [16/Jun/2015:02:28:39 -0500] "GET /forest/skins/gdocs-jar/img/document_add.gif HTTP/1.1" 200 1109
186.29.179.67 - - [16/Jun/2015:02:28:39 -0500] "GET /forest/skins/gdocs-jar/img/gdocs_rechazar.gif HTTP/1.1" 200 822
186.29.179.67 - - [16/Jun/2015:02:28:39 -0500] "GET /forest/skins/gdocs-jar/img/files_exp.png HTTP/1.1" 200 52209
186.29.179.67 - - [16/Jun/2015:02:28:40 -0500] "GET /forest/skins/gdocs-jar/img/historial.gif HTTP/1.1" 200 1341
186.29.179.67 - - [16/Jun/2015:02:28:40 -0500] "GET /forest/img/back.gif HTTP/1.1" 200 82
186.29.179.67 - - [16/Jun/2015:02:28:39 -0500] "GET /forest/skins/gdocs-jar/img/files_numpro.png HTTP/1.1" 200 53724
186.29.179.67 - - [16/Jun/2015:02:28:40 -0500] "GET /forest/skins/gdocs-jar/img/grid-first.gif HTTP/1.1" 200 371
186.29.179.67 - - [16/Jun/2015:02:28:40 -0500] "GET /forest/skins/gdocs-jar/img/grid-prev.gif HTTP/1.1" 200 325
186.29.179.67 - - [16/Jun/2015:02:28:40 -0500] "GET /forest/skins/gdocs-jar/img/grid-next.gif HTTP/1.1" 200 325
186.29.179.67 - - [16/Jun/2015:02:28:40 -0500] "GET /forest/skins/gdocs-jar/img/grid-last.gif HTTP/1.1" 200 371
186.29.179.67 - - [16/Jun/2015:02:28:40 -0500] "GET /forest/skins/gdocs-jar/img/eye.gif HTTP/1.1" 200 396
186.29.179.67 - - [16/Jun/2015:02:28:40 -0500] "GET /forest/skins/gdocs-jar/img/more_details.gif HTTP/1.1" 200 617
186.29.179.67 - - [16/Jun/2015:02:28:40 -0500] "GET /forest/skins/gdocs-jar/img/icons/docx.gif HTTP/1.1" 200 1039
186.29.179.67 - - [16/Jun/2015:02:28:41 -0500] "GET /forest/session.jsp?a=0.12879543378949165 HTTP/1.1" 200 4
186.29.179.67 - - [16/Jun/2015:02:28:41 -0500] "GET /forest/skins/gdocs-jar/img/filtrar.png HTTP/1.1" 200 243
186.29.179.67 - - [16/Jun/2015:02:28:41 -0500] "GET /forest/skins/gdocs-jar/img/splitter.gif HTTP/1.1" 200 830
186.29.179.67 - - [16/Jun/2015:02:28:41 -0500] "GET /forest/1ibre/images/minus.gif HTTP/1.1" 200 80
186.29.179.67 - - [16/Jun/2015:02:28:41 -0500] "GET /forest/skins/gdocs-jar/img/folder.gif HTTP/1.1" 200 622
186.29.179.67 - - [16/Jun/2015:02:28:41 -0500] "GET /forest/1ibre/images/spacer.gif HTTP/1.1" 200 43
186.29.179.67 - - [16/Jun/2015:02:28:41 -0500] "GET /forest/skins/gdocs-jar/img/borrador-tree.gif HTTP/1.1" 200 90
