180.76.15.7 - - [16/Jun/2015:02:55:16 -0500] "GET /BLA/resoluciones/RESOLUCIONES%202012/0381.pdf HTTP/1.1" 200 1867317
74.86.158.107 - - [16/Jun/2015:02:55:17 -0500] "HEAD / HTTP/1.1" 200 -
180.76.15.26 - - [16/Jun/2015:02:55:22 -0500] "GET /BLA/resoluciones/RESOLUCIONES%202008/2194.pdf HTTP/1.1" 200 464272
66.249.73.163 - - [16/Jun/2015:02:55:23 -0500] "GET /BLA/resoluciones/RESOLUCIONES%202010/2929.pdf HTTP/1.1" 200 492803
180.76.15.134 - - [16/Jun/2015:02:55:32 -0500] "GET /BLA/resoluciones/RESOLUCIONES%202011/1205.pdf HTTP/1.1" 200 432497
66.249.73.163 - - [16/Jun/2015:02:55:33 -0500] "GET /BLA/resoluciones/RESOLUCIONES%202007/RES%202007%204301%20AL%204352/RESOLUCION%204337%20DE%202007.pdf HTTP/1.1" 200 535581
180.76.15.145 - - [16/Jun/2015:02:55:38 -0500] "GET /BLA/resoluciones/RESOLUCIONES%202012/1008.pdf HTTP/1.1" 200 900268
181.26.68.36 - - [16/Jun/2015:02:55:40 -0500] "GET /galeria/galeria/jquery.fancybox.css?v=2.1.5 HTTP/1.1" 304 -
181.26.68.36 - - [16/Jun/2015:02:55:40 -0500] "GET /BLA/boletinlegal/js/jquery.scrollShow.js HTTP/1.1" 304 -
181.26.68.36 - - [16/Jun/2015:02:55:40 -0500] "GET /BLA/boletinlegal/js/jquery.scrollTo-min.js HTTP/1.1" 304 -
181.26.68.36 - - [16/Jun/2015:02:55:40 -0500] "GET /galeria/galeria/jquery.fancybox.js?v=2.1.5 HTTP/1.1" 304 -
66.249.73.163 - - [16/Jun/2015:02:55:48 -0500] "GET /BLA/resoluciones/RESOLUCIONES%202010/0629.pdf HTTP/1.1" 200 538756
180.76.15.154 - - [16/Jun/2015:02:55:50 -0500] "GET /BLA/resoluciones/RESOLUCIONES%202010/0012.pdf HTTP/1.1" 200 386864
180.76.15.162 - - [16/Jun/2015:02:55:56 -0500] "GET /BLA/resoluciones/RESOLUCIONES%202012/0677.pdf HTTP/1.1" 200 1100092
66.249.73.155 - - [16/Jun/2015:02:56:04 -0500] "GET /BLA/resoluciones/RESOLUCIONES%202012/0964.pdf HTTP/1.1" 200 498973
180.76.15.152 - - [16/Jun/2015:02:56:08 -0500] "GET /BLA/resoluciones/RESOLUCIONES%202012/0969.pdf HTTP/1.1" 200 355580
180.76.15.31 - - [16/Jun/2015:02:56:14 -0500] "GET /BLA/resoluciones/RESOLUCIONES%202014/3056.pdf HTTP/1.1" 200 253160
180.76.15.138 - - [16/Jun/2015:02:56:24 -0500] "GET /BLA/resoluciones/RESOLUCIONES%202011/4343.pdf HTTP/1.1" 200 346733
180.76.15.136 - - [16/Jun/2015:02:56:30 -0500] "GET /BLA/resoluciones/RESOLUCIONES%202012/1095.pdf HTTP/1.1" 200 495146
186.29.179.67 - - [16/Jun/2015:02:56:35 -0500] "GET /forest/session.jsp?a=0.8508443334139884 HTTP/1.1" 200 4
180.76.15.20 - - [16/Jun/2015:02:56:42 -0500] "GET /BLA/resoluciones/RESOLUCIONES%202012/1542.pdf HTTP/1.1" 200 3320515
180.76.15.136 - - [16/Jun/2015:02:56:48 -0500] "GET /BLA/resoluciones/RESOLUCIONES%202012/1499.pdf HTTP/1.1" 200 1849765
66.249.73.163 - - [16/Jun/2015:02:56:55 -0500] "GET /BLA/resoluciones/AUTOS%202011/1756.pdf HTTP/1.1" 200 198815
66.249.73.171 - - [16/Jun/2015:02:56:59 -0500] "GET /mobile/BLA/resoluciones/RESOLUCIONES%202013/1197.pdf HTTP/1.1" 404 1018
180.76.15.12 - - [16/Jun/2015:02:57:00 -0500] "GET /BLA/resoluciones/RESOLUCIONES%202008/0232.pdf HTTP/1.1" 200 301280
180.76.15.145 - - [16/Jun/2015:02:57:06 -0500] "GET /BLA/resoluciones/RESOLUCIONES%202012/0788.pdf HTTP/1.1" 200 2677739
180.76.15.150 - - [16/Jun/2015:02:57:16 -0500] "GET /BLA/resoluciones/RESOLUCIONES%202012/0975.pdf HTTP/1.1" 200 704977
180.76.15.157 - - [16/Jun/2015:02:57:22 -0500] "GET /BLA/resoluciones/RESOLUCIONES%202008/1785.pdf HTTP/1.1" 200 273782
180.76.15.156 - - [16/Jun/2015:02:57:34 -0500] "GET /BLA/resoluciones/RESOLUCIONES%202014/2555.pdf HTTP/1.1" 200 183953
186.29.179.67 - - [16/Jun/2015:02:51:35 -0500] "GET /ForestMSG_SDA/channelAsync/template_word_18381777?X-Atmosphere-tracking-id=d9bd3fa9-cc85-50a9-16e2-b74dd761441b&X-Atmosphere-Framework=1.0.5&X-Atmosphere-Transport=long-polling&tabid=0.03483007801696658&X-Cache-Date=0&Content-Type=application/xml&_=1434441219534 HTTP/1.1" 200 8193
180.76.15.31 - - [16/Jun/2015:02:57:40 -0500] "GET /BLA/resoluciones/RESOLUCIONES%202007/RES%202007%204001%20AL%204100/RESOLUCION%204065%20DE%202007.pdf HTTP/1.1" 200 248019
66.249.73.171 - - [16/Jun/2015:02:57:46 -0500] "GET /BLA/resoluciones/RESOLUCIONES%202010/7293.pdf HTTP/1.1" 200 339796
186.28.79.148 - - [16/Jun/2015:02:57:51 -0500] "GET /BLA/resoluciones/RESOLUCIONES%202007/RES%202007%203201%20AL%203300/RESOLUCION%203271%20DE%202007.pdf HTTP/1.1" 200 1268778
186.28.79.148 - - [16/Jun/2015:02:57:51 -0500] "GET /favicon.ico HTTP/1.1" 200 7782
180.76.15.150 - - [16/Jun/2015:02:57:52 -0500] "GET /BLA/resoluciones/RESOLUCIONES%202014/3856.pdf HTTP/1.1" 200 6530087
66.249.73.155 - - [16/Jun/2015:02:57:53 -0500] "GET /BLA/resoluciones/RESOLUCIONES%202009/1496.pdf HTTP/1.1" 200 353198
186.28.79.148 - - [16/Jun/2015:02:57:54 -0500] "GET /BLA/resoluciones/RESOLUCIONES%202007/RES%202007%203201%20AL%203300/RESOLUCION%203271%20DE%202007.pdf HTTP/1.1" 206 32768
180.76.15.25 - - [16/Jun/2015:02:57:56 -0500] "GET /BLA/resoluciones/RESOLUCIONES%202014/3139.pdf HTTP/1.1" 200 489262
186.28.79.148 - - [16/Jun/2015:02:57:56 -0500] "GET /BLA/resoluciones/RESOLUCIONES%202007/RES%202007%203201%20AL%203300/RESOLUCION%203271%20DE%202007.pdf HTTP/1.1" 206 1236010
66.249.73.155 - - [16/Jun/2015:02:57:59 -0500] "GET /BLA/resoluciones/RESOLUCIONES%202011/2877.pdf HTTP/1.1" 200 747250
66.249.73.163 - - [16/Jun/2015:02:58:06 -0500] "GET /BLA/resoluciones/RESOLUCIONES%202007/RES%202007%203601%20AL%203700/RESOLUCION%203684%20DE%202007.pdf HTTP/1.1" 200 391773
66.249.73.163 - - [16/Jun/2015:02:58:07 -0500] "GET /BLA/resoluciones/RESOLUCIONES%202010/4288.pdf HTTP/1.1" 200 316473
180.76.15.12 - - [16/Jun/2015:02:58:08 -0500] "GET /BLA/resoluciones/RESOLUCIONES%202012/1816.pdf HTTP/1.1" 200 458718
66.249.73.163 - - [16/Jun/2015:02:58:12 -0500] "GET /BLA/resoluciones/RESOLUCIONES%202010/0477.pdf HTTP/1.1" 200 102614
180.76.15.25 - - [16/Jun/2015:02:58:14 -0500] "GET /BLA/resoluciones/RESOLUCIONES%202014/0318.pdf HTTP/1.1" 200 1136168
66.249.73.155 - - [16/Jun/2015:02:58:19 -0500] "GET /BLA/resoluciones/RESOLUCIONES%202013/1197.pdf HTTP/1.1" 304 -
66.249.73.163 - - [16/Jun/2015:02:58:25 -0500] "GET /BLA/resoluciones/AUTOS%202007/3529.pdf HTTP/1.1" 200 308598
180.76.15.163 - - [16/Jun/2015:02:58:26 -0500] "GET /BLA/resoluciones/RESOLUCIONES%202014/3759.pdf HTTP/1.1" 200 529608
180.76.15.140 - - [16/Jun/2015:02:58:32 -0500] "GET /BLA/resoluciones/RESOLUCIONES%202011/1071.pdf HTTP/1.1" 200 387488
66.249.73.171 - - [16/Jun/2015:02:58:38 -0500] "GET /BLA/resoluciones/RESOLUCIONES%202010/3559.pdf HTTP/1.1" 200 753841
180.76.15.162 - - [16/Jun/2015:02:58:44 -0500] "GET /BLA/resoluciones/RESOLUCIONES%202014/2564.pdf HTTP/1.1" 200 327853
180.76.15.151 - - [16/Jun/2015:02:58:48 -0500] "GET /BLA/resoluciones/RESOLUCIONES%202011/1839.pdf HTTP/1.1" 200 516276
66.249.73.171 - - [16/Jun/2015:02:58:51 -0500] "GET /BLA/resoluciones/RESOLUCIONES%202011/0903.pdf HTTP/1.1" 304 -
180.76.15.6 - - [16/Jun/2015:02:59:00 -0500] "GET /BLA/resoluciones/RESOLUCIONES%202008/1215.pdf HTTP/1.1" 200 68039
66.249.73.155 - - [16/Jun/2015:02:59:04 -0500] "GET /BLA/resoluciones/RESOLUCIONES%202010/3572.pdf HTTP/1.1" 200 688631
180.76.15.155 - - [16/Jun/2015:02:59:06 -0500] "GET /BLA/resoluciones/RESOLUCIONES%202012/1301.pdf HTTP/1.1" 200 1542649
66.249.73.163 - - [16/Jun/2015:02:59:17 -0500] "GET /BLA/resoluciones/RESOLUCIONES%202007/RES%202007%201801%20AL%201900/RESOLUCION%201892%20DE%202007.pdf HTTP/1.1" 200 808143
180.76.15.152 - - [16/Jun/2015:02:59:24 -0500] "GET /BLA/resoluciones/RESOLUCIONES%202014/2680.pdf HTTP/1.1" 200 502106
66.249.73.155 - - [16/Jun/2015:02:59:30 -0500] "GET /BLA/resoluciones/AUTOS%202009/3206.pdf HTTP/1.1" 200 213589
180.76.15.18 - - [16/Jun/2015:02:59:34 -0500] "GET /BLA/resoluciones/RESOLUCIONES%202010/0537.pdf HTTP/1.1" 200 370246
180.76.15.31 - - [16/Jun/2015:02:59:40 -0500] "GET /BLA/resoluciones/RESOLUCIONES%202012/0210.pdf HTTP/1.1" 200 172981
66.249.73.155 - - [16/Jun/2015:02:59:43 -0500] "GET /BLA/resoluciones/RESOLUCIONES%202009/3903.pdf HTTP/1.1" 200 777665
180.76.15.16 - - [16/Jun/2015:02:59:52 -0500] "GET /BLA/resoluciones/RESOLUCIONES%202014/3143.pdf HTTP/1.1" 200 483538
186.147.96.242 - - [16/Jun/2015:02:59:55 -0500] "GET /galeria/galeria/jquery.fancybox.css?v=2.1.5 HTTP/1.1" 200 4895
186.147.96.242 - - [16/Jun/2015:02:59:55 -0500] "GET /galeria/carrusel/Carrusel/jquery.thumbnailScroller.css HTTP/1.1" 200 2066
186.147.96.242 - - [16/Jun/2015:02:59:55 -0500] "GET /BLA/boletinlegal/js/jquery.scrollShow.js HTTP/1.1" 200 4586
186.147.96.242 - - [16/Jun/2015:02:59:55 -0500] "GET /BLA/boletinlegal/js/jquery.scrollTo-min.js HTTP/1.1" 200 1150
186.147.96.242 - - [16/Jun/2015:02:59:55 -0500] "GET /galeria/galeria/jquery.fancybox.js?v=2.1.5 HTTP/1.1" 200 48706
186.147.96.242 - - [16/Jun/2015:02:59:55 -0500] "GET /galeria/carrusel/Carrusel/jquery-ui-1.8.13.custom.min.js HTTP/1.1" 200 10800
186.147.96.242 - - [16/Jun/2015:02:59:55 -0500] "GET /galeria/carrusel/Carrusel/jquery.thumbnailScroller.js HTTP/1.1" 200 8157
66.249.73.163 - - [16/Jun/2015:02:59:56 -0500] "GET /BLA/resoluciones/AUTOS%202009/2761.pdf HTTP/1.1" 200 91102
180.76.15.148 - - [16/Jun/2015:02:59:58 -0500] "GET /BLA/resoluciones/RESOLUCIONES%202014/0925.pdf HTTP/1.1" 200 923976
74.86.158.107 - - [16/Jun/2015:03:00:06 -0500] "HEAD / HTTP/1.1" 200 -
66.249.73.155 - - [16/Jun/2015:03:00:09 -0500] "GET /BLA/resoluciones/RESOLUCIONES%202010/1283.pdf HTTP/1.1" 200 112810
180.76.15.155 - - [16/Jun/2015:03:00:10 -0500] "GET /BLA/resoluciones/RESOLUCIONES%202010/2147.pdf HTTP/1.1" 200 524635
186.147.96.242 - - [16/Jun/2015:03:00:14 -0500] "GET /galeria/nivo-slider/demo/demo.html HTTP/1.1" 200 4410
186.147.96.242 - - [16/Jun/2015:03:00:15 -0500] "GET /galeria/nivo-slider/themes/default/default.css HTTP/1.1" 200 1569
186.147.96.242 - - [16/Jun/2015:03:00:15 -0500] "GET /galeria/nivo-slider/themes/pascal/pascal.css HTTP/1.1" 200 2258
180.76.15.138 - - [16/Jun/2015:03:00:16 -0500] "GET /BLA/resoluciones/RESOLUCIONES%202008/2108.pdf HTTP/1.1" 200 472268
186.84.47.253 - - [16/Jun/2015:03:00:17 -0500] "GET /galeria/carrusel/Carrusel/jquery-ui-1.8.13.custom.min.js HTTP/1.1" 200 10800
186.84.47.253 - - [16/Jun/2015:03:00:17 -0500] "GET /galeria/carrusel/Carrusel/jquery.thumbnailScroller.css HTTP/1.1" 200 2066
186.84.47.253 - - [16/Jun/2015:03:00:17 -0500] "GET /BLA/boletinlegal/js/jquery.scrollTo-min.js HTTP/1.1" 200 1150
186.84.47.253 - - [16/Jun/2015:03:00:17 -0500] "GET /galeria/galeria/jquery.fancybox.js?v=2.1.5 HTTP/1.1" 200 48706
186.84.47.253 - - [16/Jun/2015:03:00:17 -0500] "GET /galeria/galeria/jquery.fancybox.css?v=2.1.5 HTTP/1.1" 200 4895
186.84.47.253 - - [16/Jun/2015:03:00:17 -0500] "GET /BLA/boletinlegal/js/jquery.scrollShow.js HTTP/1.1" 200 4586
186.84.47.253 - - [16/Jun/2015:03:00:17 -0500] "GET /galeria/carrusel/Carrusel/jquery.thumbnailScroller.js HTTP/1.1" 200 8157
186.147.96.242 - - [16/Jun/2015:03:00:17 -0500] "GET /galeria/nivo-slider/themes/orman/orman.css HTTP/1.1" 200 2152
74.86.158.107 - - [16/Jun/2015:03:00:17 -0500] "HEAD / HTTP/1.1" 200 -
186.84.47.253 - - [16/Jun/2015:03:00:17 -0500] "GET /galeria/nivo-slider/demo/demo.html HTTP/1.1" 200 4410
186.84.47.253 - - [16/Jun/2015:03:00:18 -0500] "GET /galeria/nivo-slider/themes/default/default.css HTTP/1.1" 200 1569
186.84.47.253 - - [16/Jun/2015:03:00:18 -0500] "GET /galeria/nivo-slider/themes/orman/orman.css HTTP/1.1" 200 2152
186.84.47.253 - - [16/Jun/2015:03:00:18 -0500] "GET /galeria/nivo-slider/themes/pascal/pascal.css HTTP/1.1" 200 2258
186.84.47.253 - - [16/Jun/2015:03:00:18 -0500] "GET /galeria/nivo-slider/demo/scripts/jquery-1.7.1.min.js HTTP/1.1" 200 93868
186.84.47.253 - - [16/Jun/2015:03:00:18 -0500] "GET /galeria/nivo-slider/nivo-slider.css HTTP/1.1" 200 1507
186.84.47.253 - - [16/Jun/2015:03:00:18 -0500] "GET /galeria/nivo-slider/demo/style.css HTTP/1.1" 200 2222
186.84.47.253 - - [16/Jun/2015:03:00:18 -0500] "GET /galeria/nivo-slider/jquery.nivo.slider.pack.js HTTP/1.1" 200 11561
186.84.47.253 - - [16/Jun/2015:03:00:18 -0500] "GET /galeria/nivo-slider/demo/images/Comparendo-ambiental-Banner.jpg HTTP/1.1" 200 83731
186.84.47.253 - - [16/Jun/2015:03:00:18 -0500] "GET /galeria/nivo-slider/demo/images/9Signos.jpg HTTP/1.1" 200 81776
186.84.47.253 - - [16/Jun/2015:03:00:18 -0500] "GET /galeria/nivo-slider/demo/images/GAE-banner.jpg HTTP/1.1" 200 97556
186.84.47.253 - - [16/Jun/2015:03:00:18 -0500] "GET /galeria/nivo-slider/demo/images/Banner-encuesta-de-percepscio.jpg HTTP/1.1" 200 201899
186.84.47.253 - - [16/Jun/2015:03:00:18 -0500] "GET /galeria/nivo-slider/demo/images/banner-Pacto-por-la-madera.jpg HTTP/1.1" 200 209966
186.84.47.253 - - [16/Jun/2015:03:00:19 -0500] "GET /galeria/nivo-slider/demo/images/acuerdo_569.jpg HTTP/1.1" 200 62670
186.84.47.253 - - [16/Jun/2015:03:00:19 -0500] "GET /galeria/nivo-slider/demo/images/Licitaciones-proyecto-paramo.jpg HTTP/1.1" 200 221877
186.84.47.253 - - [16/Jun/2015:03:00:19 -0500] "GET /galeria/nivo-slider/demo/images/Banner-decreto1299.jpg HTTP/1.1" 200 182613
186.84.47.253 - - [16/Jun/2015:03:00:19 -0500] "GET /galeria/nivo-slider/demo/images/Banner-Directorio.jpg HTTP/1.1" 200 182068
186.147.96.242 - - [16/Jun/2015:03:00:19 -0500] "GET /galeria/nivo-slider/nivo-slider.css HTTP/1.1" 200 1507
186.84.47.253 - - [16/Jun/2015:03:00:19 -0500] "GET /galeria/nivo-slider/demo/images/Ruta-vertimientos-01.jpg HTTP/1.1" 200 130151
186.147.96.242 - - [16/Jun/2015:03:00:20 -0500] "GET /galeria/nivo-slider/demo/style.css HTTP/1.1" 200 2222
186.147.96.242 - - [16/Jun/2015:03:00:20 -0500] "GET /galeria/nivo-slider/jquery.nivo.slider.pack.js HTTP/1.1" 200 11561
186.84.47.253 - - [16/Jun/2015:03:00:20 -0500] "GET /galeria/nivo-slider/demo/images/bolsas-06.jpg HTTP/1.1" 200 90982
186.84.47.253 - - [16/Jun/2015:03:00:20 -0500] "GET /galeria/nivo-slider/demo/images/Conoce-los-humedales.jpg HTTP/1.1" 200 294036
186.147.96.242 - - [16/Jun/2015:03:00:21 -0500] "GET /galeria/nivo-slider/themes/default/loading.gif HTTP/1.1" 200 1737
186.84.47.253 - - [16/Jun/2015:03:00:21 -0500] "GET /galeria/nivo-slider/demo/images/ecolecta-Dic2014.png HTTP/1.1" 200 288593
186.84.47.253 - - [16/Jun/2015:03:00:21 -0500] "GET /galeria/nivo-slider/demo/images/Banner-Caracol-Africano.jpg HTTP/1.1" 200 331986
186.147.96.242 - - [16/Jun/2015:03:00:21 -0500] "GET /galeria/nivo-slider/demo/scripts/jquery-1.7.1.min.js HTTP/1.1" 200 93868
66.249.73.155 - - [16/Jun/2015:03:00:21 -0500] "GET /BLA/resoluciones/RESOLUCIONES%202009/4819.pdf HTTP/1.1" 200 160834
186.84.47.253 - - [16/Jun/2015:03:00:21 -0500] "GET /galeria/nivo-slider/demo/images/banner-llantas2.jpg HTTP/1.1" 200 204644
186.147.96.242 - - [16/Jun/2015:03:00:22 -0500] "GET /galeria/nivo-slider/demo/images/4Simple_Slider.png HTTP/1.1" 200 11722
186.84.47.253 - - [16/Jun/2015:03:00:22 -0500] "GET /galeria/nivo-slider/demo/images/4Simple_Slider.png HTTP/1.1" 200 11722
186.84.47.253 - - [16/Jun/2015:03:00:23 -0500] "GET /galeria/nivo-slider/themes/default/loading.gif HTTP/1.1" 200 1737
180.76.15.143 - - [16/Jun/2015:03:00:26 -0500] "GET /BLA/resoluciones/RESOLUCIONES%202010/1746.pdf HTTP/1.1" 200 83729
186.84.47.253 - - [16/Jun/2015:03:00:30 -0500] "GET /galeria/nivo-slider/themes/default/arrows.png HTTP/1.1" 200 824
186.84.47.253 - - [16/Jun/2015:03:00:30 -0500] "GET /galeria/nivo-slider/themes/default/bullets.png HTTP/1.1" 200 1281
186.147.96.242 - - [16/Jun/2015:03:00:32 -0500] "GET /galeria/nivo-slider/demo/images/9Signos.jpg HTTP/1.1" 200 81776
180.76.15.30 - - [16/Jun/2015:03:00:32 -0500] "GET /BLA/resoluciones/RESOLUCIONES%202012/0422.pdf HTTP/1.1" 200 319732
186.147.96.242 - - [16/Jun/2015:03:00:34 -0500] "GET /galeria/nivo-slider/demo/images/Comparendo-ambiental-Banner.jpg HTTP/1.1" 200 83731
66.249.73.163 - - [16/Jun/2015:03:00:34 -0500] "GET /BLA/resoluciones/AUTOS%202009/1273.pdf HTTP/1.1" 200 555031
186.147.96.242 - - [16/Jun/2015:03:00:39 -0500] "GET /galeria/nivo-slider/demo/images/GAE-banner.jpg HTTP/1.1" 200 97556
186.147.96.242 - - [16/Jun/2015:03:00:40 -0500] "GET /galeria/nivo-slider/demo/images/Banner-encuesta-de-percepscio.jpg HTTP/1.1" 200 201899
180.76.15.5 - - [16/Jun/2015:03:00:44 -0500] "GET /BLA/resoluciones/RESOLUCIONES%202012/1545.pdf HTTP/1.1" 200 8715331
186.147.96.242 - - [16/Jun/2015:03:00:45 -0500] "GET /galeria/nivo-slider/demo/images/banner-Pacto-por-la-madera.jpg HTTP/1.1" 200 209966
66.249.73.155 - - [16/Jun/2015:03:00:47 -0500] "GET /BLA/resoluciones/RESOLUCIONES%202009/1102.pdf HTTP/1.1" 200 290783
186.147.96.242 - - [16/Jun/2015:03:00:50 -0500] "GET /galeria/nivo-slider/demo/images/acuerdo_569.jpg HTTP/1.1" 200 62670
180.76.15.162 - - [16/Jun/2015:03:00:50 -0500] "GET /BLA/resoluciones/RESOLUCIONES%202008/1891.pdf HTTP/1.1" 200 209524
186.147.96.242 - - [16/Jun/2015:03:00:51 -0500] "GET /galeria/nivo-slider/demo/images/Licitaciones-proyecto-paramo.jpg HTTP/1.1" 200 221877
186.147.96.242 - - [16/Jun/2015:03:00:55 -0500] "GET /galeria/nivo-slider/demo/images/Banner-decreto1299.jpg HTTP/1.1" 200 182613
186.147.96.242 - - [16/Jun/2015:03:00:57 -0500] "GET /galeria/nivo-slider/demo/images/Ruta-vertimientos-01.jpg HTTP/1.1" 200 130151
186.147.96.242 - - [16/Jun/2015:03:00:57 -0500] "GET /galeria/nivo-slider/demo/images/Banner-Directorio.jpg HTTP/1.1" 200 182068
66.249.73.171 - - [16/Jun/2015:03:01:00 -0500] "GET /BLA/resoluciones/RESOLUCIONES%202009/9091.pdf HTTP/1.1" 200 541775
186.147.96.242 - - [16/Jun/2015:03:01:01 -0500] "GET /galeria/nivo-slider/demo/images/bolsas-06.jpg HTTP/1.1" 200 90982
180.76.15.150 - - [16/Jun/2015:03:01:02 -0500] "GET /BLA/resoluciones/RESOLUCIONES%202010/1463.pdf HTTP/1.1" 200 433005
66.249.73.171 - - [16/Jun/2015:03:01:04 -0500] "GET /manual_funciones_Listado/index.php?dir=2.5.%20Direcci%F3n%20de%20Gesti%F3n%20Corporativa/&sort=size&order=asc HTTP/1.1" 404 1018
186.147.96.242 - - [16/Jun/2015:03:01:06 -0500] "GET /galeria/nivo-slider/demo/images/Conoce-los-humedales.jpg HTTP/1.1" 200 294036
180.76.15.24 - - [16/Jun/2015:03:01:08 -0500] "GET /BLA/resoluciones/RESOLUCIONES%202010/2869.pdf HTTP/1.1" 200 504553
186.147.96.242 - - [16/Jun/2015:03:01:08 -0500] "GET /galeria/nivo-slider/demo/images/ecolecta-Dic2014.png HTTP/1.1" 200 288593
186.147.96.242 - - [16/Jun/2015:03:01:09 -0500] "GET /galeria/nivo-slider/demo/images/Banner-Caracol-Africano.jpg HTTP/1.1" 200 331986
186.147.96.242 - - [16/Jun/2015:03:01:09 -0500] "GET /galeria/nivo-slider/demo/images/banner-llantas2.jpg HTTP/1.1" 200 204644
66.249.73.171 - - [16/Jun/2015:03:01:13 -0500] "GET /BLA/resoluciones/RESOLUCIONES%202011/3047.pdf HTTP/1.1" 200 765940
180.76.15.7 - - [16/Jun/2015:03:01:18 -0500] "GET /BLA/resoluciones/RESOLUCIONES%202014/1594.pdf HTTP/1.1" 200 374479
180.76.15.162 - - [16/Jun/2015:03:01:24 -0500] "GET /BLA/resoluciones/RESOLUCIONES%202012/0675.pdf HTTP/1.1" 200 437244
66.249.73.163 - - [16/Jun/2015:03:01:26 -0500] "GET /BLA/resoluciones/RESOLUCIONES%202009/4733.pdf HTTP/1.1" 200 1168180
157.55.39.222 - - [16/Jun/2015:03:01:28 -0500] "GET /robots.txt HTTP/1.1" 404 1019
157.55.39.190 - - [16/Jun/2015:03:01:33 -0500] "GET /POT-2013/DTS/DTS_20FEB2013_300pm.pdf HTTP/1.1" 200 10600308
180.76.15.146 - - [16/Jun/2015:03:01:36 -0500] "GET /BLA/resoluciones/RESOLUCIONES%202008/2792.pdf HTTP/1.1" 200 255458
66.249.73.171 - - [16/Jun/2015:03:01:39 -0500] "GET /BLA/resoluciones/AUTOS%202008/2137.pdf HTTP/1.1" 200 91784
180.76.15.9 - - [16/Jun/2015:03:01:42 -0500] "GET /BLA/resoluciones/RESOLUCIONES%202014/2456.pdf HTTP/1.1" 200 320114
186.147.96.242 - - [16/Jun/2015:03:01:42 -0500] "GET /galeria/nivo-slider/themes/default/arrows.png HTTP/1.1" 200 824
186.147.96.242 - - [16/Jun/2015:03:01:42 -0500] "GET /galeria/nivo-slider/themes/default/bullets.png HTTP/1.1" 200 1281
186.84.47.253 - - [16/Jun/2015:03:01:45 -0500] "GET /BLA/boletinlegal/js/jquery.scrollShow.js HTTP/1.1" 200 4586
186.84.47.253 - - [16/Jun/2015:03:01:45 -0500] "GET /BLA/boletinlegal/js/jquery.scrollTo-min.js HTTP/1.1" 200 1150
186.84.47.253 - - [16/Jun/2015:03:01:45 -0500] "GET /galeria/galeria/jquery.fancybox.css?v=2.1.5 HTTP/1.1" 200 4895
186.84.47.253 - - [16/Jun/2015:03:01:45 -0500] "GET /galeria/galeria/jquery.fancybox.js?v=2.1.5 HTTP/1.1" 200 48706
186.84.47.253 - - [16/Jun/2015:03:01:49 -0500] "GET /galeria/galeria/jquery.fancybox.js?v=2.1.5 HTTP/1.1" 200 48706
186.84.47.253 - - [16/Jun/2015:03:01:49 -0500] "GET /BLA/boletinlegal/js/jquery.scrollTo-min.js HTTP/1.1" 200 1150
186.84.47.253 - - [16/Jun/2015:03:01:49 -0500] "GET /galeria/galeria/jquery.fancybox.css?v=2.1.5 HTTP/1.1" 200 4895
186.84.47.253 - - [16/Jun/2015:03:01:49 -0500] "GET /BLA/boletinlegal/js/jquery.scrollShow.js HTTP/1.1" 200 4586
66.249.73.171 - - [16/Jun/2015:03:01:52 -0500] "GET /BLA/resoluciones/RESOLUCIONES%202010/1485.pdf HTTP/1.1" 200 520999
180.76.15.34 - - [16/Jun/2015:03:01:54 -0500] "GET /BLA/resoluciones/RESOLUCIONES%202012/1535.pdf HTTP/1.1" 200 3899437
180.76.15.20 - - [16/Jun/2015:03:01:58 -0500] "GET /BLA/resoluciones/RESOLUCIONES%202008/2803.pdf HTTP/1.1" 200 189896
66.249.73.155 - - [16/Jun/2015:03:02:05 -0500] "GET /BLA/resoluciones/AUTOS%202009/2718.pdf HTTP/1.1" 200 106459
186.84.47.253 - - [16/Jun/2015:03:02:08 -0500] "GET /BLA/boletinlegal/js/jquery.scrollTo-min.js HTTP/1.1" 200 1150
186.84.47.253 - - [16/Jun/2015:03:02:08 -0500] "GET /galeria/galeria/jquery.fancybox.css?v=2.1.5 HTTP/1.1" 200 4895
186.84.47.253 - - [16/Jun/2015:03:02:08 -0500] "GET /BLA/boletinlegal/js/jquery.scrollShow.js HTTP/1.1" 200 4586
186.84.47.253 - - [16/Jun/2015:03:02:08 -0500] "GET /galeria/galeria/jquery.fancybox.js?v=2.1.5 HTTP/1.1" 200 48706
180.76.15.135 - - [16/Jun/2015:03:02:10 -0500] "GET /BLA/resoluciones/RESOLUCIONES%202014/2730.pdf HTTP/1.1" 200 2679294
180.76.15.147 - - [16/Jun/2015:03:02:16 -0500] "GET /BLA/resoluciones/RESOLUCIONES%202014/1331.pdf HTTP/1.1" 200 726023
66.249.73.155 - - [16/Jun/2015:03:02:18 -0500] "GET /BLA/resoluciones/AUTOS%202009/1369.pdf HTTP/1.1" 200 117669
88.198.233.69 - - [16/Jun/2015:03:02:25 -0500] "GET / HTTP/1.1" 200 10190
180.76.15.24 - - [16/Jun/2015:03:02:28 -0500] "GET /BLA/resoluciones/RESOLUCIONES%202008/2768.pdf HTTP/1.1" 200 445481
66.249.73.155 - - [16/Jun/2015:03:02:30 -0500] "GET /BLA/resoluciones/AUTOS%202010/4621.pdf HTTP/1.1" 200 277158
66.249.73.155 - - [16/Jun/2015:03:02:32 -0500] "GET /BLA/resoluciones/RESOLUCIONES%202010/4088.pdf HTTP/1.1" 200 518107
186.84.47.253 - - [16/Jun/2015:03:02:34 -0500] "GET /BLA/boletinlegal/js/jquery.scrollShow.js HTTP/1.1" 200 4586
186.84.47.253 - - [16/Jun/2015:03:02:34 -0500] "GET /BLA/boletinlegal/js/jquery.scrollTo-min.js HTTP/1.1" 200 1150
180.76.15.19 - - [16/Jun/2015:03:02:34 -0500] "GET /BLA/resoluciones/RESOLUCIONES%202008/2226.pdf HTTP/1.1" 200 39963
186.84.47.253 - - [16/Jun/2015:03:02:34 -0500] "GET /galeria/galeria/jquery.fancybox.css?v=2.1.5 HTTP/1.1" 200 4895
186.84.47.253 - - [16/Jun/2015:03:02:34 -0500] "GET /galeria/galeria/jquery.fancybox.js?v=2.1.5 HTTP/1.1" 200 48706
66.249.73.155 - - [16/Jun/2015:03:02:43 -0500] "GET /BLA/resoluciones/AUTOS%202009/3265.pdf HTTP/1.1" 200 109520
180.76.15.7 - - [16/Jun/2015:03:02:46 -0500] "GET /BLA/resoluciones/RESOLUCIONES%202014/0111.pdf HTTP/1.1" 200 576168
180.76.15.14 - - [16/Jun/2015:03:02:50 -0500] "GET /BLA/resoluciones/RESOLUCIONES%202014/2002.pdf HTTP/1.1" 200 651904
186.84.47.253 - - [16/Jun/2015:03:02:54 -0500] "GET /BLA/boletinlegal/js/jquery.scrollTo-min.js HTTP/1.1" 200 1150
186.84.47.253 - - [16/Jun/2015:03:02:54 -0500] "GET /BLA/boletinlegal/js/jquery.scrollShow.js HTTP/1.1" 200 4586
186.84.47.253 - - [16/Jun/2015:03:02:54 -0500] "GET /galeria/galeria/jquery.fancybox.js?v=2.1.5 HTTP/1.1" 200 48706
186.84.47.253 - - [16/Jun/2015:03:02:54 -0500] "GET /galeria/galeria/jquery.fancybox.css?v=2.1.5 HTTP/1.1" 200 4895
66.249.73.155 - - [16/Jun/2015:03:02:56 -0500] "GET /BLA/resoluciones/RESOLUCIONES%202009/3116.pdf HTTP/1.1" 200 476423
66.249.73.155 - - [16/Jun/2015:03:02:59 -0500] "GET /BLA/resoluciones/RESOLUCIONES%202007/RES%202007%203601%20AL%203700/RESOLUCION%203626%20DE%202007.pdf HTTP/1.1" 200 443803
66.249.73.163 - - [16/Jun/2015:03:03:02 -0500] "GET /mobile/BLA/resoluciones/AUTOS%202014/2806.pdf HTTP/1.1" 404 1018
180.76.15.143 - - [16/Jun/2015:03:03:02 -0500] "GET /BLA/resoluciones/RESOLUCIONES%202012/0628.pdf HTTP/1.1" 200 947296
66.249.73.171 - - [16/Jun/2015:03:03:03 -0500] "GET /BLA/resoluciones/RESOLUCIONES%202013/0373.pdf HTTP/1.1" 200 577217
180.76.15.153 - - [16/Jun/2015:03:03:08 -0500] "GET /BLA/resoluciones/RESOLUCIONES%202012/1189.pdf HTTP/1.1" 200 558127
66.249.73.155 - - [16/Jun/2015:03:03:09 -0500] "GET /BLA/resoluciones/RESOLUCIONES%202011/2427.pdf HTTP/1.1" 200 515089
186.84.47.253 - - [16/Jun/2015:03:03:15 -0500] "GET /BLA/boletinlegal/js/jquery.scrollShow.js HTTP/1.1" 200 4586
186.84.47.253 - - [16/Jun/2015:03:03:15 -0500] "GET /BLA/boletinlegal/js/jquery.scrollTo-min.js HTTP/1.1" 200 1150
186.84.47.253 - - [16/Jun/2015:03:03:15 -0500] "GET /galeria/galeria/jquery.fancybox.js?v=2.1.5 HTTP/1.1" 200 48706
186.84.47.253 - - [16/Jun/2015:03:03:15 -0500] "GET /galeria/galeria/jquery.fancybox.css?v=2.1.5 HTTP/1.1" 200 4895
180.76.15.140 - - [16/Jun/2015:03:03:20 -0500] "GET /BLA/resoluciones/RESOLUCIONES%202014/2710.pdf HTTP/1.1" 200 177580
66.249.73.163 - - [16/Jun/2015:03:03:22 -0500] "GET /BLA/resoluciones/AUTOS%202011/7689.pdf HTTP/1.1" 200 173310
180.76.15.30 - - [16/Jun/2015:03:03:26 -0500] "GET /BLA/resoluciones/RESOLUCIONES%202012/0625.pdf HTTP/1.1" 200 652709
186.29.179.67 - - [16/Jun/2015:03:03:32 -0500] "GET /forest/session.jsp?a=0.6241140530910343 HTTP/1.1" 200 4
66.249.73.155 - - [16/Jun/2015:03:03:35 -0500] "GET /BLA/resoluciones/RESOLUCIONES%202010/3658.pdf HTTP/1.1" 200 311311
186.29.179.67 - - [16/Jun/2015:02:57:35 -0500] "GET /ForestMSG_SDA/channelAsync/template_word_18381777?X-Atmosphere-tracking-id=d9bd3fa9-cc85-50a9-16e2-b74dd761441b&X-Atmosphere-Framework=1.0.5&X-Atmosphere-Transport=long-polling&tabid=0.03483007801696658&X-Cache-Date=0&Content-Type=application/xml&_=1434441579763 HTTP/1.1" 200 8193
180.76.15.135 - - [16/Jun/2015:03:03:36 -0500] "GET /BLA/resoluciones/RESOLUCIONES%202008/2268.pdf HTTP/1.1" 200 206076
186.29.179.67 - - [16/Jun/2015:03:03:38 -0500] "GET /forest/misactividades.do?_a=0.7522280234843493&group_system_actual=3 HTTP/1.1" 200 38102
186.29.179.67 - - [16/Jun/2015:03:03:38 -0500] "GET /forest/session.jsp?a=0.9579946435987949 HTTP/1.1" 200 4
186.29.179.67 - - [16/Jun/2015:03:03:39 -0500] "POST /forest/misactividades.do?ajax=true&a=0.7773743434809148 HTTP/1.1" 200 1225
180.76.15.13 - - [16/Jun/2015:03:03:42 -0500] "GET /BLA/resoluciones/RESOLUCIONES%202011/2542.pdf HTTP/1.1" 200 275841
186.29.179.67 - - [16/Jun/2015:03:03:46 -0500] "POST /forest/misactividades.do?ajax=true&a=0.256734608206898 HTTP/1.1" 200 1124
186.84.47.253 - - [16/Jun/2015:03:03:47 -0500] "GET /BLA/boletinlegal/js/jquery.scrollTo-min.js HTTP/1.1" 200 1150
186.84.47.253 - - [16/Jun/2015:03:03:47 -0500] "GET /galeria/galeria/jquery.fancybox.css?v=2.1.5 HTTP/1.1" 200 4895
186.84.47.253 - - [16/Jun/2015:03:03:47 -0500] "GET /BLA/boletinlegal/js/jquery.scrollShow.js HTTP/1.1" 200 4586
186.84.47.253 - - [16/Jun/2015:03:03:47 -0500] "GET /galeria/galeria/jquery.fancybox.js?v=2.1.5 HTTP/1.1" 200 48706
66.249.73.171 - - [16/Jun/2015:03:03:48 -0500] "GET /BLA/resoluciones/AUTOS%202014/2440.pdf HTTP/1.1" 200 464603
186.29.179.67 - - [16/Jun/2015:03:03:47 -0500] "GET /forest/usutareas.do?_a=0.040013924706727266&group_system_actual=3 HTTP/1.1" 200 122350
186.29.179.67 - - [16/Jun/2015:03:03:49 -0500] "GET /forest/session.jsp?a=0.09141606511548162 HTTP/1.1" 200 4
180.76.15.7 - - [16/Jun/2015:03:03:54 -0500] "GET /BLA/resoluciones/RESOLUCIONES%202012/0654.pdf HTTP/1.1" 200 608207
186.29.179.67 - - [16/Jun/2015:03:03:57 -0500] "GET /forest/actions/forms.getList?codForm=Revision_reparto_Correspondencias&id=funcionarioasignado&text=g HTTP/1.1" 200 1294
186.29.179.67 - - [16/Jun/2015:03:03:57 -0500] "GET /forest/actions/forms.getList?codForm=Revision_reparto_Correspondencias&id=funcionarioasignado&text=ge HTTP/1.1" 200 1300
186.29.179.67 - - [16/Jun/2015:03:03:57 -0500] "GET /forest/actions/forms.getList?codForm=Revision_reparto_Correspondencias&id=funcionarioasignado&text=ger HTTP/1.1" 200 1086
186.29.179.67 - - [16/Jun/2015:03:03:57 -0500] "GET /forest/actions/forms.getList?codForm=Revision_reparto_Correspondencias&id=funcionarioasignado&text=germ HTTP/1.1" 200 698
186.29.179.67 - - [16/Jun/2015:03:03:57 -0500] "GET /forest/actions/forms.getList?codForm=Revision_reparto_Correspondencias&id=funcionarioasignado&text=germa HTTP/1.1" 200 698
186.29.179.67 - - [16/Jun/2015:03:03:57 -0500] "GET /forest/actions/forms.getList?codForm=Revision_reparto_Correspondencias&id=funcionarioasignado&text=german HTTP/1.1" 200 698
186.29.179.67 - - [16/Jun/2015:03:03:57 -0500] "GET /forest/actions/forms.getList?codForm=Revision_reparto_Correspondencias&id=funcionarioasignado&text=german%20 HTTP/1.1" 200 698
186.29.179.67 - - [16/Jun/2015:03:03:58 -0500] "GET /forest/actions/forms.getList?codForm=Revision_reparto_Correspondencias&id=funcionarioasignado&text=german%20c HTTP/1.1" 200 62
186.29.179.67 - - [16/Jun/2015:03:03:58 -0500] "GET /forest/actions/forms.getList?codForm=Revision_reparto_Correspondencias&id=funcionarioasignado&text=german%20ca HTTP/1.1" 200 62
186.29.179.67 - - [16/Jun/2015:03:03:58 -0500] "GET /forest/actions/forms.getList?codForm=Revision_reparto_Correspondencias&id=funcionarioasignado&text=german%20car HTTP/1.1" 200 62
186.29.179.67 - - [16/Jun/2015:03:03:58 -0500] "GET /forest/actions/forms.getList?codForm=Revision_reparto_Correspondencias&id=funcionarioasignado&text=german%20card HTTP/1.1" 200 62
186.29.179.67 - - [16/Jun/2015:03:03:58 -0500] "GET /forest/actions/forms.getList?codForm=Revision_reparto_Correspondencias&id=funcionarioasignado&text=german%20carde HTTP/1.1" 200 62
186.29.179.67 - - [16/Jun/2015:03:03:58 -0500] "GET /forest/actions/forms.getList?codForm=Revision_reparto_Correspondencias&id=funcionarioasignado&text=german%20carden HTTP/1.1" 200 62
186.29.179.67 - - [16/Jun/2015:03:03:59 -0500] "GET /forest/actions/forms.getList?codForm=Revision_reparto_Correspondencias&id=funcionarioasignado&text=german%20cardena HTTP/1.1" 200 62
186.29.179.67 - - [16/Jun/2015:03:03:59 -0500] "GET /forest/actions/forms.getList?codForm=Revision_reparto_Correspondencias&id=funcionarioasignado&text=german%20cardenas HTTP/1.1" 200 62
180.76.15.27 - - [16/Jun/2015:03:04:00 -0500] "GET /BLA/resoluciones/RESOLUCIONES%202014/1656.pdf HTTP/1.1" 200 761127
66.249.73.155 - - [16/Jun/2015:03:04:01 -0500] "GET /BLA/resoluciones/RESOLUCIONES%202009/2054.pdf HTTP/1.1" 200 860201
186.29.179.67 - - [16/Jun/2015:03:04:03 -0500] "GET /forest/actions/forms.getList?codForm=Revision_reparto_Correspondencias&id=codigoFuncionario&text=s HTTP/1.1" 200 1243
186.29.179.67 - - [16/Jun/2015:03:04:03 -0500] "GET /forest/actions/forms.getList?codForm=Revision_reparto_Correspondencias&id=codigoFuncionario&text=sa HTTP/1.1" 200 1268
186.29.179.67 - - [16/Jun/2015:03:04:03 -0500] "GET /forest/actions/forms.getList?codForm=Revision_reparto_Correspondencias&id=codigoFuncionario&text=san HTTP/1.1" 200 1272
186.29.179.67 - - [16/Jun/2015:03:04:03 -0500] "GET /forest/actions/forms.getList?codForm=Revision_reparto_Correspondencias&id=codigoFuncionario&text=sand HTTP/1.1" 200 1306
186.29.179.67 - - [16/Jun/2015:03:04:03 -0500] "GET /forest/actions/forms.getList?codForm=Revision_reparto_Correspondencias&id=codigoFuncionario&text=sandr HTTP/1.1" 200 1303
186.29.179.67 - - [16/Jun/2015:03:04:03 -0500] "GET /forest/actions/forms.getList?codForm=Revision_reparto_Correspondencias&id=codigoFuncionario&text=sandra HTTP/1.1" 200 1303
186.29.179.67 - - [16/Jun/2015:03:04:03 -0500] "GET /forest/actions/forms.getList?codForm=Revision_reparto_Correspondencias&id=codigoFuncionario&text=sandra%20 HTTP/1.1" 200 1303
186.29.179.67 - - [16/Jun/2015:03:04:04 -0500] "GET /forest/actions/forms.getList?codForm=Revision_reparto_Correspondencias&id=codigoFuncionario&text=sandra%20x HTTP/1.1" 200 66
186.29.179.67 - - [16/Jun/2015:03:04:04 -0500] "GET /forest/actions/forms.getList?codForm=Revision_reparto_Correspondencias&id=codigoFuncionario&text=sandra%20xi HTTP/1.1" 200 66
66.249.73.171 - - [16/Jun/2015:03:04:09 -0500] "GET /BLA/resoluciones/AUTOS%202007/2206.pdf HTTP/1.1" 200 79049
186.29.179.67 - - [16/Jun/2015:03:04:09 -0500] "POST /forest/usutareas.do? HTTP/1.1" 200 76
186.84.47.253 - - [16/Jun/2015:03:03:52 -0500] "GET /videos/CRRFFS.mp4 HTTP/1.1" 200 286784363
186.84.47.253 - - [16/Jun/2015:03:04:12 -0500] "GET /BLA/boletinlegal/js/jquery.scrollTo-min.js HTTP/1.1" 200 1150
186.84.47.253 - - [16/Jun/2015:03:04:12 -0500] "GET /galeria/galeria/jquery.fancybox.js?v=2.1.5 HTTP/1.1" 200 48706
186.84.47.253 - - [16/Jun/2015:03:04:12 -0500] "GET /galeria/galeria/jquery.fancybox.css?v=2.1.5 HTTP/1.1" 200 4895
186.84.47.253 - - [16/Jun/2015:03:04:12 -0500] "GET /BLA/boletinlegal/js/jquery.scrollShow.js HTTP/1.1" 200 4586
180.76.15.16 - - [16/Jun/2015:03:04:12 -0500] "GET /BLA/resoluciones/RESOLUCIONES%202008/1731.pdf HTTP/1.1" 200 420254
186.29.179.67 - - [16/Jun/2015:03:04:12 -0500] "GET /forest/usutareas.do?group_system_actual=3&a=0.33736813184805214 HTTP/1.1" 200 123303
66.249.73.171 - - [16/Jun/2015:03:04:14 -0500] "GET /BLA/resoluciones/RESOLUCIONES%202009/2392.pdf HTTP/1.1" 200 381795
186.29.179.67 - - [16/Jun/2015:03:04:14 -0500] "GET /forest/session.jsp?a=0.7783029610291123 HTTP/1.1" 200 4
186.29.179.67 - - [16/Jun/2015:03:04:16 -0500] "GET /forest/actions/sgc.getPlantillaByInst?codForm=641&codInst=3159004 HTTP/1.1" 200 97846
180.76.15.30 - - [16/Jun/2015:03:04:18 -0500] "GET /BLA/resoluciones/RESOLUCIONES%202010/2223.pdf HTTP/1.1" 200 511978
66.249.73.155 - - [16/Jun/2015:03:04:27 -0500] "GET /BLA/resoluciones/RESOLUCIONES%202009/1239.pdf HTTP/1.1" 200 750363
180.76.15.160 - - [16/Jun/2015:03:04:28 -0500] "GET /BLA/resoluciones/RESOLUCIONES%202012/0485.pdf HTTP/1.1" 200 438645
66.249.73.163 - - [16/Jun/2015:03:04:31 -0500] "GET /mobile/BLA/resoluciones/RESOLUCIONES%202007/RES%202007%20701%20AL%20800/RESOLUCION%200705%20DE%202007.pdf HTTP/1.1" 404 1018
186.84.47.253 - - [16/Jun/2015:03:04:32 -0500] "GET /galeria/galeria/jquery.fancybox.js?v=2.1.5 HTTP/1.1" 200 48706
186.84.47.253 - - [16/Jun/2015:03:04:32 -0500] "GET /BLA/boletinlegal/js/jquery.scrollTo-min.js HTTP/1.1" 200 1150
186.84.47.253 - - [16/Jun/2015:03:04:32 -0500] "GET /galeria/galeria/jquery.fancybox.css?v=2.1.5 HTTP/1.1" 200 4895
186.84.47.253 - - [16/Jun/2015:03:04:32 -0500] "GET /BLA/boletinlegal/js/jquery.scrollShow.js HTTP/1.1" 200 4586
180.76.15.153 - - [16/Jun/2015:03:04:34 -0500] "GET /BLA/resoluciones/RESOLUCIONES%202010/2001.pdf HTTP/1.1" 200 473709
66.249.73.163 - - [16/Jun/2015:03:04:40 -0500] "GET /BLA/resoluciones/RESOLUCIONES%202009/1402.pdf HTTP/1.1" 200 200636
180.76.15.138 - - [16/Jun/2015:03:04:46 -0500] "GET /BLA/resoluciones/RESOLUCIONES%202008/0612.pdf HTTP/1.1" 200 255822
180.76.15.26 - - [16/Jun/2015:03:04:52 -0500] "GET /BLA/resoluciones/RESOLUCIONES%202008/0877.pdf HTTP/1.1" 200 199383
66.249.73.163 - - [16/Jun/2015:03:04:52 -0500] "GET /BLA/resoluciones/RESOLUCIONES%202010/3670.pdf HTTP/1.1" 200 564593
180.76.15.135 - - [16/Jun/2015:03:05:04 -0500] "GET /BLA/resoluciones/RESOLUCIONES%202012/1885.pdf HTTP/1.1" 200 6137694
66.249.73.171 - - [16/Jun/2015:03:05:05 -0500] "GET /BLA/resoluciones/AUTOS%202011/0606.pdf HTTP/1.1" 200 174696
74.86.158.107 - - [16/Jun/2015:03:05:06 -0500] "HEAD / HTTP/1.1" 200 -
180.76.15.157 - - [16/Jun/2015:03:05:08 -0500] "GET /BLA/resoluciones/RESOLUCIONES%202012/1068.pdf HTTP/1.1" 200 12607219
74.86.158.107 - - [16/Jun/2015:03:05:17 -0500] "HEAD / HTTP/1.1" 200 -
66.249.73.163 - - [16/Jun/2015:03:05:18 -0500] "GET /BLA/resoluciones/AUTOS%202009/3291.pdf HTTP/1.1" 200 151991
186.84.47.253 - - [16/Jun/2015:03:05:18 -0500] "GET /BLA/boletinlegal/js/jquery.scrollTo-min.js HTTP/1.1" 200 1150
186.84.47.253 - - [16/Jun/2015:03:05:18 -0500] "GET /BLA/boletinlegal/js/jquery.scrollShow.js HTTP/1.1" 200 4586
186.84.47.253 - - [16/Jun/2015:03:05:18 -0500] "GET /galeria/galeria/jquery.fancybox.js?v=2.1.5 HTTP/1.1" 200 48706
186.84.47.253 - - [16/Jun/2015:03:05:18 -0500] "GET /galeria/galeria/jquery.fancybox.css?v=2.1.5 HTTP/1.1" 200 4895
180.76.15.158 - - [16/Jun/2015:03:05:20 -0500] "GET /BLA/resoluciones/RESOLUCIONES%202012/1696.pdf HTTP/1.1" 200 1189032
180.76.15.156 - - [16/Jun/2015:03:05:26 -0500] "GET /BLA/resoluciones/RESOLUCIONES%202008/2107.pdf HTTP/1.1" 200 206037
66.249.73.163 - - [16/Jun/2015:03:05:27 -0500] "GET /hidrico/aguas%20subterraneas/Cartograf%C3%ACa_Final_2013/Hidrogeoqu%C3%ADmica/Hidrogeoqu%C3%ADmico.pdf HTTP/1.1" 404 1018
66.249.73.171 - - [16/Jun/2015:03:05:31 -0500] "GET /BLA/resoluciones/RESOLUCIONES%202010/2088.pdf HTTP/1.1" 200 192639
180.76.15.10 - - [16/Jun/2015:03:05:38 -0500] "GET /BLA/resoluciones/RESOLUCIONES%202008/2280.pdf HTTP/1.1" 200 204605
66.249.73.171 - - [16/Jun/2015:03:05:43 -0500] "GET /BLA/resoluciones/AUTOS%202007/3180.pdf HTTP/1.1" 200 76041
66.249.73.163 - - [16/Jun/2015:03:05:44 -0500] "GET /BLA/resoluciones/AUTOS%202007/1584.pdf HTTP/1.1" 200 30045
180.76.15.31 - - [16/Jun/2015:03:05:44 -0500] "GET /BLA/resoluciones/RESOLUCIONES%202014/1810.pdf HTTP/1.1" 200 347998
180.76.15.138 - - [16/Jun/2015:03:05:56 -0500] "GET /BLA/resoluciones/RESOLUCIONES%202014/1604.pdf HTTP/1.1" 200 4082127
66.249.73.171 - - [16/Jun/2015:03:05:57 -0500] "GET /BLA/resoluciones/RESOLUCIONES%202010/0983.pdf HTTP/1.1" 200 97691
180.76.15.29 - - [16/Jun/2015:03:06:00 -0500] "GET /BLA/resoluciones/RESOLUCIONES%202014/2128.pdf HTTP/1.1" 200 770381
186.84.47.253 - - [16/Jun/2015:03:06:00 -0500] "GET /BLA/boletinlegal/js/jquery.scrollTo-min.js HTTP/1.1" 200 1150
186.84.47.253 - - [16/Jun/2015:03:06:00 -0500] "GET /galeria/galeria/jquery.fancybox.js?v=2.1.5 HTTP/1.1" 200 48706
186.84.47.253 - - [16/Jun/2015:03:06:00 -0500] "GET /galeria/galeria/jquery.fancybox.css?v=2.1.5 HTTP/1.1" 200 4895
186.84.47.253 - - [16/Jun/2015:03:06:00 -0500] "GET /BLA/boletinlegal/js/jquery.scrollShow.js HTTP/1.1" 200 4586
66.249.73.155 - - [16/Jun/2015:03:06:10 -0500] "GET /BLA/resoluciones/AUTOS%202009/3228.pdf HTTP/1.1" 200 193197
180.76.15.137 - - [16/Jun/2015:03:06:12 -0500] "GET /BLA/resoluciones/RESOLUCIONES%202008/0325.pdf HTTP/1.1" 200 251923
186.84.47.253 - - [16/Jun/2015:03:06:14 -0500] "GET /BLA/boletinlegal/js/jquery.scrollTo-min.js HTTP/1.1" 200 1150
186.84.47.253 - - [16/Jun/2015:03:06:14 -0500] "GET /galeria/galeria/jquery.fancybox.js?v=2.1.5 HTTP/1.1" 200 48706
186.84.47.253 - - [16/Jun/2015:03:06:14 -0500] "GET /BLA/boletinlegal/js/jquery.scrollShow.js HTTP/1.1" 200 4586
186.84.47.253 - - [16/Jun/2015:03:06:14 -0500] "GET /galeria/galeria/jquery.fancybox.css?v=2.1.5 HTTP/1.1" 200 4895
186.84.47.253 - - [16/Jun/2015:03:06:14 -0500] "GET /galeria/bibloteca/contentflow.js HTTP/1.1" 200 42804
186.84.47.253 - - [16/Jun/2015:03:06:15 -0500] "GET /galeria/bibloteca/contentflow.css HTTP/1.1" 200 3201
186.84.47.253 - - [16/Jun/2015:03:06:15 -0500] "GET /galeria/bibloteca/ContentFlowAddOn_white.js HTTP/1.1" 200 2497
186.84.47.253 - - [16/Jun/2015:03:06:15 -0500] "GET /galeria/bibloteca/mycontentflow.css HTTP/1.1" 200 3110
186.84.47.253 - - [16/Jun/2015:03:06:15 -0500] "GET /galeria/bibloteca/ContentFlowAddOn_white.css HTTP/1.1" 200 3355
186.84.47.253 - - [16/Jun/2015:03:06:15 -0500] "GET /galeria/bibloteca/img/loader.gif HTTP/1.1" 200 8238
186.84.47.253 - - [16/Jun/2015:03:06:15 -0500] "GET /galeria/bibloteca/img/slider_white.png HTTP/1.1" 200 178
186.84.47.253 - - [16/Jun/2015:03:06:15 -0500] "GET /galeria/bibloteca/img/scrollbar_white.png HTTP/1.1" 200 82
186.84.47.253 - - [16/Jun/2015:03:06:15 -0500] "GET /galeria/bibloteca/img/slider_black.png HTTP/1.1" 200 175
186.84.47.253 - - [16/Jun/2015:03:06:15 -0500] "GET /galeria/bibloteca/img/scrollbar_black.png HTTP/1.1" 200 82
186.84.47.253 - - [16/Jun/2015:03:06:15 -0500] "GET /galeria/bibloteca/img/ajax-loader.gif HTTP/1.1" 200 9427
186.84.47.253 - - [16/Jun/2015:03:06:15 -0500] "GET /galeria/bibloteca/img/1x1_0.5_white.png HTTP/1.1" 200 82
66.249.73.155 - - [16/Jun/2015:03:06:15 -0500] "GET /even/Ca0jr6ay/tsld004.htm HTTP/1.1" 404 1018
180.76.15.27 - - [16/Jun/2015:03:06:18 -0500] "GET /BLA/resoluciones/RESOLUCIONES%202014/2215.pdf HTTP/1.1" 200 5418670
66.249.73.171 - - [16/Jun/2015:03:06:23 -0500] "GET /BLA/resoluciones/RESOLUCIONES%202010/2008.pdf HTTP/1.1" 200 337930
180.76.15.13 - - [16/Jun/2015:03:06:30 -0500] "GET /BLA/resoluciones/RESOLUCIONES%202012/1190.pdf HTTP/1.1" 200 979488
66.249.73.155 - - [16/Jun/2015:03:06:36 -0500] "GET /BLA/resoluciones/AUTOS%202009/0993.pdf HTTP/1.1" 200 187664
180.76.15.26 - - [16/Jun/2015:03:06:36 -0500] "GET /BLA/resoluciones/RESOLUCIONES%202012/0416.pdf HTTP/1.1" 200 412829
186.84.47.253 - - [16/Jun/2015:03:06:46 -0500] "GET /BLA/boletinlegal/js/jquery.scrollShow.js HTTP/1.1" 200 4586
186.84.47.253 - - [16/Jun/2015:03:06:46 -0500] "GET /galeria/galeria/jquery.fancybox.css?v=2.1.5 HTTP/1.1" 200 4895
186.84.47.253 - - [16/Jun/2015:03:06:46 -0500] "GET /BLA/boletinlegal/js/jquery.scrollTo-min.js HTTP/1.1" 200 1150
186.84.47.253 - - [16/Jun/2015:03:06:46 -0500] "GET /galeria/galeria/jquery.fancybox.js?v=2.1.5 HTTP/1.1" 200 48706
180.76.15.142 - - [16/Jun/2015:03:06:48 -0500] "GET /BLA/resoluciones/RESOLUCIONES%202014/0569.pdf HTTP/1.1" 200 314072
66.249.73.171 - - [16/Jun/2015:03:06:49 -0500] "GET /BLA/resoluciones/RESOLUCIONES%202010/2725.pdf HTTP/1.1" 200 376706
180.76.15.5 - - [16/Jun/2015:03:06:52 -0500] "GET /BLA/resoluciones/RESOLUCIONES%202014/2489.pdf HTTP/1.1" 200 926920
186.84.47.253 - - [16/Jun/2015:03:06:52 -0500] "GET /galeria/galeria/jquery.fancybox.css?v=2.1.5 HTTP/1.1" 200 4895
186.84.47.253 - - [16/Jun/2015:03:06:52 -0500] "GET /BLA/boletinlegal/js/jquery.scrollTo-min.js HTTP/1.1" 200 1150
186.84.47.253 - - [16/Jun/2015:03:06:52 -0500] "GET /BLA/boletinlegal/js/jquery.scrollShow.js HTTP/1.1" 200 4586
186.84.47.253 - - [16/Jun/2015:03:06:52 -0500] "GET /galeria/galeria/jquery.fancybox.js?v=2.1.5 HTTP/1.1" 200 48706
186.84.47.253 - - [16/Jun/2015:03:07:01 -0500] "GET /catalogoisis/ HTTP/1.1" 200 8575
186.84.47.253 - - [16/Jun/2015:03:07:01 -0500] "GET /catalogoisis/Css/Busqueda.css HTTP/1.1" 200 1995
186.84.47.253 - - [16/Jun/2015:03:07:01 -0500] "GET /catalogoisis/Js/AceptarLimpiar.js HTTP/1.1" 200 331
186.84.47.253 - - [16/Jun/2015:03:07:01 -0500] "GET /catalogoisis/Js/CriterioCombinada.js HTTP/1.1" 200 1843
186.84.47.253 - - [16/Jun/2015:03:07:01 -0500] "GET /catalogoisis/Js/Remote.js HTTP/1.1" 200 436
186.84.47.253 - - [16/Jun/2015:03:07:01 -0500] "GET /catalogoisis/Js/Cookies.js HTTP/1.1" 200 1369
186.84.47.253 - - [16/Jun/2015:03:07:01 -0500] "GET /catalogoisis/Js/LimpiarCombinada.js HTTP/1.1" 200 207
186.84.47.253 - - [16/Jun/2015:03:07:01 -0500] "GET /catalogoisis/Js/Numero.js HTTP/1.1" 200 398
186.84.47.253 - - [16/Jun/2015:03:07:01 -0500] "GET /catalogoisis/Js/Go.js HTTP/1.1" 200 364
186.84.47.253 - - [16/Jun/2015:03:07:01 -0500] "GET /catalogoisis/Js/Enter.js HTTP/1.1" 200 1208
186.84.47.253 - - [16/Jun/2015:03:07:01 -0500] "GET /catalogoisis/imagenes/br1c1.gif HTTP/1.1" 200 172
186.84.47.253 - - [16/Jun/2015:03:07:01 -0500] "GET /catalogoisis/imagenes/br1c3.gif HTTP/1.1" 200 302
186.84.47.253 - - [16/Jun/2015:03:07:01 -0500] "GET /catalogoisis/imagenes/aceptar1.gif HTTP/1.1" 200 604
186.84.47.253 - - [16/Jun/2015:03:07:01 -0500] "GET /catalogoisis/imagenes/Turnbo1.gif HTTP/1.1" 200 227
186.84.47.253 - - [16/Jun/2015:03:07:01 -0500] "GET /catalogoisis/imagenes/limpiar1.gif HTTP/1.1" 200 606
186.84.47.253 - - [16/Jun/2015:03:07:01 -0500] "GET /catalogoisis/imagenes/br3c1.gif HTTP/1.1" 200 177
186.84.47.253 - - [16/Jun/2015:03:07:01 -0500] "GET /catalogoisis/imagenes/br3c2.gif HTTP/1.1" 200 285
186.84.47.253 - - [16/Jun/2015:03:07:01 -0500] "GET /catalogoisis/imagenes/br3c3.gif HTTP/1.1" 200 186
186.84.47.253 - - [16/Jun/2015:03:07:01 -0500] "GET /catalogoisis/imagenes/br1c2.gif HTTP/1.1" 200 297
186.84.47.253 - - [16/Jun/2015:03:07:01 -0500] "GET /catalogoisis/imagenes/br2c1.gif HTTP/1.1" 200 297
186.84.47.253 - - [16/Jun/2015:03:07:01 -0500] "GET /catalogoisis/imagenes/Header.gif HTTP/1.1" 200 14509
186.84.47.253 - - [16/Jun/2015:03:07:01 -0500] "GET /catalogoisis/imagenes/br2c3.gif HTTP/1.1" 200 416
186.84.47.253 - - [16/Jun/2015:03:07:01 -0500] "GET /catalogoisis/imagenes/br2c2.gif HTTP/1.1" 200 302
186.84.47.253 - - [16/Jun/2015:03:07:01 -0500] "GET /favicon.ico HTTP/1.1" 200 7782
66.249.73.163 - - [16/Jun/2015:03:07:01 -0500] "GET /BLA/resoluciones/RESOLUCIONES%202009/7063.pdf HTTP/1.1" 200 381100
180.76.15.30 - - [16/Jun/2015:03:07:04 -0500] "GET /BLA/resoluciones/RESOLUCIONES%202010/2676.pdf HTTP/1.1" 200 378312
180.76.15.163 - - [16/Jun/2015:03:07:10 -0500] "GET /BLA/resoluciones/RESOLUCIONES%202012/1443.pdf HTTP/1.1" 200 3597603
66.249.73.155 - - [16/Jun/2015:03:07:14 -0500] "GET /BLA/resoluciones/AUTOS%202009/1153.pdf HTTP/1.1" 200 90203
186.84.47.253 - - [16/Jun/2015:03:07:16 -0500] "GET /catalogoisis/imagenes/aceptar2.gif HTTP/1.1" 200 586
66.249.73.155 - - [16/Jun/2015:03:07:18 -0500] "GET /BLA/resoluciones/AUTOS%202007/2349.pdf HTTP/1.1" 200 70781
180.76.15.21 - - [16/Jun/2015:03:07:22 -0500] "GET /BLA/resoluciones/RESOLUCIONES%202014/0913.pdf HTTP/1.1" 200 748793
66.249.73.155 - - [16/Jun/2015:03:07:27 -0500] "GET /BLA/resoluciones/AUTOS%202008/2884.pdf HTTP/1.1" 200 97000
180.76.15.157 - - [16/Jun/2015:03:07:28 -0500] "GET /BLA/resoluciones/RESOLUCIONES%202014/0080.pdf HTTP/1.1" 200 488682
66.249.73.163 - - [16/Jun/2015:03:07:33 -0500] "GET /BLA/resoluciones/AUTOS%202007/1640.pdf HTTP/1.1" 200 128207
180.76.15.158 - - [16/Jun/2015:03:07:38 -0500] "GET /BLA/resoluciones/RESOLUCIONES%202014/1975.pdf HTTP/1.1" 200 3496023
66.249.73.155 - - [16/Jun/2015:03:07:40 -0500] "GET /BLA/resoluciones/RESOLUCIONES%202010/7835.pdf HTTP/1.1" 200 39258
92.39.52.202 - - [16/Jun/2015:03:07:41 -0500] "GET / HTTP/1.0" 200 10190
186.84.47.253 - - [16/Jun/2015:03:07:43 -0500] "GET /catalogoisis/imagenes/limpiar2.gif HTTP/1.1" 200 589
180.76.15.153 - - [16/Jun/2015:03:07:44 -0500] "GET /BLA/resoluciones/RESOLUCIONES%202012/0295.pdf HTTP/1.1" 200 197186
66.249.73.163 - - [16/Jun/2015:03:07:53 -0500] "GET /BLA/resoluciones/RESOLUCIONES%202009/0413.pdf HTTP/1.1" 200 189739
180.76.15.156 - - [16/Jun/2015:03:07:56 -0500] "GET /BLA/resoluciones/RESOLUCIONES%202012/1863.pdf HTTP/1.1" 200 535779
66.249.65.240 - - [16/Jun/2015:03:07:59 -0500] "GET /Autoliquidacion/Solicitudes%20relacionadas%20con%20ocupaci%C3%B3n%20de%20cauce/Solicitud-permiso-ocupacion-cauce.pdf HTTP/1.1" 404 1019
180.76.15.17 - - [16/Jun/2015:03:08:02 -0500] "GET /BLA/resoluciones/RESOLUCIONES%202012/1887.pdf HTTP/1.1" 200 1979362
66.249.73.155 - - [16/Jun/2015:03:08:06 -0500] "GET /BLA/resoluciones/AUTOS%202009/0135.pdf HTTP/1.1" 200 227875
180.76.15.153 - - [16/Jun/2015:03:08:14 -0500] "GET /BLA/resoluciones/RESOLUCIONES%202012/1587.pdf HTTP/1.1" 200 3493026
66.249.73.155 - - [16/Jun/2015:03:08:19 -0500] "GET /BLA/resoluciones/AUTOS%202012/0474.pdf HTTP/1.1" 200 196025
180.76.15.11 - - [16/Jun/2015:03:08:20 -0500] "GET /BLA/resoluciones/RESOLUCIONES%202012/1910.pdf HTTP/1.1" 200 2396736
180.76.15.6 - - [16/Jun/2015:03:08:30 -0500] "GET /BLA/resoluciones/RESOLUCIONES%202012/0738.pdf HTTP/1.1" 200 638270
66.249.73.163 - - [16/Jun/2015:03:08:32 -0500] "GET /BLA/resoluciones/AUTOS%202012/2001.pdf HTTP/1.1" 200 300759
180.76.15.152 - - [16/Jun/2015:03:08:36 -0500] "GET /BLA/resoluciones/RESOLUCIONES%202008/1217.pdf HTTP/1.1" 200 108674
66.249.73.163 - - [16/Jun/2015:03:08:45 -0500] "GET /BLA/resoluciones/AUTOS%202009/1847.pdf HTTP/1.1" 200 101236
180.76.15.10 - - [16/Jun/2015:03:08:48 -0500] "GET /BLA/resoluciones/RESOLUCIONES%202014/3138.pdf HTTP/1.1" 200 489551
180.76.15.147 - - [16/Jun/2015:03:08:54 -0500] "GET /BLA/resoluciones/RESOLUCIONES%202014/1259.pdf HTTP/1.1" 200 661991
66.249.73.163 - - [16/Jun/2015:03:08:58 -0500] "GET /BLA/resoluciones/RESOLUCIONES%202009/4855.pdf HTTP/1.1" 200 531591
180.76.15.159 - - [16/Jun/2015:03:09:06 -0500] "GET /BLA/resoluciones/RESOLUCIONES%202011/0511.pdf HTTP/1.1" 200 529272
180.76.15.6 - - [16/Jun/2015:03:09:10 -0500] "GET /BLA/resoluciones/RESOLUCIONES%202014/0840.pdf HTTP/1.1" 200 565725
66.249.73.171 - - [16/Jun/2015:03:09:10 -0500] "GET /BLA/resoluciones/RESOLUCIONES%202011/0519.pdf HTTP/1.1" 200 338822
186.29.179.67 - - [16/Jun/2015:03:09:14 -0500] "GET /forest/session.jsp?a=0.6987131282221526 HTTP/1.1" 200 4
66.249.73.155 - - [16/Jun/2015:03:09:15 -0500] "GET /BLA/resoluciones/RESOLUCIONES%202010/3335.pdf HTTP/1.1" 200 752223
180.76.15.32 - - [16/Jun/2015:03:09:22 -0500] "GET /BLA/resoluciones/RESOLUCIONES%202014/0050.pdf HTTP/1.1" 200 496253
66.249.73.155 - - [16/Jun/2015:03:09:23 -0500] "GET /BLA/resoluciones/AUTOS%202011/3969.pdf HTTP/1.1" 200 253447
180.76.15.144 - - [16/Jun/2015:03:09:28 -0500] "GET /BLA/resoluciones/RESOLUCIONES%202008/2614.pdf HTTP/1.1" 200 16888
186.29.179.67 - - [16/Jun/2015:03:03:35 -0500] "GET /ForestMSG_SDA/channelAsync/template_word_18381777?X-Atmosphere-tracking-id=d9bd3fa9-cc85-50a9-16e2-b74dd761441b&X-Atmosphere-Framework=1.0.5&X-Atmosphere-Transport=long-polling&tabid=0.03483007801696658&X-Cache-Date=0&Content-Type=application/xml&_=1434441939837 HTTP/1.1" 200 8193
66.249.73.171 - - [16/Jun/2015:03:09:36 -0500] "GET /BLA/resoluciones/RESOLUCIONES%202010/4732.pdf HTTP/1.1" 200 350172
180.76.15.14 - - [16/Jun/2015:03:09:40 -0500] "GET /BLA/resoluciones/RESOLUCIONES%202012/1803.pdf HTTP/1.1" 200 1173408
66.249.73.155 - - [16/Jun/2015:03:09:43 -0500] "GET /manual_funciones_Listado/2.%20Subsecretar%C3%ADa%20General%20y%20de%20Control%20Disciplinario/Auxiliar%20Administrativo%20407-09.pdf HTTP/1.1" 404 1018
180.76.15.140 - - [16/Jun/2015:03:09:46 -0500] "GET /BLA/resoluciones/RESOLUCIONES%202010/2557.pdf HTTP/1.1" 200 528215
66.249.73.163 - - [16/Jun/2015:03:09:49 -0500] "GET /BLA/resoluciones/RESOLUCIONES%202009/9632.pdf HTTP/1.1" 200 198747
180.76.15.21 - - [16/Jun/2015:03:09:58 -0500] "GET /BLA/resoluciones/RESOLUCIONES%202011/1182.pdf HTTP/1.1" 200 682738
