157.55.39.216 - - [21/Jun/2015:04:05:46 -0500] "GET /galeria/galeria/fotos/Humedal-Tibanica2G.jpg HTTP/1.1" 200 535148
104.255.64.50 - - [21/Jun/2015:04:05:54 -0500] "GET /robots.txt HTTP/1.0" 404 1019
66.249.64.121 - - [21/Jun/2015:04:05:55 -0500] "GET /ecodirectorio/files/res/pages/page_0100.swf HTTP/1.1" 200 135214
104.255.64.50 - - [21/Jun/2015:04:05:57 -0500] "GET /StormSDA/lib/json.jar HTTP/1.0" 200 41482
66.249.64.228 - - [21/Jun/2015:04:06:05 -0500] "GET /galeria/nivo-slider/demo/images/palma1.jpg HTTP/1.1" 200 56988
104.255.64.50 - - [21/Jun/2015:04:06:13 -0500] "GET /StormSDA/lib/lib.jnlp HTTP/1.0" 200 1216
104.255.64.50 - - [21/Jun/2015:04:06:16 -0500] "GET /StormSDA/lib/lib.jnlp.bak HTTP/1.0" 200 1223
104.255.64.50 - - [21/Jun/2015:04:06:17 -0500] "GET /StormSDA/lib/myKeystore HTTP/1.0" 200 1254
104.255.64.50 - - [21/Jun/2015:04:06:20 -0500] "GET /StormSDA/lib/proguardgui.jar HTTP/1.0" 200 137275
104.255.64.50 - - [21/Jun/2015:04:06:22 -0500] "GET /StormSDA/lib/retrace.jar HTTP/1.0" 200 5104
104.255.64.50 - - [21/Jun/2015:04:06:23 -0500] "GET /StormSDA/lib/saxpath.jar HTTP/1.0" 200 23563
180.76.15.135 - - [21/Jun/2015:04:06:25 -0500] "GET /BLA/resoluciones/AUTOS%202009/0483.pdf HTTP/1.1" 200 411863
104.255.64.50 - - [21/Jun/2015:04:06:38 -0500] "GET /StormSDA/lib/swing-layout-1.0.2.jar HTTP/1.0" 200 159088
104.255.64.50 - - [21/Jun/2015:04:06:40 -0500] "GET /StormSDA/lib/swing-layout-1.0.3.jar HTTP/1.0" 200 118103
104.255.64.50 - - [21/Jun/2015:04:06:42 -0500] "GET /StormSDA/lib/swing-worker.jar HTTP/1.0" 200 11007
104.255.67.238 - - [21/Jun/2015:04:06:43 -0500] "GET /robots.txt HTTP/1.0" 404 1019
104.255.64.50 - - [21/Jun/2015:04:06:44 -0500] "GET /StormSDA/lib/userHelp.jar HTTP/1.0" 200 742135
104.255.64.50 - - [21/Jun/2015:04:06:46 -0500] "GET /StormSDA/lib/version.jar HTTP/1.0" 200 56110
104.255.67.238 - - [21/Jun/2015:04:06:46 -0500] "GET /StormSDA/?C=S;O=D HTTP/1.0" 200 4409
104.255.64.50 - - [21/Jun/2015:04:06:48 -0500] "GET /StormSDA/lib/win32/ HTTP/1.0" 200 1203
104.255.67.238 - - [21/Jun/2015:04:06:48 -0500] "GET /StormSDA/forms/1.jar HTTP/1.0" 200 1840
104.255.67.238 - - [21/Jun/2015:04:06:50 -0500] "GET /StormSDA/forms/1.js HTTP/1.0" 200 875
104.255.64.50 - - [21/Jun/2015:04:06:51 -0500] "GET /StormSDA/lib/xsl.jar HTTP/1.0" 200 15334
66.249.64.228 - - [21/Jun/2015:04:06:53 -0500] "GET /BLA/resoluciones/AUTOS%202007/1184.pdf HTTP/1.1" 200 24951
104.255.67.238 - - [21/Jun/2015:04:06:54 -0500] "GET /StormSDA/forms/10.js HTTP/1.0" 200 30365
104.255.64.50 - - [21/Jun/2015:04:06:54 -0500] "GET /StormSDA/nsjars/?C=D;O=A HTTP/1.0" 200 5602
180.76.15.21 - - [21/Jun/2015:04:06:57 -0500] "GET /BLA/resoluciones/AUTOS%202009/2418.pdf HTTP/1.1" 200 100222
104.255.64.50 - - [21/Jun/2015:04:06:57 -0500] "GET /StormSDA/nsjars/?C=M;O=A HTTP/1.0" 200 5602
104.255.64.50 - - [21/Jun/2015:04:07:00 -0500] "GET /StormSDA/nsjars/?C=N;O=D HTTP/1.0" 200 5602
104.255.64.50 - - [21/Jun/2015:04:07:03 -0500] "GET /StormSDA/nsjars/?C=S;O=A HTTP/1.0" 200 5602
104.255.64.50 - - [21/Jun/2015:04:07:06 -0500] "GET /StormSDA/nsjars/LoadInf%20-%20Copy.jar HTTP/1.0" 200 12256
104.255.64.50 - - [21/Jun/2015:04:07:09 -0500] "GET /StormSDA/nsjars/LoadInf.jar HTTP/1.0" 200 13196
104.255.67.238 - - [21/Jun/2015:04:07:11 -0500] "GET /StormSDA/forms/2.jar HTTP/1.0" 200 1821
104.255.64.50 - - [21/Jun/2015:04:07:11 -0500] "GET /StormSDA/nsjars/LoadInf000.jar HTTP/1.0" 200 13041
66.249.64.228 - - [21/Jun/2015:04:07:13 -0500] "GET /BLA/resoluciones/RESOLUCIONES%202007/RES%202007%201%20AL%20100/RESOLUCION%200041%20DE%202007.pdf HTTP/1.1" 200 445581
104.255.67.238 - - [21/Jun/2015:04:07:14 -0500] "GET /StormSDA/forms/2.js HTTP/1.0" 200 19726
74.86.158.107 - - [21/Jun/2015:04:07:14 -0500] "HEAD / HTTP/1.1" 200 -
104.255.64.50 - - [21/Jun/2015:04:07:15 -0500] "GET /StormSDA/nsjars/LoadInf12345.jar HTTP/1.0" 200 13414
104.255.67.238 - - [21/Jun/2015:04:07:16 -0500] "GET /StormSDA/forms/3.js HTTP/1.0" 200 6381
104.255.64.50 - - [21/Jun/2015:04:07:18 -0500] "GET /StormSDA/nsjars/LoadInf14-11-2013.jar HTTP/1.0" 200 12353
104.255.67.238 - - [21/Jun/2015:04:07:19 -0500] "GET /StormSDA/forms/4.js HTTP/1.0" 200 1679
104.255.64.50 - - [21/Jun/2015:04:07:21 -0500] "GET /StormSDA/nsjars/LoadInf15.jar HTTP/1.0" 200 12360
104.255.67.238 - - [21/Jun/2015:04:07:22 -0500] "GET /StormSDA/forms/5.js HTTP/1.0" 200 72417
104.255.64.50 - - [21/Jun/2015:04:07:22 -0500] "GET /StormSDA/nsjars/LoadInfcopy.jar HTTP/1.0" 200 14477
104.255.64.50 - - [21/Jun/2015:04:07:24 -0500] "GET /StormSDA/nsjars/LoadInfdiana.jar HTTP/1.0" 200 12360
104.255.67.238 - - [21/Jun/2015:04:07:25 -0500] "GET /StormSDA/forms/6.js HTTP/1.0" 200 6407
104.255.64.50 - - [21/Jun/2015:04:07:26 -0500] "GET /StormSDA/nsjars/LoadInfok.jar HTTP/1.0" 200 12353
104.255.67.238 - - [21/Jun/2015:04:07:27 -0500] "GET /StormSDA/forms/7.js HTTP/1.0" 200 875
104.255.64.50 - - [21/Jun/2015:04:07:27 -0500] "GET /StormSDA/nsjars/LoadInfold.jar HTTP/1.0" 200 12353
104.255.67.238 - - [21/Jun/2015:04:07:29 -0500] "GET /StormSDA/forms/8.js HTTP/1.0" 200 875
104.255.64.50 - - [21/Jun/2015:04:07:29 -0500] "GET /StormSDA/nsjars/LoadInfporsiacas.jar HTTP/1.0" 200 13414
104.255.67.238 - - [21/Jun/2015:04:07:30 -0500] "GET /StormSDA/forms/99.js HTTP/1.0" 200 875
104.255.64.50 - - [21/Jun/2015:04:07:31 -0500] "GET /StormSDA/nsjars/ShaUtil.jar HTTP/1.0" 200 7404
104.255.64.50 - - [21/Jun/2015:04:07:32 -0500] "GET /StormSDA/nsjars/appframework-1.0.jar HTTP/1.0" 200 304293
104.255.67.238 - - [21/Jun/2015:04:07:33 -0500] "GET /StormSDA/forms/?C=D;O=A HTTP/1.0" 200 3475
104.255.64.50 - - [21/Jun/2015:04:07:34 -0500] "GET /StormSDA/nsjars/commons-codec-1.3.jar HTTP/1.0" 200 50464
104.255.64.50 - - [21/Jun/2015:04:07:36 -0500] "GET /StormSDA/nsjars/commons-codec-1.4.jar HTTP/1.0" 200 62120
104.255.64.50 - - [21/Jun/2015:04:07:37 -0500] "GET /StormSDA/nsjars/commons-httpclient-3.1.jar HTTP/1.0" 200 320155
104.255.67.238 - - [21/Jun/2015:04:07:38 -0500] "GET /StormSDA/forms/?C=M;O=A HTTP/1.0" 200 3475
104.255.64.50 - - [21/Jun/2015:04:07:39 -0500] "GET /StormSDA/nsjars/commons-logging.jar HTTP/1.0" 200 56264
180.76.15.33 - - [21/Jun/2015:04:07:40 -0500] "GET /BLA/resoluciones/AUTOS%202014/1552.pdf HTTP/1.1" 200 706056
104.255.64.50 - - [21/Jun/2015:04:07:41 -0500] "GET /StormSDA/nsjars/derby.jar HTTP/1.0" 200 2455899
104.255.64.50 - - [21/Jun/2015:04:07:42 -0500] "GET /StormSDA/nsjars/log4j-1.2.11.jar HTTP/1.0" 200 371765
104.255.64.50 - - [21/Jun/2015:04:07:44 -0500] "GET /StormSDA/nsjars/nsjars.jnlp HTTP/1.0" 200 1004
66.249.64.228 - - [21/Jun/2015:04:07:45 -0500] "GET /BLA/resoluciones/AUTOS%202007/0886.pdf HTTP/1.1" 200 146147
104.255.64.50 - - [21/Jun/2015:04:07:46 -0500] "GET /StormSDA/nsjars/poi-2.0.jar HTTP/1.0" 200 1422222
104.255.64.50 - - [21/Jun/2015:04:07:47 -0500] "GET /StormSDA/nsjars/saxon.jar HTTP/1.0" 200 2401995
201.245.192.253 - - [21/Jun/2015:04:07:48 -0500] "GET /autoliquidacion/ HTTP/1.1" 200 6375
104.255.64.50 - - [21/Jun/2015:04:07:50 -0500] "GET /StormSDA/storm/?C=D;O=A HTTP/1.0" 200 5557
104.255.67.238 - - [21/Jun/2015:04:07:50 -0500] "GET /StormSDA/forms/?C=N;O=D HTTP/1.0" 200 3475
104.255.64.50 - - [21/Jun/2015:04:07:51 -0500] "GET /StormSDA/storm/?C=M;O=A HTTP/1.0" 200 5557
104.255.64.50 - - [21/Jun/2015:04:07:53 -0500] "GET /StormSDA/storm/?C=N;O=D HTTP/1.0" 200 5557
104.255.67.238 - - [21/Jun/2015:04:07:53 -0500] "GET /StormSDA/forms/?C=S;O=A HTTP/1.0" 200 3475
104.255.64.50 - - [21/Jun/2015:04:07:55 -0500] "GET /StormSDA/storm/?C=S;O=A HTTP/1.0" 200 5557
104.255.67.238 - - [21/Jun/2015:04:07:55 -0500] "GET /StormSDA/forms/basicos.jar HTTP/1.0" 200 169147
104.255.64.50 - - [21/Jun/2015:04:07:56 -0500] "GET /StormSDA/storm/EnviosPlugin.jar HTTP/1.0" 200 27614
104.255.64.50 - - [21/Jun/2015:04:07:58 -0500] "GET /StormSDA/storm/EnviosPlugin_bk.jar HTTP/1.0" 200 27617
104.255.64.50 - - [21/Jun/2015:04:08:00 -0500] "GET /StormSDA/storm/HTTPClient.jar HTTP/1.0" 200 10435
104.255.64.50 - - [21/Jun/2015:04:08:02 -0500] "GET /StormSDA/storm/Matriz.jar HTTP/1.0" 200 13155
104.255.64.50 - - [21/Jun/2015:04:08:05 -0500] "GET /StormSDA/storm/OpenRemote.jar HTTP/1.0" 200 11535
104.255.64.50 - - [21/Jun/2015:04:08:07 -0500] "GET /StormSDA/storm/STORMFormula.jar HTTP/1.0" 200 73915
104.255.67.238 - - [21/Jun/2015:04:08:08 -0500] "GET /StormSDA/lib/?C=D;O=A HTTP/1.0" 200 6379
104.255.64.50 - - [21/Jun/2015:04:08:09 -0500] "GET /StormSDA/storm/STORMParser.jar HTTP/1.0" 200 122033
104.255.67.238 - - [21/Jun/2015:04:08:10 -0500] "GET /StormSDA/lib/?C=M;O=A HTTP/1.0" 200 6379
104.255.64.50 - - [21/Jun/2015:04:08:10 -0500] "GET /StormSDA/storm/ShaUtil.jar HTTP/1.0" 200 7404
104.255.64.50 - - [21/Jun/2015:04:08:12 -0500] "GET /StormSDA/storm/StormUser.jar HTTP/1.0" 200 306268
104.255.67.238 - - [21/Jun/2015:04:08:13 -0500] "GET /StormSDA/lib/?C=N;O=D HTTP/1.0" 200 6379
104.255.64.50 - - [21/Jun/2015:04:08:14 -0500] "GET /StormSDA/storm/StormUser03.jar HTTP/1.0" 200 240847
104.255.64.50 - - [21/Jun/2015:04:08:16 -0500] "GET /StormSDA/storm/StormUser21.jar HTTP/1.0" 200 207573
104.255.67.238 - - [21/Jun/2015:04:08:17 -0500] "GET /StormSDA/lib/?C=S;O=A HTTP/1.0" 200 6379
104.255.64.50 - - [21/Jun/2015:04:08:17 -0500] "GET /StormSDA/storm/Utils.jar HTTP/1.0" 200 88687
104.255.64.50 - - [21/Jun/2015:04:08:19 -0500] "GET /StormSDA/storm/XMLFormula.jar HTTP/1.0" 200 13763
180.76.15.18 - - [21/Jun/2015:04:08:19 -0500] "GET /BLA/resoluciones/AUTOS%202009/0049.pdf HTTP/1.1" 200 58513
104.255.67.238 - - [21/Jun/2015:04:08:20 -0500] "GET /StormSDA/lib/AbsoluteLayout.jar HTTP/1.0" 200 2850
104.255.64.50 - - [21/Jun/2015:04:08:21 -0500] "GET /StormSDA/storm/stormNewServer.jar HTTP/1.0" 200 363851
104.255.64.50 - - [21/Jun/2015:04:08:22 -0500] "GET /StormSDA/storm/stormNewServer521.jar HTTP/1.0" 200 373502
104.255.64.50 - - [21/Jun/2015:04:08:24 -0500] "GET /StormSDA/storm/userHelp.jar HTTP/1.0" 200 742135
104.255.64.50 - - [21/Jun/2015:04:08:26 -0500] "GET /StormSDA/storm/version.jar HTTP/1.0" 200 65042
104.255.67.238 - - [21/Jun/2015:04:08:27 -0500] "GET /StormSDA/lib/filesVersion.jar HTTP/1.0" 200 1985
104.255.64.50 - - [21/Jun/2015:04:08:28 -0500] "GET /StormSDA/storm/version03.jar HTTP/1.0" 200 65089
104.255.64.50 - - [21/Jun/2015:04:08:29 -0500] "GET /StormSDA/storm/version521.jar HTTP/1.0" 200 65086
104.255.64.50 - - [21/Jun/2015:04:08:31 -0500] "GET /StormSDA/storm/version_bk.jar HTTP/1.0" 200 65067
66.249.64.228 - - [21/Jun/2015:04:08:32 -0500] "GET /BLA/resoluciones/RESOLUCIONES%202013/0029.pdf HTTP/1.1" 304 -
104.255.64.50 - - [21/Jun/2015:04:08:32 -0500] "GET /StormSDA/storm/vssver2.scc HTTP/1.0" 200 491
104.255.64.50 - - [21/Jun/2015:04:08:34 -0500] "GET /StormSDA/storm_silv/?C=D;O=A HTTP/1.0" 200 5788
104.255.64.50 - - [21/Jun/2015:04:08:36 -0500] "GET /StormSDA/storm_silv/?C=M;O=A HTTP/1.0" 200 5788
104.255.67.238 - - [21/Jun/2015:04:08:37 -0500] "GET /StormSDA/lib/helper.jar HTTP/1.0" 200 3710
104.255.64.50 - - [21/Jun/2015:04:08:38 -0500] "GET /StormSDA/storm_silv/?C=N;O=D HTTP/1.0" 200 5788
104.255.64.50 - - [21/Jun/2015:04:08:39 -0500] "GET /StormSDA/storm_silv/?C=S;O=A HTTP/1.0" 200 5788
104.255.67.238 - - [21/Jun/2015:04:08:41 -0500] "GET /StormSDA/lib/jaxen-core.jar HTTP/1.0" 200 160967
104.255.64.50 - - [21/Jun/2015:04:08:41 -0500] "GET /StormSDA/storm_silv/EnviosPlugin.jar HTTP/1.0" 200 27467
104.255.64.50 - - [21/Jun/2015:04:08:43 -0500] "GET /StormSDA/storm_silv/EnviosPlugin01.jar HTTP/1.0" 200 27498
104.255.64.50 - - [21/Jun/2015:04:08:44 -0500] "GET /StormSDA/storm_silv/EnviosPlugin_bk.jar HTTP/1.0" 200 27617
104.255.67.238 - - [21/Jun/2015:04:08:46 -0500] "GET /StormSDA/lib/jaxen-jdom.jar HTTP/1.0" 200 5881
104.255.64.50 - - [21/Jun/2015:04:08:46 -0500] "GET /StormSDA/storm_silv/HTTPClient.jar HTTP/1.0" 200 10435
104.255.64.50 - - [21/Jun/2015:04:08:48 -0500] "GET /StormSDA/storm_silv/Matriz.jar HTTP/1.0" 200 13155
104.255.67.238 - - [21/Jun/2015:04:08:49 -0500] "GET /StormSDA/lib/jdic.jar HTTP/1.0" 200 76134
104.255.64.50 - - [21/Jun/2015:04:08:49 -0500] "GET /StormSDA/storm_silv/OpenRemote.jar HTTP/1.0" 200 11535
104.255.67.238 - - [21/Jun/2015:04:08:51 -0500] "GET /StormSDA/lib/jdicIntegration.jar HTTP/1.0" 200 4296
104.255.64.50 - - [21/Jun/2015:04:08:51 -0500] "GET /StormSDA/storm_silv/STORMFormula.jar HTTP/1.0" 200 72093
104.255.64.50 - - [21/Jun/2015:04:08:53 -0500] "GET /StormSDA/storm_silv/STORMParser.jar HTTP/1.0" 200 122033
104.255.67.238 - - [21/Jun/2015:04:08:53 -0500] "GET /StormSDA/lib/jdic_native.jar HTTP/1.0" 200 158791
104.255.64.50 - - [21/Jun/2015:04:08:55 -0500] "GET /StormSDA/storm_silv/ShaUtil.jar HTTP/1.0" 200 7404
104.255.64.50 - - [21/Jun/2015:04:08:57 -0500] "GET /StormSDA/storm_silv/StormUser.jar HTTP/1.0" 200 305783
104.255.64.50 - - [21/Jun/2015:04:08:58 -0500] "GET /StormSDA/storm_silv/StormUser001.jar HTTP/1.0" 200 243480
104.255.64.50 - - [21/Jun/2015:04:09:00 -0500] "GET /StormSDA/storm_silv/StormUser01.jar HTTP/1.0" 200 221546
104.255.64.50 - - [21/Jun/2015:04:09:02 -0500] "GET /StormSDA/storm_silv/StormUser04.jar HTTP/1.0" 200 243480
180.76.15.158 - - [21/Jun/2015:04:09:02 -0500] "GET /BLA/resoluciones/RESOLUCIONES%202007/RES%202007%201726%20AL%201800/RESOLUCION%201727%20DE%202007.pdf HTTP/1.1" 200 1494429
104.255.67.238 - - [21/Jun/2015:04:09:03 -0500] "GET /StormSDA/lib/jdom.jar HTTP/1.0" 200 153253
104.255.64.50 - - [21/Jun/2015:04:09:05 -0500] "GET /StormSDA/storm_silv/StormUser21.jar HTTP/1.0" 200 207575
104.255.67.238 - - [21/Jun/2015:04:09:06 -0500] "GET /StormSDA/lib/jep-2.4.0.jar HTTP/1.0" 200 88792
104.255.64.50 - - [21/Jun/2015:04:09:07 -0500] "GET /StormSDA/storm_silv/Utils.jar HTTP/1.0" 200 88687
104.255.64.50 - - [21/Jun/2015:04:09:09 -0500] "GET /StormSDA/storm_silv/XMLFormula.jar HTTP/1.0" 200 13763
104.255.67.238 - - [21/Jun/2015:04:09:09 -0500] "GET /StormSDA/lib/jh.jar HTTP/1.0" 200 532625
104.255.64.50 - - [21/Jun/2015:04:09:10 -0500] "GET /StormSDA/storm_silv/stormNewServer.jar HTTP/1.0" 200 373502
104.255.67.238 - - [21/Jun/2015:04:09:11 -0500] "GET /StormSDA/lib/jnlp.jar HTTP/1.0" 200 7042
104.255.64.50 - - [21/Jun/2015:04:09:12 -0500] "GET /StormSDA/storm_silv/userHelp.jar HTTP/1.0" 200 742135
104.255.64.50 - - [21/Jun/2015:04:09:14 -0500] "GET /StormSDA/storm_silv/version.jar HTTP/1.0" 200 65094
104.255.64.50 - - [21/Jun/2015:04:09:15 -0500] "GET /StormSDA/storm_silv/version001.jar HTTP/1.0" 200 63957
104.255.64.50 - - [21/Jun/2015:04:09:17 -0500] "GET /StormSDA/storm_silv/version03.jar HTTP/1.0" 200 65094
104.255.64.50 - - [21/Jun/2015:04:09:19 -0500] "GET /StormSDA/storm_silv/version_bk.jar HTTP/1.0" 200 65067
104.255.64.50 - - [21/Jun/2015:04:09:21 -0500] "GET /StormSDA/userFiles%20-%20Copy%2019-07-2012/1.jar HTTP/1.0" 200 2765
104.255.64.50 - - [21/Jun/2015:04:09:22 -0500] "GET /StormSDA/userFiles%20-%20Copy%2019-07-2012/2.jar HTTP/1.0" 200 1892
104.255.64.50 - - [21/Jun/2015:04:09:24 -0500] "GET /StormSDA/userFiles%20-%20Copy%2019-07-2012/85.jar HTTP/1.0" 200 2755
104.255.64.50 - - [21/Jun/2015:04:09:26 -0500] "GET /StormSDA/userFiles%20-%20Copy%2019-07-2012/86.jar HTTP/1.0" 200 2755
104.255.64.50 - - [21/Jun/2015:04:09:27 -0500] "GET /StormSDA/userFiles%20-%20Copy%2019-07-2012/87.jar HTTP/1.0" 200 2755
104.255.64.50 - - [21/Jun/2015:04:09:29 -0500] "GET /StormSDA/userFiles%20-%20Copy%2019-07-2012/88.jar HTTP/1.0" 200 2755
104.255.64.50 - - [21/Jun/2015:04:09:31 -0500] "GET /StormSDA/userFiles%20-%20Copy%2019-07-2012/89.jar HTTP/1.0" 200 2755
104.255.64.50 - - [21/Jun/2015:04:09:32 -0500] "GET /StormSDA/userFiles%20-%20Copy%2019-07-2012/90.jar HTTP/1.0" 200 2755
104.255.64.50 - - [21/Jun/2015:04:09:34 -0500] "GET /StormSDA/userFiles%20-%20Copy%2019-07-2012/91.jar HTTP/1.0" 200 2755
104.255.64.50 - - [21/Jun/2015:04:09:35 -0500] "GET /StormSDA/userFiles%20-%20Copy%2019-07-2012/92.jar HTTP/1.0" 200 2755
104.255.64.50 - - [21/Jun/2015:04:09:37 -0500] "GET /StormSDA/userFiles%20-%20Copy%2019-07-2012/93.jar HTTP/1.0" 200 2755
104.255.64.50 - - [21/Jun/2015:04:09:39 -0500] "GET /StormSDA/userFiles%20-%20Copy%2019-07-2012/94.jar HTTP/1.0" 200 2755
104.255.64.50 - - [21/Jun/2015:04:09:40 -0500] "GET /StormSDA/userFiles%20-%20Copy%2019-07-2012/95.jar HTTP/1.0" 200 2878
104.255.64.50 - - [21/Jun/2015:04:09:42 -0500] "GET /StormSDA/userFiles%20-%20Copy%2019-07-2012/96.jar HTTP/1.0" 200 2755
104.255.64.50 - - [21/Jun/2015:04:09:44 -0500] "GET /StormSDA/userFiles%20-%20Copy%2019-07-2012/97.jar HTTP/1.0" 200 2755
104.255.64.50 - - [21/Jun/2015:04:09:46 -0500] "GET /StormSDA/userFiles%20-%20Copy%2019-07-2012/98.jar HTTP/1.0" 200 2755
104.255.64.50 - - [21/Jun/2015:04:09:47 -0500] "GET /StormSDA/userFiles%20-%20Copy%2019-07-2012/?C=D;O=A HTTP/1.0" 200 5900
104.255.64.50 - - [21/Jun/2015:04:09:50 -0500] "GET /StormSDA/userFiles%20-%20Copy%2019-07-2012/?C=M;O=A HTTP/1.0" 200 5900
66.249.64.233 - - [21/Jun/2015:04:09:51 -0500] "GET /BLA/resoluciones/RESOLUCIONES%202014/0505.pdf HTTP/1.1" 200 433044
104.255.64.50 - - [21/Jun/2015:04:09:51 -0500] "GET /StormSDA/userFiles%20-%20Copy%2019-07-2012/?C=N;O=D HTTP/1.0" 200 5900
104.255.64.50 - - [21/Jun/2015:04:09:53 -0500] "GET /StormSDA/userFiles%20-%20Copy%2019-07-2012/?C=S;O=A HTTP/1.0" 200 5900
180.76.15.27 - - [21/Jun/2015:04:09:54 -0500] "GET /BLA/resoluciones/AUTOS%202009/1000.pdf HTTP/1.1" 200 161284
104.255.64.50 - - [21/Jun/2015:04:09:55 -0500] "GET /StormSDA/userFiles%20-%20Copy%2019-07-2012/StormAdmin.jar HTTP/1.0" 200 622592
104.255.64.50 - - [21/Jun/2015:04:09:56 -0500] "GET /StormSDA/userFiles%20-%20Copy%2019-07-2012/UpdateReg.xml HTTP/1.0" 200 1238
104.255.64.50 - - [21/Jun/2015:04:09:58 -0500] "GET /StormSDA/userFiles%20-%20Copy%2019-07-2012/basicos.jar HTTP/1.0" 200 379079
104.255.64.50 - - [21/Jun/2015:04:09:59 -0500] "GET /StormSDA/userFiles%20-%20Copy%2019-07-2012/update.txt HTTP/1.0" 200 33
104.255.64.50 - - [21/Jun/2015:04:10:01 -0500] "GET /StormSDA/userFiles%20-%20Copy%2019-07-2012/user_files/ HTTP/1.0" 200 5684
104.255.64.50 - - [21/Jun/2015:04:10:03 -0500] "GET /StormSDA/userFiles%20-%20Copy%2019-07-2012/user_files.jnlp HTTP/1.0" 200 1353
104.255.64.50 - - [21/Jun/2015:04:10:04 -0500] "GET /StormSDA/userFiles%20-%20Copy%2019-07-2012/user_files.jnlp.bak HTTP/1.0" 200 616
104.255.64.50 - - [21/Jun/2015:04:10:06 -0500] "GET /StormSDA/userFiles%20-%20Copy%2019-07-2012/user_files/85/?C=D;O=A HTTP/1.0" 200 877
104.255.64.50 - - [21/Jun/2015:04:10:08 -0500] "GET /StormSDA/userFiles%20-%20Copy%2019-07-2012/user_files/85/?C=M;O=A HTTP/1.0" 200 877
104.255.64.50 - - [21/Jun/2015:04:10:09 -0500] "GET /StormSDA/userFiles%20-%20Copy%2019-07-2012/user_files/85/?C=N;O=A HTTP/1.0" 200 877
104.255.64.50 - - [21/Jun/2015:04:10:11 -0500] "GET /StormSDA/userFiles%20-%20Copy%2019-07-2012/user_files/85/?C=S;O=A HTTP/1.0" 200 877
104.255.64.50 - - [21/Jun/2015:04:10:13 -0500] "GET /StormSDA/userFiles%20-%20Copy%2019-07-2012/user_files/86/?C=D;O=A HTTP/1.0" 200 877
104.255.64.50 - - [21/Jun/2015:04:10:14 -0500] "GET /StormSDA/userFiles%20-%20Copy%2019-07-2012/user_files/86/?C=M;O=A HTTP/1.0" 200 877
104.255.64.50 - - [21/Jun/2015:04:10:16 -0500] "GET /StormSDA/userFiles%20-%20Copy%2019-07-2012/user_files/86/?C=N;O=D HTTP/1.0" 200 877
104.255.64.50 - - [21/Jun/2015:04:10:17 -0500] "GET /StormSDA/userFiles%20-%20Copy%2019-07-2012/user_files/86/?C=S;O=A HTTP/1.0" 200 877
199.195.118.53 - - [21/Jun/2015:04:10:19 -0500] "GET / HTTP/1.1" 200 10190
104.255.64.50 - - [21/Jun/2015:04:10:19 -0500] "GET /StormSDA/userFiles%20-%20Copy%2019-07-2012/user_files/87/?C=D;O=A HTTP/1.0" 200 877
104.255.64.50 - - [21/Jun/2015:04:10:21 -0500] "GET /StormSDA/userFiles%20-%20Copy%2019-07-2012/user_files/87/?C=M;O=A HTTP/1.0" 200 877
104.255.64.50 - - [21/Jun/2015:04:10:22 -0500] "GET /StormSDA/userFiles%20-%20Copy%2019-07-2012/user_files/87/?C=N;O=A HTTP/1.0" 200 877
104.255.64.50 - - [21/Jun/2015:04:10:24 -0500] "GET /StormSDA/userFiles%20-%20Copy%2019-07-2012/user_files/87/?C=S;O=A HTTP/1.0" 200 877
66.249.64.223 - - [21/Jun/2015:04:10:25 -0500] "GET /BLA/resoluciones/RESOLUCIONES%202014/1657.pdf HTTP/1.1" 200 267611
104.255.64.50 - - [21/Jun/2015:04:10:25 -0500] "GET /StormSDA/userFiles/1.jar HTTP/1.0" 200 4146
104.255.64.50 - - [21/Jun/2015:04:10:27 -0500] "GET /StormSDA/userFiles/2.jar HTTP/1.0" 200 1892
180.76.15.152 - - [21/Jun/2015:04:10:28 -0500] "GET /BLA/resoluciones/AUTOS%202009/1546.pdf HTTP/1.1" 200 111675
104.255.64.50 - - [21/Jun/2015:04:10:28 -0500] "GET /StormSDA/userFiles/85.jar HTTP/1.0" 200 4136
104.255.64.50 - - [21/Jun/2015:04:10:30 -0500] "GET /StormSDA/userFiles/86.jar HTTP/1.0" 200 4136
104.255.64.50 - - [21/Jun/2015:04:10:32 -0500] "GET /StormSDA/userFiles/87.jar HTTP/1.0" 200 4136
104.255.64.50 - - [21/Jun/2015:04:10:33 -0500] "GET /StormSDA/userFiles/88.jar HTTP/1.0" 200 4136
104.255.64.50 - - [21/Jun/2015:04:10:35 -0500] "GET /StormSDA/userFiles/89.jar HTTP/1.0" 200 4136
104.255.64.50 - - [21/Jun/2015:04:10:37 -0500] "GET /StormSDA/userFiles/90.jar HTTP/1.0" 200 4136
104.255.64.50 - - [21/Jun/2015:04:10:40 -0500] "GET /StormSDA/userFiles/91.jar HTTP/1.0" 200 4136
104.255.64.50 - - [21/Jun/2015:04:10:41 -0500] "GET /StormSDA/userFiles/92.jar HTTP/1.0" 200 4136
104.255.64.50 - - [21/Jun/2015:04:10:43 -0500] "GET /StormSDA/userFiles/93.jar HTTP/1.0" 200 4136
104.255.64.50 - - [21/Jun/2015:04:10:44 -0500] "GET /StormSDA/userFiles/94.jar HTTP/1.0" 200 4136
104.255.64.50 - - [21/Jun/2015:04:10:47 -0500] "GET /StormSDA/userFiles/95.jar HTTP/1.0" 200 4259
104.255.64.50 - - [21/Jun/2015:04:10:48 -0500] "GET /StormSDA/userFiles/96.jar HTTP/1.0" 200 4136
104.255.64.50 - - [21/Jun/2015:04:10:50 -0500] "GET /StormSDA/userFiles/97.jar HTTP/1.0" 200 4136
104.255.64.50 - - [21/Jun/2015:04:10:51 -0500] "GET /StormSDA/userFiles/98.jar HTTP/1.0" 200 4136
104.255.64.50 - - [21/Jun/2015:04:10:53 -0500] "GET /StormSDA/userFiles/?C=D;O=A HTTP/1.0" 200 6087
104.255.64.50 - - [21/Jun/2015:04:10:55 -0500] "GET /StormSDA/userFiles/?C=M;O=A HTTP/1.0" 200 6087
104.255.64.50 - - [21/Jun/2015:04:10:56 -0500] "GET /StormSDA/userFiles/?C=N;O=D HTTP/1.0" 200 6087
104.255.64.50 - - [21/Jun/2015:04:10:58 -0500] "GET /StormSDA/userFiles/?C=S;O=A HTTP/1.0" 200 6087
104.255.64.50 - - [21/Jun/2015:04:11:00 -0500] "GET /StormSDA/userFiles/StormAdmin.jar HTTP/1.0" 200 622592
104.255.64.50 - - [21/Jun/2015:04:11:02 -0500] "GET /StormSDA/userFiles/UpdateReg.xml HTTP/1.0" 200 1238
104.255.64.50 - - [21/Jun/2015:04:11:04 -0500] "GET /StormSDA/userFiles/backup%2027-09-2012/ HTTP/1.0" 200 5696
104.255.64.50 - - [21/Jun/2015:04:11:05 -0500] "GET /StormSDA/userFiles/basicos.jar HTTP/1.0" 200 671328
104.255.64.50 - - [21/Jun/2015:04:11:07 -0500] "GET /StormSDA/userFiles/update.txt HTTP/1.0" 200 33
104.255.64.50 - - [21/Jun/2015:04:11:09 -0500] "GET /StormSDA/userFiles/user_files/ HTTP/1.0" 200 8988
66.249.64.228 - - [21/Jun/2015:04:11:10 -0500] "GET /BLA/resoluciones/RESOLUCIONES%202008/0031.pdf HTTP/1.1" 200 515961
104.255.64.50 - - [21/Jun/2015:04:11:10 -0500] "GET /StormSDA/userFiles/user_files.jnlp HTTP/1.0" 200 1353
104.255.64.50 - - [21/Jun/2015:04:11:12 -0500] "GET /StormSDA/userFiles/user_files.jnlp.bak HTTP/1.0" 200 616
180.76.15.138 - - [21/Jun/2015:04:11:20 -0500] "GET /BLA/resoluciones/RESOLUCIONES%202008/0238.pdf HTTP/1.1" 200 227827
66.249.64.223 - - [21/Jun/2015:04:11:21 -0500] "GET /BLA/resoluciones/RESOLUCIONES%202010/0109.pdf HTTP/1.1" 200 509190
66.249.64.233 - - [21/Jun/2015:04:11:40 -0500] "GET /BLA/resoluciones/RESOLUCIONES%202010/1937.pdf HTTP/1.1" 200 1276340
180.76.15.21 - - [21/Jun/2015:04:12:10 -0500] "GET /BLA/resoluciones/AUTOS%202009/3163.pdf HTTP/1.1" 200 130477
74.86.158.107 - - [21/Jun/2015:04:12:14 -0500] "HEAD / HTTP/1.1" 200 -
66.249.64.223 - - [21/Jun/2015:04:12:16 -0500] "GET /galeria/galeria/jquery.fancybox.css?v=2.1.5 HTTP/1.1" 200 4895
66.249.64.223 - - [21/Jun/2015:04:12:29 -0500] "GET /BLA/resoluciones/RESOLUCIONES%202011/1684.pdf HTTP/1.1" 200 273015
180.76.15.162 - - [21/Jun/2015:04:12:44 -0500] "GET /BLA/resoluciones/RESOLUCIONES%202008/1049.pdf HTTP/1.1" 200 361035
180.76.15.27 - - [21/Jun/2015:04:13:17 -0500] "GET /BLA/resoluciones/AUTOS%202009/2678.pdf HTTP/1.1" 200 73465
66.249.64.223 - - [21/Jun/2015:04:13:18 -0500] "GET /BLA/resoluciones/AUTOS%202007/2887.pdf HTTP/1.1" 200 235526
66.249.64.233 - - [21/Jun/2015:04:13:48 -0500] "GET /BLA/resoluciones/RESOLUCIONES%202010/7493.pdf HTTP/1.1" 200 36327
180.76.15.10 - - [21/Jun/2015:04:14:00 -0500] "GET /BLA/resoluciones/RESOLUCIONES%202007/RES%202007%203701%20AL%203800/RESOLUCION%203704%20DE%202007.pdf HTTP/1.1" 200 810090
180.76.15.146 - - [21/Jun/2015:04:14:50 -0500] "GET /BLA/resoluciones/AUTOS%202009/2020.pdf HTTP/1.1" 200 99664
66.249.64.228 - - [21/Jun/2015:04:15:06 -0500] "GET /BLA/resoluciones/RESOLUCIONES%202009/6020.pdf HTTP/1.1" 200 486945
180.76.15.15 - - [21/Jun/2015:04:15:32 -0500] "GET /BLA/resoluciones/AUTOS%202009/2198.pdf HTTP/1.1" 200 114043
180.76.15.145 - - [21/Jun/2015:04:16:23 -0500] "GET /BLA/resoluciones/AUTOS%202014/1566.pdf HTTP/1.1" 200 726573
66.249.64.233 - - [21/Jun/2015:04:16:25 -0500] "GET /BLA/resoluciones/AUTOS%202007/3562.pdf HTTP/1.1" 200 524238
66.249.64.223 - - [21/Jun/2015:04:16:39 -0500] "GET /BLA/resoluciones/AUTOS%202014/0082.pdf HTTP/1.1" 200 563022
180.76.15.14 - - [21/Jun/2015:04:16:54 -0500] "GET /BLA/resoluciones/AUTOS%202009/1401.pdf HTTP/1.1" 200 116127
74.86.158.107 - - [21/Jun/2015:04:17:14 -0500] "HEAD / HTTP/1.1" 200 -
180.76.15.18 - - [21/Jun/2015:04:17:32 -0500] "GET /BLA/resoluciones/AUTOS%202009/0702.pdf HTTP/1.1" 200 103771
201.245.192.253 - - [21/Jun/2015:04:17:42 -0500] "GET /BLA/resoluciones/ HTTP/1.1" 200 7728
66.249.64.223 - - [21/Jun/2015:04:17:44 -0500] "GET /BLA/resoluciones/RESOLUCIONES%202008/0044.pdf HTTP/1.1" 200 346286
66.249.64.233 - - [21/Jun/2015:04:17:56 -0500] "GET /BLA/resoluciones/AUTOS%202007/1757.pdf HTTP/1.1" 200 49157
66.249.64.228 - - [21/Jun/2015:04:18:14 -0500] "GET /BLA/resoluciones/AUTOS%202013/0368.pdf HTTP/1.1" 200 608200
180.76.15.142 - - [21/Jun/2015:04:18:15 -0500] "GET /BLA/resoluciones/AUTOS%202009/1932.pdf HTTP/1.1" 200 182057
66.249.64.233 - - [21/Jun/2015:04:18:22 -0500] "GET /BLA/resoluciones/AUTOS%202007/1295.pdf HTTP/1.1" 200 55534
157.55.39.21 - - [21/Jun/2015:04:18:39 -0500] "GET /galeria/galeria/fotos/Capellania4G.jpg HTTP/1.1" 200 567842
180.76.15.25 - - [21/Jun/2015:04:18:58 -0500] "GET /BLA/resoluciones/AUTOS%202014/2032.pdf HTTP/1.1" 200 387565
66.249.64.228 - - [21/Jun/2015:04:19:03 -0500] "GET /BLA/resoluciones/AUTOS%202007/2379.pdf HTTP/1.1" 200 74478
180.76.15.23 - - [21/Jun/2015:04:19:40 -0500] "GET /BLA/resoluciones/AUTOS%202014/2373.pdf HTTP/1.1" 200 2428626
66.249.64.223 - - [21/Jun/2015:04:20:22 -0500] "GET /BLA/resoluciones/AUTOS%202007/1532.pdf HTTP/1.1" 200 92668
180.76.15.10 - - [21/Jun/2015:04:20:22 -0500] "GET /BLA/resoluciones/AUTOS%202009/2202.pdf HTTP/1.1" 200 112399
66.249.64.228 - - [21/Jun/2015:04:21:03 -0500] "GET /BLA/resoluciones/AUTOS%202007/2210.pdf HTTP/1.1" 200 79347
180.76.15.153 - - [21/Jun/2015:04:21:05 -0500] "GET /BLA/resoluciones/AUTOS%202009/1077.pdf HTTP/1.1" 200 125242
66.249.64.223 - - [21/Jun/2015:04:21:41 -0500] "GET /BLA/resoluciones/RESOLUCIONES%202009/1216.pdf HTTP/1.1" 200 458872
180.76.15.16 - - [21/Jun/2015:04:21:47 -0500] "GET /BLA/resoluciones/AUTOS%202009/3351.pdf HTTP/1.1" 200 208143
74.86.158.107 - - [21/Jun/2015:04:22:14 -0500] "HEAD / HTTP/1.1" 200 -
180.76.15.136 - - [21/Jun/2015:04:22:35 -0500] "GET /BLA/resoluciones/RESOLUCIONES%202007/RES%202007%20301%20AL%20400/RESOLUCION%200374%20DE%202007.pdf HTTP/1.1" 200 391014
66.249.64.233 - - [21/Jun/2015:04:22:54 -0500] "GET /BLA/resoluciones/RESOLUCIONES%202007/RES%202007%202001%20AL%202100/ HTTP/1.1" 200 24795
66.249.64.228 - - [21/Jun/2015:04:22:59 -0500] "GET /BLA/resoluciones/AUTOS%202007/0288.pdf HTTP/1.1" 200 117249
180.76.15.151 - - [21/Jun/2015:04:23:12 -0500] "GET /BLA/resoluciones/AUTOS%202009/1903.pdf HTTP/1.1" 200 421651
180.76.15.143 - - [21/Jun/2015:04:23:55 -0500] "GET /BLA/resoluciones/AUTOS%202014/0861.pdf HTTP/1.1" 200 929329
157.55.39.216 - - [21/Jun/2015:04:24:17 -0500] "GET /galeria/galeria/fotos/juan-amarillo4G.jpg HTTP/1.1" 200 202445
66.249.64.228 - - [21/Jun/2015:04:24:18 -0500] "GET /BLA/resoluciones/AUTOS%202007/0210.pdf HTTP/1.1" 200 70372
180.76.15.33 - - [21/Jun/2015:04:24:37 -0500] "GET /BLA/resoluciones/AUTOS%202009/1551.pdf HTTP/1.1" 200 112217
180.76.15.6 - - [21/Jun/2015:04:25:20 -0500] "GET /BLA/resoluciones/AUTOS%202009/0581.pdf HTTP/1.1" 200 127890
66.249.64.223 - - [21/Jun/2015:04:25:37 -0500] "GET /BLA/resoluciones/RESOLUCIONES%202009/8855.pdf HTTP/1.1" 200 186459
180.76.15.161 - - [21/Jun/2015:04:26:02 -0500] "GET /BLA/resoluciones/AUTOS%202009/2074.pdf HTTP/1.1" 200 99650
66.249.64.228 - - [21/Jun/2015:04:26:11 -0500] "GET /BLA/resoluciones/RESOLUCIONES%202002/RES%202002%2051-100/2002RES71.tif HTTP/1.1" 304 -
180.76.15.154 - - [21/Jun/2015:04:26:45 -0500] "GET /BLA/resoluciones/AUTOS%202014/2347.pdf HTTP/1.1" 200 2358173
66.249.64.233 - - [21/Jun/2015:04:26:56 -0500] "GET /BLA/resoluciones/AUTOS%202007/1393.pdf HTTP/1.1" 200 112133
74.86.158.107 - - [21/Jun/2015:04:27:14 -0500] "HEAD / HTTP/1.1" 200 -
180.76.15.136 - - [21/Jun/2015:04:27:27 -0500] "GET /BLA/resoluciones/AUTOS%202009/3063.pdf HTTP/1.1" 200 95992
180.76.15.145 - - [21/Jun/2015:04:28:10 -0500] "GET /BLA/resoluciones/RESOLUCIONES%202007/RES%202007%201901%20AL%202000/RESOLUCION%201973%20%20DE%202007.pdf HTTP/1.1" 200 138566
66.249.64.228 - - [21/Jun/2015:04:28:15 -0500] "GET /BLA/resoluciones/AUTOS%202011/4496.pdf HTTP/1.1" 200 453239
180.76.15.26 - - [21/Jun/2015:04:28:53 -0500] "GET /BLA/resoluciones/AUTOS%202009/1283.pdf HTTP/1.1" 200 177311
66.249.64.233 - - [21/Jun/2015:04:29:34 -0500] "GET /BLA/resoluciones/RESOLUCIONES%202009/7344.pdf HTTP/1.1" 200 450102
180.76.15.6 - - [21/Jun/2015:04:29:35 -0500] "GET /BLA/resoluciones/RESOLUCIONES%202007/RES%202007%202201%20AL%202300/RESOLUCION%202242%20DE%202007.pdf HTTP/1.1" 200 371594
180.76.15.10 - - [21/Jun/2015:04:30:18 -0500] "GET /BLA/resoluciones/AUTOS%202014/6266.pdf HTTP/1.1" 200 488163
190.84.14.206 - - [21/Jun/2015:04:30:47 -0500] "GET /galeria/carrusel/Carrusel/jquery.thumbnailScroller.css HTTP/1.1" 200 2066
190.84.14.206 - - [21/Jun/2015:04:30:47 -0500] "GET /galeria/carrusel/Carrusel/jquery.thumbnailScroller.js HTTP/1.1" 200 8157
190.84.14.206 - - [21/Jun/2015:04:30:47 -0500] "GET /galeria/carrusel/Carrusel/jquery-ui-1.8.13.custom.min.js HTTP/1.1" 200 10800
190.84.14.206 - - [21/Jun/2015:04:30:48 -0500] "GET /galeria/galeria/jquery.fancybox.js?v=2.1.5 HTTP/1.1" 304 -
190.84.14.206 - - [21/Jun/2015:04:30:48 -0500] "GET /galeria/galeria/jquery.fancybox.css?v=2.1.5 HTTP/1.1" 304 -
66.249.64.228 - - [21/Jun/2015:04:30:52 -0500] "GET /BLA/resoluciones/RESOLUCIONES%202010/7591.pdf HTTP/1.1" 200 169896
190.84.14.206 - - [21/Jun/2015:04:30:53 -0500] "GET /galeria/nivo-slider/demo/demo.html HTTP/1.1" 200 4618
190.84.14.206 - - [21/Jun/2015:04:30:54 -0500] "GET /galeria/nivo-slider/themes/default/default.css HTTP/1.1" 200 1569
190.84.14.206 - - [21/Jun/2015:04:30:54 -0500] "GET /galeria/nivo-slider/themes/pascal/pascal.css HTTP/1.1" 200 2258
190.84.14.206 - - [21/Jun/2015:04:30:55 -0500] "GET /galeria/nivo-slider/demo/style.css HTTP/1.1" 200 2222
190.84.14.206 - - [21/Jun/2015:04:30:55 -0500] "GET /galeria/nivo-slider/themes/orman/orman.css HTTP/1.1" 200 2152
190.84.14.206 - - [21/Jun/2015:04:30:55 -0500] "GET /galeria/nivo-slider/demo/scripts/jquery-1.7.1.min.js HTTP/1.1" 200 93868
190.84.14.206 - - [21/Jun/2015:04:30:55 -0500] "GET /galeria/nivo-slider/nivo-slider.css HTTP/1.1" 200 1507
190.84.14.206 - - [21/Jun/2015:04:30:55 -0500] "GET /galeria/nivo-slider/demo/images/9Signos.jpg HTTP/1.1" 200 81776
190.84.14.206 - - [21/Jun/2015:04:30:55 -0500] "GET /galeria/nivo-slider/jquery.nivo.slider.pack.js HTTP/1.1" 200 11561
190.84.14.206 - - [21/Jun/2015:04:30:55 -0500] "GET /galeria/nivo-slider/demo/images/Comparendo-ambiental-Banner.jpg HTTP/1.1" 200 83731
190.84.14.206 - - [21/Jun/2015:04:30:55 -0500] "GET /galeria/nivo-slider/demo/images/capacitaciones-de-ecourbanismo.jpg HTTP/1.1" 200 77126
190.84.14.206 - - [21/Jun/2015:04:30:55 -0500] "GET /galeria/nivo-slider/demo/images/GAE-banner.jpg HTTP/1.1" 200 97556
190.84.14.206 - - [21/Jun/2015:04:30:55 -0500] "GET /galeria/nivo-slider/demo/images/Banner-encuesta-de-percepscio.jpg HTTP/1.1" 200 201899
190.84.14.206 - - [21/Jun/2015:04:30:55 -0500] "GET /galeria/nivo-slider/demo/images/banner-Pacto-por-la-madera.jpg HTTP/1.1" 200 209966
190.84.14.206 - - [21/Jun/2015:04:30:55 -0500] "GET /galeria/nivo-slider/demo/images/acuerdo_569.jpg HTTP/1.1" 200 62670
190.84.14.206 - - [21/Jun/2015:04:30:55 -0500] "GET /galeria/nivo-slider/demo/images/Licitaciones-proyecto-paramo.jpg HTTP/1.1" 200 221877
190.84.14.206 - - [21/Jun/2015:04:30:55 -0500] "GET /galeria/nivo-slider/demo/images/Banner-decreto1299.jpg HTTP/1.1" 200 182613
190.84.14.206 - - [21/Jun/2015:04:30:56 -0500] "GET /galeria/nivo-slider/demo/images/Banner-Directorio.jpg HTTP/1.1" 200 182068
190.84.14.206 - - [21/Jun/2015:04:30:56 -0500] "GET /galeria/nivo-slider/demo/images/Ruta-vertimientos-01.jpg HTTP/1.1" 200 130151
190.84.14.206 - - [21/Jun/2015:04:30:56 -0500] "GET /galeria/nivo-slider/demo/images/bolsas-06.jpg HTTP/1.1" 200 90982
190.84.14.206 - - [21/Jun/2015:04:30:56 -0500] "GET /galeria/nivo-slider/demo/images/Conoce-los-humedales.jpg HTTP/1.1" 200 294036
190.84.14.206 - - [21/Jun/2015:04:30:57 -0500] "GET /galeria/nivo-slider/demo/images/ecolecta-Dic2014.png HTTP/1.1" 200 288593
190.84.14.206 - - [21/Jun/2015:04:30:57 -0500] "GET /galeria/nivo-slider/demo/images/Banner-Caracol-Africano.jpg HTTP/1.1" 200 331986
190.84.14.206 - - [21/Jun/2015:04:30:58 -0500] "GET /galeria/nivo-slider/demo/images/banner-llantas2.jpg HTTP/1.1" 200 204644
190.84.14.206 - - [21/Jun/2015:04:30:58 -0500] "GET /galeria/nivo-slider/demo/images/4Simple_Slider.png HTTP/1.1" 200 11722
190.84.14.206 - - [21/Jun/2015:04:30:59 -0500] "GET /galeria/nivo-slider/themes/default/loading.gif HTTP/1.1" 200 1737
180.76.15.6 - - [21/Jun/2015:04:31:00 -0500] "GET /BLA/resoluciones/RESOLUCIONES%202008/0993.pdf HTTP/1.1" 200 203488
190.84.14.206 - - [21/Jun/2015:04:31:02 -0500] "GET /galeria/nivo-slider/themes/default/arrows.png HTTP/1.1" 200 824
190.84.14.206 - - [21/Jun/2015:04:31:02 -0500] "GET /galeria/nivo-slider/themes/default/bullets.png HTTP/1.1" 200 1281
66.249.64.223 - - [21/Jun/2015:04:31:25 -0500] "GET /BLA/resoluciones/RESOLUCIONES%202008/1865.pdf HTTP/1.1" 200 208292
180.76.15.134 - - [21/Jun/2015:04:31:44 -0500] "GET /BLA/resoluciones/AUTOS%202009/0750.pdf HTTP/1.1" 200 292910
66.249.64.233 - - [21/Jun/2015:04:32:11 -0500] "GET /BLA/resoluciones/RESOLUCIONES%202010/7703.pdf HTTP/1.1" 200 523084
74.86.158.107 - - [21/Jun/2015:04:32:14 -0500] "HEAD / HTTP/1.1" 200 -
180.76.15.10 - - [21/Jun/2015:04:32:25 -0500] "GET /BLA/resoluciones/RESOLUCIONES%202008/0192.pdf HTTP/1.1" 200 271833
180.76.15.156 - - [21/Jun/2015:04:33:08 -0500] "GET /BLA/resoluciones/AUTOS%202014/0561.pdf HTTP/1.1" 200 373876
66.249.64.233 - - [21/Jun/2015:04:33:30 -0500] "GET /BLA/resoluciones/AUTOS%202007/3027.pdf HTTP/1.1" 200 89847
180.76.15.25 - - [21/Jun/2015:04:33:50 -0500] "GET /BLA/resoluciones/AUTOS%202009/3421.pdf HTTP/1.1" 200 97135
180.76.15.27 - - [21/Jun/2015:04:34:33 -0500] "GET /BLA/resoluciones/RESOLUCIONES%202008/0071.pdf HTTP/1.1" 200 320996
66.249.64.223 - - [21/Jun/2015:04:34:49 -0500] "GET /BLA/resoluciones/AUTOS%202007/1522.pdf HTTP/1.1" 200 135569
66.249.64.228 - - [21/Jun/2015:04:34:53 -0500] "GET /galeria/nivo-slider/demo/images/canto5.jpg HTTP/1.1" 200 110894
180.76.15.31 - - [21/Jun/2015:04:35:16 -0500] "GET /BLA/resoluciones/AUTOS%202009/1593.pdf HTTP/1.1" 200 125078
66.249.64.223 - - [21/Jun/2015:04:35:24 -0500] "GET /BLA/resoluciones/AUTOS%202014/6310.pdf HTTP/1.1" 200 522194
180.76.15.29 - - [21/Jun/2015:04:35:58 -0500] "GET /BLA/resoluciones/AUTOS%202009/3083.pdf HTTP/1.1" 200 186390
66.249.64.228 - - [21/Jun/2015:04:36:08 -0500] "GET /BLA/resoluciones/AUTOS%202011/4127.pdf HTTP/1.1" 200 234529
180.76.15.21 - - [21/Jun/2015:04:36:41 -0500] "GET /BLA/resoluciones/AUTOS%202009/0786.pdf HTTP/1.1" 200 197120
74.86.158.107 - - [21/Jun/2015:04:37:14 -0500] "HEAD / HTTP/1.1" 200 -
180.76.15.155 - - [21/Jun/2015:04:37:23 -0500] "GET /BLA/resoluciones/AUTOS%202009/2188.pdf HTTP/1.1" 200 334590
66.249.64.233 - - [21/Jun/2015:04:37:26 -0500] "GET /BLA/resoluciones/RESOLUCIONES%202010/4408.pdf HTTP/1.1" 200 474859
157.55.39.6 - - [21/Jun/2015:04:37:46 -0500] "GET /dama/libreria/php/imagenes/25.jpg HTTP/1.1" 404 1019
157.55.39.140 - - [21/Jun/2015:04:37:50 -0500] "GET /Anexos%20estudio%20Organizacional%20SDA/ANEXO%20No.%201-%20NORMAS%20LEGALES%20DE%20ESTRUCTURA%20Y%20PLANTA/Decreto%20673%20de%201995%20Reestructura%20el%20DAMA_files/FFFFFFbr.gif HTTP/1.1" 200 84
180.76.15.135 - - [21/Jun/2015:04:38:06 -0500] "GET /BLA/resoluciones/AUTOS%202009/1210.pdf HTTP/1.1" 200 123191
66.249.64.233 - - [21/Jun/2015:04:38:45 -0500] "GET /BLA/resoluciones/RESOLUCIONES%202009/3471.pdf HTTP/1.1" 200 639705
180.76.15.18 - - [21/Jun/2015:04:38:48 -0500] "GET /BLA/resoluciones/RESOLUCIONES%202007/RES%202007%203001%20AL%203100/RESOLUCION%203082%20DE%202007.pdf HTTP/1.1" 200 354039
180.76.15.31 - - [21/Jun/2015:04:39:31 -0500] "GET /BLA/resoluciones/AUTOS%202010/5591.pdf HTTP/1.1" 200 826190
66.249.64.233 - - [21/Jun/2015:04:40:04 -0500] "GET /BLA/resoluciones/RESOLUCIONES%202008/2401.pdf HTTP/1.1" 200 199894
66.249.64.121 - - [21/Jun/2015:04:40:09 -0500] "GET /StormSDA/userFiles/user_files/formatos/2.xml HTTP/1.1" 200 1629
180.76.15.138 - - [21/Jun/2015:04:40:13 -0500] "GET /BLA/resoluciones/AUTOS%202009/6400.pdf HTTP/1.1" 200 2596221
180.76.15.17 - - [21/Jun/2015:04:40:56 -0500] "GET /BLA/resoluciones/AUTOS%202009/1683.pdf HTTP/1.1" 200 123469
66.249.64.228 - - [21/Jun/2015:04:41:23 -0500] "GET /BLA/resoluciones/AUTOS%202007/2917.pdf HTTP/1.1" 200 432355
180.76.15.26 - - [21/Jun/2015:04:41:39 -0500] "GET /BLA/resoluciones/AUTOS%202012/1594.pdf HTTP/1.1" 200 392705
66.249.64.121 - - [21/Jun/2015:04:41:40 -0500] "GET /portalsiaccapacitaciones/Soportes%20Capacitaciones%202013/0033.%20PRESENTACION%20ESTACIONES%20DE%20SERVICIO%20-%2015%20de%20Agosto.pdf HTTP/1.1" 304 -
207.46.13.19 - - [21/Jun/2015:04:41:32 -0500] "GET /robots.txt HTTP/1.1" 404 10772
66.249.64.233 - - [21/Jun/2015:04:42:07 -0500] "GET /BLA/resoluciones/RESOLUCIONES%202010/2148.pdf HTTP/1.1" 200 527247
74.86.158.107 - - [21/Jun/2015:04:42:14 -0500] "HEAD / HTTP/1.1" 200 -
180.76.15.17 - - [21/Jun/2015:04:42:21 -0500] "GET /BLA/resoluciones/AUTOS%202012/0498.pdf HTTP/1.1" 200 296583
66.249.64.233 - - [21/Jun/2015:04:42:42 -0500] "GET /BLA/resoluciones/AUTOS%202007/0813.pdf HTTP/1.1" 200 75993
180.76.15.11 - - [21/Jun/2015:04:43:03 -0500] "GET /BLA/resoluciones/AUTOS%202009/1495.pdf HTTP/1.1" 200 186836
180.76.15.27 - - [21/Jun/2015:04:43:46 -0500] "GET /BLA/resoluciones/RESOLUCIONES%202007/RES%202007%20201%20AL%20300/RESOLUCION%200261%20%20DE%202007.pdf HTTP/1.1" 200 401385
201.245.192.253 - - [21/Jun/2015:04:43:51 -0500] "GET /forest/img/panel/right/home.gif HTTP/1.1" 304 -
66.249.64.233 - - [21/Jun/2015:04:44:01 -0500] "GET /BLA/resoluciones/RESOLUCIONES%202008/3006.pdf HTTP/1.1" 200 207756
180.76.15.156 - - [21/Jun/2015:04:44:28 -0500] "GET /BLA/resoluciones/AUTOS%202009/1992.pdf HTTP/1.1" 200 174606
180.76.15.151 - - [21/Jun/2015:04:45:11 -0500] "GET /BLA/resoluciones/AUTOS%202009/2780.pdf HTTP/1.1" 200 111026
66.249.64.233 - - [21/Jun/2015:04:45:19 -0500] "GET /BLA/resoluciones/RESOLUCIONES%202009/3282.pdf HTTP/1.1" 200 713598
180.76.15.27 - - [21/Jun/2015:04:45:54 -0500] "GET /BLA/resoluciones/RESOLUCIONES%202008/0576.pdf HTTP/1.1" 200 302699
186.30.66.220 - - [21/Jun/2015:04:45:58 -0500] "GET /forest/session.jsp?a=0.6591024955268949 HTTP/1.1" 200 5
180.76.15.26 - - [21/Jun/2015:04:46:36 -0500] "GET /BLA/resoluciones/AUTOS%202009/2258.pdf HTTP/1.1" 200 121572
66.249.64.223 - - [21/Jun/2015:04:46:38 -0500] "GET /BLA/resoluciones/RESOLUCIONES%202009/3178.pdf HTTP/1.1" 200 815593
74.86.158.107 - - [21/Jun/2015:04:47:14 -0500] "HEAD / HTTP/1.1" 200 -
180.76.15.146 - - [21/Jun/2015:04:47:19 -0500] "GET /BLA/resoluciones/AUTOS%202009/2206.pdf HTTP/1.1" 200 112984
207.46.13.19 - - [21/Jun/2015:04:47:12 -0500] "GET /robots.txt HTTP/1.1" 404 10772
66.249.64.233 - - [21/Jun/2015:04:47:54 -0500] "GET /BLA/resoluciones/RESOLUCIONES%202014/1941.pdf HTTP/1.1" 200 613523
66.249.64.228 - - [21/Jun/2015:04:47:57 -0500] "GET /BLA/resoluciones/AUTOS%202011/5832.pdf HTTP/1.1" 200 241081
180.76.15.161 - - [21/Jun/2015:04:48:01 -0500] "GET /BLA/resoluciones/AUTOS%202009/2138.pdf HTTP/1.1" 200 83321
131.253.26.248 - - [21/Jun/2015:04:48:18 -0500] "GET /BLA/boletinlegal/js/jquery.scrollTo-min.js HTTP/1.1" 200 1150
131.253.26.255 - - [21/Jun/2015:04:48:18 -0500] "GET /BLA/boletinlegal/js/jquery.scrollShow.js HTTP/1.1" 200 4586
65.55.212.94 - - [21/Jun/2015:04:48:27 -0500] "GET /galeria/galeria/jquery.fancybox.js?v=2.1.5 HTTP/1.1" 200 48706
65.55.218.60 - - [21/Jun/2015:04:48:27 -0500] "GET /galeria/galeria/jquery.fancybox.css?v=2.1.5 HTTP/1.1" 200 4895
180.76.15.32 - - [21/Jun/2015:04:48:44 -0500] "GET /BLA/resoluciones/AUTOS%202014/1704.pdf HTTP/1.1" 200 1042733
131.253.26.251 - - [21/Jun/2015:04:48:56 -0500] "GET /BLA/boletinlegal/js/jquery.scrollTo-min.js HTTP/1.1" 200 1150
131.253.26.227 - - [21/Jun/2015:04:48:56 -0500] "GET /BLA/boletinlegal/js/jquery.scrollShow.js HTTP/1.1" 200 4586
131.253.26.251 - - [21/Jun/2015:04:48:56 -0500] "GET /galeria/galeria/jquery.fancybox.js?v=2.1.5 HTTP/1.1" 200 48706
131.253.26.227 - - [21/Jun/2015:04:48:56 -0500] "GET /galeria/galeria/jquery.fancybox.css?v=2.1.5 HTTP/1.1" 200 4895
69.58.178.56 - - [21/Jun/2015:04:48:50 -0500] "GET /robots.txt HTTP/1.1" 404 19486
69.58.178.56 - - [21/Jun/2015:04:48:50 -0500] "GET /robots.txt HTTP/1.1" 404 19486
69.58.178.56 - - [21/Jun/2015:04:49:09 -0500] "GET / HTTP/1.1" 200 31212
69.58.178.56 - - [21/Jun/2015:04:49:09 -0500] "GET / HTTP/1.1" 200 31212
66.249.64.223 - - [21/Jun/2015:04:49:16 -0500] "GET /BLA/resoluciones/RESOLUCIONES%202010/7662.pdf HTTP/1.1" 200 165966
69.58.178.56 - - [21/Jun/2015:04:49:17 -0500] "GET / HTTP/1.1" 200 31212
69.58.178.56 - - [21/Jun/2015:04:49:17 -0500] "GET / HTTP/1.1" 200 31212
180.76.15.12 - - [21/Jun/2015:04:49:26 -0500] "GET /BLA/resoluciones/AUTOS%202009/5435.pdf HTTP/1.1" 200 2046361
66.249.64.233 - - [21/Jun/2015:04:49:52 -0500] "GET /BLA/resoluciones/RESOLUCIONES%202002/RES%202002%2051-100/2002RES88.tif HTTP/1.1" 304 -
180.76.15.151 - - [21/Jun/2015:04:50:09 -0500] "GET /BLA/resoluciones/RESOLUCIONES%202007/RES%202007%201101%20AL%201200/RESOLUCION%201163%20DE%202007.pdf HTTP/1.1" 200 31653
66.249.64.228 - - [21/Jun/2015:04:50:35 -0500] "GET /BLA/resoluciones/RESOLUCIONES%202010/6534.pdf HTTP/1.1" 200 86739
180.76.15.6 - - [21/Jun/2015:04:50:51 -0500] "GET /BLA/resoluciones/AUTOS%202009/1209.pdf HTTP/1.1" 200 122553
180.76.15.30 - - [21/Jun/2015:04:51:34 -0500] "GET /BLA/resoluciones/AUTOS%202009/0564.pdf HTTP/1.1" 200 125362
66.249.64.223 - - [21/Jun/2015:04:51:54 -0500] "GET /BLA/resoluciones/RESOLUCIONES%202010/7248.pdf HTTP/1.1" 200 70483
74.86.158.107 - - [21/Jun/2015:04:52:14 -0500] "HEAD / HTTP/1.1" 200 -
180.76.15.161 - - [21/Jun/2015:04:52:17 -0500] "GET /BLA/resoluciones/AUTOS%202009/3152.pdf HTTP/1.1" 200 132529
180.76.15.21 - - [21/Jun/2015:04:52:59 -0500] "GET /BLA/resoluciones/AUTOS%202009/0664.pdf HTTP/1.1" 200 81412
66.249.64.223 - - [21/Jun/2015:04:53:13 -0500] "GET /BLA/resoluciones/RESOLUCIONES%202009/0110.pdf HTTP/1.1" 200 250673
180.76.15.153 - - [21/Jun/2015:04:53:42 -0500] "GET /BLA/resoluciones/RESOLUCIONES%202007/RES%202007%202301%20AL%202400/RESOLUCION%202322%20DE%202007.pdf HTTP/1.1" 200 635595
66.249.64.228 - - [21/Jun/2015:04:54:09 -0500] "GET /BLA/resoluciones/RESOLUCIONES%202012/1914.pdf HTTP/1.1" 200 319834
180.76.15.10 - - [21/Jun/2015:04:54:25 -0500] "GET /BLA/resoluciones/AUTOS%202009/0021.pdf HTTP/1.1" 200 186346
66.249.64.228 - - [21/Jun/2015:04:54:31 -0500] "GET /BLA/resoluciones/AUTOS%202011/4264.pdf HTTP/1.1" 200 261003
180.76.15.5 - - [21/Jun/2015:04:55:07 -0500] "GET /BLA/resoluciones/AUTOS%202010/6565.pdf HTTP/1.1" 200 150395
180.76.15.155 - - [21/Jun/2015:04:55:49 -0500] "GET /BLA/resoluciones/AUTOS%202009/2904.pdf HTTP/1.1" 200 85880
66.249.64.233 - - [21/Jun/2015:04:55:50 -0500] "GET /BLA/resoluciones/RESOLUCIONES%202009/4138.pdf HTTP/1.1" 200 772705
180.76.15.140 - - [21/Jun/2015:04:56:32 -0500] "GET /BLA/resoluciones/AUTOS%202009/0552.pdf HTTP/1.1" 200 125613
157.55.39.21 - - [21/Jun/2015:04:56:45 -0500] "GET /galeria/galeria/fotos/Humedal-Tibanica3G.jpg HTTP/1.1" 200 428565
66.249.64.233 - - [21/Jun/2015:04:57:09 -0500] "GET /BLA/resoluciones/RESOLUCIONES%202009/7352.pdf HTTP/1.1" 200 108008
74.86.158.107 - - [21/Jun/2015:04:57:14 -0500] "HEAD / HTTP/1.1" 200 -
180.76.15.141 - - [21/Jun/2015:04:57:14 -0500] "GET /BLA/resoluciones/AUTOS%202009/2799.pdf HTTP/1.1" 200 78820
180.76.15.143 - - [21/Jun/2015:04:57:57 -0500] "GET /BLA/resoluciones/AUTOS%202010/5345.pdf HTTP/1.1" 200 1280374
201.245.192.253 - - [21/Jun/2015:04:58:08 -0500] "GET /forest/skins/gdocs-jar/img/desasociarUser.gif HTTP/1.1" 304 -
66.249.64.233 - - [21/Jun/2015:04:58:28 -0500] "GET /BLA/resoluciones/RESOLUCIONES%202010/7716.pdf HTTP/1.1" 200 523958
180.76.15.25 - - [21/Jun/2015:04:58:39 -0500] "GET /BLA/resoluciones/RESOLUCIONES%202007/RES%202007%201001%20AL%201100/RESOLUCION%201069%20DE%202007.pdf HTTP/1.1" 200 282061
207.46.13.19 - - [21/Jun/2015:04:58:28 -0500] "GET /robots.txt HTTP/1.1" 404 10772
207.46.13.19 - - [21/Jun/2015:04:58:44 -0500] "GET / HTTP/1.1" 200 31212
123.125.71.87 - - [21/Jun/2015:04:58:55 -0500] "GET /BLA/resoluciones/index.php?dir=AUTOS+2013%2F HTTP/1.1" 200 346227
220.181.108.147 - - [21/Jun/2015:04:59:03 -0500] "GET /BLA/resoluciones/dlf/styles.css HTTP/1.1" 200 3049
180.76.15.159 - - [21/Jun/2015:04:59:22 -0500] "GET /BLA/resoluciones/AUTOS%202014/1717.pdf HTTP/1.1" 200 873089
66.249.64.233 - - [21/Jun/2015:04:59:47 -0500] "GET /BLA/resoluciones/RESOLUCIONES%202009/9762.pdf HTTP/1.1" 200 296131
180.76.15.140 - - [21/Jun/2015:05:00:04 -0500] "GET /BLA/resoluciones/AUTOS%202009/1874.pdf HTTP/1.1" 200 101241
66.249.64.233 - - [21/Jun/2015:05:00:25 -0500] "GET /BLA/resoluciones/RESOLUCIONES%202011/6046.pdf HTTP/1.1" 200 495779
180.76.15.22 - - [21/Jun/2015:05:00:47 -0500] "GET /BLA/resoluciones/AUTOS%202010/5401.pdf HTTP/1.1" 200 1695203
66.249.64.223 - - [21/Jun/2015:05:01:05 -0500] "GET /BLA/resoluciones/RESOLUCIONES%202010/6959.pdf HTTP/1.1" 200 67855
180.76.15.134 - - [21/Jun/2015:05:01:30 -0500] "GET /BLA/resoluciones/AUTOS%202009/0818.pdf HTTP/1.1" 200 77503
180.76.15.29 - - [21/Jun/2015:05:02:12 -0500] "GET /BLA/resoluciones/AUTOS%202009/3443.pdf HTTP/1.1" 200 98412
74.86.158.107 - - [21/Jun/2015:05:02:14 -0500] "HEAD / HTTP/1.1" 200 -
88.198.233.69 - - [21/Jun/2015:05:02:22 -0500] "GET / HTTP/1.1" 200 10190
66.249.64.223 - - [21/Jun/2015:05:02:24 -0500] "GET /BLA/resoluciones/RESOLUCIONES%202008/2442.pdf HTTP/1.1" 200 115050
157.55.39.6 - - [21/Jun/2015:05:02:27 -0500] "GET /ecodirectorio/? HTTP/1.1" 200 4751
180.76.15.8 - - [21/Jun/2015:05:02:55 -0500] "GET /BLA/resoluciones/AUTOS%202009/0055.pdf HTTP/1.1" 200 104147
180.76.15.28 - - [21/Jun/2015:05:03:21 -0500] "GET /dama/libreria/php/decide.php?patron=03.1305020113&numm=21 HTTP/1.1" 404 1019
180.76.15.21 - - [21/Jun/2015:05:03:37 -0500] "GET /BLA/resoluciones/AUTOS%202009/1873.pdf HTTP/1.1" 200 99507
66.249.64.228 - - [21/Jun/2015:05:03:41 -0500] "GET /galeria/nivo-slider/demo/images/7feb-1.jpg HTTP/1.1" 200 78028
66.249.64.233 - - [21/Jun/2015:05:03:43 -0500] "GET /BLA/resoluciones/RESOLUCIONES%202008/0154.pdf HTTP/1.1" 200 59559
180.76.15.141 - - [21/Jun/2015:05:04:20 -0500] "GET /BLA/resoluciones/AUTOS%202009/0525.pdf HTTP/1.1" 200 177059
180.76.15.153 - - [21/Jun/2015:05:05:02 -0500] "GET /BLA/resoluciones/AUTOS%202009/2558.pdf HTTP/1.1" 200 101109
66.249.64.223 - - [21/Jun/2015:05:05:02 -0500] "GET /BLA/resoluciones/RESOLUCIONES%202009/2951.pdf HTTP/1.1" 200 466591
180.76.15.159 - - [21/Jun/2015:05:05:45 -0500] "GET /BLA/resoluciones/AUTOS%202009/3005.pdf HTTP/1.1" 200 187392
66.249.64.233 - - [21/Jun/2015:05:06:21 -0500] "GET /BLA/resoluciones/RESOLUCIONES%202010/7601.pdf HTTP/1.1" 200 68813
180.76.15.137 - - [21/Jun/2015:05:06:27 -0500] "GET /BLA/resoluciones/AUTOS%202014/2805.pdf HTTP/1.1" 200 1282445
66.249.64.228 - - [21/Jun/2015:05:06:39 -0500] "GET /BLA/resoluciones/RESOLUCIONES%202013/1838.pdf HTTP/1.1" 200 211804
180.76.15.17 - - [21/Jun/2015:05:07:10 -0500] "GET /BLA/resoluciones/AUTOS%202009/2917.pdf HTTP/1.1" 200 89206
74.86.158.107 - - [21/Jun/2015:05:07:14 -0500] "HEAD / HTTP/1.1" 200 -
66.249.64.233 - - [21/Jun/2015:05:07:40 -0500] "GET /BLA/resoluciones/RESOLUCIONES%202007/RES%202007%20501%20AL%20600/RESOLUCION%200525%20DE%202007.pdf HTTP/1.1" 200 103189
180.76.15.16 - - [21/Jun/2015:05:07:52 -0500] "GET /BLA/resoluciones/AUTOS%202009/1768.pdf HTTP/1.1" 200 108202
180.76.15.155 - - [21/Jun/2015:05:08:35 -0500] "GET /BLA/resoluciones/AUTOS%202009/3400.pdf HTTP/1.1" 200 100174
66.249.64.223 - - [21/Jun/2015:05:08:58 -0500] "GET /BLA/resoluciones/RESOLUCIONES%202011/5008.pdf HTTP/1.1" 200 349625
180.76.15.146 - - [21/Jun/2015:05:09:18 -0500] "GET /BLA/resoluciones/AUTOS%202014/0398.pdf HTTP/1.1" 200 5036201
180.76.15.153 - - [21/Jun/2015:05:10:00 -0500] "GET /BLA/resoluciones/RESOLUCIONES%202007/RES%202007%201%20AL%20100/RESOLUCION%200054%20DE%202007.pdf HTTP/1.1" 200 231622
66.249.64.233 - - [21/Jun/2015:05:10:17 -0500] "GET /BLA/resoluciones/RESOLUCIONES%202011/5079.pdf HTTP/1.1" 200 441515
157.55.39.216 - - [21/Jun/2015:05:10:28 -0500] "GET / HTTP/1.1" 200 10190
180.76.15.29 - - [21/Jun/2015:05:10:43 -0500] "GET /BLA/resoluciones/AUTOS%202009/2673.pdf HTTP/1.1" 200 71136
180.76.15.20 - - [21/Jun/2015:05:11:25 -0500] "GET /BLA/resoluciones/AUTOS%202014/5925.pdf HTTP/1.1" 200 208700
66.249.64.223 - - [21/Jun/2015:05:11:36 -0500] "GET /BLA/resoluciones/RESOLUCIONES%202009/3957.pdf HTTP/1.1" 304 -
