181.60.134.122 - - [07/Jul/2015:00:55:36 -0500] "GET /forest/skins/gdocs-jar/popup/FileViewerTree.jsp?coddoc=1695443&ext=doc&numpro=2358880&nombre=2012ER059578.doc&codfile=-1&rootPath=/forest/ HTTP/1.1" 200 6347
181.60.134.122 - - [07/Jul/2015:00:55:36 -0500] "GET /forest/img/dtree/visor/word.png HTTP/1.1" 200 57342
66.249.79.120 - - [07/Jul/2015:00:55:37 -0500] "GET /BLA/resoluciones/RESOLUCIONES%202013/1297.pdf HTTP/1.1" 304 -
181.60.134.122 - - [07/Jul/2015:00:55:36 -0500] "GET /forest/visualizar.do?codDoc=1695443&ext=doc&codfile=-1&iscodfile=false&nombre=2012ER059578.doc HTTP/1.1" 200 207680
66.249.79.120 - - [07/Jul/2015:00:55:46 -0500] "GET /BLA/resoluciones/AUTOS%202014/3029.pdf HTTP/1.1" 304 -
66.249.79.190 - - [07/Jul/2015:00:55:56 -0500] "GET /PruebasSTORM/StormSDA_pruebas/userFiles/user_files/formulas/3/610.xml HTTP/1.1" 200 991
181.60.134.122 - - [07/Jul/2015:00:55:56 -0500] "GET /forest/session.jsp?a=0.16042317915707827 HTTP/1.1" 200 4
66.249.79.133 - - [07/Jul/2015:00:56:05 -0500] "GET /BLA/resoluciones/RESOLUCIONES%202009/8785.pdf HTTP/1.1" 304 -
66.249.79.107 - - [07/Jul/2015:00:56:14 -0500] "GET /BLA/resoluciones/AUTOS%202012/0153.pdf HTTP/1.1" 304 -
66.249.79.190 - - [07/Jul/2015:00:56:24 -0500] "GET /PruebasSTORM/StormSDA_pruebas/userFiles/user_files/formulas/3/283.xml HTTP/1.1" 304 -
66.249.79.120 - - [07/Jul/2015:00:56:33 -0500] "GET /BLA/resoluciones/AUTOS%202008/1411.pdf HTTP/1.1" 304 -
66.249.79.190 - - [07/Jul/2015:00:56:42 -0500] "GET /PruebasSTORM/StormSDA_pruebas/userFiles/user_files/formulas/3/633.xml HTTP/1.1" 304 -
181.60.134.122 - - [07/Jul/2015:00:56:47 -0500] "GET /forest/skins/gdocs-jar/popup/FileViewer.jsp?codDoc=1695443&ext=pdf&codfile=860570&iscodfile=true&nombre=RADICADO%202009EE4513%20HOSPITAL.pdf HTTP/1.1" 200 4012
181.60.134.122 - - [07/Jul/2015:00:56:47 -0500] "GET /forest/visualizar.do?codDoc=1695443&ext=pdf&codfile=860570&iscodfile=true&nombre=RADICADO%202009EE4513%20HOSPITAL.pdf HTTP/1.1" 200 136853
66.249.79.177 - - [07/Jul/2015:00:56:52 -0500] "GET /PruebasSTORM/StormSDA_pruebas/userFiles/user_files/formulas/3/657.xml HTTP/1.1" 304 -
181.60.134.122 - - [07/Jul/2015:00:56:54 -0500] "GET /forest/skins/gdocs-jar/popup/FileViewer.jsp?codDoc=1483353&ext=pdf&codfile=undefined&iscodfile=undefined&nombre=2012ER059578.pdf HTTP/1.1" 200 3996
181.60.134.122 - - [07/Jul/2015:00:56:54 -0500] "GET /forest/visualizar.do?codDoc=1483353&ext=pdf&codfile=undefined&iscodfile=undefined&nombre=2012ER059578.pdf HTTP/1.1" 200 547329
66.249.79.190 - - [07/Jul/2015:00:57:01 -0500] "GET /PruebasSTORM/StormSDA_pruebas/userFiles/user_files/formulas/3/308.xml HTTP/1.1" 304 -
181.60.134.122 - - [07/Jul/2015:00:57:03 -0500] "GET /forest/skins/gdocs-jar/popup/FileViewer.jsp?codDoc=1695443&ext=pdf&codfile=860570&iscodfile=true&nombre=RADICADO%202009EE4513%20HOSPITAL.pdf HTTP/1.1" 200 4012
181.60.134.122 - - [07/Jul/2015:00:57:03 -0500] "GET /forest/visualizar.do?codDoc=1695443&ext=pdf&codfile=860570&iscodfile=true&nombre=RADICADO%202009EE4513%20HOSPITAL.pdf HTTP/1.1" 200 136853
66.249.79.120 - - [07/Jul/2015:00:57:10 -0500] "GET /BLA/resoluciones/RESOLUCIONES%202011/4837.pdf HTTP/1.1" 304 -
66.249.79.107 - - [07/Jul/2015:00:57:20 -0500] "GET /BLA/resoluciones/RESOLUCIONES%202012/1391.pdf HTTP/1.1" 304 -
66.249.79.164 - - [07/Jul/2015:00:57:29 -0500] "GET /PruebasSTORM/StormSDA_pruebas/userFiles/user_files/formulas/3/567.xml HTTP/1.1" 304 -
66.249.79.133 - - [07/Jul/2015:00:57:38 -0500] "GET /BLA/resoluciones/RESOLUCIONES%202008/3314.pdf HTTP/1.1" 304 -
66.249.79.164 - - [07/Jul/2015:00:57:48 -0500] "GET /PruebasSTORM/StormSDA_pruebas/userFiles/user_files/formulas/3/530.xml HTTP/1.1" 304 -
66.249.79.120 - - [07/Jul/2015:00:57:57 -0500] "GET /BLA/resoluciones/AUTOS%202011/7542.pdf HTTP/1.1" 304 -
66.249.79.120 - - [07/Jul/2015:00:58:06 -0500] "GET /BLA/resoluciones/AUTOS%202011/7630.pdf HTTP/1.1" 304 -
181.60.134.122 - - [07/Jul/2015:00:58:07 -0500] "GET /forest/skins/gdocs-jar/popup/FileViewerTree.jsp?coddoc=1695443&ext=doc&numpro=2631594&nombre=2012ER059578.doc&codfile=-1&rootPath=/forest/ HTTP/1.1" 200 4715
181.60.134.122 - - [07/Jul/2015:00:58:07 -0500] "GET /forest/visualizar.do?codDoc=1695443&ext=doc&codfile=-1&iscodfile=false&nombre=2012ER059578.doc HTTP/1.1" 200 207682
66.249.79.133 - - [07/Jul/2015:00:58:15 -0500] "GET /BLA/resoluciones/RESOLUCIONES%202005/RES%202005%20751-800/00000772.tif HTTP/1.1" 304 -
66.249.79.120 - - [07/Jul/2015:00:58:16 -0500] "GET /BLA/resoluciones/RESOLUCIONES%202011/4656.pdf HTTP/1.1" 304 -
66.249.79.107 - - [07/Jul/2015:00:58:25 -0500] "GET /BLA/resoluciones/AUTOS%202008/0612.pdf HTTP/1.1" 304 -
201.245.192.252 - - [07/Jul/2015:00:58:30 -0500] "GET /autoliquidacion/Solicitudes%20relacionadas%20con%20calidad%20del%20aire%20auditiva%20y%20visual/Registro%20de%20Elementos%20de%20publicidad%20Exterior%20Visual/Resolucion%200877%20126PM04-PR16%20registro%20pev.pdf HTTP/1.1" 304 -
66.249.79.133 - - [07/Jul/2015:00:58:34 -0500] "GET /BLA/resoluciones/AUTOS%202011/5410.pdf HTTP/1.1" 304 -
66.249.79.120 - - [07/Jul/2015:00:58:44 -0500] "GET /BLA/resoluciones/RESOLUCIONES%202007/RES%202007%20401%20AL%20500/RESOLUCION%200461%20DE%202007.pdf HTTP/1.1" 304 -
66.249.79.133 - - [07/Jul/2015:00:58:53 -0500] "GET /BLA/resoluciones/RESOLUCIONES%202010/6132.pdf HTTP/1.1" 304 -
66.249.79.120 - - [07/Jul/2015:00:59:02 -0500] "GET /BLA/resoluciones/AUTOS%202008/2081.pdf HTTP/1.1" 304 -
66.249.79.120 - - [07/Jul/2015:00:59:12 -0500] "GET /BLA/resoluciones/AUTOS%202011/4051.pdf HTTP/1.1" 304 -
66.249.79.107 - - [07/Jul/2015:00:59:21 -0500] "GET /BLA/resoluciones/RESOLUCIONES%202013/1223.pdf HTTP/1.1" 304 -
66.249.79.107 - - [07/Jul/2015:00:59:31 -0500] "GET /BLA/resoluciones/AUTOS%202008/0909.pdf HTTP/1.1" 304 -
66.249.79.120 - - [07/Jul/2015:00:59:40 -0500] "GET /BLA/resoluciones/AUTOS%202012/0243.pdf HTTP/1.1" 304 -
66.249.79.120 - - [07/Jul/2015:00:59:49 -0500] "GET /BLA/resoluciones/RESOLUCIONES%202013/0074%20.pdf HTTP/1.1" 304 -
66.249.79.120 - - [07/Jul/2015:00:59:59 -0500] "GET /Residuos/impresion/files/guia_impresion-lit.pdf HTTP/1.1" 304 -
74.86.158.107 - - [07/Jul/2015:01:00:07 -0500] "HEAD / HTTP/1.1" 200 -
66.249.79.107 - - [07/Jul/2015:01:00:08 -0500] "GET /BLA/resoluciones/AUTOS%202011/2650.pdf HTTP/1.1" 304 -
66.249.79.107 - - [07/Jul/2015:01:00:17 -0500] "GET /BLA/resoluciones/RESOLUCIONES%202011/0216.pdf HTTP/1.1" 304 -
188.165.15.152 - - [07/Jul/2015:01:00:22 -0500] "GET /BLA/resoluciones/RESOLUCIONES%202003/RES%202003%20551-600/569.tif HTTP/1.1" 200 218452
66.249.79.190 - - [07/Jul/2015:01:00:27 -0500] "GET /Autoliquidacion/index.php?dir=TR%C1MITES+VERTIMIENTOS%2F HTTP/1.1" 200 2471
66.249.79.107 - - [07/Jul/2015:01:00:36 -0500] "GET /BLA/resoluciones/RESOLUCIONES%202010/7001.pdf HTTP/1.1" 200 95079
177.249.157.124 - - [07/Jul/2015:01:00:38 -0500] "GET /BLA/boletinlegal/js/jquery.scrollTo-min.js HTTP/1.1" 200 1150
177.249.157.124 - - [07/Jul/2015:01:00:38 -0500] "GET /galeria/galeria/jquery.fancybox.css?v=2.1.5 HTTP/1.1" 200 4895
177.249.157.124 - - [07/Jul/2015:01:00:38 -0500] "GET /BLA/boletinlegal/js/jquery.scrollShow.js HTTP/1.1" 200 4586
177.249.157.124 - - [07/Jul/2015:01:00:38 -0500] "GET /galeria/galeria/jquery.fancybox.js?v=2.1.5 HTTP/1.1" 200 48706
66.249.79.190 - - [07/Jul/2015:01:00:55 -0500] "GET /portalsiaccapacitaciones/Soportes%20Capacitaciones%202014/0103.%20Presentaci%C3%B3n%20Guia%20PGIRCD%2030-09-14.pdf HTTP/1.1" 304 -
181.60.134.122 - - [07/Jul/2015:01:00:56 -0500] "GET /forest/session.jsp?a=0.9589272704906762 HTTP/1.1" 200 4
66.249.79.120 - - [07/Jul/2015:01:01:04 -0500] "GET /BLA/resoluciones/RESOLUCIONES%202009/6479.pdf HTTP/1.1" 304 -
66.249.79.177 - - [07/Jul/2015:01:01:13 -0500] "GET /Autoliquidacion/Solicitudes%20relacionadas%20con%20calidad%20del%20aire%20auditiva%20y%20visual/Acompa%C3%B1amiento%20para%20muestreo%20isocin%C3%A9tico%20y%20o%20determinaciones%20de%20emisiones%20a%20fuentes%20fijas/lineamientos%20Construccion%20Mues%20Emision%20.pdf HTTP/1.1" 304 -
66.249.79.107 - - [07/Jul/2015:01:01:23 -0500] "GET /BLA/resoluciones/RESOLUCIONES%202011/1049.pdf HTTP/1.1" 304 -
66.249.79.107 - - [07/Jul/2015:01:01:32 -0500] "GET /autoliquidacion/Solicitudes%20relacionadas%20con%20calidad%20del%20aire%20auditiva%20y%20visual/Evaluaci%C3%B3n%20de%20Estudios%20de%20ruido/Aplicativo%20Evaluacion%20estudios%20de%20ruido%202015.xlsx HTTP/1.1" 304 -
157.55.39.113 - - [07/Jul/2015:01:01:33 -0500] "GET /BLA/resoluciones/AUTOS%202014/6300.pdf HTTP/1.1" 200 129996
66.249.79.133 - - [07/Jul/2015:01:01:41 -0500] "GET /BLA/resoluciones/RESOLUCIONES%202008/3753.pdf HTTP/1.1" 304 -
66.249.79.164 - - [07/Jul/2015:01:01:51 -0500] "GET /kmz/ HTTP/1.1" 200 4007
66.249.79.120 - - [07/Jul/2015:01:02:00 -0500] "GET /BLA/resoluciones/RESOLUCIONES%202007/RES%202007%201801%20AL%201900/RESOLUCION%201846%20DE%202007.pdf HTTP/1.1" 304 -
66.249.79.120 - - [07/Jul/2015:01:02:09 -0500] "GET /BLA/resoluciones/AUTOS%202009/3036.pdf HTTP/1.1" 304 -
188.165.15.152 - - [07/Jul/2015:01:02:16 -0500] "GET /BLA/resoluciones/AUTOS%202006/AUTOS%202006%202001%20-%202100/00002032.tif HTTP/1.1" 200 112514
66.249.79.133 - - [07/Jul/2015:01:02:19 -0500] "GET /BLA/resoluciones/AUTOS%202011/3752.pdf HTTP/1.1" 304 -
66.249.79.120 - - [07/Jul/2015:01:02:28 -0500] "GET /BLA/resoluciones/AUTOS%202011/1940.pdf HTTP/1.1" 304 -
66.249.79.120 - - [07/Jul/2015:01:02:37 -0500] "GET /BLA/directivas/2011/1.pdf HTTP/1.1" 304 -
88.198.233.69 - - [07/Jul/2015:01:02:42 -0500] "GET / HTTP/1.1" 200 10190
66.249.79.120 - - [07/Jul/2015:01:02:47 -0500] "GET /BLA/resoluciones/AUTOS%202011/0551.pdf HTTP/1.1" 304 -
66.249.79.133 - - [07/Jul/2015:01:02:56 -0500] "GET /BLA/resoluciones/RESOLUCIONES%202011/0866.pdf HTTP/1.1" 304 -
188.165.15.152 - - [07/Jul/2015:01:03:04 -0500] "GET /manual_funciones_Listado/index.php HTTP/1.1" 404 1018
66.249.79.164 - - [07/Jul/2015:01:03:05 -0500] "GET /PORTAL_SIAC/swf/Residuos/curtiembres/files/search/searchtext.xml HTTP/1.1" 304 -
66.249.79.133 - - [07/Jul/2015:01:03:15 -0500] "GET /BLA/resoluciones/RESOLUCIONES%202009/9398.pdf HTTP/1.1" 304 -
66.249.79.164 - - [07/Jul/2015:01:03:24 -0500] "GET /portalsiaccapacitaciones/Soportes%20Capacitaciones%202013/0012.%20Presentaci%C3%B3n%20Resoluci%C3%B3n%20Escombros%2023-05-13.pdf HTTP/1.1" 304 -
66.249.79.107 - - [07/Jul/2015:01:03:34 -0500] "GET /BLA/resoluciones/AUTOS%202008/3165.pdf HTTP/1.1" 304 -
66.249.79.107 - - [07/Jul/2015:01:03:43 -0500] "GET /BLA/resoluciones/AUTOS%202008/1100.pdf HTTP/1.1" 304 -
66.249.79.120 - - [07/Jul/2015:01:03:52 -0500] "GET /BLA/resoluciones/RESOLUCIONES%202009/7283.pdf HTTP/1.1" 304 -
66.249.79.107 - - [07/Jul/2015:01:04:02 -0500] "GET /BLA/resoluciones/RESOLUCIONES%202008/5446.pdf HTTP/1.1" 304 -
66.249.79.107 - - [07/Jul/2015:01:04:11 -0500] "GET /BLA/resoluciones/RESOLUCIONES%202009/9431.pdf HTTP/1.1" 304 -
66.249.79.107 - - [07/Jul/2015:01:04:20 -0500] "GET /BLA/resoluciones/AUTOS%202013/0065.pdf HTTP/1.1" 304 -
66.249.79.120 - - [07/Jul/2015:01:04:30 -0500] "GET /BLA/resoluciones/AUTOS%202011/1548.pdf HTTP/1.1" 304 -
66.249.79.120 - - [07/Jul/2015:01:04:39 -0500] "GET /BLA/resoluciones/RESOLUCIONES%202011/0624.pdf HTTP/1.1" 304 -
66.249.79.120 - - [07/Jul/2015:01:04:48 -0500] "GET /BLA/resoluciones/AUTOS%202009/2954.pdf HTTP/1.1" 304 -
66.249.79.133 - - [07/Jul/2015:01:04:58 -0500] "GET /BLA/resoluciones/RESOLUCIONES%202013/0220.pdf HTTP/1.1" 304 -
66.249.79.164 - - [07/Jul/2015:01:05:07 -0500] "GET /SIG/Gesti%C3%B3n%20de%20Recursos%20F%C3%ADsicos/126PA04-PR05.pdf HTTP/1.1" 304 -
74.86.158.107 - - [07/Jul/2015:01:05:07 -0500] "HEAD / HTTP/1.1" 200 -
66.249.79.107 - - [07/Jul/2015:01:05:16 -0500] "GET /BLA/resoluciones/AUTOS%202011/4709.pdf HTTP/1.1" 304 -
66.249.79.120 - - [07/Jul/2015:01:05:26 -0500] "GET /BLA/resoluciones/RESOLUCIONES%202014/2192.pdf HTTP/1.1" 200 1749647
188.165.15.152 - - [07/Jul/2015:01:05:29 -0500] "GET /BLA/resoluciones/index.php?dir=RESOLUCIONES%202004/RES%202004%201151-1200/&sort=size&order=asc HTTP/1.1" 200 12176
66.249.79.120 - - [07/Jul/2015:01:05:35 -0500] "GET /BLA/resoluciones/RESOLUCIONES%202013/2398.pdf HTTP/1.1" 304 -
66.249.79.120 - - [07/Jul/2015:01:05:44 -0500] "GET /BLA/resoluciones/RESOLUCIONES%202009/7265.pdf HTTP/1.1" 200 285125
66.249.79.120 - - [07/Jul/2015:01:05:54 -0500] "GET /BLA/resoluciones/RESOLUCIONES%202009/9214.pdf HTTP/1.1" 304 -
181.60.134.122 - - [07/Jul/2015:01:05:58 -0500] "GET /forest/session.jsp?a=0.6819963639136404 HTTP/1.1" 200 4
66.249.79.120 - - [07/Jul/2015:01:06:03 -0500] "GET /BLA/resoluciones/RESOLUCIONES%202011/2922.pdf HTTP/1.1" 304 -
66.249.79.120 - - [07/Jul/2015:01:06:11 -0500] "GET /BLA/resoluciones/RESOLUCIONES%202005/RES%202005%20751-800/00000756.tif HTTP/1.1" 304 -
66.249.79.133 - - [07/Jul/2015:01:06:11 -0500] "GET /BLA/resoluciones/RESOLUCIONES%202005/RES%202005%201101-1150/00001111.tif HTTP/1.1" 200 142616
66.249.79.120 - - [07/Jul/2015:01:06:12 -0500] "GET /BLA/resoluciones/RESOLUCIONES%202009/7524.pdf HTTP/1.1" 304 -
66.249.79.133 - - [07/Jul/2015:01:06:22 -0500] "GET /BLA/resoluciones/AUTOS%202008/0351.pdf HTTP/1.1" 304 -
66.249.79.107 - - [07/Jul/2015:01:06:31 -0500] "GET /BLA/resoluciones/RESOLUCIONES%202014/2524.pdf HTTP/1.1" 304 -
66.249.79.164 - - [07/Jul/2015:01:06:40 -0500] "GET /SIG/Gesti%C3%B3n%20Talento%20Humano/126PA01-PR23.pdf HTTP/1.1" 304 -
66.249.79.107 - - [07/Jul/2015:01:06:50 -0500] "GET /BLA/resoluciones/AUTOS%202007/1534.pdf HTTP/1.1" 304 -
66.249.79.133 - - [07/Jul/2015:01:06:59 -0500] "GET /BLA/resoluciones/RESOLUCIONES%202009/4672.pdf HTTP/1.1" 304 -
66.249.79.107 - - [07/Jul/2015:01:07:08 -0500] "GET /BLA/resoluciones/RESOLUCIONES%202008/0519.pdf HTTP/1.1" 304 -
66.249.79.107 - - [07/Jul/2015:01:07:18 -0500] "GET /BLA/resoluciones/AUTOS%202007/0193.pdf HTTP/1.1" 304 -
66.249.79.107 - - [07/Jul/2015:01:07:27 -0500] "GET /BLA/resoluciones/RESOLUCIONES%202011/1203.pdf HTTP/1.1" 304 -
66.249.79.133 - - [07/Jul/2015:01:07:37 -0500] "GET /BLA/resoluciones/RESOLUCIONES%202009/1624.pdf HTTP/1.1" 304 -
66.249.79.133 - - [07/Jul/2015:01:07:46 -0500] "GET /BLA/resoluciones/RESOLUCIONES%202009/6115.pdf HTTP/1.1" 304 -
66.249.79.133 - - [07/Jul/2015:01:07:55 -0500] "GET /BLA/resoluciones/Notificaciones/AUTOS%202014/3954.doc HTTP/1.1" 304 -
188.165.15.152 - - [07/Jul/2015:01:07:59 -0500] "GET /BLA/resoluciones/RESOLUCIONES%202002/RES%202002%201401-1450/20021434.tif HTTP/1.1" 200 133740
66.249.79.133 - - [07/Jul/2015:01:08:05 -0500] "GET /BLA/resoluciones/AUTOS%202011/2092.pdf HTTP/1.1" 304 -
66.249.79.120 - - [07/Jul/2015:01:08:14 -0500] "GET /BLA/resoluciones/RESOLUCIONES%202011/3834.pdf HTTP/1.1" 304 -
66.249.79.107 - - [07/Jul/2015:01:08:23 -0500] "GET /BLA/resoluciones/AUTOS%202008/0210.pdf HTTP/1.1" 304 -
66.249.79.133 - - [07/Jul/2015:01:08:33 -0500] "GET /BLA/resoluciones/RESOLUCIONES%202009/8356.pdf HTTP/1.1" 304 -
66.249.79.133 - - [07/Jul/2015:01:08:42 -0500] "GET /BLA/resoluciones/RESOLUCIONES%202008/1240.pdf HTTP/1.1" 304 -
66.249.79.133 - - [07/Jul/2015:01:08:51 -0500] "GET /BLA/resoluciones/RESOLUCIONES%202007/RES%202007%201001%20AL%201100/RESOLUCION%201021%20DE%202007.pdf HTTP/1.1" 304 -
66.249.79.107 - - [07/Jul/2015:01:09:01 -0500] "GET /BLA/resoluciones/RESOLUCIONES%202007/RES%202007%20801%20AL%20900/RESOLUCION%200858%20DE%202007.pdf HTTP/1.1" 304 -
66.249.79.107 - - [07/Jul/2015:01:09:10 -0500] "GET /BLA/resoluciones/RESOLUCIONES%202009/8498.pdf HTTP/1.1" 304 -
66.249.79.107 - - [07/Jul/2015:01:09:19 -0500] "GET /BLA/resoluciones/RESOLUCIONES%202011/2959.pdf HTTP/1.1" 304 -
66.249.79.120 - - [07/Jul/2015:01:09:29 -0500] "GET /BLA/resoluciones/AUTOS%202012/2170.pdf HTTP/1.1" 304 -
66.249.79.107 - - [07/Jul/2015:01:09:38 -0500] "GET /BLA/resoluciones/RESOLUCIONES%202009/3926.pdf HTTP/1.1" 304 -
66.249.79.133 - - [07/Jul/2015:01:09:47 -0500] "GET /BLA/resoluciones/RESOLUCIONES%202007/RES%202007%201001%20AL%201100/RESOLUCION%201040%20DE%202007.pdf HTTP/1.1" 304 -
188.165.15.152 - - [07/Jul/2015:01:09:50 -0500] "GET /BLA/resoluciones/RESOLUCIONES%202003/RES%202003%201401-1450/20031423.tif HTTP/1.1" 200 125270
66.249.79.107 - - [07/Jul/2015:01:09:57 -0500] "GET /BLA/resoluciones/RESOLUCIONES%202011/0278.pdf HTTP/1.1" 304 -
66.249.79.107 - - [07/Jul/2015:01:10:06 -0500] "GET /BLA/resoluciones/AUTOS%202011/5317.pdf HTTP/1.1" 304 -
74.86.158.107 - - [07/Jul/2015:01:10:07 -0500] "HEAD / HTTP/1.1" 200 -
66.249.79.120 - - [07/Jul/2015:01:10:15 -0500] "GET /BLA/resoluciones/RESOLUCIONES%202009/2078.pdf HTTP/1.1" 304 -
66.249.79.120 - - [07/Jul/2015:01:10:25 -0500] "GET /BLA/resoluciones/RESOLUCIONES%202007/RES%202007%202401%20AL%202500/RESOLUCION%202446%20%20DE%202007.pdf HTTP/1.1" 304 -
190.71.223.152 - - [07/Jul/2015:01:10:26 -0500] "GET /BLA/boletinlegal/js/jquery.scrollTo-min.js HTTP/1.1" 200 1150
190.71.223.152 - - [07/Jul/2015:01:10:26 -0500] "GET /BLA/boletinlegal/js/jquery.scrollShow.js HTTP/1.1" 200 4586
190.71.223.152 - - [07/Jul/2015:01:10:26 -0500] "GET /galeria/galeria/jquery.fancybox.css?v=2.1.5 HTTP/1.1" 200 4895
190.71.223.152 - - [07/Jul/2015:01:10:27 -0500] "GET /galeria/galeria/jquery.fancybox.js?v=2.1.5 HTTP/1.1" 200 48706
188.165.15.152 - - [07/Jul/2015:01:10:33 -0500] "GET /BLA/resoluciones/AUTOS%202006/AUTOS%202006%202501%20-%202600/00002576.tif HTTP/1.1" 200 94640
66.249.79.133 - - [07/Jul/2015:01:10:34 -0500] "GET /BLA/resoluciones/RESOLUCIONES%202009/6122.pdf HTTP/1.1" 304 -
190.71.223.152 - - [07/Jul/2015:01:10:37 -0500] "GET /BLA/boletinlegal/js/jquery.scrollTo-min.js HTTP/1.1" 304 -
190.71.223.152 - - [07/Jul/2015:01:10:37 -0500] "GET /galeria/galeria/jquery.fancybox.css?v=2.1.5 HTTP/1.1" 304 -
190.71.223.152 - - [07/Jul/2015:01:10:37 -0500] "GET /BLA/boletinlegal/js/jquery.scrollShow.js HTTP/1.1" 304 -
190.71.223.152 - - [07/Jul/2015:01:10:37 -0500] "GET /galeria/galeria/jquery.fancybox.js?v=2.1.5 HTTP/1.1" 304 -
66.249.79.177 - - [07/Jul/2015:01:10:43 -0500] "GET /BLA/boletinlegal/jurisprudencia/analisis/analisis%20sentencia%20C%20401%20de%202010.doc HTTP/1.1" 304 -
66.249.79.107 - - [07/Jul/2015:01:10:53 -0500] "GET /BLA/resoluciones/RESOLUCIONES%202007/RES%202007%201901%20AL%202000/RESOLUCION%201926%20DE%202007.pdf HTTP/1.1" 304 -
181.60.134.122 - - [07/Jul/2015:01:10:58 -0500] "GET /forest/session.jsp?a=0.4200950695667416 HTTP/1.1" 200 4
66.249.79.107 - - [07/Jul/2015:01:11:02 -0500] "GET /BLA/resoluciones/Notificaciones/AUTOS%202014/2905.doc HTTP/1.1" 304 -
66.249.79.120 - - [07/Jul/2015:01:11:11 -0500] "GET /BLA/resoluciones/AUTOS%202013/0198.pdf HTTP/1.1" 304 -
66.249.79.107 - - [07/Jul/2015:01:11:21 -0500] "GET /BLA/resoluciones/RESOLUCIONES%202013/0466.pdf HTTP/1.1" 304 -
66.249.79.133 - - [07/Jul/2015:01:11:30 -0500] "GET /BLA/resoluciones/RESOLUCIONES%202013/0521.pdf HTTP/1.1" 200 2028451
66.249.79.190 - - [07/Jul/2015:01:11:40 -0500] "GET /portalsiaccapacitaciones/Soportes%20Capacitaciones%202013/0049.%20ADOPCI%C3%93N%20DEL%20PROGRAMA%20DE%20ECOCOCONDUCCION%20EN%20PICA%2017-10-2013.pdf HTTP/1.1" 304 -
66.249.79.107 - - [07/Jul/2015:01:11:49 -0500] "GET /BLA/resoluciones/RESOLUCIONES%202007/RES%202007%204301%20AL%204352/RESOLUCION%204346%20DE%202007.pdf HTTP/1.1" 304 -
66.249.79.107 - - [07/Jul/2015:01:11:58 -0500] "GET /BLA/resoluciones/RESOLUCIONES%202010/6522.pdf HTTP/1.1" 304 -
66.249.79.177 - - [07/Jul/2015:01:12:08 -0500] "GET /BLA/boletinlegal/jurisprudencia/analisis/CUADRO%20SENTENCIA%20T-299%20DE%202008.doc HTTP/1.1" 304 -
66.249.79.164 - - [07/Jul/2015:01:12:17 -0500] "GET /portalsiaccapacitaciones/Soportes%20Capacitaciones%202013/0035%20Gu%C3%ADa%20de%20Tramites%2005-09-2013.pdf HTTP/1.1" 304 -
66.249.79.133 - - [07/Jul/2015:01:12:26 -0500] "GET /BLA/resoluciones/RESOLUCIONES%202009/9834.pdf HTTP/1.1" 304 -
66.249.79.177 - - [07/Jul/2015:01:12:30 -0500] "GET /PruebasSTORM/StormSDA_pruebas/userFiles/user_files/formulas/3/633.xml HTTP/1.1" 304 -
66.249.79.120 - - [07/Jul/2015:01:12:36 -0500] "GET /POT-2013/Cartografia/29_EDIFICABILIDAD.pdf HTTP/1.1" 200 3041378
190.71.223.152 - - [07/Jul/2015:01:12:38 -0500] "GET /galeria/carrusel/Carrusel/jquery.thumbnailScroller.js HTTP/1.1" 200 8157
190.71.223.152 - - [07/Jul/2015:01:12:38 -0500] "GET /galeria/carrusel/Carrusel/jquery-ui-1.8.13.custom.min.js HTTP/1.1" 200 10800
190.71.223.152 - - [07/Jul/2015:01:12:38 -0500] "GET /galeria/carrusel/Carrusel/jquery.thumbnailScroller.css HTTP/1.1" 200 2066
190.71.223.152 - - [07/Jul/2015:01:12:39 -0500] "GET /galeria/nivo-slider/demo/demo.html HTTP/1.1" 200 5022
190.71.223.152 - - [07/Jul/2015:01:12:40 -0500] "GET /galeria/nivo-slider/themes/pascal/pascal.css HTTP/1.1" 200 2258
190.71.223.152 - - [07/Jul/2015:01:12:40 -0500] "GET /galeria/nivo-slider/themes/default/default.css HTTP/1.1" 200 1569
190.71.223.152 - - [07/Jul/2015:01:12:40 -0500] "GET /galeria/nivo-slider/themes/orman/orman.css HTTP/1.1" 200 2152
190.71.223.152 - - [07/Jul/2015:01:12:40 -0500] "GET /galeria/nivo-slider/demo/style.css HTTP/1.1" 200 2222
190.71.223.152 - - [07/Jul/2015:01:12:40 -0500] "GET /galeria/nivo-slider/nivo-slider.css HTTP/1.1" 200 1507
190.71.223.152 - - [07/Jul/2015:01:12:40 -0500] "GET /galeria/nivo-slider/jquery.nivo.slider.pack.js HTTP/1.1" 200 11561
190.71.223.152 - - [07/Jul/2015:01:12:40 -0500] "GET /galeria/nivo-slider/demo/scripts/jquery-1.7.1.min.js HTTP/1.1" 200 93868
190.71.223.152 - - [07/Jul/2015:01:12:41 -0500] "GET /galeria/nivo-slider/demo/images/4Simple_Slider.png HTTP/1.1" 200 11722
190.71.223.152 - - [07/Jul/2015:01:12:41 -0500] "GET /galeria/nivo-slider/themes/default/loading.gif HTTP/1.1" 200 1737
190.71.223.152 - - [07/Jul/2015:01:12:42 -0500] "GET /galeria/nivo-slider/demo/images/Rendicion-de-cuentas.jpg HTTP/1.1" 200 174889
190.71.223.152 - - [07/Jul/2015:01:12:42 -0500] "GET /galeria/nivo-slider/demo/images/VoluntariadoPYBA.jpg HTTP/1.1" 200 40647
190.71.223.152 - - [07/Jul/2015:01:12:43 -0500] "GET /galeria/nivo-slider/demo/images/Atempobogota.jpg HTTP/1.1" 200 91770
190.71.223.152 - - [07/Jul/2015:01:12:43 -0500] "GET /galeria/nivo-slider/demo/images/9Signos.jpg HTTP/1.1" 200 81776
190.71.223.152 - - [07/Jul/2015:01:12:43 -0500] "GET /galeria/nivo-slider/demo/images/Comparendo-ambiental-Banner.jpg HTTP/1.1" 200 83731
190.71.223.152 - - [07/Jul/2015:01:12:44 -0500] "GET /galeria/nivo-slider/demo/images/GAE-banner.jpg HTTP/1.1" 200 97556
66.249.79.190 - - [07/Jul/2015:01:12:45 -0500] "GET /portalsiaccapacitaciones/Soportes%20Capacitaciones%202014/0109.%20Presentaci%C3%B2n%20Registro%20-%20Permiso%20Vertimientos%2014-10-14.pdf HTTP/1.1" 304 -
66.249.79.122 - - [07/Jul/2015:01:12:54 -0500] "GET /robots.txt HTTP/1.1" 404 1015
66.249.79.122 - - [07/Jul/2015:01:12:54 -0500] "GET / HTTP/1.1" 200 10190
190.71.223.152 - - [07/Jul/2015:01:12:59 -0500] "GET /BLA/boletinlegal/js/jquery.scrollTo-min.js HTTP/1.1" 304 -
190.71.223.152 - - [07/Jul/2015:01:12:59 -0500] "GET /galeria/galeria/jquery.fancybox.css?v=2.1.5 HTTP/1.1" 304 -
190.71.223.152 - - [07/Jul/2015:01:12:59 -0500] "GET /BLA/boletinlegal/js/jquery.scrollShow.js HTTP/1.1" 304 -
190.71.223.152 - - [07/Jul/2015:01:12:59 -0500] "GET /galeria/galeria/jquery.fancybox.js?v=2.1.5 HTTP/1.1" 304 -
66.249.79.177 - - [07/Jul/2015:01:13:04 -0500] "GET /POT-2013/Cartografia/29_EDIFICABILIDAD.pdf HTTP/1.1" 304 -
66.249.79.107 - - [07/Jul/2015:01:13:22 -0500] "GET /stormWeb/ HTTP/1.1" 200 12126
190.71.223.152 - - [07/Jul/2015:01:13:29 -0500] "GET /galeria/nivo-slider/demo/images/Rendicion-de-cuentas.jpg HTTP/1.1" 206 1
190.71.223.152 - - [07/Jul/2015:01:13:29 -0500] "GET /galeria/nivo-slider/demo/images/VoluntariadoPYBA.jpg HTTP/1.1" 206 1
190.71.223.152 - - [07/Jul/2015:01:13:29 -0500] "GET /galeria/nivo-slider/demo/images/9Signos.jpg HTTP/1.1" 206 1
190.71.223.152 - - [07/Jul/2015:01:13:29 -0500] "GET /galeria/nivo-slider/demo/images/Atempobogota.jpg HTTP/1.1" 206 1
190.71.223.152 - - [07/Jul/2015:01:13:30 -0500] "GET /galeria/nivo-slider/demo/images/Rendicion-de-cuentas.jpg HTTP/1.1" 206 142687
190.71.223.152 - - [07/Jul/2015:01:13:30 -0500] "GET /galeria/nivo-slider/demo/images/VoluntariadoPYBA.jpg HTTP/1.1" 206 25387
190.71.223.152 - - [07/Jul/2015:01:13:30 -0500] "GET /galeria/nivo-slider/demo/images/Atempobogota.jpg HTTP/1.1" 206 86395
190.71.223.152 - - [07/Jul/2015:01:13:30 -0500] "GET /galeria/nivo-slider/demo/images/9Signos.jpg HTTP/1.1" 206 77813
66.249.79.120 - - [07/Jul/2015:01:13:32 -0500] "GET /BLA/resoluciones/RESOLUCIONES%202009/4698.pdf HTTP/1.1" 304 -
66.249.79.107 - - [07/Jul/2015:01:13:32 -0500] "GET /stormWeb/js/1ibre/1ibre.css HTTP/1.1" 200 614
190.71.223.152 - - [07/Jul/2015:01:13:36 -0500] "GET /galeria/nivo-slider/demo/images/Comparendo-ambiental-Banner.jpg HTTP/1.1" 206 1
190.71.223.152 - - [07/Jul/2015:01:13:37 -0500] "GET /galeria/nivo-slider/demo/images/GAE-banner.jpg HTTP/1.1" 200 97556
190.71.223.152 - - [07/Jul/2015:01:13:37 -0500] "GET /galeria/nivo-slider/demo/images/Comparendo-ambiental-Banner.jpg HTTP/1.1" 206 81181
190.71.223.152 - - [07/Jul/2015:01:13:38 -0500] "GET /galeria/nivo-slider/demo/images/Banner-encuesta-de-percepscio.jpg HTTP/1.1" 200 201899
190.71.223.152 - - [07/Jul/2015:01:13:38 -0500] "GET /galeria/nivo-slider/demo/images/banner-Pacto-por-la-madera.jpg HTTP/1.1" 200 209966
190.71.223.152 - - [07/Jul/2015:01:13:38 -0500] "GET /galeria/nivo-slider/demo/images/acuerdo_569.jpg HTTP/1.1" 200 62670
66.249.79.120 - - [07/Jul/2015:01:13:41 -0500] "GET /BLA/resoluciones/Resoluciones%202011/6416.pdf HTTP/1.1" 304 -
190.71.223.152 - - [07/Jul/2015:01:13:42 -0500] "GET /galeria/nivo-slider/demo/images/Licitaciones-proyecto-paramo.jpg HTTP/1.1" 200 221877
190.71.223.152 - - [07/Jul/2015:01:13:42 -0500] "GET /galeria/nivo-slider/demo/images/Banner-decreto1299.jpg HTTP/1.1" 200 182613
190.71.223.152 - - [07/Jul/2015:01:13:45 -0500] "GET /galeria/nivo-slider/demo/images/Banner-Directorio.jpg HTTP/1.1" 200 182068
190.71.223.152 - - [07/Jul/2015:01:13:45 -0500] "GET /galeria/nivo-slider/demo/images/Ruta-vertimientos-01.jpg HTTP/1.1" 200 130151
66.249.79.107 - - [07/Jul/2015:01:13:50 -0500] "GET /BLA/resoluciones/RESOLUCIONES%202010/0417.pdf HTTP/1.1" 304 -
190.71.223.152 - - [07/Jul/2015:01:13:52 -0500] "GET /galeria/nivo-slider/demo/images/bolsas-06.jpg HTTP/1.1" 200 90982
190.71.223.152 - - [07/Jul/2015:01:13:54 -0500] "GET /galeria/nivo-slider/demo/images/Conoce-los-humedales.jpg HTTP/1.1" 200 294036
66.249.79.120 - - [07/Jul/2015:01:14:00 -0500] "GET /BLA/resoluciones/RESOLUCIONES%202013/1138.pdf HTTP/1.1" 304 -
66.249.79.120 - - [07/Jul/2015:01:14:07 -0500] "GET /BLA/resoluciones/RESOLUCIONES%202005/RES%202005%20751-800/00000754.tif HTTP/1.1" 304 -
66.249.79.120 - - [07/Jul/2015:01:14:09 -0500] "GET /BLA/resoluciones/RESOLUCIONES%202012/1898.pdf HTTP/1.1" 304 -
66.249.79.177 - - [07/Jul/2015:01:14:18 -0500] "GET /Anexos%20estudio%20Organizacional%20SDA/ANEXO%20No.%203-%20CONTRATACI%C3%93N%20%20OPS%C2%B4s%202008-2012/CONTRATOS%20SDA%202012%20POR%20DEPENDENCIA.xls HTTP/1.1" 304 -
66.249.79.120 - - [07/Jul/2015:01:14:28 -0500] "GET /BLA/circulares/5.pdf HTTP/1.1" 304 -
66.249.79.120 - - [07/Jul/2015:01:14:37 -0500] "GET /BLA/resoluciones/RESOLUCIONES%202007/RES%202007%20601%20AL%20700/RESOLUCION%200627%20DE%202007.pdf HTTP/1.1" 304 -
186.113.10.143 - - [07/Jul/2015:01:14:40 -0500] "GET /webfile/img/recibido.gif HTTP/1.1" 304 -
186.113.248.124 - - [07/Jul/2015:01:14:44 -0500] "GET /galeria/galeria/jquery.fancybox.css?v=2.1.5 HTTP/1.1" 200 4895
186.113.248.124 - - [07/Jul/2015:01:14:44 -0500] "GET /BLA/boletinlegal/js/jquery.scrollTo-min.js HTTP/1.1" 200 1150
186.113.248.124 - - [07/Jul/2015:01:14:44 -0500] "GET /galeria/galeria/jquery.fancybox.js?v=2.1.5 HTTP/1.1" 200 48706
186.113.248.124 - - [07/Jul/2015:01:14:44 -0500] "GET /BLA/boletinlegal/js/jquery.scrollShow.js HTTP/1.1" 200 4586
66.249.79.120 - - [07/Jul/2015:01:14:46 -0500] "GET /BLA/resoluciones/RESOLUCIONES%202007/RES%202007%202901%20AL%203000/RESOLUCION%202905%20DE%202007.pdf HTTP/1.1" 304 -
188.165.15.152 - - [07/Jul/2015:01:14:47 -0500] "GET /BLA/resoluciones/RESOLUCIONES%202006/RES%202006%201851-1900/00001872.tif HTTP/1.1" 200 84264
66.249.79.133 - - [07/Jul/2015:01:14:56 -0500] "GET /BLA/resoluciones/RESOLUCIONES%202007/RES%202007%20401%20AL%20500/RESOLUCION%200412%20DE%202007.pdf HTTP/1.1" 304 -
66.249.79.120 - - [07/Jul/2015:01:14:58 -0500] "GET /BLA/resoluciones/RESOLUCIONES%202012/1391.pdf HTTP/1.1" 304 -
186.113.248.124 - - [07/Jul/2015:01:15:01 -0500] "GET /galeria/galeria/jquery.fancybox.css?v=2.1.5 HTTP/1.1" 304 -
186.113.248.124 - - [07/Jul/2015:01:15:01 -0500] "GET /BLA/boletinlegal/js/jquery.scrollTo-min.js HTTP/1.1" 304 -
186.113.248.124 - - [07/Jul/2015:01:15:01 -0500] "GET /galeria/galeria/jquery.fancybox.js?v=2.1.5 HTTP/1.1" 304 -
186.113.248.124 - - [07/Jul/2015:01:15:01 -0500] "GET /BLA/boletinlegal/js/jquery.scrollShow.js HTTP/1.1" 304 -
188.165.15.152 - - [07/Jul/2015:01:15:03 -0500] "GET /BLA/resoluciones/RESOLUCIONES%202004/RES%202004%202301-2350/00002327.tif HTTP/1.1" 200 122552
66.249.79.107 - - [07/Jul/2015:01:15:05 -0500] "GET /BLA/resoluciones/RESOLUCIONES%202009/6310.pdf HTTP/1.1" 304 -
74.86.158.107 - - [07/Jul/2015:01:15:07 -0500] "HEAD / HTTP/1.1" 200 -
190.171.1.41 - - [07/Jul/2015:01:15:09 -0500] "GET /BLA/boletinlegal/js/jquery.scrollTo-min.js HTTP/1.1" 200 1150
190.171.1.41 - - [07/Jul/2015:01:15:09 -0500] "GET /BLA/boletinlegal/js/jquery.scrollShow.js HTTP/1.1" 200 4586
190.171.1.41 - - [07/Jul/2015:01:15:09 -0500] "GET /galeria/galeria/jquery.fancybox.css?v=2.1.5 HTTP/1.1" 200 4895
190.171.1.41 - - [07/Jul/2015:01:15:09 -0500] "GET /galeria/galeria/jquery.fancybox.js?v=2.1.5 HTTP/1.1" 200 48706
66.249.79.120 - - [07/Jul/2015:01:15:15 -0500] "GET /BLA/resoluciones/AUTOS%202014/1998.pdf HTTP/1.1" 304 -
180.76.15.145 - - [07/Jul/2015:01:15:17 -0500] "GET /SIG/Comunicaciones/126PG02-PR03.pdf HTTP/1.1" 200 65301
190.171.1.41 - - [07/Jul/2015:01:15:22 -0500] "GET /BLA/boletinlegal/js/jquery.scrollShow.js HTTP/1.1" 200 4586
190.171.1.41 - - [07/Jul/2015:01:15:22 -0500] "GET /BLA/boletinlegal/js/jquery.scrollTo-min.js HTTP/1.1" 200 1150
190.171.1.41 - - [07/Jul/2015:01:15:22 -0500] "GET /galeria/galeria/jquery.fancybox.css?v=2.1.5 HTTP/1.1" 200 4895
190.171.1.41 - - [07/Jul/2015:01:15:22 -0500] "GET /galeria/galeria/jquery.fancybox.js?v=2.1.5 HTTP/1.1" 200 48706
66.249.79.190 - - [07/Jul/2015:01:15:24 -0500] "GET /BLA/boletinlegal/jurisprudencia/analisis/Analisis%20jurisprudencial%20Sentencia%20C-366-11.doc HTTP/1.1" 304 -
66.249.79.120 - - [07/Jul/2015:01:15:33 -0500] "GET /BLA/resoluciones/RESOLUCIONES%202010/0784.pdf HTTP/1.1" 304 -
66.249.79.164 - - [07/Jul/2015:01:15:43 -0500] "GET /BLA/boletinlegal/jurisprudencia/analisis/analisis%20C-595-2010.doc HTTP/1.1" 304 -
66.249.79.107 - - [07/Jul/2015:01:15:52 -0500] "GET /BLA/resoluciones/RESOLUCIONES%202010/4175.pdf HTTP/1.1" 304 -
188.165.15.152 - - [07/Jul/2015:01:15:56 -0500] "GET /BLA/resoluciones/index.php?dir=RESOLUCIONES+2005%2FRES+2005+1051-1100%2F HTTP/1.1" 200 3976
181.60.134.122 - - [07/Jul/2015:01:16:01 -0500] "GET /forest/session.jsp?a=0.8769598244689405 HTTP/1.1" 200 4
66.249.79.177 - - [07/Jul/2015:01:16:01 -0500] "GET /ecodirectorio/files/res/other/search.txt HTTP/1.1" 304 -
66.249.79.190 - - [07/Jul/2015:01:16:11 -0500] "GET /portalsiaccapacitaciones/Soportes%20Capacitaciones%202013/0034.%20PRESENTACI%C3%93N%20FUENTES%20MOVILES%20-%2015%20de%20Agosto.pdf HTTP/1.1" 304 -
201.245.192.252 - - [07/Jul/2015:01:16:14 -0500] "GET /galeria/galeria/fotos/8.jpg HTTP/1.1" 304 -
66.249.79.164 - - [07/Jul/2015:01:16:20 -0500] "GET /portalsiaccapacitaciones/Soportes%20Capacitaciones%202014/0070.%20EcoConducci%C3%B3n%20-%20Generalidades%20%2005-05-14.pdf HTTP/1.1" 304 -
66.249.79.190 - - [07/Jul/2015:01:16:29 -0500] "GET /Autoliquidacion/index.php?dir=Solicitud+de+Licencia+Ambiental%2F HTTP/1.1" 200 2642
66.249.79.177 - - [07/Jul/2015:01:16:39 -0500] "GET /portalsiaccapacitaciones/Soportes%20Capacitaciones%202013/0044.%20Presentaci%C3%B3n%20Socializaci%C3%B3n%20Gesti%C3%B3n%20del%20Riesgo%20-%20PIRE%2003-10-2013.pdf HTTP/1.1" 304 -
66.249.79.133 - - [07/Jul/2015:01:16:45 -0500] "GET /BLA/resoluciones/AUTOS%202008/2150.pdf HTTP/1.1" 200 76992
66.249.79.120 - - [07/Jul/2015:01:16:46 -0500] "GET /BLA/resoluciones/RESOLUCIONES%202011/0248.pdf HTTP/1.1" 200 69899
66.249.79.177 - - [07/Jul/2015:01:16:48 -0500] "GET /Anexos%20estudio%20Organizacional%20SDA/ANEXO%20No.%203-%20CONTRATACI%C3%93N%20%20OPS%C2%B4s%202008-2012/CONTRATOS%20SDA%202010%20POR%20DEPENDENCIA%20(1).xls HTTP/1.1" 200 549888
201.245.192.252 - - [07/Jul/2015:01:16:51 -0500] "GET /isolucionsda/BancoConocimiento/6/6118ANALIZADORDEGASESCICLOOTO/201.xls HTTP/1.1" 304 -
66.249.79.177 - - [07/Jul/2015:01:16:57 -0500] "GET /POT-2013/Cartografia/28_USOS%20Y%20AREAS%20DE%20ACTIVIDAD.pdf HTTP/1.1" 304 -
66.249.79.190 - - [07/Jul/2015:01:17:07 -0500] "GET /BLA/boletinlegal/jurisprudencia/analisis/CUADRO%20ANALISIS%20SENTENCIA%20T-411%20DE%201992.doc HTTP/1.1" 304 -
66.249.79.177 - - [07/Jul/2015:01:17:16 -0500] "GET /BLA/boletinlegal/Circulares/2014/Circular%20No.%201%20del%2008%20de%20Mayo%20de%202014.pdf HTTP/1.1" 304 -
186.147.115.97 - - [07/Jul/2015:01:17:31 -0500] "GET /BLA/boletinlegal/js/jquery.scrollTo-min.js HTTP/1.1" 200 1150
186.147.115.97 - - [07/Jul/2015:01:17:31 -0500] "GET /BLA/boletinlegal/js/jquery.scrollShow.js HTTP/1.1" 200 4586
186.147.115.97 - - [07/Jul/2015:01:17:31 -0500] "GET /galeria/galeria/jquery.fancybox.js?v=2.1.5 HTTP/1.1" 200 48706
186.147.115.97 - - [07/Jul/2015:01:17:31 -0500] "GET /galeria/galeria/jquery.fancybox.css?v=2.1.5 HTTP/1.1" 200 4895
66.249.79.133 - - [07/Jul/2015:01:17:25 -0500] "GET /BLA/boletinlegal/ HTTP/1.1" 200 50649
66.249.79.107 - - [07/Jul/2015:01:18:08 -0500] "GET /BLA/resoluciones/RESOLUCIONES%202011/0216.pdf HTTP/1.1" 304 -
66.249.79.190 - - [07/Jul/2015:01:18:09 -0500] "GET /BLA/boletinlegal/actas/097-2013.pdf HTTP/1.1" 304 -
66.249.79.177 - - [07/Jul/2015:01:18:09 -0500] "GET /POT-2013/Cartografia/36_Est_Funcional_servicios_Est_Socioeconomica_Espacial%20Area%20.pdf HTTP/1.1" 304 -
66.249.79.190 - - [07/Jul/2015:01:18:10 -0500] "GET /POT-2013/Cartografia/32_Altura%20para%20c%C3%A1lculo%20de%20edificabilidad%20predominante%20y%20aisl.pdf HTTP/1.1" 304 -
66.249.79.190 - - [07/Jul/2015:01:18:11 -0500] "GET /POT-2013/DTS/DTS_20FEB2013_300pm.pdf HTTP/1.1" 304 -
66.249.79.120 - - [07/Jul/2015:01:18:12 -0500] "GET /BLA/resoluciones/AUTOS%202013/0041.pdf HTTP/1.1" 304 -
66.249.79.190 - - [07/Jul/2015:01:18:21 -0500] "GET /SIG/Gesti%C3%B3n%20Talento%20Humano/126PA01-PR22.pdf HTTP/1.1" 304 -
201.245.192.252 - - [07/Jul/2015:01:18:28 -0500] "GET /isolucionsda/BancoConocimiento/6/6118ANALIZADORDEGASESCICLOOTO/20123.xls HTTP/1.1" 304 -
66.249.79.164 - - [07/Jul/2015:01:18:31 -0500] "GET /BLA/boletinlegal/jurisprudencia/analisis/SENTENCIA%20C-703%20DE%202010.xls HTTP/1.1" 304 -
66.249.79.107 - - [07/Jul/2015:01:18:40 -0500] "GET /BLA/resoluciones/RESOLUCIONES%202010/2414.pdf HTTP/1.1" 304 -
66.249.79.133 - - [07/Jul/2015:01:18:49 -0500] "GET /BLA/resoluciones/RESOLUCIONES%202011/4788.pdf HTTP/1.1" 304 -
181.60.134.122 - - [07/Jul/2015:01:18:54 -0500] "GET /forest/session.jsp?a=0.8425038906279951 HTTP/1.1" 200 4
181.60.134.122 - - [07/Jul/2015:01:18:57 -0500] "GET /forest/buscar.do HTTP/1.1" 200 85065
181.60.134.122 - - [07/Jul/2015:01:18:58 -0500] "GET /forest/json.do?query=usersByDep&coddep=7094 HTTP/1.1" 200 384
66.249.79.120 - - [07/Jul/2015:01:18:59 -0500] "GET /autoliquidacion/Grupo%20Forestal%20-%20Industria%20de%20la%20Madera/Formulario%20para%20la%20Relaci%C3%B3n%20de%20Salvoconductos_facturas_remisiones_CARA1.pdf HTTP/1.1" 304 -
181.60.134.122 - - [07/Jul/2015:01:18:59 -0500] "GET /forest/json.do?query=versionListadas HTTP/1.1" 200 15
181.60.134.122 - - [07/Jul/2015:01:18:59 -0500] "GET /forest/json.do?query=procesIniciales HTTP/1.1" 200 10733
181.60.134.122 - - [07/Jul/2015:01:19:00 -0500] "GET /forest/json.do?query=bpmnIniciales HTTP/1.1" 200 1095
181.60.134.122 - - [07/Jul/2015:01:19:02 -0500] "POST /forest/buscar.do? HTTP/1.1" 200 7554
66.249.79.120 - - [07/Jul/2015:01:19:08 -0500] "GET /BLA/resoluciones/RESOLUCIONES%202010/2261.pdf HTTP/1.1" 200 536435
66.249.79.120 - - [07/Jul/2015:01:19:17 -0500] "GET /BLA/resoluciones/RESOLUCIONES%202010/6728.pdf HTTP/1.1" 200 726806
66.249.79.107 - - [07/Jul/2015:01:19:27 -0500] "GET /BLA/resoluciones/RESOLUCIONES%202008/0738.pdf HTTP/1.1" 304 -
66.249.79.120 - - [07/Jul/2015:01:19:36 -0500] "GET /BLA/resoluciones/AUTOS%202007/2178.pdf HTTP/1.1" 304 -
66.249.79.120 - - [07/Jul/2015:01:19:46 -0500] "GET /BLA/resoluciones/RESOLUCIONES%202008/2582.pdf HTTP/1.1" 304 -
66.249.79.120 - - [07/Jul/2015:01:19:55 -0500] "GET /BLA/resoluciones/AUTOS%202013/0856.pdf HTTP/1.1" 304 -
66.249.79.190 - - [07/Jul/2015:01:20:02 -0500] "GET /Autoliquidacion/Solicitudes%20relacionadas%20con%20calidad%20del%20aire%20auditiva%20y%20visual/Acompa%C3%B1amiento%20para%20muestreo%20isocin%C3%A9tico%20y%20o%20determinaciones%20de%20emisiones%20a%20fuentes%20fijas/lineamientos%20Construccion%20Mues%20Emision%20.pdf HTTP/1.1" 304 -
74.86.158.107 - - [07/Jul/2015:01:20:07 -0500] "HEAD / HTTP/1.1" 200 -
66.249.79.164 - - [07/Jul/2015:01:20:04 -0500] "GET /BLA/boletinlegal/index.php HTTP/1.1" 200 50649
66.249.79.120 - - [07/Jul/2015:01:20:47 -0500] "GET /BLA/circulares/6.pdf HTTP/1.1" 304 -
66.249.79.120 - - [07/Jul/2015:01:20:47 -0500] "GET /BLA/resoluciones/RESOLUCIONES%202007/RES%202007%201201%20AL%201300/RESOLUCION%201252%20DE%202007.pdf HTTP/1.1" 200 724519
66.249.79.133 - - [07/Jul/2015:01:20:49 -0500] "GET /BLA/resoluciones/RESOLUCIONES%202013/0350.pdf HTTP/1.1" 304 -
66.249.79.120 - - [07/Jul/2015:01:20:49 -0500] "GET /BLA/resoluciones/AUTOS%202011/6421.pdf HTTP/1.1" 200 1233355
186.171.53.221 - - [07/Jul/2015:01:20:54 -0500] "GET /galeria/galeria/jquery.fancybox.css?v=2.1.5 HTTP/1.1" 200 4895
186.171.53.221 - - [07/Jul/2015:01:20:54 -0500] "GET /BLA/boletinlegal/js/jquery.scrollTo-min.js HTTP/1.1" 200 1150
186.171.53.221 - - [07/Jul/2015:01:20:54 -0500] "GET /BLA/boletinlegal/js/jquery.scrollShow.js HTTP/1.1" 200 4586
186.171.53.221 - - [07/Jul/2015:01:20:54 -0500] "GET /galeria/galeria/jquery.fancybox.js?v=2.1.5 HTTP/1.1" 200 48706
66.249.79.120 - - [07/Jul/2015:01:20:55 -0500] "GET /BLA/resoluciones/RESOLUCIONES%202007/RES%202007%201201%20AL%201300/RESOLUCION%201290%20DE%202007.pdf HTTP/1.1" 200 50004
181.60.134.122 - - [07/Jul/2015:01:21:01 -0500] "GET /forest/session.jsp?a=0.5809270553290844 HTTP/1.1" 200 4
186.171.53.221 - - [07/Jul/2015:01:21:01 -0500] "GET /galeria/galeria/jquery.fancybox.css?v=2.1.5 HTTP/1.1" 304 -
186.171.53.221 - - [07/Jul/2015:01:21:01 -0500] "GET /BLA/boletinlegal/js/jquery.scrollTo-min.js HTTP/1.1" 304 -
186.171.53.221 - - [07/Jul/2015:01:21:01 -0500] "GET /BLA/boletinlegal/js/jquery.scrollShow.js HTTP/1.1" 304 -
186.171.53.221 - - [07/Jul/2015:01:21:01 -0500] "GET /galeria/galeria/jquery.fancybox.js?v=2.1.5 HTTP/1.1" 304 -
66.249.79.120 - - [07/Jul/2015:01:21:10 -0500] "GET /BLA/resoluciones/AUTOS%202014/5704.pdf HTTP/1.1" 200 3092942
66.249.79.120 - - [07/Jul/2015:01:21:19 -0500] "GET /BLA/resoluciones/RESOLUCIONES%202010/1967.pdf HTTP/1.1" 200 298333
201.234.75.11 - - [07/Jul/2015:01:21:20 -0500] "GET /galeria/nivo-slider/demo/images/banner-calidad-aire.jpg HTTP/1.1" 304 -
66.249.79.133 - - [07/Jul/2015:01:21:28 -0500] "GET /BLA/resoluciones/RESOLUCIONES%202007/RES%202007%201201%20AL%201300/RESOLUCION%201281%20DE%202007.pdf HTTP/1.1" 304 -
188.165.15.152 - - [07/Jul/2015:01:21:36 -0500] "GET /BLA/resoluciones/index.php?dir=RESOLUCIONES%202004/RES%202004%202351-2401/&sort=size&order=desc HTTP/1.1" 200 12571
66.249.79.107 - - [07/Jul/2015:01:21:38 -0500] "GET /BLA/resoluciones/RESOLUCIONES%202007/RES%202007%201201%20AL%201300/RESOLUCION%201206%20DE%202007.pdf HTTP/1.1" 200 141288
66.249.79.120 - - [07/Jul/2015:01:21:47 -0500] "GET /BLA/resoluciones/RESOLUCIONES%202013/0745.pdf HTTP/1.1" 304 -
66.249.79.133 - - [07/Jul/2015:01:21:56 -0500] "GET /autoliquidacion/TR%C3%81MITES%20VERTIMIENTOS/PERMISOS%20DE%20VERTIMIENTOS/ANEXO%20%205.%20%20MATRIZ%20PAR%C3%81METRSO%20ACTIVDADES%20PRODUCTIVAS.xls HTTP/1.1" 304 -
66.249.79.120 - - [07/Jul/2015:01:22:06 -0500] "GET /BLA/resoluciones/RESOLUCIONES%202014/3653.pdf HTTP/1.1" 304 -
66.249.79.120 - - [07/Jul/2015:01:22:09 -0500] "GET /BLA/resoluciones/RESOLUCIONES%202005/RES%202005%20751-800/00000752.tif HTTP/1.1" 304 -
66.249.79.120 - - [07/Jul/2015:01:22:15 -0500] "GET /BLA/resoluciones/RESOLUCIONES%202007/RES%202007%201201%20AL%201300/RESOLUCION%201267%20DE%202007.pdf HTTP/1.1" 200 53204
66.249.79.190 - - [07/Jul/2015:01:22:34 -0500] "GET /PORTAL_SIAC/swf/Residuos/lavanderias/lavanderias.html HTTP/1.1" 200 1965
199.195.118.53 - - [07/Jul/2015:01:22:38 -0500] "GET / HTTP/1.1" 200 10190
66.249.79.107 - - [07/Jul/2015:01:22:39 -0500] "GET /BLA/directivas/2011/1.pdf HTTP/1.1" 304 -
66.249.79.133 - - [07/Jul/2015:01:22:43 -0500] "GET /BLA/resoluciones/RESOLUCIONES%202007/RES%202007%202301%20AL%202400/RESOLUCION%202395%20DE%202007.pdf HTTP/1.1" 200 1270854
66.249.79.190 - - [07/Jul/2015:01:22:52 -0500] "GET /BLA/boletinlegal/jurisprudencia/analisis/CUADRO%20SENTENCIA%20C-222%20DE%202011.doc HTTP/1.1" 304 -
66.249.79.107 - - [07/Jul/2015:01:23:02 -0500] "GET /BLA/resoluciones/RESOLUCIONES%202010/6159.pdf HTTP/1.1" 200 1316709
66.249.79.120 - - [07/Jul/2015:01:23:11 -0500] "GET /BLA/resoluciones/Notificaciones/AUTOS%202014/06490.doc HTTP/1.1" 200 154624
66.249.79.120 - - [07/Jul/2015:01:23:20 -0500] "GET /BLA/resoluciones/AUTOS%202007/2730.pdf HTTP/1.1" 200 112174
181.59.66.81 - - [07/Jul/2015:01:23:29 -0500] "GET /galeria/galeria/jquery.fancybox.css?v=2.1.5 HTTP/1.1" 200 4895
181.59.66.81 - - [07/Jul/2015:01:23:29 -0500] "GET /BLA/boletinlegal/js/jquery.scrollShow.js HTTP/1.1" 200 4586
181.59.66.81 - - [07/Jul/2015:01:23:29 -0500] "GET /BLA/boletinlegal/js/jquery.scrollTo-min.js HTTP/1.1" 200 1150
181.59.66.81 - - [07/Jul/2015:01:23:29 -0500] "GET /galeria/galeria/jquery.fancybox.js?v=2.1.5 HTTP/1.1" 200 48706
66.249.79.107 - - [07/Jul/2015:01:23:30 -0500] "GET /BLA/resoluciones/AUTOS%202007/2082.pdf HTTP/1.1" 200 140780
181.59.66.81 - - [07/Jul/2015:01:23:33 -0500] "GET /BLA/boletinlegal/js/jquery.scrollTo-min.js HTTP/1.1" 200 1150
181.59.66.81 - - [07/Jul/2015:01:23:33 -0500] "GET /BLA/boletinlegal/js/jquery.scrollShow.js HTTP/1.1" 200 4586
181.59.66.81 - - [07/Jul/2015:01:23:33 -0500] "GET /galeria/galeria/jquery.fancybox.js?v=2.1.5 HTTP/1.1" 200 48706
181.59.66.81 - - [07/Jul/2015:01:23:33 -0500] "GET /galeria/galeria/jquery.fancybox.css?v=2.1.5 HTTP/1.1" 200 4895
66.249.79.120 - - [07/Jul/2015:01:23:39 -0500] "GET /BLA/resoluciones/AUTOS%202007/2610.pdf HTTP/1.1" 200 39924
66.249.79.133 - - [07/Jul/2015:01:23:49 -0500] "GET /BLA/resoluciones/RESOLUCIONES%202012/1230.pdf HTTP/1.1" 304 -
181.60.134.122 - - [07/Jul/2015:01:23:55 -0500] "GET /forest/session.jsp?a=0.46237196982838213 HTTP/1.1" 200 4
66.249.79.107 - - [07/Jul/2015:01:23:58 -0500] "GET /BLA/resoluciones/RESOLUCIONES%202007/RES%202007%203201%20AL%203300/RESOLUCION%203257%20DE%202007.pdf HTTP/1.1" 304 -
66.249.79.120 - - [07/Jul/2015:01:24:07 -0500] "GET /BLA/resoluciones/RESOLUCIONES%202007/RES%202007%201201%20AL%201300/RESOLUCION%201266%20DE%202007.pdf HTTP/1.1" 304 -
66.249.79.190 - - [07/Jul/2015:01:24:17 -0500] "GET /PruebasSTORM/StormSDA_pruebas/userFiles/user_files/formulas/3/702.xml HTTP/1.1" 200 977
181.56.193.251 - - [07/Jul/2015:01:24:22 -0500] "GET /forest/session.jsp?a=0.27143334737047553 HTTP/1.1" 200 4
66.249.79.120 - - [07/Jul/2015:01:24:26 -0500] "GET /BLA/resoluciones/AUTOS%202011/6391.pdf HTTP/1.1" 304 -
190.253.0.142 - - [07/Jul/2015:01:24:33 -0500] "GET /BLA/resoluciones/AUTOS%202013/0970.pdf HTTP/1.1" 200 1672156
190.253.0.142 - - [07/Jul/2015:01:24:35 -0500] "GET /BLA/resoluciones/AUTOS%202013/0970.pdf HTTP/1.1" 206 33756
66.249.79.133 - - [07/Jul/2015:01:24:35 -0500] "GET /BLA/resoluciones/RESOLUCIONES%202007/RES%202007%201201%20AL%201300/RESOLUCION%201255%20DE%202007.pdf HTTP/1.1" 304 -
190.253.0.142 - - [07/Jul/2015:01:24:37 -0500] "GET /BLA/resoluciones/AUTOS%202013/0970.pdf HTTP/1.1" 206 65536
190.253.0.142 - - [07/Jul/2015:01:24:42 -0500] "GET /BLA/resoluciones/AUTOS%202013/0970.pdf HTTP/1.1" 206 65536
190.253.0.142 - - [07/Jul/2015:01:24:42 -0500] "GET /BLA/resoluciones/AUTOS%202013/0970.pdf HTTP/1.1" 206 65536
190.253.0.142 - - [07/Jul/2015:01:24:42 -0500] "GET /BLA/resoluciones/AUTOS%202013/0970.pdf HTTP/1.1" 206 65536
190.253.0.142 - - [07/Jul/2015:01:24:42 -0500] "GET /BLA/resoluciones/AUTOS%202013/0970.pdf HTTP/1.1" 206 65536
190.253.0.142 - - [07/Jul/2015:01:24:43 -0500] "GET /BLA/resoluciones/AUTOS%202013/0970.pdf HTTP/1.1" 206 65536
190.253.0.142 - - [07/Jul/2015:01:24:43 -0500] "GET /BLA/resoluciones/AUTOS%202013/0970.pdf HTTP/1.1" 206 65536
190.253.0.142 - - [07/Jul/2015:01:24:44 -0500] "GET /BLA/resoluciones/AUTOS%202013/0970.pdf HTTP/1.1" 206 65536
66.249.79.177 - - [07/Jul/2015:01:24:45 -0500] "GET /PruebasSTORM/StormSDA_pruebas/userFiles/user_files/formulas/3/271.xml HTTP/1.1" 200 938
190.253.0.142 - - [07/Jul/2015:01:24:45 -0500] "GET /BLA/resoluciones/AUTOS%202013/0970.pdf HTTP/1.1" 206 65536
190.253.0.142 - - [07/Jul/2015:01:24:45 -0500] "GET /BLA/resoluciones/AUTOS%202013/0970.pdf HTTP/1.1" 206 65536
190.253.0.142 - - [07/Jul/2015:01:24:46 -0500] "GET /BLA/resoluciones/AUTOS%202013/0970.pdf HTTP/1.1" 206 65536
190.253.0.142 - - [07/Jul/2015:01:24:46 -0500] "GET /BLA/resoluciones/AUTOS%202013/0970.pdf HTTP/1.1" 206 65536
190.253.0.142 - - [07/Jul/2015:01:24:46 -0500] "GET /BLA/resoluciones/AUTOS%202013/0970.pdf HTTP/1.1" 206 65536
188.165.15.152 - - [07/Jul/2015:01:24:46 -0500] "GET /BLA/resoluciones/AUTOS%202006/AUTOS%202006%202101%20-%202200/00002116.tif HTTP/1.1" 200 56176
190.253.0.142 - - [07/Jul/2015:01:24:46 -0500] "GET /favicon.ico HTTP/1.1" 200 7782
190.253.0.142 - - [07/Jul/2015:01:24:47 -0500] "GET /BLA/resoluciones/AUTOS%202013/0970.pdf HTTP/1.1" 206 65536
66.249.79.177 - - [07/Jul/2015:01:24:54 -0500] "GET /portalsiaccapacitaciones/Soportes%20Capacitaciones%202013/0033.%20PRESENTACION%20ESTACIONES%20DE%20SERVICIO%20-%2015%20de%20Agosto.pdf HTTP/1.1" 304 -
66.249.79.107 - - [07/Jul/2015:01:25:03 -0500] "GET /BLA/resoluciones/RESOLUCIONES%202007/RES%202007%201201%20AL%201300/RESOLUCION%201249%20DE%202007.pdf HTTP/1.1" 304 -
74.86.158.107 - - [07/Jul/2015:01:25:07 -0500] "HEAD / HTTP/1.1" 200 -
66.249.79.120 - - [07/Jul/2015:01:25:11 -0500] "GET /BLA/resoluciones/RESOLUCIONES%202014/2524.pdf HTTP/1.1" 304 -
66.249.79.107 - - [07/Jul/2015:01:25:13 -0500] "GET /BLA/resoluciones/RESOLUCIONES%202007/RES%202007%201201%20AL%201300/RESOLUCION%201285%20DE%202007.pdf HTTP/1.1" 304 -
195.53.224.116 - - [07/Jul/2015:01:25:13 -0500] "GET /autoliquidacion/Grupo%20Forestal%20-%20Industria%20de%20la%20Madera/Instructivo%20para%20la%20Relaci%C3%B3n%20de%20Salvoconductos_facturas_remisiones_CARA_1_2.pdf HTTP/1.1" 200 175140
188.165.15.152 - - [07/Jul/2015:01:25:21 -0500] "GET /BLA/resoluciones/RESOLUCIONES%202005/RES%202005%203051-3100/00003087.tif HTTP/1.1" 200 158066
66.249.79.107 - - [07/Jul/2015:01:25:22 -0500] "GET /BLA/resoluciones/RESOLUCIONES%202007/RES%202007%203101%20AL%203200/RESOLUCION%203177%20DE%202007.pdf HTTP/1.1" 304 -
66.249.79.120 - - [07/Jul/2015:01:25:31 -0500] "GET /BLA/resoluciones/RESOLUCIONES%202009/6572.pdf HTTP/1.1" 304 -
188.165.15.152 - - [07/Jul/2015:01:25:40 -0500] "GET /BLA/resoluciones/RESOLUCIONES%202006/RES%202006%202351-2400/00002358.tif HTTP/1.1" 200 161786
66.249.79.133 - - [07/Jul/2015:01:25:41 -0500] "GET /BLA/resoluciones/AUTOS%202009/2830.pdf HTTP/1.1" 304 -
66.249.79.133 - - [07/Jul/2015:01:25:42 -0500] "GET /galeria/galeria/jquery.fancybox.js?v=2.1.5 HTTP/1.1" 200 48706
66.249.79.133 - - [07/Jul/2015:01:25:42 -0500] "GET /galeria/galeria/jquery.fancybox.css?v=2.1.5 HTTP/1.1" 200 4895
66.249.79.107 - - [07/Jul/2015:01:25:43 -0500] "GET /BLA/boletinlegal/js/jquery.scrollShow.js HTTP/1.1" 200 4586
66.249.79.133 - - [07/Jul/2015:01:25:44 -0500] "GET /BLA/boletinlegal/js/jquery.scrollTo-min.js HTTP/1.1" 200 1150
188.165.15.152 - - [07/Jul/2015:01:25:47 -0500] "GET /BLA/resoluciones/AUTOS%202006/AUTOS%202006%202801%20-%202900/00002814.tif HTTP/1.1" 200 99664
66.249.79.133 - - [07/Jul/2015:01:25:50 -0500] "GET /BLA/resoluciones/RESOLUCIONES%202011/4773.pdf HTTP/1.1" 200 797578
188.165.15.152 - - [07/Jul/2015:01:25:52 -0500] "GET /BLA/resoluciones/AUTOS%202006/AUTOS%202006%20101-200/00000140.tif HTTP/1.1" 200 50332
181.56.193.251 - - [07/Jul/2015:01:25:46 -0500] "GET /forest/ HTTP/1.1" 200 129260
181.56.193.251 - - [07/Jul/2015:01:25:54 -0500] "GET /forest/session.jsp?a=0.7421754244714975 HTTP/1.1" 200 4
66.249.79.133 - - [07/Jul/2015:01:25:59 -0500] "GET /BLA/resoluciones/AUTOS%202011/4966.pdf HTTP/1.1" 304 -
181.60.134.122 - - [07/Jul/2015:01:26:01 -0500] "GET /forest/session.jsp?a=0.2986587567720562 HTTP/1.1" 200 4
66.249.79.133 - - [07/Jul/2015:01:26:09 -0500] "GET /BLA/resoluciones/AUTOS%202011/3062.pdf HTTP/1.1" 304 -
207.46.13.115 - - [07/Jul/2015:01:26:16 -0500] "GET /galeria/nivo-slider/demo/demo.html HTTP/1.1" 200 5022
66.249.79.133 - - [07/Jul/2015:01:26:18 -0500] "GET /BLA/resoluciones/AUTOS%202012/0399.pdf HTTP/1.1" 304 -
66.249.79.107 - - [07/Jul/2015:01:26:27 -0500] "GET /BLA/resoluciones/AUTOS%202011/7437.pdf HTTP/1.1" 304 -
66.249.79.120 - - [07/Jul/2015:01:26:37 -0500] "GET /BLA/resoluciones/RESOLUCIONES%202007/RES%202007%201201%20AL%201300/RESOLUCION%201262%20DE%202007.pdf HTTP/1.1" 304 -
181.56.193.251 - - [07/Jul/2015:01:26:40 -0500] "GET /forest/skins/gdocs-jar/popup/popup.jsp?width=1100&height=500&title=Buscar%20procesos&uri=/forest/buscar.do%3Ftype%3Dprocesos&name=undefined&_a=0.6286700160708278&a=0.9820169580634683 HTTP/1.1" 200 1296
181.56.193.251 - - [07/Jul/2015:01:26:40 -0500] "GET /forest/buscar.do?type=procesos HTTP/1.1" 200 85047
181.56.193.251 - - [07/Jul/2015:01:26:40 -0500] "GET /forest/json.do?query=usersByDep&coddep=7105 HTTP/1.1" 200 188
181.56.193.251 - - [07/Jul/2015:01:26:40 -0500] "GET /forest/json.do?query=versionListadas HTTP/1.1" 200 15
