66.249.79.164 - - [07/Jul/2015:01:51:32 -0500] "GET /portalsiaccapacitaciones/Soportes%20Capacitaciones%202014/0117.%20Presentaci%C3%B3n%20PUEAA%20EAB-ESP%2025-11-14.pdf HTTP/1.1" 304 -
66.249.79.133 - - [07/Jul/2015:01:51:41 -0500] "GET /BLA/resoluciones/AUTOS%202011/1362.pdf HTTP/1.1" 304 -
66.249.79.133 - - [07/Jul/2015:01:51:51 -0500] "GET /BLA/resoluciones/RESOLUCIONES%202010/5315.pdf HTTP/1.1" 304 -
181.56.193.251 - - [07/Jul/2015:01:45:54 -0500] "GET /ForestMSG_SDA/channelAsync/template_word_18461888?X-Atmosphere-tracking-id=5c60f176-1e1d-20e4-8241-c6faff41aaab&X-Atmosphere-Framework=1.0.5&X-Atmosphere-Transport=long-polling&tabid=0.003007090650498867&X-Cache-Date=0&Content-Type=application/xml&_=1436251687343 HTTP/1.1" 200 8193
66.249.79.107 - - [07/Jul/2015:01:52:00 -0500] "GET /BLA/resoluciones/RESOLUCIONES%202012/1281.pdf HTTP/1.1" 304 -
66.249.79.107 - - [07/Jul/2015:01:52:10 -0500] "GET /BLA/resoluciones/AUTOS%202013/1617.pdf HTTP/1.1" 304 -
66.249.79.120 - - [07/Jul/2015:01:52:19 -0500] "GET /BLA/resoluciones/RESOLUCIONES%202012/0788.pdf HTTP/1.1" 304 -
66.249.79.107 - - [07/Jul/2015:01:52:28 -0500] "GET /BLA/resoluciones/RESOLUCIONES%202010/6690.pdf HTTP/1.1" 304 -
66.249.79.133 - - [07/Jul/2015:01:52:38 -0500] "GET /BLA/resoluciones/AUTOS%202010/6936.pdf HTTP/1.1" 304 -
66.249.79.107 - - [07/Jul/2015:01:52:47 -0500] "GET /BLA/resoluciones/RESOLUCIONES%202014/1231.pdf HTTP/1.1" 304 -
181.56.193.251 - - [07/Jul/2015:01:52:56 -0500] "GET /forest/session.jsp?a=0.585689275758341 HTTP/1.1" 200 4
66.249.79.133 - - [07/Jul/2015:01:52:56 -0500] "GET /BLA/resoluciones/AUTOS%202013/0196.pdf HTTP/1.1" 304 -
66.249.79.120 - - [07/Jul/2015:01:53:04 -0500] "GET /BLA/resoluciones/RESOLUCIONES%202008/4006.pdf HTTP/1.1" 304 -
66.249.79.120 - - [07/Jul/2015:01:53:05 -0500] "GET /BLA/resoluciones/RESOLUCIONES%202013/0007.pdf HTTP/1.1" 304 -
66.249.79.133 - - [07/Jul/2015:01:53:15 -0500] "GET /BLA/resoluciones/AUTOS%202013/0650.pdf HTTP/1.1" 304 -
66.249.79.120 - - [07/Jul/2015:01:53:24 -0500] "GET /BLA/resoluciones/AUTOS%202009/0980.pdf HTTP/1.1" 304 -
66.249.79.107 - - [07/Jul/2015:01:53:34 -0500] "GET /BLA/resoluciones/RESOLUCIONES%202009/3199.pdf HTTP/1.1" 304 -
181.56.193.251 - - [07/Jul/2015:01:53:38 -0500] "GET /forest/skins/gdocs-jar/popup/escritorio/subirborrador.jsp?form=ElaborarDocumento&codTpl=&codBorr=452455&a=0.9950319747440517 HTTP/1.1" 200 23292
181.56.193.251 - - [07/Jul/2015:01:53:39 -0500] "GET /forest/json.do?query=borradoresByTpls&codInst=2877678&codTare=1464&firma=0&a=0.4733263442758471 HTTP/1.1" 200 188
181.56.193.251 - - [07/Jul/2015:01:53:39 -0500] "GET /forest/json.do?query=plantillasByTarea&codTare=1464&codInst=2877678&firma=0&a=0.0959305299911648 HTTP/1.1" 200 508
181.56.193.251 - - [07/Jul/2015:01:53:39 -0500] "GET /forest/json.do?query=terceroById&numTer=79339700&a=0.5091921421699226 HTTP/1.1" 200 644
181.56.193.251 - - [07/Jul/2015:01:53:39 -0500] "GET /forest/img/lapiz.gif HTTP/1.1" 304 -
181.56.193.251 - - [07/Jul/2015:01:53:39 -0500] "GET /forest/img/historial.gif HTTP/1.1" 304 -
181.56.193.251 - - [07/Jul/2015:01:53:39 -0500] "GET /forest/img/adduser.gif HTTP/1.1" 304 -
181.56.193.251 - - [07/Jul/2015:01:53:39 -0500] "GET /forest/json.do?query=datosBorradorByCodTraBorr&codTraBorr=1780066&a=0.6461958095896989 HTTP/1.1" 200 180
181.56.193.251 - - [07/Jul/2015:01:53:39 -0500] "GET /forest/json.do?query=adjuntosByBorrador&codTraBorr=1780066&a=0.026166502619162202 HTTP/1.1" 200 2
181.56.193.251 - - [07/Jul/2015:01:53:39 -0500] "GET /forest/json.do?query=ultimoBorradorByTpl&codTpl=2309&codInst=2877678&a=0.7265570617746562 HTTP/1.1" 200 2
181.56.193.251 - - [07/Jul/2015:01:53:39 -0500] "GET /forest/json.do?query=ultimoBorradorByTpl&codTpl=781&codInst=2877678&a=0.65395727311261 HTTP/1.1" 200 2
181.56.193.251 - - [07/Jul/2015:01:53:39 -0500] "GET /forest/json.do?query=ultimoBorradorByTpl&codTpl=1241&codInst=2877678&a=0.8448757915757596 HTTP/1.1" 200 20
181.56.193.251 - - [07/Jul/2015:01:53:39 -0500] "GET /forest/json.do?query=ultimoBorradorByTpl&codTpl=921&codInst=2877678&a=0.07587710046209395 HTTP/1.1" 200 2
66.249.79.107 - - [07/Jul/2015:01:53:43 -0500] "GET /BLA/resoluciones/RESOLUCIONES%202014/1488.pdf HTTP/1.1" 304 -
66.249.79.133 - - [07/Jul/2015:01:53:48 -0500] "GET /BLA/resoluciones/RESOLUCIONES%202005/RES%202005%20751-800/00000776.tif HTTP/1.1" 304 -
66.249.79.133 - - [07/Jul/2015:01:53:52 -0500] "GET /BLA/resoluciones/AUTOS%202010/0531.pdf HTTP/1.1" 304 -
66.249.79.133 - - [07/Jul/2015:01:54:02 -0500] "GET /BLA/resoluciones/RESOLUCIONES%202011/3759.pdf HTTP/1.1" 304 -
188.165.15.152 - - [07/Jul/2015:01:54:10 -0500] "GET /BLA/resoluciones/RESOLUCIONES%202003/RES%202003%201751-1800/20031776.tif HTTP/1.1" 200 2121094
181.56.193.251 - - [07/Jul/2015:01:54:09 -0500] "POST /forest/usutareas.do?group_system_actual=3 HTTP/1.1" 200 204
66.249.79.120 - - [07/Jul/2015:01:54:11 -0500] "GET /BLA/resoluciones/RESOLUCIONES%202011/4644.pdf HTTP/1.1" 304 -
181.56.193.251 - - [07/Jul/2015:01:54:13 -0500] "GET /forest/usutareas.do?group_system_actual=3&a=0.10903284139931202 HTTP/1.1" 200 115586
181.56.193.251 - - [07/Jul/2015:01:51:54 -0500] "GET /ForestMSG_SDA/channelAsync/template_word_18461888?X-Atmosphere-tracking-id=5c60f176-1e1d-20e4-8241-c6faff41aaab&X-Atmosphere-Framework=1.0.5&X-Atmosphere-Transport=long-polling&tabid=0.003007090650498867&X-Cache-Date=0&Content-Type=application/xml&_=1436252047511 HTTP/1.1" 200 8193
181.56.193.251 - - [07/Jul/2015:01:54:14 -0500] "GET /forest/session.jsp?a=0.31534362048842013 HTTP/1.1" 200 4
181.56.193.251 - - [07/Jul/2015:01:54:14 -0500] "GET /forest/actions/forms.getMappedValues?id=id_Numeracion1&value=1403127405590&codForm=ElaborarDocumento&a=0.8144077267497778 HTTP/1.1" 200 1290
66.249.79.107 - - [07/Jul/2015:01:54:20 -0500] "GET /BLA/resoluciones/AUTOS%202013/0441.pdf HTTP/1.1" 304 -
181.56.193.251 - - [07/Jul/2015:01:54:28 -0500] "GET /forest/borrador/1863910/Borrador%20juridico%202014-06-18.docx HTTP/1.1" 200 81178
66.249.79.133 - - [07/Jul/2015:01:54:30 -0500] "GET /BLA/resoluciones/RESOLUCIONES%202013/2037.pdf HTTP/1.1" 304 -
66.249.79.107 - - [07/Jul/2015:01:54:39 -0500] "GET /BLA/circulares/3-2011.pdf HTTP/1.1" 304 -
66.249.79.120 - - [07/Jul/2015:01:54:48 -0500] "GET /BLA/resoluciones/RESOLUCIONES%202007/RES%202007%202801%20AL%202900/RESOLUCION%202811%20DE%202007.pdf HTTP/1.1" 304 -
66.249.79.120 - - [07/Jul/2015:01:54:58 -0500] "GET /BLA/resoluciones/RESOLUCIONES%202011/5794.pdf HTTP/1.1" 304 -
66.249.79.133 - - [07/Jul/2015:01:55:05 -0500] "GET /BLA/resoluciones/AUTOS%202013/0537.pdf HTTP/1.1" 304 -
66.249.79.107 - - [07/Jul/2015:01:55:07 -0500] "GET /BLA/resoluciones/RESOLUCIONES%202010/0524.pdf HTTP/1.1" 304 -
74.86.158.107 - - [07/Jul/2015:01:55:07 -0500] "HEAD / HTTP/1.1" 200 -
181.56.193.251 - - [07/Jul/2015:01:55:08 -0500] "GET /forest/actions/forms.getList?codForm=ElaborarDocumento&id=Fun_Destino17&text=E HTTP/1.1" 200 1231
181.56.193.251 - - [07/Jul/2015:01:55:08 -0500] "GET /forest/actions/forms.getList?codForm=ElaborarDocumento&id=Fun_Destino17&text=EDNA%20 HTTP/1.1" 200 185
181.56.193.251 - - [07/Jul/2015:01:55:08 -0500] "GET /forest/actions/forms.getList?codForm=ElaborarDocumento&id=Fun_Destino17&text=ED HTTP/1.1" 200 1291
181.56.193.251 - - [07/Jul/2015:01:55:08 -0500] "GET /forest/actions/forms.getList?codForm=ElaborarDocumento&id=Fun_Destino17&text=EDNA HTTP/1.1" 200 185
181.56.193.251 - - [07/Jul/2015:01:55:08 -0500] "GET /forest/actions/forms.getList?codForm=ElaborarDocumento&id=Fun_Destino17&text=EDN HTTP/1.1" 200 185
181.56.193.251 - - [07/Jul/2015:01:55:08 -0500] "GET /forest/actions/forms.getList?codForm=ElaborarDocumento&id=Fun_Destino17&text=EDNA%20R HTTP/1.1" 200 58
181.56.193.251 - - [07/Jul/2015:01:55:09 -0500] "GET /forest/actions/forms.getList?codForm=ElaborarDocumento&id=Fun_Destino17&text=EDNA%20ROCI HTTP/1.1" 200 58
181.56.193.251 - - [07/Jul/2015:01:55:09 -0500] "GET /forest/actions/forms.getList?codForm=ElaborarDocumento&id=Fun_Destino17&text=EDNA%20RO HTTP/1.1" 200 58
181.56.193.251 - - [07/Jul/2015:01:55:09 -0500] "GET /forest/actions/forms.getList?codForm=ElaborarDocumento&id=Fun_Destino17&text=EDNA%20ROCIO HTTP/1.1" 200 58
181.56.193.251 - - [07/Jul/2015:01:55:09 -0500] "GET /forest/actions/forms.getList?codForm=ElaborarDocumento&id=Fun_Destino17&text=EDNA%20ROC HTTP/1.1" 200 58
188.165.15.152 - - [07/Jul/2015:01:55:10 -0500] "GET /BLA/resoluciones/index.php?dir=RESOLUCIONES%202012/&sort=size&order=asc HTTP/1.1" 200 134793
181.56.193.251 - - [07/Jul/2015:01:55:13 -0500] "POST /forest/usutareas.do? HTTP/1.1" 200 76
66.249.79.120 - - [07/Jul/2015:01:55:16 -0500] "GET /BLA/resoluciones/AUTOS%202011/2888.pdf HTTP/1.1" 304 -
181.56.193.251 - - [07/Jul/2015:01:55:18 -0500] "GET /forest/usutareas.do?group_system_actual=3&a=0.8512467152904719 HTTP/1.1" 200 122598
181.56.193.251 - - [07/Jul/2015:01:55:19 -0500] "GET /forest/session.jsp?a=0.8817052983213216 HTTP/1.1" 200 4
181.56.193.251 - - [07/Jul/2015:01:55:19 -0500] "GET /forest/actions/forms.getMappedValues?id=id_Numeracion4&value=1403127405590&codForm=RevisarDocumento&a=0.15959941782057285 HTTP/1.1" 200 1304
66.249.79.120 - - [07/Jul/2015:01:55:26 -0500] "GET /BLA/resoluciones/AUTOS%202013/3597.pdf HTTP/1.1" 304 -
188.165.15.152 - - [07/Jul/2015:01:55:27 -0500] "GET /BLA/resoluciones/AUTOS%202006/AUTOS%202006%202001%20-%202100/00002087.tif HTTP/1.1" 200 218354
66.249.79.107 - - [07/Jul/2015:01:55:35 -0500] "GET /BLA/resoluciones/RESOLUCIONES%202013/0120.pdf HTTP/1.1" 304 -
66.249.79.107 - - [07/Jul/2015:01:55:45 -0500] "GET /BLA/resoluciones/AUTOS%202012/1308.pdf HTTP/1.1" 304 -
66.249.79.133 - - [07/Jul/2015:01:55:54 -0500] "GET /BLA/resoluciones/RESOLUCIONES%202010/6340.pdf HTTP/1.1" 304 -
66.249.79.107 - - [07/Jul/2015:01:56:03 -0500] "GET /BLA/resoluciones/RESOLUCIONES%202010/1930.pdf HTTP/1.1" 304 -
66.249.79.107 - - [07/Jul/2015:01:56:13 -0500] "GET /BLA/resoluciones/RESOLUCIONES%202007/RES%202007%20101%20AL%20200/RESOLUCION%200108%20%20DE%202007.pdf HTTP/1.1" 304 -
66.249.79.133 - - [07/Jul/2015:01:56:22 -0500] "GET /BLA/resoluciones/RESOLUCIONES%202007/RES%202007%203901%20AL%204000/RESOLUCION%203957%20DE%202007.pdf HTTP/1.1" 304 -
66.249.79.133 - - [07/Jul/2015:01:56:31 -0500] "GET /BLA/resoluciones/RESOLUCIONES%202007/RES%202007%204101%20AL%204200/RESOLUCION%204167%20DE%202007.pdf HTTP/1.1" 304 -
66.249.79.107 - - [07/Jul/2015:01:56:41 -0500] "GET /BLA/resoluciones/RESOLUCIONES%202011/5892.pdf HTTP/1.1" 304 -
201.234.75.11 - - [07/Jul/2015:01:56:50 -0500] "GET /galeria/nivo-slider/demo/images/Banner-comparendo.jpg HTTP/1.1" 304 -
66.249.79.133 - - [07/Jul/2015:01:56:50 -0500] "GET /BLA/resoluciones/RESOLUCIONES%202010/6900.pdf HTTP/1.1" 304 -
66.249.79.120 - - [07/Jul/2015:01:56:59 -0500] "GET /BLA/resoluciones/AUTOS%202014/1929.pdf HTTP/1.1" 304 -
66.249.79.133 - - [07/Jul/2015:01:57:09 -0500] "GET /BLA/resoluciones/RESOLUCIONES%202011/5660.pdf HTTP/1.1" 304 -
66.249.79.133 - - [07/Jul/2015:01:57:18 -0500] "GET /BLA/resoluciones/RESOLUCIONES%202010/7449.pdf HTTP/1.1" 304 -
66.249.79.164 - - [07/Jul/2015:01:57:25 -0500] "GET /POT-2013/expediente/EXPEDIENTE%20DISTRITAL%20VIGENCIA%202011octubre%20final.pdf HTTP/1.1" 304 -
66.249.79.133 - - [07/Jul/2015:01:57:27 -0500] "GET /BLA/resoluciones/RESOLUCIONES%202010/7459.pdf HTTP/1.1" 304 -
66.249.79.107 - - [07/Jul/2015:01:57:37 -0500] "GET /BLA/resoluciones/RESOLUCIONES%202012/1588.pdf HTTP/1.1" 304 -
181.56.193.251 - - [07/Jul/2015:01:57:41 -0500] "GET /forest/skins/gdocs-jar/popup/escritorio/reasignar.jsp?codTraEsc=18583788&a=0.6804661434143782 HTTP/1.1" 200 3741
66.249.79.120 - - [07/Jul/2015:01:57:46 -0500] "GET /BLA/resoluciones/AUTOS%202013/0135.pdf HTTP/1.1" 304 -
66.249.79.133 - - [07/Jul/2015:01:57:55 -0500] "GET /BLA/resoluciones/RESOLUCIONES%202011/4865.pdf HTTP/1.1" 304 -
66.249.79.177 - - [07/Jul/2015:01:58:05 -0500] "GET /portalsiaccapacitaciones/Soportes%20Capacitaciones%202014/0086.%20Presentaci%C3%B3n%20EcoConducci%C3%B3n%2010-06-14.pdf HTTP/1.1" 304 -
66.249.79.107 - - [07/Jul/2015:01:58:14 -0500] "GET /BLA/resoluciones/RESOLUCIONES%202010/1454.pdf HTTP/1.1" 304 -
66.249.79.107 - - [07/Jul/2015:01:58:23 -0500] "GET /BLA/resoluciones/RESOLUCIONES%202009/0761.pdf HTTP/1.1" 304 -
181.56.193.251 - - [07/Jul/2015:01:58:29 -0500] "GET /forest/skins/gdocs-jar/popup/buscarfuncionarios.jsp?a=0.8404518067836761 HTTP/1.1" 200 30402
66.249.79.133 - - [07/Jul/2015:01:58:33 -0500] "GET /BLA/resoluciones/RESOLUCIONES%202007/RES%202007%202101%20AL%202200/RESOLUCION%202175%20DE%202007.pdf HTTP/1.1" 304 -
181.56.193.251 - - [07/Jul/2015:01:58:33 -0500] "GET /forest/xmlresponse.do?lista=funcionarioByName&xmlret=1&partNomFun=sandra%20l&a=0.41549934376962483 HTTP/1.1" 200 281
181.56.193.251 - - [07/Jul/2015:01:58:34 -0500] "GET /forest/json.do?query=dependenciaByFun&codFun=LUCIA.RODRIGUEZ&a=0.6162251711357385 HTTP/1.1" 200 96
66.249.79.133 - - [07/Jul/2015:01:58:42 -0500] "GET /BLA/resoluciones/RESOLUCIONES%202013/1558.pdf HTTP/1.1" 304 -
181.56.193.251 - - [07/Jul/2015:01:58:43 -0500] "POST /forest/usutareas.do?group_system_actual=3 HTTP/1.1" 200 148
181.56.193.251 - - [07/Jul/2015:01:58:45 -0500] "GET /forest/usutareas.do?group_system_actual=3&a=0.39751207269728184 HTTP/1.1" 200 20581
181.56.193.251 - - [07/Jul/2015:01:58:45 -0500] "GET /forest/session.jsp?a=0.5183375398628414 HTTP/1.1" 200 4
188.165.15.152 - - [07/Jul/2015:01:58:49 -0500] "GET /BLA/resoluciones/RESOLUCIONES%202006/RES%202006%201051-1100/00001095.tif HTTP/1.1" 200 216542
66.249.79.120 - - [07/Jul/2015:01:58:51 -0500] "GET /BLA/resoluciones/AUTOS%202008/0480.pdf HTTP/1.1" 304 -
181.56.193.251 - - [07/Jul/2015:01:59:00 -0500] "GET /forest/misactividades.do?_a=0.6206492753699422&group_system_actual=3 HTTP/1.1" 200 38599
66.249.79.107 - - [07/Jul/2015:01:59:01 -0500] "GET /BLA/resoluciones/RESOLUCIONES%202007/RES%202007%20101%20AL%20200/RESOLUCION%200127%20%20DE%202007.pdf HTTP/1.1" 304 -
181.56.193.251 - - [07/Jul/2015:01:59:01 -0500] "GET /forest/session.jsp?a=0.5378112543839961 HTTP/1.1" 200 4
181.56.193.251 - - [07/Jul/2015:01:59:02 -0500] "POST /forest/misactividades.do?ajax=true&a=0.12522179586812854 HTTP/1.1" 200 10000
181.56.193.251 - - [07/Jul/2015:01:59:05 -0500] "POST /forest/misactividades.do?loadList=1&name=asixi&a=0.7790856470819563 HTTP/1.1" 200 836
181.56.193.251 - - [07/Jul/2015:01:59:05 -0500] "GET /forest/img/jquery/ui-icons_f9bd01_256x240.png HTTP/1.1" 404 185
181.56.193.251 - - [07/Jul/2015:01:59:07 -0500] "POST /forest/misactividades.do?ajax=true&a=0.7680243672803044 HTTP/1.1" 200 1483
66.249.79.107 - - [07/Jul/2015:01:59:10 -0500] "GET /BLA/resoluciones/RESOLUCIONES%202014/1941.pdf HTTP/1.1" 304 -
188.165.15.152 - - [07/Jul/2015:01:59:11 -0500] "GET /BLA/resoluciones/RESOLUCIONES%202005/RES%202005%202251-2300/00002256.tif HTTP/1.1" 200 59762
66.249.79.133 - - [07/Jul/2015:01:59:19 -0500] "GET /BLA/resoluciones/RESOLUCIONES%202010/4775.pdf HTTP/1.1" 304 -
66.249.79.133 - - [07/Jul/2015:01:59:29 -0500] "GET /BLA/resoluciones/AUTOS%202014/4999.pdf HTTP/1.1" 304 -
66.249.79.164 - - [07/Jul/2015:01:59:38 -0500] "GET /portalsiaccapacitaciones/Soportes%20Capacitaciones%202014/0100.%20Presentaci%C3%B3n%20Registros%20Acopiador%20Primario%20y%20Generador%20RESPEL%2016-09-14.pdf HTTP/1.1" 304 -
66.249.79.120 - - [07/Jul/2015:01:59:42 -0500] "GET /BLA/resoluciones/RESOLUCIONES%202007/RES%202007%20601%20AL%20700/RESOLUCION%200621%20DE%202007.pdf HTTP/1.1" 304 -
66.249.79.133 - - [07/Jul/2015:01:59:48 -0500] "GET /BLA/resoluciones/RESOLUCIONES%202007/RES%202007%20601%20AL%20700/RESOLUCION%200693%20DE%202007.pdf HTTP/1.1" 304 -
188.165.15.152 - - [07/Jul/2015:01:59:51 -0500] "GET /BLA/resoluciones/AUTOS%202006/AUTOS%202006%202801%20-%202900/00002865.tif HTTP/1.1" 200 136638
66.249.79.133 - - [07/Jul/2015:01:59:57 -0500] "GET /BLA/resoluciones/RESOLUCIONES%202012/1238.pdf HTTP/1.1" 304 -
66.249.79.133 - - [07/Jul/2015:02:00:06 -0500] "GET /BLA/resoluciones/AUTOS%202014/6798.pdf HTTP/1.1" 304 -
74.86.158.107 - - [07/Jul/2015:02:00:07 -0500] "HEAD / HTTP/1.1" 200 -
188.165.15.152 - - [07/Jul/2015:02:00:12 -0500] "GET /BLA/resoluciones/index.php?dir=RESOLUCIONES%202002/RES%202002%201151-1200/&sort=date&order=asc HTTP/1.1" 200 12144
181.56.193.251 - - [07/Jul/2015:01:54:13 -0500] "GET /ForestMSG_SDA/channelAsync/template_word_18461888?X-Atmosphere-tracking-id=155a0dd9-4f1e-36b3-88ae-5dd054faf93b&X-Atmosphere-Framework=1.0.5&X-Atmosphere-Transport=long-polling&tabid=0.9822030961513519&X-Cache-Date=0&Content-Type=application/xml&_=1436252186862 HTTP/1.1" 200 8193
66.249.79.107 - - [07/Jul/2015:02:00:16 -0500] "GET /BLA/resoluciones/RESOLUCIONES%202014/1570.pdf HTTP/1.1" 304 -
180.76.15.149 - - [07/Jul/2015:02:00:17 -0500] "GET /BLA/boletinlegal/jurisprudencia/analisis/Analisis%20jurisprudencial%20Sentencia%20C-366-11.doc HTTP/1.1" 200 59392
181.56.193.251 - - [07/Jul/2015:02:00:22 -0500] "GET /forest/usutareas.do?_a=0.6515525055583566&group_system_actual=3 HTTP/1.1" 200 112305
181.56.193.251 - - [07/Jul/2015:02:00:24 -0500] "GET /forest/session.jsp?a=0.9468126462306827 HTTP/1.1" 200 4
181.56.193.251 - - [07/Jul/2015:02:00:24 -0500] "GET /forest/actions/forms.getMappedValues?id=id_Numeracion1&value=1403135351439&codForm=ElaborarDocumento&a=0.15920974779874086 HTTP/1.1" 200 152
66.249.79.133 - - [07/Jul/2015:02:00:25 -0500] "GET /BLA/resoluciones/AUTOS%202012/1690.pdf HTTP/1.1" 304 -
181.56.193.251 - - [07/Jul/2015:02:00:32 -0500] "GET /forest/borrador/1782922/Borrador%20juridico%202014-06-18.docx HTTP/1.1" 200 79425
66.249.79.133 - - [07/Jul/2015:02:00:34 -0500] "GET /BLA/resoluciones/RESOLUCIONES%202007/RES%202007%201501%20AL%201600/RESOLUCION%201505%20DE%202007.pdf HTTP/1.1" 304 -
66.249.79.107 - - [07/Jul/2015:02:00:44 -0500] "GET /BLA/resoluciones/AUTOS%202014/5789.pdf HTTP/1.1" 304 -
181.56.193.251 - - [07/Jul/2015:02:00:44 -0500] "GET /forest/usudocumentos.do?p7z=1833002&a=0.5453686555847526&a=0.9635729903820902 HTTP/1.1" 200 2522
66.249.79.133 - - [07/Jul/2015:02:00:53 -0500] "GET /BLA/resoluciones/RESOLUCIONES%202012/1027.pdf HTTP/1.1" 304 -
181.56.193.251 - - [07/Jul/2015:02:00:55 -0500] "GET /forest/documentos/1833002/2014IE62630.p7z:claro/Conceptotec.docx HTTP/1.1" 200 411353
66.249.79.133 - - [07/Jul/2015:02:01:02 -0500] "GET /BLA/resoluciones/Notificaciones/AUTOS%202014/5782.doc HTTP/1.1" 304 -
66.249.79.107 - - [07/Jul/2015:02:01:12 -0500] "GET /BLA/resoluciones/RESOLUCIONES%202007/RES%202007%203601%20AL%203700/RESOLUCION%203662%20DE%202007.pdf HTTP/1.1" 304 -
188.165.15.152 - - [07/Jul/2015:02:01:19 -0500] "GET /BLA/resoluciones/AUTOS%202006/AUTOS%202006%20401-500/00000401.tif HTTP/1.1" 200 95448
181.56.193.251 - - [07/Jul/2015:01:55:19 -0500] "GET /ForestMSG_SDA/channelAsync/template_word_18583788?X-Atmosphere-tracking-id=71bd8ed0-5caa-7456-9a72-a8fdf5337c67&X-Atmosphere-Framework=1.0.5&X-Atmosphere-Transport=long-polling&tabid=0.022759230341762304&X-Cache-Date=0&Content-Type=application/xml&_=1436252252536 HTTP/1.1" 200 8193
66.249.79.133 - - [07/Jul/2015:02:01:21 -0500] "GET /BLA/resoluciones/RESOLUCIONES%202012/0131.pdf HTTP/1.1" 304 -
66.249.79.107 - - [07/Jul/2015:02:01:30 -0500] "GET /BLA/resoluciones/RESOLUCIONES%202008/0768.pdf HTTP/1.1" 304 -
66.249.79.120 - - [07/Jul/2015:02:01:40 -0500] "GET /BLA/resoluciones/AUTOS%202014/0423.pdf HTTP/1.1" 304 -
66.249.79.133 - - [07/Jul/2015:02:01:48 -0500] "GET /BLA/resoluciones/RESOLUCIONES%202005/RES%202005%20751-800/00000762.tif HTTP/1.1" 304 -
66.249.79.133 - - [07/Jul/2015:02:01:49 -0500] "GET /BLA/resoluciones/RESOLUCIONES%202011/0863.pdf HTTP/1.1" 304 -
66.249.79.120 - - [07/Jul/2015:02:01:58 -0500] "GET /BLA/resoluciones/AUTOS%202011/4157.pdf HTTP/1.1" 304 -
66.249.79.133 - - [07/Jul/2015:02:02:05 -0500] "GET /BLA/resoluciones/RESOLUCIONES%202010/6495.pdf HTTP/1.1" 304 -
66.249.79.133 - - [07/Jul/2015:02:02:08 -0500] "GET /BLA/resoluciones/RESOLUCIONES%202009/4406.pdf HTTP/1.1" 304 -
66.249.79.133 - - [07/Jul/2015:02:02:17 -0500] "GET /BLA/resoluciones/RESOLUCIONES%202010/7572.pdf HTTP/1.1" 304 -
66.249.79.133 - - [07/Jul/2015:02:02:26 -0500] "GET /BLA/resoluciones/RESOLUCIONES%202013/0184.pdf HTTP/1.1" 304 -
66.249.79.120 - - [07/Jul/2015:02:02:36 -0500] "GET /BLA/resoluciones/RESOLUCIONES%202010/7252.pdf HTTP/1.1" 304 -
88.198.233.69 - - [07/Jul/2015:02:02:37 -0500] "GET / HTTP/1.1" 200 10190
66.249.79.133 - - [07/Jul/2015:02:02:45 -0500] "GET /BLA/resoluciones/RESOLUCIONES%202014/3687.pdf HTTP/1.1" 200 391978
66.249.79.107 - - [07/Jul/2015:02:02:54 -0500] "GET /BLA/resoluciones/RESOLUCIONES%202013/1002.pdf HTTP/1.1" 304 -
66.249.79.120 - - [07/Jul/2015:02:03:04 -0500] "GET /BLA/resoluciones/RESOLUCIONES%202007/RES%202007%203801%20AL%203900/RESOLUCION%203888%20DE%202007.pdf HTTP/1.1" 304 -
66.249.79.133 - - [07/Jul/2015:02:03:13 -0500] "GET /BLA/resoluciones/RESOLUCIONES%202007/RES%202007%203001%20AL%203100/RESOLUCION%203077%20DE%202007.pdf HTTP/1.1" 304 -
66.249.79.133 - - [07/Jul/2015:02:03:22 -0500] "GET /BLA/resoluciones/AUTOS%202014/1552.pdf HTTP/1.1" 304 -
66.249.79.133 - - [07/Jul/2015:02:03:32 -0500] "GET /BLA/resoluciones/RESOLUCIONES%202011/0218.pdf HTTP/1.1" 304 -
66.249.79.120 - - [07/Jul/2015:02:03:41 -0500] "GET /BLA/resoluciones/AUTOS%202012/1752.pdf HTTP/1.1" 304 -
66.249.79.133 - - [07/Jul/2015:02:03:50 -0500] "GET /BLA/resoluciones/RESOLUCIONES%202007/RES%202007%20301%20AL%20400/RESOLUCION%200317%20DE%202007.pdf HTTP/1.1" 304 -
66.249.79.107 - - [07/Jul/2015:02:04:00 -0500] "GET /BLA/resoluciones/RESOLUCIONES%202012/1481.pdf HTTP/1.1" 304 -
66.249.79.107 - - [07/Jul/2015:02:04:09 -0500] "GET /BLA/resoluciones/RESOLUCIONES%202011/3099.pdf HTTP/1.1" 304 -
188.165.15.152 - - [07/Jul/2015:02:04:14 -0500] "GET /BLA/resoluciones/AUTOS%202006/AUTOS%202006%202001%20-%202100/00002035.tif HTTP/1.1" 200 126494
66.249.79.107 - - [07/Jul/2015:02:04:19 -0500] "GET /BLA/resoluciones/AUTOS%202014/6643.pdf HTTP/1.1" 304 -
66.249.79.120 - - [07/Jul/2015:02:04:19 -0500] "GET /BLA/resoluciones/RESOLUCIONES%202007/RES%202007%202601%20AL%202700/RESOLUCION%202646%20DE%202007.pdf HTTP/1.1" 304 -
66.249.79.107 - - [07/Jul/2015:02:04:28 -0500] "GET /BLA/resoluciones/RESOLUCIONES%202007/RES%202007%204101%20AL%204200/RESOLUCION%204198%20DE%202007.pdf HTTP/1.1" 304 -
66.249.79.107 - - [07/Jul/2015:02:04:37 -0500] "GET /BLA/resoluciones/RESOLUCIONES%202011/0878.pdf HTTP/1.1" 304 -
188.165.15.152 - - [07/Jul/2015:02:04:46 -0500] "GET /BLA/resoluciones/AUTOS%202006/AUTOS%202006%20601-700/00000681.tif HTTP/1.1" 200 42934
66.249.79.120 - - [07/Jul/2015:02:04:47 -0500] "GET /BLA/resoluciones/Notificaciones/AUTOS%202014/3044.doc HTTP/1.1" 304 -
66.249.79.133 - - [07/Jul/2015:02:04:56 -0500] "GET /BLA/resoluciones/AUTOS%202014/5574.pdf HTTP/1.1" 304 -
66.249.79.133 - - [07/Jul/2015:02:05:05 -0500] "GET /BLA/resoluciones/AUTOS%202011/4367.pdf HTTP/1.1" 304 -
74.86.158.107 - - [07/Jul/2015:02:05:07 -0500] "HEAD / HTTP/1.1" 200 -
66.249.79.133 - - [07/Jul/2015:02:05:15 -0500] "GET /BLA/resoluciones/RESOLUCIONES%202007/RES%202007%203201%20AL%203300/RESOLUCION%203244%20DE%202007.pdf HTTP/1.1" 304 -
66.249.79.133 - - [07/Jul/2015:02:05:24 -0500] "GET /BLA/resoluciones/RESOLUCIONES%202007/RES%202007%201401%20AL%201500/RESOLUCION%201405%20DE%202007.pdf HTTP/1.1" 304 -
181.56.193.251 - - [07/Jul/2015:02:05:24 -0500] "GET /forest/session.jsp?a=0.1730997897684574 HTTP/1.1" 200 4
66.249.79.107 - - [07/Jul/2015:02:05:33 -0500] "GET /BLA/resoluciones/RESOLUCIONES%202009/8589.pdf HTTP/1.1" 304 -
24.50.201.162 - - [07/Jul/2015:02:05:38 -0500] "GET /webdav/x32.php?host=71.202.248.227&time=120&port=80 HTTP/1.1" 404 1018
66.249.79.107 - - [07/Jul/2015:02:05:43 -0500] "GET /BLA/resoluciones/RESOLUCIONES%202012/0619.pdf HTTP/1.1" 304 -
66.249.79.120 - - [07/Jul/2015:02:05:52 -0500] "GET /BLA/resoluciones/AUTOS%202014/4394.pdf HTTP/1.1" 304 -
66.249.79.120 - - [07/Jul/2015:02:06:01 -0500] "GET /BLA/resoluciones/RESOLUCIONES%202011/2646.pdf HTTP/1.1" 304 -
66.249.79.107 - - [07/Jul/2015:02:06:11 -0500] "GET /BLA/resoluciones/RESOLUCIONES%202010/7838.pdf HTTP/1.1" 304 -
66.249.79.120 - - [07/Jul/2015:02:06:20 -0500] "GET /BLA/resoluciones/AUTOS%202011/0217.pdf HTTP/1.1" 304 -
181.56.193.251 - - [07/Jul/2015:02:00:24 -0500] "GET /ForestMSG_SDA/channelAsync/template_word_18462632?X-Atmosphere-tracking-id=e4fd93e9-831d-6d27-b4d4-c91f1711c6a3&X-Atmosphere-Framework=1.0.5&X-Atmosphere-Transport=long-polling&tabid=0.017079154029488564&X-Cache-Date=0&Content-Type=application/xml&_=1436252556943 HTTP/1.1" 200 8193
66.249.79.120 - - [07/Jul/2015:02:06:29 -0500] "GET /autoliquidacion/Grupo%20Forestal%20-%20Industria%20de%20la%20Madera/Instructivo%20para%20la%20Relaci%C3%B3n%20de%20Salvoconductos_facturas_remisiones_CARA_1_2.pdf HTTP/1.1" 304 -
66.249.79.177 - - [07/Jul/2015:02:06:38 -0500] "GET /portalsiaccapacitaciones/Soportes%20Capacitaciones%202014/0080.%20Presentaci%C3%B3n%20CASO%20II%20Mantenimiento%20Parque%20Automotor%2027-05-2014.pdf HTTP/1.1" 304 -
66.249.79.133 - - [07/Jul/2015:02:06:39 -0500] "GET /residuos/curtiembres/files/guia_curtiembres.pdf HTTP/1.1" 200 13618642
188.165.233.34 - - [07/Jul/2015:02:06:54 -0500] "GET /robots.txt HTTP/1.0" 404 1015
188.165.233.34 - - [07/Jul/2015:02:06:55 -0500] "GET / HTTP/1.1" 206 10190
181.113.253.78 - - [07/Jul/2015:02:06:55 -0500] "GET /galeria/galeria/jquery.fancybox.css?v=2.1.5 HTTP/1.1" 200 4895
181.113.253.78 - - [07/Jul/2015:02:06:56 -0500] "GET /BLA/boletinlegal/js/jquery.scrollTo-min.js HTTP/1.1" 200 1150
181.113.253.78 - - [07/Jul/2015:02:06:56 -0500] "GET /BLA/boletinlegal/js/jquery.scrollShow.js HTTP/1.1" 200 4586
181.113.253.78 - - [07/Jul/2015:02:06:56 -0500] "GET /galeria/galeria/jquery.fancybox.js?v=2.1.5 HTTP/1.1" 200 48706
66.249.79.120 - - [07/Jul/2015:02:06:57 -0500] "GET /BLA/resoluciones/AUTOS%202011/0216.pdf HTTP/1.1" 304 -
66.249.79.107 - - [07/Jul/2015:02:06:57 -0500] "GET /BLA/resoluciones/RESOLUCIONES%202007/RES%202007%20101%20AL%20200/RESOLUCION%200156%20DE%202007.pdf HTTP/1.1" 304 -
181.113.253.78 - - [07/Jul/2015:02:07:05 -0500] "GET /BLA/boletinlegal/js/jquery.scrollTo-min.js HTTP/1.1" 304 -
181.113.253.78 - - [07/Jul/2015:02:07:05 -0500] "GET /galeria/galeria/jquery.fancybox.css?v=2.1.5 HTTP/1.1" 304 -
181.113.253.78 - - [07/Jul/2015:02:07:05 -0500] "GET /galeria/galeria/jquery.fancybox.js?v=2.1.5 HTTP/1.1" 304 -
181.113.253.78 - - [07/Jul/2015:02:07:05 -0500] "GET /BLA/boletinlegal/js/jquery.scrollShow.js HTTP/1.1" 304 -
66.249.79.133 - - [07/Jul/2015:02:07:07 -0500] "GET /BLA/resoluciones/RESOLUCIONES%202007/RES%202007%202001%20AL%202100/RESOLUCION%202074%20DE%202007.pdf HTTP/1.1" 304 -
66.249.79.120 - - [07/Jul/2015:02:07:16 -0500] "GET /BLA/resoluciones/RESOLUCIONES%202008/1025.pdf HTTP/1.1" 304 -
188.165.15.152 - - [07/Jul/2015:02:07:22 -0500] "GET /BLA/resoluciones/RESOLUCIONES%202005/RES%202005%201851-1900/00001852.tif HTTP/1.1" 200 136430
66.249.79.133 - - [07/Jul/2015:02:07:25 -0500] "GET /sia/ HTTP/1.1" 304 -
66.249.79.107 - - [07/Jul/2015:02:07:35 -0500] "GET /BLA/resoluciones/RESOLUCIONES%202014/2001.pdf HTTP/1.1" 304 -
66.249.79.120 - - [07/Jul/2015:02:07:44 -0500] "GET /BLA/resoluciones/AUTOS%202015/0017.pdf HTTP/1.1" 304 -
66.249.79.107 - - [07/Jul/2015:02:07:54 -0500] "GET /BLA/resoluciones/RESOLUCIONES%202012/0195.pdf HTTP/1.1" 304 -
66.249.79.107 - - [07/Jul/2015:02:08:03 -0500] "GET /BLA/resoluciones/Notificaciones/AUTOS%202014/3198.doc HTTP/1.1" 304 -
188.165.15.152 - - [07/Jul/2015:02:08:04 -0500] "GET /BLA/resoluciones/AUTOS%202006/AUTOS%202006%203201%20-%203300/00003208.tif HTTP/1.1" 200 47766
66.249.79.133 - - [07/Jul/2015:02:08:12 -0500] "GET /BLA/resoluciones/RESOLUCIONES%202010/4721.pdf HTTP/1.1" 304 -
66.249.79.107 - - [07/Jul/2015:02:08:22 -0500] "GET /BLA/resoluciones/AUTOS%202013/1101.pdf HTTP/1.1" 304 -
66.249.79.133 - - [07/Jul/2015:02:08:31 -0500] "GET /BLA/resoluciones/RESOLUCIONES%202011/2537.pdf HTTP/1.1" 304 -
66.249.79.107 - - [07/Jul/2015:02:08:40 -0500] "GET /BLA/resoluciones/AUTOS%202011/2146.pdf HTTP/1.1" 304 -
190.84.59.117 - - [07/Jul/2015:02:08:45 -0500] "GET /galeria/galeria/jquery.fancybox.css?v=2.1.5 HTTP/1.1" 200 4895
190.84.59.117 - - [07/Jul/2015:02:08:45 -0500] "GET /BLA/boletinlegal/js/jquery.scrollTo-min.js HTTP/1.1" 200 1150
190.84.59.117 - - [07/Jul/2015:02:08:45 -0500] "GET /galeria/carrusel/Carrusel/jquery.thumbnailScroller.css HTTP/1.1" 200 2066
190.84.59.117 - - [07/Jul/2015:02:08:45 -0500] "GET /BLA/boletinlegal/js/jquery.scrollShow.js HTTP/1.1" 200 4586
190.84.59.117 - - [07/Jul/2015:02:08:46 -0500] "GET /galeria/galeria/jquery.fancybox.js?v=2.1.5 HTTP/1.1" 200 48706
190.84.59.117 - - [07/Jul/2015:02:08:46 -0500] "GET /galeria/carrusel/Carrusel/jquery-ui-1.8.13.custom.min.js HTTP/1.1" 200 10800
190.84.59.117 - - [07/Jul/2015:02:08:46 -0500] "GET /galeria/carrusel/Carrusel/jquery.thumbnailScroller.js HTTP/1.1" 200 8157
190.84.59.117 - - [07/Jul/2015:02:08:47 -0500] "GET /galeria/nivo-slider/demo/demo.html HTTP/1.1" 200 5022
66.249.79.133 - - [07/Jul/2015:02:08:50 -0500] "GET /BLA/resoluciones/RESOLUCIONES%202012/0323.pdf HTTP/1.1" 304 -
66.249.79.107 - - [07/Jul/2015:02:08:53 -0500] "GET /BLA/resoluciones/AUTOS%202013/1593.pdf HTTP/1.1" 304 -
190.84.59.117 - - [07/Jul/2015:02:08:54 -0500] "GET /galeria/nivo-slider/themes/default/default.css HTTP/1.1" 200 1569
190.84.59.117 - - [07/Jul/2015:02:08:54 -0500] "GET /galeria/nivo-slider/themes/pascal/pascal.css HTTP/1.1" 200 2258
190.84.59.117 - - [07/Jul/2015:02:08:54 -0500] "GET /galeria/nivo-slider/themes/orman/orman.css HTTP/1.1" 200 2152
190.84.59.117 - - [07/Jul/2015:02:08:54 -0500] "GET /galeria/nivo-slider/demo/style.css HTTP/1.1" 200 2222
190.84.59.117 - - [07/Jul/2015:02:08:54 -0500] "GET /galeria/nivo-slider/nivo-slider.css HTTP/1.1" 200 1507
190.84.59.117 - - [07/Jul/2015:02:08:54 -0500] "GET /galeria/nivo-slider/demo/scripts/jquery-1.7.1.min.js HTTP/1.1" 200 93868
190.84.59.117 - - [07/Jul/2015:02:08:54 -0500] "GET /galeria/nivo-slider/jquery.nivo.slider.pack.js HTTP/1.1" 200 11561
190.84.59.117 - - [07/Jul/2015:02:08:54 -0500] "GET /galeria/nivo-slider/demo/images/Rendicion-de-cuentas.jpg HTTP/1.1" 200 174889
190.84.59.117 - - [07/Jul/2015:02:08:54 -0500] "GET /galeria/nivo-slider/demo/images/Atempobogota.jpg HTTP/1.1" 200 91770
190.84.59.117 - - [07/Jul/2015:02:08:54 -0500] "GET /galeria/nivo-slider/demo/images/VoluntariadoPYBA.jpg HTTP/1.1" 200 40647
190.84.59.117 - - [07/Jul/2015:02:08:54 -0500] "GET /galeria/nivo-slider/demo/images/9Signos.jpg HTTP/1.1" 200 81776
190.84.59.117 - - [07/Jul/2015:02:08:54 -0500] "GET /galeria/nivo-slider/demo/images/Comparendo-ambiental-Banner.jpg HTTP/1.1" 200 83731
190.84.59.117 - - [07/Jul/2015:02:08:54 -0500] "GET /galeria/nivo-slider/demo/images/GAE-banner.jpg HTTP/1.1" 200 97556
190.84.59.117 - - [07/Jul/2015:02:08:55 -0500] "GET /galeria/nivo-slider/demo/images/Banner-encuesta-de-percepscio.jpg HTTP/1.1" 200 201899
190.84.59.117 - - [07/Jul/2015:02:08:55 -0500] "GET /galeria/nivo-slider/demo/images/banner-Pacto-por-la-madera.jpg HTTP/1.1" 200 209966
190.84.59.117 - - [07/Jul/2015:02:08:55 -0500] "GET /galeria/nivo-slider/demo/images/acuerdo_569.jpg HTTP/1.1" 200 62670
190.84.59.117 - - [07/Jul/2015:02:08:55 -0500] "GET /galeria/nivo-slider/demo/images/4Simple_Slider.png HTTP/1.1" 200 11722
190.84.59.117 - - [07/Jul/2015:02:08:55 -0500] "GET /galeria/nivo-slider/themes/default/loading.gif HTTP/1.1" 200 1737
190.84.59.117 - - [07/Jul/2015:02:08:55 -0500] "GET /galeria/nivo-slider/demo/images/Licitaciones-proyecto-paramo.jpg HTTP/1.1" 200 221877
190.84.59.117 - - [07/Jul/2015:02:08:56 -0500] "GET /galeria/nivo-slider/demo/images/Banner-decreto1299.jpg HTTP/1.1" 200 182613
190.84.59.117 - - [07/Jul/2015:02:08:56 -0500] "GET /galeria/nivo-slider/demo/images/Banner-Directorio.jpg HTTP/1.1" 200 182068
190.84.59.117 - - [07/Jul/2015:02:08:56 -0500] "GET /galeria/nivo-slider/demo/images/Ruta-vertimientos-01.jpg HTTP/1.1" 200 130151
190.84.59.117 - - [07/Jul/2015:02:08:56 -0500] "GET /galeria/nivo-slider/demo/images/bolsas-06.jpg HTTP/1.1" 200 90982
190.84.59.117 - - [07/Jul/2015:02:08:56 -0500] "GET /galeria/nivo-slider/demo/images/Conoce-los-humedales.jpg HTTP/1.1" 200 294036
190.84.59.117 - - [07/Jul/2015:02:08:56 -0500] "GET /galeria/nivo-slider/demo/images/ecolecta-Dic2014.png HTTP/1.1" 200 288593
190.84.59.117 - - [07/Jul/2015:02:08:56 -0500] "GET /galeria/nivo-slider/demo/images/Banner-Caracol-Africano.jpg HTTP/1.1" 200 331986
190.84.59.117 - - [07/Jul/2015:02:08:56 -0500] "GET /galeria/nivo-slider/demo/images/banner-llantas2.jpg HTTP/1.1" 200 204644
66.249.79.120 - - [07/Jul/2015:02:08:59 -0500] "GET /BLA/resoluciones/RESOLUCIONES%202008/0577.pdf HTTP/1.1" 304 -
190.84.59.117 - - [07/Jul/2015:02:08:59 -0500] "GET /galeria/nivo-slider/themes/default/arrows.png HTTP/1.1" 200 824
190.84.59.117 - - [07/Jul/2015:02:08:59 -0500] "GET /galeria/nivo-slider/themes/default/bullets.png HTTP/1.1" 200 1281
66.249.79.120 - - [07/Jul/2015:02:09:08 -0500] "GET /BLA/resoluciones/RESOLUCIONES%202014/2004.pdf HTTP/1.1" 304 -
66.249.79.107 - - [07/Jul/2015:02:09:18 -0500] "GET /BLA/resoluciones/AUTOS%202008/0508.pdf HTTP/1.1" 304 -
66.249.79.107 - - [07/Jul/2015:02:09:27 -0500] "GET /BLA/resoluciones/AUTOS%202013/0540.pdf HTTP/1.1" 304 -
190.84.59.117 - - [07/Jul/2015:02:09:33 -0500] "GET /BLA/boletinlegal/js/jquery.scrollTo-min.js HTTP/1.1" 304 -
190.84.59.117 - - [07/Jul/2015:02:09:33 -0500] "GET /galeria/galeria/jquery.fancybox.js?v=2.1.5 HTTP/1.1" 304 -
190.84.59.117 - - [07/Jul/2015:02:09:33 -0500] "GET /galeria/galeria/jquery.fancybox.css?v=2.1.5 HTTP/1.1" 304 -
190.84.59.117 - - [07/Jul/2015:02:09:33 -0500] "GET /BLA/boletinlegal/js/jquery.scrollShow.js HTTP/1.1" 304 -
66.249.79.120 - - [07/Jul/2015:02:09:36 -0500] "GET /BLA/resoluciones/RESOLUCIONES%202007/RES%202007%201001%20AL%201100/RESOLUCION%201006%20DE%202007.pdf HTTP/1.1" 304 -
66.249.79.133 - - [07/Jul/2015:02:09:40 -0500] "GET /BLA/resoluciones/RESOLUCIONES%202005/RES%202005%20751-800/00000765.tif HTTP/1.1" 304 -
66.249.79.107 - - [07/Jul/2015:02:09:40 -0500] "GET /BLA/resoluciones/RESOLUCIONES%202005/RES%202005%201101-1150/00001136.tif HTTP/1.1" 200 194394
66.249.79.120 - - [07/Jul/2015:02:09:46 -0500] "GET /BLA/resoluciones/RESOLUCIONES%202013/1132.pdf HTTP/1.1" 304 -
66.249.79.120 - - [07/Jul/2015:02:09:55 -0500] "GET /BLA/resoluciones/RESOLUCIONES%202007/RES%202007%202201%20AL%202300/RESOLUCION%202293%20DE%202007.pdf HTTP/1.1" 304 -
66.249.79.120 - - [07/Jul/2015:02:10:04 -0500] "GET /BLA/resoluciones/RESOLUCIONES%202013/0112.pdf HTTP/1.1" 304 -
74.86.158.107 - - [07/Jul/2015:02:10:07 -0500] "HEAD / HTTP/1.1" 200 -
66.249.79.107 - - [07/Jul/2015:02:10:14 -0500] "GET /BLA/resoluciones/RESOLUCIONES%202009/6963.pdf HTTP/1.1" 304 -
66.249.79.107 - - [07/Jul/2015:02:10:23 -0500] "GET /BLA/resoluciones/RESOLUCIONES%202009/3957.pdf HTTP/1.1" 304 -
181.56.193.251 - - [07/Jul/2015:02:10:25 -0500] "GET /forest/session.jsp?a=0.18062633066438138 HTTP/1.1" 200 4
66.249.79.120 - - [07/Jul/2015:02:10:32 -0500] "GET /BLA/resoluciones/RESOLUCIONES%202011/6971.pdf HTTP/1.1" 304 -
66.249.79.133 - - [07/Jul/2015:02:10:42 -0500] "GET /BLA/resoluciones/RESOLUCIONES%202011/1077.pdf HTTP/1.1" 304 -
66.249.79.133 - - [07/Jul/2015:02:10:51 -0500] "GET /BLA/resoluciones/AUTOS%202011/1968.pdf HTTP/1.1" 304 -
66.249.79.133 - - [07/Jul/2015:02:11:00 -0500] "GET /BLA/resoluciones/AUTOS%202013/3188.pdf HTTP/1.1" 304 -
66.249.79.133 - - [07/Jul/2015:02:11:10 -0500] "GET /Autoliquidacion/TR%C3%81MITES%20VERTIMIENTOS/REGISTRO%20DE%20VERTIMIENTOS/LISTA%20DE%20CHEQUEO%20REGISTRO%20DE%20VERTIMIENTOS.xls HTTP/1.1" 200 92672
66.249.79.177 - - [07/Jul/2015:02:11:15 -0500] "GET /portalsiaccapacitaciones/Soportes%20Capacitaciones%202013/0033.%20PRESENTACION%20ESTACIONES%20DE%20SERVICIO%20-%2015%20de%20Agosto.pdf HTTP/1.1" 304 -
66.249.79.120 - - [07/Jul/2015:02:11:19 -0500] "GET /BLA/resoluciones/AUTOS%202007/2230.pdf HTTP/1.1" 200 220029
66.249.79.120 - - [07/Jul/2015:02:11:28 -0500] "GET /BLA/resoluciones/AUTOS%202012/0611.pdf HTTP/1.1" 200 689658
66.249.79.107 - - [07/Jul/2015:02:11:38 -0500] "GET /BLA/resoluciones/AUTOS%202007/2033.pdf HTTP/1.1" 200 121002
66.249.79.133 - - [07/Jul/2015:02:11:47 -0500] "GET /BLA/resoluciones/AUTOS%202007/1739.pdf HTTP/1.1" 200 35758
181.56.193.251 - - [07/Jul/2015:02:11:50 -0500] "GET /forest/skins/gdocs-jar/popup/escritorio/subirborrador.jsp?form=ElaborarDocumento&codTpl=&codBorr=452522&a=0.5953284492716193 HTTP/1.1" 200 23292
181.56.193.251 - - [07/Jul/2015:02:11:50 -0500] "GET /forest/json.do?query=borradoresByTpls&codInst=2877874&codTare=1464&firma=0&a=0.6991393859498203 HTTP/1.1" 200 188
181.56.193.251 - - [07/Jul/2015:02:11:50 -0500] "GET /forest/json.do?query=plantillasByTarea&codTare=1464&codInst=2877874&firma=0&a=0.42715453961864114 HTTP/1.1" 200 508
181.56.193.251 - - [07/Jul/2015:02:11:50 -0500] "GET /forest/json.do?query=terceroById&numTer=79892282&a=0.5135965878143907 HTTP/1.1" 200 672
181.56.193.251 - - [07/Jul/2015:02:11:50 -0500] "GET /forest/json.do?query=datosBorradorByCodTraBorr&codTraBorr=1782922&a=0.24584567034617066 HTTP/1.1" 200 180
181.56.193.251 - - [07/Jul/2015:02:11:50 -0500] "GET /forest/json.do?query=adjuntosByBorrador&codTraBorr=1782922&a=0.5346459450665861 HTTP/1.1" 200 2
181.56.193.251 - - [07/Jul/2015:02:11:50 -0500] "GET /forest/json.do?query=ultimoBorradorByTpl&codTpl=2309&codInst=2877874&a=0.5808781408704817 HTTP/1.1" 200 2
181.56.193.251 - - [07/Jul/2015:02:11:50 -0500] "GET /forest/json.do?query=ultimoBorradorByTpl&codTpl=781&codInst=2877874&a=0.2617045931983739 HTTP/1.1" 200 2
181.56.193.251 - - [07/Jul/2015:02:11:50 -0500] "GET /forest/json.do?query=ultimoBorradorByTpl&codTpl=1241&codInst=2877874&a=0.6737539377063513 HTTP/1.1" 200 20
181.56.193.251 - - [07/Jul/2015:02:11:50 -0500] "GET /forest/json.do?query=ultimoBorradorByTpl&codTpl=921&codInst=2877874&a=0.8175054504536092 HTTP/1.1" 200 2
66.249.79.120 - - [07/Jul/2015:02:11:57 -0500] "GET /BLA/resoluciones/AUTOS%202013/1180.pdf HTTP/1.1" 200 656452
66.249.79.164 - - [07/Jul/2015:02:12:06 -0500] "GET /PruebasSTORM/StormSDA_pruebas/userFiles/user_files/formulas/3/245.xml HTTP/1.1" 304 -
181.56.193.251 - - [07/Jul/2015:02:12:05 -0500] "POST /forest/usutareas.do?group_system_actual=3 HTTP/1.1" 200 204
181.56.193.251 - - [07/Jul/2015:02:12:08 -0500] "GET /forest/usutareas.do?group_system_actual=3&a=0.7983910976909101 HTTP/1.1" 200 112311
181.56.193.251 - - [07/Jul/2015:02:06:24 -0500] "GET /ForestMSG_SDA/channelAsync/template_word_18462632?X-Atmosphere-tracking-id=e4fd93e9-831d-6d27-b4d4-c91f1711c6a3&X-Atmosphere-Framework=1.0.5&X-Atmosphere-Transport=long-polling&tabid=0.017079154029488564&X-Cache-Date=0&Content-Type=application/xml&_=1436252917021 HTTP/1.1" 200 8193
181.56.193.251 - - [07/Jul/2015:02:12:09 -0500] "GET /forest/session.jsp?a=0.9042901485227048 HTTP/1.1" 200 4
181.56.193.251 - - [07/Jul/2015:02:12:10 -0500] "GET /forest/actions/forms.getMappedValues?id=id_Numeracion1&value=1403135351439&codForm=ElaborarDocumento&a=0.2818393239285797 HTTP/1.1" 200 152
181.56.193.251 - - [07/Jul/2015:02:12:13 -0500] "GET /forest/borrador/1863912/Borrador%20juridico%202014-06-18.docx HTTP/1.1" 200 79411
66.249.79.120 - - [07/Jul/2015:02:12:15 -0500] "GET /BLA/resoluciones/AUTOS%202009/0378.pdf HTTP/1.1" 304 -
66.249.79.120 - - [07/Jul/2015:02:12:25 -0500] "GET /BLA/resoluciones/AUTOS%202008/2422.pdf HTTP/1.1" 304 -
66.249.79.107 - - [07/Jul/2015:02:12:34 -0500] "GET /BLA/resoluciones/AUTOS%202009/0527.pdf HTTP/1.1" 304 -
201.228.193.81 - - [07/Jul/2015:02:12:43 -0500] "GET /dama/libreria/jpg/ecosistemas/aulas/aa2_1.jpg HTTP/1.1" 404 1385
66.249.79.120 - - [07/Jul/2015:02:12:43 -0500] "GET /BLA/resoluciones/AUTOS%202008/2746.pdf HTTP/1.1" 304 -
66.249.79.107 - - [07/Jul/2015:02:12:53 -0500] "GET /BLA/resoluciones/AUTOS%202009/1210.pdf HTTP/1.1" 304 -
190.84.59.117 - - [07/Jul/2015:02:12:54 -0500] "GET /galeria/bibloteca/contentflow.js HTTP/1.1" 200 42804
190.84.59.117 - - [07/Jul/2015:02:12:54 -0500] "GET /galeria/bibloteca/contentflow.css HTTP/1.1" 200 3201
190.84.59.117 - - [07/Jul/2015:02:12:54 -0500] "GET /galeria/bibloteca/ContentFlowAddOn_white.js HTTP/1.1" 200 2497
190.84.59.117 - - [07/Jul/2015:02:12:54 -0500] "GET /galeria/bibloteca/mycontentflow.css HTTP/1.1" 200 3110
190.84.59.117 - - [07/Jul/2015:02:12:54 -0500] "GET /galeria/bibloteca/ContentFlowAddOn_white.css HTTP/1.1" 200 3355
190.84.59.117 - - [07/Jul/2015:02:12:55 -0500] "GET /galeria/bibloteca/img/loader.gif HTTP/1.1" 200 8238
190.84.59.117 - - [07/Jul/2015:02:12:55 -0500] "GET /galeria/bibloteca/img/slider_white.png HTTP/1.1" 200 178
190.84.59.117 - - [07/Jul/2015:02:12:55 -0500] "GET /galeria/bibloteca/img/scrollbar_white.png HTTP/1.1" 200 82
181.56.193.251 - - [07/Jul/2015:02:12:56 -0500] "GET /forest/actions/forms.getList?codForm=ElaborarDocumento&id=Fun_Destino17&text=E HTTP/1.1" 200 1231
181.56.193.251 - - [07/Jul/2015:02:12:56 -0500] "GET /forest/actions/forms.getList?codForm=ElaborarDocumento&id=Fun_Destino17&text=ED HTTP/1.1" 200 1291
190.84.59.117 - - [07/Jul/2015:02:12:57 -0500] "GET /galeria/bibloteca/img/scrollbar_black.png HTTP/1.1" 200 82
190.84.59.117 - - [07/Jul/2015:02:12:57 -0500] "GET /galeria/bibloteca/img/1x1_0.5_white.png HTTP/1.1" 200 82
190.84.59.117 - - [07/Jul/2015:02:12:57 -0500] "GET /galeria/bibloteca/img/ajax-loader.gif HTTP/1.1" 200 9427
190.84.59.117 - - [07/Jul/2015:02:12:57 -0500] "GET /galeria/bibloteca/img/slider_black.png HTTP/1.1" 200 175
181.56.193.251 - - [07/Jul/2015:02:12:57 -0500] "GET /forest/actions/forms.getList?codForm=ElaborarDocumento&id=Fun_Destino17&text=EDN HTTP/1.1" 200 185
181.56.193.251 - - [07/Jul/2015:02:12:57 -0500] "GET /forest/actions/forms.getList?codForm=ElaborarDocumento&id=Fun_Destino17&text=EDNA HTTP/1.1" 200 185
181.56.193.251 - - [07/Jul/2015:02:12:57 -0500] "GET /forest/actions/forms.getList?codForm=ElaborarDocumento&id=Fun_Destino17&text=EDNA%20 HTTP/1.1" 200 185
181.56.193.251 - - [07/Jul/2015:02:12:57 -0500] "GET /forest/actions/forms.getList?codForm=ElaborarDocumento&id=Fun_Destino17&text=EDNA%20R HTTP/1.1" 200 58
181.56.193.251 - - [07/Jul/2015:02:12:58 -0500] "GET /forest/actions/forms.getList?codForm=ElaborarDocumento&id=Fun_Destino17&text=EDNA%20RO HTTP/1.1" 200 58
181.56.193.251 - - [07/Jul/2015:02:12:58 -0500] "GET /forest/actions/forms.getList?codForm=ElaborarDocumento&id=Fun_Destino17&text=EDNA%20ROC HTTP/1.1" 200 58
181.56.193.251 - - [07/Jul/2015:02:12:58 -0500] "GET /forest/actions/forms.getList?codForm=ElaborarDocumento&id=Fun_Destino17&text=EDNA%20ROCI HTTP/1.1" 200 58
181.56.193.251 - - [07/Jul/2015:02:12:58 -0500] "GET /forest/actions/forms.getList?codForm=ElaborarDocumento&id=Fun_Destino17&text=EDNA%20ROCIO HTTP/1.1" 200 58
66.249.79.133 - - [07/Jul/2015:02:13:02 -0500] "GET /BLA/resoluciones/RESOLUCIONES%202007/RES%202007%202201%20AL%202300/RESOLUCION%202208%20DE%202007.pdf HTTP/1.1" 304 -
181.56.193.251 - - [07/Jul/2015:02:13:01 -0500] "POST /forest/usutareas.do? HTTP/1.1" 200 76
181.56.193.251 - - [07/Jul/2015:02:13:05 -0500] "GET /forest/usutareas.do?group_system_actual=3&a=0.640694517409429 HTTP/1.1" 200 119323
181.56.193.251 - - [07/Jul/2015:02:13:06 -0500] "GET /forest/session.jsp?a=0.48192799859680235 HTTP/1.1" 200 4
181.56.193.251 - - [07/Jul/2015:02:13:07 -0500] "GET /forest/actions/forms.getMappedValues?id=id_Numeracion4&value=1403135351439&codForm=RevisarDocumento&a=0.08452709391713142 HTTP/1.1" 200 166
66.249.79.107 - - [07/Jul/2015:02:13:11 -0500] "GET /BLA/resoluciones/AUTOS%202008/2122.pdf HTTP/1.1" 304 -
66.249.79.107 - - [07/Jul/2015:02:13:21 -0500] "GET /BLA/resoluciones/AUTOS%202012/1781.pdf HTTP/1.1" 304 -
181.56.193.251 - - [07/Jul/2015:02:13:23 -0500] "GET /forest/skins/gdocs-jar/popup/escritorio/reasignar.jsp?codTraEsc=18583790&a=0.9999383252579719 HTTP/1.1" 200 3741
66.249.79.107 - - [07/Jul/2015:02:13:30 -0500] "GET /BLA/resoluciones/RESOLUCIONES%202013/2079.pdf HTTP/1.1" 304 -
66.249.79.120 - - [07/Jul/2015:02:13:39 -0500] "GET /BLA/resoluciones/RESOLUCIONES%202012/0581.pdf HTTP/1.1" 304 -
66.249.79.133 - - [07/Jul/2015:02:13:49 -0500] "GET /BLA/resoluciones/RESOLUCIONES%202007/RES%202007%201401%20AL%201500/RESOLUCION%201413%20DE%202007.pdf HTTP/1.1" 304 -
66.249.79.133 - - [07/Jul/2015:02:13:58 -0500] "GET /BLA/resoluciones/RESOLUCIONES%202010/7639.pdf HTTP/1.1" 304 -
181.56.193.251 - - [07/Jul/2015:02:14:03 -0500] "GET /forest/skins/gdocs-jar/popup/buscarfuncionarios.jsp?a=0.6476704638916999 HTTP/1.1" 200 30402
181.56.193.251 - - [07/Jul/2015:02:14:07 -0500] "GET /forest/xmlresponse.do?lista=funcionarioByName&xmlret=1&partNomFun=sandra%20l&a=0.7824196766596287 HTTP/1.1" 200 281
66.249.79.133 - - [07/Jul/2015:02:14:07 -0500] "GET /BLA/resoluciones/AUTOS%202012/1525.pdf HTTP/1.1" 304 -
181.56.193.251 - - [07/Jul/2015:02:14:08 -0500] "GET /forest/json.do?query=dependenciaByFun&codFun=LUCIA.RODRIGUEZ&a=0.03273961180821061 HTTP/1.1" 200 96
190.84.59.117 - - [07/Jul/2015:02:14:15 -0500] "GET /BLA/resoluciones/RESOLUCIONES%202009/3957.pdf HTTP/1.1" 200 948979
190.84.59.117 - - [07/Jul/2015:02:14:15 -0500] "GET /favicon.ico HTTP/1.1" 200 7782
181.56.193.251 - - [07/Jul/2015:02:14:15 -0500] "POST /forest/usutareas.do?group_system_actual=3 HTTP/1.1" 200 148
66.249.79.107 - - [07/Jul/2015:02:14:17 -0500] "GET /BLA/resoluciones/RESOLUCIONES%202010/2637.pdf HTTP/1.1" 304 -
181.56.193.251 - - [07/Jul/2015:02:14:17 -0500] "GET /forest/usutareas.do?group_system_actual=3&a=0.3390110924374312 HTTP/1.1" 200 20580
181.56.193.251 - - [07/Jul/2015:02:14:17 -0500] "GET /forest/session.jsp?a=0.3152978571597487 HTTP/1.1" 200 4
181.56.193.251 - - [07/Jul/2015:02:14:19 -0500] "GET /forest/misactividades.do?_a=0.8078409992158413&group_system_actual=3 HTTP/1.1" 200 38599
181.56.193.251 - - [07/Jul/2015:02:14:19 -0500] "GET /forest/session.jsp?a=0.04691138886846602 HTTP/1.1" 200 4
181.56.193.251 - - [07/Jul/2015:02:14:20 -0500] "POST /forest/misactividades.do?ajax=true&a=0.2455311210360378 HTTP/1.1" 200 1023
181.56.193.251 - - [07/Jul/2015:02:14:23 -0500] "GET /forest/usutareas.do?_a=0.09945078939199448&group_system_actual=3 HTTP/1.1" 200 111747
181.56.193.251 - - [07/Jul/2015:02:14:24 -0500] "GET /forest/session.jsp?a=0.4320919872261584 HTTP/1.1" 200 4
181.56.193.251 - - [07/Jul/2015:02:14:24 -0500] "GET /forest/actions/forms.getMappedValues?id=id_Numeracion1&value=1428455430134&codForm=ElaborarDocumento&a=0.6413983409292996 HTTP/1.1" 200 137
66.249.79.120 - - [07/Jul/2015:02:14:26 -0500] "GET /BLA/resoluciones/AUTOS%202011/6538.pdf HTTP/1.1" 304 -
66.249.79.120 - - [07/Jul/2015:02:14:35 -0500] "GET /BLA/resoluciones/RESOLUCIONES%202007/RES%202007%20301%20AL%20400/RESOLUCION%200367%20DE%202007.pdf HTTP/1.1" 304 -
66.249.79.164 - - [07/Jul/2015:02:14:45 -0500] "GET / HTTP/1.1" 200 10190
66.249.79.133 - - [07/Jul/2015:02:14:54 -0500] "GET /BLA/resoluciones/AUTOS%202014/6823.pdf HTTP/1.1" 304 -
66.249.79.107 - - [07/Jul/2015:02:15:03 -0500] "GET /autoliquidacion/Grupo%20Forestal%20-%20Industria%20de%20la%20Madera/Lista%20de%20chequeo-Registro%20del%20libro%20operaciones%20V-6.0.pdf HTTP/1.1" 304 -
190.84.59.117 - - [07/Jul/2015:02:15:08 -0500] "GET /galeria/galeria/jquery.fancybox.js?v=2.1.5 HTTP/1.1" 304 -
190.84.59.117 - - [07/Jul/2015:02:15:08 -0500] "GET /galeria/galeria/jquery.fancybox.css?v=2.1.5 HTTP/1.1" 304 -
190.84.59.117 - - [07/Jul/2015:02:15:08 -0500] "GET /BLA/boletinlegal/js/jquery.scrollTo-min.js HTTP/1.1" 304 -
190.84.59.117 - - [07/Jul/2015:02:15:08 -0500] "GET /BLA/boletinlegal/js/jquery.scrollShow.js HTTP/1.1" 304 -
66.249.79.120 - - [07/Jul/2015:02:15:13 -0500] "GET /BLA/resoluciones/AUTOS%202008/1180.pdf HTTP/1.1" 304 -
180.76.15.163 - - [07/Jul/2015:02:15:17 -0500] "GET /SIG/Gestion%20Recursos%20Financieros/126PA02-PR09%20SOLICITUD%20Y%20EXPEDICION%20CDP.pdf HTTP/1.1" 200 273078
66.249.79.107 - - [07/Jul/2015:02:15:22 -0500] "GET /BLA/resoluciones/RESOLUCIONES%202009/8214.pdf HTTP/1.1" 304 -
181.56.193.251 - - [07/Jul/2015:02:15:27 -0500] "GET /forest/borrador/1780040/Borrador%20juridico%202015-04-07.docx HTTP/1.1" 200 85835
66.249.79.107 - - [07/Jul/2015:02:15:32 -0500] "GET /BLA/resoluciones/AUTOS%202012/1020.pdf HTTP/1.1" 304 -
66.249.79.107 - - [07/Jul/2015:02:15:41 -0500] "GET /BLA/resoluciones/AUTOS%202013/0039.pdf HTTP/1.1" 304 -
181.56.193.251 - - [07/Jul/2015:02:15:43 -0500] "GET /forest/documentos/1746455/2013EE157692.doc HTTP/1.1" 200 338432
66.249.79.133 - - [07/Jul/2015:02:15:46 -0500] "GET /BLA/resoluciones/RESOLUCIONES%202012/0788.pdf HTTP/1.1" 304 -
66.249.79.133 - - [07/Jul/2015:02:15:50 -0500] "GET /BLA/resoluciones/AUTOS%202013/0886.pdf HTTP/1.1" 304 -
181.56.193.251 - - [07/Jul/2015:02:15:54 -0500] "GET /forest/usudocumentos.do?p7z=1852624&a=0.34341473248787224&a=0.9364033113233745 HTTP/1.1" 200 2527
181.56.193.251 - - [07/Jul/2015:02:15:58 -0500] "GET /forest/documentos/1852624/2014IE82248.p7z:claro/Concepto%20Tecnico.docx HTTP/1.1" 200 222076
66.249.79.107 - - [07/Jul/2015:02:16:00 -0500] "GET /BLA/resoluciones/RESOLUCIONES%202011/5226.pdf HTTP/1.1" 304 -
66.249.79.120 - - [07/Jul/2015:02:16:09 -0500] "GET /BLA/resoluciones/AUTOS%202012/2957.pdf HTTP/1.1" 304 -
66.249.79.120 - - [07/Jul/2015:02:16:18 -0500] "GET /BLA/resoluciones/AUTOS%202007/0006.pdf HTTP/1.1" 304 -
74.86.158.107 - - [07/Jul/2015:02:16:24 -0500] "HEAD / HTTP/1.1" 200 -
66.249.79.120 - - [07/Jul/2015:02:16:28 -0500] "GET /BLA/resoluciones/RESOLUCIONES%202008/0026.pdf HTTP/1.1" 304 -
66.249.79.107 - - [07/Jul/2015:02:16:37 -0500] "GET /BLA/resoluciones/AUTOS%202009/2944.pdf HTTP/1.1" 304 -
66.249.79.120 - - [07/Jul/2015:02:16:46 -0500] "GET /BLA/resoluciones/RESOLUCIONES%202010/4708.pdf HTTP/1.1" 304 -
66.249.79.107 - - [07/Jul/2015:02:16:56 -0500] "GET /BLA/resoluciones/AUTOS%202013/0567.pdf HTTP/1.1" 304 -
66.249.79.120 - - [07/Jul/2015:02:17:05 -0500] "GET /BLA/resoluciones/AUTOS%202007/2940.pdf HTTP/1.1" 304 -
66.249.79.107 - - [07/Jul/2015:02:17:14 -0500] "GET /BLA/resoluciones/RESOLUCIONES%202008/4065.pdf HTTP/1.1" 304 -
