!C99Shell v. 1.0 pre-release build #13!

Software: Apache. PHP/5.5.15 

uname -a: Windows NT SVR-DMZ 6.1 build 7600 (Windows Server 2008 R2 Enterprise Edition) i586 

SYSTEM 

Safe-mode: OFF (not secure)

E:\nuevo\apache\logs\   drwxrwxrwx
Free 7.33 GB of 239.26 GB (3.07%)
Detected drives: [ a ] [ c ] [ d ] [ e ] [ f ]
Home    Back    Forward    UPDIR    Refresh    Search    Buffer    Encoder    Tools    Proc.    FTP brute    Sec.    SQL    PHP-code    Update    Feedback    Self remove    Logout    


Viewing file:     access.2015.07.07.log (21.77 MB)      -rw-rw-rw-
Select action/file-type:
(+) | (+) | (+) | Code (+) | Session (+) | (+) | SDB (+) | (+) | (+) | (+) | (+) | (+) |
66.249.79.190 - - [07/Jul/2015:00:00:00 -0500] "GET /PruebasSTORM/StormSDA_pruebas/userFiles/user_files/formulas/3/670.xml HTTP/1.1" 304 -
74.86.158.107 - - [07/Jul/2015:00:00:07 -0500] "HEAD / HTTP/1.1" 200 -
66.249.79.190 - - [07/Jul/2015:00:00:10 -0500] "GET /PruebasSTORM/StormSDA_pruebas/userFiles/user_files/formulas/3/366.xml HTTP/1.1" 304 -
188.165.15.152 - - [07/Jul/2015:00:00:14 -0500] "GET /BLA/resoluciones/RESOLUCIONES%202006/RES%202006%20551-600/00000562.tif HTTP/1.1" 200 127866
66.249.79.120 - - [07/Jul/2015:00:00:19 -0500] "GET /BLA/resoluciones/RESOLUCIONES%202009/2846.pdf HTTP/1.1" 304 -
66.249.79.164 - - [07/Jul/2015:00:00:28 -0500] "GET /PruebasSTORM/StormSDA_pruebas/userFiles/user_files/formulas/3/575.xml HTTP/1.1" 304 -
66.249.79.120 - - [07/Jul/2015:00:00:38 -0500] "GET /BLA/resoluciones/AUTOS%202008/2975.pdf HTTP/1.1" 304 -
66.249.79.120 - - [07/Jul/2015:00:00:47 -0500] "GET /BLA/resoluciones/RESOLUCIONES%202010/0243.pdf HTTP/1.1" 304 -
66.249.79.107 - - [07/Jul/2015:00:00:51 -0500] "GET /BLA/resoluciones/RESOLUCIONES%202008/2351.pdf HTTP/1.1" 304 -
66.249.79.177 - - [07/Jul/2015:00:00:56 -0500] "GET /PruebasSTORM/StormSDA_pruebas/userFiles/user_files/formulas/3/680.xml HTTP/1.1" 304 -
181.143.152.250 - - [07/Jul/2015:00:01:03 -0500] "GET /galeria/galeria/jquery.fancybox.js?v=2.1.5 HTTP/1.1" 200 48706
181.143.152.250 - - [07/Jul/2015:00:01:03 -0500] "GET /BLA/boletinlegal/js/jquery.scrollTo-min.js HTTP/1.1" 200 1150
181.143.152.250 - - [07/Jul/2015:00:01:03 -0500] "GET /galeria/galeria/jquery.fancybox.css?v=2.1.5 HTTP/1.1" 200 4895
181.143.152.250 - - [07/Jul/2015:00:01:03 -0500] "GET /BLA/boletinlegal/js/jquery.scrollShow.js HTTP/1.1" 200 4586
66.249.79.120 - - [07/Jul/2015:00:01:06 -0500] "GET /BLA/resoluciones/RESOLUCIONES%202007/RES%202007%202501%20AL%202600/RESOLUCION%202568%20DE%202007.pdf HTTP/1.1" 304 -
66.249.79.164 - - [07/Jul/2015:00:01:24 -0500] "GET /PruebasSTORM/StormSDA_pruebas/lib/lib.jnlp HTTP/1.1" 304 -
181.143.152.250 - - [07/Jul/2015:00:01:29 -0500] "GET /BLA/boletinlegal/js/jquery.scrollTo-min.js HTTP/1.1" 200 1150
181.143.152.250 - - [07/Jul/2015:00:01:29 -0500] "GET /galeria/galeria/jquery.fancybox.css?v=2.1.5 HTTP/1.1" 200 4895
181.143.152.250 - - [07/Jul/2015:00:01:29 -0500] "GET /BLA/boletinlegal/js/jquery.scrollShow.js HTTP/1.1" 200 4586
181.143.152.250 - - [07/Jul/2015:00:01:29 -0500] "GET /galeria/galeria/jquery.fancybox.js?v=2.1.5 HTTP/1.1" 200 48706
207.46.13.80 - - [07/Jul/2015:00:01:33 -0500] "GET /dama/libreria/php/frame_detalle.php?h_id=643 HTTP/1.1" 404 1019
66.249.79.107 - - [07/Jul/2015:00:01:34 -0500] "GET /BLA/resoluciones/RESOLUCIONES%202009/7156.pdf HTTP/1.1" 304 -
66.249.79.120 - - [07/Jul/2015:00:01:43 -0500] "GET /BLA/resoluciones/RESOLUCIONES%202013/0574.pdf HTTP/1.1" 304 -
66.249.79.120 - - [07/Jul/2015:00:01:52 -0500] "GET /BLA/resoluciones/AUTOS%202012/0457.pdf HTTP/1.1" 304 -
181.60.134.122 - - [07/Jul/2015:00:01:53 -0500] "GET /forest/session.jsp?a=0.34601541538722813 HTTP/1.1" 200 5
181.60.134.122 - - [07/Jul/2015:00:01:53 -0500] "GET /forest/login.jsp?a=0.815026973374188 HTTP/1.1" 200 2996
66.249.79.133 - - [07/Jul/2015:00:02:02 -0500] "GET /BLA/resoluciones/Notificaciones/AUTOS%202013/3185.doc HTTP/1.1" 304 -
181.56.193.251 - - [07/Jul/2015:00:02:10 -0500] "GET /forest/session.jsp?a=0.024120053043588996 HTTP/1.1" 200 4
66.249.79.133 - - [07/Jul/2015:00:02:11 -0500] "GET /BLA/resoluciones/AUTOS%202011/2395.pdf HTTP/1.1" 304 -
66.249.79.107 - - [07/Jul/2015:00:02:20 -0500] "GET /BLA/resoluciones/AUTOS%202011/1643.pdf HTTP/1.1" 304 -
201.245.192.253 - - [07/Jul/2015:00:02:23 -0500] "GET /galeria/nivo-slider/demo/demo.html HTTP/1.1" 304 -
207.46.13.80 - - [07/Jul/2015:00:02:29 -0500] "GET /presentacion/ HTTP/1.1" 404 1015
207.46.13.80 - - [07/Jul/2015:00:02:29 -0500] "GET / HTTP/1.1" 200 10190
66.249.79.120 - - [07/Jul/2015:00:02:30 -0500] "GET /BLA/resoluciones/AUTOS%202012/1329.pdf HTTP/1.1" 304 -
201.245.192.253 - - [07/Jul/2015:00:02:33 -0500] "GET /galeria/nivo-slider/demo/images/Atempobogota.jpg HTTP/1.1" 304 -
88.198.233.69 - - [07/Jul/2015:00:02:34 -0500] "GET / HTTP/1.1" 200 10190
200.118.225.248 - - [07/Jul/2015:00:02:37 -0500] "GET /galeria/galeria/jquery.fancybox.css?v=2.1.5 HTTP/1.1" 200 4895
200.118.225.248 - - [07/Jul/2015:00:02:37 -0500] "GET /BLA/boletinlegal/js/jquery.scrollTo-min.js HTTP/1.1" 200 1150
200.118.225.248 - - [07/Jul/2015:00:02:37 -0500] "GET /BLA/boletinlegal/js/jquery.scrollShow.js HTTP/1.1" 200 4586
200.118.225.248 - - [07/Jul/2015:00:02:37 -0500] "GET /galeria/galeria/jquery.fancybox.js?v=2.1.5 HTTP/1.1" 200 48706
66.249.79.120 - - [07/Jul/2015:00:02:39 -0500] "GET /BLA/resoluciones/AUTOS%202011/5716.pdf HTTP/1.1" 304 -
66.249.79.120 - - [07/Jul/2015:00:02:46 -0500] "GET /BLA/resoluciones/RESOLUCIONES%202005/RES%202005%20751-800/00000783.tif HTTP/1.1" 304 -
66.249.79.133 - - [07/Jul/2015:00:02:46 -0500] "GET /BLA/resoluciones/RESOLUCIONES%202005/RES%202005%201101-1150/00001129.tif HTTP/1.1" 200 155774
66.249.79.107 - - [07/Jul/2015:00:02:48 -0500] "GET /BLA/resoluciones/AUTOS%202011/7773.pdf HTTP/1.1" 304 -
81.88.48.113 - - [07/Jul/2015:00:02:56 -0500] "GET /wp-admin/ HTTP/1.1" 404 1018
66.249.79.133 - - [07/Jul/2015:00:02:58 -0500] "GET /BLA/resoluciones/AUTOS%202011/4283.pdf HTTP/1.1" 304 -
66.249.79.133 - - [07/Jul/2015:00:03:07 -0500] "GET /BLA/resoluciones/AUTOS%202008/0651.pdf HTTP/1.1" 304 -
200.118.225.248 - - [07/Jul/2015:00:03:14 -0500] "GET /galeria/galeria/jquery.fancybox.css?v=2.1.5 HTTP/1.1" 304 -
200.118.225.248 - - [07/Jul/2015:00:03:14 -0500] "GET /BLA/boletinlegal/js/jquery.scrollTo-min.js HTTP/1.1" 304 -
200.118.225.248 - - [07/Jul/2015:00:03:14 -0500] "GET /galeria/galeria/jquery.fancybox.js?v=2.1.5 HTTP/1.1" 304 -
200.118.225.248 - - [07/Jul/2015:00:03:14 -0500] "GET /BLA/boletinlegal/js/jquery.scrollShow.js HTTP/1.1" 304 -
66.249.79.107 - - [07/Jul/2015:00:03:17 -0500] "GET /BLA/resoluciones/AUTOS%202007/0809.pdf HTTP/1.1" 304 -
66.249.79.133 - - [07/Jul/2015:00:03:21 -0500] "GET /BLA/resoluciones/AUTOS%202014/1983.pdf HTTP/1.1" 304 -
66.249.79.120 - - [07/Jul/2015:00:03:26 -0500] "GET /BLA/resoluciones/RESOLUCIONES%202007/RES%202007%202901%20AL%203000/RESOLUCION%202919%20DE%202007.pdf HTTP/1.1" 304 -
66.249.79.133 - - [07/Jul/2015:00:03:35 -0500] "GET /BLA/resoluciones/AUTOS%202008/0202.pdf HTTP/1.1" 304 -
66.249.79.120 - - [07/Jul/2015:00:03:45 -0500] "GET /BLA/resoluciones/AUTOS%202008/0413.pdf HTTP/1.1" 304 -
66.249.79.133 - - [07/Jul/2015:00:03:54 -0500] "GET /BLA/resoluciones/AUTOS%202011/4355.pdf HTTP/1.1" 304 -
188.165.15.152 - - [07/Jul/2015:00:04:01 -0500] "GET /BLA/resoluciones/AUTOS%202006/AUTOS%202006%202701%20-%202800/00002755.tif HTTP/1.1" 200 148948
66.249.79.120 - - [07/Jul/2015:00:04:03 -0500] "GET /BLA/resoluciones/AUTOS%202008/1169.pdf HTTP/1.1" 304 -
66.249.79.133 - - [07/Jul/2015:00:04:13 -0500] "GET /BLA/resoluciones/RESOLUCIONES%202009/5997.pdf HTTP/1.1" 304 -
181.54.182.145 - - [07/Jul/2015:00:04:13 -0500] "GET /BLA/resoluciones/RESOLUCIONES%202013/1117.pdf HTTP/1.1" 200 3786752
66.249.79.120 - - [07/Jul/2015:00:04:31 -0500] "GET /BLA/resoluciones/RESOLUCIONES%202010/1760.pdf HTTP/1.1" 304 -
66.249.79.120 - - [07/Jul/2015:00:04:41 -0500] "GET /BLA/resoluciones/RESOLUCIONES%202010/5833.pdf HTTP/1.1" 304 -
66.249.79.107 - - [07/Jul/2015:00:04:50 -0500] "GET /BLA/resoluciones/RESOLUCIONES%202007/RES%202007%20601%20AL%20700/RESOLUCION%200660%20DE%202007.pdf HTTP/1.1" 304 -
66.102.8.223 - - [07/Jul/2015:00:04:54 -0500] "GET /BLA/boletinlegal/js/jquery.scrollTo-min.js HTTP/1.1" 304 -
66.102.8.228 - - [07/Jul/2015:00:04:54 -0500] "GET /BLA/boletinlegal/js/jquery.scrollShow.js HTTP/1.1" 304 -
66.102.8.223 - - [07/Jul/2015:00:04:54 -0500] "GET /galeria/galeria/jquery.fancybox.js?v=2.1.5 HTTP/1.1" 304 -
66.102.8.233 - - [07/Jul/2015:00:04:54 -0500] "GET /galeria/galeria/jquery.fancybox.css?v=2.1.5 HTTP/1.1" 304 -
66.249.79.107 - - [07/Jul/2015:00:04:59 -0500] "GET /BLA/resoluciones/Notificaciones/AUTOS%202013/02862.doc HTTP/1.1" 304 -
74.86.158.107 - - [07/Jul/2015:00:05:07 -0500] "HEAD / HTTP/1.1" 200 -
66.249.79.133 - - [07/Jul/2015:00:05:09 -0500] "GET /BLA/resoluciones/RESOLUCIONES%202011/0648.pdf HTTP/1.1" 304 -
66.249.79.120 - - [07/Jul/2015:00:05:18 -0500] "GET /BLA/resoluciones/RESOLUCIONES%202008/0259.pdf HTTP/1.1" 304 -
66.102.8.233 - - [07/Jul/2015:00:05:20 -0500] "GET /BLA/ HTTP/1.1" 200 538
66.102.8.233 - - [07/Jul/2015:00:05:21 -0500] "GET /BLA/boletinlegal/style.css HTTP/1.1" 200 9406
66.102.8.228 - - [07/Jul/2015:00:05:21 -0500] "GET /BLA/boletinlegal/styles2.css HTTP/1.1" 200 1838
66.102.8.228 - - [07/Jul/2015:00:05:21 -0500] "GET /BLA/boletinlegal/js/jquery.js HTTP/1.1" 200 57254
66.102.8.223 - - [07/Jul/2015:00:05:21 -0500] "GET /BLA/boletinlegal/images/cabezote%20BLEGAL.jpg HTTP/1.1" 200 118164
66.102.8.233 - - [07/Jul/2015:00:05:21 -0500] "GET /BLA/boletinlegal/images/nuevo.gif HTTP/1.1" 200 26475
66.102.8.233 - - [07/Jul/2015:00:05:21 -0500] "GET /BLA/boletinlegal/images/historia.png HTTP/1.1" 200 52775
66.102.8.228 - - [07/Jul/2015:00:05:21 -0500] "GET /BLA/boletinlegal/images/screen_5.png HTTP/1.1" 200 368876
66.102.8.228 - - [07/Jul/2015:00:05:21 -0500] "GET /BLA/boletinlegal/images/launch.jpg HTTP/1.1" 200 14577
66.102.8.228 - - [07/Jul/2015:00:05:21 -0500] "GET /BLA/boletinlegal/images/screen_1.png HTTP/1.1" 200 202547
66.102.8.223 - - [07/Jul/2015:00:05:21 -0500] "GET /BLA/boletinlegal/images/arr_l.jpg HTTP/1.1" 200 1979
66.102.8.233 - - [07/Jul/2015:00:05:21 -0500] "GET /BLA/boletinlegal/images/screen_2.png HTTP/1.1" 200 362502
66.102.8.233 - - [07/Jul/2015:00:05:21 -0500] "GET /BLA/boletinlegal/images/subscribe-icon-big.png HTTP/1.1" 200 47702
66.102.8.223 - - [07/Jul/2015:00:05:21 -0500] "GET /BLA/boletinlegal/images/screen_3.png HTTP/1.1" 200 210620
66.102.8.228 - - [07/Jul/2015:00:05:21 -0500] "GET /BLA/boletinlegal/images/arr_r.jpg HTTP/1.1" 200 1998
66.102.8.223 - - [07/Jul/2015:00:05:21 -0500] "GET /BLA/boletinlegal/images/body_bg.jpg HTTP/1.1" 200 1601
66.102.8.223 - - [07/Jul/2015:00:05:21 -0500] "GET /BLA/boletinlegal/images/menu_lft.gif HTTP/1.1" 200 1713
66.102.8.228 - - [07/Jul/2015:00:05:21 -0500] "GET /BLA/boletinlegal/images/bg_top.jpg HTTP/1.1" 200 522
66.102.8.233 - - [07/Jul/2015:00:05:21 -0500] "GET /BLA/boletinlegal/images/text.jpg HTTP/1.1" 200 568
66.102.8.233 - - [07/Jul/2015:00:05:21 -0500] "GET /BLA/boletinlegal/images/footer_bg.jpg HTTP/1.1" 200 586
66.102.8.223 - - [07/Jul/2015:00:05:21 -0500] "GET /BLA/boletinlegal/images/menu_rght.gif HTTP/1.1" 200 1627
66.102.8.223 - - [07/Jul/2015:00:05:21 -0500] "GET /BLA/boletinlegal/images/menu_bg.jpg HTTP/1.1" 200 620
66.102.8.223 - - [07/Jul/2015:00:05:21 -0500] "GET /BLA/boletinlegal/images/hover.jpg HTTP/1.1" 200 640
66.249.79.107 - - [07/Jul/2015:00:05:27 -0500] "GET /BLA/resoluciones/RESOLUCIONES%202009/5785.pdf HTTP/1.1" 304 -
66.102.8.233 - - [07/Jul/2015:00:05:31 -0500] "GET /BLA/boletinlegal/images/pdf.gif HTTP/1.1" 200 567
66.249.79.133 - - [07/Jul/2015:00:05:37 -0500] "GET /BLA/resoluciones/AUTOS%202009/2136.pdf HTTP/1.1" 304 -
66.249.79.177 - - [07/Jul/2015:00:05:46 -0500] "GET /PORTAL_SIAC/swf/Residuos/pinturas/pinturas.swf?pageNumber= HTTP/1.1" 200 400853
66.249.79.120 - - [07/Jul/2015:00:05:55 -0500] "GET /BLA/resoluciones/RESOLUCIONES%202014/0308.pdf HTTP/1.1" 304 -
66.249.79.107 - - [07/Jul/2015:00:05:58 -0500] "GET /BLA/resoluciones/AUTOS%202014/6143.pdf HTTP/1.1" 304 -
66.102.8.233 - - [07/Jul/2015:00:05:20 -0500] "GET /BLA/boletinlegal/index.php HTTP/1.1" 200 50649
66.102.8.233 - - [07/Jul/2015:00:06:02 -0500] "GET /BLA/boletinlegal/images/People.png HTTP/1.1" 200 45676
66.102.8.228 - - [07/Jul/2015:00:06:02 -0500] "GET /BLA/boletinlegal/images/group.png HTTP/1.1" 200 47853
66.102.8.223 - - [07/Jul/2015:00:06:02 -0500] "GET /BLA/boletinlegal/images/img_1.jpg HTTP/1.1" 200 8067
66.102.8.233 - - [07/Jul/2015:00:06:02 -0500] "GET /BLA/boletinlegal/images/footer_bg_l.jpg HTTP/1.1" 200 776
66.102.8.223 - - [07/Jul/2015:00:06:02 -0500] "GET /BLA/boletinlegal/images/img_3.jpg HTTP/1.1" 200 1841
66.102.8.223 - - [07/Jul/2015:00:06:02 -0500] "GET /BLA/boletinlegal/images/symbol5.gif HTTP/1.1" 200 2857
66.102.8.233 - - [07/Jul/2015:00:06:03 -0500] "GET /favicon.ico HTTP/1.1" 200 7782
66.249.79.133 - - [07/Jul/2015:00:06:05 -0500] "GET /BLA/resoluciones/RESOLUCIONES%202011/5217.pdf HTTP/1.1" 304 -
66.249.79.120 - - [07/Jul/2015:00:06:14 -0500] "GET /BLA/resoluciones/RESOLUCIONES%202008/4959.pdf HTTP/1.1" 304 -
66.249.79.120 - - [07/Jul/2015:00:06:23 -0500] "GET /BLA/resoluciones/RESOLUCIONES%202009/9831.pdf HTTP/1.1" 304 -
66.249.79.120 - - [07/Jul/2015:00:06:33 -0500] "GET /BLA/resoluciones/RESOLUCIONES%202009/8739.pdf HTTP/1.1" 304 -
66.249.79.120 - - [07/Jul/2015:00:06:42 -0500] "GET /BLA/resoluciones/AUTOS%202007/3523.pdf HTTP/1.1" 304 -
66.249.79.120 - - [07/Jul/2015:00:06:51 -0500] "GET /BLA/resoluciones/AUTOS%202012/1369.pdf HTTP/1.1" 304 -
66.249.79.120 - - [07/Jul/2015:00:07:01 -0500] "GET /BLA/resoluciones/AUTOS%202011/3703.pdf HTTP/1.1" 304 -
66.249.79.107 - - [07/Jul/2015:00:07:10 -0500] "GET /BLA/resoluciones/RESOLUCIONES%202007/RES%202007%20801%20AL%20900/RESOLUCION%200850%20DE%202007.pdf HTTP/1.1" 304 -
188.165.15.152 - - [07/Jul/2015:00:07:11 -0500] "GET /BLA/resoluciones/AUTOS%202006/AUTOS%202006%202801%20-%202900/00002888.tif HTTP/1.1" 200 104018
181.56.193.251 - - [07/Jul/2015:00:07:13 -0500] "GET /forest/session.jsp?a=0.9174547644797713 HTTP/1.1" 200 4
66.249.79.133 - - [07/Jul/2015:00:07:20 -0500] "GET /BLA/resoluciones/AUTOS%202007/2824.pdf HTTP/1.1" 304 -
66.249.79.120 - - [07/Jul/2015:00:07:29 -0500] "GET /BLA/resoluciones/RESOLUCIONES%202011/5452.pdf HTTP/1.1" 304 -
66.249.79.120 - - [07/Jul/2015:00:07:38 -0500] "GET /BLA/resoluciones/AUTOS%202011/2994.pdf HTTP/1.1" 304 -
66.249.79.120 - - [07/Jul/2015:00:07:48 -0500] "GET /BLA/resoluciones/AUTOS%202012/0051.pdf HTTP/1.1" 304 -
66.249.79.133 - - [07/Jul/2015:00:07:57 -0500] "GET /BLA/resoluciones/RESOLUCIONES%202009/8652.pdf HTTP/1.1" 304 -
66.249.79.107 - - [07/Jul/2015:00:08:06 -0500] "GET /BLA/resoluciones/AUTOS%202010/0117.pdf HTTP/1.1" 304 -
66.249.79.133 - - [07/Jul/2015:00:08:16 -0500] "GET /BLA/resoluciones/AUTOS%202011/2145.pdf HTTP/1.1" 304 -
66.249.79.107 - - [07/Jul/2015:00:08:25 -0500] "GET /BLA/resoluciones/RESOLUCIONES%202009/9422.pdf HTTP/1.1" 304 -
66.249.79.120 - - [07/Jul/2015:00:08:32 -0500] "GET /BLA/resoluciones/RESOLUCIONES%202010/2592.pdf HTTP/1.1" 304 -
66.249.79.133 - - [07/Jul/2015:00:08:34 -0500] "GET /BLA/resoluciones/AUTOS%202007/2769.pdf HTTP/1.1" 304 -
66.249.79.107 - - [07/Jul/2015:00:08:44 -0500] "GET /BLA/resoluciones/AUTOS%202013/1484.pdf HTTP/1.1" 304 -
66.249.79.120 - - [07/Jul/2015:00:08:53 -0500] "GET /BLA/resoluciones/AUTOS%202008/2544.pdf HTTP/1.1" 304 -
66.249.79.107 - - [07/Jul/2015:00:09:02 -0500] "GET /BLA/resoluciones/RESOLUCIONES%202011/3531.pdf HTTP/1.1" 304 -
66.249.79.133 - - [07/Jul/2015:00:09:12 -0500] "GET /BLA/resoluciones/AUTOS%202013/1155.pdf HTTP/1.1" 304 -
66.249.79.107 - - [07/Jul/2015:00:09:21 -0500] "GET /BLA/resoluciones/AUTOS%202009/1424.pdf HTTP/1.1" 304 -
66.102.8.228 - - [07/Jul/2015:00:09:23 -0500] "GET /BLA/boletinlegal/images/background.gif HTTP/1.1" 200 -
66.249.79.120 - - [07/Jul/2015:00:09:30 -0500] "GET /BLA/resoluciones/RESOLUCIONES%202007/RES%202007%201801%20AL%201900/RESOLUCION%201870%20DE%202007.pdf HTTP/1.1" 304 -
66.249.79.133 - - [07/Jul/2015:00:09:40 -0500] "GET /BLA/resoluciones/RESOLUCIONES%202007/RES%202007%202401%20AL%202500/RESOLUCION%202459%20DE%202007.pdf HTTP/1.1" 304 -
66.249.79.107 - - [07/Jul/2015:00:09:49 -0500] "GET /BLA/resoluciones/RESOLUCIONES%202011/2878.pdf HTTP/1.1" 304 -
188.165.15.152 - - [07/Jul/2015:00:09:55 -0500] "GET /BLA/resoluciones/AUTOS%202006/AUTOS%202006%20501-600/00000563.tif HTTP/1.1" 200 131952
66.249.79.120 - - [07/Jul/2015:00:09:58 -0500] "GET /BLA/resoluciones/AUTOS%202009/0453.pdf HTTP/1.1" 304 -
74.86.158.107 - - [07/Jul/2015:00:10:07 -0500] "HEAD / HTTP/1.1" 200 -
66.249.79.120 - - [07/Jul/2015:00:10:08 -0500] "GET /BLA/resoluciones/RESOLUCIONES%202008/0387.pdf HTTP/1.1" 304 -
66.249.79.107 - - [07/Jul/2015:00:10:17 -0500] "GET /BLA/resoluciones/AUTOS%202013/1140.pdf HTTP/1.1" 304 -
66.249.79.133 - - [07/Jul/2015:00:10:26 -0500] "GET /BLA/resoluciones/RESOLUCIONES%202008/0678.pdf HTTP/1.1" 304 -
66.249.79.107 - - [07/Jul/2015:00:10:36 -0500] "GET /BLA/resoluciones/AUTOS%202012/3038.pdf HTTP/1.1" 304 -
66.249.79.107 - - [07/Jul/2015:00:10:45 -0500] "GET /BLA/resoluciones/RESOLUCIONES%202008/2473.pdf HTTP/1.1" 304 -
66.249.79.120 - - [07/Jul/2015:00:10:47 -0500] "GET /BLA/resoluciones/RESOLUCIONES%202005/RES%202005%20751-800/00000767.tif HTTP/1.1" 304 -
66.249.79.133 - - [07/Jul/2015:00:10:54 -0500] "GET /BLA/resoluciones/RESOLUCIONES%202008/4299.pdf HTTP/1.1" 304 -
66.249.79.120 - - [07/Jul/2015:00:11:04 -0500] "GET /BLA/resoluciones/RESOLUCIONES%202007/RES%202007%202901%20AL%203000/RESOLUCION%202975%20DE%202007.pdf HTTP/1.1" 304 -
66.249.79.107 - - [07/Jul/2015:00:11:13 -0500] "GET /BLA/resoluciones/RESOLUCIONES%202009/3126.pdf HTTP/1.1" 304 -
188.165.15.152 - - [07/Jul/2015:00:11:19 -0500] "GET /BLA/resoluciones/RESOLUCIONES%202004/RES%202004%20151-200/00000198.tif HTTP/1.1" 200 97704
66.249.79.120 - - [07/Jul/2015:00:11:23 -0500] "GET /BLA/resoluciones/RESOLUCIONES%202008/0485.pdf HTTP/1.1" 304 -
66.249.79.120 - - [07/Jul/2015:00:11:32 -0500] "GET /BLA/resoluciones/RESOLUCIONES%202013/0915.pdf HTTP/1.1" 304 -
66.249.79.133 - - [07/Jul/2015:00:11:41 -0500] "GET /BLA/resoluciones/RESOLUCIONES%202009/3968.pdf HTTP/1.1" 304 -
66.249.79.120 - - [07/Jul/2015:00:11:51 -0500] "GET /BLA/resoluciones/RESOLUCIONES%202009/9093.pdf HTTP/1.1" 304 -
66.249.79.133 - - [07/Jul/2015:00:12:00 -0500] "GET /BLA/resoluciones/AUTOS%202011/3949.pdf HTTP/1.1" 304 -
66.249.79.120 - - [07/Jul/2015:00:12:09 -0500] "GET /BLA/resoluciones/RESOLUCIONES%202009/2140.pdf HTTP/1.1" 304 -
181.56.193.251 - - [07/Jul/2015:00:12:13 -0500] "GET /forest/session.jsp?a=0.629243423929438 HTTP/1.1" 200 4
66.249.79.133 - - [07/Jul/2015:00:12:19 -0500] "GET /BLA/resoluciones/RESOLUCIONES%202009/1100.pdf HTTP/1.1" 304 -
66.249.79.120 - - [07/Jul/2015:00:12:28 -0500] "GET /BLA/resoluciones/RESOLUCIONES%202007/RES%202007%203701%20AL%203800/RESOLUCION%203718%20DE%202007.pdf HTTP/1.1" 304 -
66.249.79.164 - - [07/Jul/2015:00:12:37 -0500] "GET /BLA/boletinlegal/Circulares/2014/Circular%20No.%203%20del%2014%20de%20Noviembre%20de%202014.pdf HTTP/1.1" 304 -
66.249.79.107 - - [07/Jul/2015:00:12:47 -0500] "GET /BLA/resoluciones/RESOLUCIONES%202009/5038.pdf HTTP/1.1" 304 -
81.88.48.113 - - [07/Jul/2015:00:12:47 -0500] "GET /test/wp-admin/ HTTP/1.1" 404 1018
5.189.144.88 - - [07/Jul/2015:00:12:55 -0500] "GET / HTTP/1.1" 200 10190
66.249.79.120 - - [07/Jul/2015:00:12:56 -0500] "GET /BLA/resoluciones/RESOLUCIONES%202011/0690.pdf HTTP/1.1" 304 -
66.249.79.120 - - [07/Jul/2015:00:13:05 -0500] "GET /BLA/resoluciones/RESOLUCIONES%202008/1180.pdf HTTP/1.1" 304 -
188.165.15.152 - - [07/Jul/2015:00:13:11 -0500] "GET /BLA/resoluciones/index.php?dir=RESOLUCIONES+2003%2FRES+2003+1051-1100%2F HTTP/1.1" 200 11571
66.249.79.133 - - [07/Jul/2015:00:13:15 -0500] "GET /BLA/resoluciones/RESOLUCIONES%202007/RES%202007%201801%20AL%201900/RESOLUCION%201887%20DE%202007.pdf HTTP/1.1" 304 -
66.249.79.177 - - [07/Jul/2015:00:13:24 -0500] "GET /POT-2013/Cartografia/05_Remocion_V1_2013.pdf HTTP/1.1" 304 -
152.61.193.99 - - [07/Jul/2015:00:13:24 -0500] "HEAD / HTTP/1.1" 200 -
152.61.193.99 - - [07/Jul/2015:00:13:25 -0500] "GET /arcgis/services/Calidad_del_Agua_WQI/MapServer/WMSServer?request=GetCapabilities&service=WMS HTTP/1.1" 200 32135
152.61.193.99 - - [07/Jul/2015:00:13:25 -0500] "GET /arcgis/services/Calidad_del_Agua_WQI/MapServer/WMSServer?request=GetCapabilities&service=WMS HTTP/1.1" 200 32135
152.61.193.99 - - [07/Jul/2015:00:13:26 -0500] "GET /arcgis/services/Calidad_del_Agua_WQI/MapServer/WMSServer?request=GetCapabilities&service=WMS HTTP/1.1" 200 32135
152.61.193.99 - - [07/Jul/2015:00:13:27 -0500] "GET /arcgis/services/Calidad_del_Agua_WQI/MapServer/WMSServer?request=GetCapabilities&service=WMS HTTP/1.1" 200 32135
152.61.193.99 - - [07/Jul/2015:00:13:27 -0500] "GET /arcgis/services/Calidad_del_Agua_WQI/MapServer/WMSServer?VERSION=1.1.1&REQUEST=GetMap&LAYERS=0&SRS=EPSG:4326&BBOX=-74.473395,3.674381,-73.963300,4.920569&WIDTH=250&HEIGHT=250&FORMAT=image/bmp&STYLES=& HTTP/1.1" 200 188054
66.249.79.120 - - [07/Jul/2015:00:13:33 -0500] "GET /BLA/resoluciones/RESOLUCIONES%202011/2569.pdf HTTP/1.1" 304 -
66.249.79.120 - - [07/Jul/2015:00:13:43 -0500] "GET /BLA/resoluciones/AUTOS%202011/0196.pdf HTTP/1.1" 304 -
66.249.79.133 - - [07/Jul/2015:00:13:52 -0500] "GET /BLA/resoluciones/AUTOS%202014/7158.pdf HTTP/1.1" 304 -
188.165.15.152 - - [07/Jul/2015:00:13:54 -0500] "GET /BLA/resoluciones/RESOLUCIONES%202005/RES%202005%202151-2200/00002161.tif HTTP/1.1" 200 44272
181.56.193.251 - - [07/Jul/2015:00:13:50 -0500] "GET /forest/index2.jsp?_a=0.48463903297670186 HTTP/1.1" 200 129262
181.56.193.251 - - [07/Jul/2015:00:13:58 -0500] "GET /forest/session.jsp?a=0.7049864009022713 HTTP/1.1" 200 4
66.249.79.133 - - [07/Jul/2015:00:14:01 -0500] "GET /BLA/resoluciones/AUTOS%202012/0314.pdf HTTP/1.1" 304 -
66.249.79.107 - - [07/Jul/2015:00:14:11 -0500] "GET /BLA/resoluciones/RESOLUCIONES%202014/0976.pdf HTTP/1.1" 304 -
181.56.193.251 - - [07/Jul/2015:00:14:15 -0500] "GET /forest/skins/gdocs-jar/popup/popup.jsp?width=1100&height=500&title=Buscar%20documentos&uri=/forest/buscar.do%3Ftype%3Ddocumentos&name=undefined&_a=0.8764980889391154&a=0.4053041797596961 HTTP/1.1" 200 1300
157.55.39.56 - - [07/Jul/2015:00:14:17 -0500] "GET /galeria/galeria/fotos/Humedal-Santa-Mar%C3%ADa-del-Lago1P.jpg HTTP/1.1" 200 26912
181.56.193.251 - - [07/Jul/2015:00:14:18 -0500] "GET /forest/1ibre/jscalendar/calendar-win2k-1.css HTTP/1.1" 304 -
181.56.193.251 - - [07/Jul/2015:00:14:18 -0500] "GET /forest/skins/gdocs-jar/css/tree.css?version=1503.161801 HTTP/1.1" 304 -
181.56.193.251 - - [07/Jul/2015:00:14:18 -0500] "GET /forest/css/autocomplete.css?version=1503.161801 HTTP/1.1" 304 -
181.56.193.251 - - [07/Jul/2015:00:14:18 -0500] "GET /forest/js/load_func.js?version=1503.161801 HTTP/1.1" 304 -
181.56.193.251 - - [07/Jul/2015:00:14:18 -0500] "GET /forest/js/dialog.js?version=1503.161801 HTTP/1.1" 304 -
181.56.193.251 - - [07/Jul/2015:00:14:18 -0500] "GET /forest/js/sarissa.js?version=1503.161801 HTTP/1.1" 304 -
181.56.193.251 - - [07/Jul/2015:00:14:18 -0500] "GET /forest/js/escritorio/escritorio.js?version=1503.161801 HTTP/1.1" 304 -
181.56.193.251 - - [07/Jul/2015:00:14:18 -0500] "GET /forest/js/internJS.js?version=1503.161801 HTTP/1.1" 304 -
181.56.193.251 - - [07/Jul/2015:00:14:18 -0500] "GET /forest/js/autocompletar2.js?version=1503.161801 HTTP/1.1" 304 -
181.56.193.251 - - [07/Jul/2015:00:14:18 -0500] "GET /forest/1ibre/protoaculous.js?version=1503.161801 HTTP/1.1" 304 -
181.56.193.251 - - [07/Jul/2015:00:14:18 -0500] "GET /forest/1ibre/jscalendar/calendar.js?version=1503.161801 HTTP/1.1" 304 -
181.56.193.251 - - [07/Jul/2015:00:14:18 -0500] "GET /forest/1ibre/jscalendar/lang/calendar-es.js?version=1503.161801 HTTP/1.1" 304 -
181.56.193.251 - - [07/Jul/2015:00:14:18 -0500] "GET /forest/1ibre/jscalendar/calendar-setup.js?version=1503.161801 HTTP/1.1" 304 -
181.56.193.251 - - [07/Jul/2015:00:14:18 -0500] "GET /forest/1ibre/1ibre.js?version=1503.161801 HTTP/1.1" 304 -
181.56.193.251 - - [07/Jul/2015:00:14:18 -0500] "GET /forest/js/xml_utilities.js?version=1503.161801 HTTP/1.1" 304 -
181.56.193.251 - - [07/Jul/2015:00:14:16 -0500] "GET /forest/buscar.do?type=documentos HTTP/1.1" 200 85075
181.56.193.251 - - [07/Jul/2015:00:14:18 -0500] "GET /forest/skins/gdocs-jar/img/top-search-icon.gif HTTP/1.1" 304 -
181.56.193.251 - - [07/Jul/2015:00:14:18 -0500] "GET /forest/skins/gdocs-jar/img/select.gif HTTP/1.1" 304 -
181.56.193.251 - - [07/Jul/2015:00:14:18 -0500] "GET /forest/skins/gdocs-jar/img/user_search.gif HTTP/1.1" 304 -
181.56.193.251 - - [07/Jul/2015:00:14:19 -0500] "GET /forest/json.do?query=usersByDep&coddep=7105 HTTP/1.1" 200 188
181.56.193.251 - - [07/Jul/2015:00:14:19 -0500] "GET /forest/1ibre/images/spacer.gif HTTP/1.1" 304 -
181.56.193.251 - - [07/Jul/2015:00:14:19 -0500] "GET /forest/skins/gdocs-jar/img/dependencia-tree.gif HTTP/1.1" 304 -
181.56.193.251 - - [07/Jul/2015:00:14:19 -0500] "GET /forest/1ibre/images/minus.gif HTTP/1.1" 304 -
181.56.193.251 - - [07/Jul/2015:00:14:19 -0500] "GET /forest/1ibre/images/plus.gif HTTP/1.1" 304 -
181.56.193.251 - - [07/Jul/2015:00:14:19 -0500] "GET /forest/json.do?query=versionListadas HTTP/1.1" 200 15
181.56.193.251 - - [07/Jul/2015:00:14:19 -0500] "GET /forest/json.do?query=usersByDep&coddep=7105 HTTP/1.1" 200 188
181.56.193.251 - - [07/Jul/2015:00:14:19 -0500] "GET /forest/1ibre/jscalendar/img.gif HTTP/1.1" 304 -
181.56.193.251 - - [07/Jul/2015:00:14:19 -0500] "GET /forest/json.do?query=procesIniciales HTTP/1.1" 200 10733
181.56.193.251 - - [07/Jul/2015:00:14:19 -0500] "GET /forest/json.do?query=bpmnIniciales HTTP/1.1" 200 1095
66.249.79.107 - - [07/Jul/2015:00:14:20 -0500] "GET /BLA/resoluciones/AUTOS%202013/0928.pdf HTTP/1.1" 304 -
66.249.79.107 - - [07/Jul/2015:00:14:29 -0500] "GET /BLA/resoluciones/RESOLUCIONES%202008/5029.pdf HTTP/1.1" 304 -
181.56.193.251 - - [07/Jul/2015:00:14:32 -0500] "GET /forest/skins/gdocs-jar/popup/popup.jsp?width=1100&height=500&title=Buscar%20procesos&uri=/forest/buscar.do%3Ftype%3Dprocesos&name=undefined&_a=0.8714517126791179&a=0.2594776111654937 HTTP/1.1" 200 1296
181.56.193.251 - - [07/Jul/2015:00:14:33 -0500] "GET /forest/buscar.do?type=procesos HTTP/1.1" 200 85047
181.56.193.251 - - [07/Jul/2015:00:14:33 -0500] "GET /forest/json.do?query=usersByDep&coddep=7105 HTTP/1.1" 200 188
181.56.193.251 - - [07/Jul/2015:00:14:33 -0500] "GET /forest/json.do?query=versionListadas HTTP/1.1" 200 15
181.56.193.251 - - [07/Jul/2015:00:14:33 -0500] "GET /forest/json.do?query=usersByDep&coddep=7105 HTTP/1.1" 200 188
181.56.193.251 - - [07/Jul/2015:00:14:33 -0500] "GET /forest/json.do?query=procesIniciales HTTP/1.1" 200 10733
190.84.213.76 - - [07/Jul/2015:00:14:34 -0500] "GET /BLA/boletinlegal/js/jquery.scrollTo-min.js HTTP/1.1" 200 1150
190.84.213.76 - - [07/Jul/2015:00:14:34 -0500] "GET /BLA/boletinlegal/js/jquery.scrollShow.js HTTP/1.1" 200 4586
190.84.213.76 - - [07/Jul/2015:00:14:34 -0500] "GET /galeria/galeria/jquery.fancybox.js?v=2.1.5 HTTP/1.1" 200 48706
181.56.193.251 - - [07/Jul/2015:00:14:34 -0500] "GET /forest/json.do?query=bpmnIniciales HTTP/1.1" 200 1095
190.84.213.76 - - [07/Jul/2015:00:14:34 -0500] "GET /galeria/galeria/jquery.fancybox.css?v=2.1.5 HTTP/1.1" 200 4895
190.84.213.76 - - [07/Jul/2015:00:14:36 -0500] "GET /galeria/galeria/jquery.fancybox.js?v=2.1.5 HTTP/1.1" 304 -
190.84.213.76 - - [07/Jul/2015:00:14:36 -0500] "GET /BLA/boletinlegal/js/jquery.scrollShow.js HTTP/1.1" 304 -
190.84.213.76 - - [07/Jul/2015:00:14:36 -0500] "GET /BLA/boletinlegal/js/jquery.scrollTo-min.js HTTP/1.1" 304 -
190.84.213.76 - - [07/Jul/2015:00:14:36 -0500] "GET /galeria/galeria/jquery.fancybox.css?v=2.1.5 HTTP/1.1" 304 -
181.56.193.251 - - [07/Jul/2015:00:14:37 -0500] "POST /forest/buscar.do? HTTP/1.1" 200 5200
181.56.193.251 - - [07/Jul/2015:00:14:38 -0500] "GET /forest/css/escritorio.css HTTP/1.1" 304 -
181.56.193.251 - - [07/Jul/2015:00:14:38 -0500] "GET /forest/img/nav_first.gif HTTP/1.1" 304 -
181.56.193.251 - - [07/Jul/2015:00:14:38 -0500] "GET /forest/img/nav_prev.gif HTTP/1.1" 304 -
181.56.193.251 - - [07/Jul/2015:00:14:38 -0500] "GET /forest/img/nav_next.gif HTTP/1.1" 304 -
181.56.193.251 - - [07/Jul/2015:00:14:38 -0500] "GET /forest/img/nav_last.gif HTTP/1.1" 304 -
181.56.193.251 - - [07/Jul/2015:00:14:38 -0500] "GET /forest/skins/gdocs-jar/img/more_details.gif HTTP/1.1" 304 -
66.249.79.120 - - [07/Jul/2015:00:14:39 -0500] "GET /BLA/resoluciones/AUTOS%202011/5706.pdf HTTP/1.1" 304 -
66.249.79.133 - - [07/Jul/2015:00:14:48 -0500] "GET /BLA/resoluciones/RESOLUCIONES%202013/0761.pdf HTTP/1.1" 304 -
188.165.15.152 - - [07/Jul/2015:00:14:55 -0500] "GET /BLA/resoluciones/RESOLUCIONES%202006/RES%202006%201551-1600/00001553.tif HTTP/1.1" 200 367040
181.56.193.251 - - [07/Jul/2015:00:14:57 -0500] "GET /forest/buscar.do?type=procesos HTTP/1.1" 200 85047
66.249.79.107 - - [07/Jul/2015:00:14:57 -0500] "GET /BLA/resoluciones/RESOLUCIONES%202014/2284.pdf HTTP/1.1" 304 -
181.56.193.251 - - [07/Jul/2015:00:14:58 -0500] "GET /forest/json.do?query=usersByDep&coddep=7105 HTTP/1.1" 200 188
181.56.193.251 - - [07/Jul/2015:00:14:58 -0500] "GET /forest/json.do?query=versionListadas HTTP/1.1" 200 15
181.56.193.251 - - [07/Jul/2015:00:14:58 -0500] "GET /forest/json.do?query=usersByDep&coddep=7105 HTTP/1.1" 200 188
181.56.193.251 - - [07/Jul/2015:00:14:59 -0500] "GET /forest/json.do?query=procesIniciales HTTP/1.1" 200 10733
181.56.193.251 - - [07/Jul/2015:00:14:59 -0500] "GET /forest/json.do?query=bpmnIniciales HTTP/1.1" 200 1095
188.165.15.152 - - [07/Jul/2015:00:14:59 -0500] "GET /BLA/resoluciones/RESOLUCIONES%202006/RES%202006%20451-500/00000455.tif HTTP/1.1" 200 320854
181.56.193.251 - - [07/Jul/2015:00:15:01 -0500] "POST /forest/buscar.do? HTTP/1.1" 200 5164
66.249.79.133 - - [07/Jul/2015:00:15:07 -0500] "GET /BLA/resoluciones/AUTOS%202010/5700.pdf HTTP/1.1" 304 -
74.86.158.107 - - [07/Jul/2015:00:15:07 -0500] "HEAD / HTTP/1.1" 200 -
66.249.79.120 - - [07/Jul/2015:00:15:16 -0500] "GET /BLA/resoluciones/RESOLUCIONES%202009/3107.pdf HTTP/1.1" 304 -
181.56.193.251 - - [07/Jul/2015:00:15:18 -0500] "GET /forest/buscar.do?type=procesos HTTP/1.1" 200 85047
181.56.193.251 - - [07/Jul/2015:00:15:19 -0500] "GET /forest/json.do?query=usersByDep&coddep=7105 HTTP/1.1" 200 188
181.56.193.251 - - [07/Jul/2015:00:15:19 -0500] "GET /forest/json.do?query=versionListadas HTTP/1.1" 200 15
181.56.193.251 - - [07/Jul/2015:00:15:19 -0500] "GET /forest/json.do?query=usersByDep&coddep=7105 HTTP/1.1" 200 188
181.56.193.251 - - [07/Jul/2015:00:15:19 -0500] "GET /forest/json.do?query=procesIniciales HTTP/1.1" 200 10733
181.56.193.251 - - [07/Jul/2015:00:15:19 -0500] "GET /forest/json.do?query=bpmnIniciales HTTP/1.1" 200 1095
181.56.193.251 - - [07/Jul/2015:00:15:22 -0500] "POST /forest/buscar.do? HTTP/1.1" 200 5783
66.249.79.133 - - [07/Jul/2015:00:15:26 -0500] "GET /BLA/resoluciones/AUTOS%202011/3895.pdf HTTP/1.1" 304 -
66.249.79.120 - - [07/Jul/2015:00:15:35 -0500] "GET /BLA/resoluciones/AUTOS%202012/0071.pdf HTTP/1.1" 200 163513
181.56.193.251 - - [07/Jul/2015:00:15:41 -0500] "GET /forest/buscar.do?type=procesos HTTP/1.1" 200 85047
181.56.193.251 - - [07/Jul/2015:00:15:42 -0500] "GET /forest/json.do?query=usersByDep&coddep=7105 HTTP/1.1" 200 188
181.56.193.251 - - [07/Jul/2015:00:15:42 -0500] "GET /forest/json.do?query=versionListadas HTTP/1.1" 200 15
181.56.193.251 - - [07/Jul/2015:00:15:42 -0500] "GET /forest/json.do?query=usersByDep&coddep=7105 HTTP/1.1" 200 188
181.56.193.251 - - [07/Jul/2015:00:15:42 -0500] "GET /forest/json.do?query=procesIniciales HTTP/1.1" 200 10733
181.56.193.251 - - [07/Jul/2015:00:15:42 -0500] "GET /forest/json.do?query=bpmnIniciales HTTP/1.1" 200 1095
66.249.79.107 - - [07/Jul/2015:00:15:44 -0500] "GET /BLA/resoluciones/RESOLUCIONES%202013/1329.pdf HTTP/1.1" 304 -
181.66.157.125 - - [07/Jul/2015:00:15:45 -0500] "GET /BLA/boletinlegal/js/jquery.scrollTo-min.js HTTP/1.1" 200 1150
181.66.157.125 - - [07/Jul/2015:00:15:45 -0500] "GET /BLA/boletinlegal/js/jquery.scrollShow.js HTTP/1.1" 200 4586
181.66.157.125 - - [07/Jul/2015:00:15:45 -0500] "GET /galeria/galeria/jquery.fancybox.js?v=2.1.5 HTTP/1.1" 200 48706
181.66.157.125 - - [07/Jul/2015:00:15:45 -0500] "GET /galeria/galeria/jquery.fancybox.css?v=2.1.5 HTTP/1.1" 200 4895
181.66.157.125 - - [07/Jul/2015:00:15:45 -0500] "GET /galeria/carrusel/Carrusel/jquery.thumbnailScroller.css HTTP/1.1" 200 2066
181.56.193.251 - - [07/Jul/2015:00:15:45 -0500] "POST /forest/buscar.do? HTTP/1.1" 200 5829
181.66.157.125 - - [07/Jul/2015:00:15:45 -0500] "GET /galeria/carrusel/Carrusel/jquery-ui-1.8.13.custom.min.js HTTP/1.1" 200 10800
181.66.157.125 - - [07/Jul/2015:00:15:45 -0500] "GET /galeria/carrusel/Carrusel/jquery.thumbnailScroller.js HTTP/1.1" 200 8157
181.66.157.125 - - [07/Jul/2015:00:15:53 -0500] "GET /galeria/nivo-slider/demo/demo.html HTTP/1.1" 200 5022
181.66.157.125 - - [07/Jul/2015:00:15:54 -0500] "GET /galeria/nivo-slider/themes/default/default.css HTTP/1.1" 200 1569
181.66.157.125 - - [07/Jul/2015:00:15:54 -0500] "GET /galeria/nivo-slider/themes/pascal/pascal.css HTTP/1.1" 200 2258
181.66.157.125 - - [07/Jul/2015:00:15:54 -0500] "GET /galeria/nivo-slider/themes/orman/orman.css HTTP/1.1" 200 2152
181.66.157.125 - - [07/Jul/2015:00:15:54 -0500] "GET /galeria/nivo-slider/nivo-slider.css HTTP/1.1" 200 1507
181.66.157.125 - - [07/Jul/2015:00:15:54 -0500] "GET /galeria/nivo-slider/demo/style.css HTTP/1.1" 200 2222
181.66.157.125 - - [07/Jul/2015:00:15:54 -0500] "GET /galeria/nivo-slider/demo/images/Rendicion-de-cuentas.jpg HTTP/1.1" 200 174889
181.66.157.125 - - [07/Jul/2015:00:15:54 -0500] "GET /galeria/nivo-slider/demo/images/VoluntariadoPYBA.jpg HTTP/1.1" 200 40647
181.66.157.125 - - [07/Jul/2015:00:15:54 -0500] "GET /galeria/nivo-slider/demo/images/9Signos.jpg HTTP/1.1" 200 81776
181.66.157.125 - - [07/Jul/2015:00:15:54 -0500] "GET /galeria/nivo-slider/demo/images/Atempobogota.jpg HTTP/1.1" 200 91770
181.66.157.125 - - [07/Jul/2015:00:15:54 -0500] "GET /galeria/nivo-slider/demo/images/Comparendo-ambiental-Banner.jpg HTTP/1.1" 200 83731
181.66.157.125 - - [07/Jul/2015:00:15:54 -0500] "GET /galeria/nivo-slider/demo/images/GAE-banner.jpg HTTP/1.1" 200 97556
181.66.157.125 - - [07/Jul/2015:00:15:55 -0500] "GET /galeria/nivo-slider/demo/images/Banner-encuesta-de-percepscio.jpg HTTP/1.1" 200 201899
181.66.157.125 - - [07/Jul/2015:00:15:56 -0500] "GET /galeria/nivo-slider/demo/images/banner-Pacto-por-la-madera.jpg HTTP/1.1" 200 209966
181.66.157.125 - - [07/Jul/2015:00:15:56 -0500] "GET /galeria/nivo-slider/demo/images/acuerdo_569.jpg HTTP/1.1" 200 62670
181.66.157.125 - - [07/Jul/2015:00:15:56 -0500] "GET /galeria/nivo-slider/demo/images/Licitaciones-proyecto-paramo.jpg HTTP/1.1" 200 221877
181.66.157.125 - - [07/Jul/2015:00:15:57 -0500] "GET /galeria/nivo-slider/demo/images/Banner-decreto1299.jpg HTTP/1.1" 200 182613
181.66.157.125 - - [07/Jul/2015:00:15:57 -0500] "GET /galeria/nivo-slider/demo/images/Banner-Directorio.jpg HTTP/1.1" 200 182068
181.66.157.125 - - [07/Jul/2015:00:15:57 -0500] "GET /galeria/nivo-slider/demo/images/Ruta-vertimientos-01.jpg HTTP/1.1" 200 130151
181.66.157.125 - - [07/Jul/2015:00:15:57 -0500] "GET /galeria/nivo-slider/demo/images/bolsas-06.jpg HTTP/1.1" 200 90982
157.55.39.28 - - [07/Jul/2015:00:15:57 -0500] "GET /dama/libreria/php/decide.php?patron=01.0209 HTTP/1.1" 404 1019
181.66.157.125 - - [07/Jul/2015:00:15:58 -0500] "GET /galeria/nivo-slider/demo/images/Conoce-los-humedales.jpg HTTP/1.1" 200 294036
181.66.157.125 - - [07/Jul/2015:00:15:58 -0500] "GET /galeria/nivo-slider/demo/images/ecolecta-Dic2014.png HTTP/1.1" 200 288593
181.66.157.125 - - [07/Jul/2015:00:15:58 -0500] "GET /galeria/nivo-slider/demo/images/Banner-Caracol-Africano.jpg HTTP/1.1" 200 331986
181.66.157.125 - - [07/Jul/2015:00:15:59 -0500] "GET /galeria/nivo-slider/demo/images/banner-llantas2.jpg HTTP/1.1" 200 204644
181.66.157.125 - - [07/Jul/2015:00:16:00 -0500] "GET /galeria/nivo-slider/demo/scripts/jquery-1.7.1.min.js HTTP/1.1" 200 93868
181.66.157.125 - - [07/Jul/2015:00:16:01 -0500] "GET /galeria/nivo-slider/jquery.nivo.slider.pack.js HTTP/1.1" 200 11561
181.56.193.251 - - [07/Jul/2015:00:16:00 -0500] "GET /forest/buscar.do?type=procesos HTTP/1.1" 200 85047
181.56.193.251 - - [07/Jul/2015:00:16:02 -0500] "GET /forest/json.do?query=usersByDep&coddep=7105 HTTP/1.1" 200 188
181.56.193.251 - - [07/Jul/2015:00:16:02 -0500] "GET /forest/json.do?query=versionListadas HTTP/1.1" 200 15
181.56.193.251 - - [07/Jul/2015:00:16:02 -0500] "GET /forest/json.do?query=usersByDep&coddep=7105 HTTP/1.1" 200 188
181.56.193.251 - - [07/Jul/2015:00:16:02 -0500] "GET /forest/json.do?query=procesIniciales HTTP/1.1" 200 10733
181.56.193.251 - - [07/Jul/2015:00:16:02 -0500] "GET /forest/json.do?query=bpmnIniciales HTTP/1.1" 200 1095
181.56.193.251 - - [07/Jul/2015:00:16:04 -0500] "POST /forest/buscar.do? HTTP/1.1" 200 5797
181.56.193.251 - - [07/Jul/2015:00:16:19 -0500] "GET /forest/buscar.do?type=procesos HTTP/1.1" 200 85047
181.56.193.251 - - [07/Jul/2015:00:16:19 -0500] "GET /forest/json.do?query=usersByDep&coddep=7105 HTTP/1.1" 200 188
181.56.193.251 - - [07/Jul/2015:00:16:19 -0500] "GET /forest/json.do?query=versionListadas HTTP/1.1" 200 15
181.56.193.251 - - [07/Jul/2015:00:16:19 -0500] "GET /forest/json.do?query=usersByDep&coddep=7105 HTTP/1.1" 200 188
181.56.193.251 - - [07/Jul/2015:00:16:19 -0500] "GET /forest/json.do?query=procesIniciales HTTP/1.1" 200 10733
181.56.193.251 - - [07/Jul/2015:00:16:19 -0500] "GET /forest/json.do?query=bpmnIniciales HTTP/1.1" 200 1095
66.249.79.120 - - [07/Jul/2015:00:16:22 -0500] "GET /BLA/resoluciones/RESOLUCIONES%202008/4728.pdf HTTP/1.1" 304 -
181.56.193.251 - - [07/Jul/2015:00:16:22 -0500] "POST /forest/buscar.do? HTTP/1.1" 200 5178
66.249.79.164 - - [07/Jul/2015:00:16:30 -0500] "GET /PruebasSTORM/StormSDA_pruebas/userFiles/user_files/formulas/3/270.xml HTTP/1.1" 304 -
66.249.79.107 - - [07/Jul/2015:00:16:31 -0500] "GET /BLA/resoluciones/RESOLUCIONES%202009/2131.pdf HTTP/1.1" 200 538490
66.249.79.177 - - [07/Jul/2015:00:16:40 -0500] "GET /POT-2013/memoria%20justificativa/ANEXO_5.pdf HTTP/1.1" 200 23205
181.56.193.251 - - [07/Jul/2015:00:16:40 -0500] "GET /forest/buscar.do?type=procesos HTTP/1.1" 200 85047
181.56.193.251 - - [07/Jul/2015:00:16:42 -0500] "GET /forest/json.do?query=usersByDep&coddep=7105 HTTP/1.1" 200 188
181.56.193.251 - - [07/Jul/2015:00:16:42 -0500] "GET /forest/json.do?query=versionListadas HTTP/1.1" 200 15
181.56.193.251 - - [07/Jul/2015:00:16:42 -0500] "GET /forest/json.do?query=usersByDep&coddep=7105 HTTP/1.1" 200 188
181.56.193.251 - - [07/Jul/2015:00:16:42 -0500] "GET /forest/json.do?query=procesIniciales HTTP/1.1" 200 10733
181.56.193.251 - - [07/Jul/2015:00:16:42 -0500] "GET /forest/json.do?query=bpmnIniciales HTTP/1.1" 200 1095
199.195.118.53 - - [07/Jul/2015:00:16:45 -0500] "GET / HTTP/1.1" 200 10190
181.56.193.251 - - [07/Jul/2015:00:16:46 -0500] "POST /forest/buscar.do? HTTP/1.1" 200 5806
190.157.185.241 - - [07/Jul/2015:00:16:47 -0500] "GET /galeria/galeria/jquery.fancybox.js?v=2.1.5 HTTP/1.1" 304 -
190.157.185.241 - - [07/Jul/2015:00:16:47 -0500] "GET /galeria/galeria/jquery.fancybox.css?v=2.1.5 HTTP/1.1" 304 -
188.165.15.152 - - [07/Jul/2015:00:16:48 -0500] "GET /BLA/resoluciones/RESOLUCIONES%202003/RES%202003%201551-1601/20031556.tif HTTP/1.1" 200 69248
152.61.128.66 - - [07/Jul/2015:00:16:59 -0500] "HEAD / HTTP/1.1" 200 -
152.61.128.66 - - [07/Jul/2015:00:16:59 -0500] "GET /arcgis/services/Calidad_del_Agua_WQI/MapServer/WMSServer?SERVICE=WMS&REQUEST=GetCapabilities HTTP/1.1" 200 32135
152.61.128.66 - - [07/Jul/2015:00:17:00 -0500] "GET /arcgis/services/Calidad_del_Agua_WQI/MapServer/WMSServer?SERVICE=WMS&REQUEST=GetCapabilities HTTP/1.0" 200 32135
181.130.225.250 - - [07/Jul/2015:00:17:01 -0500] "GET /galeria/carrusel/Carrusel/jquery.thumbnailScroller.css HTTP/1.1" 200 2066
181.130.225.250 - - [07/Jul/2015:00:17:01 -0500] "GET /galeria/galeria/jquery.fancybox.css?v=2.1.5 HTTP/1.1" 200 4895
181.130.225.250 - - [07/Jul/2015:00:17:01 -0500] "GET /BLA/boletinlegal/js/jquery.scrollTo-min.js HTTP/1.1" 200 1150
181.130.225.250 - - [07/Jul/2015:00:17:01 -0500] "GET /BLA/boletinlegal/js/jquery.scrollShow.js HTTP/1.1" 200 4586
181.130.225.250 - - [07/Jul/2015:00:17:01 -0500] "GET /galeria/galeria/jquery.fancybox.js?v=2.1.5 HTTP/1.1" 200 48706
181.130.225.250 - - [07/Jul/2015:00:17:01 -0500] "GET /galeria/carrusel/Carrusel/jquery-ui-1.8.13.custom.min.js HTTP/1.1" 200 10800
181.130.225.250 - - [07/Jul/2015:00:17:01 -0500] "GET /galeria/carrusel/Carrusel/jquery.thumbnailScroller.js HTTP/1.1" 200 8157
152.61.128.66 - - [07/Jul/2015:00:17:01 -0500] "GET /arcgis/services/Calidad_del_Agua_WQI/MapServer/WMSServer?SERVICE=WMS&REQUEST=GetCapabilities HTTP/1.0" 200 32135
152.61.128.66 - - [07/Jul/2015:00:17:01 -0500] "GET /arcgis/services/Calidad_del_Agua_WQI/MapServer/WMSServer?SERVICE=WMS&REQUEST=GetCapabilities HTTP/1.0" 200 32135
181.130.225.250 - - [07/Jul/2015:00:17:02 -0500] "GET /galeria/nivo-slider/demo/demo.html HTTP/1.1" 200 5022
181.130.225.250 - - [07/Jul/2015:00:17:02 -0500] "GET /galeria/nivo-slider/themes/pascal/pascal.css HTTP/1.1" 200 2258
181.130.225.250 - - [07/Jul/2015:00:17:02 -0500] "GET /galeria/nivo-slider/themes/default/default.css HTTP/1.1" 200 1569
181.130.225.250 - - [07/Jul/2015:00:17:02 -0500] "GET /galeria/nivo-slider/themes/orman/orman.css HTTP/1.1" 200 2152
181.130.225.250 - - [07/Jul/2015:00:17:02 -0500] "GET /galeria/nivo-slider/nivo-slider.css HTTP/1.1" 200 1507
181.130.225.250 - - [07/Jul/2015:00:17:02 -0500] "GET /galeria/nivo-slider/demo/style.css HTTP/1.1" 200 2222
181.130.225.250 - - [07/Jul/2015:00:17:02 -0500] "GET /galeria/nivo-slider/demo/scripts/jquery-1.7.1.min.js HTTP/1.1" 200 93868
181.130.225.250 - - [07/Jul/2015:00:17:03 -0500] "GET /galeria/nivo-slider/jquery.nivo.slider.pack.js HTTP/1.1" 200 11561
181.130.225.250 - - [07/Jul/2015:00:17:03 -0500] "GET /galeria/nivo-slider/demo/images/Rendicion-de-cuentas.jpg HTTP/1.1" 200 174889
181.130.225.250 - - [07/Jul/2015:00:17:03 -0500] "GET /galeria/nivo-slider/demo/images/VoluntariadoPYBA.jpg HTTP/1.1" 200 40647
181.130.225.250 - - [07/Jul/2015:00:17:03 -0500] "GET /galeria/nivo-slider/demo/images/9Signos.jpg HTTP/1.1" 200 81776
181.130.225.250 - - [07/Jul/2015:00:17:03 -0500] "GET /galeria/nivo-slider/demo/images/Atempobogota.jpg HTTP/1.1" 200 91770
152.61.128.66 - - [07/Jul/2015:00:17:02 -0500] "GET /arcgis/services/Calidad_del_Agua_WQI/MapServer/WMSServer?VERSION=1.1.1&REQUEST=GetMap&LAYERS=0&SRS=EPSG:4326&BBOX=-74.473395,3.674381,-73.963300,4.920569&WIDTH=250&HEIGHT=250&FORMAT=image/bmp&STYLES=& HTTP/1.1" 200 188054
181.130.225.250 - - [07/Jul/2015:00:17:03 -0500] "GET /galeria/nivo-slider/demo/images/4Simple_Slider.png HTTP/1.1" 200 11722
181.130.225.250 - - [07/Jul/2015:00:17:03 -0500] "GET /galeria/nivo-slider/themes/default/loading.gif HTTP/1.1" 200 1737
181.130.225.250 - - [07/Jul/2015:00:17:04 -0500] "GET /galeria/nivo-slider/demo/images/Comparendo-ambiental-Banner.jpg HTTP/1.1" 200 83731
181.130.225.250 - - [07/Jul/2015:00:17:04 -0500] "GET /galeria/nivo-slider/demo/images/GAE-banner.jpg HTTP/1.1" 200 97556
181.130.225.250 - - [07/Jul/2015:00:17:04 -0500] "GET /galeria/nivo-slider/demo/images/banner-Pacto-por-la-madera.jpg HTTP/1.1" 200 209966
181.130.225.250 - - [07/Jul/2015:00:17:04 -0500] "GET /galeria/nivo-slider/demo/images/Banner-encuesta-de-percepscio.jpg HTTP/1.1" 200 201899
181.130.225.250 - - [07/Jul/2015:00:17:04 -0500] "GET /galeria/nivo-slider/demo/images/acuerdo_569.jpg HTTP/1.1" 200 62670
181.130.225.250 - - [07/Jul/2015:00:17:06 -0500] "GET /galeria/nivo-slider/demo/images/Licitaciones-proyecto-paramo.jpg HTTP/1.1" 200 221877
181.130.225.250 - - [07/Jul/2015:00:17:06 -0500] "GET /galeria/nivo-slider/demo/images/Banner-decreto1299.jpg HTTP/1.1" 200 182613
181.130.225.250 - - [07/Jul/2015:00:17:06 -0500] "GET /galeria/nivo-slider/demo/images/Banner-Directorio.jpg HTTP/1.1" 200 182068
181.130.225.250 - - [07/Jul/2015:00:17:07 -0500] "GET /galeria/nivo-slider/demo/images/Ruta-vertimientos-01.jpg HTTP/1.1" 200 130151
181.130.225.250 - - [07/Jul/2015:00:17:07 -0500] "GET /galeria/nivo-slider/demo/images/bolsas-06.jpg HTTP/1.1" 200 90982
181.56.193.251 - - [07/Jul/2015:00:17:05 -0500] "GET /forest/buscar.do?type=procesos HTTP/1.1" 200 85047
181.130.225.250 - - [07/Jul/2015:00:17:07 -0500] "GET /galeria/nivo-slider/demo/images/Conoce-los-humedales.jpg HTTP/1.1" 200 294036
181.56.193.251 - - [07/Jul/2015:00:17:07 -0500] "GET /forest/json.do?query=usersByDep&coddep=7105 HTTP/1.1" 200 188
181.56.193.251 - - [07/Jul/2015:00:17:07 -0500] "GET /forest/json.do?query=versionListadas HTTP/1.1" 200 15
181.56.193.251 - - [07/Jul/2015:00:17:07 -0500] "GET /forest/json.do?query=usersByDep&coddep=7105 HTTP/1.1" 200 188
181.56.193.251 - - [07/Jul/2015:00:17:07 -0500] "GET /forest/json.do?query=procesIniciales HTTP/1.1" 200 10733
181.130.225.250 - - [07/Jul/2015:00:17:07 -0500] "GET /galeria/nivo-slider/demo/images/ecolecta-Dic2014.png HTTP/1.1" 200 288593
181.56.193.251 - - [07/Jul/2015:00:17:07 -0500] "GET /forest/json.do?query=bpmnIniciales HTTP/1.1" 200 1095
181.130.225.250 - - [07/Jul/2015:00:17:07 -0500] "GET /galeria/nivo-slider/demo/images/Banner-Caracol-Africano.jpg HTTP/1.1" 200 331986
181.130.225.250 - - [07/Jul/2015:00:17:08 -0500] "GET /galeria/nivo-slider/demo/images/banner-llantas2.jpg HTTP/1.1" 200 204644
66.249.79.107 - - [07/Jul/2015:00:17:08 -0500] "GET /BLA/resoluciones/RESOLUCIONES%202009/0698.pdf HTTP/1.1" 200 212930
181.56.193.251 - - [07/Jul/2015:00:17:10 -0500] "POST /forest/buscar.do? HTTP/1.1" 200 5870
181.130.225.250 - - [07/Jul/2015:00:17:11 -0500] "GET /galeria/nivo-slider/themes/default/bullets.png HTTP/1.1" 200 1281
181.130.225.250 - - [07/Jul/2015:00:17:12 -0500] "GET /galeria/nivo-slider/themes/default/arrows.png HTTP/1.1" 200 824
66.249.79.107 - - [07/Jul/2015:00:17:18 -0500] "GET /BLA/resoluciones/RESOLUCIONES%202012/1458.pdf HTTP/1.1" 200 1417962
181.56.193.251 - - [07/Jul/2015:00:17:20 -0500] "GET /forest/buscar.do?type=procesos HTTP/1.1" 200 85047
181.56.193.251 - - [07/Jul/2015:00:17:21 -0500] "GET /forest/json.do?query=usersByDep&coddep=7105 HTTP/1.1" 200 188
181.56.193.251 - - [07/Jul/2015:00:17:21 -0500] "GET /forest/json.do?query=versionListadas HTTP/1.1" 200 15
181.56.193.251 - - [07/Jul/2015:00:17:21 -0500] "GET /forest/json.do?query=usersByDep&coddep=7105 HTTP/1.1" 200 188
181.56.193.251 - - [07/Jul/2015:00:17:21 -0500] "GET /forest/json.do?query=procesIniciales HTTP/1.1" 200 10733
181.56.193.251 - - [07/Jul/2015:00:17:21 -0500] "GET /forest/json.do?query=bpmnIniciales HTTP/1.1" 200 1095
181.56.193.251 - - [07/Jul/2015:00:17:24 -0500] "POST /forest/buscar.do? HTTP/1.1" 200 5251
66.249.79.120 - - [07/Jul/2015:00:17:27 -0500] "GET /BLA/resoluciones/RESOLUCIONES%202009/7629.pdf HTTP/1.1" 304 -
190.29.138.3 - - [07/Jul/2015:00:17:44 -0500] "GET /BLA/boletinlegal/js/jquery.scrollTo-min.js HTTP/1.1" 200 1150
190.29.138.3 - - [07/Jul/2015:00:17:44 -0500] "GET /BLA/boletinlegal/js/jquery.scrollShow.js HTTP/1.1" 200 4586
190.29.138.3 - - [07/Jul/2015:00:17:44 -0500] "GET /galeria/galeria/jquery.fancybox.js?v=2.1.5 HTTP/1.1" 200 48706
190.29.138.3 - - [07/Jul/2015:00:17:44 -0500] "GET /galeria/galeria/jquery.fancybox.css?v=2.1.5 HTTP/1.1" 200 4895
190.29.138.3 - - [07/Jul/2015:00:17:44 -0500] "GET /galeria/carrusel/Carrusel/jquery.thumbnailScroller.css HTTP/1.1" 200 2066
190.29.138.3 - - [07/Jul/2015:00:17:44 -0500] "GET /galeria/carrusel/Carrusel/jquery-ui-1.8.13.custom.min.js HTTP/1.1" 200 10800
190.29.138.3 - - [07/Jul/2015:00:17:44 -0500] "GET /galeria/carrusel/Carrusel/jquery.thumbnailScroller.js HTTP/1.1" 200 8157
66.249.79.133 - - [07/Jul/2015:00:17:46 -0500] "GET /BLA/resoluciones/RESOLUCIONES%202012/1159.pdf HTTP/1.1" 304 -
190.29.138.3 - - [07/Jul/2015:00:17:48 -0500] "GET /galeria/nivo-slider/demo/demo.html HTTP/1.1" 200 5022
190.29.138.3 - - [07/Jul/2015:00:17:48 -0500] "GET /galeria/nivo-slider/themes/default/default.css HTTP/1.1" 200 1569
190.29.138.3 - - [07/Jul/2015:00:17:48 -0500] "GET /galeria/nivo-slider/themes/pascal/pascal.css HTTP/1.1" 200 2258
190.29.138.3 - - [07/Jul/2015:00:17:48 -0500] "GET /galeria/nivo-slider/themes/orman/orman.css HTTP/1.1" 200 2152
190.29.138.3 - - [07/Jul/2015:00:17:48 -0500] "GET /galeria/nivo-slider/nivo-slider.css HTTP/1.1" 200 1507
190.29.138.3 - - [07/Jul/2015:00:17:48 -0500] "GET /galeria/nivo-slider/demo/style.css HTTP/1.1" 200 2222
190.29.138.3 - - [07/Jul/2015:00:17:48 -0500] "GET /galeria/nivo-slider/demo/scripts/jquery-1.7.1.min.js HTTP/1.1" 200 93868
190.29.138.3 - - [07/Jul/2015:00:17:48 -0500] "GET /galeria/nivo-slider/jquery.nivo.slider.pack.js HTTP/1.1" 200 11561
190.29.138.3 - - [07/Jul/2015:00:17:48 -0500] "GET /galeria/nivo-slider/demo/images/Rendicion-de-cuentas.jpg HTTP/1.1" 200 174889
190.29.138.3 - - [07/Jul/2015:00:17:48 -0500] "GET /galeria/nivo-slider/demo/images/VoluntariadoPYBA.jpg HTTP/1.1" 200 40647
190.29.138.3 - - [07/Jul/2015:00:17:48 -0500] "GET /galeria/nivo-slider/demo/images/9Signos.jpg HTTP/1.1" 200 81776
190.29.138.3 - - [07/Jul/2015:00:17:48 -0500] "GET /galeria/nivo-slider/demo/images/Atempobogota.jpg HTTP/1.1" 200 91770
190.29.138.3 - - [07/Jul/2015:00:17:49 -0500] "GET /galeria/nivo-slider/demo/images/Comparendo-ambiental-Banner.jpg HTTP/1.1" 200 83731
190.29.138.3 - - [07/Jul/2015:00:17:49 -0500] "GET /galeria/nivo-slider/demo/images/GAE-banner.jpg HTTP/1.1" 200 97556
181.56.193.251 - - [07/Jul/2015:00:17:48 -0500] "GET /forest/buscar.do?type=procesos HTTP/1.1" 200 85047
190.29.138.3 - - [07/Jul/2015:00:17:49 -0500] "GET /galeria/nivo-slider/demo/images/Banner-encuesta-de-percepscio.jpg HTTP/1.1" 200 201899
190.29.138.3 - - [07/Jul/2015:00:17:49 -0500] "GET /galeria/nivo-slider/demo/images/4Simple_Slider.png HTTP/1.1" 200 11722
