181.157.128.33 - - [07/Jul/2015:06:02:30 -0500] "GET /galeria/nivo-slider/demo/images/Licitaciones-proyecto-paramo.jpg HTTP/1.1" 200 221877
181.157.128.33 - - [07/Jul/2015:06:02:31 -0500] "GET /galeria/nivo-slider/themes/default/loading.gif HTTP/1.1" 200 1737
181.157.128.33 - - [07/Jul/2015:06:02:31 -0500] "GET /galeria/nivo-slider/demo/images/4Simple_Slider.png HTTP/1.1" 200 11722
181.157.128.33 - - [07/Jul/2015:06:02:31 -0500] "GET /galeria/nivo-slider/demo/images/Banner-decreto1299.jpg HTTP/1.1" 200 182613
66.249.79.120 - - [07/Jul/2015:06:02:31 -0500] "GET /BLA/resoluciones/AUTOS%202012/1752.pdf HTTP/1.1" 304 -
181.157.128.33 - - [07/Jul/2015:06:02:31 -0500] "GET /galeria/nivo-slider/demo/images/Banner-Directorio.jpg HTTP/1.1" 200 182068
181.157.128.33 - - [07/Jul/2015:06:02:32 -0500] "GET /galeria/nivo-slider/demo/images/Ruta-vertimientos-01.jpg HTTP/1.1" 200 130151
181.157.128.33 - - [07/Jul/2015:06:02:32 -0500] "GET /galeria/nivo-slider/demo/images/bolsas-06.jpg HTTP/1.1" 200 90982
88.198.233.69 - - [07/Jul/2015:06:02:32 -0500] "GET / HTTP/1.1" 200 10190
181.157.128.33 - - [07/Jul/2015:06:02:33 -0500] "GET /galeria/nivo-slider/demo/images/Conoce-los-humedales.jpg HTTP/1.1" 200 294036
181.157.128.33 - - [07/Jul/2015:06:02:34 -0500] "GET /galeria/nivo-slider/demo/images/ecolecta-Dic2014.png HTTP/1.1" 200 288593
181.157.128.33 - - [07/Jul/2015:06:02:35 -0500] "GET /galeria/nivo-slider/demo/images/Banner-Caracol-Africano.jpg HTTP/1.1" 200 331986
181.157.128.33 - - [07/Jul/2015:06:02:37 -0500] "GET /galeria/nivo-slider/demo/images/banner-llantas2.jpg HTTP/1.1" 200 204644
66.249.79.107 - - [07/Jul/2015:06:02:45 -0500] "GET /BLA/resoluciones/AUTOS%202011/2146.pdf HTTP/1.1" 304 -
66.249.79.133 - - [07/Jul/2015:06:02:46 -0500] "GET /BLA/resoluciones/RESOLUCIONES%202005/RES%202005%201101-1150/00001104.tif HTTP/1.1" 200 83496
190.159.149.141 - - [07/Jul/2015:06:02:55 -0500] "GET /galeria/galeria/jquery.fancybox.css?v=2.1.5 HTTP/1.1" 200 4895
190.159.149.141 - - [07/Jul/2015:06:02:55 -0500] "GET /BLA/boletinlegal/js/jquery.scrollTo-min.js HTTP/1.1" 200 1150
190.159.149.141 - - [07/Jul/2015:06:02:55 -0500] "GET /galeria/galeria/jquery.fancybox.js?v=2.1.5 HTTP/1.1" 200 48706
190.159.149.141 - - [07/Jul/2015:06:02:55 -0500] "GET /BLA/boletinlegal/js/jquery.scrollShow.js HTTP/1.1" 200 4586
66.249.79.120 - - [07/Jul/2015:06:02:59 -0500] "GET /BLA/resoluciones/RESOLUCIONES%202012/0323.pdf HTTP/1.1" 304 -
190.159.149.141 - - [07/Jul/2015:06:03:00 -0500] "GET /BLA/boletinlegal/js/jquery.scrollTo-min.js HTTP/1.1" 304 -
190.159.149.141 - - [07/Jul/2015:06:03:00 -0500] "GET /galeria/galeria/jquery.fancybox.css?v=2.1.5 HTTP/1.1" 304 -
190.159.149.141 - - [07/Jul/2015:06:03:00 -0500] "GET /galeria/galeria/jquery.fancybox.js?v=2.1.5 HTTP/1.1" 304 -
190.159.149.141 - - [07/Jul/2015:06:03:00 -0500] "GET /BLA/boletinlegal/js/jquery.scrollShow.js HTTP/1.1" 304 -
181.157.128.33 - - [07/Jul/2015:06:03:08 -0500] "GET /galeria/nivo-slider/themes/default/bullets.png HTTP/1.1" 200 1281
181.157.128.33 - - [07/Jul/2015:06:03:08 -0500] "GET /galeria/nivo-slider/themes/default/arrows.png HTTP/1.1" 200 824
66.249.79.120 - - [07/Jul/2015:06:03:09 -0500] "GET /BLA/resoluciones/AUTOS%202008/1877.pdf HTTP/1.1" 304 -
66.249.79.120 - - [07/Jul/2015:06:03:12 -0500] "GET /autoliquidacion/TR%C3%81MITES%20VERTIMIENTOS/PERMISOS%20DE%20VERTIMIENTOS/ANEXO3.%20LISTA%20DE%20CHEQUEO%20PERMISO%20VERT.%20ALCANTARILLADO%20-%20F.xls HTTP/1.1" 304 -
74.86.158.107 - - [07/Jul/2015:06:03:16 -0500] "HEAD / HTTP/1.1" 200 -
66.249.79.107 - - [07/Jul/2015:06:03:26 -0500] "GET /BLA/resoluciones/RESOLUCIONES%202008/0577.pdf HTTP/1.1" 304 -
66.249.79.133 - - [07/Jul/2015:06:03:39 -0500] "GET /BLA/resoluciones/RESOLUCIONES%202010/2280.pdf HTTP/1.1" 304 -
66.249.79.107 - - [07/Jul/2015:06:03:53 -0500] "GET /BLA/circulares/3-2011.pdf HTTP/1.1" 304 -
66.249.79.120 - - [07/Jul/2015:06:04:07 -0500] "GET /BLA/resoluciones/RESOLUCIONES%202014/2004.pdf HTTP/1.1" 304 -
88.24.199.221 - - [07/Jul/2015:06:04:11 -0500] "GET /BLA/boletinlegal/js/jquery.scrollShow.js HTTP/1.1" 200 4586
88.24.199.221 - - [07/Jul/2015:06:04:11 -0500] "GET /galeria/galeria/jquery.fancybox.js?v=2.1.5 HTTP/1.1" 200 48706
88.24.199.221 - - [07/Jul/2015:06:04:11 -0500] "GET /galeria/galeria/jquery.fancybox.css?v=2.1.5 HTTP/1.1" 200 4895
88.24.199.221 - - [07/Jul/2015:06:04:11 -0500] "GET /BLA/boletinlegal/js/jquery.scrollTo-min.js HTTP/1.1" 200 1150
66.249.79.133 - - [07/Jul/2015:06:04:20 -0500] "GET /BLA/resoluciones/RESOLUCIONES%202013/0184.pdf HTTP/1.1" 304 -
66.249.79.133 - - [07/Jul/2015:06:04:34 -0500] "GET /BLA/resoluciones/AUTOS%202008/0508.pdf HTTP/1.1" 304 -
66.249.79.133 - - [07/Jul/2015:06:04:48 -0500] "GET /BLA/resoluciones/RESOLUCIONES%202012/1238.pdf HTTP/1.1" 304 -
66.249.79.120 - - [07/Jul/2015:06:05:01 -0500] "GET /BLA/resoluciones/RESOLUCIONES%202009/7963.pdf HTTP/1.1" 304 -
66.249.79.107 - - [07/Jul/2015:06:05:15 -0500] "GET /BLA/resoluciones/AUTOS%202013/0650.pdf HTTP/1.1" 304 -
66.249.79.107 - - [07/Jul/2015:06:05:29 -0500] "GET /BLA/resoluciones/RESOLUCIONES%202013/1132.pdf HTTP/1.1" 304 -
66.249.79.120 - - [07/Jul/2015:06:05:32 -0500] "GET /BLA/resoluciones/AUTOS%202008/2349.pdf HTTP/1.1" 304 -
66.249.79.133 - - [07/Jul/2015:06:05:42 -0500] "GET /BLA/resoluciones/RESOLUCIONES%202007/RES%202007%202201%20AL%202300/RESOLUCION%202293%20DE%202007.pdf HTTP/1.1" 304 -
66.249.79.107 - - [07/Jul/2015:06:05:56 -0500] "GET /BLA/resoluciones/RESOLUCIONES%202007/RES%202007%203001%20AL%203100/RESOLUCION%203077%20DE%202007.pdf HTTP/1.1" 304 -
66.249.79.107 - - [07/Jul/2015:06:06:09 -0500] "GET /BLA/resoluciones/RESOLUCIONES%202006/RES%202006%201301-1350/00001346.tif HTTP/1.1" 304 -
66.249.79.107 - - [07/Jul/2015:06:06:09 -0500] "GET /BLA/resoluciones/RESOLUCIONES%202009/3813.pdf HTTP/1.1" 304 -
66.249.79.133 - - [07/Jul/2015:06:06:23 -0500] "GET /BLA/resoluciones/RESOLUCIONES%202014/1488.pdf HTTP/1.1" 304 -
190.225.26.45 - - [07/Jul/2015:06:06:25 -0500] "GET /galeria/galeria/jquery.fancybox.css?v=2.1.5 HTTP/1.1" 200 4895
190.225.26.45 - - [07/Jul/2015:06:06:25 -0500] "GET /BLA/boletinlegal/js/jquery.scrollTo-min.js HTTP/1.1" 200 1150
190.225.26.45 - - [07/Jul/2015:06:06:25 -0500] "GET /BLA/boletinlegal/js/jquery.scrollShow.js HTTP/1.1" 200 4586
190.225.26.45 - - [07/Jul/2015:06:06:25 -0500] "GET /galeria/galeria/jquery.fancybox.js?v=2.1.5 HTTP/1.1" 200 48706
152.61.128.66 - - [07/Jul/2015:06:06:36 -0500] "HEAD / HTTP/1.1" 200 -
152.61.128.66 - - [07/Jul/2015:06:06:36 -0500] "GET /arcgis/services/Calidad_del_Agua_WQI/MapServer/WMSServer?SERVICE=WMS&REQUEST=GetCapabilities HTTP/1.1" 200 32135
66.249.79.107 - - [07/Jul/2015:06:06:37 -0500] "GET /BLA/resoluciones/RESOLUCIONES%202010/6340.pdf HTTP/1.1" 304 -
152.61.128.66 - - [07/Jul/2015:06:06:36 -0500] "GET /arcgis/services/Calidad_del_Agua_WQI/MapServer/WMSServer?SERVICE=WMS&REQUEST=GetCapabilities HTTP/1.0" 200 32135
152.61.128.66 - - [07/Jul/2015:06:06:37 -0500] "GET /arcgis/services/Calidad_del_Agua_WQI/MapServer/WMSServer?SERVICE=WMS&REQUEST=GetCapabilities HTTP/1.0" 200 32135
152.61.128.66 - - [07/Jul/2015:06:06:38 -0500] "GET /arcgis/services/Calidad_del_Agua_WQI/MapServer/WMSServer?SERVICE=WMS&REQUEST=GetCapabilities HTTP/1.0" 200 32135
152.61.128.66 - - [07/Jul/2015:06:06:39 -0500] "GET /arcgis/services/Calidad_del_Agua_WQI/MapServer/WMSServer?VERSION=1.1.1&REQUEST=GetMap&LAYERS=0&SRS=EPSG:4326&BBOX=-74.473395,3.674381,-73.963300,4.920569&WIDTH=250&HEIGHT=250&FORMAT=image/bmp&STYLES=& HTTP/1.1" 200 188054
190.225.26.45 - - [07/Jul/2015:06:06:48 -0500] "GET /galeria/galeria/jquery.fancybox.css?v=2.1.5 HTTP/1.1" 304 -
190.225.26.45 - - [07/Jul/2015:06:06:48 -0500] "GET /BLA/boletinlegal/js/jquery.scrollTo-min.js HTTP/1.1" 304 -
190.225.26.45 - - [07/Jul/2015:06:06:48 -0500] "GET /BLA/boletinlegal/js/jquery.scrollShow.js HTTP/1.1" 304 -
190.225.26.45 - - [07/Jul/2015:06:06:48 -0500] "GET /galeria/galeria/jquery.fancybox.js?v=2.1.5 HTTP/1.1" 304 -
66.249.79.107 - - [07/Jul/2015:06:06:51 -0500] "GET /BLA/resoluciones/RESOLUCIONES%202007/RES%202007%202801%20AL%202900/RESOLUCION%202811%20DE%202007.pdf HTTP/1.1" 304 -
66.249.79.107 - - [07/Jul/2015:06:07:04 -0500] "GET /BLA/resoluciones/RESOLUCIONES%202009/6963.pdf HTTP/1.1" 304 -
66.249.79.107 - - [07/Jul/2015:06:07:18 -0500] "GET /BLA/resoluciones/RESOLUCIONES%202014/1231.pdf HTTP/1.1" 304 -
66.249.79.107 - - [07/Jul/2015:06:07:31 -0500] "GET /BLA/resoluciones/RESOLUCIONES%202010/7572.pdf HTTP/1.1" 304 -
66.249.79.133 - - [07/Jul/2015:06:07:45 -0500] "GET /BLA/resoluciones/RESOLUCIONES%202010/6690.pdf HTTP/1.1" 304 -
66.249.79.120 - - [07/Jul/2015:06:07:55 -0500] "GET /BLA/resoluciones/AUTOS%202013/1332.pdf HTTP/1.1" 304 -
66.249.79.133 - - [07/Jul/2015:06:07:59 -0500] "GET /sia/ HTTP/1.1" 304 -
66.249.79.120 - - [07/Jul/2015:06:08:12 -0500] "GET /BLA/resoluciones/RESOLUCIONES%202014/3163.pdf HTTP/1.1" 304 -
201.245.192.252 - - [07/Jul/2015:06:08:15 -0500] "GET /forest/ HTTP/1.1" 200 12815
201.245.192.252 - - [07/Jul/2015:06:08:15 -0500] "GET /forest/jsoptimized/gz/js/gdocsall-1503.161801.js HTTP/1.1" 304 -
74.86.158.107 - - [07/Jul/2015:06:08:16 -0500] "HEAD / HTTP/1.1" 200 -
201.245.192.252 - - [07/Jul/2015:06:08:19 -0500] "POST /forest/login.do HTTP/1.1" 302 -
201.245.192.252 - - [07/Jul/2015:06:08:19 -0500] "GET /forest/index2.jsp?a=0.1663147710840851 HTTP/1.1" 200 84355
201.245.192.252 - - [07/Jul/2015:06:08:20 -0500] "GET /forest/session.jsp?a=0.7457658548373729 HTTP/1.1" 200 4
66.249.79.107 - - [07/Jul/2015:06:08:26 -0500] "GET /BLA/resoluciones/AUTOS%202012/1618.pdf HTTP/1.1" 304 -
66.249.79.133 - - [07/Jul/2015:06:08:40 -0500] "GET /BLA/resoluciones/AUTOS%202007/3044.pdf HTTP/1.1" 304 -
66.249.79.133 - - [07/Jul/2015:06:08:53 -0500] "GET /BLA/resoluciones/RESOLUCIONES%202007/RES%202007%203101%20AL%203200/RESOLUCION%203106%20%20DE%202007.pdf HTTP/1.1" 304 -
66.249.79.107 - - [07/Jul/2015:06:09:07 -0500] "GET /BLA/resoluciones/RESOLUCIONES%202011/1515.pdf HTTP/1.1" 304 -
180.76.15.137 - - [07/Jul/2015:06:09:17 -0500] "GET /SIG/Direccionamiento%20Estrategico/126PG01-PR05.pdf HTTP/1.1" 200 357496
66.249.79.133 - - [07/Jul/2015:06:09:21 -0500] "GET /BLA/resoluciones/AUTOS%202011/2451.pdf HTTP/1.1" 304 -
66.249.79.133 - - [07/Jul/2015:06:09:34 -0500] "GET /BLA/resoluciones/AUTOS%202011/6442.pdf HTTP/1.1" 304 -
66.249.79.120 - - [07/Jul/2015:06:09:48 -0500] "GET /BLA/resoluciones/RESOLUCIONES%202011/2254.pdf HTTP/1.1" 200 388466
66.249.79.120 - - [07/Jul/2015:06:09:58 -0500] "GET /BLA/resoluciones/RESOLUCIONES%202006/RES%202006%201301-1350/00001341.tif HTTP/1.1" 304 -
152.61.128.66 - - [07/Jul/2015:06:10:11 -0500] "HEAD / HTTP/1.1" 200 -
152.61.128.66 - - [07/Jul/2015:06:10:12 -0500] "GET /arcgis/services/Calidad_del_Agua_WQI/MapServer/WMSServer?request=GetCapabilities&service=WMS HTTP/1.1" 200 32135
152.61.128.66 - - [07/Jul/2015:06:10:12 -0500] "GET /arcgis/services/Calidad_del_Agua_WQI/MapServer/WMSServer?request=GetCapabilities&service=WMS HTTP/1.0" 200 32135
152.61.128.66 - - [07/Jul/2015:06:10:13 -0500] "GET /arcgis/services/Calidad_del_Agua_WQI/MapServer/WMSServer?request=GetCapabilities&service=WMS HTTP/1.0" 200 32135
152.61.128.66 - - [07/Jul/2015:06:10:14 -0500] "GET /arcgis/services/Calidad_del_Agua_WQI/MapServer/WMSServer?request=GetCapabilities&service=WMS HTTP/1.0" 200 32135
66.249.79.180 - - [07/Jul/2015:06:10:02 -0500] "GET /nota-logistica/ HTTP/1.1" 200 22652
66.249.79.133 - - [07/Jul/2015:06:10:16 -0500] "GET /BLA/resoluciones/AUTOS%202013/0886.pdf HTTP/1.1" 304 -
152.61.128.66 - - [07/Jul/2015:06:10:15 -0500] "GET /arcgis/services/Calidad_del_Agua_WQI/MapServer/WMSServer?VERSION=1.1.1&REQUEST=GetMap&LAYERS=0&SRS=EPSG:4326&BBOX=-74.473395,3.674381,-73.963300,4.920569&WIDTH=250&HEIGHT=250&FORMAT=image/bmp&STYLES=& HTTP/1.1" 200 188054
66.249.79.133 - - [07/Jul/2015:06:10:17 -0500] "GET /BLA/resoluciones/AUTOS%202014/1983.pdf HTTP/1.1" 304 -
66.249.79.133 - - [07/Jul/2015:06:10:29 -0500] "GET /BLA/resoluciones/RESOLUCIONES%202007/RES%202007%201401%20AL%201500/RESOLUCION%201413%20DE%202007.pdf HTTP/1.1" 304 -
66.249.79.107 - - [07/Jul/2015:06:10:43 -0500] "GET /BLA/resoluciones/AUTOS%202013/2558.pdf HTTP/1.1" 304 -
66.249.79.107 - - [07/Jul/2015:06:10:56 -0500] "GET /BLA/resoluciones/AUTOS%202014/6273.pdf HTTP/1.1" 304 -
66.249.79.133 - - [07/Jul/2015:06:11:10 -0500] "GET /BLA/resoluciones/RESOLUCIONES%202013/0943.pdf HTTP/1.1" 304 -
66.249.79.133 - - [07/Jul/2015:06:11:24 -0500] "GET /BLA/resoluciones/RESOLUCIONES%202007/RES%202007%20101%20AL%20200/RESOLUCION%200127%20%20DE%202007.pdf HTTP/1.1" 304 -
190.84.205.9 - - [07/Jul/2015:06:11:29 -0500] "GET /BLA/boletinlegal/js/jquery.scrollTo-min.js HTTP/1.1" 200 1150
190.84.205.9 - - [07/Jul/2015:06:11:29 -0500] "GET /BLA/boletinlegal/js/jquery.scrollShow.js HTTP/1.1" 200 4586
190.84.205.9 - - [07/Jul/2015:06:11:29 -0500] "GET /galeria/galeria/jquery.fancybox.js?v=2.1.5 HTTP/1.1" 200 48706
190.84.205.9 - - [07/Jul/2015:06:11:29 -0500] "GET /galeria/galeria/jquery.fancybox.css?v=2.1.5 HTTP/1.1" 200 4895
190.84.205.9 - - [07/Jul/2015:06:11:29 -0500] "GET /galeria/carrusel/Carrusel/jquery.thumbnailScroller.css HTTP/1.1" 200 2066
190.84.205.9 - - [07/Jul/2015:06:11:29 -0500] "GET /galeria/carrusel/Carrusel/jquery-ui-1.8.13.custom.min.js HTTP/1.1" 200 10800
190.84.205.9 - - [07/Jul/2015:06:11:29 -0500] "GET /galeria/carrusel/Carrusel/jquery.thumbnailScroller.js HTTP/1.1" 200 8157
190.84.205.9 - - [07/Jul/2015:06:11:32 -0500] "GET /galeria/nivo-slider/demo/demo.html HTTP/1.1" 200 5022
190.84.205.9 - - [07/Jul/2015:06:11:33 -0500] "GET /galeria/nivo-slider/themes/default/default.css HTTP/1.1" 200 1569
190.84.205.9 - - [07/Jul/2015:06:11:33 -0500] "GET /galeria/nivo-slider/themes/pascal/pascal.css HTTP/1.1" 200 2258
190.84.205.9 - - [07/Jul/2015:06:11:33 -0500] "GET /galeria/nivo-slider/themes/orman/orman.css HTTP/1.1" 200 2152
190.84.205.9 - - [07/Jul/2015:06:11:33 -0500] "GET /galeria/nivo-slider/nivo-slider.css HTTP/1.1" 200 1507
190.84.205.9 - - [07/Jul/2015:06:11:33 -0500] "GET /galeria/nivo-slider/demo/style.css HTTP/1.1" 200 2222
190.84.205.9 - - [07/Jul/2015:06:11:33 -0500] "GET /galeria/nivo-slider/demo/images/Rendicion-de-cuentas.jpg HTTP/1.1" 200 174889
190.84.205.9 - - [07/Jul/2015:06:11:33 -0500] "GET /galeria/nivo-slider/demo/images/VoluntariadoPYBA.jpg HTTP/1.1" 200 40647
190.84.205.9 - - [07/Jul/2015:06:11:33 -0500] "GET /galeria/nivo-slider/demo/images/9Signos.jpg HTTP/1.1" 200 81776
190.84.205.9 - - [07/Jul/2015:06:11:33 -0500] "GET /galeria/nivo-slider/demo/images/Comparendo-ambiental-Banner.jpg HTTP/1.1" 200 83731
190.84.205.9 - - [07/Jul/2015:06:11:33 -0500] "GET /galeria/nivo-slider/demo/images/Atempobogota.jpg HTTP/1.1" 200 91770
190.84.205.9 - - [07/Jul/2015:06:11:33 -0500] "GET /galeria/nivo-slider/demo/images/GAE-banner.jpg HTTP/1.1" 200 97556
190.84.205.9 - - [07/Jul/2015:06:11:33 -0500] "GET /galeria/nivo-slider/demo/images/Banner-encuesta-de-percepscio.jpg HTTP/1.1" 200 201899
190.84.205.9 - - [07/Jul/2015:06:11:33 -0500] "GET /galeria/nivo-slider/demo/images/banner-Pacto-por-la-madera.jpg HTTP/1.1" 200 209966
81.164.113.245 - - [07/Jul/2015:06:11:34 -0500] "GET /webdav/x32.php?host=134.3.80.111&time=60&port=80 HTTP/1.1" 404 1018
190.84.205.9 - - [07/Jul/2015:06:11:34 -0500] "GET /galeria/nivo-slider/demo/images/acuerdo_569.jpg HTTP/1.1" 200 62670
190.84.205.9 - - [07/Jul/2015:06:11:34 -0500] "GET /galeria/nivo-slider/demo/images/Licitaciones-proyecto-paramo.jpg HTTP/1.1" 200 221877
190.84.205.9 - - [07/Jul/2015:06:11:34 -0500] "GET /galeria/nivo-slider/demo/images/Banner-decreto1299.jpg HTTP/1.1" 200 182613
190.84.205.9 - - [07/Jul/2015:06:11:34 -0500] "GET /galeria/nivo-slider/demo/images/Banner-Directorio.jpg HTTP/1.1" 200 182068
190.84.205.9 - - [07/Jul/2015:06:11:34 -0500] "GET /galeria/nivo-slider/demo/images/Ruta-vertimientos-01.jpg HTTP/1.1" 200 130151
190.84.205.9 - - [07/Jul/2015:06:11:35 -0500] "GET /galeria/nivo-slider/demo/images/bolsas-06.jpg HTTP/1.1" 200 90982
190.84.205.9 - - [07/Jul/2015:06:11:35 -0500] "GET /galeria/nivo-slider/demo/images/Conoce-los-humedales.jpg HTTP/1.1" 200 294036
190.84.205.9 - - [07/Jul/2015:06:11:35 -0500] "GET /galeria/nivo-slider/demo/images/ecolecta-Dic2014.png HTTP/1.1" 200 288593
190.84.205.9 - - [07/Jul/2015:06:11:35 -0500] "GET /galeria/nivo-slider/demo/images/Banner-Caracol-Africano.jpg HTTP/1.1" 200 331986
190.84.205.9 - - [07/Jul/2015:06:11:35 -0500] "GET /galeria/nivo-slider/demo/images/banner-llantas2.jpg HTTP/1.1" 200 204644
190.117.151.157 - - [07/Jul/2015:06:11:36 -0500] "GET /galeria/galeria/jquery.fancybox.css?v=2.1.5 HTTP/1.1" 200 4895
190.117.151.157 - - [07/Jul/2015:06:11:36 -0500] "GET /BLA/boletinlegal/js/jquery.scrollTo-min.js HTTP/1.1" 200 1150
190.117.151.157 - - [07/Jul/2015:06:11:36 -0500] "GET /galeria/galeria/jquery.fancybox.js?v=2.1.5 HTTP/1.1" 200 48706
190.117.151.157 - - [07/Jul/2015:06:11:36 -0500] "GET /BLA/boletinlegal/js/jquery.scrollShow.js HTTP/1.1" 200 4586
190.84.205.9 - - [07/Jul/2015:06:11:36 -0500] "GET /galeria/nivo-slider/demo/scripts/jquery-1.7.1.min.js HTTP/1.1" 200 93868
190.84.205.9 - - [07/Jul/2015:06:11:37 -0500] "GET /galeria/nivo-slider/jquery.nivo.slider.pack.js HTTP/1.1" 200 11561
66.249.79.133 - - [07/Jul/2015:06:11:37 -0500] "GET /BLA/resoluciones/RESOLUCIONES%202012/0904.pdf HTTP/1.1" 304 -
190.84.205.9 - - [07/Jul/2015:06:11:37 -0500] "GET /galeria/nivo-slider/demo/images/4Simple_Slider.png HTTP/1.1" 200 11722
190.84.205.9 - - [07/Jul/2015:06:11:37 -0500] "GET /galeria/nivo-slider/themes/default/loading.gif HTTP/1.1" 200 1737
190.84.205.9 - - [07/Jul/2015:06:11:38 -0500] "GET /galeria/nivo-slider/themes/default/bullets.png HTTP/1.1" 200 1281
190.84.205.9 - - [07/Jul/2015:06:11:38 -0500] "GET /galeria/nivo-slider/themes/default/arrows.png HTTP/1.1" 200 824
190.117.151.157 - - [07/Jul/2015:06:11:44 -0500] "GET /BLA/boletinlegal/js/jquery.scrollTo-min.js HTTP/1.1" 304 -
190.117.151.157 - - [07/Jul/2015:06:11:44 -0500] "GET /galeria/galeria/jquery.fancybox.css?v=2.1.5 HTTP/1.1" 304 -
190.117.151.157 - - [07/Jul/2015:06:11:44 -0500] "GET /BLA/boletinlegal/js/jquery.scrollShow.js HTTP/1.1" 304 -
190.117.151.157 - - [07/Jul/2015:06:11:44 -0500] "GET /galeria/galeria/jquery.fancybox.js?v=2.1.5 HTTP/1.1" 304 -
173.192.138.226 - - [07/Jul/2015:06:11:45 -0500] "GET /test/wp-admin/ HTTP/1.1" 404 1018
66.249.79.107 - - [07/Jul/2015:06:11:51 -0500] "GET /autoliquidacion/TR%C3%81MITES%20AGUAS%20SUBTERR%C3%81NEAS/126PM04-PR91-CONCESI%C3%92N%20DE%20AGUAS%20SUBTERRANEAS/-PR91-F-A2-V1(1)%20-%20LISTA%20DE%20CHEQUEO.xls HTTP/1.1" 304 -
66.249.79.120 - - [07/Jul/2015:06:12:05 -0500] "GET /BLA/resoluciones/RESOLUCIONES%202011/0863.pdf HTTP/1.1" 304 -
66.249.79.120 - - [07/Jul/2015:06:12:18 -0500] "GET /BLA/resoluciones/RESOLUCIONES%202013/2440.pdf HTTP/1.1" 304 -
66.249.79.133 - - [07/Jul/2015:06:12:32 -0500] "GET /BLA/resoluciones/RESOLUCIONES%202007/RES%202007%202401%20AL%202500/RESOLUCION%202443%20DE%202007.pdf HTTP/1.1" 304 -
66.249.79.133 - - [07/Jul/2015:06:12:44 -0500] "GET /BLA/resoluciones/AUTOS%202014/2441.pdf HTTP/1.1" 304 -
66.249.79.107 - - [07/Jul/2015:06:12:46 -0500] "GET /autoliquidacion/Grupo%20Forestal%20-%20Industria%20de%20la%20Madera/Lista%20de%20chequeo-Registro%20del%20libro%20operaciones%20V-6.0.pdf HTTP/1.1" 304 -
190.156.32.61 - - [07/Jul/2015:06:12:48 -0500] "GET /forest/?_a=0.4299972141161561 HTTP/1.1" 200 12815
66.249.79.107 - - [07/Jul/2015:06:12:59 -0500] "GET /BLA/resoluciones/RESOLUCIONES%202007/RES%202007%202101%20AL%202200/RESOLUCION%202176%20DE%202007.pdf HTTP/1.1" 304 -
181.53.158.190 - - [07/Jul/2015:06:13:05 -0500] "GET /galeria/galeria/jquery.fancybox.css?v=2.1.5 HTTP/1.1" 200 4895
181.53.158.190 - - [07/Jul/2015:06:13:05 -0500] "GET /BLA/boletinlegal/js/jquery.scrollTo-min.js HTTP/1.1" 200 1150
181.53.158.190 - - [07/Jul/2015:06:13:05 -0500] "GET /BLA/boletinlegal/js/jquery.scrollShow.js HTTP/1.1" 200 4586
181.53.158.190 - - [07/Jul/2015:06:13:05 -0500] "GET /galeria/galeria/jquery.fancybox.js?v=2.1.5 HTTP/1.1" 200 48706
181.53.158.190 - - [07/Jul/2015:06:13:11 -0500] "GET /galeria/galeria/jquery.fancybox.js?v=2.1.5 HTTP/1.1" 304 -
181.53.158.190 - - [07/Jul/2015:06:13:11 -0500] "GET /galeria/galeria/jquery.fancybox.css?v=2.1.5 HTTP/1.1" 304 -
181.53.158.190 - - [07/Jul/2015:06:13:11 -0500] "GET /BLA/boletinlegal/js/jquery.scrollShow.js HTTP/1.1" 304 -
181.53.158.190 - - [07/Jul/2015:06:13:11 -0500] "GET /BLA/boletinlegal/js/jquery.scrollTo-min.js HTTP/1.1" 304 -
66.249.79.120 - - [07/Jul/2015:06:13:13 -0500] "GET /BLA/resoluciones/RESOLUCIONES%202011/3759.pdf HTTP/1.1" 304 -
74.86.158.107 - - [07/Jul/2015:06:13:16 -0500] "HEAD / HTTP/1.1" 200 -
201.245.192.252 - - [07/Jul/2015:06:13:20 -0500] "GET /forest/session.jsp?a=0.024635958950966597 HTTP/1.1" 200 4
66.249.79.133 - - [07/Jul/2015:06:13:27 -0500] "GET /BLA/resoluciones/AUTOS%202013/2893.pdf HTTP/1.1" 304 -
66.249.79.120 - - [07/Jul/2015:06:13:40 -0500] "GET /BLA/resoluciones/Notificaciones/AUTOS%202014/4048.doc HTTP/1.1" 304 -
66.249.79.120 - - [07/Jul/2015:06:13:44 -0500] "GET /BLA/resoluciones/RESOLUCIONES%202006/RES%202006%201301-1350/00001315.tif HTTP/1.1" 304 -
66.249.79.107 - - [07/Jul/2015:06:13:54 -0500] "GET /BLA/resoluciones/RESOLUCIONES%202010/3766.pdf HTTP/1.1" 304 -
66.249.79.120 - - [07/Jul/2015:06:14:08 -0500] "GET /BLA/resoluciones/RESOLUCIONES%202007/RES%202007%204101%20AL%204200/RESOLUCION%204143%20%20DE%202007.pdf HTTP/1.1" 304 -
66.249.79.133 - - [07/Jul/2015:06:14:21 -0500] "GET /BLA/resoluciones/RESOLUCIONES%202014/2498.pdf HTTP/1.1" 304 -
190.156.32.61 - - [07/Jul/2015:06:14:23 -0500] "POST /forest/login.do HTTP/1.1" 302 -
190.156.32.61 - - [07/Jul/2015:06:14:23 -0500] "GET /forest/index2.jsp?a=0.4952481172350829 HTTP/1.1" 200 47771
190.156.32.61 - - [07/Jul/2015:06:14:30 -0500] "GET /forest/session.jsp?a=0.05378748499788344 HTTP/1.1" 200 4
66.249.79.133 - - [07/Jul/2015:06:14:35 -0500] "GET /BLA/resoluciones/RESOLUCIONES%202010/1930.pdf HTTP/1.1" 304 -
66.249.79.120 - - [07/Jul/2015:06:14:49 -0500] "GET /BLA/resoluciones/AUTOS%202013/1101.pdf HTTP/1.1" 304 -
66.249.79.133 - - [07/Jul/2015:06:15:02 -0500] "GET /BLA/resoluciones/RESOLUCIONES%202011/4865.pdf HTTP/1.1" 304 -
66.249.79.107 - - [07/Jul/2015:06:15:07 -0500] "GET /BLA/resoluciones/AUTOS%202013/2538.pdf HTTP/1.1" 304 -
66.249.79.120 - - [07/Jul/2015:06:15:16 -0500] "GET /BLA/resoluciones/RESOLUCIONES%202008/1025.pdf HTTP/1.1" 304 -
66.249.79.107 - - [07/Jul/2015:06:15:29 -0500] "GET /BLA/resoluciones/RESOLUCIONES%202014/3157.pdf HTTP/1.1" 304 -
66.249.79.120 - - [07/Jul/2015:06:15:43 -0500] "GET /BLA/resoluciones/AUTOS%202014/5980.pdf HTTP/1.1" 304 -
66.249.79.107 - - [07/Jul/2015:06:15:57 -0500] "GET /BLA/resoluciones/AUTOS%202013/0441.pdf HTTP/1.1" 304 -
81.164.113.245 - - [07/Jul/2015:06:16:05 -0500] "GET /webdav/x32.php?host=134.3.80.111&time=60&port=80 HTTP/1.1" 404 1018
201.245.192.252 - - [07/Jul/2015:06:16:05 -0500] "GET /forest/documentos/2109212/2015IE116839.pdf HTTP/1.1" 200 752890
66.249.79.120 - - [07/Jul/2015:06:16:10 -0500] "GET /BLA/resoluciones/RESOLUCIONES%202012/0721.pdf HTTP/1.1" 304 -
54.172.195.186 - - [07/Jul/2015:06:16:12 -0500] "GET /robots.txt HTTP/1.1" 404 1019
66.249.79.120 - - [07/Jul/2015:06:16:24 -0500] "GET /BLA/resoluciones/RESOLUCIONES%202010/0524.pdf HTTP/1.1" 304 -
66.249.79.107 - - [07/Jul/2015:06:16:38 -0500] "GET /BLA/resoluciones/RESOLUCIONES%202012/1744.pdf HTTP/1.1" 304 -
123.125.71.80 - - [07/Jul/2015:06:16:38 -0500] "GET / HTTP/1.1" 200 10190
66.249.79.120 - - [07/Jul/2015:06:16:52 -0500] "GET /BLA/resoluciones/RESOLUCIONES%202014/1844.pdf HTTP/1.1" 304 -
66.249.79.133 - - [07/Jul/2015:06:17:05 -0500] "GET /BLA/resoluciones/RESOLUCIONES%202012/1027.pdf HTTP/1.1" 304 -
66.249.79.107 - - [07/Jul/2015:06:17:19 -0500] "GET /BLA/resoluciones/RESOLUCIONES%202013/2037.pdf HTTP/1.1" 304 -
66.249.79.133 - - [07/Jul/2015:06:17:33 -0500] "GET /BLA/resoluciones/RESOLUCIONES%202010/7736.pdf HTTP/1.1" 304 -
66.249.79.120 - - [07/Jul/2015:06:17:34 -0500] "GET /BLA/resoluciones/RESOLUCIONES%202006/RES%202006%201301-1350/00001322.tif HTTP/1.1" 304 -
66.249.79.107 - - [07/Jul/2015:06:17:35 -0500] "GET /BLA/resoluciones/RESOLUCIONES%202005/RES%202005%201101-1150/00001144.tif HTTP/1.1" 200 145518
66.249.79.133 - - [07/Jul/2015:06:17:36 -0500] "GET /BLA/resoluciones/AUTOS%202014/1969.pdf HTTP/1.1" 304 -
201.245.192.252 - - [07/Jul/2015:06:17:41 -0500] "GET /forest/misactividades.do?group_system_actual=3&codPro=134&_a=0.4145593740246839 HTTP/1.1" 200 38189
201.245.192.252 - - [07/Jul/2015:06:17:42 -0500] "GET /forest/session.jsp?a=0.9541140904184431 HTTP/1.1" 200 4
201.245.192.252 - - [07/Jul/2015:06:17:42 -0500] "POST /forest/misactividades.do?ajax=true&a=0.12806202261708677 HTTP/1.1" 200 7858
66.249.79.120 - - [07/Jul/2015:06:17:46 -0500] "GET /BLA/resoluciones/RESOLUCIONES%202007/RES%202007%202501%20AL%202600/RESOLUCION%202565%20DE%202007.pdf HTTP/1.1" 304 -
66.249.79.120 - - [07/Jul/2015:06:18:00 -0500] "GET /BLA/resoluciones/RESOLUCIONES%202010/7838.pdf HTTP/1.1" 304 -
81.164.113.245 - - [07/Jul/2015:06:18:00 -0500] "GET /webdav/x32.php?host=134.3.80.111&time=60&port=80 HTTP/1.1" 404 1018
190.156.32.61 - - [07/Jul/2015:06:17:57 -0500] "GET /forest/index2.jsp?_a=0.8599064098671079 HTTP/1.1" 200 47768
190.156.32.61 - - [07/Jul/2015:06:18:02 -0500] "GET /forest/session.jsp?a=0.8855228899046779 HTTP/1.1" 200 4
66.249.79.107 - - [07/Jul/2015:06:18:14 -0500] "GET /BLA/resoluciones/RESOLUCIONES%202010/1436.pdf HTTP/1.1" 304 -
201.245.192.252 - - [07/Jul/2015:06:18:16 -0500] "GET /forest/index2.jsp?_a=0.914032572414726 HTTP/1.1" 200 83639
74.86.158.107 - - [07/Jul/2015:06:18:16 -0500] "HEAD / HTTP/1.1" 200 -
201.245.192.252 - - [07/Jul/2015:06:18:16 -0500] "GET /forest/session.jsp?a=0.024238448357209563 HTTP/1.1" 200 4
201.245.192.252 - - [07/Jul/2015:06:18:18 -0500] "GET /forest/misactividades.do?group_system_actual=3&codPro=198&_a=0.9714901949103032 HTTP/1.1" 200 38249
201.245.192.252 - - [07/Jul/2015:06:18:18 -0500] "GET /forest/skins/gdocs-jar/jsp/cookie.jsp?name=grid_nompro&del HTTP/1.1" 200 -
201.245.192.252 - - [07/Jul/2015:06:18:18 -0500] "GET /forest/session.jsp?a=0.08332065772265196 HTTP/1.1" 200 4
201.245.192.252 - - [07/Jul/2015:06:18:19 -0500] "POST /forest/misactividades.do?ajax=true&a=0.7175348536111414 HTTP/1.1" 200 13381
66.249.79.107 - - [07/Jul/2015:06:18:27 -0500] "GET /BLA/resoluciones/AUTOS%202013/2335.pdf HTTP/1.1" 304 -
201.245.192.252 - - [07/Jul/2015:06:18:40 -0500] "GET /forest/index2.jsp?_a=0.11003638803958893 HTTP/1.1" 200 83630
201.245.192.252 - - [07/Jul/2015:06:18:40 -0500] "GET /forest/session.jsp?a=0.8675383788067847 HTTP/1.1" 200 4
66.249.79.120 - - [07/Jul/2015:06:18:41 -0500] "GET /BLA/resoluciones/RESOLUCIONES%202013/2081.pdf HTTP/1.1" 304 -
95.113.177.58 - - [07/Jul/2015:06:18:43 -0500] "GET /BLA/boletinlegal/js/jquery.scrollTo-min.js HTTP/1.1" 200 1150
95.113.177.58 - - [07/Jul/2015:06:18:43 -0500] "GET /BLA/boletinlegal/js/jquery.scrollShow.js HTTP/1.1" 200 4586
95.113.177.58 - - [07/Jul/2015:06:18:43 -0500] "GET /galeria/galeria/jquery.fancybox.css?v=2.1.5 HTTP/1.1" 200 4895
95.113.177.58 - - [07/Jul/2015:06:18:43 -0500] "GET /galeria/galeria/jquery.fancybox.js?v=2.1.5 HTTP/1.1" 200 48706
201.245.192.252 - - [07/Jul/2015:06:18:44 -0500] "GET /forest/usutareas.do?group_system_actual=3&codTraEsc=18435586&_a=0.747897064630401 HTTP/1.1" 200 134546
201.245.192.252 - - [07/Jul/2015:06:18:46 -0500] "GET /forest/session.jsp?a=0.8635198585689068 HTTP/1.1" 200 4
95.113.177.58 - - [07/Jul/2015:06:18:52 -0500] "GET /galeria/galeria/jquery.fancybox.css?v=2.1.5 HTTP/1.1" 304 -
95.113.177.58 - - [07/Jul/2015:06:18:52 -0500] "GET /BLA/boletinlegal/js/jquery.scrollTo-min.js HTTP/1.1" 304 -
95.113.177.58 - - [07/Jul/2015:06:18:52 -0500] "GET /galeria/galeria/jquery.fancybox.js?v=2.1.5 HTTP/1.1" 304 -
95.113.177.58 - - [07/Jul/2015:06:18:52 -0500] "GET /BLA/boletinlegal/js/jquery.scrollShow.js HTTP/1.1" 304 -
66.249.79.107 - - [07/Jul/2015:06:18:55 -0500] "GET /BLA/resoluciones/RESOLUCIONES%202007/RES%202007%203801%20AL%203900/RESOLUCION%203833%20DE%202007.pdf HTTP/1.1" 304 -
201.245.192.252 - - [07/Jul/2015:06:18:55 -0500] "GET /forest/usutareas.do?codTraEsc=18395517 HTTP/1.1" 200 119788
201.245.192.252 - - [07/Jul/2015:06:18:56 -0500] "GET /forest/session.jsp?a=0.71661481494084 HTTP/1.1" 200 4
201.245.192.252 - - [07/Jul/2015:06:19:04 -0500] "GET /forest/index2.jsp?_a=0.6034119944088161 HTTP/1.1" 200 83629
201.245.192.252 - - [07/Jul/2015:06:19:04 -0500] "GET /forest/session.jsp?a=0.281554376706481 HTTP/1.1" 200 4
66.249.79.107 - - [07/Jul/2015:06:19:08 -0500] "GET /BLA/resoluciones/AUTOS%202014/6798.pdf HTTP/1.1" 304 -
66.249.79.120 - - [07/Jul/2015:06:19:22 -0500] "GET /BLA/resoluciones/AUTOS%202012/1525.pdf HTTP/1.1" 304 -
190.26.142.164 - - [07/Jul/2015:06:19:34 -0500] "GET /BLA/resoluciones/RESOLUCIONES%202008/0410.pdf HTTP/1.1" 200 712867
190.26.142.164 - - [07/Jul/2015:06:19:34 -0500] "GET /BLA/resoluciones/RESOLUCIONES%202008/0410.pdf HTTP/1.1" 206 710347
190.26.142.164 - - [07/Jul/2015:06:19:35 -0500] "GET /favicon.ico HTTP/1.1" 200 7782
66.249.79.120 - - [07/Jul/2015:06:19:36 -0500] "GET /BLA/resoluciones/RESOLUCIONES%202007/RES%202007%203901%20AL%204000/RESOLUCION%203957%20DE%202007.pdf HTTP/1.1" 304 -
66.249.79.107 - - [07/Jul/2015:06:19:49 -0500] "GET /BLA/resoluciones/RESOLUCIONES%202007/RES%202007%20101%20AL%20200/RESOLUCION%200156%20DE%202007.pdf HTTP/1.1" 304 -
66.249.79.120 - - [07/Jul/2015:06:20:01 -0500] "GET /BLA/resoluciones/AUTOS%202014/2221.pdf HTTP/1.1" 304 -
66.249.79.133 - - [07/Jul/2015:06:20:03 -0500] "GET /BLA/resoluciones/RESOLUCIONES%202011/4644.pdf HTTP/1.1" 304 -
157.55.39.113 - - [07/Jul/2015:06:20:07 -0500] "GET /galeria/carrusel/Carrusel/jquery-ui- HTTP/1.1" 404 1018
66.249.79.120 - - [07/Jul/2015:06:20:17 -0500] "GET /BLA/resoluciones/AUTOS%202015/0017.pdf HTTP/1.1" 304 -
66.249.79.107 - - [07/Jul/2015:06:20:30 -0500] "GET /BLA/resoluciones/AUTOS%202012/1308.pdf HTTP/1.1" 304 -
190.60.225.162 - - [07/Jul/2015:06:20:32 -0500] "GET /galeria/nivo-slider/demo/demo.html HTTP/1.1" 304 -
190.60.225.162 - - [07/Jul/2015:06:20:35 -0500] "GET /galeria/nivo-slider/demo/images/VoluntariadoPYBA.jpg HTTP/1.1" 304 -
190.60.225.162 - - [07/Jul/2015:06:20:35 -0500] "GET /galeria/nivo-slider/demo/images/Atempobogota.jpg HTTP/1.1" 304 -
66.249.79.133 - - [07/Jul/2015:06:20:44 -0500] "GET /BLA/resoluciones/RESOLUCIONES%202010/7459.pdf HTTP/1.1" 304 -
186.85.162.136 - - [07/Jul/2015:06:20:46 -0500] "GET /BLA/boletinlegal/js/jquery.scrollShow.js HTTP/1.1" 200 4586
186.85.162.136 - - [07/Jul/2015:06:20:46 -0500] "GET /BLA/boletinlegal/js/jquery.scrollTo-min.js HTTP/1.1" 200 1150
186.85.162.136 - - [07/Jul/2015:06:20:46 -0500] "GET /galeria/galeria/jquery.fancybox.css?v=2.1.5 HTTP/1.1" 200 4895
186.85.162.136 - - [07/Jul/2015:06:20:46 -0500] "GET /galeria/galeria/jquery.fancybox.js?v=2.1.5 HTTP/1.1" 200 48706
186.85.162.136 - - [07/Jul/2015:06:20:56 -0500] "GET /BLA/boletinlegal/js/jquery.scrollTo-min.js HTTP/1.1" 200 1150
186.85.162.136 - - [07/Jul/2015:06:20:56 -0500] "GET /BLA/boletinlegal/js/jquery.scrollShow.js HTTP/1.1" 200 4586
186.85.162.136 - - [07/Jul/2015:06:20:56 -0500] "GET /galeria/galeria/jquery.fancybox.css?v=2.1.5 HTTP/1.1" 200 4895
186.85.162.136 - - [07/Jul/2015:06:20:56 -0500] "GET /galeria/galeria/jquery.fancybox.js?v=2.1.5 HTTP/1.1" 200 48706
66.249.79.120 - - [07/Jul/2015:06:20:58 -0500] "GET /BLA/resoluciones/AUTOS%202013/3597.pdf HTTP/1.1" 304 -
66.249.79.133 - - [07/Jul/2015:06:21:11 -0500] "GET /BLA/resoluciones/AUTOS%202008/2105.pdf HTTP/1.1" 304 -
186.85.162.136 - - [07/Jul/2015:06:21:14 -0500] "GET /galeria/galeria/jquery.fancybox.css?v=2.1.5 HTTP/1.1" 304 -
186.85.162.136 - - [07/Jul/2015:06:21:14 -0500] "GET /galeria/galeria/jquery.fancybox.js?v=2.1.5 HTTP/1.1" 304 -
66.249.79.120 - - [07/Jul/2015:06:21:23 -0500] "GET /BLA/resoluciones/RESOLUCIONES%202006/RES%202006%201301-1350/00001331.tif HTTP/1.1" 304 -
66.249.79.107 - - [07/Jul/2015:06:21:25 -0500] "GET /BLA/resoluciones/RESOLUCIONES%202008/0026.pdf HTTP/1.1" 304 -
201.244.134.147 - - [07/Jul/2015:06:21:32 -0500] "GET /galeria/galeria/jquery.fancybox.css?v=2.1.5 HTTP/1.1" 200 4895
201.244.134.147 - - [07/Jul/2015:06:21:32 -0500] "GET /BLA/boletinlegal/js/jquery.scrollTo-min.js HTTP/1.1" 200 1150
201.244.134.147 - - [07/Jul/2015:06:21:32 -0500] "GET /BLA/boletinlegal/js/jquery.scrollShow.js HTTP/1.1" 200 4586
201.244.134.147 - - [07/Jul/2015:06:21:32 -0500] "GET /galeria/galeria/jquery.fancybox.js?v=2.1.5 HTTP/1.1" 200 48706
201.244.134.147 - - [07/Jul/2015:06:21:32 -0500] "GET /galeria/carrusel/Carrusel/jquery.thumbnailScroller.css HTTP/1.1" 200 2066
201.244.134.147 - - [07/Jul/2015:06:21:32 -0500] "GET /galeria/carrusel/Carrusel/jquery-ui-1.8.13.custom.min.js HTTP/1.1" 200 10800
201.244.134.147 - - [07/Jul/2015:06:21:32 -0500] "GET /galeria/carrusel/Carrusel/jquery.thumbnailScroller.js HTTP/1.1" 200 8157
201.244.134.147 - - [07/Jul/2015:06:21:35 -0500] "GET /galeria/nivo-slider/demo/demo.html HTTP/1.1" 200 5022
201.244.134.147 - - [07/Jul/2015:06:21:36 -0500] "GET /galeria/nivo-slider/themes/orman/orman.css HTTP/1.1" 200 2152
201.244.134.147 - - [07/Jul/2015:06:21:36 -0500] "GET /galeria/nivo-slider/nivo-slider.css HTTP/1.1" 200 1507
201.244.134.147 - - [07/Jul/2015:06:21:36 -0500] "GET /galeria/nivo-slider/themes/pascal/pascal.css HTTP/1.1" 200 2258
201.244.134.147 - - [07/Jul/2015:06:21:36 -0500] "GET /galeria/nivo-slider/themes/default/default.css HTTP/1.1" 200 1569
201.244.134.147 - - [07/Jul/2015:06:21:37 -0500] "GET /galeria/nivo-slider/demo/style.css HTTP/1.1" 200 2222
201.244.134.147 - - [07/Jul/2015:06:21:37 -0500] "GET /galeria/nivo-slider/demo/scripts/jquery-1.7.1.min.js HTTP/1.1" 200 93868
201.244.134.147 - - [07/Jul/2015:06:21:37 -0500] "GET /galeria/nivo-slider/jquery.nivo.slider.pack.js HTTP/1.1" 200 11561
201.244.134.147 - - [07/Jul/2015:06:21:37 -0500] "GET /galeria/nivo-slider/demo/images/Rendicion-de-cuentas.jpg HTTP/1.1" 200 174889
201.244.134.147 - - [07/Jul/2015:06:21:38 -0500] "GET /galeria/nivo-slider/demo/images/VoluntariadoPYBA.jpg HTTP/1.1" 200 40647
66.249.79.107 - - [07/Jul/2015:06:21:39 -0500] "GET /BLA/resoluciones/RESOLUCIONES%202012/1588.pdf HTTP/1.1" 304 -
201.244.134.147 - - [07/Jul/2015:06:21:39 -0500] "GET /galeria/nivo-slider/demo/images/9Signos.jpg HTTP/1.1" 200 81776
201.244.134.147 - - [07/Jul/2015:06:21:41 -0500] "GET /galeria/nivo-slider/demo/images/Comparendo-ambiental-Banner.jpg HTTP/1.1" 200 83731
201.244.134.147 - - [07/Jul/2015:06:21:41 -0500] "GET /galeria/nivo-slider/demo/images/GAE-banner.jpg HTTP/1.1" 200 97556
201.244.134.147 - - [07/Jul/2015:06:21:42 -0500] "GET /galeria/nivo-slider/demo/images/Banner-encuesta-de-percepscio.jpg HTTP/1.1" 200 201899
201.244.134.147 - - [07/Jul/2015:06:21:42 -0500] "GET /galeria/nivo-slider/demo/images/banner-Pacto-por-la-madera.jpg HTTP/1.1" 200 209966
201.244.134.147 - - [07/Jul/2015:06:21:43 -0500] "GET /galeria/nivo-slider/demo/images/acuerdo_569.jpg HTTP/1.1" 200 62670
173.192.138.226 - - [07/Jul/2015:06:21:43 -0500] "GET /wordpress/wp-admin/ HTTP/1.1" 404 1018
201.244.134.147 - - [07/Jul/2015:06:21:43 -0500] "GET /galeria/nivo-slider/demo/images/Atempobogota.jpg HTTP/1.1" 200 91770
201.244.134.147 - - [07/Jul/2015:06:21:44 -0500] "GET /galeria/nivo-slider/demo/images/Licitaciones-proyecto-paramo.jpg HTTP/1.1" 200 221877
201.244.134.147 - - [07/Jul/2015:06:21:44 -0500] "GET /galeria/nivo-slider/demo/images/Ruta-vertimientos-01.jpg HTTP/1.1" 200 130151
201.244.134.147 - - [07/Jul/2015:06:21:44 -0500] "GET /galeria/nivo-slider/demo/images/Banner-decreto1299.jpg HTTP/1.1" 200 182613
201.244.134.147 - - [07/Jul/2015:06:21:44 -0500] "GET /galeria/nivo-slider/demo/images/Banner-Directorio.jpg HTTP/1.1" 200 182068
201.244.134.147 - - [07/Jul/2015:06:21:45 -0500] "GET /galeria/nivo-slider/demo/images/bolsas-06.jpg HTTP/1.1" 200 90982
201.244.134.147 - - [07/Jul/2015:06:21:46 -0500] "GET /galeria/nivo-slider/demo/images/Conoce-los-humedales.jpg HTTP/1.1" 200 294036
186.85.162.136 - - [07/Jul/2015:06:21:46 -0500] "GET /galeria/galeria/jquery.fancybox.js?v=2.1.5 HTTP/1.1" 304 -
186.85.162.136 - - [07/Jul/2015:06:21:46 -0500] "GET /galeria/galeria/jquery.fancybox.css?v=2.1.5 HTTP/1.1" 304 -
66.249.79.107 - - [07/Jul/2015:06:21:52 -0500] "GET /BLA/resoluciones/RESOLUCIONES%202013/0822.pdf HTTP/1.1" 304 -
81.164.113.245 - - [07/Jul/2015:06:21:53 -0500] "GET /webdav/x32.php?host=78.113.28.79&time=60&port=80 HTTP/1.1" 404 1018
66.249.79.133 - - [07/Jul/2015:06:22:06 -0500] "GET /BLA/resoluciones/RESOLUCIONES%202010/4721.pdf HTTP/1.1" 304 -
186.85.162.136 - - [07/Jul/2015:06:22:12 -0500] "GET /galeria/galeria/jquery.fancybox.css?v=2.1.5 HTTP/1.1" 304 -
186.85.162.136 - - [07/Jul/2015:06:22:12 -0500] "GET /galeria/galeria/jquery.fancybox.js?v=2.1.5 HTTP/1.1" 304 -
66.249.79.164 - - [07/Jul/2015:06:22:12 -0500] "GET /phpold/midama3_files/ HTTP/1.1" 404 1019
66.249.79.133 - - [07/Jul/2015:06:22:20 -0500] "GET /BLA/resoluciones/AUTOS%202013/1320.pdf HTTP/1.1" 304 -
186.85.162.136 - - [07/Jul/2015:06:22:31 -0500] "GET /galeria/bibloteca/contentflow.js HTTP/1.1" 200 42804
186.85.162.136 - - [07/Jul/2015:06:22:31 -0500] "GET /galeria/galeria/jquery.fancybox.js?v=2.1.5 HTTP/1.1" 304 -
186.85.162.136 - - [07/Jul/2015:06:22:31 -0500] "GET /galeria/galeria/jquery.fancybox.css?v=2.1.5 HTTP/1.1" 304 -
66.249.79.120 - - [07/Jul/2015:06:22:32 -0500] "GET /BLA/resoluciones/RESOLUCIONES%202012/1385.pdf HTTP/1.1" 304 -
186.85.162.136 - - [07/Jul/2015:06:22:32 -0500] "GET /galeria/bibloteca/contentflow.css HTTP/1.1" 200 3201
186.85.162.136 - - [07/Jul/2015:06:22:32 -0500] "GET /galeria/bibloteca/mycontentflow.css HTTP/1.1" 200 3110
186.85.162.136 - - [07/Jul/2015:06:22:32 -0500] "GET /galeria/bibloteca/ContentFlowAddOn_white.js HTTP/1.1" 200 2497
186.85.162.136 - - [07/Jul/2015:06:22:33 -0500] "GET /galeria/bibloteca/ContentFlowAddOn_white.css HTTP/1.1" 200 3355
66.249.79.107 - - [07/Jul/2015:06:22:33 -0500] "GET /BLA/resoluciones/RESOLUCIONES%202007/RES%202007%201301%20AL%201400/RESOLUCION%201327%20DE%202007.pdf HTTP/1.1" 304 -
186.85.162.136 - - [07/Jul/2015:06:22:34 -0500] "GET /galeria/bibloteca/img/ajax-loader.gif HTTP/1.1" 200 9427
186.85.162.136 - - [07/Jul/2015:06:22:34 -0500] "GET /galeria/bibloteca/img/slider_white.png HTTP/1.1" 200 178
186.85.162.136 - - [07/Jul/2015:06:22:34 -0500] "GET /galeria/bibloteca/img/scrollbar_white.png HTTP/1.1" 200 82
186.85.162.136 - - [07/Jul/2015:06:22:34 -0500] "GET /galeria/bibloteca/img/scrollbar_black.png HTTP/1.1" 200 82
186.85.162.136 - - [07/Jul/2015:06:22:34 -0500] "GET /galeria/bibloteca/img/slider_black.png HTTP/1.1" 200 175
186.85.162.136 - - [07/Jul/2015:06:22:39 -0500] "GET /galeria/galeria/jquery.fancybox.css?v=2.1.5 HTTP/1.1" 304 -
186.85.162.136 - - [07/Jul/2015:06:22:39 -0500] "GET /galeria/galeria/jquery.fancybox.js?v=2.1.5 HTTP/1.1" 304 -
186.85.162.136 - - [07/Jul/2015:06:22:39 -0500] "GET /galeria/bibloteca/img/loader.gif HTTP/1.1" 200 8238
186.85.162.136 - - [07/Jul/2015:06:22:40 -0500] "GET /galeria/bibloteca/img/1x1_0.5_white.png HTTP/1.1" 200 82
66.249.79.120 - - [07/Jul/2015:06:22:47 -0500] "GET /BLA/resoluciones/RESOLUCIONES%202010/2637.pdf HTTP/1.1" 304 -
66.249.79.133 - - [07/Jul/2015:06:23:01 -0500] "GET /BLA/resoluciones/AUTOS%202014/4999.pdf HTTP/1.1" 304 -
190.156.32.61 - - [07/Jul/2015:06:23:04 -0500] "GET /forest/session.jsp?a=0.005187237868085504 HTTP/1.1" 200 4
66.249.79.133 - - [07/Jul/2015:06:23:14 -0500] "GET /BLA/resoluciones/AUTOS%202013/0567.pdf HTTP/1.1" 304 -
74.86.158.107 - - [07/Jul/2015:06:23:16 -0500] "HEAD / HTTP/1.1" 200 -
66.249.79.133 - - [07/Jul/2015:06:23:28 -0500] "GET /BLA/resoluciones/AUTOS%202012/1488.pdf HTTP/1.1" 304 -
66.249.79.120 - - [07/Jul/2015:06:23:42 -0500] "GET /BLA/resoluciones/AUTOS%202013/0537.pdf HTTP/1.1" 304 -
66.249.79.120 - - [07/Jul/2015:06:23:56 -0500] "GET /BLA/resoluciones/AUTOS%202014/6823.pdf HTTP/1.1" 304 -
201.245.192.252 - - [07/Jul/2015:06:24:04 -0500] "GET /forest/session.jsp?a=0.2618446161504835 HTTP/1.1" 200 4
66.249.79.120 - - [07/Jul/2015:06:24:09 -0500] "GET /BLA/resoluciones/AUTOS%202008/0480.pdf HTTP/1.1" 304 -
180.76.15.142 - - [07/Jul/2015:06:24:17 -0500] "GET /BLA/boletinlegal/registro/assets/css/contact.css HTTP/1.1" 200 3025
66.249.79.120 - - [07/Jul/2015:06:24:23 -0500] "GET /BLA/resoluciones/RESOLUCIONES%202010/7252.pdf HTTP/1.1" 304 -
81.164.113.245 - - [07/Jul/2015:06:24:31 -0500] "GET /webdav/x32.php?host=78.113.28.79&time=60&port=80 HTTP/1.1" 404 1018
66.249.79.107 - - [07/Jul/2015:06:24:37 -0500] "GET /BLA/resoluciones/RESOLUCIONES%202007/RES%202007%202101%20AL%202200/RESOLUCION%202175%20DE%202007.pdf HTTP/1.1" 304 -
201.245.192.252 - - [07/Jul/2015:06:18:46 -0500] "GET /ForestMSG_SDA/channelAsync/template_word_18435586?X-Atmosphere-tracking-id=b8650d82-8c97-b699-726b-9e36deae6e4a&X-Atmosphere-Framework=1.0.5&X-Atmosphere-Transport=long-polling&tabid=0.7399182755034417&X-Cache-Date=0&Content-Type=application/xml&_=1436267963604 HTTP/1.1" 200 8193
66.249.79.120 - - [07/Jul/2015:06:24:50 -0500] "GET /BLA/resoluciones/AUTOS%202012/2957.pdf HTTP/1.1" 304 -
190.157.88.105 - - [07/Jul/2015:06:24:55 -0500] "GET /galeria/galeria/jquery.fancybox.css?v=2.1.5 HTTP/1.1" 200 4895
190.157.88.105 - - [07/Jul/2015:06:24:55 -0500] "GET /BLA/boletinlegal/js/jquery.scrollTo-min.js HTTP/1.1" 200 1150
190.157.88.105 - - [07/Jul/2015:06:24:55 -0500] "GET /BLA/boletinlegal/js/jquery.scrollShow.js HTTP/1.1" 200 4586
190.157.88.105 - - [07/Jul/2015:06:24:55 -0500] "GET /galeria/galeria/jquery.fancybox.js?v=2.1.5 HTTP/1.1" 200 48706
201.245.192.252 - - [07/Jul/2015:06:18:56 -0500] "GET /ForestMSG_SDA/channelAsync/template_word_18395517?X-Atmosphere-tracking-id=a90f00a7-2045-bbd4-b5f8-343c0bd8352f&X-Atmosphere-Framework=1.0.5&X-Atmosphere-Transport=long-polling&tabid=0.9400872399564832&X-Cache-Date=0&Content-Type=application/xml&_=1436267973619 HTTP/1.1" 200 8193
66.249.79.120 - - [07/Jul/2015:06:24:59 -0500] "GET /BLA/resoluciones/RESOLUCIONES%202007/RES%202007%201801%20AL%201900/RESOLUCION%201887%20DE%202007.pdf HTTP/1.1" 304 -
66.249.79.120 - - [07/Jul/2015:06:25:04 -0500] "GET /BLA/resoluciones/RESOLUCIONES%202012/0195.pdf HTTP/1.1" 304 -
66.249.79.133 - - [07/Jul/2015:06:25:09 -0500] "GET /BLA/resoluciones/RESOLUCIONES%202006/RES%202006%201301-1350/00001317.tif HTTP/1.1" 304 -
190.157.88.105 - - [07/Jul/2015:06:25:15 -0500] "GET /BLA/boletinlegal/js/jquery.scrollTo-min.js HTTP/1.1" 304 -
190.157.88.105 - - [07/Jul/2015:06:25:15 -0500] "GET /galeria/galeria/jquery.fancybox.js?v=2.1.5 HTTP/1.1" 304 -
190.157.88.105 - - [07/Jul/2015:06:25:15 -0500] "GET /galeria/galeria/jquery.fancybox.css?v=2.1.5 HTTP/1.1" 304 -
190.157.88.105 - - [07/Jul/2015:06:25:15 -0500] "GET /BLA/boletinlegal/js/jquery.scrollShow.js HTTP/1.1" 304 -
66.249.79.120 - - [07/Jul/2015:06:25:18 -0500] "GET /BLA/resoluciones/AUTOS%202012/1690.pdf HTTP/1.1" 304 -
190.26.142.164 - - [07/Jul/2015:06:25:22 -0500] "GET /browserconfig.xml HTTP/1.1" 404 1018
66.249.79.120 - - [07/Jul/2015:06:25:31 -0500] "GET /BLA/resoluciones/RESOLUCIONES%202007/RES%202007%201201%20AL%201300/RESOLUCION%201208%20DE%202007.pdf HTTP/1.1" 304 -
66.249.79.120 - - [07/Jul/2015:06:25:45 -0500] "GET /BLA/resoluciones/RESOLUCIONES%202010/2246.pdf HTTP/1.1" 200 349788
66.249.79.107 - - [07/Jul/2015:06:25:58 -0500] "GET /BLA/boletinlegal/ HTTP/1.1" 200 50649
66.249.79.120 - - [07/Jul/2015:06:26:42 -0500] "GET /BLA/resoluciones/RESOLUCIONES%202008/5194.pdf HTTP/1.1" 200 327293
66.249.79.107 - - [07/Jul/2015:06:26:45 -0500] "GET /BLA/resoluciones/RESOLUCIONES%202009/6578.pdf HTTP/1.1" 200 507245
66.249.79.190 - - [07/Jul/2015:06:26:45 -0500] "GET /BLA/boletinlegal/index.php HTTP/1.1" 200 50649
66.249.79.120 - - [07/Jul/2015:06:27:29 -0500] "GET /BLA/circulares/6.pdf HTTP/1.1" 304 -
66.249.79.133 - - [07/Jul/2015:06:27:30 -0500] "GET /BLA/resoluciones/Resoluciones%202011/6416.pdf HTTP/1.1" 304 -
66.249.79.107 - - [07/Jul/2015:06:27:32 -0500] "GET /BLA/resoluciones/AUTOS%202010/5462.pdf HTTP/1.1" 304 -
66.249.79.133 - - [07/Jul/2015:06:27:34 -0500] "GET /BLA/resoluciones/RESOLUCIONES%202013/1138.pdf HTTP/1.1" 304 -
66.249.79.107 - - [07/Jul/2015:06:27:48 -0500] "GET /stormWeb/ HTTP/1.1" 200 12126
66.249.79.120 - - [07/Jul/2015:06:28:01 -0500] "GET /BLA/resoluciones/AUTOS%202007/1730.pdf HTTP/1.1" 200 36916
190.156.114.228 - - [07/Jul/2015:06:28:10 -0500] "GET /BLA/resoluciones/RESOLUCIONES%202007/RES%202007%204001%20AL%204100/RESOLUCION%204048%20DE%202007.pdf HTTP/1.1" 200 1085886
190.156.114.228 - - [07/Jul/2015:06:28:11 -0500] "GET /favicon.ico HTTP/1.1" 200 7782
190.156.114.228 - - [07/Jul/2015:06:28:13 -0500] "GET /BLA/resoluciones/RESOLUCIONES%202007/RES%202007%204001%20AL%204100/RESOLUCION%204048%20DE%202007.pdf HTTP/1.1" 206 32768
190.156.114.228 - - [07/Jul/2015:06:28:13 -0500] "GET /BLA/resoluciones/RESOLUCIONES%202007/RES%202007%204001%20AL%204100/RESOLUCION%204048%20DE%202007.pdf HTTP/1.1" 206 1053118
190.26.109.93 - - [07/Jul/2015:06:28:14 -0500] "GET /galeria/galeria/jquery.fancybox.js?v=2.1.5 HTTP/1.1" 200 48706
190.26.109.93 - - [07/Jul/2015:06:28:14 -0500] "GET /galeria/galeria/jquery.fancybox.css?v=2.1.5 HTTP/1.1" 200 4895
190.26.109.93 - - [07/Jul/2015:06:28:14 -0500] "GET /galeria/carrusel/Carrusel/jquery.thumbnailScroller.css HTTP/1.1" 200 2066
190.26.109.93 - - [07/Jul/2015:06:28:14 -0500] "GET /BLA/boletinlegal/js/jquery.scrollTo-min.js HTTP/1.1" 200 1150
190.26.109.93 - - [07/Jul/2015:06:28:14 -0500] "GET /BLA/boletinlegal/js/jquery.scrollShow.js HTTP/1.1" 200 4586
190.26.109.93 - - [07/Jul/2015:06:28:14 -0500] "GET /galeria/carrusel/Carrusel/jquery-ui-1.8.13.custom.min.js HTTP/1.1" 200 10800
190.26.109.93 - - [07/Jul/2015:06:28:14 -0500] "GET /galeria/carrusel/Carrusel/jquery.thumbnailScroller.js HTTP/1.1" 200 8157
66.249.79.107 - - [07/Jul/2015:06:28:15 -0500] "GET /BLA/resoluciones/RESOLUCIONES%202010/6902.pdf HTTP/1.1" 200 1272491
190.26.109.93 - - [07/Jul/2015:06:28:16 -0500] "GET /galeria/nivo-slider/demo/demo.html HTTP/1.1" 200 5022
190.156.32.61 - - [07/Jul/2015:06:28:16 -0500] "GET /forest/session.jsp?a=0.5079384308774024 HTTP/1.1" 200 4
74.86.158.107 - - [07/Jul/2015:06:28:16 -0500] "HEAD / HTTP/1.1" 200 -
66.249.79.133 - - [07/Jul/2015:06:28:29 -0500] "GET /BLA/resoluciones/AUTOS%202008/2150.pdf HTTP/1.1" 200 76992
190.26.109.93 - - [07/Jul/2015:06:28:40 -0500] "GET /galeria/nivo-slider/themes/default/default.css HTTP/1.1" 200 1569
190.26.109.93 - - [07/Jul/2015:06:28:40 -0500] "GET /galeria/nivo-slider/themes/pascal/pascal.css HTTP/1.1" 200 2258
190.26.109.93 - - [07/Jul/2015:06:28:40 -0500] "GET /galeria/nivo-slider/themes/orman/orman.css HTTP/1.1" 200 2152
190.26.109.93 - - [07/Jul/2015:06:28:40 -0500] "GET /galeria/nivo-slider/nivo-slider.css HTTP/1.1" 200 1507
190.26.109.93 - - [07/Jul/2015:06:28:40 -0500] "GET /galeria/nivo-slider/demo/style.css HTTP/1.1" 200 2222
190.26.109.93 - - [07/Jul/2015:06:28:41 -0500] "GET /galeria/nivo-slider/demo/scripts/jquery-1.7.1.min.js HTTP/1.1" 200 93868
190.26.109.93 - - [07/Jul/2015:06:28:41 -0500] "GET /galeria/nivo-slider/jquery.nivo.slider.pack.js HTTP/1.1" 200 11561
190.26.109.93 - - [07/Jul/2015:06:28:41 -0500] "GET /galeria/nivo-slider/demo/images/Rendicion-de-cuentas.jpg HTTP/1.1" 200 174889
190.26.109.93 - - [07/Jul/2015:06:28:41 -0500] "GET /galeria/nivo-slider/demo/images/VoluntariadoPYBA.jpg HTTP/1.1" 200 40647
190.26.109.93 - - [07/Jul/2015:06:28:41 -0500] "GET /galeria/nivo-slider/demo/images/9Signos.jpg HTTP/1.1" 200 81776
190.26.109.93 - - [07/Jul/2015:06:28:41 -0500] "GET /galeria/nivo-slider/demo/images/Atempobogota.jpg HTTP/1.1" 200 91770
190.26.109.93 - - [07/Jul/2015:06:28:41 -0500] "GET /galeria/nivo-slider/demo/images/Comparendo-ambiental-Banner.jpg HTTP/1.1" 200 83731
190.26.109.93 - - [07/Jul/2015:06:28:41 -0500] "GET /galeria/nivo-slider/demo/images/GAE-banner.jpg HTTP/1.1" 200 97556
190.26.109.93 - - [07/Jul/2015:06:28:41 -0500] "GET /galeria/nivo-slider/demo/images/Banner-encuesta-de-percepscio.jpg HTTP/1.1" 200 201899
190.26.109.93 - - [07/Jul/2015:06:28:41 -0500] "GET /galeria/nivo-slider/demo/images/banner-Pacto-por-la-madera.jpg HTTP/1.1" 200 209966
190.26.109.93 - - [07/Jul/2015:06:28:41 -0500] "GET /galeria/nivo-slider/demo/images/acuerdo_569.jpg HTTP/1.1" 200 62670
190.26.109.93 - - [07/Jul/2015:06:28:41 -0500] "GET /galeria/nivo-slider/demo/images/4Simple_Slider.png HTTP/1.1" 200 11722
190.26.109.93 - - [07/Jul/2015:06:28:41 -0500] "GET /galeria/nivo-slider/demo/images/Licitaciones-proyecto-paramo.jpg HTTP/1.1" 200 221877
190.26.109.93 - - [07/Jul/2015:06:28:41 -0500] "GET /galeria/nivo-slider/demo/images/Banner-decreto1299.jpg HTTP/1.1" 200 182613
190.26.109.93 - - [07/Jul/2015:06:28:42 -0500] "GET /galeria/nivo-slider/themes/default/loading.gif HTTP/1.1" 200 1737
190.26.109.93 - - [07/Jul/2015:06:28:42 -0500] "GET /galeria/nivo-slider/demo/images/Banner-Directorio.jpg HTTP/1.1" 200 182068
190.26.109.93 - - [07/Jul/2015:06:28:42 -0500] "GET /galeria/nivo-slider/demo/images/Ruta-vertimientos-01.jpg HTTP/1.1" 200 130151
190.26.109.93 - - [07/Jul/2015:06:28:42 -0500] "GET /galeria/nivo-slider/demo/images/bolsas-06.jpg HTTP/1.1" 200 90982
190.26.109.93 - - [07/Jul/2015:06:28:42 -0500] "GET /galeria/nivo-slider/demo/images/Conoce-los-humedales.jpg HTTP/1.1" 200 294036
66.249.79.133 - - [07/Jul/2015:06:28:42 -0500] "GET /BLA/resoluciones/RESOLUCIONES%202011/0216.pdf HTTP/1.1" 304 -
190.26.109.93 - - [07/Jul/2015:06:28:42 -0500] "GET /galeria/nivo-slider/demo/images/ecolecta-Dic2014.png HTTP/1.1" 200 288593
190.26.109.93 - - [07/Jul/2015:06:28:42 -0500] "GET /galeria/nivo-slider/demo/images/Banner-Caracol-Africano.jpg HTTP/1.1" 200 331986
190.26.109.93 - - [07/Jul/2015:06:28:43 -0500] "GET /galeria/nivo-slider/demo/images/banner-llantas2.jpg HTTP/1.1" 200 204644
190.26.109.93 - - [07/Jul/2015:06:28:44 -0500] "GET /galeria/nivo-slider/themes/default/arrows.png HTTP/1.1" 200 824
