181.56.193.251 - - [07/Jul/2015:00:17:49 -0500] "GET /forest/json.do?query=usersByDep&coddep=7105 HTTP/1.1" 200 188
181.56.193.251 - - [07/Jul/2015:00:17:49 -0500] "GET /forest/json.do?query=versionListadas HTTP/1.1" 200 15
181.56.193.251 - - [07/Jul/2015:00:17:49 -0500] "GET /forest/json.do?query=usersByDep&coddep=7105 HTTP/1.1" 200 188
181.56.193.251 - - [07/Jul/2015:00:17:49 -0500] "GET /forest/json.do?query=procesIniciales HTTP/1.1" 200 10733
181.56.193.251 - - [07/Jul/2015:00:17:49 -0500] "GET /forest/json.do?query=bpmnIniciales HTTP/1.1" 200 1095
190.29.138.3 - - [07/Jul/2015:00:17:49 -0500] "GET /galeria/nivo-slider/themes/default/loading.gif HTTP/1.1" 200 1737
190.29.138.3 - - [07/Jul/2015:00:17:49 -0500] "GET /galeria/nivo-slider/demo/images/banner-Pacto-por-la-madera.jpg HTTP/1.1" 200 209966
190.29.138.3 - - [07/Jul/2015:00:17:50 -0500] "GET /galeria/nivo-slider/demo/images/Comparendo-ambiental-Banner.jpg HTTP/1.1" 206 1
190.29.138.3 - - [07/Jul/2015:00:17:50 -0500] "GET /galeria/nivo-slider/demo/images/GAE-banner.jpg HTTP/1.1" 206 1
190.29.138.3 - - [07/Jul/2015:00:17:50 -0500] "GET /galeria/nivo-slider/demo/images/Banner-encuesta-de-percepscio.jpg HTTP/1.1" 206 1
190.29.138.3 - - [07/Jul/2015:00:17:50 -0500] "GET /galeria/nivo-slider/demo/images/banner-Pacto-por-la-madera.jpg HTTP/1.1" 206 1
190.29.138.3 - - [07/Jul/2015:00:17:50 -0500] "GET /galeria/nivo-slider/demo/images/Comparendo-ambiental-Banner.jpg HTTP/1.1" 206 74120
190.29.138.3 - - [07/Jul/2015:00:17:50 -0500] "GET /galeria/nivo-slider/demo/images/GAE-banner.jpg HTTP/1.1" 206 92181
190.29.138.3 - - [07/Jul/2015:00:17:50 -0500] "GET /galeria/nivo-slider/demo/images/Banner-encuesta-de-percepscio.jpg HTTP/1.1" 206 169697
190.29.138.3 - - [07/Jul/2015:00:17:50 -0500] "GET /galeria/nivo-slider/demo/images/banner-Pacto-por-la-madera.jpg HTTP/1.1" 206 177764
190.29.138.3 - - [07/Jul/2015:00:17:51 -0500] "GET /galeria/nivo-slider/demo/images/acuerdo_569.jpg HTTP/1.1" 200 62670
190.29.138.3 - - [07/Jul/2015:00:17:52 -0500] "GET /galeria/nivo-slider/demo/images/Licitaciones-proyecto-paramo.jpg HTTP/1.1" 200 221877
181.56.193.251 - - [07/Jul/2015:00:17:52 -0500] "POST /forest/buscar.do? HTTP/1.1" 200 5143
190.29.138.3 - - [07/Jul/2015:00:17:52 -0500] "GET /galeria/nivo-slider/demo/images/Banner-decreto1299.jpg HTTP/1.1" 200 182613
190.29.138.3 - - [07/Jul/2015:00:17:53 -0500] "GET /galeria/nivo-slider/demo/images/Banner-Directorio.jpg HTTP/1.1" 200 182068
190.29.138.3 - - [07/Jul/2015:00:17:53 -0500] "GET /galeria/nivo-slider/demo/images/Ruta-vertimientos-01.jpg HTTP/1.1" 200 130151
190.29.138.3 - - [07/Jul/2015:00:17:54 -0500] "GET /galeria/nivo-slider/demo/images/bolsas-06.jpg HTTP/1.1" 200 90982
190.29.138.3 - - [07/Jul/2015:00:17:54 -0500] "GET /galeria/nivo-slider/demo/images/Conoce-los-humedales.jpg HTTP/1.1" 200 294036
190.29.138.3 - - [07/Jul/2015:00:17:54 -0500] "GET /galeria/nivo-slider/demo/images/ecolecta-Dic2014.png HTTP/1.1" 200 288593
190.29.138.3 - - [07/Jul/2015:00:17:55 -0500] "GET /galeria/nivo-slider/demo/images/Banner-Caracol-Africano.jpg HTTP/1.1" 200 331986
190.29.138.3 - - [07/Jul/2015:00:17:55 -0500] "GET /galeria/nivo-slider/demo/images/banner-llantas2.jpg HTTP/1.1" 200 204644
66.249.79.133 - - [07/Jul/2015:00:17:55 -0500] "GET /BLA/resoluciones/RESOLUCIONES%202012/0938.pdf HTTP/1.1" 304 -
181.56.193.251 - - [07/Jul/2015:00:17:57 -0500] "GET /forest/skins/gdocs-jar/popup/popup.jsp?width=900&height=600&title=Informaci%F3n%20de%20proceso&uri=/forest/system/process.jsp%3FnumPro%3D2718478&name=undefined&_a=0.586764989187941&a=0.3807707619853318 HTTP/1.1" 200 1312
181.56.193.251 - - [07/Jul/2015:00:17:57 -0500] "GET /forest/system/process.jsp?numPro=2718478 HTTP/1.1" 200 18159
181.56.193.251 - - [07/Jul/2015:00:17:58 -0500] "GET /forest/css/dialog.css HTTP/1.1" 304 -
181.56.193.251 - - [07/Jul/2015:00:17:58 -0500] "GET /forest/css/index.css HTTP/1.1" 304 -
181.56.193.251 - - [07/Jul/2015:00:17:58 -0500] "GET /forest/1ibre/1ibre.js HTTP/1.1" 304 -
181.56.193.251 - - [07/Jul/2015:00:17:58 -0500] "GET /forest/1ibre/protoaculous.js HTTP/1.1" 304 -
181.56.193.251 - - [07/Jul/2015:00:17:58 -0500] "GET /forest/skins/gdocs-jar/img/eye.gif HTTP/1.1" 304 -
181.56.193.251 - - [07/Jul/2015:00:17:58 -0500] "GET /forest/skins/gdocs-jar/img/icons/pdf.gif HTTP/1.1" 304 -
181.56.193.251 - - [07/Jul/2015:00:17:58 -0500] "GET /forest/skins/gdocs-jar/img/expandido.gif HTTP/1.1" 304 -
181.56.193.251 - - [07/Jul/2015:00:17:57 -0500] "GET /forest/system/process.jsp?numPro=2718478 HTTP/1.1" 200 150271
181.56.193.251 - - [07/Jul/2015:00:17:58 -0500] "GET /forest/skins/gdocs-jar/img/activity2.gif HTTP/1.1" 304 -
181.56.193.251 - - [07/Jul/2015:00:17:58 -0500] "GET /forest/skins/gdocs-jar/img/itemlist.gif HTTP/1.1" 304 -
181.56.193.251 - - [07/Jul/2015:00:17:58 -0500] "GET /forest/skins/gdocs-jar/img/mueveactividad.gif HTTP/1.1" 304 -
181.56.193.251 - - [07/Jul/2015:00:17:58 -0500] "GET /forest/skins/gdocs-jar/img/ok.gif HTTP/1.1" 304 -
181.56.193.251 - - [07/Jul/2015:00:17:58 -0500] "GET /forest/skins/gdocs-jar/img/alert.gif HTTP/1.1" 304 -
181.56.193.251 - - [07/Jul/2015:00:17:58 -0500] "GET /forest/skins/gdocs-jar/img/icons/docx.gif HTTP/1.1" 304 -
190.29.138.3 - - [07/Jul/2015:00:17:59 -0500] "GET /galeria/nivo-slider/themes/default/bullets.png HTTP/1.1" 200 1281
190.29.138.3 - - [07/Jul/2015:00:17:59 -0500] "GET /galeria/nivo-slider/themes/default/arrows.png HTTP/1.1" 200 824
66.249.79.107 - - [07/Jul/2015:00:18:04 -0500] "GET /BLA/resoluciones/RESOLUCIONES%202010/6479.pdf HTTP/1.1" 200 1038134
66.249.79.133 - - [07/Jul/2015:00:18:14 -0500] "GET /BLA/resoluciones/RESOLUCIONES%202010/7182.pdf HTTP/1.1" 200 1972303
157.55.39.28 - - [07/Jul/2015:00:18:18 -0500] "GET / HTTP/1.1" 200 10190
66.249.79.133 - - [07/Jul/2015:00:18:23 -0500] "GET /BLA/resoluciones/RESOLUCIONES%202010/5632.pdf HTTP/1.1" 200 2717991
181.128.192.143 - - [07/Jul/2015:00:18:30 -0500] "GET /BLA/boletinlegal/js/jquery.scrollTo-min.js HTTP/1.1" 200 1150
181.128.192.143 - - [07/Jul/2015:00:18:30 -0500] "GET /BLA/boletinlegal/js/jquery.scrollShow.js HTTP/1.1" 200 4586
181.128.192.143 - - [07/Jul/2015:00:18:30 -0500] "GET /galeria/galeria/jquery.fancybox.js?v=2.1.5 HTTP/1.1" 200 48706
181.128.192.143 - - [07/Jul/2015:00:18:30 -0500] "GET /galeria/galeria/jquery.fancybox.css?v=2.1.5 HTTP/1.1" 200 4895
66.249.79.107 - - [07/Jul/2015:00:18:32 -0500] "GET /BLA/resoluciones/RESOLUCIONES%202010/2921.pdf HTTP/1.1" 200 1278738
181.128.192.143 - - [07/Jul/2015:00:18:35 -0500] "GET /BLA/boletinlegal/js/jquery.scrollTo-min.js HTTP/1.1" 304 -
181.128.192.143 - - [07/Jul/2015:00:18:35 -0500] "GET /BLA/boletinlegal/js/jquery.scrollShow.js HTTP/1.1" 304 -
181.128.192.143 - - [07/Jul/2015:00:18:35 -0500] "GET /galeria/galeria/jquery.fancybox.js?v=2.1.5 HTTP/1.1" 304 -
181.128.192.143 - - [07/Jul/2015:00:18:35 -0500] "GET /galeria/galeria/jquery.fancybox.css?v=2.1.5 HTTP/1.1" 304 -
152.61.128.66 - - [07/Jul/2015:00:18:36 -0500] "HEAD / HTTP/1.1" 200 -
152.61.128.66 - - [07/Jul/2015:00:18:36 -0500] "GET /arcgis/services/Calidad_del_Agua_WQI/MapServer/WMSServer?request=GetCapabilities&service=WMS HTTP/1.1" 200 32135
152.61.128.66 - - [07/Jul/2015:00:18:37 -0500] "GET /arcgis/services/Calidad_del_Agua_WQI/MapServer/WMSServer?request=GetCapabilities&service=WMS HTTP/1.0" 200 32135
152.61.128.66 - - [07/Jul/2015:00:18:38 -0500] "GET /arcgis/services/Calidad_del_Agua_WQI/MapServer/WMSServer?request=GetCapabilities&service=WMS HTTP/1.0" 200 32135
66.249.79.133 - - [07/Jul/2015:00:18:39 -0500] "GET /BLA/resoluciones/RESOLUCIONES%202005/RES%202005%20751-800/00000777.tif HTTP/1.1" 304 -
152.61.128.66 - - [07/Jul/2015:00:18:38 -0500] "GET /arcgis/services/Calidad_del_Agua_WQI/MapServer/WMSServer?request=GetCapabilities&service=WMS HTTP/1.0" 200 32135
152.61.128.66 - - [07/Jul/2015:00:18:39 -0500] "GET /arcgis/services/Calidad_del_Agua_WQI/MapServer/WMSServer?VERSION=1.1.1&REQUEST=GetMap&LAYERS=0&SRS=EPSG:4326&BBOX=-74.473395,3.674381,-73.963300,4.920569&WIDTH=250&HEIGHT=250&FORMAT=image/bmp&STYLES=& HTTP/1.1" 200 188054
66.249.79.133 - - [07/Jul/2015:00:18:42 -0500] "GET /BLA/resoluciones/RESOLUCIONES%202010/5630.pdf HTTP/1.1" 200 2738743
181.56.193.251 - - [07/Jul/2015:00:18:47 -0500] "GET /forest/buscar.do?type=procesos HTTP/1.1" 200 85047
181.56.193.251 - - [07/Jul/2015:00:18:48 -0500] "GET /forest/json.do?query=usersByDep&coddep=7105 HTTP/1.1" 200 188
181.56.193.251 - - [07/Jul/2015:00:18:48 -0500] "GET /forest/json.do?query=versionListadas HTTP/1.1" 200 15
181.56.193.251 - - [07/Jul/2015:00:18:48 -0500] "GET /forest/json.do?query=usersByDep&coddep=7105 HTTP/1.1" 200 188
181.56.193.251 - - [07/Jul/2015:00:18:48 -0500] "GET /forest/json.do?query=procesIniciales HTTP/1.1" 200 10733
181.56.193.251 - - [07/Jul/2015:00:18:48 -0500] "GET /forest/json.do?query=bpmnIniciales HTTP/1.1" 200 1095
66.249.79.120 - - [07/Jul/2015:00:18:51 -0500] "GET /BLA/resoluciones/AUTOS%202007/0597.pdf HTTP/1.1" 200 68173
181.56.193.251 - - [07/Jul/2015:00:18:51 -0500] "POST /forest/buscar.do? HTTP/1.1" 200 5256
181.56.193.251 - - [07/Jul/2015:00:18:58 -0500] "GET /forest/session.jsp?a=0.40526556340046227 HTTP/1.1" 200 4
66.249.79.107 - - [07/Jul/2015:00:19:00 -0500] "GET /BLA/resoluciones/AUTOS%202013/1212.pdf HTTP/1.1" 200 196756
181.130.225.250 - - [07/Jul/2015:00:19:08 -0500] "GET /BLA/boletinlegal/js/jquery.scrollTo-min.js HTTP/1.1" 304 -
181.130.225.250 - - [07/Jul/2015:00:19:08 -0500] "GET /BLA/boletinlegal/js/jquery.scrollShow.js HTTP/1.1" 304 -
181.130.225.250 - - [07/Jul/2015:00:19:08 -0500] "GET /galeria/galeria/jquery.fancybox.css?v=2.1.5 HTTP/1.1" 304 -
181.130.225.250 - - [07/Jul/2015:00:19:08 -0500] "GET /galeria/galeria/jquery.fancybox.js?v=2.1.5 HTTP/1.1" 304 -
66.249.79.120 - - [07/Jul/2015:00:19:08 -0500] "GET /BLA/resoluciones/RESOLUCIONES%202010/0243.pdf HTTP/1.1" 304 -
181.130.225.250 - - [07/Jul/2015:00:19:09 -0500] "GET /BLA/boletinlegal/js/jquery.scrollTo-min.js HTTP/1.1" 304 -
181.130.225.250 - - [07/Jul/2015:00:19:09 -0500] "GET /BLA/boletinlegal/js/jquery.scrollShow.js HTTP/1.1" 304 -
181.130.225.250 - - [07/Jul/2015:00:19:09 -0500] "GET /galeria/galeria/jquery.fancybox.js?v=2.1.5 HTTP/1.1" 304 -
181.130.225.250 - - [07/Jul/2015:00:19:09 -0500] "GET /galeria/galeria/jquery.fancybox.css?v=2.1.5 HTTP/1.1" 304 -
66.249.79.107 - - [07/Jul/2015:00:19:10 -0500] "GET /BLA/resoluciones/AUTOS%202007/2969.pdf HTTP/1.1" 200 68288
66.249.79.107 - - [07/Jul/2015:00:19:19 -0500] "GET /BLA/resoluciones/AUTOS%202007/3772.pdf HTTP/1.1" 200 220447
190.151.203.174 - - [07/Jul/2015:00:19:20 -0500] "GET /BLA/boletinlegal/js/jquery.scrollTo-min.js HTTP/1.1" 200 1150
190.151.203.174 - - [07/Jul/2015:00:19:20 -0500] "GET /BLA/boletinlegal/js/jquery.scrollShow.js HTTP/1.1" 200 4586
181.130.225.250 - - [07/Jul/2015:00:19:25 -0500] "GET /galeria/galeria/jquery.fancybox.css?v=2.1.5 HTTP/1.1" 304 -
181.130.225.250 - - [07/Jul/2015:00:19:25 -0500] "GET /BLA/boletinlegal/js/jquery.scrollTo-min.js HTTP/1.1" 304 -
181.130.225.250 - - [07/Jul/2015:00:19:25 -0500] "GET /BLA/boletinlegal/js/jquery.scrollShow.js HTTP/1.1" 304 -
181.130.225.250 - - [07/Jul/2015:00:19:25 -0500] "GET /galeria/galeria/jquery.fancybox.js?v=2.1.5 HTTP/1.1" 304 -
181.130.225.250 - - [07/Jul/2015:00:19:26 -0500] "GET /BLA/boletinlegal/js/jquery.scrollTo-min.js HTTP/1.1" 304 -
181.130.225.250 - - [07/Jul/2015:00:19:26 -0500] "GET /BLA/boletinlegal/js/jquery.scrollShow.js HTTP/1.1" 304 -
181.130.225.250 - - [07/Jul/2015:00:19:26 -0500] "GET /galeria/galeria/jquery.fancybox.js?v=2.1.5 HTTP/1.1" 304 -
181.130.225.250 - - [07/Jul/2015:00:19:26 -0500] "GET /galeria/galeria/jquery.fancybox.css?v=2.1.5 HTTP/1.1" 304 -
190.151.203.174 - - [07/Jul/2015:00:19:27 -0500] "GET /galeria/galeria/jquery.fancybox.css?v=2.1.5 HTTP/1.1" 200 4895
66.249.79.107 - - [07/Jul/2015:00:19:29 -0500] "GET /BLA/resoluciones/RESOLUCIONES%202008/3811.pdf HTTP/1.1" 200 224716
190.151.203.174 - - [07/Jul/2015:00:19:30 -0500] "GET /galeria/galeria/jquery.fancybox.js?v=2.1.5 HTTP/1.1" 200 48706
181.56.193.251 - - [07/Jul/2015:00:19:37 -0500] "GET /forest/buscar.do?type=procesos HTTP/1.1" 200 85047
181.56.193.251 - - [07/Jul/2015:00:19:37 -0500] "GET /forest/json.do?query=usersByDep&coddep=7105 HTTP/1.1" 200 188
181.56.193.251 - - [07/Jul/2015:00:19:37 -0500] "GET /forest/json.do?query=versionListadas HTTP/1.1" 200 15
181.56.193.251 - - [07/Jul/2015:00:19:37 -0500] "GET /forest/json.do?query=usersByDep&coddep=7105 HTTP/1.1" 200 188
181.56.193.251 - - [07/Jul/2015:00:19:37 -0500] "GET /forest/json.do?query=procesIniciales HTTP/1.1" 200 10733
181.56.193.251 - - [07/Jul/2015:00:19:37 -0500] "GET /forest/json.do?query=bpmnIniciales HTTP/1.1" 200 1095
66.249.79.107 - - [07/Jul/2015:00:19:38 -0500] "GET /BLA/resoluciones/AUTOS%202007/1869.pdf HTTP/1.1" 200 238707
181.56.193.251 - - [07/Jul/2015:00:19:41 -0500] "POST /forest/buscar.do? HTTP/1.1" 200 5842
66.249.79.120 - - [07/Jul/2015:00:19:47 -0500] "GET /BLA/resoluciones/AUTOS%202009/1863.pdf HTTP/1.1" 200 98345
66.249.79.133 - - [07/Jul/2015:00:19:57 -0500] "GET /BLA/resoluciones/RESOLUCIONES%202009/6255.pdf HTTP/1.1" 200 430477
181.56.193.251 - - [07/Jul/2015:00:19:59 -0500] "GET /forest/buscar.do?type=procesos HTTP/1.1" 200 85047
181.56.193.251 - - [07/Jul/2015:00:20:01 -0500] "GET /forest/json.do?query=usersByDep&coddep=7105 HTTP/1.1" 200 188
181.56.193.251 - - [07/Jul/2015:00:20:01 -0500] "GET /forest/json.do?query=versionListadas HTTP/1.1" 200 15
181.56.193.251 - - [07/Jul/2015:00:20:02 -0500] "GET /forest/json.do?query=usersByDep&coddep=7105 HTTP/1.1" 200 188
181.56.193.251 - - [07/Jul/2015:00:20:02 -0500] "GET /forest/json.do?query=procesIniciales HTTP/1.1" 200 10733
181.56.193.251 - - [07/Jul/2015:00:20:02 -0500] "GET /forest/json.do?query=bpmnIniciales HTTP/1.1" 200 1095
66.249.79.133 - - [07/Jul/2015:00:20:06 -0500] "GET /BLA/resoluciones/RESOLUCIONES%202009/6253.pdf HTTP/1.1" 200 233515
181.56.193.251 - - [07/Jul/2015:00:20:07 -0500] "POST /forest/buscar.do? HTTP/1.1" 200 5844
74.86.158.107 - - [07/Jul/2015:00:20:07 -0500] "HEAD / HTTP/1.1" 200 -
190.151.203.174 - - [07/Jul/2015:00:20:09 -0500] "GET /galeria/galeria/jquery.fancybox.css?v=2.1.5 HTTP/1.1" 304 -
190.151.203.174 - - [07/Jul/2015:00:20:09 -0500] "GET /BLA/boletinlegal/js/jquery.scrollTo-min.js HTTP/1.1" 304 -
190.151.203.174 - - [07/Jul/2015:00:20:09 -0500] "GET /BLA/boletinlegal/js/jquery.scrollShow.js HTTP/1.1" 304 -
190.151.203.174 - - [07/Jul/2015:00:20:09 -0500] "GET /galeria/galeria/jquery.fancybox.js?v=2.1.5 HTTP/1.1" 304 -
66.249.79.120 - - [07/Jul/2015:00:20:15 -0500] "GET /BLA/resoluciones/AUTOS%202007/0020.pdf HTTP/1.1" 200 253441
66.249.79.120 - - [07/Jul/2015:00:20:25 -0500] "GET /BLA/resoluciones/AUTOS%202007/1385.pdf HTTP/1.1" 200 40114
66.249.79.120 - - [07/Jul/2015:00:20:34 -0500] "GET /BLA/resoluciones/AUTOS%202008/0519.pdf HTTP/1.1" 304 -
66.249.79.107 - - [07/Jul/2015:00:20:43 -0500] "GET /BLA/resoluciones/RESOLUCIONES%202007/RES%202007%20701%20AL%20800/RESOLUCION%200780%20DE%202007.pdf HTTP/1.1" 304 -
66.249.79.133 - - [07/Jul/2015:00:20:53 -0500] "GET /BLA/resoluciones/AUTOS%202007/3488.pdf HTTP/1.1" 200 189967
200.118.147.214 - - [07/Jul/2015:00:20:57 -0500] "GET /BLA/boletinlegal/js/jquery.scrollTo-min.js HTTP/1.1" 200 1150
200.118.147.214 - - [07/Jul/2015:00:20:57 -0500] "GET /BLA/boletinlegal/js/jquery.scrollShow.js HTTP/1.1" 200 4586
200.118.147.214 - - [07/Jul/2015:00:20:57 -0500] "GET /galeria/galeria/jquery.fancybox.js?v=2.1.5 HTTP/1.1" 200 48706
200.118.147.214 - - [07/Jul/2015:00:20:57 -0500] "GET /galeria/galeria/jquery.fancybox.css?v=2.1.5 HTTP/1.1" 200 4895
66.249.79.133 - - [07/Jul/2015:00:21:02 -0500] "GET /BLA/resoluciones/RESOLUCIONES%202009/9651.pdf HTTP/1.1" 200 492361
200.118.147.214 - - [07/Jul/2015:00:21:07 -0500] "GET /BLA/boletinlegal/js/jquery.scrollTo-min.js HTTP/1.1" 200 1150
200.118.147.214 - - [07/Jul/2015:00:21:07 -0500] "GET /BLA/boletinlegal/js/jquery.scrollShow.js HTTP/1.1" 200 4586
200.118.147.214 - - [07/Jul/2015:00:21:07 -0500] "GET /galeria/galeria/jquery.fancybox.js?v=2.1.5 HTTP/1.1" 200 48706
200.118.147.214 - - [07/Jul/2015:00:21:08 -0500] "GET /galeria/galeria/jquery.fancybox.css?v=2.1.5 HTTP/1.1" 200 4895
66.249.79.120 - - [07/Jul/2015:00:21:11 -0500] "GET /BLA/resoluciones/AUTOS%202007/1691.pdf HTTP/1.1" 200 178954
66.249.79.133 - - [07/Jul/2015:00:21:21 -0500] "GET /BLA/resoluciones/AUTOS%202013/0392.pdf HTTP/1.1" 200 375805
181.56.193.251 - - [07/Jul/2015:00:21:21 -0500] "GET /forest/buscar.do?type=procesos HTTP/1.1" 200 85047
181.56.193.251 - - [07/Jul/2015:00:21:22 -0500] "GET /forest/json.do?query=usersByDep&coddep=7105 HTTP/1.1" 200 188
181.56.193.251 - - [07/Jul/2015:00:21:22 -0500] "GET /forest/json.do?query=versionListadas HTTP/1.1" 200 15
181.56.193.251 - - [07/Jul/2015:00:21:22 -0500] "GET /forest/json.do?query=usersByDep&coddep=7105 HTTP/1.1" 200 188
181.56.193.251 - - [07/Jul/2015:00:21:22 -0500] "GET /forest/json.do?query=procesIniciales HTTP/1.1" 200 10733
181.56.193.251 - - [07/Jul/2015:00:21:22 -0500] "GET /forest/json.do?query=bpmnIniciales HTTP/1.1" 200 1095
181.56.193.251 - - [07/Jul/2015:00:21:25 -0500] "POST /forest/buscar.do? HTTP/1.1" 200 5812
66.249.79.120 - - [07/Jul/2015:00:21:30 -0500] "GET /BLA/resoluciones/AUTOS%202014/5882.pdf HTTP/1.1" 200 110950
66.249.79.133 - - [07/Jul/2015:00:21:39 -0500] "GET /BLA/resoluciones/RESOLUCIONES%202010/0170.pdf HTTP/1.1" 304 -
200.118.147.214 - - [07/Jul/2015:00:21:49 -0500] "GET /galeria/galeria/jquery.fancybox.css?v=2.1.5 HTTP/1.1" 304 -
200.118.147.214 - - [07/Jul/2015:00:21:49 -0500] "GET /galeria/galeria/jquery.fancybox.js?v=2.1.5 HTTP/1.1" 304 -
66.249.79.120 - - [07/Jul/2015:00:21:49 -0500] "GET /BLA/resoluciones/RESOLUCIONES%202009/7576.pdf HTTP/1.1" 200 510713
66.249.79.133 - - [07/Jul/2015:00:21:53 -0500] "GET /BLA/resoluciones/RESOLUCIONES%202007/RES%202007%201801%20AL%201900/RESOLUCION%201870%20DE%202007.pdf HTTP/1.1" 304 -
181.56.193.251 - - [07/Jul/2015:00:21:52 -0500] "GET /forest/buscar.do?type=procesos HTTP/1.1" 200 85047
181.56.193.251 - - [07/Jul/2015:00:21:55 -0500] "GET /forest/json.do?query=usersByDep&coddep=7105 HTTP/1.1" 200 188
181.56.193.251 - - [07/Jul/2015:00:21:55 -0500] "GET /forest/json.do?query=versionListadas HTTP/1.1" 200 15
181.56.193.251 - - [07/Jul/2015:00:21:56 -0500] "GET /forest/json.do?query=usersByDep&coddep=7105 HTTP/1.1" 200 188
181.56.193.251 - - [07/Jul/2015:00:21:56 -0500] "GET /forest/json.do?query=procesIniciales HTTP/1.1" 200 10733
66.249.79.107 - - [07/Jul/2015:00:21:58 -0500] "GET /BLA/resoluciones/RESOLUCIONES%202008/3462.pdf HTTP/1.1" 304 -
181.56.193.251 - - [07/Jul/2015:00:21:59 -0500] "GET /forest/json.do?query=bpmnIniciales HTTP/1.1" 200 1095
181.56.193.251 - - [07/Jul/2015:00:22:04 -0500] "POST /forest/buscar.do? HTTP/1.1" 200 5176
66.249.79.164 - - [07/Jul/2015:00:22:07 -0500] "GET /PruebasSTORM/StormSDA_pruebas/userFiles/user_files/formulas/3/706.xml HTTP/1.1" 304 -
66.249.79.107 - - [07/Jul/2015:00:22:17 -0500] "GET /BLA/resoluciones/RESOLUCIONES%202010/3943.pdf HTTP/1.1" 304 -
181.56.193.251 - - [07/Jul/2015:00:22:24 -0500] "GET /forest/buscar.do?type=procesos HTTP/1.1" 200 85047
181.56.193.251 - - [07/Jul/2015:00:22:24 -0500] "GET /forest/json.do?query=usersByDep&coddep=7105 HTTP/1.1" 200 188
181.56.193.251 - - [07/Jul/2015:00:22:25 -0500] "GET /forest/json.do?query=versionListadas HTTP/1.1" 200 15
181.56.193.251 - - [07/Jul/2015:00:22:25 -0500] "GET /forest/json.do?query=usersByDep&coddep=7105 HTTP/1.1" 200 188
66.249.79.164 - - [07/Jul/2015:00:22:26 -0500] "GET /PruebasSTORM/StormSDA_pruebas/userFiles/user_files/formulas/3/693.xml HTTP/1.1" 304 -
181.56.193.251 - - [07/Jul/2015:00:22:27 -0500] "GET /forest/json.do?query=procesIniciales HTTP/1.1" 200 10733
181.56.193.251 - - [07/Jul/2015:00:22:27 -0500] "GET /forest/json.do?query=bpmnIniciales HTTP/1.1" 200 1095
181.56.193.251 - - [07/Jul/2015:00:22:29 -0500] "POST /forest/buscar.do? HTTP/1.1" 200 5167
201.234.75.11 - - [07/Jul/2015:00:22:33 -0500] "GET /StormSDA/stormWeb/presentacion.html HTTP/1.1" 304 -
66.249.79.120 - - [07/Jul/2015:00:22:35 -0500] "GET /BLA/resoluciones/RESOLUCIONES%202008/5622.pdf HTTP/1.1" 304 -
81.88.48.113 - - [07/Jul/2015:00:22:36 -0500] "GET /wordpress/wp-admin/ HTTP/1.1" 404 1018
66.249.79.190 - - [07/Jul/2015:00:22:45 -0500] "GET /PruebasSTORM/StormSDA_pruebas/userFiles/user_files/formulas/3/515.xml HTTP/1.1" 304 -
188.165.15.152 - - [07/Jul/2015:00:22:46 -0500] "GET /BLA/resoluciones/AUTOS%202006/AUTOS%202006%202201%20-%202300/00002247.tif HTTP/1.1" 200 71768
188.165.15.152 - - [07/Jul/2015:00:22:50 -0500] "GET /BLA/resoluciones/AUTOS%202006/AUTOS%202006%20601-700/00000699.tif HTTP/1.1" 200 44496
66.249.79.177 - - [07/Jul/2015:00:22:54 -0500] "GET /PruebasSTORM/StormSDA_pruebas/userFiles/user_files/formulas/3/181.xml HTTP/1.1" 304 -
66.249.79.190 - - [07/Jul/2015:00:23:04 -0500] "GET /PruebasSTORM/StormSDA_pruebas/userFiles/user_files/formulas/3/642.xml HTTP/1.1" 304 -
66.249.79.177 - - [07/Jul/2015:00:23:13 -0500] "GET /PruebasSTORM/StormSDA_pruebas/userFiles/user_files/formulas/3/279.xml HTTP/1.1" 304 -
181.56.193.251 - - [07/Jul/2015:00:23:13 -0500] "GET /forest/buscar.do?type=procesos HTTP/1.1" 200 85047
181.56.193.251 - - [07/Jul/2015:00:23:19 -0500] "GET /forest/json.do?query=usersByDep&coddep=7105 HTTP/1.1" 200 188
181.56.193.251 - - [07/Jul/2015:00:23:19 -0500] "GET /forest/json.do?query=versionListadas HTTP/1.1" 200 15
181.56.193.251 - - [07/Jul/2015:00:23:20 -0500] "GET /forest/json.do?query=usersByDep&coddep=7105 HTTP/1.1" 200 188
181.56.193.251 - - [07/Jul/2015:00:23:20 -0500] "GET /forest/json.do?query=procesIniciales HTTP/1.1" 200 10733
181.56.193.251 - - [07/Jul/2015:00:23:21 -0500] "GET /forest/json.do?query=bpmnIniciales HTTP/1.1" 200 1095
188.165.15.152 - - [07/Jul/2015:00:23:22 -0500] "GET /BLA/resoluciones/RESOLUCIONES%202005/RES%202005%202451-2500/00002454.tif HTTP/1.1" 200 360726
66.249.79.177 - - [07/Jul/2015:00:23:22 -0500] "GET /PruebasSTORM/StormSDA_pruebas/userFiles/user_files/formulas/3/310.xml HTTP/1.1" 304 -
181.56.193.251 - - [07/Jul/2015:00:23:25 -0500] "POST /forest/buscar.do? HTTP/1.1" 200 5147
181.56.193.251 - - [07/Jul/2015:00:23:29 -0500] "GET /forest/skins/gdocs-jar/popup/popup.jsp?width=900&height=600&title=Informaci%F3n%20de%20proceso&uri=/forest/system/process.jsp%3FnumPro%3D3136785&name=undefined&_a=0.9097249952610582&a=0.25030709663406014 HTTP/1.1" 200 1312
188.165.15.152 - - [07/Jul/2015:00:23:29 -0500] "GET /BLA/resoluciones/index.php?dir=RESOLUCIONES+2005%2FRES+2005+2351-2400%2F HTTP/1.1" 200 12366
66.249.79.177 - - [07/Jul/2015:00:23:32 -0500] "GET /PORTAL_SIAC/swf/Residuos/maderas/files/search/searchtext.xml HTTP/1.1" 200 203644
66.249.79.107 - - [07/Jul/2015:00:23:33 -0500] "GET /BLA/resoluciones/RESOLUCIONES%202005/RES%202005%201101-1150/00001113.tif HTTP/1.1" 200 136830
181.56.193.251 - - [07/Jul/2015:00:23:30 -0500] "GET /forest/system/process.jsp?numPro=3136785 HTTP/1.1" 200 127115
66.249.79.107 - - [07/Jul/2015:00:23:41 -0500] "GET /BLA/resoluciones/RESOLUCIONES%202011/0551.pdf HTTP/1.1" 304 -
66.249.79.177 - - [07/Jul/2015:00:23:50 -0500] "GET /PruebasSTORM/StormSDA_pruebas/userFiles/user_files/formulas/3/700.xml HTTP/1.1" 304 -
181.56.193.251 - - [07/Jul/2015:00:23:58 -0500] "GET /forest/session.jsp?a=0.2525979436468333 HTTP/1.1" 200 4
66.249.79.164 - - [07/Jul/2015:00:24:00 -0500] "GET /PruebasSTORM/StormSDA_pruebas/userFiles/user_files/formulas/3/668.xml HTTP/1.1" 304 -
152.61.193.99 - - [07/Jul/2015:00:24:04 -0500] "HEAD / HTTP/1.1" 200 -
152.61.193.99 - - [07/Jul/2015:00:24:04 -0500] "GET /arcgis/services/Calidad_del_Agua_WQI/MapServer/WMSServer?SERVICE=WMS&REQUEST=GetCapabilities HTTP/1.1" 200 32135
152.61.193.99 - - [07/Jul/2015:00:24:04 -0500] "GET /arcgis/services/Calidad_del_Agua_WQI/MapServer/WMSServer?SERVICE=WMS&REQUEST=GetCapabilities HTTP/1.1" 200 32135
152.61.193.99 - - [07/Jul/2015:00:24:05 -0500] "GET /arcgis/services/Calidad_del_Agua_WQI/MapServer/WMSServer?SERVICE=WMS&REQUEST=GetCapabilities HTTP/1.1" 200 32135
152.61.193.99 - - [07/Jul/2015:00:24:06 -0500] "GET /arcgis/services/Calidad_del_Agua_WQI/MapServer/WMSServer?SERVICE=WMS&REQUEST=GetCapabilities HTTP/1.1" 200 32135
152.61.193.99 - - [07/Jul/2015:00:24:06 -0500] "GET /arcgis/services/Calidad_del_Agua_WQI/MapServer/WMSServer?VERSION=1.1.1&REQUEST=GetMap&LAYERS=0&SRS=EPSG:4326&BBOX=-74.473395,3.674381,-73.963300,4.920569&WIDTH=250&HEIGHT=250&FORMAT=image/bmp&STYLES=& HTTP/1.1" 200 188054
66.249.79.120 - - [07/Jul/2015:00:24:09 -0500] "GET /BLA/resoluciones/RESOLUCIONES%202007/RES%202007%20401%20AL%20500/RESOLUCION%200479%20DE%202007.pdf HTTP/1.1" 304 -
66.249.79.133 - - [07/Jul/2015:00:24:18 -0500] "GET /BLA/resoluciones/AUTOS%202013/1951.pdf HTTP/1.1" 304 -
66.249.79.177 - - [07/Jul/2015:00:24:28 -0500] "GET /PruebasSTORM/StormSDA_pruebas/userFiles/user_files/formulas/3/259.xml HTTP/1.1" 304 -
66.249.79.133 - - [07/Jul/2015:00:24:33 -0500] "GET /BLA/resoluciones/RESOLUCIONES%202008/0678.pdf HTTP/1.1" 304 -
66.249.79.190 - - [07/Jul/2015:00:24:37 -0500] "GET /PruebasSTORM/StormSDA_pruebas/userFiles/user_files/formulas/3/265.xml HTTP/1.1" 304 -
188.165.15.152 - - [07/Jul/2015:00:24:43 -0500] "GET /BLA/resoluciones/index.php?dir=AUTOS%202010/&sort=size&order=asc HTTP/1.1" 200 247702
181.56.193.251 - - [07/Jul/2015:00:24:44 -0500] "GET /forest/buscar.do?type=procesos HTTP/1.1" 200 85047
181.56.193.251 - - [07/Jul/2015:00:24:46 -0500] "GET /forest/json.do?query=usersByDep&coddep=7105 HTTP/1.1" 200 188
181.56.193.251 - - [07/Jul/2015:00:24:46 -0500] "GET /forest/json.do?query=versionListadas HTTP/1.1" 200 15
181.56.193.251 - - [07/Jul/2015:00:24:46 -0500] "GET /forest/json.do?query=usersByDep&coddep=7105 HTTP/1.1" 200 188
66.249.79.120 - - [07/Jul/2015:00:24:46 -0500] "GET /BLA/resoluciones/RESOLUCIONES%202013/0431.pdf HTTP/1.1" 304 -
181.56.193.251 - - [07/Jul/2015:00:24:46 -0500] "GET /forest/json.do?query=procesIniciales HTTP/1.1" 200 10733
181.56.193.251 - - [07/Jul/2015:00:24:46 -0500] "GET /forest/json.do?query=bpmnIniciales HTTP/1.1" 200 1095
186.113.138.88 - - [07/Jul/2015:00:24:49 -0500] "GET /galeria/galeria/jquery.fancybox.css?v=2.1.5 HTTP/1.1" 200 4895
186.113.138.88 - - [07/Jul/2015:00:24:49 -0500] "GET /galeria/carrusel/Carrusel/jquery.thumbnailScroller.css HTTP/1.1" 200 2066
186.113.138.88 - - [07/Jul/2015:00:24:49 -0500] "GET /BLA/boletinlegal/js/jquery.scrollTo-min.js HTTP/1.1" 200 1150
186.113.138.88 - - [07/Jul/2015:00:24:49 -0500] "GET /BLA/boletinlegal/js/jquery.scrollShow.js HTTP/1.1" 200 4586
186.113.138.88 - - [07/Jul/2015:00:24:49 -0500] "GET /galeria/carrusel/Carrusel/jquery-ui-1.8.13.custom.min.js HTTP/1.1" 200 10800
186.113.138.88 - - [07/Jul/2015:00:24:49 -0500] "GET /galeria/galeria/jquery.fancybox.js?v=2.1.5 HTTP/1.1" 200 48706
186.113.138.88 - - [07/Jul/2015:00:24:49 -0500] "GET /galeria/carrusel/Carrusel/jquery.thumbnailScroller.js HTTP/1.1" 200 8157
186.113.138.88 - - [07/Jul/2015:00:24:51 -0500] "GET /galeria/nivo-slider/demo/demo.html HTTP/1.1" 200 5022
181.56.193.251 - - [07/Jul/2015:00:24:51 -0500] "POST /forest/buscar.do? HTTP/1.1" 200 5196
186.113.138.88 - - [07/Jul/2015:00:24:51 -0500] "GET /galeria/nivo-slider/themes/orman/orman.css HTTP/1.1" 200 2152
186.113.138.88 - - [07/Jul/2015:00:24:51 -0500] "GET /galeria/nivo-slider/demo/scripts/jquery-1.7.1.min.js HTTP/1.1" 200 93868
186.113.138.88 - - [07/Jul/2015:00:24:51 -0500] "GET /galeria/nivo-slider/themes/default/default.css HTTP/1.1" 200 1569
186.113.138.88 - - [07/Jul/2015:00:24:51 -0500] "GET /galeria/nivo-slider/themes/pascal/pascal.css HTTP/1.1" 200 2258
186.113.138.88 - - [07/Jul/2015:00:24:51 -0500] "GET /galeria/nivo-slider/demo/style.css HTTP/1.1" 200 2222
186.113.138.88 - - [07/Jul/2015:00:24:51 -0500] "GET /galeria/nivo-slider/nivo-slider.css HTTP/1.1" 200 1507
186.113.138.88 - - [07/Jul/2015:00:24:51 -0500] "GET /galeria/nivo-slider/demo/images/VoluntariadoPYBA.jpg HTTP/1.1" 200 40647
186.113.138.88 - - [07/Jul/2015:00:24:51 -0500] "GET /galeria/nivo-slider/demo/images/Rendicion-de-cuentas.jpg HTTP/1.1" 200 174889
186.113.138.88 - - [07/Jul/2015:00:24:51 -0500] "GET /galeria/nivo-slider/demo/images/9Signos.jpg HTTP/1.1" 200 81776
186.113.138.88 - - [07/Jul/2015:00:24:51 -0500] "GET /galeria/nivo-slider/jquery.nivo.slider.pack.js HTTP/1.1" 200 11561
186.113.138.88 - - [07/Jul/2015:00:24:52 -0500] "GET /galeria/nivo-slider/demo/images/Comparendo-ambiental-Banner.jpg HTTP/1.1" 200 83731
186.113.138.88 - - [07/Jul/2015:00:24:53 -0500] "GET /galeria/nivo-slider/demo/images/Atempobogota.jpg HTTP/1.1" 200 91770
186.113.138.88 - - [07/Jul/2015:00:24:53 -0500] "GET /galeria/nivo-slider/demo/images/GAE-banner.jpg HTTP/1.1" 200 97556
186.113.138.88 - - [07/Jul/2015:00:24:53 -0500] "GET /galeria/nivo-slider/demo/images/4Simple_Slider.png HTTP/1.1" 200 11722
186.113.138.88 - - [07/Jul/2015:00:24:53 -0500] "GET /galeria/nivo-slider/themes/default/loading.gif HTTP/1.1" 200 1737
186.113.138.88 - - [07/Jul/2015:00:24:54 -0500] "GET /galeria/nivo-slider/demo/images/Banner-encuesta-de-percepscio.jpg HTTP/1.1" 200 201899
186.113.138.88 - - [07/Jul/2015:00:24:54 -0500] "GET /galeria/nivo-slider/demo/images/banner-Pacto-por-la-madera.jpg HTTP/1.1" 200 209966
186.113.138.88 - - [07/Jul/2015:00:24:54 -0500] "GET /galeria/nivo-slider/demo/images/acuerdo_569.jpg HTTP/1.1" 200 62670
186.113.138.88 - - [07/Jul/2015:00:24:54 -0500] "GET /galeria/nivo-slider/demo/images/Licitaciones-proyecto-paramo.jpg HTTP/1.1" 200 221877
181.56.193.251 - - [07/Jul/2015:00:24:54 -0500] "GET /forest/skins/gdocs-jar/popup/popup.jsp?width=900&height=600&title=Informaci%F3n%20de%20proceso&uri=/forest/system/process.jsp%3FnumPro%3D3114344&name=undefined&_a=0.3385915553662926&a=0.6176835114602 HTTP/1.1" 200 1312
186.113.138.88 - - [07/Jul/2015:00:24:55 -0500] "GET /galeria/nivo-slider/demo/images/Banner-decreto1299.jpg HTTP/1.1" 200 182613
66.249.79.120 - - [07/Jul/2015:00:24:56 -0500] "GET /BLA/resoluciones/RESOLUCIONES%202011/0279.pdf HTTP/1.1" 200 69783
181.56.193.251 - - [07/Jul/2015:00:24:55 -0500] "GET /forest/system/process.jsp?numPro=3114344 HTTP/1.1" 200 94820
186.113.138.88 - - [07/Jul/2015:00:24:56 -0500] "GET /galeria/nivo-slider/demo/images/Banner-Directorio.jpg HTTP/1.1" 200 182068
186.113.138.88 - - [07/Jul/2015:00:24:56 -0500] "GET /galeria/nivo-slider/demo/images/Ruta-vertimientos-01.jpg HTTP/1.1" 200 130151
186.113.138.88 - - [07/Jul/2015:00:24:58 -0500] "GET /galeria/nivo-slider/demo/images/bolsas-06.jpg HTTP/1.1" 200 90982
186.113.138.88 - - [07/Jul/2015:00:24:58 -0500] "GET /galeria/nivo-slider/demo/images/Conoce-los-humedales.jpg HTTP/1.1" 200 294036
186.113.138.88 - - [07/Jul/2015:00:24:59 -0500] "GET /galeria/nivo-slider/demo/images/ecolecta-Dic2014.png HTTP/1.1" 200 288593
186.113.138.88 - - [07/Jul/2015:00:24:59 -0500] "GET /galeria/nivo-slider/demo/images/Banner-Caracol-Africano.jpg HTTP/1.1" 200 331986
186.113.138.88 - - [07/Jul/2015:00:24:59 -0500] "GET /galeria/nivo-slider/demo/images/banner-llantas2.jpg HTTP/1.1" 200 204644
186.113.138.88 - - [07/Jul/2015:00:25:04 -0500] "GET /galeria/nivo-slider/themes/default/bullets.png HTTP/1.1" 200 1281
186.113.138.88 - - [07/Jul/2015:00:25:04 -0500] "GET /galeria/nivo-slider/themes/default/arrows.png HTTP/1.1" 200 824
66.249.79.133 - - [07/Jul/2015:00:25:05 -0500] "GET /BLA/resoluciones/AUTOS%202007/3550.pdf HTTP/1.1" 304 -
74.86.158.107 - - [07/Jul/2015:00:25:07 -0500] "HEAD / HTTP/1.1" 200 -
207.46.13.115 - - [07/Jul/2015:00:25:14 -0500] "GET /galeria/nivo-slider/demo/demo.html HTTP/1.1" 200 5022
66.249.79.133 - - [07/Jul/2015:00:25:14 -0500] "GET /BLA/resoluciones/RESOLUCIONES%202009/4055.pdf HTTP/1.1" 304 -
66.249.79.133 - - [07/Jul/2015:00:25:24 -0500] "GET /BLA/resoluciones/RESOLUCIONES%202008/3840.pdf HTTP/1.1" 304 -
66.249.79.133 - - [07/Jul/2015:00:25:33 -0500] "GET /BLA/resoluciones/RESOLUCIONES%202009/8637.pdf HTTP/1.1" 304 -
181.56.193.251 - - [07/Jul/2015:00:25:42 -0500] "GET /forest/buscar.do?type=procesos HTTP/1.1" 200 85047
66.249.79.107 - - [07/Jul/2015:00:25:42 -0500] "GET /BLA/resoluciones/RESOLUCIONES%202009/5710.pdf HTTP/1.1" 304 -
181.56.193.251 - - [07/Jul/2015:00:25:43 -0500] "GET /forest/json.do?query=usersByDep&coddep=7105 HTTP/1.1" 200 188
181.56.193.251 - - [07/Jul/2015:00:25:43 -0500] "GET /forest/json.do?query=versionListadas HTTP/1.1" 200 15
181.56.193.251 - - [07/Jul/2015:00:25:43 -0500] "GET /forest/json.do?query=usersByDep&coddep=7105 HTTP/1.1" 200 188
181.56.193.251 - - [07/Jul/2015:00:25:43 -0500] "GET /forest/json.do?query=procesIniciales HTTP/1.1" 200 10733
181.56.193.251 - - [07/Jul/2015:00:25:43 -0500] "GET /forest/json.do?query=bpmnIniciales HTTP/1.1" 200 1095
181.56.193.251 - - [07/Jul/2015:00:25:46 -0500] "POST /forest/buscar.do? HTTP/1.1" 200 5155
181.56.193.251 - - [07/Jul/2015:00:25:51 -0500] "GET /forest/skins/gdocs-jar/popup/popup.jsp?width=900&height=600&title=Informaci%F3n%20de%20proceso&uri=/forest/system/process.jsp%3FnumPro%3D3114641&name=undefined&_a=0.7874799245037138&a=0.3547480113338679 HTTP/1.1" 200 1312
181.56.193.251 - - [07/Jul/2015:00:25:51 -0500] "GET /forest/system/process.jsp?numPro=3114641 HTTP/1.1" 200 95248
66.249.79.107 - - [07/Jul/2015:00:25:52 -0500] "GET /BLA/resoluciones/AUTOS%202008/3414.pdf HTTP/1.1" 304 -
66.249.79.120 - - [07/Jul/2015:00:26:01 -0500] "GET /BLA/resoluciones/AUTOS%202013/3557.pdf HTTP/1.1" 304 -
190.158.116.145 - - [07/Jul/2015:00:26:09 -0500] "GET /BLA/boletinlegal/js/jquery.scrollTo-min.js HTTP/1.1" 200 1150
190.158.116.145 - - [07/Jul/2015:00:26:09 -0500] "GET /galeria/galeria/jquery.fancybox.css?v=2.1.5 HTTP/1.1" 200 4895
190.158.116.145 - - [07/Jul/2015:00:26:09 -0500] "GET /BLA/boletinlegal/js/jquery.scrollShow.js HTTP/1.1" 200 4586
190.158.116.145 - - [07/Jul/2015:00:26:09 -0500] "GET /galeria/galeria/jquery.fancybox.js?v=2.1.5 HTTP/1.1" 200 48706
66.249.79.164 - - [07/Jul/2015:00:26:10 -0500] "GET /PruebasSTORM/StormSDA_pruebas/userFiles/ HTTP/1.1" 200 5500
190.158.116.145 - - [07/Jul/2015:00:26:13 -0500] "GET /BLA/boletinlegal/js/jquery.scrollShow.js HTTP/1.1" 304 -
190.158.116.145 - - [07/Jul/2015:00:26:13 -0500] "GET /BLA/boletinlegal/js/jquery.scrollTo-min.js HTTP/1.1" 304 -
190.158.116.145 - - [07/Jul/2015:00:26:13 -0500] "GET /galeria/galeria/jquery.fancybox.js?v=2.1.5 HTTP/1.1" 304 -
190.158.116.145 - - [07/Jul/2015:00:26:13 -0500] "GET /galeria/galeria/jquery.fancybox.css?v=2.1.5 HTTP/1.1" 304 -
66.249.79.120 - - [07/Jul/2015:00:26:20 -0500] "GET /BLA/resoluciones/AUTOS%202009/1712.pdf HTTP/1.1" 304 -
66.249.79.133 - - [07/Jul/2015:00:26:29 -0500] "GET /BLA/resoluciones/RESOLUCIONES%202011/2133.pdf HTTP/1.1" 304 -
181.56.193.251 - - [07/Jul/2015:00:26:33 -0500] "GET /forest/buscar.do?type=procesos HTTP/1.1" 200 85047
181.56.193.251 - - [07/Jul/2015:00:26:33 -0500] "GET /forest/json.do?query=usersByDep&coddep=7105 HTTP/1.1" 200 188
181.56.193.251 - - [07/Jul/2015:00:26:33 -0500] "GET /forest/json.do?query=versionListadas HTTP/1.1" 200 15
181.56.193.251 - - [07/Jul/2015:00:26:33 -0500] "GET /forest/json.do?query=usersByDep&coddep=7105 HTTP/1.1" 200 188
181.56.193.251 - - [07/Jul/2015:00:26:33 -0500] "GET /forest/json.do?query=procesIniciales HTTP/1.1" 200 10733
181.56.193.251 - - [07/Jul/2015:00:26:33 -0500] "GET /forest/json.do?query=bpmnIniciales HTTP/1.1" 200 1095
181.56.193.251 - - [07/Jul/2015:00:26:37 -0500] "POST /forest/buscar.do? HTTP/1.1" 200 5170
66.249.79.107 - - [07/Jul/2015:00:26:38 -0500] "GET /BLA/resoluciones/AUTOS%202009/3275.pdf HTTP/1.1" 304 -
66.249.79.120 - - [07/Jul/2015:00:26:39 -0500] "GET /BLA/resoluciones/RESOLUCIONES%202005/RES%202005%20751-800/00000793.tif HTTP/1.1" 304 -
66.249.79.120 - - [07/Jul/2015:00:26:48 -0500] "GET /BLA/resoluciones/RESOLUCIONES%202011/0289.pdf HTTP/1.1" 304 -
66.249.79.107 - - [07/Jul/2015:00:26:57 -0500] "GET /BLA/resoluciones/RESOLUCIONES%202007/RES%202007%20101%20AL%20200/RESOLUCION%200146%20DE%202007.pdf HTTP/1.1" 304 -
66.249.79.120 - - [07/Jul/2015:00:27:07 -0500] "GET /BLA/resoluciones/AUTOS%202011/0175.pdf HTTP/1.1" 304 -
66.249.79.133 - - [07/Jul/2015:00:27:16 -0500] "GET /BLA/resoluciones/AUTOS%202011/4860.pdf HTTP/1.1" 304 -
190.45.192.28 - - [07/Jul/2015:00:27:24 -0500] "GET /galeria/galeria/jquery.fancybox.css?v=2.1.5 HTTP/1.1" 200 4895
190.45.192.28 - - [07/Jul/2015:00:27:24 -0500] "GET /BLA/boletinlegal/js/jquery.scrollShow.js HTTP/1.1" 200 4586
190.45.192.28 - - [07/Jul/2015:00:27:24 -0500] "GET /BLA/boletinlegal/js/jquery.scrollTo-min.js HTTP/1.1" 200 1150
190.45.192.28 - - [07/Jul/2015:00:27:24 -0500] "GET /galeria/galeria/jquery.fancybox.js?v=2.1.5 HTTP/1.1" 200 48706
66.249.79.107 - - [07/Jul/2015:00:27:25 -0500] "GET /BLA/resoluciones/AUTOS%202008/2680.pdf HTTP/1.1" 304 -
188.165.15.152 - - [07/Jul/2015:00:27:28 -0500] "GET /BLA/resoluciones/AUTOS%202006/AUTOS%202006%20201-300/00000290.tif HTTP/1.1" 200 57910
66.249.79.133 - - [07/Jul/2015:00:27:35 -0500] "GET /BLA/resoluciones/AUTOS%202008/3029.pdf HTTP/1.1" 304 -
201.164.18.84 - - [07/Jul/2015:00:27:36 -0500] "GET /galeria/galeria/jquery.fancybox.js?v=2.1.5 HTTP/1.1" 200 48706
201.164.18.84 - - [07/Jul/2015:00:27:36 -0500] "GET /BLA/boletinlegal/js/jquery.scrollShow.js HTTP/1.1" 200 4586
201.164.18.84 - - [07/Jul/2015:00:27:36 -0500] "GET /galeria/galeria/jquery.fancybox.css?v=2.1.5 HTTP/1.1" 200 4895
201.164.18.84 - - [07/Jul/2015:00:27:36 -0500] "GET /BLA/boletinlegal/js/jquery.scrollTo-min.js HTTP/1.1" 200 1150
201.164.18.84 - - [07/Jul/2015:00:27:43 -0500] "GET /galeria/galeria/jquery.fancybox.css?v=2.1.5 HTTP/1.1" 304 -
201.164.18.84 - - [07/Jul/2015:00:27:43 -0500] "GET /BLA/boletinlegal/js/jquery.scrollTo-min.js HTTP/1.1" 304 -
201.164.18.84 - - [07/Jul/2015:00:27:43 -0500] "GET /BLA/boletinlegal/js/jquery.scrollShow.js HTTP/1.1" 304 -
201.164.18.84 - - [07/Jul/2015:00:27:43 -0500] "GET /galeria/galeria/jquery.fancybox.js?v=2.1.5 HTTP/1.1" 304 -
66.249.79.107 - - [07/Jul/2015:00:27:44 -0500] "GET /BLA/resoluciones/RESOLUCIONES%202011/5887.pdf HTTP/1.1" 304 -
190.157.185.241 - - [07/Jul/2015:00:27:45 -0500] "GET /galeria/galeria/jquery.fancybox.js?v=2.1.5 HTTP/1.1" 304 -
190.157.185.241 - - [07/Jul/2015:00:27:45 -0500] "GET /galeria/galeria/jquery.fancybox.css?v=2.1.5 HTTP/1.1" 304 -
190.157.185.241 - - [07/Jul/2015:00:28:04 -0500] "GET /galeria/galeria/jquery.fancybox.js?v=2.1.5 HTTP/1.1" 304 -
190.157.185.241 - - [07/Jul/2015:00:28:05 -0500] "GET /galeria/galeria/jquery.fancybox.css?v=2.1.5 HTTP/1.1" 304 -
188.165.15.152 - - [07/Jul/2015:00:28:26 -0500] "GET /BLA/resoluciones/AUTOS%202006/AUTOS%202006%202201%20-%202300/00002263.tif HTTP/1.1" 200 74268
66.249.79.107 - - [07/Jul/2015:00:28:26 -0500] "GET /BLA/resoluciones/AUTOS%202008/3306.pdf HTTP/1.1" 304 -
66.249.79.120 - - [07/Jul/2015:00:28:27 -0500] "GET /BLA/resoluciones/AUTOS%202008/0796.pdf HTTP/1.1" 304 -
66.249.79.120 - - [07/Jul/2015:00:28:27 -0500] "GET /BLA/resoluciones/AUTOS%202008/2042.pdf HTTP/1.1" 304 -
66.249.79.107 - - [07/Jul/2015:00:28:31 -0500] "GET /BLA/resoluciones/RESOLUCIONES%202009/5200.pdf HTTP/1.1" 304 -
66.249.79.177 - - [07/Jul/2015:00:28:40 -0500] "GET /BLA/boletinlegal/jurisprudencia/analisis/analisis%20sentencia%20C-596-10.doc HTTP/1.1" 304 -
66.249.79.120 - - [07/Jul/2015:00:28:49 -0500] "GET /BLA/resoluciones/RESOLUCIONES%202013/0269.pdf HTTP/1.1" 304 -
181.56.193.251 - - [07/Jul/2015:00:28:58 -0500] "GET /forest/session.jsp?a=0.1126440935768187 HTTP/1.1" 200 4
66.249.79.120 - - [07/Jul/2015:00:28:59 -0500] "GET /BLA/resoluciones/RESOLUCIONES%202010/7593.pdf HTTP/1.1" 304 -
66.249.79.120 - - [07/Jul/2015:00:29:08 -0500] "GET /BLA/resoluciones/RESOLUCIONES%202013/0078.pdf HTTP/1.1" 304 -
201.185.10.141 - - [07/Jul/2015:00:29:16 -0500] "GET /BLA/boletinlegal/js/jquery.scrollTo-min.js HTTP/1.1" 200 1150
201.185.10.141 - - [07/Jul/2015:00:29:16 -0500] "GET /galeria/galeria/jquery.fancybox.js?v=2.1.5 HTTP/1.1" 200 48706
201.185.10.141 - - [07/Jul/2015:00:29:16 -0500] "GET /BLA/boletinlegal/js/jquery.scrollShow.js HTTP/1.1" 200 4586
201.185.10.141 - - [07/Jul/2015:00:29:16 -0500] "GET /galeria/galeria/jquery.fancybox.css?v=2.1.5 HTTP/1.1" 200 4895
201.185.10.141 - - [07/Jul/2015:00:29:16 -0500] "GET /galeria/carrusel/Carrusel/jquery.thumbnailScroller.css HTTP/1.1" 200 2066
201.185.10.141 - - [07/Jul/2015:00:29:16 -0500] "GET /galeria/carrusel/Carrusel/jquery-ui-1.8.13.custom.min.js HTTP/1.1" 200 10800
201.185.10.141 - - [07/Jul/2015:00:29:16 -0500] "GET /galeria/carrusel/Carrusel/jquery.thumbnailScroller.js HTTP/1.1" 200 8157
66.249.79.120 - - [07/Jul/2015:00:29:17 -0500] "GET /BLA/resoluciones/AUTOS%202011/4000.pdf HTTP/1.1" 304 -
66.249.79.120 - - [07/Jul/2015:00:29:18 -0500] "GET /BLA/resoluciones/RESOLUCIONES%202009/2152.pdf HTTP/1.1" 200 477643
66.249.79.133 - - [07/Jul/2015:00:29:19 -0500] "GET /BLA/resoluciones/AUTOS%202009/1928.pdf HTTP/1.1" 200 103574
188.165.15.152 - - [07/Jul/2015:00:29:19 -0500] "GET /BLA/resoluciones/RESOLUCIONES%202005/RES%202005%202101-2150/00002144.tif HTTP/1.1" 200 201812
201.185.10.141 - - [07/Jul/2015:00:29:20 -0500] "GET /galeria/nivo-slider/demo/demo.html HTTP/1.1" 200 5022
201.185.10.141 - - [07/Jul/2015:00:29:20 -0500] "GET /galeria/nivo-slider/themes/default/default.css HTTP/1.1" 200 1569
201.185.10.141 - - [07/Jul/2015:00:29:20 -0500] "GET /galeria/nivo-slider/themes/pascal/pascal.css HTTP/1.1" 200 2258
201.185.10.141 - - [07/Jul/2015:00:29:20 -0500] "GET /galeria/nivo-slider/themes/orman/orman.css HTTP/1.1" 200 2152
201.185.10.141 - - [07/Jul/2015:00:29:20 -0500] "GET /galeria/nivo-slider/nivo-slider.css HTTP/1.1" 200 1507
201.185.10.141 - - [07/Jul/2015:00:29:20 -0500] "GET /galeria/nivo-slider/demo/style.css HTTP/1.1" 200 2222
201.185.10.141 - - [07/Jul/2015:00:29:20 -0500] "GET /galeria/nivo-slider/demo/images/Rendicion-de-cuentas.jpg HTTP/1.1" 200 174889
201.185.10.141 - - [07/Jul/2015:00:29:20 -0500] "GET /galeria/nivo-slider/demo/images/VoluntariadoPYBA.jpg HTTP/1.1" 200 40647
66.249.79.107 - - [07/Jul/2015:00:29:20 -0500] "GET /BLA/resoluciones/RESOLUCIONES%202012/0887.pdf HTTP/1.1" 200 481726
201.185.10.141 - - [07/Jul/2015:00:29:20 -0500] "GET /galeria/nivo-slider/demo/images/9Signos.jpg HTTP/1.1" 200 81776
201.185.10.141 - - [07/Jul/2015:00:29:20 -0500] "GET /galeria/nivo-slider/demo/images/Comparendo-ambiental-Banner.jpg HTTP/1.1" 200 83731
201.185.10.141 - - [07/Jul/2015:00:29:20 -0500] "GET /galeria/nivo-slider/demo/images/Atempobogota.jpg HTTP/1.1" 200 91770
201.185.10.141 - - [07/Jul/2015:00:29:20 -0500] "GET /galeria/nivo-slider/demo/images/GAE-banner.jpg HTTP/1.1" 200 97556
201.185.10.141 - - [07/Jul/2015:00:29:21 -0500] "GET /galeria/nivo-slider/demo/images/Banner-encuesta-de-percepscio.jpg HTTP/1.1" 200 201899
188.165.15.152 - - [07/Jul/2015:00:29:22 -0500] "GET /BLA/resoluciones/AUTOS%202006/AUTOS%202006%202201%20-%202300/00002295.tif HTTP/1.1" 200 71200
66.249.79.133 - - [07/Jul/2015:00:29:27 -0500] "GET /BLA/resoluciones/AUTOS%202014/1585.pdf HTTP/1.1" 304 -
66.249.79.107 - - [07/Jul/2015:00:29:36 -0500] "GET /BLA/resoluciones/AUTOS%202008/3203.pdf HTTP/1.1" 304 -
66.249.79.177 - - [07/Jul/2015:00:29:45 -0500] "GET /portalsiaccapacitaciones/Soportes%20Capacitaciones%202013/0032.%20PRESENTACI%C3%93N%20FUENTES%20FIJAS%20-%2015%20de%20Agosto.pdf HTTP/1.1" 304 -
66.249.79.107 - - [07/Jul/2015:00:29:55 -0500] "GET /BLA/resoluciones/RESOLUCIONES%202007/RES%202007%20901%20AL%201000/RESOLUCION%200920%20DE%202007.pdf HTTP/1.1" 304 -
66.249.79.107 - - [07/Jul/2015:00:30:02 -0500] "GET /BLA/resoluciones/RESOLUCIONES%202012/1159.pdf HTTP/1.1" 304 -
66.249.79.133 - - [07/Jul/2015:00:30:04 -0500] "GET /BLA/resoluciones/AUTOS%202010/4872.pdf HTTP/1.1" 304 -
74.86.158.107 - - [07/Jul/2015:00:30:07 -0500] "HEAD / HTTP/1.1" 200 -
66.249.79.120 - - [07/Jul/2015:00:30:13 -0500] "GET /BLA/resoluciones/RESOLUCIONES%202011/3692.pdf HTTP/1.1" 304 -
66.249.79.107 - - [07/Jul/2015:00:30:23 -0500] "GET /BLA/resoluciones/AUTOS%202011/1904.pdf HTTP/1.1" 304 -
66.249.79.133 - - [07/Jul/2015:00:30:32 -0500] "GET /BLA/resoluciones/RESOLUCIONES%202007/RES%202007%201901%20AL%202000/RESOLUCION%201904%20DE%202007.pdf HTTP/1.1" 304 -
66.249.79.120 - - [07/Jul/2015:00:30:41 -0500] "GET /BLA/resoluciones/RESOLUCIONES%202009/4750.pdf HTTP/1.1" 200 612049
66.249.79.133 - - [07/Jul/2015:00:30:51 -0500] "GET /BLA/resoluciones/RESOLUCIONES%202014/2454.pdf HTTP/1.1" 304 -
201.244.200.59 - - [07/Jul/2015:00:30:52 -0500] "GET /BLA/boletinlegal/js/jquery.scrollTo-min.js HTTP/1.1" 200 1150
201.244.200.59 - - [07/Jul/2015:00:30:52 -0500] "GET /BLA/boletinlegal/js/jquery.scrollShow.js HTTP/1.1" 200 4586
201.244.200.59 - - [07/Jul/2015:00:30:52 -0500] "GET /galeria/galeria/jquery.fancybox.js?v=2.1.5 HTTP/1.1" 200 48706
201.244.200.59 - - [07/Jul/2015:00:30:52 -0500] "GET /galeria/galeria/jquery.fancybox.css?v=2.1.5 HTTP/1.1" 200 4895
201.244.200.59 - - [07/Jul/2015:00:30:52 -0500] "GET /galeria/carrusel/Carrusel/jquery.thumbnailScroller.css HTTP/1.1" 200 2066
201.244.200.59 - - [07/Jul/2015:00:30:52 -0500] "GET /galeria/carrusel/Carrusel/jquery-ui-1.8.13.custom.min.js HTTP/1.1" 200 10800
201.244.200.59 - - [07/Jul/2015:00:30:52 -0500] "GET /galeria/carrusel/Carrusel/jquery.thumbnailScroller.js HTTP/1.1" 200 8157
201.244.200.59 - - [07/Jul/2015:00:30:54 -0500] "GET /galeria/nivo-slider/demo/demo.html HTTP/1.1" 200 5022
201.244.200.59 - - [07/Jul/2015:00:30:54 -0500] "GET /galeria/nivo-slider/themes/default/default.css HTTP/1.1" 200 1569
201.244.200.59 - - [07/Jul/2015:00:30:54 -0500] "GET /galeria/nivo-slider/themes/pascal/pascal.css HTTP/1.1" 200 2258
201.244.200.59 - - [07/Jul/2015:00:30:54 -0500] "GET /galeria/nivo-slider/themes/orman/orman.css HTTP/1.1" 200 2152
201.244.200.59 - - [07/Jul/2015:00:30:54 -0500] "GET /galeria/nivo-slider/nivo-slider.css HTTP/1.1" 200 1507
201.244.200.59 - - [07/Jul/2015:00:30:55 -0500] "GET /galeria/nivo-slider/demo/style.css HTTP/1.1" 200 2222
201.244.200.59 - - [07/Jul/2015:00:30:55 -0500] "GET /galeria/nivo-slider/demo/scripts/jquery-1.7.1.min.js HTTP/1.1" 200 93868
201.244.200.59 - - [07/Jul/2015:00:30:55 -0500] "GET /galeria/nivo-slider/jquery.nivo.slider.pack.js HTTP/1.1" 200 11561
201.244.200.59 - - [07/Jul/2015:00:30:55 -0500] "GET /galeria/nivo-slider/demo/images/4Simple_Slider.png HTTP/1.1" 200 11722
201.244.200.59 - - [07/Jul/2015:00:30:55 -0500] "GET /galeria/nivo-slider/themes/default/loading.gif HTTP/1.1" 200 1737
201.244.200.59 - - [07/Jul/2015:00:30:55 -0500] "GET /galeria/nivo-slider/demo/images/Rendicion-de-cuentas.jpg HTTP/1.1" 200 174889
201.244.200.59 - - [07/Jul/2015:00:30:55 -0500] "GET /galeria/nivo-slider/demo/images/VoluntariadoPYBA.jpg HTTP/1.1" 200 40647
201.244.200.59 - - [07/Jul/2015:00:30:55 -0500] "GET /galeria/nivo-slider/demo/images/9Signos.jpg HTTP/1.1" 200 81776
201.244.200.59 - - [07/Jul/2015:00:30:55 -0500] "GET /galeria/nivo-slider/demo/images/Atempobogota.jpg HTTP/1.1" 200 91770
201.244.200.59 - - [07/Jul/2015:00:30:57 -0500] "GET /galeria/nivo-slider/demo/images/Comparendo-ambiental-Banner.jpg HTTP/1.1" 200 83731
201.244.200.59 - - [07/Jul/2015:00:30:57 -0500] "GET /galeria/nivo-slider/demo/images/GAE-banner.jpg HTTP/1.1" 200 97556
201.244.200.59 - - [07/Jul/2015:00:30:59 -0500] "GET /galeria/nivo-slider/demo/images/Banner-encuesta-de-percepscio.jpg HTTP/1.1" 200 201899
201.244.200.59 - - [07/Jul/2015:00:31:00 -0500] "GET /galeria/nivo-slider/demo/images/banner-Pacto-por-la-madera.jpg HTTP/1.1" 200 209966
66.249.79.107 - - [07/Jul/2015:00:31:00 -0500] "GET /BLA/resoluciones/AUTOS%202011/3001.pdf HTTP/1.1" 304 -
201.244.200.59 - - [07/Jul/2015:00:31:02 -0500] "GET /galeria/nivo-slider/demo/images/acuerdo_569.jpg HTTP/1.1" 200 62670
201.244.200.59 - - [07/Jul/2015:00:31:02 -0500] "GET /galeria/nivo-slider/demo/images/Licitaciones-proyecto-paramo.jpg HTTP/1.1" 200 221877
201.244.200.59 - - [07/Jul/2015:00:31:03 -0500] "GET /galeria/nivo-slider/demo/images/Banner-decreto1299.jpg HTTP/1.1" 200 182613
201.244.200.59 - - [07/Jul/2015:00:31:03 -0500] "GET /galeria/nivo-slider/demo/images/Banner-Directorio.jpg HTTP/1.1" 200 182068
201.244.200.59 - - [07/Jul/2015:00:31:03 -0500] "GET /galeria/nivo-slider/demo/images/Ruta-vertimientos-01.jpg HTTP/1.1" 200 130151
201.244.200.59 - - [07/Jul/2015:00:31:03 -0500] "GET /galeria/nivo-slider/demo/images/bolsas-06.jpg HTTP/1.1" 200 90982
201.244.200.59 - - [07/Jul/2015:00:31:04 -0500] "GET /galeria/nivo-slider/demo/images/Conoce-los-humedales.jpg HTTP/1.1" 200 294036
201.244.200.59 - - [07/Jul/2015:00:31:06 -0500] "GET /galeria/nivo-slider/demo/images/ecolecta-Dic2014.png HTTP/1.1" 200 288593
201.244.200.59 - - [07/Jul/2015:00:31:06 -0500] "GET /galeria/nivo-slider/demo/images/Banner-Caracol-Africano.jpg HTTP/1.1" 200 331986
201.244.200.59 - - [07/Jul/2015:00:31:06 -0500] "GET /galeria/nivo-slider/demo/images/banner-llantas2.jpg HTTP/1.1" 200 204644
66.249.79.164 - - [07/Jul/2015:00:31:19 -0500] "GET /Anexos%20estudio%20Organizacional%20SDA/ANEXO%20No.%203-%20CONTRATACI%C3%93N%20%20OPS%C2%B4s%202008-2012/CONTRATOS%20SDA%202009%20POR%20DEPENDENCIA%20(1).xls HTTP/1.1" 304 -
66.249.79.133 - - [07/Jul/2015:00:31:28 -0500] "GET /BLA/resoluciones/AUTOS%202011/3615.pdf HTTP/1.1" 304 -
66.249.79.107 - - [07/Jul/2015:00:31:38 -0500] "GET /BLA/resoluciones/AUTOS%202008/1228.pdf HTTP/1.1" 304 -
66.249.79.107 - - [07/Jul/2015:00:31:47 -0500] "GET /BLA/resoluciones/RESOLUCIONES%202007/RES%202007%201801%20AL%201900/RESOLUCION%201814%20DE%202007.pdf HTTP/1.1" 304 -
66.249.79.107 - - [07/Jul/2015:00:31:56 -0500] "GET /BLA/resoluciones/Notificaciones/AUTOS%202013/3365.doc HTTP/1.1" 304 -
201.234.75.11 - - [07/Jul/2015:00:31:57 -0500] "GET /galeria/nivo-slider/demo/images/coplima.jpg HTTP/1.1" 304 -
66.249.79.120 - - [07/Jul/2015:00:32:06 -0500] "GET /BLA/resoluciones/RESOLUCIONES%202013/0661.pdf HTTP/1.1" 304 -
68.12.0.90 - - [07/Jul/2015:00:32:08 -0500] "GET /webdav/x32.php?host=70.122.97.240&time=60&port=201 HTTP/1.1" 404 1018
66.249.79.107 - - [07/Jul/2015:00:32:15 -0500] "GET /BLA/resoluciones/AUTOS%202007/1228.pdf HTTP/1.1" 304 -
