190.236.130.64 - - [11/Jul/2015:14:26:30 -0500] "GET /videos/CRRFFS.mp4 HTTP/1.1" 206 285678219
66.249.65.227 - - [11/Jul/2015:14:26:34 -0500] "GET /BLA/resoluciones/AUTOS%202011/4877.pdf HTTP/1.1" 304 -
181.135.192.229 - - [11/Jul/2015:14:26:47 -0500] "GET /galeria/galeria/jquery.fancybox.css?v=2.1.5 HTTP/1.1" 200 4895
181.135.192.229 - - [11/Jul/2015:14:26:47 -0500] "GET /galeria/carrusel/Carrusel/jquery.thumbnailScroller.css HTTP/1.1" 200 2066
181.135.192.229 - - [11/Jul/2015:14:26:47 -0500] "GET /BLA/boletinlegal/js/jquery.scrollShow.js HTTP/1.1" 200 4586
181.135.192.229 - - [11/Jul/2015:14:26:47 -0500] "GET /BLA/boletinlegal/js/jquery.scrollTo-min.js HTTP/1.1" 200 1150
181.135.192.229 - - [11/Jul/2015:14:26:47 -0500] "GET /galeria/galeria/jquery.fancybox.js?v=2.1.5 HTTP/1.1" 200 48706
181.135.192.229 - - [11/Jul/2015:14:26:47 -0500] "GET /galeria/carrusel/Carrusel/jquery-ui-1.8.13.custom.min.js HTTP/1.1" 200 10800
181.135.192.229 - - [11/Jul/2015:14:26:47 -0500] "GET /galeria/carrusel/Carrusel/jquery.thumbnailScroller.js HTTP/1.1" 200 8157
181.135.192.229 - - [11/Jul/2015:14:26:48 -0500] "GET /galeria/nivo-slider/demo/demo.html HTTP/1.1" 200 5061
181.135.192.229 - - [11/Jul/2015:14:26:51 -0500] "GET /galeria/nivo-slider/themes/default/default.css HTTP/1.1" 200 1569
181.135.192.229 - - [11/Jul/2015:14:26:51 -0500] "GET /galeria/nivo-slider/themes/pascal/pascal.css HTTP/1.1" 200 2258
181.135.192.229 - - [11/Jul/2015:14:26:51 -0500] "GET /galeria/nivo-slider/themes/orman/orman.css HTTP/1.1" 200 2152
181.135.192.229 - - [11/Jul/2015:14:26:51 -0500] "GET /galeria/nivo-slider/nivo-slider.css HTTP/1.1" 200 1507
181.135.192.229 - - [11/Jul/2015:14:26:51 -0500] "GET /galeria/nivo-slider/demo/style.css HTTP/1.1" 200 2222
181.135.192.229 - - [11/Jul/2015:14:26:51 -0500] "GET /galeria/nivo-slider/demo/images/Rendicion-de-cuentas.jpg HTTP/1.1" 200 174889
181.135.192.229 - - [11/Jul/2015:14:26:51 -0500] "GET /galeria/nivo-slider/demo/scripts/jquery-1.7.1.min.js HTTP/1.1" 200 93868
181.135.192.229 - - [11/Jul/2015:14:26:51 -0500] "GET /galeria/nivo-slider/demo/images/banner-llantas2.jpg HTTP/1.1" 200 204644
181.135.192.229 - - [11/Jul/2015:14:26:51 -0500] "GET /galeria/nivo-slider/jquery.nivo.slider.pack.js HTTP/1.1" 200 11561
181.135.192.229 - - [11/Jul/2015:14:26:51 -0500] "GET /galeria/nivo-slider/demo/images/Semana-PYBA.jpg HTTP/1.1" 200 77763
181.135.192.229 - - [11/Jul/2015:14:26:51 -0500] "GET /galeria/nivo-slider/demo/images/VoluntariadoPYBA.jpg HTTP/1.1" 200 40647
181.135.192.229 - - [11/Jul/2015:14:26:51 -0500] "GET /galeria/nivo-slider/demo/images/9Signos.jpg HTTP/1.1" 200 81776
181.135.192.229 - - [11/Jul/2015:14:26:51 -0500] "GET /galeria/nivo-slider/demo/images/4Simple_Slider.png HTTP/1.1" 200 11722
181.135.192.229 - - [11/Jul/2015:14:26:52 -0500] "GET /galeria/nivo-slider/themes/default/loading.gif HTTP/1.1" 200 1737
181.135.192.229 - - [11/Jul/2015:14:26:52 -0500] "GET /galeria/nivo-slider/demo/images/Comparendo-ambiental-Banner.jpg HTTP/1.1" 200 83731
181.135.192.229 - - [11/Jul/2015:14:26:52 -0500] "GET /galeria/nivo-slider/demo/images/GAE-banner.jpg HTTP/1.1" 200 97556
181.135.192.229 - - [11/Jul/2015:14:26:52 -0500] "GET /galeria/nivo-slider/demo/images/Banner-encuesta-de-percepscio.jpg HTTP/1.1" 200 201899
181.135.192.229 - - [11/Jul/2015:14:26:52 -0500] "GET /galeria/nivo-slider/demo/images/banner-Pacto-por-la-madera.jpg HTTP/1.1" 200 209966
181.135.192.229 - - [11/Jul/2015:14:26:52 -0500] "GET /galeria/nivo-slider/demo/images/acuerdo_569.jpg HTTP/1.1" 200 62670
181.135.192.229 - - [11/Jul/2015:14:26:52 -0500] "GET /galeria/nivo-slider/demo/images/Licitaciones-proyecto-paramo.jpg HTTP/1.1" 200 221877
181.135.192.229 - - [11/Jul/2015:14:26:53 -0500] "GET /galeria/nivo-slider/demo/images/Banner-decreto1299.jpg HTTP/1.1" 200 182613
181.135.192.229 - - [11/Jul/2015:14:26:54 -0500] "GET /galeria/nivo-slider/demo/images/Banner-Directorio.jpg HTTP/1.1" 200 182068
181.135.192.229 - - [11/Jul/2015:14:26:55 -0500] "GET /galeria/nivo-slider/demo/images/Ruta-vertimientos-01.jpg HTTP/1.1" 200 130151
181.135.192.229 - - [11/Jul/2015:14:26:55 -0500] "GET /galeria/nivo-slider/demo/images/bolsas-06.jpg HTTP/1.1" 200 90982
181.135.192.229 - - [11/Jul/2015:14:26:55 -0500] "GET /galeria/nivo-slider/demo/images/Conoce-los-humedales.jpg HTTP/1.1" 200 294036
181.135.192.229 - - [11/Jul/2015:14:26:56 -0500] "GET /galeria/nivo-slider/demo/images/ecolecta-Dic2014.png HTTP/1.1" 200 288593
181.135.192.229 - - [11/Jul/2015:14:26:56 -0500] "GET /galeria/nivo-slider/demo/images/Banner-Caracol-Africano.jpg HTTP/1.1" 200 331986
66.249.65.220 - - [11/Jul/2015:14:26:58 -0500] "GET /BLA/resoluciones/RESOLUCIONES%202010/1132.pdf HTTP/1.1" 304 -
181.135.192.229 - - [11/Jul/2015:14:27:01 -0500] "GET /galeria/nivo-slider/themes/default/arrows.png HTTP/1.1" 200 824
181.135.192.229 - - [11/Jul/2015:14:27:01 -0500] "GET /galeria/nivo-slider/themes/default/bullets.png HTTP/1.1" 200 1281
66.249.65.227 - - [11/Jul/2015:14:27:04 -0500] "GET /portalsiaccapacitaciones/Soportes%20Capacitaciones%20A%C3%B1o%202013/0062.%20Presentaci%C3%B3n%20Resultados%20Acompa%C3%B1amiento%20Entidades%20Distritales%2019-12-2013.pdf HTTP/1.1" 404 1018
181.60.213.171 - - [11/Jul/2015:14:27:05 -0500] "POST /forms/lservlet;jsessionid=ac16012b30d678d07d40acff4103b76e877aafc42c53.e3iSbxaKaheRe34MbhmNaxqNb41ynknvrkLOlQzNp65In0 HTTP/1.1" 200 2
181.60.213.171 - - [11/Jul/2015:14:27:05 -0500] "POST /forms/lservlet;jsessionid=ac16012b30d678d07d40acff4103b76e877aafc42c53.e3iSbxaKaheRe34MbhmNaxqNb41ynknvrkLOlQzNp65In0 HTTP/1.1" 200 2338
181.60.213.171 - - [11/Jul/2015:14:27:06 -0500] "GET /imagenes/Srch_frw.gif HTTP/1.1" 200 925
181.60.213.171 - - [11/Jul/2015:14:27:06 -0500] "POST /forms/lservlet;jsessionid=ac16012b30d678d07d40acff4103b76e877aafc42c53.e3iSbxaKaheRe34MbhmNaxqNb41ynknvrkLOlQzNp65In0 HTTP/1.1" 200 10
181.60.213.171 - - [11/Jul/2015:14:27:07 -0500] "POST /forms/lservlet;jsessionid=ac16012b30d678d07d40acff4103b76e877aafc42c53.e3iSbxaKaheRe34MbhmNaxqNb41ynknvrkLOlQzNp65In0 HTTP/1.1" 200 24
181.60.213.171 - - [11/Jul/2015:14:27:07 -0500] "POST /forms/lservlet;jsessionid=ac16012b30d678d07d40acff4103b76e877aafc42c53.e3iSbxaKaheRe34MbhmNaxqNb41ynknvrkLOlQzNp65In0 HTTP/1.1" 200 4013
181.60.213.171 - - [11/Jul/2015:14:27:08 -0500] "POST /forms/lservlet;jsessionid=ac16012b30d678d07d40acff4103b76e877aafc42c53.e3iSbxaKaheRe34MbhmNaxqNb41ynknvrkLOlQzNp65In0 HTTP/1.1" 200 2
186.159.87.183 - - [11/Jul/2015:14:27:14 -0500] "GET /BLA/boletinlegal/js/jquery.scrollTo-min.js HTTP/1.1" 200 1150
186.159.87.183 - - [11/Jul/2015:14:27:14 -0500] "GET /BLA/boletinlegal/js/jquery.scrollShow.js HTTP/1.1" 200 4586
186.159.87.183 - - [11/Jul/2015:14:27:14 -0500] "GET /galeria/galeria/jquery.fancybox.js?v=2.1.5 HTTP/1.1" 200 48706
186.159.87.183 - - [11/Jul/2015:14:27:14 -0500] "GET /galeria/galeria/jquery.fancybox.css?v=2.1.5 HTTP/1.1" 200 4895
181.60.213.171 - - [11/Jul/2015:14:27:17 -0500] "POST /forms/lservlet;jsessionid=ac16012b30d678d07d40acff4103b76e877aafc42c53.e3iSbxaKaheRe34MbhmNaxqNb41ynknvrkLOlQzNp65In0 HTTP/1.1" 200 2
181.60.213.171 - - [11/Jul/2015:14:27:17 -0500] "POST /forms/lservlet;jsessionid=ac16012b30d678d07d40acff4103b76e877aafc42c53.e3iSbxaKaheRe34MbhmNaxqNb41ynknvrkLOlQzNp65In0 HTTP/1.1" 200 2338
181.60.213.171 - - [11/Jul/2015:14:27:17 -0500] "GET /imagenes/Srch_frw.gif HTTP/1.1" 200 925
181.60.213.171 - - [11/Jul/2015:14:27:17 -0500] "POST /forms/lservlet;jsessionid=ac16012b30d678d07d40acff4103b76e877aafc42c53.e3iSbxaKaheRe34MbhmNaxqNb41ynknvrkLOlQzNp65In0 HTTP/1.1" 200 10
181.60.213.171 - - [11/Jul/2015:14:27:19 -0500] "POST /forms/lservlet;jsessionid=ac16012b30d678d07d40acff4103b76e877aafc42c53.e3iSbxaKaheRe34MbhmNaxqNb41ynknvrkLOlQzNp65In0 HTTP/1.1" 200 24
181.60.213.171 - - [11/Jul/2015:14:27:19 -0500] "POST /forms/lservlet;jsessionid=ac16012b30d678d07d40acff4103b76e877aafc42c53.e3iSbxaKaheRe34MbhmNaxqNb41ynknvrkLOlQzNp65In0 HTTP/1.1" 200 3844
181.60.213.171 - - [11/Jul/2015:14:27:19 -0500] "POST /forms/lservlet;jsessionid=ac16012b30d678d07d40acff4103b76e877aafc42c53.e3iSbxaKaheRe34MbhmNaxqNb41ynknvrkLOlQzNp65In0 HTTP/1.1" 200 2
66.249.65.227 - - [11/Jul/2015:14:27:22 -0500] "GET /BLA/resoluciones/RESOLUCIONES%202009/7016.pdf HTTP/1.1" 200 722143
181.60.213.171 - - [11/Jul/2015:14:27:29 -0500] "POST /forms/lservlet;jsessionid=ac16012b30d678d07d40acff4103b76e877aafc42c53.e3iSbxaKaheRe34MbhmNaxqNb41ynknvrkLOlQzNp65In0 HTTP/1.1" 200 2
181.60.213.171 - - [11/Jul/2015:14:27:29 -0500] "POST /forms/lservlet;jsessionid=ac16012b30d678d07d40acff4103b76e877aafc42c53.e3iSbxaKaheRe34MbhmNaxqNb41ynknvrkLOlQzNp65In0 HTTP/1.1" 200 2359
181.60.213.171 - - [11/Jul/2015:14:27:29 -0500] "GET /imagenes/Srch_frw.gif HTTP/1.1" 200 925
181.60.213.171 - - [11/Jul/2015:14:27:29 -0500] "POST /forms/lservlet;jsessionid=ac16012b30d678d07d40acff4103b76e877aafc42c53.e3iSbxaKaheRe34MbhmNaxqNb41ynknvrkLOlQzNp65In0 HTTP/1.1" 200 10
181.60.213.171 - - [11/Jul/2015:14:27:31 -0500] "POST /forms/lservlet;jsessionid=ac16012b30d678d07d40acff4103b76e877aafc42c53.e3iSbxaKaheRe34MbhmNaxqNb41ynknvrkLOlQzNp65In0 HTTP/1.1" 200 24
181.60.213.171 - - [11/Jul/2015:14:27:31 -0500] "POST /forms/lservlet;jsessionid=ac16012b30d678d07d40acff4103b76e877aafc42c53.e3iSbxaKaheRe34MbhmNaxqNb41ynknvrkLOlQzNp65In0 HTTP/1.1" 200 4096
181.60.213.171 - - [11/Jul/2015:14:27:31 -0500] "POST /forms/lservlet;jsessionid=ac16012b30d678d07d40acff4103b76e877aafc42c53.e3iSbxaKaheRe34MbhmNaxqNb41ynknvrkLOlQzNp65In0 HTTP/1.1" 200 2
190.25.157.12 - - [11/Jul/2015:14:27:39 -0500] "POST /forms/lservlet;jsessionid=ac16012b30d605110ea27e0b4379958685c0d78e39b1.e3iSbxaKaheRe34MbhmNaxqNb41ynknvrkLOlQzNp65In0 HTTP/1.1" 200 2
180.76.15.145 - - [11/Jul/2015:14:27:42 -0500] "GET /SIG/ECS/126PM04-PR21.pdf HTTP/1.1" 200 7625135
66.249.65.220 - - [11/Jul/2015:14:27:46 -0500] "GET /BLA/resoluciones/RESOLUCIONES%202007/RES%202007%20401%20AL%20500/RESOLUCION%200461%20DE%202007.pdf HTTP/1.1" 304 -
181.60.213.171 - - [11/Jul/2015:14:28:01 -0500] "POST /forms/lservlet;jsessionid=ac16012b30d678d07d40acff4103b76e877aafc42c53.e3iSbxaKaheRe34MbhmNaxqNb41ynknvrkLOlQzNp65In0 HTTP/1.1" 200 2
181.60.213.171 - - [11/Jul/2015:14:28:01 -0500] "POST /forms/lservlet;jsessionid=ac16012b30d678d07d40acff4103b76e877aafc42c53.e3iSbxaKaheRe34MbhmNaxqNb41ynknvrkLOlQzNp65In0 HTTP/1.1" 200 2307
181.60.213.171 - - [11/Jul/2015:14:28:01 -0500] "GET /imagenes/Srch_frw.gif HTTP/1.1" 200 925
181.60.213.171 - - [11/Jul/2015:14:28:01 -0500] "POST /forms/lservlet;jsessionid=ac16012b30d678d07d40acff4103b76e877aafc42c53.e3iSbxaKaheRe34MbhmNaxqNb41ynknvrkLOlQzNp65In0 HTTP/1.1" 200 10
181.60.213.171 - - [11/Jul/2015:14:28:02 -0500] "POST /forms/lservlet;jsessionid=ac16012b30d678d07d40acff4103b76e877aafc42c53.e3iSbxaKaheRe34MbhmNaxqNb41ynknvrkLOlQzNp65In0 HTTP/1.1" 200 24
66.249.65.213 - - [11/Jul/2015:14:28:02 -0500] "GET /BLA/resoluciones/RESOLUCIONES%202003/RES%202003%201051-1100/1090.tif HTTP/1.1" 304 -
181.60.213.171 - - [11/Jul/2015:14:28:02 -0500] "POST /forms/lservlet;jsessionid=ac16012b30d678d07d40acff4103b76e877aafc42c53.e3iSbxaKaheRe34MbhmNaxqNb41ynknvrkLOlQzNp65In0 HTTP/1.1" 200 3723
181.60.213.171 - - [11/Jul/2015:14:28:03 -0500] "POST /forms/lservlet;jsessionid=ac16012b30d678d07d40acff4103b76e877aafc42c53.e3iSbxaKaheRe34MbhmNaxqNb41ynknvrkLOlQzNp65In0 HTTP/1.1" 200 2
66.249.65.213 - - [11/Jul/2015:14:28:10 -0500] "GET /BLA/resoluciones/RESOLUCIONES%202010/4578.pdf HTTP/1.1" 200 971624
200.14.238.130 - - [11/Jul/2015:14:28:12 -0500] "GET /BLA/boletinlegal/js/jquery.scrollTo-min.js HTTP/1.1" 200 1150
200.14.238.130 - - [11/Jul/2015:14:28:12 -0500] "GET /BLA/boletinlegal/js/jquery.scrollShow.js HTTP/1.1" 200 4586
200.14.238.130 - - [11/Jul/2015:14:28:12 -0500] "GET /galeria/galeria/jquery.fancybox.js?v=2.1.5 HTTP/1.1" 200 48706
200.14.238.130 - - [11/Jul/2015:14:28:12 -0500] "GET /galeria/galeria/jquery.fancybox.css?v=2.1.5 HTTP/1.1" 200 4895
200.14.238.130 - - [11/Jul/2015:14:28:12 -0500] "GET /galeria/carrusel/Carrusel/jquery.thumbnailScroller.css HTTP/1.1" 200 2066
200.14.238.130 - - [11/Jul/2015:14:28:12 -0500] "GET /galeria/carrusel/Carrusel/jquery-ui-1.8.13.custom.min.js HTTP/1.1" 200 10800
200.14.238.130 - - [11/Jul/2015:14:28:12 -0500] "GET /galeria/carrusel/Carrusel/jquery.thumbnailScroller.js HTTP/1.1" 200 8157
200.14.238.130 - - [11/Jul/2015:14:28:13 -0500] "GET /galeria/nivo-slider/demo/demo.html HTTP/1.1" 200 5061
74.86.158.107 - - [11/Jul/2015:14:28:14 -0500] "HEAD / HTTP/1.1" 200 -
200.14.238.130 - - [11/Jul/2015:14:28:14 -0500] "GET /galeria/nivo-slider/themes/pascal/pascal.css HTTP/1.1" 200 2258
200.14.238.130 - - [11/Jul/2015:14:28:14 -0500] "GET /galeria/nivo-slider/themes/default/default.css HTTP/1.1" 200 1569
200.14.238.130 - - [11/Jul/2015:14:28:14 -0500] "GET /galeria/nivo-slider/themes/orman/orman.css HTTP/1.1" 200 2152
200.14.238.130 - - [11/Jul/2015:14:28:14 -0500] "GET /galeria/nivo-slider/nivo-slider.css HTTP/1.1" 200 1507
200.14.238.130 - - [11/Jul/2015:14:28:14 -0500] "GET /galeria/nivo-slider/demo/style.css HTTP/1.1" 200 2222
200.14.238.130 - - [11/Jul/2015:14:28:14 -0500] "GET /galeria/nivo-slider/demo/images/Rendicion-de-cuentas.jpg HTTP/1.1" 200 174889
200.14.238.130 - - [11/Jul/2015:14:28:14 -0500] "GET /galeria/nivo-slider/demo/images/banner-llantas2.jpg HTTP/1.1" 200 204644
200.14.238.130 - - [11/Jul/2015:14:28:14 -0500] "GET /galeria/nivo-slider/demo/images/Semana-PYBA.jpg HTTP/1.1" 200 77763
200.14.238.130 - - [11/Jul/2015:14:28:14 -0500] "GET /galeria/nivo-slider/demo/images/VoluntariadoPYBA.jpg HTTP/1.1" 200 40647
200.14.238.130 - - [11/Jul/2015:14:28:14 -0500] "GET /galeria/nivo-slider/demo/images/9Signos.jpg HTTP/1.1" 200 81776
200.14.238.130 - - [11/Jul/2015:14:28:14 -0500] "GET /galeria/nivo-slider/demo/images/Comparendo-ambiental-Banner.jpg HTTP/1.1" 200 83731
200.14.238.130 - - [11/Jul/2015:14:28:14 -0500] "GET /galeria/nivo-slider/demo/images/GAE-banner.jpg HTTP/1.1" 200 97556
200.14.238.130 - - [11/Jul/2015:14:28:14 -0500] "GET /galeria/nivo-slider/demo/images/Banner-encuesta-de-percepscio.jpg HTTP/1.1" 200 201899
200.14.238.130 - - [11/Jul/2015:14:28:14 -0500] "GET /galeria/nivo-slider/demo/images/banner-Pacto-por-la-madera.jpg HTTP/1.1" 200 209966
200.14.238.130 - - [11/Jul/2015:14:28:14 -0500] "GET /galeria/nivo-slider/demo/images/acuerdo_569.jpg HTTP/1.1" 200 62670
200.14.238.130 - - [11/Jul/2015:14:28:15 -0500] "GET /galeria/nivo-slider/demo/images/Licitaciones-proyecto-paramo.jpg HTTP/1.1" 200 221877
200.14.238.130 - - [11/Jul/2015:14:28:15 -0500] "GET /galeria/nivo-slider/demo/images/Banner-decreto1299.jpg HTTP/1.1" 200 182613
200.14.238.130 - - [11/Jul/2015:14:28:15 -0500] "GET /galeria/nivo-slider/demo/images/Banner-Directorio.jpg HTTP/1.1" 200 182068
200.14.238.130 - - [11/Jul/2015:14:28:15 -0500] "GET /galeria/nivo-slider/demo/images/Ruta-vertimientos-01.jpg HTTP/1.1" 200 130151
200.14.238.130 - - [11/Jul/2015:14:28:15 -0500] "GET /galeria/nivo-slider/demo/images/bolsas-06.jpg HTTP/1.1" 200 90982
200.14.238.130 - - [11/Jul/2015:14:28:15 -0500] "GET /galeria/nivo-slider/demo/images/Conoce-los-humedales.jpg HTTP/1.1" 200 294036
200.14.238.130 - - [11/Jul/2015:14:28:16 -0500] "GET /galeria/nivo-slider/demo/images/ecolecta-Dic2014.png HTTP/1.1" 200 288593
200.14.238.130 - - [11/Jul/2015:14:28:16 -0500] "GET /galeria/nivo-slider/demo/images/Banner-Caracol-Africano.jpg HTTP/1.1" 200 331986
200.14.238.130 - - [11/Jul/2015:14:28:16 -0500] "GET /galeria/nivo-slider/demo/scripts/jquery-1.7.1.min.js HTTP/1.1" 200 93868
200.14.238.130 - - [11/Jul/2015:14:28:16 -0500] "GET /galeria/nivo-slider/jquery.nivo.slider.pack.js HTTP/1.1" 200 11561
200.14.238.130 - - [11/Jul/2015:14:28:16 -0500] "GET /galeria/nivo-slider/demo/images/4Simple_Slider.png HTTP/1.1" 200 11722
200.14.238.130 - - [11/Jul/2015:14:28:16 -0500] "GET /galeria/nivo-slider/themes/default/loading.gif HTTP/1.1" 200 1737
200.14.238.130 - - [11/Jul/2015:14:28:17 -0500] "GET /galeria/nivo-slider/themes/default/arrows.png HTTP/1.1" 200 824
200.14.238.130 - - [11/Jul/2015:14:28:17 -0500] "GET /galeria/nivo-slider/themes/default/bullets.png HTTP/1.1" 200 1281
181.60.213.171 - - [11/Jul/2015:14:28:26 -0500] "POST /forms/lservlet;jsessionid=ac16012b30d678d07d40acff4103b76e877aafc42c53.e3iSbxaKaheRe34MbhmNaxqNb41ynknvrkLOlQzNp65In0 HTTP/1.1" 200 2
66.249.65.227 - - [11/Jul/2015:14:28:33 -0500] "GET /BLA/resoluciones/RESOLUCIONES%202011/5124.pdf HTTP/1.1" 200 407888
181.60.213.171 - - [11/Jul/2015:14:28:40 -0500] "POST /forms/lservlet;jsessionid=ac16012b30d678d07d40acff4103b76e877aafc42c53.e3iSbxaKaheRe34MbhmNaxqNb41ynknvrkLOlQzNp65In0 HTTP/1.1" 200 2
181.60.213.171 - - [11/Jul/2015:14:28:40 -0500] "POST /forms/lservlet;jsessionid=ac16012b30d678d07d40acff4103b76e877aafc42c53.e3iSbxaKaheRe34MbhmNaxqNb41ynknvrkLOlQzNp65In0 HTTP/1.1" 200 2299
181.60.213.171 - - [11/Jul/2015:14:28:40 -0500] "GET /imagenes/Srch_frw.gif HTTP/1.1" 200 925
181.60.213.171 - - [11/Jul/2015:14:28:40 -0500] "POST /forms/lservlet;jsessionid=ac16012b30d678d07d40acff4103b76e877aafc42c53.e3iSbxaKaheRe34MbhmNaxqNb41ynknvrkLOlQzNp65In0 HTTP/1.1" 200 10
181.60.213.171 - - [11/Jul/2015:14:28:42 -0500] "POST /forms/lservlet;jsessionid=ac16012b30d678d07d40acff4103b76e877aafc42c53.e3iSbxaKaheRe34MbhmNaxqNb41ynknvrkLOlQzNp65In0 HTTP/1.1" 200 24
181.60.213.171 - - [11/Jul/2015:14:28:42 -0500] "POST /forms/lservlet;jsessionid=ac16012b30d678d07d40acff4103b76e877aafc42c53.e3iSbxaKaheRe34MbhmNaxqNb41ynknvrkLOlQzNp65In0 HTTP/1.1" 200 4082
181.60.213.171 - - [11/Jul/2015:14:28:42 -0500] "POST /forms/lservlet;jsessionid=ac16012b30d678d07d40acff4103b76e877aafc42c53.e3iSbxaKaheRe34MbhmNaxqNb41ynknvrkLOlQzNp65In0 HTTP/1.1" 200 2
181.60.213.171 - - [11/Jul/2015:14:28:50 -0500] "POST /forms/lservlet;jsessionid=ac16012b30d678d07d40acff4103b76e877aafc42c53.e3iSbxaKaheRe34MbhmNaxqNb41ynknvrkLOlQzNp65In0 HTTP/1.1" 200 2
181.60.213.171 - - [11/Jul/2015:14:28:50 -0500] "POST /forms/lservlet;jsessionid=ac16012b30d678d07d40acff4103b76e877aafc42c53.e3iSbxaKaheRe34MbhmNaxqNb41ynknvrkLOlQzNp65In0 HTTP/1.1" 200 2322
181.60.213.171 - - [11/Jul/2015:14:28:50 -0500] "GET /imagenes/Srch_frw.gif HTTP/1.1" 200 925
181.60.213.171 - - [11/Jul/2015:14:28:50 -0500] "POST /forms/lservlet;jsessionid=ac16012b30d678d07d40acff4103b76e877aafc42c53.e3iSbxaKaheRe34MbhmNaxqNb41ynknvrkLOlQzNp65In0 HTTP/1.1" 200 10
181.60.213.171 - - [11/Jul/2015:14:28:52 -0500] "POST /forms/lservlet;jsessionid=ac16012b30d678d07d40acff4103b76e877aafc42c53.e3iSbxaKaheRe34MbhmNaxqNb41ynknvrkLOlQzNp65In0 HTTP/1.1" 200 24
181.60.213.171 - - [11/Jul/2015:14:28:52 -0500] "POST /forms/lservlet;jsessionid=ac16012b30d678d07d40acff4103b76e877aafc42c53.e3iSbxaKaheRe34MbhmNaxqNb41ynknvrkLOlQzNp65In0 HTTP/1.1" 200 3799
181.60.213.171 - - [11/Jul/2015:14:28:52 -0500] "POST /forms/lservlet;jsessionid=ac16012b30d678d07d40acff4103b76e877aafc42c53.e3iSbxaKaheRe34MbhmNaxqNb41ynknvrkLOlQzNp65In0 HTTP/1.1" 200 2
181.60.213.171 - - [11/Jul/2015:14:28:55 -0500] "POST /forms/lservlet;jsessionid=ac16012b30d678d07d40acff4103b76e877aafc42c53.e3iSbxaKaheRe34MbhmNaxqNb41ynknvrkLOlQzNp65In0 HTTP/1.1" 200 99
66.249.65.227 - - [11/Jul/2015:14:28:57 -0500] "GET /BLA/resoluciones/RESOLUCIONES%202011/2918.pdf HTTP/1.1" 200 611768
181.60.213.171 - - [11/Jul/2015:14:29:06 -0500] "POST /forms/lservlet;jsessionid=ac16012b30d678d07d40acff4103b76e877aafc42c53.e3iSbxaKaheRe34MbhmNaxqNb41ynknvrkLOlQzNp65In0 HTTP/1.1" 200 66
181.60.213.171 - - [11/Jul/2015:14:29:06 -0500] "POST /forms/lservlet;jsessionid=ac16012b30d678d07d40acff4103b76e877aafc42c53.e3iSbxaKaheRe34MbhmNaxqNb41ynknvrkLOlQzNp65In0 HTTP/1.1" 200 2
181.60.213.171 - - [11/Jul/2015:14:29:06 -0500] "POST /forms/lservlet;jsessionid=ac16012b30d678d07d40acff4103b76e877aafc42c53.e3iSbxaKaheRe34MbhmNaxqNb41ynknvrkLOlQzNp65In0 HTTP/1.1" 200 2314
181.60.213.171 - - [11/Jul/2015:14:29:06 -0500] "GET /imagenes/Srch_frw.gif HTTP/1.1" 200 925
181.60.213.171 - - [11/Jul/2015:14:29:06 -0500] "POST /forms/lservlet;jsessionid=ac16012b30d678d07d40acff4103b76e877aafc42c53.e3iSbxaKaheRe34MbhmNaxqNb41ynknvrkLOlQzNp65In0 HTTP/1.1" 200 10
181.60.213.171 - - [11/Jul/2015:14:29:08 -0500] "POST /forms/lservlet;jsessionid=ac16012b30d678d07d40acff4103b76e877aafc42c53.e3iSbxaKaheRe34MbhmNaxqNb41ynknvrkLOlQzNp65In0 HTTP/1.1" 200 24
181.60.213.171 - - [11/Jul/2015:14:29:08 -0500] "POST /forms/lservlet;jsessionid=ac16012b30d678d07d40acff4103b76e877aafc42c53.e3iSbxaKaheRe34MbhmNaxqNb41ynknvrkLOlQzNp65In0 HTTP/1.1" 200 3932
181.60.213.171 - - [11/Jul/2015:14:29:09 -0500] "POST /forms/lservlet;jsessionid=ac16012b30d678d07d40acff4103b76e877aafc42c53.e3iSbxaKaheRe34MbhmNaxqNb41ynknvrkLOlQzNp65In0 HTTP/1.1" 200 2
186.80.100.246 - - [11/Jul/2015:14:29:17 -0500] "GET /BLA/boletinlegal/js/jquery.scrollTo-min.js HTTP/1.1" 200 1150
186.80.100.246 - - [11/Jul/2015:14:29:17 -0500] "GET /BLA/boletinlegal/js/jquery.scrollShow.js HTTP/1.1" 200 4586
186.80.100.246 - - [11/Jul/2015:14:29:17 -0500] "GET /galeria/galeria/jquery.fancybox.js?v=2.1.5 HTTP/1.1" 200 48706
186.80.100.246 - - [11/Jul/2015:14:29:17 -0500] "GET /galeria/galeria/jquery.fancybox.css?v=2.1.5 HTTP/1.1" 200 4895
181.60.213.171 - - [11/Jul/2015:14:29:18 -0500] "POST /forms/lservlet;jsessionid=ac16012b30d678d07d40acff4103b76e877aafc42c53.e3iSbxaKaheRe34MbhmNaxqNb41ynknvrkLOlQzNp65In0 HTTP/1.1" 200 2
181.60.213.171 - - [11/Jul/2015:14:29:18 -0500] "POST /forms/lservlet;jsessionid=ac16012b30d678d07d40acff4103b76e877aafc42c53.e3iSbxaKaheRe34MbhmNaxqNb41ynknvrkLOlQzNp65In0 HTTP/1.1" 200 2322
181.60.213.171 - - [11/Jul/2015:14:29:18 -0500] "GET /imagenes/Srch_frw.gif HTTP/1.1" 200 925
181.60.213.171 - - [11/Jul/2015:14:29:19 -0500] "POST /forms/lservlet;jsessionid=ac16012b30d678d07d40acff4103b76e877aafc42c53.e3iSbxaKaheRe34MbhmNaxqNb41ynknvrkLOlQzNp65In0 HTTP/1.1" 200 10
181.60.213.171 - - [11/Jul/2015:14:29:20 -0500] "POST /forms/lservlet;jsessionid=ac16012b30d678d07d40acff4103b76e877aafc42c53.e3iSbxaKaheRe34MbhmNaxqNb41ynknvrkLOlQzNp65In0 HTTP/1.1" 200 24
181.60.213.171 - - [11/Jul/2015:14:29:20 -0500] "POST /forms/lservlet;jsessionid=ac16012b30d678d07d40acff4103b76e877aafc42c53.e3iSbxaKaheRe34MbhmNaxqNb41ynknvrkLOlQzNp65In0 HTTP/1.1" 200 3757
181.60.213.171 - - [11/Jul/2015:14:29:20 -0500] "POST /forms/lservlet;jsessionid=ac16012b30d678d07d40acff4103b76e877aafc42c53.e3iSbxaKaheRe34MbhmNaxqNb41ynknvrkLOlQzNp65In0 HTTP/1.1" 200 2
66.249.65.220 - - [11/Jul/2015:14:29:21 -0500] "GET /BLA/resoluciones/AUTOS%202014/5667.pdf HTTP/1.1" 200 143039
181.60.213.171 - - [11/Jul/2015:14:29:30 -0500] "POST /forms/lservlet;jsessionid=ac16012b30d678d07d40acff4103b76e877aafc42c53.e3iSbxaKaheRe34MbhmNaxqNb41ynknvrkLOlQzNp65In0 HTTP/1.1" 200 2
181.60.213.171 - - [11/Jul/2015:14:29:30 -0500] "POST /forms/lservlet;jsessionid=ac16012b30d678d07d40acff4103b76e877aafc42c53.e3iSbxaKaheRe34MbhmNaxqNb41ynknvrkLOlQzNp65In0 HTTP/1.1" 200 2338
181.60.213.171 - - [11/Jul/2015:14:29:30 -0500] "GET /imagenes/Srch_frw.gif HTTP/1.1" 200 925
181.60.213.171 - - [11/Jul/2015:14:29:30 -0500] "POST /forms/lservlet;jsessionid=ac16012b30d678d07d40acff4103b76e877aafc42c53.e3iSbxaKaheRe34MbhmNaxqNb41ynknvrkLOlQzNp65In0 HTTP/1.1" 200 10
181.60.213.171 - - [11/Jul/2015:14:29:32 -0500] "POST /forms/lservlet;jsessionid=ac16012b30d678d07d40acff4103b76e877aafc42c53.e3iSbxaKaheRe34MbhmNaxqNb41ynknvrkLOlQzNp65In0 HTTP/1.1" 200 24
181.60.213.171 - - [11/Jul/2015:14:29:32 -0500] "POST /forms/lservlet;jsessionid=ac16012b30d678d07d40acff4103b76e877aafc42c53.e3iSbxaKaheRe34MbhmNaxqNb41ynknvrkLOlQzNp65In0 HTTP/1.1" 200 3779
181.60.213.171 - - [11/Jul/2015:14:29:33 -0500] "POST /forms/lservlet;jsessionid=ac16012b30d678d07d40acff4103b76e877aafc42c53.e3iSbxaKaheRe34MbhmNaxqNb41ynknvrkLOlQzNp65In0 HTTP/1.1" 200 2
190.25.157.12 - - [11/Jul/2015:14:29:39 -0500] "POST /forms/lservlet;jsessionid=ac16012b30d605110ea27e0b4379958685c0d78e39b1.e3iSbxaKaheRe34MbhmNaxqNb41ynknvrkLOlQzNp65In0 HTTP/1.1" 200 2
181.60.213.171 - - [11/Jul/2015:14:29:42 -0500] "POST /forms/lservlet;jsessionid=ac16012b30d678d07d40acff4103b76e877aafc42c53.e3iSbxaKaheRe34MbhmNaxqNb41ynknvrkLOlQzNp65In0 HTTP/1.1" 200 2
181.60.213.171 - - [11/Jul/2015:14:29:42 -0500] "POST /forms/lservlet;jsessionid=ac16012b30d678d07d40acff4103b76e877aafc42c53.e3iSbxaKaheRe34MbhmNaxqNb41ynknvrkLOlQzNp65In0 HTTP/1.1" 200 2345
181.60.213.171 - - [11/Jul/2015:14:29:42 -0500] "POST /forms/lservlet;jsessionid=ac16012b30d678d07d40acff4103b76e877aafc42c53.e3iSbxaKaheRe34MbhmNaxqNb41ynknvrkLOlQzNp65In0 HTTP/1.1" 200 10
181.60.213.171 - - [11/Jul/2015:14:29:44 -0500] "POST /forms/lservlet;jsessionid=ac16012b30d678d07d40acff4103b76e877aafc42c53.e3iSbxaKaheRe34MbhmNaxqNb41ynknvrkLOlQzNp65In0 HTTP/1.1" 200 24
181.60.213.171 - - [11/Jul/2015:14:29:44 -0500] "POST /forms/lservlet;jsessionid=ac16012b30d678d07d40acff4103b76e877aafc42c53.e3iSbxaKaheRe34MbhmNaxqNb41ynknvrkLOlQzNp65In0 HTTP/1.1" 200 3780
181.60.213.171 - - [11/Jul/2015:14:29:45 -0500] "POST /forms/lservlet;jsessionid=ac16012b30d678d07d40acff4103b76e877aafc42c53.e3iSbxaKaheRe34MbhmNaxqNb41ynknvrkLOlQzNp65In0 HTTP/1.1" 200 2
66.249.65.220 - - [11/Jul/2015:14:29:45 -0500] "GET /BLA/resoluciones/RESOLUCIONES%202010/5544.pdf HTTP/1.1" 304 -
181.60.213.171 - - [11/Jul/2015:14:29:55 -0500] "POST /forms/lservlet;jsessionid=ac16012b30d678d07d40acff4103b76e877aafc42c53.e3iSbxaKaheRe34MbhmNaxqNb41ynknvrkLOlQzNp65In0 HTTP/1.1" 200 2
181.60.213.171 - - [11/Jul/2015:14:29:55 -0500] "POST /forms/lservlet;jsessionid=ac16012b30d678d07d40acff4103b76e877aafc42c53.e3iSbxaKaheRe34MbhmNaxqNb41ynknvrkLOlQzNp65In0 HTTP/1.1" 200 2359
181.60.213.171 - - [11/Jul/2015:14:29:56 -0500] "GET /imagenes/Srch_frw.gif HTTP/1.1" 200 925
181.60.213.171 - - [11/Jul/2015:14:29:56 -0500] "POST /forms/lservlet;jsessionid=ac16012b30d678d07d40acff4103b76e877aafc42c53.e3iSbxaKaheRe34MbhmNaxqNb41ynknvrkLOlQzNp65In0 HTTP/1.1" 200 10
181.60.213.171 - - [11/Jul/2015:14:29:57 -0500] "POST /forms/lservlet;jsessionid=ac16012b30d678d07d40acff4103b76e877aafc42c53.e3iSbxaKaheRe34MbhmNaxqNb41ynknvrkLOlQzNp65In0 HTTP/1.1" 200 24
181.60.213.171 - - [11/Jul/2015:14:29:57 -0500] "POST /forms/lservlet;jsessionid=ac16012b30d678d07d40acff4103b76e877aafc42c53.e3iSbxaKaheRe34MbhmNaxqNb41ynknvrkLOlQzNp65In0 HTTP/1.1" 200 3958
181.60.213.171 - - [11/Jul/2015:14:29:58 -0500] "POST /forms/lservlet;jsessionid=ac16012b30d678d07d40acff4103b76e877aafc42c53.e3iSbxaKaheRe34MbhmNaxqNb41ynknvrkLOlQzNp65In0 HTTP/1.1" 200 2
66.249.65.227 - - [11/Jul/2015:14:30:03 -0500] "GET /portalsiaccapacitaciones/Soportes%20Capacitaciones%20A%C3%B1o%202013/0039.%20Presentaci%C3%B3n%20Preco%2019-09-13.pdf HTTP/1.1" 404 1018
66.249.65.213 - - [11/Jul/2015:14:30:09 -0500] "GET /BLA/resoluciones/RESOLUCIONES%202010/6932.pdf HTTP/1.1" 304 -
181.60.213.171 - - [11/Jul/2015:14:30:09 -0500] "POST /forms/lservlet;jsessionid=ac16012b30d678d07d40acff4103b76e877aafc42c53.e3iSbxaKaheRe34MbhmNaxqNb41ynknvrkLOlQzNp65In0 HTTP/1.1" 200 2
181.128.243.48 - - [11/Jul/2015:14:30:09 -0500] "GET /galeria/galeria/jquery.fancybox.css?v=2.1.5 HTTP/1.1" 200 4895
181.128.243.48 - - [11/Jul/2015:14:30:09 -0500] "GET /BLA/boletinlegal/js/jquery.scrollTo-min.js HTTP/1.1" 200 1150
181.128.243.48 - - [11/Jul/2015:14:30:09 -0500] "GET /BLA/boletinlegal/js/jquery.scrollShow.js HTTP/1.1" 200 4586
181.128.243.48 - - [11/Jul/2015:14:30:09 -0500] "GET /galeria/galeria/jquery.fancybox.js?v=2.1.5 HTTP/1.1" 200 48706
181.60.213.171 - - [11/Jul/2015:14:30:09 -0500] "POST /forms/lservlet;jsessionid=ac16012b30d678d07d40acff4103b76e877aafc42c53.e3iSbxaKaheRe34MbhmNaxqNb41ynknvrkLOlQzNp65In0 HTTP/1.1" 200 2293
181.60.213.171 - - [11/Jul/2015:14:30:10 -0500] "GET /imagenes/Srch_frw.gif HTTP/1.1" 200 925
181.60.213.171 - - [11/Jul/2015:14:30:10 -0500] "POST /forms/lservlet;jsessionid=ac16012b30d678d07d40acff4103b76e877aafc42c53.e3iSbxaKaheRe34MbhmNaxqNb41ynknvrkLOlQzNp65In0 HTTP/1.1" 200 10
181.60.213.171 - - [11/Jul/2015:14:30:11 -0500] "POST /forms/lservlet;jsessionid=ac16012b30d678d07d40acff4103b76e877aafc42c53.e3iSbxaKaheRe34MbhmNaxqNb41ynknvrkLOlQzNp65In0 HTTP/1.1" 200 24
181.60.213.171 - - [11/Jul/2015:14:30:11 -0500] "POST /forms/lservlet;jsessionid=ac16012b30d678d07d40acff4103b76e877aafc42c53.e3iSbxaKaheRe34MbhmNaxqNb41ynknvrkLOlQzNp65In0 HTTP/1.1" 200 3910
181.60.213.171 - - [11/Jul/2015:14:30:12 -0500] "POST /forms/lservlet;jsessionid=ac16012b30d678d07d40acff4103b76e877aafc42c53.e3iSbxaKaheRe34MbhmNaxqNb41ynknvrkLOlQzNp65In0 HTTP/1.1" 200 2
188.165.15.117 - - [11/Jul/2015:14:30:12 -0500] "GET /BLA/resoluciones/AUTOS%202006/AUTOS%202006%202201%20-%202300/00002213.tif HTTP/1.1" 200 74090
181.128.243.48 - - [11/Jul/2015:14:30:16 -0500] "GET /galeria/galeria/jquery.fancybox.css?v=2.1.5 HTTP/1.1" 304 -
181.128.243.48 - - [11/Jul/2015:14:30:16 -0500] "GET /BLA/boletinlegal/js/jquery.scrollTo-min.js HTTP/1.1" 304 -
181.128.243.48 - - [11/Jul/2015:14:30:16 -0500] "GET /BLA/boletinlegal/js/jquery.scrollShow.js HTTP/1.1" 304 -
181.128.243.48 - - [11/Jul/2015:14:30:16 -0500] "GET /galeria/galeria/jquery.fancybox.js?v=2.1.5 HTTP/1.1" 304 -
207.46.13.25 - - [11/Jul/2015:14:30:17 -0500] "GET /huelladecarbono/huella_carbono.html HTTP/1.1" 304 -
181.60.213.171 - - [11/Jul/2015:14:30:19 -0500] "POST /forms/lservlet;jsessionid=ac16012b30d678d07d40acff4103b76e877aafc42c53.e3iSbxaKaheRe34MbhmNaxqNb41ynknvrkLOlQzNp65In0 HTTP/1.1" 200 2
181.60.213.171 - - [11/Jul/2015:14:30:19 -0500] "POST /forms/lservlet;jsessionid=ac16012b30d678d07d40acff4103b76e877aafc42c53.e3iSbxaKaheRe34MbhmNaxqNb41ynknvrkLOlQzNp65In0 HTTP/1.1" 200 2364
181.60.213.171 - - [11/Jul/2015:14:30:19 -0500] "GET /imagenes/Srch_frw.gif HTTP/1.1" 200 925
181.60.213.171 - - [11/Jul/2015:14:30:19 -0500] "POST /forms/lservlet;jsessionid=ac16012b30d678d07d40acff4103b76e877aafc42c53.e3iSbxaKaheRe34MbhmNaxqNb41ynknvrkLOlQzNp65In0 HTTP/1.1" 200 10
181.60.213.171 - - [11/Jul/2015:14:30:21 -0500] "POST /forms/lservlet;jsessionid=ac16012b30d678d07d40acff4103b76e877aafc42c53.e3iSbxaKaheRe34MbhmNaxqNb41ynknvrkLOlQzNp65In0 HTTP/1.1" 200 24
181.60.213.171 - - [11/Jul/2015:14:30:21 -0500] "POST /forms/lservlet;jsessionid=ac16012b30d678d07d40acff4103b76e877aafc42c53.e3iSbxaKaheRe34MbhmNaxqNb41ynknvrkLOlQzNp65In0 HTTP/1.1" 200 3836
181.60.213.171 - - [11/Jul/2015:14:30:22 -0500] "POST /forms/lservlet;jsessionid=ac16012b30d678d07d40acff4103b76e877aafc42c53.e3iSbxaKaheRe34MbhmNaxqNb41ynknvrkLOlQzNp65In0 HTTP/1.1" 200 2
181.60.213.171 - - [11/Jul/2015:14:30:26 -0500] "POST /forms/lservlet;jsessionid=ac16012b30d678d07d40acff4103b76e877aafc42c53.e3iSbxaKaheRe34MbhmNaxqNb41ynknvrkLOlQzNp65In0 HTTP/1.1" 200 2
66.249.65.227 - - [11/Jul/2015:14:30:33 -0500] "GET /BLA/resoluciones/AUTOS%202010/5421.pdf HTTP/1.1" 304 -
66.249.65.213 - - [11/Jul/2015:14:30:34 -0500] "GET /BLA/resoluciones/RESOLUCIONES%202014/0565.pdf HTTP/1.1" 304 -
181.60.213.171 - - [11/Jul/2015:14:30:35 -0500] "POST /forms/lservlet;jsessionid=ac16012b30d678d07d40acff4103b76e877aafc42c53.e3iSbxaKaheRe34MbhmNaxqNb41ynknvrkLOlQzNp65In0 HTTP/1.1" 200 2
181.60.213.171 - - [11/Jul/2015:14:30:35 -0500] "POST /forms/lservlet;jsessionid=ac16012b30d678d07d40acff4103b76e877aafc42c53.e3iSbxaKaheRe34MbhmNaxqNb41ynknvrkLOlQzNp65In0 HTTP/1.1" 200 2393
181.60.213.171 - - [11/Jul/2015:14:30:35 -0500] "GET /imagenes/Srch_frw.gif HTTP/1.1" 200 925
181.60.213.171 - - [11/Jul/2015:14:30:36 -0500] "POST /forms/lservlet;jsessionid=ac16012b30d678d07d40acff4103b76e877aafc42c53.e3iSbxaKaheRe34MbhmNaxqNb41ynknvrkLOlQzNp65In0 HTTP/1.1" 200 10
181.60.213.171 - - [11/Jul/2015:14:30:37 -0500] "POST /forms/lservlet;jsessionid=ac16012b30d678d07d40acff4103b76e877aafc42c53.e3iSbxaKaheRe34MbhmNaxqNb41ynknvrkLOlQzNp65In0 HTTP/1.1" 200 24
181.60.213.171 - - [11/Jul/2015:14:30:37 -0500] "POST /forms/lservlet;jsessionid=ac16012b30d678d07d40acff4103b76e877aafc42c53.e3iSbxaKaheRe34MbhmNaxqNb41ynknvrkLOlQzNp65In0 HTTP/1.1" 200 4303
181.60.213.171 - - [11/Jul/2015:14:30:39 -0500] "POST /forms/lservlet;jsessionid=ac16012b30d678d07d40acff4103b76e877aafc42c53.e3iSbxaKaheRe34MbhmNaxqNb41ynknvrkLOlQzNp65In0 HTTP/1.1" 200 2
181.60.213.171 - - [11/Jul/2015:14:30:45 -0500] "POST /forms/lservlet;jsessionid=ac16012b30d678d07d40acff4103b76e877aafc42c53.e3iSbxaKaheRe34MbhmNaxqNb41ynknvrkLOlQzNp65In0 HTTP/1.1" 200 2
181.60.213.171 - - [11/Jul/2015:14:30:45 -0500] "POST /forms/lservlet;jsessionid=ac16012b30d678d07d40acff4103b76e877aafc42c53.e3iSbxaKaheRe34MbhmNaxqNb41ynknvrkLOlQzNp65In0 HTTP/1.1" 200 2351
181.60.213.171 - - [11/Jul/2015:14:30:45 -0500] "GET /imagenes/Srch_frw.gif HTTP/1.1" 200 925
181.60.213.171 - - [11/Jul/2015:14:30:46 -0500] "POST /forms/lservlet;jsessionid=ac16012b30d678d07d40acff4103b76e877aafc42c53.e3iSbxaKaheRe34MbhmNaxqNb41ynknvrkLOlQzNp65In0 HTTP/1.1" 200 10
181.60.213.171 - - [11/Jul/2015:14:30:47 -0500] "POST /forms/lservlet;jsessionid=ac16012b30d678d07d40acff4103b76e877aafc42c53.e3iSbxaKaheRe34MbhmNaxqNb41ynknvrkLOlQzNp65In0 HTTP/1.1" 200 24
198.245.51.90 - - [11/Jul/2015:14:30:47 -0500] "GET /robots.txt HTTP/1.0" 404 1015
181.60.213.171 - - [11/Jul/2015:14:30:47 -0500] "POST /forms/lservlet;jsessionid=ac16012b30d678d07d40acff4103b76e877aafc42c53.e3iSbxaKaheRe34MbhmNaxqNb41ynknvrkLOlQzNp65In0 HTTP/1.1" 200 3781
181.60.213.171 - - [11/Jul/2015:14:30:48 -0500] "POST /forms/lservlet;jsessionid=ac16012b30d678d07d40acff4103b76e877aafc42c53.e3iSbxaKaheRe34MbhmNaxqNb41ynknvrkLOlQzNp65In0 HTTP/1.1" 200 2
188.165.15.117 - - [11/Jul/2015:14:30:52 -0500] "GET /BLA/resoluciones/RESOLUCIONES%202002/RES%202002%201051-1100/00001061.tif HTTP/1.1" 200 373540
198.245.51.90 - - [11/Jul/2015:14:30:55 -0500] "GET /StormSDA/userFiles%20-%20Copy%2019-07-2012/?C=N;O=D HTTP/1.0" 200 5896
181.60.213.171 - - [11/Jul/2015:14:30:55 -0500] "POST /forms/lservlet;jsessionid=ac16012b30d678d07d40acff4103b76e877aafc42c53.e3iSbxaKaheRe34MbhmNaxqNb41ynknvrkLOlQzNp65In0 HTTP/1.1" 200 2
181.60.213.171 - - [11/Jul/2015:14:30:56 -0500] "POST /forms/lservlet;jsessionid=ac16012b30d678d07d40acff4103b76e877aafc42c53.e3iSbxaKaheRe34MbhmNaxqNb41ynknvrkLOlQzNp65In0 HTTP/1.1" 200 2341
181.60.213.171 - - [11/Jul/2015:14:30:56 -0500] "GET /imagenes/Srch_frw.gif HTTP/1.1" 200 925
181.60.213.171 - - [11/Jul/2015:14:30:56 -0500] "POST /forms/lservlet;jsessionid=ac16012b30d678d07d40acff4103b76e877aafc42c53.e3iSbxaKaheRe34MbhmNaxqNb41ynknvrkLOlQzNp65In0 HTTP/1.1" 200 10
66.249.65.213 - - [11/Jul/2015:14:30:56 -0500] "GET /BLA/resoluciones/RESOLUCIONES%202009/0887.pdf HTTP/1.1" 200 173247
181.60.213.171 - - [11/Jul/2015:14:30:57 -0500] "POST /forms/lservlet;jsessionid=ac16012b30d678d07d40acff4103b76e877aafc42c53.e3iSbxaKaheRe34MbhmNaxqNb41ynknvrkLOlQzNp65In0 HTTP/1.1" 200 24
181.60.213.171 - - [11/Jul/2015:14:30:57 -0500] "POST /forms/lservlet;jsessionid=ac16012b30d678d07d40acff4103b76e877aafc42c53.e3iSbxaKaheRe34MbhmNaxqNb41ynknvrkLOlQzNp65In0 HTTP/1.1" 200 3895
181.60.213.171 - - [11/Jul/2015:14:30:58 -0500] "POST /forms/lservlet;jsessionid=ac16012b30d678d07d40acff4103b76e877aafc42c53.e3iSbxaKaheRe34MbhmNaxqNb41ynknvrkLOlQzNp65In0 HTTP/1.1" 200 2
198.245.51.90 - - [11/Jul/2015:14:31:05 -0500] "GET /StormSDA/userFiles%20-%20Copy%2019-07-2012/StormAdmin.jar HTTP/1.0" 200 622592
181.60.213.171 - - [11/Jul/2015:14:31:06 -0500] "POST /forms/lservlet;jsessionid=ac16012b30d678d07d40acff4103b76e877aafc42c53.e3iSbxaKaheRe34MbhmNaxqNb41ynknvrkLOlQzNp65In0 HTTP/1.1" 200 2
181.60.213.171 - - [11/Jul/2015:14:31:06 -0500] "POST /forms/lservlet;jsessionid=ac16012b30d678d07d40acff4103b76e877aafc42c53.e3iSbxaKaheRe34MbhmNaxqNb41ynknvrkLOlQzNp65In0 HTTP/1.1" 200 2322
181.60.213.171 - - [11/Jul/2015:14:31:06 -0500] "GET /imagenes/Srch_frw.gif HTTP/1.1" 200 925
181.60.213.171 - - [11/Jul/2015:14:31:06 -0500] "POST /forms/lservlet;jsessionid=ac16012b30d678d07d40acff4103b76e877aafc42c53.e3iSbxaKaheRe34MbhmNaxqNb41ynknvrkLOlQzNp65In0 HTTP/1.1" 200 10
181.60.213.171 - - [11/Jul/2015:14:31:08 -0500] "POST /forms/lservlet;jsessionid=ac16012b30d678d07d40acff4103b76e877aafc42c53.e3iSbxaKaheRe34MbhmNaxqNb41ynknvrkLOlQzNp65In0 HTTP/1.1" 200 24
181.60.213.171 - - [11/Jul/2015:14:31:08 -0500] "POST /forms/lservlet;jsessionid=ac16012b30d678d07d40acff4103b76e877aafc42c53.e3iSbxaKaheRe34MbhmNaxqNb41ynknvrkLOlQzNp65In0 HTTP/1.1" 200 4016
181.60.213.171 - - [11/Jul/2015:14:31:08 -0500] "POST /forms/lservlet;jsessionid=ac16012b30d678d07d40acff4103b76e877aafc42c53.e3iSbxaKaheRe34MbhmNaxqNb41ynknvrkLOlQzNp65In0 HTTP/1.1" 200 2
198.245.51.90 - - [11/Jul/2015:14:31:16 -0500] "GET /StormSDA/userFiles%20-%20Copy%2019-07-2012/UpdateReg.xml HTTP/1.0" 200 1238
181.60.213.171 - - [11/Jul/2015:14:31:18 -0500] "POST /forms/lservlet;jsessionid=ac16012b30d678d07d40acff4103b76e877aafc42c53.e3iSbxaKaheRe34MbhmNaxqNb41ynknvrkLOlQzNp65In0 HTTP/1.1" 200 2
181.60.213.171 - - [11/Jul/2015:14:31:18 -0500] "POST /forms/lservlet;jsessionid=ac16012b30d678d07d40acff4103b76e877aafc42c53.e3iSbxaKaheRe34MbhmNaxqNb41ynknvrkLOlQzNp65In0 HTTP/1.1" 200 2344
181.60.213.171 - - [11/Jul/2015:14:31:18 -0500] "GET /imagenes/Srch_frw.gif HTTP/1.1" 200 925
181.60.213.171 - - [11/Jul/2015:14:31:18 -0500] "POST /forms/lservlet;jsessionid=ac16012b30d678d07d40acff4103b76e877aafc42c53.e3iSbxaKaheRe34MbhmNaxqNb41ynknvrkLOlQzNp65In0 HTTP/1.1" 200 10
181.60.213.171 - - [11/Jul/2015:14:31:20 -0500] "POST /forms/lservlet;jsessionid=ac16012b30d678d07d40acff4103b76e877aafc42c53.e3iSbxaKaheRe34MbhmNaxqNb41ynknvrkLOlQzNp65In0 HTTP/1.1" 200 24
181.60.213.171 - - [11/Jul/2015:14:31:20 -0500] "POST /forms/lservlet;jsessionid=ac16012b30d678d07d40acff4103b76e877aafc42c53.e3iSbxaKaheRe34MbhmNaxqNb41ynknvrkLOlQzNp65In0 HTTP/1.1" 200 3834
181.60.213.171 - - [11/Jul/2015:14:31:20 -0500] "POST /forms/lservlet;jsessionid=ac16012b30d678d07d40acff4103b76e877aafc42c53.e3iSbxaKaheRe34MbhmNaxqNb41ynknvrkLOlQzNp65In0 HTTP/1.1" 200 2
181.60.213.171 - - [11/Jul/2015:14:31:28 -0500] "POST /forms/lservlet;jsessionid=ac16012b30d678d07d40acff4103b76e877aafc42c53.e3iSbxaKaheRe34MbhmNaxqNb41ynknvrkLOlQzNp65In0 HTTP/1.1" 200 2
181.60.213.171 - - [11/Jul/2015:14:31:28 -0500] "POST /forms/lservlet;jsessionid=ac16012b30d678d07d40acff4103b76e877aafc42c53.e3iSbxaKaheRe34MbhmNaxqNb41ynknvrkLOlQzNp65In0 HTTP/1.1" 200 2354
181.60.213.171 - - [11/Jul/2015:14:31:28 -0500] "GET /imagenes/Srch_frw.gif HTTP/1.1" 200 925
181.60.213.171 - - [11/Jul/2015:14:31:28 -0500] "POST /forms/lservlet;jsessionid=ac16012b30d678d07d40acff4103b76e877aafc42c53.e3iSbxaKaheRe34MbhmNaxqNb41ynknvrkLOlQzNp65In0 HTTP/1.1" 200 10
181.60.213.171 - - [11/Jul/2015:14:31:30 -0500] "POST /forms/lservlet;jsessionid=ac16012b30d678d07d40acff4103b76e877aafc42c53.e3iSbxaKaheRe34MbhmNaxqNb41ynknvrkLOlQzNp65In0 HTTP/1.1" 200 24
181.60.213.171 - - [11/Jul/2015:14:31:30 -0500] "POST /forms/lservlet;jsessionid=ac16012b30d678d07d40acff4103b76e877aafc42c53.e3iSbxaKaheRe34MbhmNaxqNb41ynknvrkLOlQzNp65In0 HTTP/1.1" 200 3789
181.60.213.171 - - [11/Jul/2015:14:31:31 -0500] "POST /forms/lservlet;jsessionid=ac16012b30d678d07d40acff4103b76e877aafc42c53.e3iSbxaKaheRe34MbhmNaxqNb41ynknvrkLOlQzNp65In0 HTTP/1.1" 200 2
190.25.157.12 - - [11/Jul/2015:14:31:39 -0500] "POST /forms/lservlet;jsessionid=ac16012b30d605110ea27e0b4379958685c0d78e39b1.e3iSbxaKaheRe34MbhmNaxqNb41ynknvrkLOlQzNp65In0 HTTP/1.1" 200 2
198.245.51.90 - - [11/Jul/2015:14:31:46 -0500] "GET /StormSDA/userFiles%20-%20Copy%2019-07-2012/basicos.jar HTTP/1.0" 200 379079
181.60.213.171 - - [11/Jul/2015:14:31:48 -0500] "POST /forms/lservlet;jsessionid=ac16012b30d678d07d40acff4103b76e877aafc42c53.e3iSbxaKaheRe34MbhmNaxqNb41ynknvrkLOlQzNp65In0 HTTP/1.1" 200 2
181.60.213.171 - - [11/Jul/2015:14:31:48 -0500] "POST /forms/lservlet;jsessionid=ac16012b30d678d07d40acff4103b76e877aafc42c53.e3iSbxaKaheRe34MbhmNaxqNb41ynknvrkLOlQzNp65In0 HTTP/1.1" 200 2332
181.60.213.171 - - [11/Jul/2015:14:31:48 -0500] "GET /imagenes/Srch_frw.gif HTTP/1.1" 200 925
181.60.213.171 - - [11/Jul/2015:14:31:48 -0500] "POST /forms/lservlet;jsessionid=ac16012b30d678d07d40acff4103b76e877aafc42c53.e3iSbxaKaheRe34MbhmNaxqNb41ynknvrkLOlQzNp65In0 HTTP/1.1" 200 10
181.60.213.171 - - [11/Jul/2015:14:31:50 -0500] "POST /forms/lservlet;jsessionid=ac16012b30d678d07d40acff4103b76e877aafc42c53.e3iSbxaKaheRe34MbhmNaxqNb41ynknvrkLOlQzNp65In0 HTTP/1.1" 200 24
181.60.213.171 - - [11/Jul/2015:14:31:50 -0500] "POST /forms/lservlet;jsessionid=ac16012b30d678d07d40acff4103b76e877aafc42c53.e3iSbxaKaheRe34MbhmNaxqNb41ynknvrkLOlQzNp65In0 HTTP/1.1" 200 4299
181.60.213.171 - - [11/Jul/2015:14:31:51 -0500] "POST /forms/lservlet;jsessionid=ac16012b30d678d07d40acff4103b76e877aafc42c53.e3iSbxaKaheRe34MbhmNaxqNb41ynknvrkLOlQzNp65In0 HTTP/1.1" 200 2
201.245.192.253 - - [11/Jul/2015:14:25:52 -0500] "GET /ForestMSG_SDA/channelAsync/template_word_18556208?X-Atmosphere-tracking-id=103046d0-0c37-f0e1-ba87-ab2c490761c6&X-Atmosphere-Framework=1.0.5&X-Atmosphere-Transport=long-polling&tabid=0.45060890505759177&X-Cache-Date=0&Content-Type=application/xml&_=1436642801044 HTTP/1.1" 200 8193
181.131.11.51 - - [11/Jul/2015:14:31:56 -0500] "GET /BLA/boletinlegal/js/jquery.scrollTo-min.js HTTP/1.1" 200 1150
181.131.11.51 - - [11/Jul/2015:14:31:56 -0500] "GET /galeria/galeria/jquery.fancybox.js?v=2.1.5 HTTP/1.1" 200 48706
181.131.11.51 - - [11/Jul/2015:14:31:56 -0500] "GET /BLA/boletinlegal/js/jquery.scrollShow.js HTTP/1.1" 200 4586
181.131.11.51 - - [11/Jul/2015:14:31:56 -0500] "GET /galeria/galeria/jquery.fancybox.css?v=2.1.5 HTTP/1.1" 200 4895
181.60.213.171 - - [11/Jul/2015:14:31:58 -0500] "POST /forms/lservlet;jsessionid=ac16012b30d678d07d40acff4103b76e877aafc42c53.e3iSbxaKaheRe34MbhmNaxqNb41ynknvrkLOlQzNp65In0 HTTP/1.1" 200 2
181.60.213.171 - - [11/Jul/2015:14:31:58 -0500] "POST /forms/lservlet;jsessionid=ac16012b30d678d07d40acff4103b76e877aafc42c53.e3iSbxaKaheRe34MbhmNaxqNb41ynknvrkLOlQzNp65In0 HTTP/1.1" 200 2383
181.60.213.171 - - [11/Jul/2015:14:31:58 -0500] "GET /imagenes/Srch_frw.gif HTTP/1.1" 200 925
181.60.213.171 - - [11/Jul/2015:14:31:58 -0500] "POST /forms/lservlet;jsessionid=ac16012b30d678d07d40acff4103b76e877aafc42c53.e3iSbxaKaheRe34MbhmNaxqNb41ynknvrkLOlQzNp65In0 HTTP/1.1" 200 10
181.60.213.171 - - [11/Jul/2015:14:32:00 -0500] "POST /forms/lservlet;jsessionid=ac16012b30d678d07d40acff4103b76e877aafc42c53.e3iSbxaKaheRe34MbhmNaxqNb41ynknvrkLOlQzNp65In0 HTTP/1.1" 200 24
181.60.213.171 - - [11/Jul/2015:14:32:00 -0500] "POST /forms/lservlet;jsessionid=ac16012b30d678d07d40acff4103b76e877aafc42c53.e3iSbxaKaheRe34MbhmNaxqNb41ynknvrkLOlQzNp65In0 HTTP/1.1" 200 5132
181.60.213.171 - - [11/Jul/2015:14:32:01 -0500] "POST /forms/lservlet;jsessionid=ac16012b30d678d07d40acff4103b76e877aafc42c53.e3iSbxaKaheRe34MbhmNaxqNb41ynknvrkLOlQzNp65In0 HTTP/1.1" 200 2
66.249.65.213 - - [11/Jul/2015:14:31:20 -0500] "GET /BLA/boletinlegal/ HTTP/1.1" 200 50649
66.249.65.213 - - [11/Jul/2015:14:32:03 -0500] "GET /BLA/resoluciones/AUTOS%202009/0022.pdf HTTP/1.1" 304 -
201.245.192.253 - - [11/Jul/2015:14:32:06 -0500] "GET /galeria/galeria/jquery.fancybox.js?v=2.1.5 HTTP/1.1" 304 -
201.245.192.253 - - [11/Jul/2015:14:32:06 -0500] "GET /galeria/galeria/jquery.fancybox.css?v=2.1.5 HTTP/1.1" 304 -
201.245.192.253 - - [11/Jul/2015:14:32:07 -0500] "GET /galeria/nivo-slider/demo/demo.html HTTP/1.1" 200 5061
66.249.65.213 - - [11/Jul/2015:14:32:08 -0500] "GET /BLA/resoluciones/RESOLUCIONES%202010/3995.pdf HTTP/1.1" 304 -
201.245.192.253 - - [11/Jul/2015:14:32:08 -0500] "GET /galeria/nivo-slider/demo/images/Semana-PYBA.jpg HTTP/1.1" 200 77763
201.245.192.253 - - [11/Jul/2015:14:32:09 -0500] "GET /galeria/nivo-slider/demo/images/VoluntariadoPYBA.jpg HTTP/1.1" 304 -
201.245.192.253 - - [11/Jul/2015:14:32:09 -0500] "GET /galeria/nivo-slider/demo/images/9Signos.jpg HTTP/1.1" 304 -
201.245.192.253 - - [11/Jul/2015:14:32:09 -0500] "GET /galeria/nivo-slider/demo/images/GAE-banner.jpg HTTP/1.1" 304 -
198.245.51.90 - - [11/Jul/2015:14:32:20 -0500] "GET /StormSDA/userFiles%20-%20Copy%2019-07-2012/update.txt HTTP/1.0" 200 33
181.60.213.171 - - [11/Jul/2015:14:32:21 -0500] "POST /forms/lservlet;jsessionid=ac16012b30d678d07d40acff4103b76e877aafc42c53.e3iSbxaKaheRe34MbhmNaxqNb41ynknvrkLOlQzNp65In0 HTTP/1.1" 200 2
181.60.213.171 - - [11/Jul/2015:14:32:22 -0500] "POST /forms/lservlet;jsessionid=ac16012b30d678d07d40acff4103b76e877aafc42c53.e3iSbxaKaheRe34MbhmNaxqNb41ynknvrkLOlQzNp65In0 HTTP/1.1" 200 2404
181.60.213.171 - - [11/Jul/2015:14:32:22 -0500] "GET /imagenes/Srch_frw.gif HTTP/1.1" 200 925
181.60.213.171 - - [11/Jul/2015:14:32:22 -0500] "POST /forms/lservlet;jsessionid=ac16012b30d678d07d40acff4103b76e877aafc42c53.e3iSbxaKaheRe34MbhmNaxqNb41ynknvrkLOlQzNp65In0 HTTP/1.1" 200 10
181.60.213.171 - - [11/Jul/2015:14:32:23 -0500] "POST /forms/lservlet;jsessionid=ac16012b30d678d07d40acff4103b76e877aafc42c53.e3iSbxaKaheRe34MbhmNaxqNb41ynknvrkLOlQzNp65In0 HTTP/1.1" 200 24
181.60.213.171 - - [11/Jul/2015:14:32:23 -0500] "POST /forms/lservlet;jsessionid=ac16012b30d678d07d40acff4103b76e877aafc42c53.e3iSbxaKaheRe34MbhmNaxqNb41ynknvrkLOlQzNp65In0 HTTP/1.1" 200 580
181.60.213.171 - - [11/Jul/2015:14:32:23 -0500] "POST /forms/lservlet;jsessionid=ac16012b30d678d07d40acff4103b76e877aafc42c53.e3iSbxaKaheRe34MbhmNaxqNb41ynknvrkLOlQzNp65In0 HTTP/1.1" 200 11
181.60.213.171 - - [11/Jul/2015:14:32:27 -0500] "POST /forms/lservlet;jsessionid=ac16012b30d678d07d40acff4103b76e877aafc42c53.e3iSbxaKaheRe34MbhmNaxqNb41ynknvrkLOlQzNp65In0 HTTP/1.1" 200 2
181.60.213.171 - - [11/Jul/2015:14:32:30 -0500] "POST /forms/lservlet;jsessionid=ac16012b30d678d07d40acff4103b76e877aafc42c53.e3iSbxaKaheRe34MbhmNaxqNb41ynknvrkLOlQzNp65In0 HTTP/1.1" 200 2
181.60.213.171 - - [11/Jul/2015:14:32:30 -0500] "POST /forms/lservlet;jsessionid=ac16012b30d678d07d40acff4103b76e877aafc42c53.e3iSbxaKaheRe34MbhmNaxqNb41ynknvrkLOlQzNp65In0 HTTP/1.1" 200 448
181.60.213.171 - - [11/Jul/2015:14:32:30 -0500] "POST /forms/lservlet;jsessionid=ac16012b30d678d07d40acff4103b76e877aafc42c53.e3iSbxaKaheRe34MbhmNaxqNb41ynknvrkLOlQzNp65In0 HTTP/1.1" 200 11
66.249.65.220 - - [11/Jul/2015:14:32:32 -0500] "GET /BLA/resoluciones/RESOLUCIONES%202010/6083.pdf HTTP/1.1" 200 3554204
181.60.213.171 - - [11/Jul/2015:14:32:34 -0500] "POST /forms/lservlet;jsessionid=ac16012b30d678d07d40acff4103b76e877aafc42c53.e3iSbxaKaheRe34MbhmNaxqNb41ynknvrkLOlQzNp65In0 HTTP/1.1" 200 24
181.60.213.171 - - [11/Jul/2015:14:32:34 -0500] "POST /forms/lservlet;jsessionid=ac16012b30d678d07d40acff4103b76e877aafc42c53.e3iSbxaKaheRe34MbhmNaxqNb41ynknvrkLOlQzNp65In0 HTTP/1.1" 200 4322
198.245.51.90 - - [11/Jul/2015:14:32:35 -0500] "GET /StormSDA/userFiles%20-%20Copy%2019-07-2012/user_files/ HTTP/1.0" 200 5680
181.60.213.171 - - [11/Jul/2015:14:32:35 -0500] "POST /forms/lservlet;jsessionid=ac16012b30d678d07d40acff4103b76e877aafc42c53.e3iSbxaKaheRe34MbhmNaxqNb41ynknvrkLOlQzNp65In0 HTTP/1.1" 200 2
181.60.213.171 - - [11/Jul/2015:14:32:43 -0500] "POST /forms/lservlet;jsessionid=ac16012b30d678d07d40acff4103b76e877aafc42c53.e3iSbxaKaheRe34MbhmNaxqNb41ynknvrkLOlQzNp65In0 HTTP/1.1" 200 2
181.60.213.171 - - [11/Jul/2015:14:32:43 -0500] "POST /forms/lservlet;jsessionid=ac16012b30d678d07d40acff4103b76e877aafc42c53.e3iSbxaKaheRe34MbhmNaxqNb41ynknvrkLOlQzNp65In0 HTTP/1.1" 200 2382
181.60.213.171 - - [11/Jul/2015:14:32:43 -0500] "GET /imagenes/Srch_frw.gif HTTP/1.1" 200 925
181.60.213.171 - - [11/Jul/2015:14:32:43 -0500] "POST /forms/lservlet;jsessionid=ac16012b30d678d07d40acff4103b76e877aafc42c53.e3iSbxaKaheRe34MbhmNaxqNb41ynknvrkLOlQzNp65In0 HTTP/1.1" 200 10
181.60.213.171 - - [11/Jul/2015:14:32:45 -0500] "POST /forms/lservlet;jsessionid=ac16012b30d678d07d40acff4103b76e877aafc42c53.e3iSbxaKaheRe34MbhmNaxqNb41ynknvrkLOlQzNp65In0 HTTP/1.1" 200 24
181.60.213.171 - - [11/Jul/2015:14:32:45 -0500] "POST /forms/lservlet;jsessionid=ac16012b30d678d07d40acff4103b76e877aafc42c53.e3iSbxaKaheRe34MbhmNaxqNb41ynknvrkLOlQzNp65In0 HTTP/1.1" 200 518
181.60.213.171 - - [11/Jul/2015:14:32:46 -0500] "POST /forms/lservlet;jsessionid=ac16012b30d678d07d40acff4103b76e877aafc42c53.e3iSbxaKaheRe34MbhmNaxqNb41ynknvrkLOlQzNp65In0 HTTP/1.1" 200 11
181.60.213.171 - - [11/Jul/2015:14:32:47 -0500] "POST /forms/lservlet;jsessionid=ac16012b30d678d07d40acff4103b76e877aafc42c53.e3iSbxaKaheRe34MbhmNaxqNb41ynknvrkLOlQzNp65In0 HTTP/1.1" 200 2
181.60.213.171 - - [11/Jul/2015:14:32:47 -0500] "POST /forms/lservlet;jsessionid=ac16012b30d678d07d40acff4103b76e877aafc42c53.e3iSbxaKaheRe34MbhmNaxqNb41ynknvrkLOlQzNp65In0 HTTP/1.1" 200 448
181.60.213.171 - - [11/Jul/2015:14:32:47 -0500] "POST /forms/lservlet;jsessionid=ac16012b30d678d07d40acff4103b76e877aafc42c53.e3iSbxaKaheRe34MbhmNaxqNb41ynknvrkLOlQzNp65In0 HTTP/1.1" 200 11
190.27.238.219 - - [11/Jul/2015:14:32:48 -0500] "GET /galeria/galeria/jquery.fancybox.css?v=2.1.5 HTTP/1.1" 200 4895
190.27.238.219 - - [11/Jul/2015:14:32:48 -0500] "GET /BLA/boletinlegal/js/jquery.scrollTo-min.js HTTP/1.1" 200 1150
190.27.238.219 - - [11/Jul/2015:14:32:48 -0500] "GET /BLA/boletinlegal/js/jquery.scrollShow.js HTTP/1.1" 200 4586
190.27.238.219 - - [11/Jul/2015:14:32:48 -0500] "GET /galeria/galeria/jquery.fancybox.js?v=2.1.5 HTTP/1.1" 200 48706
198.245.51.90 - - [11/Jul/2015:14:32:50 -0500] "GET /StormSDA/userFiles%20-%20Copy%2019-07-2012/user_files.jnlp HTTP/1.0" 200 1353
181.60.213.171 - - [11/Jul/2015:14:32:51 -0500] "POST /forms/lservlet;jsessionid=ac16012b30d678d07d40acff4103b76e877aafc42c53.e3iSbxaKaheRe34MbhmNaxqNb41ynknvrkLOlQzNp65In0 HTTP/1.1" 200 24
181.60.213.171 - - [11/Jul/2015:14:32:51 -0500] "POST /forms/lservlet;jsessionid=ac16012b30d678d07d40acff4103b76e877aafc42c53.e3iSbxaKaheRe34MbhmNaxqNb41ynknvrkLOlQzNp65In0 HTTP/1.1" 200 4552
181.60.213.171 - - [11/Jul/2015:14:32:52 -0500] "POST /forms/lservlet;jsessionid=ac16012b30d678d07d40acff4103b76e877aafc42c53.e3iSbxaKaheRe34MbhmNaxqNb41ynknvrkLOlQzNp65In0 HTTP/1.1" 200 2
66.249.65.220 - - [11/Jul/2015:14:32:56 -0500] "GET /BLA/resoluciones/RESOLUCIONES%202010/6695.pdf HTTP/1.1" 304 -
190.27.238.219 - - [11/Jul/2015:14:32:59 -0500] "GET /galeria/galeria/jquery.fancybox.css?v=2.1.5 HTTP/1.1" 304 -
190.27.238.219 - - [11/Jul/2015:14:32:59 -0500] "GET /BLA/boletinlegal/js/jquery.scrollTo-min.js HTTP/1.1" 304 -
190.27.238.219 - - [11/Jul/2015:14:32:59 -0500] "GET /BLA/boletinlegal/js/jquery.scrollShow.js HTTP/1.1" 304 -
