186.29.179.67 - - [14/Jul/2015:02:22:54 -0500] "GET /forest/img/jquery/ui-icons_469bdd_256x240.png HTTP/1.1" 304 -
186.29.179.67 - - [14/Jul/2015:02:22:54 -0500] "GET /forest/img/jquery/ui-icons_6da8d5_256x240.png HTTP/1.1" 304 -
186.29.179.67 - - [14/Jul/2015:02:22:54 -0500] "GET /forest/img/jquery/columnshide.gif HTTP/1.1" 304 -
186.29.179.67 - - [14/Jul/2015:02:22:55 -0500] "GET /forest/img/jquery/ui-bg_gloss-wave_55_5c9ccc_500x100.png HTTP/1.1" 304 -
186.29.179.67 - - [14/Jul/2015:02:22:55 -0500] "GET /forest/skins/gdocs-jar/img/clip.gif HTTP/1.1" 304 -
186.29.179.67 - - [14/Jul/2015:02:22:55 -0500] "GET /forest/img/newdocs.gif HTTP/1.1" 304 -
186.29.179.67 - - [14/Jul/2015:02:22:55 -0500] "GET /forest/skins/gdocs-jar/img/doc-alert.gif HTTP/1.1" 304 -
66.249.65.227 - - [14/Jul/2015:02:22:58 -0500] "GET /BLA/resoluciones/AUTOS%202012/0153.pdf HTTP/1.1" 304 -
66.249.65.220 - - [14/Jul/2015:02:23:00 -0500] "GET /BLA/resoluciones/RESOLUCIONES%202009/5907.pdf HTTP/1.1" 200 698336
82.161.176.208 - - [14/Jul/2015:02:23:01 -0500] "GET /BLA/resoluciones/AUTOS%25202007/0376.pdf@sa=U@ved=0CFMQFjAkahUKEwimqaqtitrGAhWla3IKHVdDAdM@usg=AFQjCNGBP_26XvlGDGHWY6T64X3e1DsFNw HTTP/1.1" 404 1018
186.29.179.67 - - [14/Jul/2015:02:23:04 -0500] "GET /forest/img/jquery/ui-icons_d8e7f3_256x240.png HTTP/1.1" 304 -
66.249.65.220 - - [14/Jul/2015:02:23:17 -0500] "GET /BLA/resoluciones/RESOLUCIONES%202013/2078.pdf HTTP/1.1" 304 -
66.249.65.48 - - [14/Jul/2015:02:23:37 -0500] "GET /BLA/boletinlegal/jurisprudencia/analisis/SENTENCIA%20C-703%20DE%202010.xls HTTP/1.1" 304 -
66.249.65.220 - - [14/Jul/2015:02:23:57 -0500] "GET /BLA/resoluciones/RESOLUCIONES%202007/RES%202007%202601%20AL%202700/RESOLUCION%202646%20DE%202007.pdf HTTP/1.1" 304 -
74.86.158.107 - - [14/Jul/2015:02:24:11 -0500] "HEAD / HTTP/1.1" 200 -
66.249.65.220 - - [14/Jul/2015:02:24:17 -0500] "GET /bla/normas/Resolucion%202064-2010.pdf HTTP/1.1" 200 1278761
66.249.65.227 - - [14/Jul/2015:02:24:36 -0500] "GET /BLA/resoluciones/RESOLUCIONES%202012/1114.pdf HTTP/1.1" 304 -
121.241.78.194 - - [14/Jul/2015:02:24:46 -0500] "GET /BLA/boletinlegal/js/jquery.scrollShow.js HTTP/1.1" 200 4586
121.241.78.194 - - [14/Jul/2015:02:24:46 -0500] "GET /galeria/galeria/jquery.fancybox.js?v=2.1.5 HTTP/1.1" 200 48706
121.241.78.194 - - [14/Jul/2015:02:24:46 -0500] "GET /BLA/boletinlegal/js/jquery.scrollTo-min.js HTTP/1.1" 200 1150
121.241.78.194 - - [14/Jul/2015:02:24:46 -0500] "GET /galeria/galeria/jquery.fancybox.css?v=2.1.5 HTTP/1.1" 200 4895
121.241.78.194 - - [14/Jul/2015:02:24:46 -0500] "GET /galeria/carrusel/Carrusel/jquery.thumbnailScroller.css HTTP/1.1" 200 2066
121.241.78.194 - - [14/Jul/2015:02:24:46 -0500] "GET /galeria/carrusel/Carrusel/jquery-ui-1.8.13.custom.min.js HTTP/1.1" 200 10800
121.241.78.194 - - [14/Jul/2015:02:24:47 -0500] "GET /galeria/carrusel/Carrusel/jquery.thumbnailScroller.js HTTP/1.1" 200 8157
66.249.65.220 - - [14/Jul/2015:02:24:56 -0500] "GET /BLA/normas/Resolucion%202064-2010.pdf HTTP/1.1" 200 1278761
66.249.65.220 - - [14/Jul/2015:02:25:14 -0500] "GET /BLA/resoluciones/RESOLUCIONES%202009/5907.pdf HTTP/1.1" 200 698336
66.249.65.213 - - [14/Jul/2015:02:25:16 -0500] "GET /BLA/resoluciones/AUTOS%202013/0511.pdf HTTP/1.1" 304 -
66.249.65.213 - - [14/Jul/2015:02:25:36 -0500] "GET /BLA/resoluciones/RESOLUCIONES%202013/2000.pdf HTTP/1.1" 304 -
66.249.65.220 - - [14/Jul/2015:02:25:55 -0500] "GET /BLA/resoluciones/AUTOS%202012/1929.pdf HTTP/1.1" 304 -
121.241.78.194 - - [14/Jul/2015:02:25:16 -0500] "GET /BLA/boletinlegal/ HTTP/1.1" 200 50649
121.241.78.194 - - [14/Jul/2015:02:26:00 -0500] "GET /BLA/boletinlegal/style.css HTTP/1.1" 200 9406
121.241.78.194 - - [14/Jul/2015:02:26:00 -0500] "GET /BLA/boletinlegal/js/jquery.js HTTP/1.1" 200 57254
121.241.78.194 - - [14/Jul/2015:02:26:00 -0500] "GET /BLA/boletinlegal/styles2.css HTTP/1.1" 200 1838
121.241.78.194 - - [14/Jul/2015:02:26:00 -0500] "GET /BLA/boletinlegal/images/cabezote%20BLEGAL.jpg HTTP/1.1" 200 118164
121.241.78.194 - - [14/Jul/2015:02:26:02 -0500] "GET /BLA/boletinlegal/images/nuevo.gif HTTP/1.1" 200 26475
121.241.78.194 - - [14/Jul/2015:02:26:02 -0500] "GET /BLA/boletinlegal/images/subscribe-icon-big.png HTTP/1.1" 200 47702
121.241.78.194 - - [14/Jul/2015:02:26:02 -0500] "GET /BLA/boletinlegal/images/historia.png HTTP/1.1" 200 52775
121.241.78.194 - - [14/Jul/2015:02:26:02 -0500] "GET /BLA/boletinlegal/images/screen_1.png HTTP/1.1" 200 202547
121.241.78.194 - - [14/Jul/2015:02:26:02 -0500] "GET /BLA/boletinlegal/images/arr_l.jpg HTTP/1.1" 200 1979
121.241.78.194 - - [14/Jul/2015:02:26:02 -0500] "GET /BLA/boletinlegal/images/menu_lft.gif HTTP/1.1" 200 1713
121.241.78.194 - - [14/Jul/2015:02:26:03 -0500] "GET /BLA/boletinlegal/images/body_bg.jpg HTTP/1.1" 200 1601
121.241.78.194 - - [14/Jul/2015:02:26:03 -0500] "GET /BLA/boletinlegal/images/menu_rght.gif HTTP/1.1" 200 1627
121.241.78.194 - - [14/Jul/2015:02:26:03 -0500] "GET /BLA/boletinlegal/images/bg_top.jpg HTTP/1.1" 200 522
121.241.78.194 - - [14/Jul/2015:02:26:03 -0500] "GET /BLA/boletinlegal/images/menu_bg.jpg HTTP/1.1" 200 620
121.241.78.194 - - [14/Jul/2015:02:26:03 -0500] "GET /BLA/boletinlegal/images/screen_3.png HTTP/1.1" 200 210620
121.241.78.194 - - [14/Jul/2015:02:26:04 -0500] "GET /BLA/boletinlegal/images/screen_2.png HTTP/1.1" 200 362502
121.241.78.194 - - [14/Jul/2015:02:26:04 -0500] "GET /BLA/boletinlegal/images/screen_5.png HTTP/1.1" 200 368876
121.241.78.194 - - [14/Jul/2015:02:26:04 -0500] "GET /BLA/boletinlegal/images/launch.jpg HTTP/1.1" 200 14577
121.241.78.194 - - [14/Jul/2015:02:26:04 -0500] "GET /BLA/boletinlegal/images/text.jpg HTTP/1.1" 200 568
121.241.78.194 - - [14/Jul/2015:02:26:05 -0500] "GET /BLA/boletinlegal/images/footer_bg.jpg HTTP/1.1" 200 586
121.241.78.194 - - [14/Jul/2015:02:26:05 -0500] "GET /BLA/boletinlegal/images/footer_bg_l.jpg HTTP/1.1" 200 776
121.241.78.194 - - [14/Jul/2015:02:26:06 -0500] "GET /BLA/boletinlegal/images/img_1.jpg HTTP/1.1" 200 8067
121.241.78.194 - - [14/Jul/2015:02:26:06 -0500] "GET /BLA/boletinlegal/images/img_3.jpg HTTP/1.1" 200 1841
121.241.78.194 - - [14/Jul/2015:02:26:06 -0500] "GET /BLA/boletinlegal/images/background.gif HTTP/1.1" 200 -
121.241.78.194 - - [14/Jul/2015:02:26:07 -0500] "GET /BLA/boletinlegal/images/pdf.gif HTTP/1.1" 200 567
121.241.78.194 - - [14/Jul/2015:02:26:07 -0500] "GET /BLA/boletinlegal/images/arr_r.jpg HTTP/1.1" 200 1998
121.241.78.194 - - [14/Jul/2015:02:26:07 -0500] "GET /BLA/boletinlegal/images/symbol5.gif HTTP/1.1" 200 2857
121.241.78.194 - - [14/Jul/2015:02:26:07 -0500] "GET /BLA/boletinlegal/images/People.png HTTP/1.1" 200 45676
121.241.78.194 - - [14/Jul/2015:02:26:07 -0500] "GET /BLA/boletinlegal/images/group.png HTTP/1.1" 200 47853
121.241.78.194 - - [14/Jul/2015:02:26:08 -0500] "GET /BLA/boletinlegal/images/hover.jpg HTTP/1.1" 200 640
121.241.78.194 - - [14/Jul/2015:02:26:08 -0500] "GET /favicon.ico HTTP/1.1" 200 7782
66.249.65.220 - - [14/Jul/2015:02:26:15 -0500] "GET /BLA/resoluciones/RESOLUCIONES%202011/0233.pdf HTTP/1.1" 304 -
66.249.65.220 - - [14/Jul/2015:02:26:35 -0500] "GET /BLA/resoluciones/RESOLUCIONES%202010/6708.pdf HTTP/1.1" 304 -
66.249.65.227 - - [14/Jul/2015:02:26:55 -0500] "GET /BLA/resoluciones/RESOLUCIONES%202007/RES%202007%201%20AL%20100/RESOLUCION%200070%20DE%202007.pdf HTTP/1.1" 304 -
66.249.65.213 - - [14/Jul/2015:02:27:14 -0500] "GET /BLA/resoluciones/AUTOS%202010/6936.pdf HTTP/1.1" 304 -
66.249.65.213 - - [14/Jul/2015:02:27:34 -0500] "GET /BLA/resoluciones/RESOLUCIONES%202008/4595.pdf HTTP/1.1" 304 -
66.249.65.227 - - [14/Jul/2015:02:27:41 -0500] "GET /BLA/resoluciones/RESOLUCIONES%202005/RES%202005%20951-1000/00000955.tif HTTP/1.1" 200 128984
186.29.179.67 - - [14/Jul/2015:02:27:51 -0500] "GET /forest/session.jsp?a=0.6289635093417019 HTTP/1.1" 200 4
121.241.78.194 - - [14/Jul/2015:02:27:51 -0500] "GET /catalogoisis/ HTTP/1.1" 200 8575
121.241.78.194 - - [14/Jul/2015:02:27:52 -0500] "GET /catalogoisis/Css/Busqueda.css HTTP/1.1" 200 1995
121.241.78.194 - - [14/Jul/2015:02:27:52 -0500] "GET /catalogoisis/Js/CriterioCombinada.js HTTP/1.1" 200 1843
121.241.78.194 - - [14/Jul/2015:02:27:52 -0500] "GET /catalogoisis/Js/AceptarLimpiar.js HTTP/1.1" 200 331
121.241.78.194 - - [14/Jul/2015:02:27:52 -0500] "GET /catalogoisis/Js/Remote.js HTTP/1.1" 200 436
121.241.78.194 - - [14/Jul/2015:02:27:52 -0500] "GET /catalogoisis/Js/LimpiarCombinada.js HTTP/1.1" 200 207
121.241.78.194 - - [14/Jul/2015:02:27:52 -0500] "GET /catalogoisis/Js/Cookies.js HTTP/1.1" 200 1369
121.241.78.194 - - [14/Jul/2015:02:27:52 -0500] "GET /catalogoisis/Js/Go.js HTTP/1.1" 200 364
121.241.78.194 - - [14/Jul/2015:02:27:53 -0500] "GET /catalogoisis/Js/Enter.js HTTP/1.1" 200 1208
121.241.78.194 - - [14/Jul/2015:02:27:53 -0500] "GET /catalogoisis/Js/Numero.js HTTP/1.1" 200 398
121.241.78.194 - - [14/Jul/2015:02:27:54 -0500] "GET /catalogoisis/imagenes/br1c1.gif HTTP/1.1" 200 172
121.241.78.194 - - [14/Jul/2015:02:27:53 -0500] "GET /catalogoisis/imagenes/Header.gif HTTP/1.1" 200 14509
121.241.78.194 - - [14/Jul/2015:02:27:54 -0500] "GET /catalogoisis/imagenes/limpiar1.gif HTTP/1.1" 200 606
121.241.78.194 - - [14/Jul/2015:02:27:54 -0500] "GET /catalogoisis/imagenes/Turnbo1.gif HTTP/1.1" 200 227
121.241.78.194 - - [14/Jul/2015:02:27:54 -0500] "GET /catalogoisis/imagenes/br1c3.gif HTTP/1.1" 200 302
121.241.78.194 - - [14/Jul/2015:02:27:54 -0500] "GET /catalogoisis/imagenes/aceptar1.gif HTTP/1.1" 200 604
66.249.65.220 - - [14/Jul/2015:02:27:54 -0500] "GET /BLA/resoluciones/RESOLUCIONES%202007/RES%202007%20301%20AL%20400/RESOLUCION%200350%20DE%202007.pdf HTTP/1.1" 304 -
121.241.78.194 - - [14/Jul/2015:02:27:54 -0500] "GET /catalogoisis/imagenes/br2c2.gif HTTP/1.1" 200 302
121.241.78.194 - - [14/Jul/2015:02:27:54 -0500] "GET /catalogoisis/imagenes/br2c3.gif HTTP/1.1" 200 416
121.241.78.194 - - [14/Jul/2015:02:27:54 -0500] "GET /catalogoisis/imagenes/br1c2.gif HTTP/1.1" 200 297
121.241.78.194 - - [14/Jul/2015:02:27:55 -0500] "GET /catalogoisis/imagenes/br3c2.gif HTTP/1.1" 200 285
121.241.78.194 - - [14/Jul/2015:02:27:55 -0500] "GET /catalogoisis/imagenes/br3c1.gif HTTP/1.1" 200 177
121.241.78.194 - - [14/Jul/2015:02:27:55 -0500] "GET /catalogoisis/imagenes/br2c1.gif HTTP/1.1" 200 297
121.241.78.194 - - [14/Jul/2015:02:27:55 -0500] "GET /catalogoisis/imagenes/br3c3.gif HTTP/1.1" 200 186
121.241.78.194 - - [14/Jul/2015:02:28:03 -0500] "GET /galeria/nivo-slider/demo/demo.html HTTP/1.1" 200 5224
121.241.78.194 - - [14/Jul/2015:02:28:08 -0500] "GET /galeria/nivo-slider/themes/default/default.css HTTP/1.1" 200 1569
121.241.78.194 - - [14/Jul/2015:02:28:08 -0500] "GET /galeria/nivo-slider/demo/images/Rendicion-de-cuentas.jpg HTTP/1.1" 200 174889
121.241.78.194 - - [14/Jul/2015:02:28:08 -0500] "GET /galeria/nivo-slider/nivo-slider.css HTTP/1.1" 200 1507
121.241.78.194 - - [14/Jul/2015:02:28:08 -0500] "GET /galeria/nivo-slider/themes/orman/orman.css HTTP/1.1" 200 2152
121.241.78.194 - - [14/Jul/2015:02:28:08 -0500] "GET /galeria/nivo-slider/themes/pascal/pascal.css HTTP/1.1" 200 2258
121.241.78.194 - - [14/Jul/2015:02:28:09 -0500] "GET /galeria/nivo-slider/demo/style.css HTTP/1.1" 200 2222
121.241.78.194 - - [14/Jul/2015:02:28:09 -0500] "GET /galeria/nivo-slider/demo/scripts/jquery-1.7.1.min.js HTTP/1.1" 200 93868
121.241.78.194 - - [14/Jul/2015:02:28:09 -0500] "GET /galeria/nivo-slider/demo/images/Semana-PYBA.jpg HTTP/1.1" 200 147360
121.241.78.194 - - [14/Jul/2015:02:28:09 -0500] "GET /galeria/nivo-slider/demo/images/banner-llantas2.jpg HTTP/1.1" 200 204644
121.241.78.194 - - [14/Jul/2015:02:28:09 -0500] "GET /galeria/nivo-slider/jquery.nivo.slider.pack.js HTTP/1.1" 200 11561
121.241.78.194 - - [14/Jul/2015:02:28:10 -0500] "GET /galeria/nivo-slider/demo/images/4Simple_Slider.png HTTP/1.1" 200 11722
121.241.78.194 - - [14/Jul/2015:02:28:11 -0500] "GET /galeria/nivo-slider/themes/default/loading.gif HTTP/1.1" 200 1737
121.241.78.194 - - [14/Jul/2015:02:28:11 -0500] "GET /galeria/nivo-slider/demo/images/PREDAcamp.jpg HTTP/1.1" 200 295358
121.241.78.194 - - [14/Jul/2015:02:28:11 -0500] "GET /galeria/nivo-slider/demo/images/9Signos.jpg HTTP/1.1" 200 81776
121.241.78.194 - - [14/Jul/2015:02:28:12 -0500] "GET /galeria/nivo-slider/demo/images/VoluntariadoPYBA.jpg HTTP/1.1" 200 40647
121.241.78.194 - - [14/Jul/2015:02:28:12 -0500] "GET /galeria/nivo-slider/demo/images/Comparendo-ambiental-Banner.jpg HTTP/1.1" 200 83731
121.241.78.194 - - [14/Jul/2015:02:28:12 -0500] "GET /galeria/nivo-slider/demo/images/GAE-banner.jpg HTTP/1.1" 200 97556
121.241.78.194 - - [14/Jul/2015:02:28:12 -0500] "GET /galeria/nivo-slider/demo/images/Banner-encuesta-de-percepscio.jpg HTTP/1.1" 200 201899
121.241.78.194 - - [14/Jul/2015:02:28:12 -0500] "GET /galeria/nivo-slider/demo/images/banner-Pacto-por-la-madera.jpg HTTP/1.1" 200 209966
121.241.78.194 - - [14/Jul/2015:02:28:13 -0500] "GET /galeria/nivo-slider/demo/images/acuerdo_569.jpg HTTP/1.1" 200 62670
121.241.78.194 - - [14/Jul/2015:02:28:14 -0500] "GET /galeria/nivo-slider/demo/images/Licitaciones-proyecto-paramo.jpg HTTP/1.1" 200 221877
121.241.78.194 - - [14/Jul/2015:02:28:14 -0500] "GET /galeria/nivo-slider/demo/images/Banner-decreto1299.jpg HTTP/1.1" 200 182613
66.249.65.227 - - [14/Jul/2015:02:28:14 -0500] "GET /BLA/resoluciones/RESOLUCIONES%202010/4492.pdf HTTP/1.1" 304 -
121.241.78.194 - - [14/Jul/2015:02:28:14 -0500] "GET /galeria/nivo-slider/demo/images/Banner-Directorio.jpg HTTP/1.1" 200 182068
121.241.78.194 - - [14/Jul/2015:02:28:14 -0500] "GET /galeria/nivo-slider/demo/images/Ruta-vertimientos-01.jpg HTTP/1.1" 200 130151
121.241.78.194 - - [14/Jul/2015:02:28:15 -0500] "GET /galeria/nivo-slider/demo/images/bolsas-06.jpg HTTP/1.1" 200 90982
121.241.78.194 - - [14/Jul/2015:02:28:15 -0500] "GET /galeria/nivo-slider/demo/images/Conoce-los-humedales.jpg HTTP/1.1" 200 294036
121.241.78.194 - - [14/Jul/2015:02:28:16 -0500] "GET /galeria/nivo-slider/demo/images/ecolecta-Dic2014.png HTTP/1.1" 200 288593
121.241.78.194 - - [14/Jul/2015:02:28:16 -0500] "GET /galeria/nivo-slider/demo/images/Banner-Caracol-Africano.jpg HTTP/1.1" 200 331986
121.241.78.194 - - [14/Jul/2015:02:28:19 -0500] "GET /galeria/nivo-slider/themes/default/arrows.png HTTP/1.1" 200 824
121.241.78.194 - - [14/Jul/2015:02:28:19 -0500] "GET /galeria/nivo-slider/themes/default/bullets.png HTTP/1.1" 200 1281
66.249.65.220 - - [14/Jul/2015:02:28:34 -0500] "GET /BLA/resoluciones/RESOLUCIONES%202012/0962.pdf HTTP/1.1" 304 -
66.249.65.213 - - [14/Jul/2015:02:28:53 -0500] "GET /BLA/resoluciones/RESOLUCIONES%202013/0852.pdf HTTP/1.1" 304 -
74.86.158.107 - - [14/Jul/2015:02:29:11 -0500] "HEAD / HTTP/1.1" 200 -
66.249.65.227 - - [14/Jul/2015:02:29:13 -0500] "GET /BLA/resoluciones/RESOLUCIONES%202010/7612.pdf HTTP/1.1" 304 -
66.249.65.227 - - [14/Jul/2015:02:29:33 -0500] "GET /BLA/resoluciones/RESOLUCIONES%202013/1041.pdf HTTP/1.1" 304 -
66.249.65.227 - - [14/Jul/2015:02:29:53 -0500] "GET /BLA/resoluciones/AUTOS%202013/2098.pdf HTTP/1.1" 304 -
66.249.65.220 - - [14/Jul/2015:02:30:12 -0500] "GET /BLA/resoluciones/RESOLUCIONES%202007/RES%202007%201501%20AL%201600/RESOLUCION%201505%20DE%202007.pdf HTTP/1.1" 304 -
66.249.65.220 - - [14/Jul/2015:02:30:32 -0500] "GET /BLA/resoluciones/AUTOS%202013/0527.pdf HTTP/1.1" 304 -
66.249.65.227 - - [14/Jul/2015:02:30:52 -0500] "GET /BLA/resoluciones/RESOLUCIONES%202007/RES%202007%202901%20AL%203000/RESOLUCION%202995%20DE%202007.pdf HTTP/1.1" 304 -
66.249.65.227 - - [14/Jul/2015:02:31:12 -0500] "GET /BLA/resoluciones/AUTOS%202014/1868.pdf HTTP/1.1" 304 -
66.249.65.220 - - [14/Jul/2015:02:31:31 -0500] "GET /BLA/resoluciones/RESOLUCIONES%202009/6119.pdf HTTP/1.1" 304 -
66.249.65.227 - - [14/Jul/2015:02:31:51 -0500] "GET /BLA/resoluciones/AUTOS%202013/2050.pdf HTTP/1.1" 200 1513667
66.249.65.227 - - [14/Jul/2015:02:32:11 -0500] "GET /BLA/resoluciones/AUTOS%202014/1809.pdf HTTP/1.1" 304 -
181.61.113.85 - - [14/Jul/2015:02:32:15 -0500] "GET /BLA/resoluciones/RESOLUCIONES%202013/1135.pdf HTTP/1.1" 200 3363416
181.61.113.85 - - [14/Jul/2015:02:32:15 -0500] "GET /BLA/resoluciones/RESOLUCIONES%202013/1135.pdf HTTP/1.1" 206 32768
181.61.113.85 - - [14/Jul/2015:02:32:15 -0500] "GET /BLA/resoluciones/RESOLUCIONES%202013/1135.pdf HTTP/1.1" 206 3330648
66.249.65.227 - - [14/Jul/2015:02:32:31 -0500] "GET /BLA/resoluciones/AUTOS%202013/2051.pdf HTTP/1.1" 304 -
66.249.65.220 - - [14/Jul/2015:02:32:50 -0500] "GET /BLA/resoluciones/AUTOS%202012/1689.pdf HTTP/1.1" 304 -
186.29.179.67 - - [14/Jul/2015:02:32:52 -0500] "GET /forest/session.jsp?a=0.04266676749102771 HTTP/1.1" 200 4
66.249.65.213 - - [14/Jul/2015:02:33:10 -0500] "GET /BLA/resoluciones/AUTOS%202008/0714.pdf HTTP/1.1" 304 -
66.249.65.213 - - [14/Jul/2015:02:33:30 -0500] "GET /BLA/resoluciones/RESOLUCIONES%202013/2781.pdf HTTP/1.1" 304 -
66.249.65.227 - - [14/Jul/2015:02:33:50 -0500] "GET /BLA/resoluciones/AUTOS%202013/3100.pdf HTTP/1.1" 304 -
66.249.65.227 - - [14/Jul/2015:02:34:09 -0500] "GET /autoliquidacion/Solicitudes%20relacionadas%20con%20calidad%20del%20aire%20auditiva%20y%20visual/Evaluaci%C3%B3n%20de%20Estudios%20de%20ruido/Aplicativo%20Evaluacion%20estudios%20de%20ruido%202015.xlsx HTTP/1.1" 304 -
74.86.158.107 - - [14/Jul/2015:02:34:11 -0500] "HEAD / HTTP/1.1" 200 -
66.249.65.213 - - [14/Jul/2015:02:34:29 -0500] "GET /BLA/resoluciones/RESOLUCIONES%202012/1714.pdf HTTP/1.1" 304 -
66.249.65.213 - - [14/Jul/2015:02:34:34 -0500] "GET /BLA/resoluciones/RESOLUCIONES%202012/1223.pdf HTTP/1.1" 304 -
66.249.65.220 - - [14/Jul/2015:02:34:49 -0500] "GET /BLA/resoluciones/AUTOS%202013/0921.pdf HTTP/1.1" 304 -
66.249.65.220 - - [14/Jul/2015:02:35:09 -0500] "GET /BLA/resoluciones/AUTOS%202014/1324.pdf HTTP/1.1" 304 -
66.249.65.227 - - [14/Jul/2015:02:35:29 -0500] "GET /BLA/resoluciones/RESOLUCIONES%202010/2838.pdf HTTP/1.1" 304 -
66.249.65.213 - - [14/Jul/2015:02:35:48 -0500] "GET /BLA/resoluciones/RESOLUCIONES%202007/RES%202007%201601%20AL%201725/RESOLUCION%201609%20%20DE%202007.pdf HTTP/1.1" 304 -
121.241.78.194 - - [14/Jul/2015:02:35:49 -0500] "GET /portalsiaccapacitaciones/Soportes%20Capacitaciones%202014/0107.%20Presentaci%C3%B3n%20Fuentes%20M%C3%B3viles%2014-10-14.pdf HTTP/1.1" 404 1157
121.241.78.194 - - [14/Jul/2015:02:35:49 -0500] "GET /favicon.ico HTTP/1.1" 200 7782
66.249.65.220 - - [14/Jul/2015:02:36:08 -0500] "GET /BLA/resoluciones/AUTOS%202012/1824.pdf HTTP/1.1" 304 -
66.249.65.227 - - [14/Jul/2015:02:36:28 -0500] "GET /BLA/resoluciones/RESOLUCIONES%202007/RES%202007%202201%20AL%202300/RESOLUCION%202263%20DE%202007.pdf HTTP/1.1" 304 -
66.249.65.227 - - [14/Jul/2015:02:36:48 -0500] "GET /BLA/resoluciones/RESOLUCIONES%202007/RES%202007%20401%20AL%20500/RESOLUCION%200412%20DE%202007.pdf HTTP/1.1" 304 -
66.249.65.213 - - [14/Jul/2015:02:37:07 -0500] "GET /BLA/resoluciones/RESOLUCIONES%202010/7440.pdf HTTP/1.1" 304 -
66.249.65.220 - - [14/Jul/2015:02:37:27 -0500] "GET /BLA/resoluciones/AUTOS%202011/1362.pdf HTTP/1.1" 304 -
186.29.179.67 - - [14/Jul/2015:02:37:53 -0500] "GET /forest/session.jsp?a=0.3972791414707899 HTTP/1.1" 200 4
186.29.179.67 - - [14/Jul/2015:02:38:24 -0500] "GET /forest/img/jquery/ui-bg_glass_75_d0e5f5_1x400.png HTTP/1.1" 304 -
66.249.65.213 - - [14/Jul/2015:02:37:47 -0500] "GET /BLA/boletinlegal/ HTTP/1.1" 200 50649
66.249.65.213 - - [14/Jul/2015:02:38:31 -0500] "GET /BLA/resoluciones/RESOLUCIONES%202011/0546.pdf HTTP/1.1" 304 -
66.249.65.220 - - [14/Jul/2015:02:38:32 -0500] "GET /BLA/resoluciones/AUTOS%202013/1882.pdf HTTP/1.1" 304 -
66.249.65.213 - - [14/Jul/2015:02:38:46 -0500] "GET /BLA/resoluciones/AUTOS%202013/2390.pdf HTTP/1.1" 304 -
66.249.65.227 - - [14/Jul/2015:02:39:06 -0500] "GET /BLA/resoluciones/RESOLUCIONES%202010/4478.pdf HTTP/1.1" 304 -
74.86.158.107 - - [14/Jul/2015:02:39:11 -0500] "HEAD / HTTP/1.1" 200 -
66.249.65.213 - - [14/Jul/2015:02:39:26 -0500] "GET /BLA/resoluciones/RESOLUCIONES%202010/7736.pdf HTTP/1.1" 304 -
66.249.65.213 - - [14/Jul/2015:02:39:45 -0500] "GET /BLA/resoluciones/RESOLUCIONES%202010/6340.pdf HTTP/1.1" 304 -
66.249.65.227 - - [14/Jul/2015:02:40:05 -0500] "GET /BLA/resoluciones/RESOLUCIONES%202009/3798.pdf HTTP/1.1" 304 -
66.249.65.227 - - [14/Jul/2015:02:40:25 -0500] "GET /BLA/resoluciones/AUTOS%202014/4999.pdf HTTP/1.1" 304 -
66.249.65.220 - - [14/Jul/2015:02:40:45 -0500] "GET /BLA/resoluciones/RESOLUCIONES%202010/6900.pdf HTTP/1.1" 304 -
66.249.65.220 - - [14/Jul/2015:02:41:02 -0500] "GET /BLA/resoluciones/RESOLUCIONES%202014/3163.pdf HTTP/1.1" 304 -
186.29.179.67 - - [14/Jul/2015:02:41:04 -0500] "GET /forest/img/jquery/ui-bg_flat_55_fbec88_40x100.png HTTP/1.1" 304 -
66.249.65.220 - - [14/Jul/2015:02:41:04 -0500] "GET /BLA/resoluciones/RESOLUCIONES%202012/1735.pdf HTTP/1.1" 304 -
186.29.179.67 - - [14/Jul/2015:02:41:06 -0500] "GET /forest/usutareas.do?_a=0.9310551250819117&group_system_actual=3 HTTP/1.1" 200 111958
186.29.179.67 - - [14/Jul/2015:02:41:07 -0500] "GET /forest/skins/gdocs-jar/css/forms.css HTTP/1.1" 304 -
186.29.179.67 - - [14/Jul/2015:02:41:07 -0500] "GET /forest/skins/gdocs-jar/js/tareas.js?version=1503.161801 HTTP/1.1" 304 -
186.29.179.67 - - [14/Jul/2015:02:41:07 -0500] "GET /forest/skins/gdocs-jar/js/number-functions.js?version=1503.161801 HTTP/1.1" 304 -
186.29.179.67 - - [14/Jul/2015:02:41:07 -0500] "GET /forest/skins/gdocs-jar/js/formsBase.js?version=1503.161801 HTTP/1.1" 304 -
186.29.179.67 - - [14/Jul/2015:02:41:07 -0500] "GET /forest/skins/gdocs-jar/js/swfobject.js?version=1503.161801 HTTP/1.1" 304 -
186.29.179.67 - - [14/Jul/2015:02:41:07 -0500] "GET /forest/skins/gdocs-jar/js/graphicForm.js?version=1503.161801 HTTP/1.1" 304 -
186.29.179.67 - - [14/Jul/2015:02:41:08 -0500] "GET /forest/skins/gdocs-jar/img/desasociarUser.gif HTTP/1.1" 304 -
186.29.179.67 - - [14/Jul/2015:02:41:08 -0500] "GET /forest/img/asociarUser.gif HTTP/1.1" 304 -
186.29.179.67 - - [14/Jul/2015:02:41:08 -0500] "GET /forest/skins/gdocs-jar/img/print.gif HTTP/1.1" 304 -
186.29.179.67 - - [14/Jul/2015:02:41:08 -0500] "GET /forest/skins/gdocs-jar/img/actividad2.gif HTTP/1.1" 304 -
186.29.179.67 - - [14/Jul/2015:02:41:08 -0500] "GET /forest/skins/gdocs-jar/img/comments.gif HTTP/1.1" 304 -
186.29.179.67 - - [14/Jul/2015:02:41:08 -0500] "GET /forest/skins/gdocs-jar/img/vertodossubprocesos.gif HTTP/1.1" 304 -
186.29.179.67 - - [14/Jul/2015:02:41:08 -0500] "GET /forest/skins/gdocs-jar/img/asociarUserOtraDependencia.gif HTTP/1.1" 304 -
186.29.179.67 - - [14/Jul/2015:02:41:08 -0500] "GET /forest/skins/gdocs-jar/img/spacer.gif HTTP/1.1" 304 -
186.29.179.67 - - [14/Jul/2015:02:41:08 -0500] "GET /forest/skins/gdocs-jar/img/prev.gif HTTP/1.1" 304 -
186.29.179.67 - - [14/Jul/2015:02:41:08 -0500] "GET /forest/skins/gdocs-jar/img/alert.gif HTTP/1.1" 304 -
186.29.179.67 - - [14/Jul/2015:02:41:08 -0500] "GET /forest/skins/gdocs-jar/img/disk.png HTTP/1.1" 304 -
186.29.179.67 - - [14/Jul/2015:02:41:08 -0500] "GET /forest/skins/gdocs-jar/img/control-double.png HTTP/1.1" 304 -
186.29.179.67 - - [14/Jul/2015:02:41:08 -0500] "GET /forest/skins/gdocs-jar/img/close.gif HTTP/1.1" 304 -
186.29.179.67 - - [14/Jul/2015:02:41:09 -0500] "GET /forest/session.jsp?a=0.9939804268069565 HTTP/1.1" 200 4
186.29.179.67 - - [14/Jul/2015:02:41:09 -0500] "GET /forest/skins/gdocs-jar/img/bgPanel.jpg HTTP/1.1" 304 -
186.29.179.67 - - [14/Jul/2015:02:41:09 -0500] "GET /forest/skins/gdocs-jar/img/green.gif HTTP/1.1" 304 -
66.249.65.213 - - [14/Jul/2015:02:41:24 -0500] "GET /BLA/resoluciones/RESOLUCIONES%202007/RES%202007%201%20AL%20100/RESOLUCION%200043%20DE%202007.pdf HTTP/1.1" 304 -
66.249.65.213 - - [14/Jul/2015:02:41:44 -0500] "GET /BLA/resoluciones/RESOLUCIONES%202014/1220.pdf HTTP/1.1" 304 -
66.249.65.220 - - [14/Jul/2015:02:42:04 -0500] "GET /BLA/resoluciones/RESOLUCIONES%202007/RES%202007%20401%20AL%20500/RESOLUCION%200431%20DE%202007.pdf HTTP/1.1" 304 -
66.249.65.220 - - [14/Jul/2015:02:42:04 -0500] "GET /m/BLA/resoluciones/RESOLUCIONES%202007/RES%202007%201501%20AL%201600/RESOLUCION%201505%20DE%202007.pdf HTTP/1.1" 404 1018
66.249.65.227 - - [14/Jul/2015:02:42:23 -0500] "GET /BLA/resoluciones/RESOLUCIONES%202012/0131.pdf HTTP/1.1" 304 -
66.249.65.220 - - [14/Jul/2015:02:42:43 -0500] "GET /BLA/resoluciones/RESOLUCIONES%202007/RES%202007%201001%20AL%201100/RESOLUCION%201043%20DE%202007.pdf HTTP/1.1" 304 -
66.249.65.227 - - [14/Jul/2015:02:43:03 -0500] "GET /BLA/resoluciones/RESOLUCIONES%202010/6545.pdf HTTP/1.1" 304 -
66.249.65.220 - - [14/Jul/2015:02:43:23 -0500] "GET /BLA/resoluciones/RESOLUCIONES%202013/0120.pdf HTTP/1.1" 304 -
66.249.65.213 - - [14/Jul/2015:02:43:43 -0500] "GET /autoliquidacion/TR%C3%81MITES%20AGUAS%20SUPERFICIALES/Lista%20de%20chequeo%20concesion%20de%20aguas%20superficiales.XLS HTTP/1.1" 304 -
66.249.65.220 - - [14/Jul/2015:02:44:02 -0500] "GET /BLA/resoluciones/RESOLUCIONES%202008/3835.pdf HTTP/1.1" 304 -
74.86.158.107 - - [14/Jul/2015:02:44:11 -0500] "HEAD / HTTP/1.1" 200 -
66.249.65.227 - - [14/Jul/2015:02:44:22 -0500] "GET /BLA/resoluciones/RESOLUCIONES%202007/RES%202007%203801%20AL%203900/RESOLUCION%203888%20DE%202007.pdf HTTP/1.1" 304 -
66.249.65.227 - - [14/Jul/2015:02:44:42 -0500] "GET /BLA/resoluciones/RESOLUCIONES%202010/3749.pdf HTTP/1.1" 304 -
66.249.65.227 - - [14/Jul/2015:02:45:02 -0500] "GET /BLA/resoluciones/RESOLUCIONES%202007/RES%202007%202801%20AL%202900/RESOLUCION%202844%20DE%202007.pdf HTTP/1.1" 304 -
66.249.65.220 - - [14/Jul/2015:02:45:21 -0500] "GET /autoliquidacion/index.php?dir=TR%C1MITES+VERTIMIENTOS%2FREGISTRO+DE+VERTIMIENTOS%2F HTTP/1.1" 200 2663
66.249.65.213 - - [14/Jul/2015:02:45:41 -0500] "GET /BLA/resoluciones/AUTOS%202013/0538.pdf HTTP/1.1" 304 -
66.249.65.213 - - [14/Jul/2015:02:46:01 -0500] "GET /BLA/resoluciones/RESOLUCIONES%202012/1440.pdf HTTP/1.1" 304 -
186.29.179.67 - - [14/Jul/2015:02:46:10 -0500] "GET /forest/session.jsp?a=0.5004164094571024 HTTP/1.1" 200 4
66.249.65.213 - - [14/Jul/2015:02:46:21 -0500] "GET /BLA/resoluciones/RESOLUCIONES%202008/0411.pdf HTTP/1.1" 304 -
199.195.118.53 - - [14/Jul/2015:02:46:35 -0500] "GET / HTTP/1.1" 200 10190
66.249.65.227 - - [14/Jul/2015:02:46:40 -0500] "GET /BLA/resoluciones/AUTOS%202013/1102.pdf HTTP/1.1" 304 -
66.249.65.213 - - [14/Jul/2015:02:47:00 -0500] "GET /BLA/resoluciones/RESOLUCIONES%202010/4082.pdf HTTP/1.1" 304 -
66.249.65.213 - - [14/Jul/2015:02:47:20 -0500] "GET /BLA/resoluciones/AUTOS%202013/1706.pdf HTTP/1.1" 304 -
66.249.65.227 - - [14/Jul/2015:02:47:40 -0500] "GET /BLA/resoluciones/AUTOS%202013/3399.pdf HTTP/1.1" 304 -
66.249.65.220 - - [14/Jul/2015:02:47:59 -0500] "GET /BLA/resoluciones/AUTOS%202013/0550.pdf HTTP/1.1" 304 -
66.249.65.227 - - [14/Jul/2015:02:48:19 -0500] "GET /BLA/resoluciones/RESOLUCIONES%202007/RES%202007%202201%20AL%202300/RESOLUCION%202215%20DE%202007.pdf HTTP/1.1" 304 -
66.249.65.220 - - [14/Jul/2015:02:48:39 -0500] "GET /BLA/resoluciones/RESOLUCIONES%202010/7837.pdf HTTP/1.1" 304 -
66.249.65.220 - - [14/Jul/2015:02:48:59 -0500] "GET /BLA/resoluciones/RESOLUCIONES%202014/0904.pdf HTTP/1.1" 304 -
74.86.158.107 - - [14/Jul/2015:02:49:11 -0500] "HEAD / HTTP/1.1" 200 -
66.249.65.220 - - [14/Jul/2015:02:49:18 -0500] "GET /BLA/resoluciones/AUTOS%202012/1690.pdf HTTP/1.1" 304 -
66.249.65.227 - - [14/Jul/2015:02:49:38 -0500] "GET /BLA/resoluciones/RESOLUCIONES%202012/1725.pdf HTTP/1.1" 304 -
66.249.65.227 - - [14/Jul/2015:02:49:58 -0500] "GET /BLA/resoluciones/AUTOS%202013/1156.pdf HTTP/1.1" 200 828065
66.249.65.213 - - [14/Jul/2015:02:50:18 -0500] "GET /BLA/resoluciones/RESOLUCIONES%202012/0848.pdf HTTP/1.1" 304 -
66.249.65.227 - - [14/Jul/2015:02:50:38 -0500] "GET /BLA/resoluciones/AUTOS%202014/5793.pdf HTTP/1.1" 304 -
66.249.65.227 - - [14/Jul/2015:02:50:57 -0500] "GET /BLA/resoluciones/AUTOS%202008/3491.pdf HTTP/1.1" 304 -
180.76.15.147 - - [14/Jul/2015:02:51:05 -0500] "GET /BLA/boletinlegal/actas/acta%20de%20acuerdo%2001%20adop%20regla%20inter%20CISPAER.pdf HTTP/1.1" 200 837068
186.29.179.67 - - [14/Jul/2015:02:51:11 -0500] "GET /forest/session.jsp?a=0.7015880635008216 HTTP/1.1" 200 4
66.249.65.213 - - [14/Jul/2015:02:51:17 -0500] "GET /BLA/resoluciones/AUTOS%202012/0918.pdf HTTP/1.1" 304 -
66.249.65.220 - - [14/Jul/2015:02:51:37 -0500] "GET /BLA/resoluciones/RESOLUCIONES%202007/RES%202007%202401%20AL%202500/RESOLUCION%202419%20DE%202007.pdf HTTP/1.1" 304 -
66.249.65.213 - - [14/Jul/2015:02:51:57 -0500] "GET /BLA/resoluciones/RESOLUCIONES%202008/1967.pdf HTTP/1.1" 200 64543
66.249.65.48 - - [14/Jul/2015:02:52:16 -0500] "GET /BLA/boletinlegal/jurisprudencia/analisis/Analisis%20jurisprudencial%20Sentencia%20C-366-11.doc HTTP/1.1" 304 -
66.249.65.48 - - [14/Jul/2015:02:52:36 -0500] "GET /BLA/boletinlegal/jurisprudencia/analisis/CUADRO%20ANALISIS%20SENTENCIA%20T-411%20DE%201992.doc HTTP/1.1" 304 -
66.249.65.213 - - [14/Jul/2015:02:52:56 -0500] "GET /BLA/resoluciones/RESOLUCIONES%202010/7648.pdf HTTP/1.1" 304 -
66.249.65.51 - - [14/Jul/2015:02:53:16 -0500] "GET /BLA/boletinlegal/jurisprudencia/analisis/CUADRO%20SENTENCIA%20T-299%20DE%202008.doc HTTP/1.1" 304 -
66.249.65.220 - - [14/Jul/2015:02:53:35 -0500] "GET /BLA/resoluciones/Notificaciones/AUTOS%202014/4450.doc HTTP/1.1" 304 -
66.249.65.220 - - [14/Jul/2015:02:53:55 -0500] "GET /BLA/resoluciones/RESOLUCIONES%202013/0985.pdf HTTP/1.1" 304 -
66.249.65.227 - - [14/Jul/2015:02:54:03 -0500] "GET /BLA/resoluciones/AUTOS%202011/2146.pdf HTTP/1.1" 304 -
74.86.158.107 - - [14/Jul/2015:02:54:11 -0500] "HEAD / HTTP/1.1" 200 -
66.249.65.48 - - [14/Jul/2015:02:54:11 -0500] "GET /BLA/boletinlegal/jurisprudencia/analisis/CUADRO%20SENTENCIA%20T-299%20DE%202008.doc HTTP/1.1" 200 40960
66.249.65.213 - - [14/Jul/2015:02:54:15 -0500] "GET /BLA/resoluciones/RESOLUCIONES%202013/2091.pdf HTTP/1.1" 304 -
66.249.65.220 - - [14/Jul/2015:02:54:35 -0500] "GET /BLA/resoluciones/AUTOS%202011/4309.pdf HTTP/1.1" 304 -
66.249.65.213 - - [14/Jul/2015:02:54:54 -0500] "GET /BLA/resoluciones/RESOLUCIONES%202009/4406.pdf HTTP/1.1" 304 -
66.249.65.220 - - [14/Jul/2015:02:55:14 -0500] "GET /BLA/resoluciones/AUTOS%202013/0817.pdf HTTP/1.1" 304 -
66.249.65.227 - - [14/Jul/2015:02:55:34 -0500] "GET /BLA/resoluciones/AUTOS%202007/0423.pdf HTTP/1.1" 200 63043
66.249.65.220 - - [14/Jul/2015:02:55:54 -0500] "GET /BLA/resoluciones/RESOLUCIONES%202013/0848.pdf HTTP/1.1" 304 -
66.249.65.213 - - [14/Jul/2015:02:55:58 -0500] "GET /mobile/BLA/resoluciones/AUTOS%202014/4970.pdf HTTP/1.1" 404 1018
66.249.65.51 - - [14/Jul/2015:02:56:13 -0500] "GET /BLA/boletinlegal/Directivas/2014/Directiva%20No.%205%20del%2026%20de%20Diciembre%20de%202014.pdf HTTP/1.1" 304 -
66.249.65.213 - - [14/Jul/2015:02:56:29 -0500] "GET /BLA/resoluciones/RESOLUCIONES%202005/RES%202005%20951-1000/00000996.tif HTTP/1.1" 200 160346
66.249.65.227 - - [14/Jul/2015:02:56:33 -0500] "GET /BLA/resoluciones/AUTOS%202007/1498.pdf HTTP/1.1" 304 -
66.249.65.220 - - [14/Jul/2015:02:56:53 -0500] "GET /BLA/resoluciones/Notificaciones/AUTOS%202014/5643.doc HTTP/1.1" 304 -
66.249.65.45 - - [14/Jul/2015:02:57:13 -0500] "GET /BLA/boletinlegal/jurisprudencia/analisis/analisis%20sentencia%20C-596-10.doc HTTP/1.1" 304 -
66.249.65.213 - - [14/Jul/2015:02:57:33 -0500] "GET /BLA/resoluciones/RESOLUCIONES%202010/5258.pdf HTTP/1.1" 304 -
66.249.65.45 - - [14/Jul/2015:02:57:52 -0500] "GET / HTTP/1.1" 200 10190
66.249.65.213 - - [14/Jul/2015:02:58:12 -0500] "GET /BLA/resoluciones/AUTOS%202013/0201.pdf HTTP/1.1" 304 -
66.249.65.213 - - [14/Jul/2015:02:58:32 -0500] "GET /BLA/resoluciones/AUTOS%202013/0148.pdf HTTP/1.1" 304 -
66.249.65.213 - - [14/Jul/2015:02:58:52 -0500] "GET /BLA/resoluciones/RESOLUCIONES%202010/0670.pdf HTTP/1.1" 304 -
201.184.222.220 - - [14/Jul/2015:02:59:10 -0500] "GET /BLA/boletinlegal/js/jquery.scrollTo-min.js HTTP/1.1" 200 1150
201.184.222.220 - - [14/Jul/2015:02:59:10 -0500] "GET /BLA/boletinlegal/js/jquery.scrollShow.js HTTP/1.1" 200 4586
201.184.222.220 - - [14/Jul/2015:02:59:10 -0500] "GET /galeria/galeria/jquery.fancybox.js?v=2.1.5 HTTP/1.1" 200 48706
201.184.222.220 - - [14/Jul/2015:02:59:10 -0500] "GET /galeria/galeria/jquery.fancybox.css?v=2.1.5 HTTP/1.1" 200 4895
74.86.158.107 - - [14/Jul/2015:02:59:11 -0500] "HEAD / HTTP/1.1" 200 -
66.249.65.220 - - [14/Jul/2015:02:59:11 -0500] "GET /BLA/resoluciones/AUTOS%202014/1522.pdf HTTP/1.1" 304 -
201.184.222.220 - - [14/Jul/2015:02:59:13 -0500] "GET /galeria/galeria/jquery.fancybox.js?v=2.1.5 HTTP/1.1" 206 1
201.184.222.220 - - [14/Jul/2015:02:59:13 -0500] "GET /galeria/galeria/jquery.fancybox.css?v=2.1.5 HTTP/1.1" 206 1
201.184.222.220 - - [14/Jul/2015:02:59:13 -0500] "GET /galeria/galeria/jquery.fancybox.js?v=2.1.5 HTTP/1.1" 206 46191
201.184.222.220 - - [14/Jul/2015:02:59:13 -0500] "GET /galeria/galeria/jquery.fancybox.css?v=2.1.5 HTTP/1.1" 206 2365
186.29.179.67 - - [14/Jul/2015:02:59:23 -0500] "GET /forest/session.jsp?a=0.69471470778808 HTTP/1.1" 200 4
186.29.179.67 - - [14/Jul/2015:02:59:27 -0500] "GET /forest/index2.jsp?_a=0.6727593187242746 HTTP/1.1" 200 201237
186.29.179.67 - - [14/Jul/2015:02:59:29 -0500] "GET /forest/session.jsp?a=0.8318493606057018 HTTP/1.1" 200 4
186.29.179.67 - - [14/Jul/2015:02:59:25 -0500] "GET /forest/documentos/2102430/2015ER110057.pdf HTTP/1.1" 200 428000
66.249.65.213 - - [14/Jul/2015:02:59:31 -0500] "GET /BLA/resoluciones/RESOLUCIONES%202011/4062.pdf HTTP/1.1" 304 -
186.29.179.67 - - [14/Jul/2015:02:59:40 -0500] "GET /forest/usutareas.do?group_system_actual=3&codTraEsc=17817733&_a=0.8229758423755609 HTTP/1.1" 200 183646
186.29.179.67 - - [14/Jul/2015:02:59:42 -0500] "GET /forest/skins/gdocs-jar/img/icons/xlsx.gif HTTP/1.1" 200 1039
186.29.179.67 - - [14/Jul/2015:02:59:42 -0500] "GET /forest/session.jsp?a=0.48425273736938834 HTTP/1.1" 200 4
186.29.179.67 - - [14/Jul/2015:02:59:43 -0500] "GET /forest/actions/forms.getItemList?codForm=veriflista&id=field33&value=177&a=0.9955639620311558 HTTP/1.1" 200 4
201.184.222.220 - - [14/Jul/2015:02:59:44 -0500] "GET /BLA/boletinlegal/js/jquery.scrollTo-min.js HTTP/1.1" 304 -
201.184.222.220 - - [14/Jul/2015:02:59:44 -0500] "GET /BLA/boletinlegal/js/jquery.scrollShow.js HTTP/1.1" 304 -
201.184.222.220 - - [14/Jul/2015:02:59:44 -0500] "GET /galeria/galeria/jquery.fancybox.js?v=2.1.5 HTTP/1.1" 304 -
201.184.222.220 - - [14/Jul/2015:02:59:44 -0500] "GET /galeria/galeria/jquery.fancybox.css?v=2.1.5 HTTP/1.1" 304 -
66.249.65.213 - - [14/Jul/2015:02:59:51 -0500] "GET /BLA/resoluciones/RESOLUCIONES%202013/0693.pdf HTTP/1.1" 304 -
186.29.179.67 - - [14/Jul/2015:02:59:50 -0500] "GET /forest/documentos/1939638/2014ER169255.xlsx HTTP/1.1" 200 287513
186.29.179.67 - - [14/Jul/2015:03:00:00 -0500] "GET /forest/usugrafico.do?_a=0.0744638463947922&group_system_actual=3 HTTP/1.1" 200 40743
186.29.179.67 - - [14/Jul/2015:03:00:01 -0500] "GET /forest/skins/gdocs-jar/img/expandido.gif HTTP/1.1" 200 190
186.29.179.67 - - [14/Jul/2015:03:00:01 -0500] "GET /forest/skins/gdocs-jar/img/activity2.gif HTTP/1.1" 200 374
186.29.179.67 - - [14/Jul/2015:03:00:01 -0500] "GET /forest/skins/gdocs-jar/img/itemlist.gif HTTP/1.1" 200 134
186.29.179.67 - - [14/Jul/2015:03:00:01 -0500] "GET /forest/skins/gdocs-jar/img/mueveactividad.gif HTTP/1.1" 200 90
186.29.179.67 - - [14/Jul/2015:03:00:02 -0500] "GET /forest/session.jsp?a=0.4902347286697477 HTTP/1.1" 200 4
186.29.179.67 - - [14/Jul/2015:03:00:03 -0500] "GET /forest/skins/gdocs-jar/img/contraido.gif HTTP/1.1" 200 195
66.249.65.220 - - [14/Jul/2015:03:00:11 -0500] "GET /BLA/resoluciones/RESOLUCIONES%202010/6285.pdf HTTP/1.1" 304 -
186.29.179.67 - - [14/Jul/2015:03:00:23 -0500] "GET /forest/usutareas.do?_a=0.033602251671254635&group_system_actual=3 HTTP/1.1" 200 183646
186.29.179.67 - - [14/Jul/2015:03:00:25 -0500] "GET /forest/session.jsp?a=0.6706830917391926 HTTP/1.1" 200 4
186.29.179.67 - - [14/Jul/2015:03:00:26 -0500] "GET /forest/actions/forms.getItemList?codForm=veriflista&id=field33&value=177&a=0.40714163216762245 HTTP/1.1" 200 4
66.249.65.220 - - [14/Jul/2015:03:00:30 -0500] "GET /BLA/resoluciones/AUTOS%202014/5589.pdf HTTP/1.1" 304 -
186.29.179.67 - - [14/Jul/2015:03:00:37 -0500] "GET /forest/misactividades.do?_a=0.8287392961792648&group_system_actual=3 HTTP/1.1" 200 38102
186.29.179.67 - - [14/Jul/2015:03:00:38 -0500] "GET /forest/session.jsp?a=0.8660369899589568 HTTP/1.1" 200 4
186.29.179.67 - - [14/Jul/2015:03:00:39 -0500] "POST /forest/misactividades.do?ajax=true&a=0.08093306282535195 HTTP/1.1" 200 5794
201.184.222.220 - - [14/Jul/2015:03:00:43 -0500] "GET /BLA/boletinlegal/js/jquery.scrollTo-min.js HTTP/1.1" 304 -
201.184.222.220 - - [14/Jul/2015:03:00:43 -0500] "GET /BLA/boletinlegal/js/jquery.scrollShow.js HTTP/1.1" 304 -
201.184.222.220 - - [14/Jul/2015:03:00:43 -0500] "GET /galeria/galeria/jquery.fancybox.js?v=2.1.5 HTTP/1.1" 304 -
201.184.222.220 - - [14/Jul/2015:03:00:43 -0500] "GET /galeria/galeria/jquery.fancybox.css?v=2.1.5 HTTP/1.1" 304 -
66.249.65.227 - - [14/Jul/2015:03:00:44 -0500] "GET /m/BLA/resoluciones/AUTOS%202014/6859.pdf HTTP/1.1" 404 1018
66.249.65.227 - - [14/Jul/2015:03:00:49 -0500] "GET /BLA/resoluciones/AUTOS%202013/2086.pdf HTTP/1.1" 304 -
66.249.65.213 - - [14/Jul/2015:03:00:50 -0500] "GET /BLA/resoluciones/RESOLUCIONES%202008/0926.pdf HTTP/1.1" 304 -
186.29.179.67 - - [14/Jul/2015:03:00:54 -0500] "GET /forest/usutareas.do?_a=0.38225903594866395&group_system_actual=3 HTTP/1.1" 200 112034
186.29.179.67 - - [14/Jul/2015:03:00:55 -0500] "GET /forest/session.jsp?a=0.17548928689211607 HTTP/1.1" 200 4
66.249.65.213 - - [14/Jul/2015:03:01:10 -0500] "GET /BLA/resoluciones/AUTOS%202010/5467.pdf HTTP/1.1" 304 -
66.249.65.227 - - [14/Jul/2015:03:01:30 -0500] "GET /BLA/resoluciones/RESOLUCIONES%202013/2037.pdf HTTP/1.1" 304 -
186.29.179.67 - - [14/Jul/2015:03:01:43 -0500] "GET /forest/index2.jsp?_a=0.042236797977238894 HTTP/1.1" 200 201246
186.29.179.67 - - [14/Jul/2015:03:01:45 -0500] "GET /forest/session.jsp?a=0.34714116156101227 HTTP/1.1" 200 4
66.249.65.220 - - [14/Jul/2015:03:01:49 -0500] "GET /BLA/resoluciones/RESOLUCIONES%202013/0083.pdf HTTP/1.1" 304 -
186.29.179.67 - - [14/Jul/2015:03:01:59 -0500] "GET /forest/skins/gdocs-jar/popup/popup.jsp?width=1100&height=500&title=Buscar%20documentos&uri=/forest/buscar.do%3Ftype%3Ddocumentos&name=undefined&_a=0.027355404337868094&a=0.10332140233367682 HTTP/1.1" 200 1300
186.29.179.67 - - [14/Jul/2015:03:01:59 -0500] "GET /forest/buscar.do?type=documentos HTTP/1.1" 200 14695
186.29.179.67 - - [14/Jul/2015:03:02:00 -0500] "GET /forest/css/autocomplete.css?version=1503.161801 HTTP/1.1" 200 1662
186.29.179.67 - - [14/Jul/2015:03:02:00 -0500] "GET /forest/skins/gdocs-jar/css/tree.css?version=1503.161801 HTTP/1.1" 200 223
186.29.179.67 - - [14/Jul/2015:03:02:00 -0500] "GET /forest/1ibre/jscalendar/calendar-win2k-1.css HTTP/1.1" 200 5986
186.29.179.67 - - [14/Jul/2015:03:02:00 -0500] "GET /forest/js/load_func.js?version=1503.161801 HTTP/1.1" 200 919
186.29.179.67 - - [14/Jul/2015:03:02:00 -0500] "GET /forest/js/dialog.js?version=1503.161801 HTTP/1.1" 200 4201
186.29.179.67 - - [14/Jul/2015:03:02:00 -0500] "GET /forest/js/escritorio/escritorio.js?version=1503.161801 HTTP/1.1" 200 8096
186.29.179.67 - - [14/Jul/2015:03:02:00 -0500] "GET /forest/js/internJS.js?version=1503.161801 HTTP/1.1" 200 3047
186.29.179.67 - - [14/Jul/2015:03:02:00 -0500] "GET /forest/buscar.do?type=documentos HTTP/1.1" 200 85079
186.29.179.67 - - [14/Jul/2015:03:02:00 -0500] "GET /forest/1ibre/jscalendar/lang/calendar-es.js?version=1503.161801 HTTP/1.1" 200 3995
186.29.179.67 - - [14/Jul/2015:03:02:00 -0500] "GET /forest/js/autocompletar2.js?version=1503.161801 HTTP/1.1" 200 24092
186.29.179.67 - - [14/Jul/2015:03:02:00 -0500] "GET /forest/1ibre/jscalendar/calendar-setup.js?version=1503.161801 HTTP/1.1" 200 8927
186.29.179.67 - - [14/Jul/2015:03:02:00 -0500] "GET /forest/1ibre/jscalendar/calendar.js?version=1503.161801 HTTP/1.1" 200 51363
186.29.179.67 - - [14/Jul/2015:03:02:00 -0500] "GET /forest/js/xml_utilities.js?version=1503.161801 HTTP/1.1" 200 11451
186.29.179.67 - - [14/Jul/2015:03:02:00 -0500] "GET /forest/js/sarissa.js?version=1503.161801 HTTP/1.1" 200 27327
186.29.179.67 - - [14/Jul/2015:03:02:01 -0500] "GET /forest/skins/gdocs-jar/img/top-search-icon.gif HTTP/1.1" 200 607
186.29.179.67 - - [14/Jul/2015:03:02:01 -0500] "GET /forest/skins/gdocs-jar/img/select.gif HTTP/1.1" 200 335
186.29.179.67 - - [14/Jul/2015:03:02:01 -0500] "GET /forest/skins/gdocs-jar/img/user_search.gif HTTP/1.1" 200 1491
186.29.179.67 - - [14/Jul/2015:03:02:00 -0500] "GET /forest/1ibre/protoaculous.js?version=1503.161801 HTTP/1.1" 200 151386
186.29.179.67 - - [14/Jul/2015:03:02:00 -0500] "GET /forest/1ibre/1ibre.js?version=1503.161801 HTTP/1.1" 200 197648
186.29.179.67 - - [14/Jul/2015:03:02:02 -0500] "GET /forest/json.do?query=usersByDep&coddep=2013 HTTP/1.1" 200 8087
186.29.179.67 - - [14/Jul/2015:03:02:02 -0500] "GET /forest/json.do?query=usersByDep&coddep=2013 HTTP/1.1" 200 8087
186.29.179.67 - - [14/Jul/2015:03:02:02 -0500] "GET /forest/1ibre/images/spacer.gif HTTP/1.1" 200 43
186.29.179.67 - - [14/Jul/2015:03:02:02 -0500] "GET /forest/skins/gdocs-jar/img/dependencia-tree.gif HTTP/1.1" 200 1039
186.29.179.67 - - [14/Jul/2015:03:02:02 -0500] "GET /forest/1ibre/images/minus.gif HTTP/1.1" 200 80
186.29.179.67 - - [14/Jul/2015:03:02:02 -0500] "GET /forest/1ibre/images/plus.gif HTTP/1.1" 200 88
186.29.179.67 - - [14/Jul/2015:03:02:02 -0500] "GET /forest/json.do?query=versionListadas HTTP/1.1" 200 15
186.29.179.67 - - [14/Jul/2015:03:02:02 -0500] "GET /forest/1ibre/jscalendar/img.gif HTTP/1.1" 200 223
186.29.179.67 - - [14/Jul/2015:03:02:02 -0500] "GET /forest/json.do?query=procesIniciales HTTP/1.1" 200 10866
186.29.179.67 - - [14/Jul/2015:03:02:02 -0500] "GET /forest/json.do?query=bpmnIniciales HTTP/1.1" 200 1095
66.249.65.220 - - [14/Jul/2015:03:02:09 -0500] "GET /BLA/resoluciones/RESOLUCIONES%202012/0958.pdf HTTP/1.1" 304 -
186.29.179.67 - - [14/Jul/2015:03:02:13 -0500] "POST /forest/buscar.do? HTTP/1.1" 200 7262
186.29.179.67 - - [14/Jul/2015:03:02:13 -0500] "GET /forest/img/nav_first.gif HTTP/1.1" 200 89
186.29.179.67 - - [14/Jul/2015:03:02:13 -0500] "GET /forest/img/nav_prev.gif HTTP/1.1" 200 109
186.29.179.67 - - [14/Jul/2015:03:02:13 -0500] "GET /forest/img/nav_next.gif HTTP/1.1" 200 111
186.29.179.67 - - [14/Jul/2015:03:02:13 -0500] "GET /forest/img/nav_last.gif HTTP/1.1" 200 92
186.29.179.67 - - [14/Jul/2015:03:02:13 -0500] "GET /forest/skins/gdocs-jar/img/eye.gif HTTP/1.1" 200 396
186.29.179.67 - - [14/Jul/2015:03:02:13 -0500] "GET /forest/css/escritorio.css HTTP/1.1" 200 15878
186.29.179.67 - - [14/Jul/2015:03:02:13 -0500] "GET /forest/skins/gdocs-jar/img/more_details.gif HTTP/1.1" 200 617
66.249.65.213 - - [14/Jul/2015:03:02:29 -0500] "GET /BLA/resoluciones/RESOLUCIONES%202012/0323.pdf HTTP/1.1" 304 -
186.29.179.67 - - [14/Jul/2015:03:02:42 -0500] "GET /forest/buscar.do HTTP/1.1" 200 85069
186.29.179.67 - - [14/Jul/2015:03:02:43 -0500] "GET /forest/json.do?query=usersByDep&coddep=2013 HTTP/1.1" 200 8087
186.29.179.67 - - [14/Jul/2015:03:02:43 -0500] "GET /forest/json.do?query=versionListadas HTTP/1.1" 200 15
186.29.179.67 - - [14/Jul/2015:03:02:43 -0500] "GET /forest/json.do?query=procesIniciales HTTP/1.1" 200 10866
186.29.179.67 - - [14/Jul/2015:03:02:43 -0500] "GET /forest/json.do?query=bpmnIniciales HTTP/1.1" 200 1095
186.29.179.67 - - [14/Jul/2015:03:02:43 -0500] "GET /forest/json.do?query=usersByDep&coddep=2013 HTTP/1.1" 200 8087
66.249.65.213 - - [14/Jul/2015:03:02:49 -0500] "GET /BLA/resoluciones/RESOLUCIONES%202007/RES%202007%20501%20AL%20600/RESOLUCION%200507%20DE%202007.pdf HTTP/1.1" 304 -
186.29.179.67 - - [14/Jul/2015:03:02:57 -0500] "POST /forest/buscar.do? HTTP/1.1" 200 5952
66.249.65.227 - - [14/Jul/2015:03:03:08 -0500] "GET /BLA/resoluciones/RESOLUCIONES%202007/RES%202007%202901%20AL%203000/RESOLUCION%202936%20DE%202007.pdf HTTP/1.1" 304 -
88.198.233.69 - - [14/Jul/2015:03:03:15 -0500] "GET / HTTP/1.1" 200 10190
186.29.179.67 - - [14/Jul/2015:03:03:21 -0500] "GET /forest/buscar.do HTTP/1.1" 200 85069
186.29.179.67 - - [14/Jul/2015:03:03:22 -0500] "GET /forest/json.do?query=usersByDep&coddep=2013 HTTP/1.1" 200 8087
186.29.179.67 - - [14/Jul/2015:03:03:22 -0500] "GET /forest/json.do?query=versionListadas HTTP/1.1" 200 15
186.29.179.67 - - [14/Jul/2015:03:03:22 -0500] "GET /forest/json.do?query=usersByDep&coddep=2013 HTTP/1.1" 200 8087
186.29.179.67 - - [14/Jul/2015:03:03:22 -0500] "GET /forest/json.do?query=procesIniciales HTTP/1.1" 200 10866
186.29.179.67 - - [14/Jul/2015:03:03:22 -0500] "GET /forest/json.do?query=bpmnIniciales HTTP/1.1" 200 1095
66.249.65.213 - - [14/Jul/2015:03:03:28 -0500] "GET /BLA/resoluciones/RESOLUCIONES%202011/0810.pdf HTTP/1.1" 304 -
66.249.65.220 - - [14/Jul/2015:03:03:48 -0500] "GET /BLA/resoluciones/RESOLUCIONES%202011/5101.pdf HTTP/1.1" 304 -
186.29.179.67 - - [14/Jul/2015:03:03:35 -0500] "POST /forest/buscar.do? HTTP/1.1" 200 5940
66.249.65.220 - - [14/Jul/2015:03:04:08 -0500] "GET /BLA/resoluciones/RESOLUCIONES%202009/3795.pdf HTTP/1.1" 304 -
74.86.158.107 - - [14/Jul/2015:03:04:11 -0500] "HEAD / HTTP/1.1" 200 -
186.30.242.162 - - [14/Jul/2015:03:04:15 -0500] "GET /BLA/boletinlegal/js/jquery.scrollShow.js HTTP/1.1" 200 4586
186.30.242.162 - - [14/Jul/2015:03:04:15 -0500] "GET /BLA/boletinlegal/js/jquery.scrollTo-min.js HTTP/1.1" 200 1150
186.30.242.162 - - [14/Jul/2015:03:04:15 -0500] "GET /galeria/galeria/jquery.fancybox.css?v=2.1.5 HTTP/1.1" 200 4895
186.30.242.162 - - [14/Jul/2015:03:04:15 -0500] "GET /galeria/galeria/jquery.fancybox.js?v=2.1.5 HTTP/1.1" 200 48706
186.30.242.162 - - [14/Jul/2015:03:04:22 -0500] "GET /BLA/boletinlegal/js/jquery.scrollShow.js HTTP/1.1" 200 4586
186.30.242.162 - - [14/Jul/2015:03:04:22 -0500] "GET /BLA/boletinlegal/js/jquery.scrollTo-min.js HTTP/1.1" 200 1150
186.30.242.162 - - [14/Jul/2015:03:04:22 -0500] "GET /galeria/galeria/jquery.fancybox.js?v=2.1.5 HTTP/1.1" 200 48706
186.30.242.162 - - [14/Jul/2015:03:04:22 -0500] "GET /galeria/galeria/jquery.fancybox.css?v=2.1.5 HTTP/1.1" 200 4895
186.29.179.67 - - [14/Jul/2015:03:04:23 -0500] "GET /forest/skins/gdocs-jar/popup/popup.jsp?width=900&height=600&title=Informaci%F3n%20de%20proceso&uri=/forest/system/process.jsp%3FnumPro%3D2770982&name=undefined&_a=0.8177441451698542&a=0.7681897641159594 HTTP/1.1" 200 1312
186.29.179.67 - - [14/Jul/2015:03:04:23 -0500] "GET /forest/system/process.jsp?numPro=2770982 HTTP/1.1" 200 18159
186.29.179.67 - - [14/Jul/2015:03:04:24 -0500] "GET /forest/css/dialog.css HTTP/1.1" 200 1100
186.29.179.67 - - [14/Jul/2015:03:04:24 -0500] "GET /forest/css/index.css HTTP/1.1" 200 1900
186.29.179.67 - - [14/Jul/2015:03:04:24 -0500] "GET /forest/skins/gdocs-jar/img/icons/xls.gif HTTP/1.1" 200 138
186.29.179.67 - - [14/Jul/2015:03:04:24 -0500] "GET /forest/skins/gdocs-jar/img/ok.gif HTTP/1.1" 200 579
186.29.179.67 - - [14/Jul/2015:03:04:23 -0500] "GET /forest/system/process.jsp?numPro=2770982 HTTP/1.1" 200 61922
186.29.179.67 - - [14/Jul/2015:03:04:24 -0500] "GET /forest/1ibre/protoaculous.js HTTP/1.1" 200 151386
186.29.179.67 - - [14/Jul/2015:03:04:24 -0500] "GET /forest/1ibre/1ibre.js HTTP/1.1" 200 197648
66.249.65.213 - - [14/Jul/2015:03:04:28 -0500] "GET /BLA/resoluciones/AUTOS%202011/4893.pdf HTTP/1.1" 304 -
186.29.179.67 - - [14/Jul/2015:03:04:28 -0500] "GET /forest/skins/gdocs-jar/popup/popup.jsp?width=850&height=380&title=Informaci%F3n%20del%20radicado&uri=/forest/system/document.jsp%3FcodDoc%3D1999543&name=undefined&_a=0.6632060054689646&a=0.5766108536627144 HTTP/1.1" 200 1315
186.29.179.67 - - [14/Jul/2015:03:04:29 -0500] "GET /forest/system/document.jsp?codDoc=1999543 HTTP/1.1" 200 11294
186.29.179.67 - - [14/Jul/2015:03:04:29 -0500] "GET /forest/system/document.jsp?codDoc=1999543 HTTP/1.1" 200 11294
186.29.179.67 - - [14/Jul/2015:03:04:29 -0500] "GET /forest/img/icons/jpg.gif HTTP/1.1" 200 125
186.29.179.67 - - [14/Jul/2015:03:04:30 -0500] "GET /forest/documentos/1999543/2015IE07169.pdf HTTP/1.1" 200 667060
66.249.65.213 - - [14/Jul/2015:03:04:47 -0500] "GET /BLA/resoluciones/AUTOS%202008/0614.pdf HTTP/1.1" 304 -
66.249.65.227 - - [14/Jul/2015:03:05:07 -0500] "GET /BLA/resoluciones/AUTOS%202008/0729.pdf HTTP/1.1" 304 -
66.249.65.48 - - [14/Jul/2015:03:05:18 -0500] "GET /Autoliquidacion/Solicitudes%20relacionadas%20con%20ocupaci%C3%B3n%20de%20cauce/Aplicativo%20SCASP%20Actualizado%202014+.xlsx HTTP/1.1" 404 1019
66.249.65.227 - - [14/Jul/2015:03:05:27 -0500] "GET /BLA/resoluciones/RESOLUCIONES%202012/0335.pdf HTTP/1.1" 304 -
186.29.179.67 - - [14/Jul/2015:03:05:38 -0500] "GET /forest/buscar.do HTTP/1.1" 200 85069
186.29.179.67 - - [14/Jul/2015:03:05:39 -0500] "GET /forest/json.do?query=usersByDep&coddep=2013 HTTP/1.1" 200 8087
186.29.179.67 - - [14/Jul/2015:03:05:39 -0500] "GET /forest/json.do?query=versionListadas HTTP/1.1" 200 15
186.29.179.67 - - [14/Jul/2015:03:05:39 -0500] "GET /forest/json.do?query=usersByDep&coddep=2013 HTTP/1.1" 200 8087
186.29.179.67 - - [14/Jul/2015:03:05:39 -0500] "GET /forest/json.do?query=procesIniciales HTTP/1.1" 200 10866
186.29.179.67 - - [14/Jul/2015:03:05:39 -0500] "GET /forest/json.do?query=bpmnIniciales HTTP/1.1" 200 1095
66.249.65.100 - - [14/Jul/2015:03:05:47 -0500] "GET / HTTP/1.1" 200 10190
186.29.179.67 - - [14/Jul/2015:03:06:01 -0500] "POST /forest/buscar.do? HTTP/1.1" 200 5952
180.76.15.136 - - [14/Jul/2015:03:06:05 -0500] "GET /StormSDA/lib/?C=D;O=A HTTP/1.1" 200 6379
186.29.179.67 - - [14/Jul/2015:03:06:05 -0500] "GET /forest/skins/gdocs-jar/popup/popup.jsp?width=900&height=600&title=Informaci%F3n%20de%20proceso&uri=/forest/system/process.jsp%3FnumPro%3D2770988&name=undefined&_a=0.26460514310747385&a=0.9446222367696464 HTTP/1.1" 200 1312
186.29.179.67 - - [14/Jul/2015:03:06:05 -0500] "GET /forest/system/process.jsp?numPro=2770988 HTTP/1.1" 200 18159
66.249.65.220 - - [14/Jul/2015:03:06:06 -0500] "GET /BLA/resoluciones/AUTOS%202010/0531.pdf HTTP/1.1" 304 -
186.29.179.67 - - [14/Jul/2015:03:06:06 -0500] "GET /forest/system/process.jsp?numPro=2770988 HTTP/1.1" 200 61921
66.249.65.213 - - [14/Jul/2015:03:06:26 -0500] "GET /BLA/resoluciones/AUTOS%202011/1963.pdf HTTP/1.1" 304 -
186.29.179.67 - - [14/Jul/2015:03:06:45 -0500] "GET /forest/session.jsp?a=0.4018260526936501 HTTP/1.1" 200 4
