181.56.102.38 - - [14/Jul/2015:00:24:54 -0500] "GET /galeria/nivo-slider/demo/images/banner-Pacto-por-la-madera.jpg HTTP/1.1" 200 209966
181.56.102.38 - - [14/Jul/2015:00:24:55 -0500] "GET /galeria/nivo-slider/demo/images/acuerdo_569.jpg HTTP/1.1" 200 62670
181.56.102.38 - - [14/Jul/2015:00:24:55 -0500] "GET /galeria/nivo-slider/demo/images/Licitaciones-proyecto-paramo.jpg HTTP/1.1" 200 221877
181.56.102.38 - - [14/Jul/2015:00:24:55 -0500] "GET /galeria/nivo-slider/demo/images/Banner-decreto1299.jpg HTTP/1.1" 200 182613
181.56.102.38 - - [14/Jul/2015:00:24:55 -0500] "GET /galeria/nivo-slider/demo/images/Banner-Directorio.jpg HTTP/1.1" 200 182068
181.56.102.38 - - [14/Jul/2015:00:24:55 -0500] "GET /galeria/nivo-slider/demo/images/4Simple_Slider.png HTTP/1.1" 200 11722
181.56.102.38 - - [14/Jul/2015:00:24:56 -0500] "GET /galeria/nivo-slider/themes/default/loading.gif HTTP/1.1" 200 1737
181.56.102.38 - - [14/Jul/2015:00:24:56 -0500] "GET /galeria/nivo-slider/demo/images/Ruta-vertimientos-01.jpg HTTP/1.1" 200 130151
181.56.102.38 - - [14/Jul/2015:00:24:56 -0500] "GET /galeria/nivo-slider/demo/images/bolsas-06.jpg HTTP/1.1" 200 90982
181.56.102.38 - - [14/Jul/2015:00:24:56 -0500] "GET /galeria/nivo-slider/demo/images/ecolecta-Dic2014.png HTTP/1.1" 200 288593
181.56.102.38 - - [14/Jul/2015:00:24:56 -0500] "GET /galeria/nivo-slider/demo/images/Conoce-los-humedales.jpg HTTP/1.1" 200 294036
181.56.102.38 - - [14/Jul/2015:00:24:56 -0500] "GET /galeria/nivo-slider/demo/images/Banner-Caracol-Africano.jpg HTTP/1.1" 200 331986
190.156.73.233 - - [14/Jul/2015:00:24:57 -0500] "PROPFIND /autoliquidacion/TR%C3%81MITES%20VERTIMIENTOS/PERMISOS%20DE%20VERTIMIENTOS HTTP/1.1" 301 368
190.156.73.233 - - [14/Jul/2015:00:24:57 -0500] "PROPFIND /autoliquidacion/TR%c3%81MITES%20VERTIMIENTOS/PERMISOS%20DE%20VERTIMIENTOS/ HTTP/1.1" 405 943
190.156.73.233 - - [14/Jul/2015:00:24:59 -0500] "PROPFIND /autoliquidacion/TR%C3%81MITES%20VERTIMIENTOS HTTP/1.1" 301 339
190.156.73.233 - - [14/Jul/2015:00:24:59 -0500] "PROPFIND /autoliquidacion/TR%c3%81MITES%20VERTIMIENTOS/ HTTP/1.1" 405 943
181.56.102.38 - - [14/Jul/2015:00:25:01 -0500] "GET /galeria/nivo-slider/themes/default/arrows.png HTTP/1.1" 200 824
181.56.102.38 - - [14/Jul/2015:00:25:01 -0500] "GET /galeria/nivo-slider/themes/default/bullets.png HTTP/1.1" 200 1281
190.156.73.233 - - [14/Jul/2015:00:25:02 -0500] "PROPFIND /autoliquidacion HTTP/1.1" 301 310
190.156.73.233 - - [14/Jul/2015:00:25:02 -0500] "PROPFIND /autoliquidacion/ HTTP/1.1" 200 6375
66.249.65.213 - - [14/Jul/2015:00:25:03 -0500] "GET /BLA/resoluciones/AUTOS%202012/2213.pdf HTTP/1.1" 200 365892
190.156.73.233 - - [14/Jul/2015:00:25:04 -0500] "PROPFIND /autoliquidacion/TR%C3%81MITES%20VERTIMIENTOS HTTP/1.1" 301 339
190.156.73.233 - - [14/Jul/2015:00:25:04 -0500] "PROPFIND /autoliquidacion/TR%c3%81MITES%20VERTIMIENTOS/ HTTP/1.1" 405 943
190.156.73.233 - - [14/Jul/2015:00:25:07 -0500] "PROPFIND /autoliquidacion HTTP/1.1" 301 310
190.156.73.233 - - [14/Jul/2015:00:25:07 -0500] "PROPFIND /autoliquidacion/ HTTP/1.1" 200 6375
190.156.73.233 - - [14/Jul/2015:00:25:09 -0500] "PROPFIND / HTTP/1.1" 405 943
190.156.73.233 - - [14/Jul/2015:00:25:12 -0500] "PROPFIND / HTTP/1.1" 405 943
66.249.65.51 - - [14/Jul/2015:00:25:23 -0500] "GET /ecodirectorio/files/res/pages/page_0075.swf HTTP/1.1" 200 114665
186.145.58.53 - - [14/Jul/2015:00:25:31 -0500] "POST /forms/lservlet;jsessionid=ac16012b30d65b12cb6953eb406c947fb5955333476b.e3iSbxaKaheRe34MbhmNaxqNb41ynknvrkLOlQzNp65In0 HTTP/1.1" 200 2
66.249.65.213 - - [14/Jul/2015:00:25:43 -0500] "GET /BLA/resoluciones/AUTOS%202014/2347.pdf HTTP/1.1" 304 -
66.249.65.227 - - [14/Jul/2015:00:26:02 -0500] "GET /BLA/resoluciones/RESOLUCIONES%202007/RES%202007%201001%20AL%201100/RESOLUCION%201006%20DE%202007.pdf HTTP/1.1" 304 -
66.249.65.213 - - [14/Jul/2015:00:26:22 -0500] "GET /BLA/resoluciones/AUTOS%202012/0524.pdf HTTP/1.1" 200 194980
66.249.65.45 - - [14/Jul/2015:00:26:41 -0500] "GET /siac/documentos/Bases%20concertacion%20Culto.doc HTTP/1.1" 404 1019
66.249.65.227 - - [14/Jul/2015:00:26:42 -0500] "GET /BLA/resoluciones/AUTOS%202009/0527.pdf HTTP/1.1" 304 -
66.249.65.213 - - [14/Jul/2015:00:27:02 -0500] "GET /BLA/resoluciones/AUTOS%202014/5702.pdf HTTP/1.1" 304 -
66.249.65.213 - - [14/Jul/2015:00:27:21 -0500] "GET /BLA/resoluciones/AUTOS%202012/2465.pdf HTTP/1.1" 304 -
186.145.58.53 - - [14/Jul/2015:00:27:31 -0500] "POST /forms/lservlet;jsessionid=ac16012b30d65b12cb6953eb406c947fb5955333476b.e3iSbxaKaheRe34MbhmNaxqNb41ynknvrkLOlQzNp65In0 HTTP/1.1" 200 2
66.249.65.220 - - [14/Jul/2015:00:27:41 -0500] "GET /BLA/resoluciones/RESOLUCIONES%202012/0383.pdf HTTP/1.1" 304 -
66.249.65.220 - - [14/Jul/2015:00:28:01 -0500] "GET /BLA/resoluciones/RESOLUCIONES%202009/9311.pdf HTTP/1.1" 200 444941
66.249.65.213 - - [14/Jul/2015:00:28:21 -0500] "GET /BLA/resoluciones/AUTOS%202014/2701.pdf HTTP/1.1" 304 -
66.249.65.213 - - [14/Jul/2015:00:28:40 -0500] "GET /BLA/resoluciones/RESOLUCIONES%202007/RES%202007%201401%20AL%201500/RESOLUCION%201407%20DE%202007.pdf HTTP/1.1" 304 -
66.249.65.48 - - [14/Jul/2015:00:29:00 -0500] "GET /BLA/boletinlegal/jurisprudencia/analisis/CUADRO%20ANALISIS%20SENTENCIA%20C-554%20DE%202007.doc HTTP/1.1" 304 -
74.86.158.107 - - [14/Jul/2015:00:29:11 -0500] "HEAD / HTTP/1.1" 200 -
66.249.65.48 - - [14/Jul/2015:00:29:20 -0500] "GET /POT-2013/Cartografia/32_Altura%20para%20c%C3%A1lculo%20de%20edificabilidad%20predominante%20y%20aisl.pdf HTTP/1.1" 304 -
186.145.58.53 - - [14/Jul/2015:00:29:31 -0500] "POST /forms/lservlet;jsessionid=ac16012b30d65b12cb6953eb406c947fb5955333476b.e3iSbxaKaheRe34MbhmNaxqNb41ynknvrkLOlQzNp65In0 HTTP/1.1" 200 2
190.9.200.132 - - [14/Jul/2015:00:29:37 -0500] "GET /BLA/boletinlegal/js/jquery.scrollTo-min.js HTTP/1.1" 200 1150
190.9.200.132 - - [14/Jul/2015:00:29:37 -0500] "GET /galeria/galeria/jquery.fancybox.css?v=2.1.5 HTTP/1.1" 200 4895
190.9.200.132 - - [14/Jul/2015:00:29:37 -0500] "GET /BLA/boletinlegal/js/jquery.scrollShow.js HTTP/1.1" 200 4586
190.9.200.132 - - [14/Jul/2015:00:29:37 -0500] "GET /galeria/galeria/jquery.fancybox.js?v=2.1.5 HTTP/1.1" 200 48706
190.9.200.132 - - [14/Jul/2015:00:29:45 -0500] "GET /galeria/galeria/jquery.fancybox.css?v=2.1.5 HTTP/1.1" 304 -
190.9.200.132 - - [14/Jul/2015:00:29:45 -0500] "GET /BLA/boletinlegal/js/jquery.scrollTo-min.js HTTP/1.1" 304 -
190.9.200.132 - - [14/Jul/2015:00:29:45 -0500] "GET /BLA/boletinlegal/js/jquery.scrollShow.js HTTP/1.1" 304 -
190.9.200.132 - - [14/Jul/2015:00:29:45 -0500] "GET /galeria/galeria/jquery.fancybox.js?v=2.1.5 HTTP/1.1" 304 -
66.249.65.220 - - [14/Jul/2015:00:29:59 -0500] "GET /BLA/resoluciones/RESOLUCIONES%202012/1307.pdf HTTP/1.1" 304 -
66.249.65.220 - - [14/Jul/2015:00:30:19 -0500] "GET /BLA/resoluciones/RESOLUCIONES%202011/5892.pdf HTTP/1.1" 304 -
186.145.58.53 - - [14/Jul/2015:00:30:30 -0500] "POST /forms/lservlet;jsessionid=ac16012b30d65b12cb6953eb406c947fb5955333476b.e3iSbxaKaheRe34MbhmNaxqNb41ynknvrkLOlQzNp65In0 HTTP/1.1" 200 2027
186.145.58.53 - - [14/Jul/2015:00:30:30 -0500] "POST /forms/lservlet;jsessionid=ac16012b30d65b12cb6953eb406c947fb5955333476b.e3iSbxaKaheRe34MbhmNaxqNb41ynknvrkLOlQzNp65In0 HTTP/1.1" 200 78
186.145.58.53 - - [14/Jul/2015:00:30:31 -0500] "POST /forms/lservlet;jsessionid=ac16012b30d65b12cb6953eb406c947fb5955333476b.e3iSbxaKaheRe34MbhmNaxqNb41ynknvrkLOlQzNp65In0 HTTP/1.1" 200 86
186.145.58.53 - - [14/Jul/2015:00:30:31 -0500] "POST /forms/lservlet;jsessionid=ac16012b30d65b12cb6953eb406c947fb5955333476b.e3iSbxaKaheRe34MbhmNaxqNb41ynknvrkLOlQzNp65In0 HTTP/1.1" 200 -
190.26.210.162 - - [14/Jul/2015:00:30:36 -0500] "GET / HTTP/1.1" 200 10190
66.249.65.227 - - [14/Jul/2015:00:30:39 -0500] "GET /BLA/resoluciones/RESOLUCIONES%202011/0185.pdf HTTP/1.1" 304 -
66.249.65.213 - - [14/Jul/2015:00:30:59 -0500] "GET /BLA/resoluciones/RESOLUCIONES%202008/0407.pdf HTTP/1.1" 304 -
66.249.65.220 - - [14/Jul/2015:00:31:19 -0500] "GET /BLA/resoluciones/RESOLUCIONES%202012/0909.pdf HTTP/1.1" 304 -
66.249.65.48 - - [14/Jul/2015:00:31:24 -0500] "GET /publi/vallas.xls HTTP/1.1" 404 1019
66.249.65.227 - - [14/Jul/2015:00:31:38 -0500] "GET /BLA/resoluciones/RESOLUCIONES%202008/0410.pdf HTTP/1.1" 304 -
66.249.65.220 - - [14/Jul/2015:00:31:58 -0500] "GET /BLA/resoluciones/RESOLUCIONES%202007/RES%202007%203201%20AL%203300/RESOLUCION%203246%20DE%202007.pdf HTTP/1.1" 304 -
66.249.65.213 - - [14/Jul/2015:00:32:18 -0500] "GET /BLA/resoluciones/RESOLUCIONES%202013/1117.pdf HTTP/1.1" 304 -
66.249.65.213 - - [14/Jul/2015:00:32:30 -0500] "GET /BLA/resoluciones/RESOLUCIONES%202005/RES%202005%20951-1000/00000998.tif HTTP/1.1" 200 159228
190.26.210.162 - - [14/Jul/2015:00:32:35 -0500] "GET /BLA/boletinlegal/js/jquery.scrollTo-min.js HTTP/1.1" 304 -
190.26.210.162 - - [14/Jul/2015:00:32:35 -0500] "GET /BLA/boletinlegal/js/jquery.scrollShow.js HTTP/1.1" 304 -
190.26.210.162 - - [14/Jul/2015:00:32:35 -0500] "GET /galeria/galeria/jquery.fancybox.css?v=2.1.5 HTTP/1.1" 200 4895
190.26.210.162 - - [14/Jul/2015:00:32:35 -0500] "GET /galeria/galeria/jquery.fancybox.js?v=2.1.5 HTTP/1.1" 200 48706
66.249.65.227 - - [14/Jul/2015:00:32:38 -0500] "GET /BLA/resoluciones/RESOLUCIONES%202013/1450.pdf HTTP/1.1" 304 -
190.26.210.162 - - [14/Jul/2015:00:32:50 -0500] "GET /galeria/nivo-slider/demo/demo.html HTTP/1.1" 200 5224
190.26.210.162 - - [14/Jul/2015:00:32:50 -0500] "GET /galeria/carrusel/Carrusel/jquery.thumbnailScroller.css HTTP/1.1" 304 -
190.26.210.162 - - [14/Jul/2015:00:32:50 -0500] "GET /galeria/carrusel/Carrusel/jquery-ui- HTTP/1.1" 404 1018
190.26.210.162 - - [14/Jul/2015:00:32:51 -0500] "GET /galeria/carrusel/Carrusel/jquery.thumbnailScroller.js HTTP/1.1" 304 -
66.249.65.227 - - [14/Jul/2015:00:32:57 -0500] "GET /BLA/resoluciones/AUTOS%202013/1101.pdf HTTP/1.1" 304 -
190.26.210.162 - - [14/Jul/2015:00:32:58 -0500] "GET /galeria/nivo-slider/demo/ HTTP/1.1" 200 2278
66.249.65.213 - - [14/Jul/2015:00:33:17 -0500] "GET /BLA/resoluciones/RESOLUCIONES%202011/2833.pdf HTTP/1.1" 304 -
190.26.210.162 - - [14/Jul/2015:00:32:50 -0500] "GET /BLA/boletinlegal/index.php? HTTP/1.1" 200 50649
66.249.65.213 - - [14/Jul/2015:00:33:33 -0500] "GET /galeria/galeria/fotos/Humedal-Vaca4G.jpg HTTP/1.1" 304 -
66.249.65.220 - - [14/Jul/2015:00:33:37 -0500] "GET /BLA/resoluciones/RESOLUCIONES%202012/0860.pdf HTTP/1.1" 200 323786
66.249.65.213 - - [14/Jul/2015:00:33:57 -0500] "GET /BLA/resoluciones/RESOLUCIONES%202009/3077.pdf HTTP/1.1" 304 -
74.86.158.107 - - [14/Jul/2015:00:34:11 -0500] "HEAD / HTTP/1.1" 200 -
66.249.65.227 - - [14/Jul/2015:00:34:36 -0500] "GET /BLA/resoluciones/RESOLUCIONES%202012/1027.pdf HTTP/1.1" 304 -
66.249.65.220 - - [14/Jul/2015:00:34:56 -0500] "GET /BLA/resoluciones/AUTOS%202011/0945.pdf HTTP/1.1" 304 -
66.249.65.45 - - [14/Jul/2015:00:35:16 -0500] "GET /Autoliquidacion/index.php?dir=Solicitud+de+Licencia+Ambiental%2F HTTP/1.1" 200 2642
66.249.65.227 - - [14/Jul/2015:00:35:18 -0500] "GET /BLA/resoluciones/AUTOS%202013/3091.pdf HTTP/1.1" 304 -
66.249.65.227 - - [14/Jul/2015:00:35:35 -0500] "GET /BLA/resoluciones/RESOLUCIONES%202011/1013.pdf HTTP/1.1" 304 -
66.249.65.227 - - [14/Jul/2015:00:35:55 -0500] "GET /autoliquidacion/TR%C3%81MITES%20AGUAS%20SUBTERR%C3%81NEAS/126PM04-PR91-CONCESI%C3%92N%20DE%20AGUAS%20SUBTERRANEAS/-PR91-F-A2-V1(1)%20-%20LISTA%20DE%20CHEQUEO.xls HTTP/1.1" 304 -
66.249.65.45 - - [14/Jul/2015:00:36:01 -0500] "GET /htdocs/even/even.htm HTTP/1.1" 404 1019
66.249.65.213 - - [14/Jul/2015:00:36:15 -0500] "GET /BLA/resoluciones/AUTOS%202013/0356.pdf HTTP/1.1" 304 -
190.253.149.65 - - [14/Jul/2015:00:36:29 -0500] "GET /BLA/resoluciones/RESOLUCIONES%202012/0288.pdf HTTP/1.1" 200 418763
190.253.149.65 - - [14/Jul/2015:00:36:30 -0500] "GET /BLA/resoluciones/RESOLUCIONES%202012/0288.pdf HTTP/1.1" 206 32768
190.253.149.65 - - [14/Jul/2015:00:36:31 -0500] "GET /BLA/resoluciones/RESOLUCIONES%202012/0288.pdf HTTP/1.1" 206 385995
66.249.65.45 - - [14/Jul/2015:00:36:33 -0500] "GET /dama/libreria/pdf/pev01_06A.pdf HTTP/1.1" 404 1019
66.249.65.220 - - [14/Jul/2015:00:36:35 -0500] "GET /BLA/resoluciones/RESOLUCIONES%202007/RES%202007%20601%20AL%20700/RESOLUCION%200627%20DE%202007.pdf HTTP/1.1" 304 -
66.249.65.227 - - [14/Jul/2015:00:36:54 -0500] "GET /BLA/resoluciones/AUTOS%202013/0988.pdf HTTP/1.1" 304 -
66.249.65.227 - - [14/Jul/2015:00:37:14 -0500] "GET /BLA/resoluciones/RESOLUCIONES%202013/0880.pdf HTTP/1.1" 304 -
66.249.65.220 - - [14/Jul/2015:00:37:34 -0500] "GET /BLA/resoluciones/RESOLUCIONES%202008/0316.pdf HTTP/1.1" 304 -
66.249.65.213 - - [14/Jul/2015:00:37:54 -0500] "GET /BLA/resoluciones/RESOLUCIONES%202007/RES%202007%202001%20AL%202100/RESOLUCION%202030%20%20DE%202007.pdf HTTP/1.1" 304 -
186.28.172.220 - - [14/Jul/2015:00:38:02 -0500] "GET /BLA/boletinlegal/js/jquery.scrollTo-min.js HTTP/1.1" 200 1150
186.28.172.220 - - [14/Jul/2015:00:38:02 -0500] "GET /BLA/boletinlegal/js/jquery.scrollShow.js HTTP/1.1" 200 4586
186.28.172.220 - - [14/Jul/2015:00:38:02 -0500] "GET /galeria/galeria/jquery.fancybox.js?v=2.1.5 HTTP/1.1" 200 48706
186.28.172.220 - - [14/Jul/2015:00:38:02 -0500] "GET /galeria/galeria/jquery.fancybox.css?v=2.1.5 HTTP/1.1" 200 4895
66.249.65.220 - - [14/Jul/2015:00:38:13 -0500] "GET /BLA/resoluciones/RESOLUCIONES%202011/6215.pdf HTTP/1.1" 304 -
66.249.65.220 - - [14/Jul/2015:00:38:33 -0500] "GET /BLA/resoluciones/RESOLUCIONES%202010/7460.pdf HTTP/1.1" 304 -
66.249.65.213 - - [14/Jul/2015:00:38:53 -0500] "GET /BLA/resoluciones/RESOLUCIONES%202012/0288.pdf HTTP/1.1" 304 -
74.86.158.107 - - [14/Jul/2015:00:39:11 -0500] "HEAD / HTTP/1.1" 200 -
66.249.65.213 - - [14/Jul/2015:00:39:13 -0500] "GET /BLA/resoluciones/AUTOS%202013/0128.pdf HTTP/1.1" 304 -
66.249.65.45 - - [14/Jul/2015:00:39:33 -0500] "GET /Anexos%20estudio%20Organizacional%20SDA/ANEXO%20No.%203-%20CONTRATACI%C3%93N%20%20OPS%C2%B4s%202008-2012/CONTRATOS%20SDA%202011%20POR%20DEPENDENCIA.xls HTTP/1.1" 304 -
66.249.65.220 - - [14/Jul/2015:00:39:52 -0500] "GET /BLA/resoluciones/AUTOS%202010/1497.pdf HTTP/1.1" 304 -
66.249.65.213 - - [14/Jul/2015:00:40:12 -0500] "GET /BLA/resoluciones/RESOLUCIONES%202013/0084.pdf HTTP/1.1" 304 -
66.249.65.227 - - [14/Jul/2015:00:40:32 -0500] "GET /BLA/resoluciones/AUTOS%202014/6465.pdf HTTP/1.1" 304 -
66.249.65.227 - - [14/Jul/2015:00:40:44 -0500] "GET /mobile/BLA/resoluciones/RESOLUCIONES%202012/0904.pdf HTTP/1.1" 404 1018
180.76.15.32 - - [14/Jul/2015:00:40:50 -0500] "GET / HTTP/1.1" 200 10190
66.249.65.220 - - [14/Jul/2015:00:40:52 -0500] "GET /BLA/resoluciones/AUTOS%202011/2104.pdf HTTP/1.1" 304 -
66.249.65.213 - - [14/Jul/2015:00:41:11 -0500] "GET /BLA/resoluciones/AUTOS%202013/0161.pdf HTTP/1.1" 304 -
180.76.15.144 - - [14/Jul/2015:00:41:15 -0500] "GET / HTTP/1.1" 200 10190
66.249.65.213 - - [14/Jul/2015:00:41:31 -0500] "GET /BLA/resoluciones/RESOLUCIONES%202011/4560.pdf HTTP/1.1" 304 -
66.249.65.227 - - [14/Jul/2015:00:41:50 -0500] "GET /BLA/resoluciones/AUTOS%202011/3603.pdf HTTP/1.1" 304 -
66.249.65.220 - - [14/Jul/2015:00:41:51 -0500] "GET /BLA/resoluciones/RESOLUCIONES%202011/0216.pdf HTTP/1.1" 304 -
66.249.65.227 - - [14/Jul/2015:00:42:11 -0500] "GET /BLA/resoluciones/RESOLUCIONES%202010/7380.pdf HTTP/1.1" 304 -
201.234.75.11 - - [14/Jul/2015:00:42:26 -0500] "GET /galeria/nivo-slider/themes/orman/orman.css HTTP/1.1" 304 -
66.249.65.213 - - [14/Jul/2015:00:42:30 -0500] "GET /BLA/resoluciones/AUTOS%202012/1641.pdf HTTP/1.1" 304 -
66.249.65.227 - - [14/Jul/2015:00:42:50 -0500] "GET /BLA/resoluciones/RESOLUCIONES%202007/RES%202007%201001%20AL%201100/RESOLUCION%201019%20DE%202007.pdf HTTP/1.1" 304 -
66.249.65.227 - - [14/Jul/2015:00:43:10 -0500] "GET /BLA/resoluciones/AUTOS%202013/0223.pdf HTTP/1.1" 304 -
66.249.65.227 - - [14/Jul/2015:00:43:30 -0500] "GET /BLA/resoluciones/RESOLUCIONES%202014/1878.pdf HTTP/1.1" 304 -
66.249.65.213 - - [14/Jul/2015:00:43:49 -0500] "GET /BLA/resoluciones/RESOLUCIONES%202010/6000.pdf HTTP/1.1" 304 -
66.249.65.227 - - [14/Jul/2015:00:44:09 -0500] "GET /BLA/resoluciones/RESOLUCIONES%202012/1407.pdf HTTP/1.1" 304 -
74.86.158.107 - - [14/Jul/2015:00:44:11 -0500] "HEAD / HTTP/1.1" 200 -
66.249.65.227 - - [14/Jul/2015:00:44:29 -0500] "GET /BLA/resoluciones/RESOLUCIONES%202009/7074.pdf HTTP/1.1" 304 -
66.249.65.220 - - [14/Jul/2015:00:44:49 -0500] "GET /BLA/resoluciones/RESOLUCIONES%202009/4098.pdf HTTP/1.1" 304 -
66.249.65.227 - - [14/Jul/2015:00:45:08 -0500] "GET /BLA/resoluciones/RESOLUCIONES%202011/4893.pdf HTTP/1.1" 304 -
66.249.65.45 - - [14/Jul/2015:00:45:21 -0500] "GET /newsecs/plaenli/propi3.htm HTTP/1.1" 404 1019
66.249.65.51 - - [14/Jul/2015:00:45:28 -0500] "GET /Autoliquidacion/index.php?dir=TR%C1MITES+VERTIMIENTOS%2F HTTP/1.1" 200 2471
66.249.65.213 - - [14/Jul/2015:00:45:48 -0500] "GET /BLA/resoluciones/RESOLUCIONES%202008/4208.pdf HTTP/1.1" 304 -
66.249.65.220 - - [14/Jul/2015:00:46:08 -0500] "GET /BLA/resoluciones/RESOLUCIONES%202013/0274.pdf HTTP/1.1" 304 -
66.249.65.227 - - [14/Jul/2015:00:46:28 -0500] "GET /BLA/resoluciones/RESOLUCIONES%202008/1025.pdf HTTP/1.1" 304 -
66.249.65.213 - - [14/Jul/2015:00:46:47 -0500] "GET /BLA/resoluciones/Notificaciones/AUTOS%202014/3044.doc HTTP/1.1" 304 -
66.249.65.220 - - [14/Jul/2015:00:47:07 -0500] "GET /BLA/resoluciones/RESOLUCIONES%202012/1223.pdf HTTP/1.1" 304 -
217.69.136.203 - - [14/Jul/2015:00:47:09 -0500] "GET /robots.txt HTTP/1.0" 404 1015
217.69.136.207 - - [14/Jul/2015:00:47:11 -0500] "GET / HTTP/1.1" 200 10190
190.157.183.38 - - [14/Jul/2015:00:47:19 -0500] "GET /BLA/resoluciones/RESOLUCIONES%202013/0812.pdf HTTP/1.1" 200 628268
66.249.65.227 - - [14/Jul/2015:00:47:27 -0500] "GET /BLA/resoluciones/AUTOS%202011/2888.pdf HTTP/1.1" 304 -
66.249.65.213 - - [14/Jul/2015:00:47:47 -0500] "GET /BLA/resoluciones/AUTOS%202014/6798.pdf HTTP/1.1" 304 -
66.249.65.220 - - [14/Jul/2015:00:48:06 -0500] "GET /BLA/resoluciones/RESOLUCIONES%202012/0638.pdf HTTP/1.1" 304 -
66.249.65.220 - - [14/Jul/2015:00:48:26 -0500] "GET /BLA/resoluciones/AUTOS%202012/1584.pdf HTTP/1.1" 304 -
66.249.65.213 - - [14/Jul/2015:00:48:30 -0500] "GET /BLA/resoluciones/RESOLUCIONES%202009/8562.pdf HTTP/1.1" 304 -
181.129.112.232 - - [14/Jul/2015:00:48:39 -0500] "GET /BLA/boletinlegal/js/jquery.scrollShow.js HTTP/1.1" 200 4586
181.129.112.232 - - [14/Jul/2015:00:48:39 -0500] "GET /BLA/boletinlegal/js/jquery.scrollTo-min.js HTTP/1.1" 200 1150
181.129.112.232 - - [14/Jul/2015:00:48:39 -0500] "GET /galeria/galeria/jquery.fancybox.css?v=2.1.5 HTTP/1.1" 200 4895
181.129.112.232 - - [14/Jul/2015:00:48:39 -0500] "GET /galeria/galeria/jquery.fancybox.js?v=2.1.5 HTTP/1.1" 200 48706
66.249.65.227 - - [14/Jul/2015:00:48:46 -0500] "GET /BLA/resoluciones/RESOLUCIONES%202007/RES%202007%20401%20AL%20500/RESOLUCION%200429%20DE%202007.pdf HTTP/1.1" 304 -
66.249.65.213 - - [14/Jul/2015:00:49:06 -0500] "GET /BLA/resoluciones/RESOLUCIONES%202010/5722.pdf HTTP/1.1" 304 -
74.86.158.107 - - [14/Jul/2015:00:49:11 -0500] "HEAD / HTTP/1.1" 200 -
66.249.65.220 - - [14/Jul/2015:00:49:25 -0500] "GET /BLA/resoluciones/RESOLUCIONES%202012/1754.pdf HTTP/1.1" 304 -
66.249.65.213 - - [14/Jul/2015:00:49:45 -0500] "GET /BLA/resoluciones/AUTOS%202011/0211.pdf HTTP/1.1" 304 -
199.195.118.53 - - [14/Jul/2015:00:50:04 -0500] "GET / HTTP/1.1" 200 10190
66.249.65.220 - - [14/Jul/2015:00:50:05 -0500] "GET /BLA/resoluciones/RESOLUCIONES%202007/RES%202007%204001%20AL%204100/RESOLUCION%204007%20DE%202007.pdf HTTP/1.1" 304 -
66.249.65.213 - - [14/Jul/2015:00:50:25 -0500] "GET /BLA/resoluciones/AUTOS%202009/2774.pdf HTTP/1.1" 304 -
66.249.65.227 - - [14/Jul/2015:00:50:44 -0500] "GET /BLA/resoluciones/RESOLUCIONES%202010/2175.pdf HTTP/1.1" 304 -
66.249.65.227 - - [14/Jul/2015:00:51:04 -0500] "GET /BLA/resoluciones/RESOLUCIONES%202010/4721.pdf HTTP/1.1" 304 -
66.249.65.227 - - [14/Jul/2015:00:51:24 -0500] "GET /BLA/resoluciones/AUTOS%202007/1602.pdf HTTP/1.1" 200 47159
66.249.65.220 - - [14/Jul/2015:00:51:44 -0500] "GET /BLA/resoluciones/RESOLUCIONES%202008/0768.pdf HTTP/1.1" 304 -
66.249.65.227 - - [14/Jul/2015:00:52:03 -0500] "GET /BLA/resoluciones/AUTOS%202013/1646.pdf HTTP/1.1" 304 -
66.249.65.48 - - [14/Jul/2015:00:52:23 -0500] "GET /Autoliquidacion/Solicitudes%20relacionadas%20con%20calidad%20del%20aire%20auditiva%20y%20visual/Solicitudes%20relacionadas%20a%20Programa%20de%20Autorregulaci%C3%B3n%20Ambiental/carta%20de%20autorizacion%20para%20realizar%20las%20visitas%20tecnicas%20del%20p.pdf HTTP/1.1" 304 -
66.249.65.213 - - [14/Jul/2015:00:52:43 -0500] "GET /BLA/resoluciones/RESOLUCIONES%202010/7572.pdf HTTP/1.1" 304 -
66.249.65.227 - - [14/Jul/2015:00:53:03 -0500] "GET /BLA/resoluciones/RESOLUCIONES%202013/0936.pdf HTTP/1.1" 304 -
66.249.65.220 - - [14/Jul/2015:00:53:22 -0500] "GET /BLA/resoluciones/AUTOS%202014/4394.pdf HTTP/1.1" 304 -
66.249.65.213 - - [14/Jul/2015:00:53:42 -0500] "GET /BLA/boletines/1.php HTTP/1.1" 200 21984
66.249.65.220 - - [14/Jul/2015:00:54:02 -0500] "GET /BLA/resoluciones/RESOLUCIONES%202008/3800.pdf HTTP/1.1" 304 -
74.86.158.107 - - [14/Jul/2015:00:54:11 -0500] "HEAD / HTTP/1.1" 200 -
66.249.65.213 - - [14/Jul/2015:00:54:22 -0500] "GET /BLA/resoluciones/RESOLUCIONES%202007/RES%202007%201401%20AL%201500/RESOLUCION%201401%20DE%202007.pdf HTTP/1.1" 304 -
66.249.65.213 - - [14/Jul/2015:00:54:42 -0500] "GET /BLA/resoluciones/AUTOS%202008/1404.pdf HTTP/1.1" 200 412017
66.249.65.220 - - [14/Jul/2015:00:54:52 -0500] "GET /BLA/resoluciones/RESOLUCIONES%202009/7615.pdf HTTP/1.1" 304 -
66.249.65.213 - - [14/Jul/2015:00:55:01 -0500] "GET /BLA/resoluciones/RESOLUCIONES%202009/3849.pdf HTTP/1.1" 304 -
121.42.0.32 - - [14/Jul/2015:00:55:11 -0500] "GET /robots.txt HTTP/1.0" 404 1018
121.42.0.34 - - [14/Jul/2015:00:55:20 -0500] "GET / HTTP/1.0" 200 10190
66.249.65.220 - - [14/Jul/2015:00:55:21 -0500] "GET /BLA/resoluciones/RESOLUCIONES%202011/4654.pdf HTTP/1.1" 304 -
66.249.65.48 - - [14/Jul/2015:00:55:41 -0500] "GET /Autoliquidacion/Solicitudes%20relacionadas%20con%20calidad%20del%20aire%20auditiva%20y%20visual/Evaluaci%C3%B3n%20de%20estudios%20de%20Emisiones%20con%20miras%20a%20verificar%20el%20cumplimiento%20de%20las%20normas%20de%20emisiones/Aplicativo%20Evaluaci%C3%B3n%20de%20estudios%20de%20emisiones%202015.xlsx HTTP/1.1" 304 -
66.249.65.227 - - [14/Jul/2015:00:56:01 -0500] "GET /BLA/resoluciones/AUTOS%202007/1299.pdf HTTP/1.1" 200 92522
186.146.22.232 - - [14/Jul/2015:00:56:19 -0500] "GET /galeria/galeria/jquery.fancybox.css?v=2.1.5 HTTP/1.1" 200 4895
186.146.22.232 - - [14/Jul/2015:00:56:19 -0500] "GET /BLA/boletinlegal/js/jquery.scrollShow.js HTTP/1.1" 200 4586
186.146.22.232 - - [14/Jul/2015:00:56:19 -0500] "GET /galeria/galeria/jquery.fancybox.js?v=2.1.5 HTTP/1.1" 200 48706
186.146.22.232 - - [14/Jul/2015:00:56:19 -0500] "GET /BLA/boletinlegal/js/jquery.scrollTo-min.js HTTP/1.1" 200 1150
66.249.65.51 - - [14/Jul/2015:00:56:20 -0500] "GET /Autoliquidacion/index.php?dir=Solicitudes+relacionadas+con+calidad+del+aire+auditiva+y+visual%2FEvaluaci%F3n+certificado+de+Intensidad+Auditiva%2F HTTP/1.1" 200 2823
66.102.6.205 - - [14/Jul/2015:00:56:22 -0500] "GET /dama/libreria/php/imagenes/29.jpg HTTP/1.1" 404 1019
186.146.22.232 - - [14/Jul/2015:00:56:26 -0500] "GET /galeria/galeria/jquery.fancybox.css?v=2.1.5 HTTP/1.1" 304 -
186.146.22.232 - - [14/Jul/2015:00:56:26 -0500] "GET /BLA/boletinlegal/js/jquery.scrollShow.js HTTP/1.1" 304 -
186.146.22.232 - - [14/Jul/2015:00:56:26 -0500] "GET /galeria/galeria/jquery.fancybox.js?v=2.1.5 HTTP/1.1" 304 -
186.146.22.232 - - [14/Jul/2015:00:56:26 -0500] "GET /BLA/boletinlegal/js/jquery.scrollTo-min.js HTTP/1.1" 304 -
66.249.65.213 - - [14/Jul/2015:00:56:40 -0500] "GET /BLA/resoluciones/AUTOS%202012/0798.pdf HTTP/1.1" 304 -
181.64.192.36 - - [14/Jul/2015:00:56:44 -0500] "GET /galeria/galeria/jquery.fancybox.css?v=2.1.5 HTTP/1.1" 200 4895
181.64.192.36 - - [14/Jul/2015:00:56:44 -0500] "GET /BLA/boletinlegal/js/jquery.scrollTo-min.js HTTP/1.1" 200 1150
181.64.192.36 - - [14/Jul/2015:00:56:44 -0500] "GET /BLA/boletinlegal/js/jquery.scrollShow.js HTTP/1.1" 200 4586
181.64.192.36 - - [14/Jul/2015:00:56:44 -0500] "GET /galeria/galeria/jquery.fancybox.js?v=2.1.5 HTTP/1.1" 200 48706
181.64.192.36 - - [14/Jul/2015:00:56:52 -0500] "GET /galeria/galeria/jquery.fancybox.css?v=2.1.5 HTTP/1.1" 304 -
181.64.192.36 - - [14/Jul/2015:00:56:52 -0500] "GET /BLA/boletinlegal/js/jquery.scrollTo-min.js HTTP/1.1" 304 -
181.64.192.36 - - [14/Jul/2015:00:56:52 -0500] "GET /BLA/boletinlegal/js/jquery.scrollShow.js HTTP/1.1" 304 -
181.64.192.36 - - [14/Jul/2015:00:56:52 -0500] "GET /galeria/galeria/jquery.fancybox.js?v=2.1.5 HTTP/1.1" 304 -
66.249.65.213 - - [14/Jul/2015:00:57:00 -0500] "GET /BLA/resoluciones/AUTOS%202010/3702.pdf HTTP/1.1" 304 -
66.249.65.227 - - [14/Jul/2015:00:57:20 -0500] "GET /BLA/resoluciones/RESOLUCIONES%202014/3163.pdf HTTP/1.1" 304 -
66.249.65.220 - - [14/Jul/2015:00:57:45 -0500] "GET /stormWeb/ HTTP/1.1" 200 12126
66.249.65.220 - - [14/Jul/2015:00:57:59 -0500] "GET /BLA/resoluciones/RESOLUCIONES%202012/0951.pdf HTTP/1.1" 200 405282
66.249.65.220 - - [14/Jul/2015:00:58:19 -0500] "GET /BLA/resoluciones/RESOLUCIONES%202010/0642.pdf HTTP/1.1" 200 503106
66.249.65.213 - - [14/Jul/2015:00:58:39 -0500] "GET /BLA/resoluciones/RESOLUCIONES%202010/4163.pdf HTTP/1.1" 200 755623
66.249.65.220 - - [14/Jul/2015:00:58:58 -0500] "GET /BLA/resoluciones/RESOLUCIONES%202009/9550.pdf HTTP/1.1" 200 490487
74.86.158.107 - - [14/Jul/2015:00:59:11 -0500] "HEAD / HTTP/1.1" 200 -
66.249.65.213 - - [14/Jul/2015:00:59:18 -0500] "GET /BLA/resoluciones/AUTOS%202008/2410.pdf HTTP/1.1" 200 83388
66.249.65.220 - - [14/Jul/2015:00:59:38 -0500] "GET /BLA/resoluciones/RESOLUCIONES%202010/2611.pdf HTTP/1.1" 200 563120
66.249.65.227 - - [14/Jul/2015:00:59:58 -0500] "GET /BLA/resoluciones/RESOLUCIONES%202010/2589.pdf HTTP/1.1" 200 567403
66.249.65.227 - - [14/Jul/2015:01:00:17 -0500] "GET /BLA/resoluciones/AUTOS%202011/4105.pdf HTTP/1.1" 200 229015
66.249.65.227 - - [14/Jul/2015:01:00:37 -0500] "GET /BLA/resoluciones/RESOLUCIONES%202009/1013.pdf HTTP/1.1" 304 -
66.249.65.220 - - [14/Jul/2015:01:00:57 -0500] "GET /BLA/resoluciones/RESOLUCIONES%202010/4775.pdf HTTP/1.1" 304 -
66.249.65.220 - - [14/Jul/2015:01:01:17 -0500] "GET /BLA/resoluciones/RESOLUCIONES%202007/RES%202007%201726%20AL%201800/RESOLUCION%201730%20DE%202007.pdf HTTP/1.1" 304 -
66.249.65.227 - - [14/Jul/2015:01:01:18 -0500] "GET /BLA/resoluciones/RESOLUCIONES%202005/RES%202005%20951-1000/00000982.tif HTTP/1.1" 200 304694
66.249.65.220 - - [14/Jul/2015:01:01:56 -0500] "GET /BLA/resoluciones/RESOLUCIONES%202009/5606.pdf HTTP/1.1" 200 578669
66.249.65.227 - - [14/Jul/2015:01:02:16 -0500] "GET /BLA/resoluciones/AUTOS%202012/2144.pdf HTTP/1.1" 200 376184
66.249.65.227 - - [14/Jul/2015:01:02:36 -0500] "GET /BLA/resoluciones/RESOLUCIONES%202011/5124.pdf HTTP/1.1" 200 407888
66.249.65.220 - - [14/Jul/2015:01:02:56 -0500] "GET /BLA/resoluciones/RESOLUCIONES%202014/2943.pdf HTTP/1.1" 200 223378
37.1.197.66 - - [14/Jul/2015:01:03:10 -0500] "GET /media/index.html HTTP/1.1" 302 312
66.249.65.220 - - [14/Jul/2015:01:03:15 -0500] "GET /BLA/directivas/2009/0.pdf HTTP/1.1" 304 -
88.198.233.69 - - [14/Jul/2015:01:03:16 -0500] "GET / HTTP/1.1" 200 10190
66.249.65.45 - - [14/Jul/2015:01:03:35 -0500] "GET /Anexos%20estudio%20Organizacional%20SDA/ANEXO%20No.%203-%20CONTRATACI%C3%93N%20%20OPS%C2%B4s%202008-2012/CONTRATOS%20SDA%202010%20POR%20DEPENDENCIA%20(1).xls HTTP/1.1" 304 -
180.76.15.144 - - [14/Jul/2015:01:03:36 -0500] "GET /POT-2013/Cartografia/34_EST_ORDENAMIENTO%20PARA%20EL%20SUELO_RURAL.pdf HTTP/1.1" 200 3028053
66.249.65.220 - - [14/Jul/2015:01:03:55 -0500] "GET /BLA/resoluciones/AUTOS%202012/1723.pdf HTTP/1.1" 304 -
66.249.65.213 - - [14/Jul/2015:01:04:00 -0500] "GET /mobile/BLA/resoluciones/RESOLUCIONES%202007/RES%202007%204101%20AL%204200/RESOLUCION%204200%20DE%202007.pdf HTTP/1.1" 404 1018
74.86.158.107 - - [14/Jul/2015:01:04:11 -0500] "HEAD / HTTP/1.1" 200 -
66.249.65.213 - - [14/Jul/2015:01:04:15 -0500] "GET /BLA/resoluciones/AUTOS%202011/4075.pdf HTTP/1.1" 304 -
190.26.210.162 - - [14/Jul/2015:01:04:31 -0500] "GET /galeria/juegos/ear/EARI.swf HTTP/1.1" 200 526915
66.249.65.220 - - [14/Jul/2015:01:04:34 -0500] "GET /BLA/resoluciones/AUTOS%202011/0216.pdf HTTP/1.1" 304 -
190.26.210.162 - - [14/Jul/2015:01:04:51 -0500] "GET /videos/galeria-cronicas/1V3wnplaylist.htm? HTTP/1.1" 200 4013
190.26.210.162 - - [14/Jul/2015:01:04:51 -0500] "GET /videos/galeria-cronicas/ HTTP/1.1" 200 3763
66.249.65.213 - - [14/Jul/2015:01:04:54 -0500] "GET /BLA/resoluciones/RESOLUCIONES%202012/1297.pdf HTTP/1.1" 304 -
66.249.65.227 - - [14/Jul/2015:01:05:14 -0500] "GET /BLA/resoluciones/RESOLUCIONES%202007/RES%202007%203401%20AL%203500/RESOLUCION%203453%20DE%202007.pdf HTTP/1.1" 304 -
66.249.65.220 - - [14/Jul/2015:01:05:34 -0500] "GET /BLA/resoluciones/RESOLUCIONES%202009/4411.pdf HTTP/1.1" 304 -
66.249.65.227 - - [14/Jul/2015:01:05:53 -0500] "GET /BLA/resoluciones/RESOLUCIONES%202009/5686.pdf HTTP/1.1" 304 -
66.249.65.220 - - [14/Jul/2015:01:06:13 -0500] "GET /BLA/resoluciones/AUTOS%202014/6904.pdf HTTP/1.1" 304 -
66.249.65.220 - - [14/Jul/2015:01:06:33 -0500] "GET /BLA/resoluciones/AUTOS%202013/0351.pdf HTTP/1.1" 304 -
66.249.65.227 - - [14/Jul/2015:01:06:53 -0500] "GET /BLA/resoluciones/RESOLUCIONES%202013/0883.pdf HTTP/1.1" 304 -
66.249.65.227 - - [14/Jul/2015:01:07:12 -0500] "GET /BLA/resoluciones/RESOLUCIONES%202007/RES%202007%203701%20AL%203800/RESOLUCION%203701%20DE%202007.pdf HTTP/1.1" 304 -
66.249.65.213 - - [14/Jul/2015:01:07:32 -0500] "GET /BLA/resoluciones/AUTOS%202014/2806.pdf HTTP/1.1" 304 -
66.249.65.227 - - [14/Jul/2015:01:07:47 -0500] "GET /BLA/resoluciones/RESOLUCIONES%202008/0607.pdf HTTP/1.1" 304 -
66.249.65.213 - - [14/Jul/2015:01:07:52 -0500] "GET /BLA/resoluciones/RESOLUCIONES%202013/1223.pdf HTTP/1.1" 304 -
66.249.65.213 - - [14/Jul/2015:01:08:12 -0500] "GET /BLA/resoluciones/RESOLUCIONES%202007/RES%202007%202101%20AL%202200/RESOLUCION%202115%20DE%202007.pdf HTTP/1.1" 304 -
66.249.65.213 - - [14/Jul/2015:01:08:32 -0500] "GET /BLA/resoluciones/RESOLUCIONES%202010/7252.pdf HTTP/1.1" 304 -
66.249.65.227 - - [14/Jul/2015:01:08:51 -0500] "GET /BLA/resoluciones/RESOLUCIONES%202013/0126.pdf HTTP/1.1" 304 -
74.86.158.107 - - [14/Jul/2015:01:09:11 -0500] "HEAD / HTTP/1.1" 200 -
66.249.65.220 - - [14/Jul/2015:01:09:31 -0500] "GET /BLA/resoluciones/AUTOS%202009/0022.pdf HTTP/1.1" 304 -
190.8.199.170 - - [14/Jul/2015:01:09:42 -0500] "GET /BLA/boletinlegal/styles2.css HTTP/1.1" 200 1838
190.8.199.170 - - [14/Jul/2015:01:09:42 -0500] "GET /BLA/boletinlegal/style.css HTTP/1.1" 200 9406
190.8.199.170 - - [14/Jul/2015:01:09:42 -0500] "GET /BLA/boletinlegal/js/jquery.js HTTP/1.1" 200 57254
190.8.199.170 - - [14/Jul/2015:01:09:42 -0500] "GET /BLA/boletinlegal/js/jquery.scrollTo-min.js HTTP/1.1" 200 1150
190.8.199.170 - - [14/Jul/2015:01:09:42 -0500] "GET /BLA/boletinlegal/js/jquery.scrollShow.js HTTP/1.1" 200 4586
190.8.199.170 - - [14/Jul/2015:01:09:42 -0500] "GET /BLA/boletinlegal/images/cabezote%20BLEGAL.jpg HTTP/1.1" 200 118164
190.8.199.170 - - [14/Jul/2015:01:09:42 -0500] "GET /BLA/boletinlegal/images/historia.png HTTP/1.1" 200 52775
190.8.199.170 - - [14/Jul/2015:01:09:42 -0500] "GET /BLA/boletinlegal/images/subscribe-icon-big.png HTTP/1.1" 200 47702
190.8.199.170 - - [14/Jul/2015:01:09:42 -0500] "GET /BLA/boletinlegal/images/nuevo.gif HTTP/1.1" 200 26475
190.8.199.170 - - [14/Jul/2015:01:09:42 -0500] "GET /BLA/boletinlegal/images/arr_l.jpg HTTP/1.1" 200 1979
190.8.199.170 - - [14/Jul/2015:01:09:42 -0500] "GET /BLA/boletinlegal/images/screen_1.png HTTP/1.1" 200 202547
190.8.199.170 - - [14/Jul/2015:01:09:42 -0500] "GET /BLA/boletinlegal/images/body_bg.jpg HTTP/1.1" 200 1601
190.8.199.170 - - [14/Jul/2015:01:09:42 -0500] "GET /BLA/boletinlegal/images/launch.jpg HTTP/1.1" 200 14577
190.8.199.170 - - [14/Jul/2015:01:09:42 -0500] "GET /BLA/boletinlegal/images/menu_rght.gif HTTP/1.1" 200 1627
190.8.199.170 - - [14/Jul/2015:01:09:42 -0500] "GET /BLA/boletinlegal/images/menu_lft.gif HTTP/1.1" 200 1713
190.8.199.170 - - [14/Jul/2015:01:09:42 -0500] "GET /BLA/boletinlegal/images/bg_top.jpg HTTP/1.1" 200 522
190.8.199.170 - - [14/Jul/2015:01:09:43 -0500] "GET /BLA/boletinlegal/images/menu_bg.jpg HTTP/1.1" 200 620
190.8.199.170 - - [14/Jul/2015:01:09:43 -0500] "GET /BLA/boletinlegal/images/screen_3.png HTTP/1.1" 200 210620
190.8.199.170 - - [14/Jul/2015:01:09:43 -0500] "GET /BLA/boletinlegal/images/screen_2.png HTTP/1.1" 200 362502
190.8.199.170 - - [14/Jul/2015:01:09:43 -0500] "GET /BLA/boletinlegal/images/text.jpg HTTP/1.1" 200 568
190.8.199.170 - - [14/Jul/2015:01:09:43 -0500] "GET /BLA/boletinlegal/images/screen_5.png HTTP/1.1" 200 368876
190.8.199.170 - - [14/Jul/2015:01:09:43 -0500] "GET /BLA/boletinlegal/images/footer_bg.jpg HTTP/1.1" 200 586
190.8.199.170 - - [14/Jul/2015:01:09:43 -0500] "GET /BLA/boletinlegal/images/arr_r.jpg HTTP/1.1" 200 1998
190.8.199.170 - - [14/Jul/2015:01:09:43 -0500] "GET /BLA/boletinlegal/images/hover.jpg HTTP/1.1" 200 640
190.8.199.170 - - [14/Jul/2015:01:09:44 -0500] "GET /BLA/boletinlegal/actos.php HTTP/1.1" 200 7574
190.8.199.170 - - [14/Jul/2015:01:09:44 -0500] "GET /BLA/boletinlegal/js/ajax_actos.js HTTP/1.1" 200 1322
190.8.199.170 - - [14/Jul/2015:01:09:44 -0500] "GET /BLA/boletinlegal/niceforms.js HTTP/1.1" 200 22876
190.8.199.170 - - [14/Jul/2015:01:09:45 -0500] "GET /BLA/boletinlegal/js/lib.js HTTP/1.1" 200 6474
190.8.199.170 - - [14/Jul/2015:01:09:45 -0500] "GET /BLA/boletinlegal/niceforms-default.css HTTP/1.1" 200 6694
190.8.199.170 - - [14/Jul/2015:01:09:45 -0500] "GET /BLA/boletinlegal/images/green-yellow-blue-pink-th.png HTTP/1.1" 200 7394
190.8.199.170 - - [14/Jul/2015:01:09:45 -0500] "GET /BLA/boletinlegal/js/popup.js HTTP/1.1" 200 1270
190.8.199.170 - - [14/Jul/2015:01:09:45 -0500] "GET /BLA/boletinlegal/js/jquery1.js HTTP/1.1" 200 29846
190.8.199.170 - - [14/Jul/2015:01:09:45 -0500] "GET /BLA/boletinlegal/images/abajo.png HTTP/1.1" 200 96676
190.8.199.170 - - [14/Jul/2015:01:09:45 -0500] "GET /BLA/boletinlegal/images/footer_bg_l.jpg HTTP/1.1" 200 776
190.8.199.170 - - [14/Jul/2015:01:09:45 -0500] "GET /BLA/boletinlegal/img/0.png HTTP/1.1" 200 110
190.8.199.170 - - [14/Jul/2015:01:09:45 -0500] "GET /BLA/boletinlegal/img/button-right.png HTTP/1.1" 200 57878
190.8.199.170 - - [14/Jul/2015:01:09:45 -0500] "GET /BLA/boletinlegal/img/button.png HTTP/1.1" 200 43241
190.8.199.170 - - [14/Jul/2015:01:09:45 -0500] "GET /BLA/boletinlegal/img/button-left.png HTTP/1.1" 200 57071
190.8.199.170 - - [14/Jul/2015:01:09:45 -0500] "GET /BLA/boletinlegal/img/select-left.png HTTP/1.1" 200 263
190.8.199.170 - - [14/Jul/2015:01:09:45 -0500] "GET /BLA/boletinlegal/img/select-right.png HTTP/1.1" 200 44019
190.8.199.170 - - [14/Jul/2015:01:09:46 -0500] "GET /favicon.ico HTTP/1.1" 200 7782
190.8.199.170 - - [14/Jul/2015:01:09:49 -0500] "HEAD /BLA/boletinlegal/actos.php HTTP/1.1" 200 -
190.8.199.170 - - [14/Jul/2015:01:09:49 -0500] "GET /BLA/boletinlegal/actos.php HTTP/1.1" 200 7574
66.249.65.220 - - [14/Jul/2015:01:09:51 -0500] "GET /BLA/resoluciones/AUTOS%202013/1290.pdf HTTP/1.1" 304 -
190.8.199.170 - - [14/Jul/2015:01:10:03 -0500] "GET /BLA/boletinlegal/consulta_actos.php?tipo=resoluciones&no=7446&usuario=&sector=&fecha=2010&resuelve= HTTP/1.1" 200 1032
190.8.199.170 - - [14/Jul/2015:01:10:03 -0500] "GET /BLA/boletinlegal/images/pdf.gif HTTP/1.1" 200 567
190.8.199.170 - - [14/Jul/2015:01:10:07 -0500] "GET /BLA/resoluciones/RESOLUCIONES%202010/7446.pdf HTTP/1.1" 200 232869
66.249.65.213 - - [14/Jul/2015:01:10:10 -0500] "GET /BLA/resoluciones/AUTOS%202007/0543.pdf HTTP/1.1" 200 696609
190.8.199.170 - - [14/Jul/2015:01:10:11 -0500] "HEAD /BLA/resoluciones/RESOLUCIONES%202010/7446.pdf HTTP/1.1" 200 -
190.8.199.170 - - [14/Jul/2015:01:10:11 -0500] "GET /BLA/resoluciones/RESOLUCIONES%202010/7446.pdf HTTP/1.1" 200 232869
190.8.199.170 - - [14/Jul/2015:01:09:41 -0500] "GET /BLA/boletinlegal/ HTTP/1.1" 200 36863
66.249.65.213 - - [14/Jul/2015:01:10:30 -0500] "GET /BLA/resoluciones/AUTOS%202011/0202.pdf HTTP/1.1" 304 -
66.249.65.220 - - [14/Jul/2015:01:10:50 -0500] "GET /BLA/resoluciones/RESOLUCIONES%202011/5564.pdf HTTP/1.1" 304 -
66.249.65.220 - - [14/Jul/2015:01:11:10 -0500] "GET /BLA/resoluciones/RESOLUCIONES%202013/2276.pdf HTTP/1.1" 304 -
66.249.65.213 - - [14/Jul/2015:01:11:29 -0500] "GET /BLA/resoluciones/RESOLUCIONES%202011/1071.pdf HTTP/1.1" 304 -
66.249.65.227 - - [14/Jul/2015:01:11:49 -0500] "GET /BLA/resoluciones/AUTOS%202013/0567.pdf HTTP/1.1" 304 -
66.249.65.227 - - [14/Jul/2015:01:12:09 -0500] "GET /BLA/resoluciones/RESOLUCIONES%202007/RES%202007%202801%20AL%202900/RESOLUCION%202848%20DE%202007.pdf HTTP/1.1" 304 -
66.249.65.213 - - [14/Jul/2015:01:12:29 -0500] "GET /autoliquidacion/TR%C3%81MITES%20VERTIMIENTOS/PERMISOS%20DE%20VERTIMIENTOS/ANEXO%20%205.%20%20MATRIZ%20PAR%C3%81METRSO%20ACTIVDADES%20PRODUCTIVAS.xls HTTP/1.1" 304 -
66.249.65.213 - - [14/Jul/2015:01:12:48 -0500] "GET /BLA/resoluciones/AUTOS%202013/0650.pdf HTTP/1.1" 304 -
66.249.65.227 - - [14/Jul/2015:01:13:08 -0500] "GET /BLA/resoluciones/RESOLUCIONES%202014/2001.pdf HTTP/1.1" 304 -
66.249.65.51 - - [14/Jul/2015:01:13:20 -0500] "GET /phpold/ HTTP/1.1" 404 1019
66.249.65.213 - - [14/Jul/2015:01:13:28 -0500] "GET /BLA/resoluciones/RESOLUCIONES%202012/1228.pdf HTTP/1.1" 304 -
66.249.65.220 - - [14/Jul/2015:01:13:48 -0500] "GET /BLA/resoluciones/RESOLUCIONES%202013/1229.pdf HTTP/1.1" 304 -
66.249.65.220 - - [14/Jul/2015:01:14:07 -0500] "GET /BLA/resoluciones/RESOLUCIONES%202013/0746.pdf HTTP/1.1" 304 -
74.86.158.107 - - [14/Jul/2015:01:14:11 -0500] "HEAD / HTTP/1.1" 200 -
66.249.65.220 - - [14/Jul/2015:01:14:22 -0500] "GET /BLA/resoluciones/RESOLUCIONES%202010/7751.pdf HTTP/1.1" 304 -
66.249.65.213 - - [14/Jul/2015:01:14:47 -0500] "GET /BLA/resoluciones/AUTOS%202013/3508.pdf HTTP/1.1" 304 -
66.249.65.213 - - [14/Jul/2015:01:15:07 -0500] "GET /BLA/resoluciones/RESOLUCIONES%202009/5270.pdf HTTP/1.1" 304 -
181.132.71.245 - - [14/Jul/2015:01:15:23 -0500] "GET /galeria/galeria/jquery.fancybox.css?v=2.1.5 HTTP/1.1" 200 4895
181.132.71.245 - - [14/Jul/2015:01:15:23 -0500] "GET /BLA/boletinlegal/js/jquery.scrollShow.js HTTP/1.1" 200 4586
181.132.71.245 - - [14/Jul/2015:01:15:23 -0500] "GET /BLA/boletinlegal/js/jquery.scrollTo-min.js HTTP/1.1" 200 1150
181.132.71.245 - - [14/Jul/2015:01:15:23 -0500] "GET /galeria/galeria/jquery.fancybox.js?v=2.1.5 HTTP/1.1" 200 48706
66.249.65.220 - - [14/Jul/2015:01:15:27 -0500] "GET /BLA/resoluciones/RESOLUCIONES%202007/RES%202007%201401%20AL%201500/RESOLUCION%201443%20DE%202007.pdf HTTP/1.1" 304 -
186.96.91.230 - - [14/Jul/2015:01:15:32 -0500] "GET /galeria/galeria/jquery.fancybox.js?v=2.1.5 HTTP/1.1" 200 48706
186.96.91.230 - - [14/Jul/2015:01:15:32 -0500] "GET /BLA/boletinlegal/js/jquery.scrollTo-min.js HTTP/1.1" 200 1150
186.96.91.230 - - [14/Jul/2015:01:15:32 -0500] "GET /galeria/galeria/jquery.fancybox.css?v=2.1.5 HTTP/1.1" 200 4895
186.96.91.230 - - [14/Jul/2015:01:15:32 -0500] "GET /BLA/boletinlegal/js/jquery.scrollShow.js HTTP/1.1" 200 4586
66.249.65.213 - - [14/Jul/2015:01:15:46 -0500] "GET /BLA/resoluciones/AUTOS%202012/0515.pdf HTTP/1.1" 200 275268
181.132.71.245 - - [14/Jul/2015:01:15:52 -0500] "GET /galeria/galeria/jquery.fancybox.css?v=2.1.5 HTTP/1.1" 304 -
181.132.71.245 - - [14/Jul/2015:01:15:52 -0500] "GET /galeria/galeria/jquery.fancybox.js?v=2.1.5 HTTP/1.1" 304 -
181.132.71.245 - - [14/Jul/2015:01:15:52 -0500] "GET /BLA/boletinlegal/js/jquery.scrollShow.js HTTP/1.1" 304 -
181.132.71.245 - - [14/Jul/2015:01:15:52 -0500] "GET /BLA/boletinlegal/js/jquery.scrollTo-min.js HTTP/1.1" 304 -
181.132.71.245 - - [14/Jul/2015:01:15:53 -0500] "GET /galeria/galeria/jquery.fancybox.js?v=2.1.5 HTTP/1.1" 304 -
190.252.167.30 - - [14/Jul/2015:01:15:57 -0500] "GET /galeria/galeria/jquery.fancybox.css?v=2.1.5 HTTP/1.1" 200 4895
190.252.167.30 - - [14/Jul/2015:01:15:57 -0500] "GET /BLA/boletinlegal/js/jquery.scrollTo-min.js HTTP/1.1" 200 1150
190.252.167.30 - - [14/Jul/2015:01:15:57 -0500] "GET /BLA/boletinlegal/js/jquery.scrollShow.js HTTP/1.1" 200 4586
190.252.167.30 - - [14/Jul/2015:01:15:57 -0500] "GET /galeria/galeria/jquery.fancybox.js?v=2.1.5 HTTP/1.1" 200 48706
66.249.65.227 - - [14/Jul/2015:01:16:06 -0500] "GET /BLA/resoluciones/RESOLUCIONES%202011/4569.pdf HTTP/1.1" 304 -
189.180.63.236 - - [14/Jul/2015:01:16:19 -0500] "GET /BLA/boletinlegal/js/jquery.scrollShow.js HTTP/1.1" 200 4586
189.180.63.236 - - [14/Jul/2015:01:16:19 -0500] "GET /BLA/boletinlegal/js/jquery.scrollTo-min.js HTTP/1.1" 200 1150
189.180.63.236 - - [14/Jul/2015:01:16:19 -0500] "GET /galeria/galeria/jquery.fancybox.js?v=2.1.5 HTTP/1.1" 200 48706
189.180.63.236 - - [14/Jul/2015:01:16:20 -0500] "GET /galeria/carrusel/Carrusel/jquery.thumbnailScroller.css HTTP/1.1" 200 2066
189.180.63.236 - - [14/Jul/2015:01:16:20 -0500] "GET /galeria/carrusel/Carrusel/jquery-ui-1.8.13.custom.min.js HTTP/1.1" 200 10800
189.180.63.236 - - [14/Jul/2015:01:16:20 -0500] "GET /galeria/galeria/jquery.fancybox.css?v=2.1.5 HTTP/1.1" 200 4895
189.180.63.236 - - [14/Jul/2015:01:16:20 -0500] "GET /galeria/carrusel/Carrusel/jquery.thumbnailScroller.js HTTP/1.1" 200 8157
66.249.65.220 - - [14/Jul/2015:01:16:26 -0500] "GET /BLA/resoluciones/RESOLUCIONES%202007/RES%202007%201301%20AL%201400/RESOLUCION%201367%20DE%202007.pdf HTTP/1.1" 304 -
66.249.65.227 - - [14/Jul/2015:01:16:46 -0500] "GET /BLA/resoluciones/RESOLUCIONES%202013/0372.pdf HTTP/1.1" 304 -
66.249.65.220 - - [14/Jul/2015:01:17:05 -0500] "GET /BLA/resoluciones/RESOLUCIONES%202007/RES%202007%202801%20AL%202900/RESOLUCION%202811%20DE%202007.pdf HTTP/1.1" 304 -
66.249.65.227 - - [14/Jul/2015:01:17:25 -0500] "GET /BLA/resoluciones/AUTOS%202011/2146.pdf HTTP/1.1" 304 -
66.249.65.227 - - [14/Jul/2015:01:17:45 -0500] "GET /BLA/resoluciones/RESOLUCIONES%202009/3892.pdf HTTP/1.1" 304 -
66.249.65.227 - - [14/Jul/2015:01:18:05 -0500] "GET /BLA/resoluciones/AUTOS%202013/0622.pdf HTTP/1.1" 304 -
66.249.65.213 - - [14/Jul/2015:01:18:24 -0500] "GET /BLA/resoluciones/RESOLUCIONES%202010/0514.pdf HTTP/1.1" 304 -
180.76.15.140 - - [14/Jul/2015:01:18:36 -0500] "GET /SIG/Gestion%20Recursos%20Financieros/126PA02-PR12%20REPROGRAMACION%20DEL%20PAC.pdf HTTP/1.1" 200 249200
66.249.65.213 - - [14/Jul/2015:01:18:44 -0500] "GET /BLA/resoluciones/RESOLUCIONES%202009/0041.pdf HTTP/1.1" 304 -
66.249.65.227 - - [14/Jul/2015:01:19:04 -0500] "GET /BLA/resoluciones/RESOLUCIONES%202008/3330.pdf HTTP/1.1" 304 -
74.86.158.107 - - [14/Jul/2015:01:19:11 -0500] "HEAD / HTTP/1.1" 200 -
66.249.65.227 - - [14/Jul/2015:01:19:24 -0500] "GET /BLA/resoluciones/AUTOS%202008/0508.pdf HTTP/1.1" 304 -
66.249.65.213 - - [14/Jul/2015:01:19:43 -0500] "GET /BLA/resoluciones/AUTOS%202013/2086.pdf HTTP/1.1" 304 -
107.167.108.12 - - [14/Jul/2015:01:19:50 -0500] "GET /BLA/boletinlegal/js/jquery.scrollTo-min.js HTTP/1.1" 200 1150
107.167.108.12 - - [14/Jul/2015:01:19:50 -0500] "GET /BLA/boletinlegal/js/jquery.scrollShow.js HTTP/1.1" 200 4586
107.167.108.12 - - [14/Jul/2015:01:19:51 -0500] "GET /galeria/galeria/jquery.fancybox.js?v=2.1.5 HTTP/1.1" 200 48706
107.167.108.12 - - [14/Jul/2015:01:19:51 -0500] "GET /galeria/galeria/jquery.fancybox.css?v=2.1.5 HTTP/1.1" 200 4895
107.167.108.12 - - [14/Jul/2015:01:19:55 -0500] "GET /BLA/boletinlegal/js/jquery.scrollTo-min.js HTTP/1.1" 200 1150
107.167.108.12 - - [14/Jul/2015:01:19:55 -0500] "GET /BLA/boletinlegal/js/jquery.scrollShow.js HTTP/1.1" 200 4586
107.167.108.12 - - [14/Jul/2015:01:19:55 -0500] "GET /galeria/galeria/jquery.fancybox.js?v=2.1.5 HTTP/1.1" 200 48706
107.167.108.12 - - [14/Jul/2015:01:19:56 -0500] "GET /galeria/galeria/jquery.fancybox.css?v=2.1.5 HTTP/1.1" 200 4895
66.249.65.220 - - [14/Jul/2015:01:20:03 -0500] "GET /BLA/resoluciones/RESOLUCIONES%202007/RES%202007%203101%20AL%203200/RESOLUCION%203181%20DE%202007.pdf HTTP/1.1" 304 -
66.249.65.227 - - [14/Jul/2015:01:20:23 -0500] "GET /BLA/resoluciones/RESOLUCIONES%202012/0619.pdf HTTP/1.1" 304 -
66.249.65.227 - - [14/Jul/2015:01:20:43 -0500] "GET /BLA/resoluciones/RESOLUCIONES%202010/4335.pdf HTTP/1.1" 304 -
66.249.65.213 - - [14/Jul/2015:01:21:02 -0500] "GET /BLA/resoluciones/AUTOS%202013/0081.pdf HTTP/1.1" 304 -
66.249.65.213 - - [14/Jul/2015:01:21:02 -0500] "GET /BLA/resoluciones/AUTOS%202013/1121.pdf HTTP/1.1" 304 -
66.249.65.213 - - [14/Jul/2015:01:21:22 -0500] "GET /BLA/resoluciones/RESOLUCIONES%202007/RES%202007%202101%20AL%202200/RESOLUCION%202125%20DE%202007.pdf HTTP/1.1" 304 -
66.249.65.227 - - [14/Jul/2015:01:21:42 -0500] "GET /autoliquidacion/Solicitudes%20relacionadas%20con%20ocupaci%C3%B3n%20de%20cauce/126pm04-pr36-f-a2-v60-SOLICITUD%20POC.pdf HTTP/1.1" 304 -
66.249.65.220 - - [14/Jul/2015:01:22:02 -0500] "GET /BLA/resoluciones/AUTOS%202014/1296.pdf HTTP/1.1" 304 -
66.249.65.220 - - [14/Jul/2015:01:22:21 -0500] "GET /BLA/resoluciones/RESOLUCIONES%202009/5609.pdf HTTP/1.1" 304 -
66.249.65.51 - - [14/Jul/2015:01:22:40 -0500] "GET /publi/avisos.xls HTTP/1.1" 404 1019
66.249.65.213 - - [14/Jul/2015:01:22:41 -0500] "GET /BLA/resoluciones/RESOLUCIONES%202007/RES%202007%201201%20AL%201300/RESOLUCION%201208%20DE%202007.pdf HTTP/1.1" 304 -
66.249.65.227 - - [14/Jul/2015:01:23:01 -0500] "GET /BLA/resoluciones/AUTOS%202010/0809.pdf HTTP/1.1" 304 -
66.249.65.220 - - [14/Jul/2015:01:23:21 -0500] "GET /BLA/resoluciones/RESOLUCIONES%202008/0354.pdf HTTP/1.1" 304 -
66.249.65.220 - - [14/Jul/2015:01:23:41 -0500] "GET /BLA/resoluciones/AUTOS%202007/1274.pdf HTTP/1.1" 200 87529
66.249.65.213 - - [14/Jul/2015:01:24:00 -0500] "GET /BLA/resoluciones/Notificaciones/REGISTROS%202014/00934.doc HTTP/1.1" 200 152064
74.86.158.107 - - [14/Jul/2015:01:24:11 -0500] "HEAD / HTTP/1.1" 200 -
66.249.65.227 - - [14/Jul/2015:01:24:20 -0500] "GET /BLA/resoluciones/AUTOS%202012/0936.pdf HTTP/1.1" 200 383662
66.249.65.213 - - [14/Jul/2015:01:24:40 -0500] "GET /BLA/resoluciones/AUTOS%202014/3230.pdf HTTP/1.1" 200 633327
66.249.65.45 - - [14/Jul/2015:01:25:00 -0500] "GET /POT-2013/DTS/DTS_20FEB2013_300pm.pdf HTTP/1.1" 304 -
66.249.65.220 - - [14/Jul/2015:01:25:19 -0500] "GET /BLA/resoluciones/RESOLUCIONES%202010/5757.pdf HTTP/1.1" 304 -
66.249.65.51 - - [14/Jul/2015:01:25:38 -0500] "GET /Autoliquidacion/index.php?dir=&sort=date&order=desc HTTP/1.1" 200 6374
66.249.65.213 - - [14/Jul/2015:01:25:39 -0500] "GET /BLA/resoluciones/RESOLUCIONES%202007/RES%202007%20401%20AL%20500/RESOLUCION%200461%20DE%202007.pdf HTTP/1.1" 304 -
66.249.65.213 - - [14/Jul/2015:01:25:59 -0500] "GET /BLA/resoluciones/AUTOS%202012/1524.pdf HTTP/1.1" 200 625264
66.249.65.213 - - [14/Jul/2015:01:26:19 -0500] "GET /BLA/resoluciones/RESOLUCIONES%202007/RES%202007%201901%20AL%202000/RESOLUCION%201958%20DE%202007.pdf HTTP/1.1" 304 -
66.249.65.220 - - [14/Jul/2015:01:26:38 -0500] "GET /BLA/resoluciones/RESOLUCIONES%202009/6954.pdf HTTP/1.1" 304 -
66.249.65.227 - - [14/Jul/2015:01:26:58 -0500] "GET /BLA/resoluciones/RESOLUCIONES%202014/2609.pdf HTTP/1.1" 304 -
66.249.65.220 - - [14/Jul/2015:01:27:18 -0500] "GET /autoliquidacion/Fauna%20Silvestre/LISTA%20DE%20CHEQUEO%20Y%20FORMATO%20DE%20SOLICITUD%20DE%20VERIFICACI%C3%93N%20DE%20EXPORTACIONES%20E%20IMPORTACIONES.xls HTTP/1.1" 304 -
66.249.65.213 - - [14/Jul/2015:01:27:38 -0500] "GET /BLA/resoluciones/RESOLUCIONES%202007/RES%202007%202601%20AL%202700/RESOLUCION%202643%20DE%202007.pdf HTTP/1.1" 304 -
66.249.65.220 - - [14/Jul/2015:01:27:57 -0500] "GET /BLA/resoluciones/AUTOS%202011/0188.pdf HTTP/1.1" 304 -
66.249.65.213 - - [14/Jul/2015:01:28:17 -0500] "GET /BLA/resoluciones/AUTOS%202012/3006.pdf HTTP/1.1" 304 -
66.249.65.213 - - [14/Jul/2015:01:28:37 -0500] "GET /BLA/resoluciones/AUTOS%202008/3467.pdf HTTP/1.1" 304 -
131.253.36.196 - - [14/Jul/2015:01:28:44 -0500] "GET /BLA/boletinlegal/js/jquery.scrollShow.js HTTP/1.1" 200 4586
131.253.26.233 - - [14/Jul/2015:01:28:44 -0500] "GET /BLA/boletinlegal/js/jquery.scrollTo-min.js HTTP/1.1" 200 1150
131.253.26.233 - - [14/Jul/2015:01:28:44 -0500] "GET /galeria/galeria/jquery.fancybox.js?v=2.1.5 HTTP/1.1" 200 48706
131.253.36.196 - - [14/Jul/2015:01:28:44 -0500] "GET /galeria/galeria/jquery.fancybox.css?v=2.1.5 HTTP/1.1" 200 4895
66.249.65.220 - - [14/Jul/2015:01:28:57 -0500] "GET /BLA/resoluciones/RESOLUCIONES%202011/6409.pdf HTTP/1.1" 304 -
131.253.36.198 - - [14/Jul/2015:01:29:11 -0500] "GET /BLA/boletinlegal/js/jquery.scrollShow.js HTTP/1.1" 200 4586
65.55.212.90 - - [14/Jul/2015:01:29:11 -0500] "GET /BLA/boletinlegal/js/jquery.scrollTo-min.js HTTP/1.1" 200 1150
65.55.212.90 - - [14/Jul/2015:01:29:11 -0500] "GET /galeria/galeria/jquery.fancybox.js?v=2.1.5 HTTP/1.1" 200 48706
131.253.36.198 - - [14/Jul/2015:01:29:11 -0500] "GET /galeria/galeria/jquery.fancybox.css?v=2.1.5 HTTP/1.1" 200 4895
74.86.158.107 - - [14/Jul/2015:01:29:11 -0500] "HEAD / HTTP/1.1" 200 -
66.249.65.213 - - [14/Jul/2015:01:29:16 -0500] "GET /BLA/resoluciones/RESOLUCIONES%202007/RES%202007%203101%20AL%203200/RESOLUCION%203183%20%20DE%202007.pdf HTTP/1.1" 304 -
66.249.65.213 - - [14/Jul/2015:01:29:36 -0500] "GET /BLA/resoluciones/AUTOS%202012/1114.pdf HTTP/1.1" 304 -
66.249.65.220 - - [14/Jul/2015:01:29:56 -0500] "GET /BLA/resoluciones/RESOLUCIONES%202007/RES%202007%201401%20AL%201500/RESOLUCION%201406%20DE%202007.pdf HTTP/1.1" 304 -
66.249.65.227 - - [14/Jul/2015:01:30:13 -0500] "GET /BLA/resoluciones/RESOLUCIONES%202005/RES%202005%20951-1000/00000988.tif HTTP/1.1" 200 83580
66.249.65.213 - - [14/Jul/2015:01:30:16 -0500] "GET /BLA/resoluciones/RESOLUCIONES%202009/2026.pdf HTTP/1.1" 304 -
66.249.65.220 - - [14/Jul/2015:01:30:36 -0500] "GET /BLA/resoluciones/RESOLUCIONES%202010/1127.pdf HTTP/1.1" 304 -
66.249.65.220 - - [14/Jul/2015:01:30:55 -0500] "GET /BLA/resoluciones/AUTOS%202013/1951.pdf HTTP/1.1" 304 -
66.249.65.213 - - [14/Jul/2015:01:31:15 -0500] "GET /BLA/resoluciones/RESOLUCIONES%202007/RES%202007%202501%20AL%202600/RESOLUCION%202551%20DE%202007.pdf HTTP/1.1" 304 -
66.249.65.220 - - [14/Jul/2015:01:31:35 -0500] "GET /BLA/resoluciones/AUTOS%202012/1988.pdf HTTP/1.1" 304 -
66.249.65.227 - - [14/Jul/2015:01:31:55 -0500] "GET /BLA/resoluciones/RESOLUCIONES%202014/0738.pdf HTTP/1.1" 304 -
