66.249.67.81 - - [25/Jul/2015:05:01:15 -0500] "GET /BLA/boletinlegal/registro/assets/img/contact/ajax-loader.gif HTTP/1.1" 304 -
201.245.192.253 - - [25/Jul/2015:05:01:18 -0500] "GET /forest/session.jsp?a=0.05588918992942671 HTTP/1.1" 200 4
172.22.2.3 - - [25/Jul/2015:05:01:30 -0500] "POST /cumbredelclima/wp-admin/admin-ajax.php HTTP/1.1" 200 47
172.22.2.3 - - [25/Jul/2015:05:01:45 -0500] "POST /cumbredelclima/wp-admin/admin-ajax.php HTTP/1.1" 200 47
172.22.2.3 - - [25/Jul/2015:05:02:00 -0500] "POST /cumbredelclima/wp-admin/admin-ajax.php HTTP/1.1" 200 47
172.22.2.3 - - [25/Jul/2015:05:02:15 -0500] "POST /cumbredelclima/wp-admin/admin-ajax.php HTTP/1.1" 200 47
201.245.192.253 - - [25/Jul/2015:05:02:08 -0500] "POST /wp-admin/admin-ajax.php HTTP/1.1" 200 47
172.22.2.3 - - [25/Jul/2015:05:02:30 -0500] "POST /cumbredelclima/wp-admin/admin-ajax.php HTTP/1.1" 200 47
201.245.192.253 - - [25/Jul/2015:05:02:43 -0500] "GET /forest/session.jsp?a=0.05423703527493029 HTTP/1.1" 200 4
172.22.2.3 - - [25/Jul/2015:05:02:45 -0500] "POST /cumbredelclima/wp-admin/admin-ajax.php HTTP/1.1" 200 47
88.198.233.69 - - [25/Jul/2015:05:02:47 -0500] "GET / HTTP/1.1" 200 10190
172.22.2.3 - - [25/Jul/2015:05:03:00 -0500] "POST /cumbredelclima/wp-admin/admin-ajax.php HTTP/1.1" 200 47
172.22.2.3 - - [25/Jul/2015:05:03:15 -0500] "POST /cumbredelclima/wp-admin/admin-ajax.php HTTP/1.1" 200 47
172.22.2.3 - - [25/Jul/2015:05:03:30 -0500] "POST /cumbredelclima/wp-admin/admin-ajax.php HTTP/1.1" 200 47
172.22.2.3 - - [25/Jul/2015:05:03:45 -0500] "POST /cumbredelclima/wp-admin/admin-ajax.php HTTP/1.1" 200 47
172.22.2.3 - - [25/Jul/2015:05:04:00 -0500] "POST /cumbredelclima/wp-admin/admin-ajax.php HTTP/1.1" 200 47
66.249.67.81 - - [25/Jul/2015:05:04:06 -0500] "GET /htdocs/counter/digits/bembo/ HTTP/1.1" 404 1019
172.22.2.3 - - [25/Jul/2015:05:04:15 -0500] "POST /cumbredelclima/wp-admin/admin-ajax.php HTTP/1.1" 200 47
201.245.192.253 - - [25/Jul/2015:05:04:08 -0500] "POST /wp-admin/admin-ajax.php HTTP/1.1" 200 47
172.22.2.3 - - [25/Jul/2015:05:04:30 -0500] "POST /cumbredelclima/wp-admin/admin-ajax.php HTTP/1.1" 200 47
172.22.2.3 - - [25/Jul/2015:05:04:45 -0500] "POST /cumbredelclima/wp-admin/admin-ajax.php HTTP/1.1" 200 47
172.22.2.3 - - [25/Jul/2015:05:05:00 -0500] "POST /cumbredelclima/wp-admin/admin-ajax.php HTTP/1.1" 200 47
172.22.2.3 - - [25/Jul/2015:05:05:15 -0500] "POST /cumbredelclima/wp-admin/admin-ajax.php HTTP/1.1" 200 47
172.22.2.3 - - [25/Jul/2015:05:05:30 -0500] "POST /cumbredelclima/wp-admin/admin-ajax.php HTTP/1.1" 200 47
172.22.2.3 - - [25/Jul/2015:05:05:45 -0500] "POST /cumbredelclima/wp-admin/admin-ajax.php HTTP/1.1" 200 47
74.86.158.107 - - [25/Jul/2015:05:05:55 -0500] "HEAD / HTTP/1.1" 200 -
172.22.2.3 - - [25/Jul/2015:05:06:00 -0500] "POST /cumbredelclima/wp-admin/admin-ajax.php HTTP/1.1" 200 47
172.22.2.3 - - [25/Jul/2015:05:06:15 -0500] "POST /cumbredelclima/wp-admin/admin-ajax.php HTTP/1.1" 200 47
201.245.192.253 - - [25/Jul/2015:05:06:18 -0500] "GET /forest/session.jsp?a=0.6482989904928586 HTTP/1.1" 200 4
201.245.192.253 - - [25/Jul/2015:05:06:08 -0500] "POST /wp-admin/admin-ajax.php HTTP/1.1" 200 47
172.22.2.3 - - [25/Jul/2015:05:06:30 -0500] "POST /cumbredelclima/wp-admin/admin-ajax.php HTTP/1.1" 200 47
172.22.2.3 - - [25/Jul/2015:05:06:45 -0500] "POST /cumbredelclima/wp-admin/admin-ajax.php HTTP/1.1" 200 47
207.46.13.66 - - [25/Jul/2015:05:06:51 -0500] "GET /Autoliquidacion/Solicitudes%20relacionadas%20con%20calidad%20del%20aire%20auditiva%20y%20visual/Evaluaci%C3%B3n%20de%20permisos%20de%20emisi%C3%B3n%20para%20fuentes%20fijas/lista%20de%20chequeo%20permiso%20de%20emisiones.pdf HTTP/1.1" 200 58783
172.22.2.3 - - [25/Jul/2015:05:07:00 -0500] "POST /cumbredelclima/wp-admin/admin-ajax.php HTTP/1.1" 200 47
172.22.2.3 - - [25/Jul/2015:05:07:15 -0500] "POST /cumbredelclima/wp-admin/admin-ajax.php HTTP/1.1" 200 47
172.22.2.3 - - [25/Jul/2015:05:07:30 -0500] "POST /cumbredelclima/wp-admin/admin-ajax.php HTTP/1.1" 200 47
201.245.192.253 - - [25/Jul/2015:05:07:43 -0500] "GET /forest/session.jsp?a=0.4924998560473538 HTTP/1.1" 200 4
172.22.2.3 - - [25/Jul/2015:05:07:45 -0500] "POST /cumbredelclima/wp-admin/admin-ajax.php HTTP/1.1" 200 47
172.22.2.3 - - [25/Jul/2015:05:08:00 -0500] "POST /cumbredelclima/wp-admin/admin-ajax.php HTTP/1.1" 200 47
172.22.2.3 - - [25/Jul/2015:05:08:15 -0500] "POST /cumbredelclima/wp-admin/admin-ajax.php HTTP/1.1" 200 47
201.245.192.253 - - [25/Jul/2015:05:08:08 -0500] "POST /wp-admin/admin-ajax.php HTTP/1.1" 200 47
172.22.2.3 - - [25/Jul/2015:05:08:30 -0500] "POST /cumbredelclima/wp-admin/admin-ajax.php HTTP/1.1" 200 47
180.76.15.151 - - [25/Jul/2015:05:08:43 -0500] "GET /consejo-consultivo-mayor/ HTTP/1.1" 200 30716
172.22.2.3 - - [25/Jul/2015:05:08:45 -0500] "POST /cumbredelclima/wp-admin/admin-ajax.php HTTP/1.1" 200 47
172.22.2.3 - - [25/Jul/2015:05:09:00 -0500] "POST /cumbredelclima/wp-admin/admin-ajax.php HTTP/1.1" 200 47
172.22.2.3 - - [25/Jul/2015:05:09:15 -0500] "POST /cumbredelclima/wp-admin/admin-ajax.php HTTP/1.1" 200 47
172.22.2.3 - - [25/Jul/2015:05:09:30 -0500] "POST /cumbredelclima/wp-admin/admin-ajax.php HTTP/1.1" 200 47
66.249.67.57 - - [25/Jul/2015:05:09:41 -0500] "GET /resoluciones/RESOLUCIONES%202009/8042.pdf HTTP/1.1" 404 1018
172.22.2.3 - - [25/Jul/2015:05:09:45 -0500] "POST /cumbredelclima/wp-admin/admin-ajax.php HTTP/1.1" 200 47
172.22.2.3 - - [25/Jul/2015:05:10:00 -0500] "POST /cumbredelclima/wp-admin/admin-ajax.php HTTP/1.1" 200 47
172.22.2.3 - - [25/Jul/2015:05:10:15 -0500] "POST /cumbredelclima/wp-admin/admin-ajax.php HTTP/1.1" 200 47
201.245.192.253 - - [25/Jul/2015:05:10:08 -0500] "POST /wp-admin/admin-ajax.php HTTP/1.1" 200 47
172.22.2.3 - - [25/Jul/2015:05:10:30 -0500] "POST /cumbredelclima/wp-admin/admin-ajax.php HTTP/1.1" 200 47
172.22.2.3 - - [25/Jul/2015:05:10:45 -0500] "POST /cumbredelclima/wp-admin/admin-ajax.php HTTP/1.1" 200 47
74.86.158.107 - - [25/Jul/2015:05:10:55 -0500] "HEAD / HTTP/1.1" 200 -
172.22.2.3 - - [25/Jul/2015:05:11:00 -0500] "POST /cumbredelclima/wp-admin/admin-ajax.php HTTP/1.1" 200 47
172.22.2.3 - - [25/Jul/2015:05:11:15 -0500] "POST /cumbredelclima/wp-admin/admin-ajax.php HTTP/1.1" 200 47
201.245.192.253 - - [25/Jul/2015:05:11:18 -0500] "GET /forest/session.jsp?a=0.3674795899288701 HTTP/1.1" 200 4
172.22.2.3 - - [25/Jul/2015:05:11:30 -0500] "POST /cumbredelclima/wp-admin/admin-ajax.php HTTP/1.1" 200 47
180.76.15.162 - - [25/Jul/2015:05:11:40 -0500] "GET /StormSDA/userFiles/ HTTP/1.1" 200 6083
68.180.230.228 - - [25/Jul/2015:05:11:43 -0500] "GET /robots.txt HTTP/1.1" 404 1019
68.180.230.228 - - [25/Jul/2015:05:11:43 -0500] "GET /dama/libreria/php/decide.php?patron=03.1305020113&numm=12 HTTP/1.1" 404 1019
172.22.2.3 - - [25/Jul/2015:05:11:45 -0500] "POST /cumbredelclima/wp-admin/admin-ajax.php HTTP/1.1" 200 47
172.22.2.3 - - [25/Jul/2015:05:12:00 -0500] "POST /cumbredelclima/wp-admin/admin-ajax.php HTTP/1.1" 200 47
66.249.67.57 - - [25/Jul/2015:05:12:01 -0500] "GET /resoluciones/RESOLUCIONES%202009/0670.pdf HTTP/1.1" 404 1018
180.76.15.141 - - [25/Jul/2015:05:12:10 -0500] "GET /even/Ca0jr6ay/sld030.htm HTTP/1.1" 404 1019
172.22.2.3 - - [25/Jul/2015:05:12:15 -0500] "POST /cumbredelclima/wp-admin/admin-ajax.php HTTP/1.1" 200 47
201.245.192.253 - - [25/Jul/2015:05:12:08 -0500] "POST /wp-admin/admin-ajax.php HTTP/1.1" 200 47
66.249.67.57 - - [25/Jul/2015:05:12:21 -0500] "GET /BLA/resoluciones/RESOLUCIONES%202010/7136.pdf HTTP/1.1" 304 -
172.22.2.3 - - [25/Jul/2015:05:12:30 -0500] "POST /cumbredelclima/wp-admin/admin-ajax.php HTTP/1.1" 200 47
66.249.67.69 - - [25/Jul/2015:05:12:41 -0500] "GET /BLA/resoluciones/RESOLUCIONES%202009/3957.pdf HTTP/1.1" 304 -
201.245.192.253 - - [25/Jul/2015:05:12:43 -0500] "GET /forest/session.jsp?a=0.3692672171697148 HTTP/1.1" 200 4
172.22.2.3 - - [25/Jul/2015:05:12:45 -0500] "POST /cumbredelclima/wp-admin/admin-ajax.php HTTP/1.1" 200 47
172.22.2.3 - - [25/Jul/2015:05:13:00 -0500] "POST /cumbredelclima/wp-admin/admin-ajax.php HTTP/1.1" 200 47
66.249.67.57 - - [25/Jul/2015:05:13:01 -0500] "GET /BLA/resoluciones/RESOLUCIONES%202014/2872.pdf HTTP/1.1" 304 -
172.22.2.3 - - [25/Jul/2015:05:13:15 -0500] "POST /cumbredelclima/wp-admin/admin-ajax.php HTTP/1.1" 200 47
66.249.67.63 - - [25/Jul/2015:05:13:21 -0500] "GET /BLA/resoluciones/RESOLUCIONES%202009/4663.pdf HTTP/1.1" 304 -
66.249.67.63 - - [25/Jul/2015:05:13:30 -0500] "GET /BLA/resoluciones/RESOLUCIONES%202010/0514.pdf HTTP/1.1" 304 -
172.22.2.3 - - [25/Jul/2015:05:13:30 -0500] "POST /cumbredelclima/wp-admin/admin-ajax.php HTTP/1.1" 200 47
66.249.67.57 - - [25/Jul/2015:05:13:37 -0500] "GET /galeria/galeria/fotos/Humedal-la-conejera5P.jpg HTTP/1.1" 304 -
66.249.67.63 - - [25/Jul/2015:05:13:41 -0500] "GET /BLA/resoluciones/RESOLUCIONES%202013/0800.pdf HTTP/1.1" 304 -
172.22.2.3 - - [25/Jul/2015:05:13:45 -0500] "POST /cumbredelclima/wp-admin/admin-ajax.php HTTP/1.1" 200 47
172.22.2.3 - - [25/Jul/2015:05:14:00 -0500] "POST /cumbredelclima/wp-admin/admin-ajax.php HTTP/1.1" 200 47
172.22.2.3 - - [25/Jul/2015:05:14:15 -0500] "POST /cumbredelclima/wp-admin/admin-ajax.php HTTP/1.1" 200 47
201.245.192.253 - - [25/Jul/2015:05:14:08 -0500] "POST /wp-admin/admin-ajax.php HTTP/1.1" 200 47
172.22.2.3 - - [25/Jul/2015:05:14:30 -0500] "POST /cumbredelclima/wp-admin/admin-ajax.php HTTP/1.1" 200 47
172.22.2.3 - - [25/Jul/2015:05:14:45 -0500] "POST /cumbredelclima/wp-admin/admin-ajax.php HTTP/1.1" 200 47
172.22.2.3 - - [25/Jul/2015:05:15:00 -0500] "POST /cumbredelclima/wp-admin/admin-ajax.php HTTP/1.1" 200 47
172.22.2.3 - - [25/Jul/2015:05:15:15 -0500] "POST /cumbredelclima/wp-admin/admin-ajax.php HTTP/1.1" 200 47
66.249.67.57 - - [25/Jul/2015:05:15:21 -0500] "GET /BLA/resoluciones/RESOLUCIONES%202007/RES%202007%204101%20AL%204200/RESOLUCION%204106%20DE%202007.pdf HTTP/1.1" 304 -
66.249.67.93 - - [25/Jul/2015:05:15:21 -0500] "GET /portalsiaccapacitaciones/Soportes%20Capacitaciones%202014/0108.%20Presentaci%C3%B3n%20PEV%2014-10-14.pdf HTTP/1.1" 404 1019
172.22.2.3 - - [25/Jul/2015:05:15:30 -0500] "POST /cumbredelclima/wp-admin/admin-ajax.php HTTP/1.1" 200 47
172.22.2.3 - - [25/Jul/2015:05:15:45 -0500] "POST /cumbredelclima/wp-admin/admin-ajax.php HTTP/1.1" 200 47
66.249.67.57 - - [25/Jul/2015:05:15:54 -0500] "GET /BLA/resoluciones/RESOLUCIONES%202009/2282.pdf HTTP/1.1" 200 379908
74.86.158.107 - - [25/Jul/2015:05:15:55 -0500] "HEAD / HTTP/1.1" 200 -
172.22.2.3 - - [25/Jul/2015:05:16:00 -0500] "POST /cumbredelclima/wp-admin/admin-ajax.php HTTP/1.1" 200 47
172.22.2.3 - - [25/Jul/2015:05:16:15 -0500] "POST /cumbredelclima/wp-admin/admin-ajax.php HTTP/1.1" 200 47
201.245.192.253 - - [25/Jul/2015:05:16:19 -0500] "GET /forest/session.jsp?a=0.0030660062474583416 HTTP/1.1" 200 4
201.245.192.253 - - [25/Jul/2015:05:16:08 -0500] "POST /wp-admin/admin-ajax.php HTTP/1.1" 200 47
172.22.2.3 - - [25/Jul/2015:05:16:30 -0500] "POST /cumbredelclima/wp-admin/admin-ajax.php HTTP/1.1" 200 47
66.249.67.69 - - [25/Jul/2015:05:16:35 -0500] "GET /PruebasSTORM/StormSDA_pruebas/nsjars/ HTTP/1.1" 200 4115
172.22.2.3 - - [25/Jul/2015:05:16:45 -0500] "POST /cumbredelclima/wp-admin/admin-ajax.php HTTP/1.1" 200 47
172.22.2.3 - - [25/Jul/2015:05:17:00 -0500] "POST /cumbredelclima/wp-admin/admin-ajax.php HTTP/1.1" 200 47
172.22.2.3 - - [25/Jul/2015:05:17:15 -0500] "POST /cumbredelclima/wp-admin/admin-ajax.php HTTP/1.1" 200 47
66.249.67.63 - - [25/Jul/2015:05:17:15 -0500] "GET /BLA/resoluciones/RESOLUCIONES%202009/8134.pdf HTTP/1.1" 200 522041
172.22.2.3 - - [25/Jul/2015:05:17:30 -0500] "POST /cumbredelclima/wp-admin/admin-ajax.php HTTP/1.1" 200 47
201.245.192.253 - - [25/Jul/2015:05:17:43 -0500] "GET /forest/session.jsp?a=0.13018391880308056 HTTP/1.1" 200 4
172.22.2.3 - - [25/Jul/2015:05:17:45 -0500] "POST /cumbredelclima/wp-admin/admin-ajax.php HTTP/1.1" 200 47
66.249.67.63 - - [25/Jul/2015:05:17:56 -0500] "GET /BLA/resoluciones/index.php?dir=RESOLUCIONES%202007/RES%202007%20401%20AL%20500/&sort=size&order=desc HTTP/1.1" 200 26641
172.22.2.3 - - [25/Jul/2015:05:18:00 -0500] "POST /cumbredelclima/wp-admin/admin-ajax.php HTTP/1.1" 200 47
172.22.2.3 - - [25/Jul/2015:05:18:15 -0500] "POST /cumbredelclima/wp-admin/admin-ajax.php HTTP/1.1" 200 47
201.245.192.253 - - [25/Jul/2015:05:18:08 -0500] "POST /wp-admin/admin-ajax.php HTTP/1.1" 200 47
172.22.2.3 - - [25/Jul/2015:05:18:30 -0500] "POST /cumbredelclima/wp-admin/admin-ajax.php HTTP/1.1" 200 47
66.249.67.57 - - [25/Jul/2015:05:18:37 -0500] "GET /BLA/resoluciones/AUTOS%202014/0615.pdf HTTP/1.1" 200 87551
172.22.2.3 - - [25/Jul/2015:05:18:45 -0500] "POST /cumbredelclima/wp-admin/admin-ajax.php HTTP/1.1" 200 47
172.22.2.3 - - [25/Jul/2015:05:19:00 -0500] "POST /cumbredelclima/wp-admin/admin-ajax.php HTTP/1.1" 200 47
172.22.2.3 - - [25/Jul/2015:05:19:15 -0500] "POST /cumbredelclima/wp-admin/admin-ajax.php HTTP/1.1" 200 47
66.249.67.87 - - [25/Jul/2015:05:19:16 -0500] "GET /PruebasSTORM/StormSDA_pruebas/userFiles/user_files/listas/79.xml HTTP/1.1" 200 109104
66.249.67.57 - - [25/Jul/2015:05:19:18 -0500] "GET /BLA/resoluciones/RESOLUCIONES%202009/8042.pdf HTTP/1.1" 200 414432
172.22.2.3 - - [25/Jul/2015:05:19:30 -0500] "POST /cumbredelclima/wp-admin/admin-ajax.php HTTP/1.1" 200 47
123.125.71.21 - - [25/Jul/2015:05:19:41 -0500] "GET / HTTP/1.1" 200 10190
190.27.135.213 - - [25/Jul/2015:05:19:41 -0500] "GET /galeria/galeria/jquery.fancybox.css?v=2.1.5 HTTP/1.1" 200 4895
190.27.135.213 - - [25/Jul/2015:05:19:41 -0500] "GET /galeria/galeria/jquery.fancybox.js?v=2.1.5 HTTP/1.1" 200 48706
190.27.135.213 - - [25/Jul/2015:05:19:42 -0500] "GET /BLA/boletinlegal/js/jquery.scrollShow.js HTTP/1.1" 200 4586
172.22.2.3 - - [25/Jul/2015:05:19:45 -0500] "POST /cumbredelclima/wp-admin/admin-ajax.php HTTP/1.1" 200 47
66.249.67.69 - - [25/Jul/2015:05:19:59 -0500] "GET /BLA/resoluciones/RESOLUCIONES%202012/1391.pdf HTTP/1.1" 304 -
172.22.2.3 - - [25/Jul/2015:05:20:00 -0500] "POST /cumbredelclima/wp-admin/admin-ajax.php HTTP/1.1" 200 47
172.22.2.3 - - [25/Jul/2015:05:20:15 -0500] "POST /cumbredelclima/wp-admin/admin-ajax.php HTTP/1.1" 200 47
201.245.192.253 - - [25/Jul/2015:05:20:08 -0500] "POST /wp-admin/admin-ajax.php HTTP/1.1" 200 47
172.22.2.3 - - [25/Jul/2015:05:20:30 -0500] "POST /cumbredelclima/wp-admin/admin-ajax.php HTTP/1.1" 200 47
66.249.67.69 - - [25/Jul/2015:05:20:39 -0500] "GET /BLA/resoluciones/RESOLUCIONES%202010/2280.pdf HTTP/1.1" 304 -
172.22.2.3 - - [25/Jul/2015:05:20:45 -0500] "POST /cumbredelclima/wp-admin/admin-ajax.php HTTP/1.1" 200 47
74.86.158.107 - - [25/Jul/2015:05:20:55 -0500] "HEAD / HTTP/1.1" 200 -
172.22.2.3 - - [25/Jul/2015:05:21:00 -0500] "POST /cumbredelclima/wp-admin/admin-ajax.php HTTP/1.1" 200 47
172.22.2.3 - - [25/Jul/2015:05:21:15 -0500] "POST /cumbredelclima/wp-admin/admin-ajax.php HTTP/1.1" 200 47
201.245.192.253 - - [25/Jul/2015:05:21:19 -0500] "GET /forest/session.jsp?a=0.580870608500434 HTTP/1.1" 200 4
66.249.67.69 - - [25/Jul/2015:05:21:20 -0500] "GET /BLA/resoluciones/RESOLUCIONES%202014/3050.pdf HTTP/1.1" 304 -
172.22.2.3 - - [25/Jul/2015:05:21:30 -0500] "POST /cumbredelclima/wp-admin/admin-ajax.php HTTP/1.1" 200 47
172.22.2.3 - - [25/Jul/2015:05:21:45 -0500] "POST /cumbredelclima/wp-admin/admin-ajax.php HTTP/1.1" 200 47
172.22.2.3 - - [25/Jul/2015:05:22:00 -0500] "POST /cumbredelclima/wp-admin/admin-ajax.php HTTP/1.1" 200 47
66.249.67.69 - - [25/Jul/2015:05:22:01 -0500] "GET /BLA/resoluciones/RESOLUCIONES%202007/RES%202007%202001%20AL%202100/RESOLUCION%202015%20DE%202007.pdf HTTP/1.1" 304 -
172.22.2.3 - - [25/Jul/2015:05:22:15 -0500] "POST /cumbredelclima/wp-admin/admin-ajax.php HTTP/1.1" 200 47
201.245.192.253 - - [25/Jul/2015:05:22:08 -0500] "POST /wp-admin/admin-ajax.php HTTP/1.1" 200 47
172.22.2.3 - - [25/Jul/2015:05:22:30 -0500] "POST /cumbredelclima/wp-admin/admin-ajax.php HTTP/1.1" 200 47
201.245.192.253 - - [25/Jul/2015:05:22:43 -0500] "GET /forest/session.jsp?a=0.7478255014048822 HTTP/1.1" 200 4
172.22.2.3 - - [25/Jul/2015:05:22:45 -0500] "POST /cumbredelclima/wp-admin/admin-ajax.php HTTP/1.1" 200 47
172.22.2.3 - - [25/Jul/2015:05:23:00 -0500] "POST /cumbredelclima/wp-admin/admin-ajax.php HTTP/1.1" 200 47
172.22.2.3 - - [25/Jul/2015:05:23:15 -0500] "POST /cumbredelclima/wp-admin/admin-ajax.php HTTP/1.1" 200 47
66.249.67.63 - - [25/Jul/2015:05:23:22 -0500] "GET /BLA/resoluciones/AUTOS%202009/0055.pdf HTTP/1.1" 200 104147
172.22.2.3 - - [25/Jul/2015:05:23:30 -0500] "POST /cumbredelclima/wp-admin/admin-ajax.php HTTP/1.1" 200 47
172.22.2.3 - - [25/Jul/2015:05:23:45 -0500] "POST /cumbredelclima/wp-admin/admin-ajax.php HTTP/1.1" 200 47
172.22.2.3 - - [25/Jul/2015:05:24:00 -0500] "POST /cumbredelclima/wp-admin/admin-ajax.php HTTP/1.1" 200 47
66.249.67.57 - - [25/Jul/2015:05:24:03 -0500] "GET /BLA/resoluciones/RESOLUCIONES%202009/2010.pdf HTTP/1.1" 200 461113
172.22.2.3 - - [25/Jul/2015:05:24:15 -0500] "POST /cumbredelclima/wp-admin/admin-ajax.php HTTP/1.1" 200 47
201.245.192.253 - - [25/Jul/2015:05:24:08 -0500] "POST /wp-admin/admin-ajax.php HTTP/1.1" 200 47
172.22.2.3 - - [25/Jul/2015:05:24:30 -0500] "POST /cumbredelclima/wp-admin/admin-ajax.php HTTP/1.1" 200 47
66.249.67.69 - - [25/Jul/2015:05:24:44 -0500] "GET /BLA/resoluciones/RESOLUCIONES%202010/1899.pdf HTTP/1.1" 200 332820
172.22.2.3 - - [25/Jul/2015:05:24:45 -0500] "POST /cumbredelclima/wp-admin/admin-ajax.php HTTP/1.1" 200 47
172.22.2.3 - - [25/Jul/2015:05:25:00 -0500] "POST /cumbredelclima/wp-admin/admin-ajax.php HTTP/1.1" 200 47
172.22.2.3 - - [25/Jul/2015:05:25:15 -0500] "POST /cumbredelclima/wp-admin/admin-ajax.php HTTP/1.1" 200 47
66.249.67.69 - - [25/Jul/2015:05:25:25 -0500] "GET /BLA/resoluciones/RESOLUCIONES%202013/1197.pdf HTTP/1.1" 304 -
172.22.2.3 - - [25/Jul/2015:05:25:30 -0500] "POST /cumbredelclima/wp-admin/admin-ajax.php HTTP/1.1" 200 47
172.22.2.3 - - [25/Jul/2015:05:25:45 -0500] "POST /cumbredelclima/wp-admin/admin-ajax.php HTTP/1.1" 200 47
74.86.158.107 - - [25/Jul/2015:05:25:55 -0500] "HEAD / HTTP/1.1" 200 -
172.22.2.3 - - [25/Jul/2015:05:26:00 -0500] "POST /cumbredelclima/wp-admin/admin-ajax.php HTTP/1.1" 200 47
66.249.67.69 - - [25/Jul/2015:05:26:04 -0500] "GET /galeria/galeria/fotos/mirador4P.jpg HTTP/1.1" 304 -
66.249.67.63 - - [25/Jul/2015:05:26:05 -0500] "GET /BLA/resoluciones/index.php?dir=RESOLUCIONES%202007/RES%202007%202601%20AL%202700/&sort=size&order=asc HTTP/1.1" 200 26865
172.22.2.3 - - [25/Jul/2015:05:26:15 -0500] "POST /cumbredelclima/wp-admin/admin-ajax.php HTTP/1.1" 200 47
66.249.67.57 - - [25/Jul/2015:05:26:17 -0500] "GET /portalsiaccapacitaciones/Soportes%20Capacitaciones%20A%C3%B1o%202013/0032.%20PRESENTACI%C3%93N%20FUENTES%20FIJAS%20-%2015%20de%20Agosto.pdf HTTP/1.1" 404 1018
201.245.192.253 - - [25/Jul/2015:05:26:19 -0500] "GET /forest/session.jsp?a=0.9843320736010521 HTTP/1.1" 200 4
66.249.67.63 - - [25/Jul/2015:05:26:20 -0500] "GET /BLA/resoluciones/RESOLUCIONES%202011/0889.pdf HTTP/1.1" 200 66193
201.245.192.253 - - [25/Jul/2015:05:26:08 -0500] "POST /wp-admin/admin-ajax.php HTTP/1.1" 200 47
172.22.2.3 - - [25/Jul/2015:05:26:30 -0500] "POST /cumbredelclima/wp-admin/admin-ajax.php HTTP/1.1" 200 47
172.22.2.3 - - [25/Jul/2015:05:26:45 -0500] "POST /cumbredelclima/wp-admin/admin-ajax.php HTTP/1.1" 200 47
66.249.67.69 - - [25/Jul/2015:05:26:46 -0500] "GET /BLA/resoluciones/RESOLUCIONES%202012/1114.pdf HTTP/1.1" 304 -
172.22.2.3 - - [25/Jul/2015:05:27:00 -0500] "POST /cumbredelclima/wp-admin/admin-ajax.php HTTP/1.1" 200 47
180.76.15.134 - - [25/Jul/2015:05:27:10 -0500] "GET /BLA/boletinlegal/Directivas/2014/Directiva%20No.%201%20del%2010%20de%20Abril%20de%202014.pdf HTTP/1.1" 200 258865
172.22.2.3 - - [25/Jul/2015:05:27:15 -0500] "POST /cumbredelclima/wp-admin/admin-ajax.php HTTP/1.1" 200 47
66.249.67.69 - - [25/Jul/2015:05:27:27 -0500] "GET /BLA/resoluciones/RESOLUCIONES%202009/4698.pdf HTTP/1.1" 304 -
172.22.2.3 - - [25/Jul/2015:05:27:30 -0500] "POST /cumbredelclima/wp-admin/admin-ajax.php HTTP/1.1" 200 47
201.245.192.253 - - [25/Jul/2015:05:27:43 -0500] "GET /forest/session.jsp?a=0.4636226729728501 HTTP/1.1" 200 4
172.22.2.3 - - [25/Jul/2015:05:27:45 -0500] "POST /cumbredelclima/wp-admin/admin-ajax.php HTTP/1.1" 200 47
172.22.2.3 - - [25/Jul/2015:05:28:00 -0500] "POST /cumbredelclima/wp-admin/admin-ajax.php HTTP/1.1" 200 47
66.249.67.57 - - [25/Jul/2015:05:28:08 -0500] "GET /BLA/resoluciones/RESOLUCIONES%202007/RES%202007%204101%20AL%204200/RESOLUCION%204179%20DE%202007.pdf HTTP/1.1" 304 -
172.22.2.3 - - [25/Jul/2015:05:28:15 -0500] "POST /cumbredelclima/wp-admin/admin-ajax.php HTTP/1.1" 200 47
201.245.192.253 - - [25/Jul/2015:05:28:08 -0500] "POST /wp-admin/admin-ajax.php HTTP/1.1" 200 47
172.22.2.3 - - [25/Jul/2015:05:28:30 -0500] "POST /cumbredelclima/wp-admin/admin-ajax.php HTTP/1.1" 200 47
172.22.2.3 - - [25/Jul/2015:05:28:45 -0500] "POST /cumbredelclima/wp-admin/admin-ajax.php HTTP/1.1" 200 47
66.249.67.57 - - [25/Jul/2015:05:28:48 -0500] "GET /BLA/resoluciones/RESOLUCIONES%202014/1564.pdf HTTP/1.1" 304 -
172.22.2.3 - - [25/Jul/2015:05:29:00 -0500] "POST /cumbredelclima/wp-admin/admin-ajax.php HTTP/1.1" 200 47
172.22.2.3 - - [25/Jul/2015:05:29:15 -0500] "POST /cumbredelclima/wp-admin/admin-ajax.php HTTP/1.1" 200 47
66.249.67.63 - - [25/Jul/2015:05:29:29 -0500] "GET /BLA/resoluciones/RESOLUCIONES%202013/0581.pdf HTTP/1.1" 304 -
172.22.2.3 - - [25/Jul/2015:05:29:30 -0500] "POST /cumbredelclima/wp-admin/admin-ajax.php HTTP/1.1" 200 47
172.22.2.3 - - [25/Jul/2015:05:29:45 -0500] "POST /cumbredelclima/wp-admin/admin-ajax.php HTTP/1.1" 200 47
172.22.2.3 - - [25/Jul/2015:05:30:00 -0500] "POST /cumbredelclima/wp-admin/admin-ajax.php HTTP/1.1" 200 47
66.249.67.52 - - [25/Jul/2015:05:30:10 -0500] "GET / HTTP/1.1" 200 123255
172.22.2.3 - - [25/Jul/2015:05:30:15 -0500] "POST /cumbredelclima/wp-admin/admin-ajax.php HTTP/1.1" 200 47
201.245.192.253 - - [25/Jul/2015:05:30:08 -0500] "POST /wp-admin/admin-ajax.php HTTP/1.1" 200 47
172.22.2.3 - - [25/Jul/2015:05:30:30 -0500] "POST /cumbredelclima/wp-admin/admin-ajax.php HTTP/1.1" 200 47
172.22.2.3 - - [25/Jul/2015:05:30:45 -0500] "POST /cumbredelclima/wp-admin/admin-ajax.php HTTP/1.1" 200 47
66.249.67.57 - - [25/Jul/2015:05:30:51 -0500] "GET /BLA/resoluciones/RESOLUCIONES%202009/0077.pdf HTTP/1.1" 304 -
74.86.158.107 - - [25/Jul/2015:05:30:55 -0500] "HEAD / HTTP/1.1" 200 -
172.22.2.3 - - [25/Jul/2015:05:31:00 -0500] "POST /cumbredelclima/wp-admin/admin-ajax.php HTTP/1.1" 200 47
172.22.2.3 - - [25/Jul/2015:05:31:15 -0500] "POST /cumbredelclima/wp-admin/admin-ajax.php HTTP/1.1" 200 47
201.245.192.253 - - [25/Jul/2015:05:31:19 -0500] "GET /forest/session.jsp?a=0.9206304572013045 HTTP/1.1" 200 4
172.22.2.3 - - [25/Jul/2015:05:31:30 -0500] "POST /cumbredelclima/wp-admin/admin-ajax.php HTTP/1.1" 200 47
66.249.67.57 - - [25/Jul/2015:05:31:31 -0500] "GET /BLA/resoluciones/AUTOS%202012/2498.pdf HTTP/1.1" 304 -
172.22.2.3 - - [25/Jul/2015:05:31:45 -0500] "POST /cumbredelclima/wp-admin/admin-ajax.php HTTP/1.1" 200 47
172.22.2.3 - - [25/Jul/2015:05:32:00 -0500] "POST /cumbredelclima/wp-admin/admin-ajax.php HTTP/1.1" 200 47
66.249.67.57 - - [25/Jul/2015:05:32:12 -0500] "GET /BLA/resoluciones/RESOLUCIONES%202009/7283.pdf HTTP/1.1" 304 -
172.22.2.3 - - [25/Jul/2015:05:32:15 -0500] "POST /cumbredelclima/wp-admin/admin-ajax.php HTTP/1.1" 200 47
201.245.192.253 - - [25/Jul/2015:05:32:08 -0500] "POST /wp-admin/admin-ajax.php HTTP/1.1" 200 47
172.22.2.3 - - [25/Jul/2015:05:32:30 -0500] "POST /cumbredelclima/wp-admin/admin-ajax.php HTTP/1.1" 200 47
201.245.192.253 - - [25/Jul/2015:05:32:43 -0500] "GET /forest/session.jsp?a=0.7686067358130965 HTTP/1.1" 200 4
172.22.2.3 - - [25/Jul/2015:05:32:45 -0500] "POST /cumbredelclima/wp-admin/admin-ajax.php HTTP/1.1" 200 47
66.249.67.87 - - [25/Jul/2015:05:32:53 -0500] "GET /BLA/boletinlegal/jurisprudencia/analisis/Analisis%20jurisprudencial%20Sentencia%20C-366-11.doc HTTP/1.1" 304 -
172.22.2.3 - - [25/Jul/2015:05:33:00 -0500] "POST /cumbredelclima/wp-admin/admin-ajax.php HTTP/1.1" 200 47
66.249.67.69 - - [25/Jul/2015:05:33:10 -0500] "GET /m/autoliquidacion/TR%C3%81MITES%20VERTIMIENTOS/PERMISOS%20DE%20VERTIMIENTOS/ANEXO%202.%20LISTA%20CHEQUEO%20PERMISO%20VERT.%20SUELO%20Y%20CUERPO%20DE%20AGUA%20F..xls HTTP/1.1" 404 1018
172.22.2.3 - - [25/Jul/2015:05:33:15 -0500] "POST /cumbredelclima/wp-admin/admin-ajax.php HTTP/1.1" 200 47
172.22.2.3 - - [25/Jul/2015:05:33:30 -0500] "POST /cumbredelclima/wp-admin/admin-ajax.php HTTP/1.1" 200 47
66.249.67.57 - - [25/Jul/2015:05:33:34 -0500] "GET /BLA/resoluciones/RESOLUCIONES%202011/1425.pdf HTTP/1.1" 200 79635
172.22.2.3 - - [25/Jul/2015:05:33:45 -0500] "POST /cumbredelclima/wp-admin/admin-ajax.php HTTP/1.1" 200 47
172.22.2.3 - - [25/Jul/2015:05:34:00 -0500] "POST /cumbredelclima/wp-admin/admin-ajax.php HTTP/1.1" 200 47
66.249.67.81 - - [25/Jul/2015:05:34:14 -0500] "GET /Autoliquidacion/index.php?dir=Solicitudes%20relacionadas%20con%20calidad%20del%20aire%20auditiva%20y%20visual/Registro%20de%20Elementos%20de%20publicidad%20Exterior%20Visual/&sort=size&order=asc HTTP/1.1" 200 4037
172.22.2.3 - - [25/Jul/2015:05:34:15 -0500] "POST /cumbredelclima/wp-admin/admin-ajax.php HTTP/1.1" 200 47
201.245.192.253 - - [25/Jul/2015:05:34:08 -0500] "POST /wp-admin/admin-ajax.php HTTP/1.1" 200 47
172.22.2.3 - - [25/Jul/2015:05:34:30 -0500] "POST /cumbredelclima/wp-admin/admin-ajax.php HTTP/1.1" 200 47
172.22.2.3 - - [25/Jul/2015:05:34:45 -0500] "POST /cumbredelclima/wp-admin/admin-ajax.php HTTP/1.1" 200 47
66.249.67.57 - - [25/Jul/2015:05:34:55 -0500] "GET /BLA/resoluciones/RESOLUCIONES%202010/4602.pdf HTTP/1.1" 200 905816
172.22.2.3 - - [25/Jul/2015:05:35:00 -0500] "POST /cumbredelclima/wp-admin/admin-ajax.php HTTP/1.1" 200 47
172.22.2.3 - - [25/Jul/2015:05:35:15 -0500] "POST /cumbredelclima/wp-admin/admin-ajax.php HTTP/1.1" 200 47
172.22.2.3 - - [25/Jul/2015:05:35:30 -0500] "POST /cumbredelclima/wp-admin/admin-ajax.php HTTP/1.1" 200 47
66.249.67.69 - - [25/Jul/2015:05:35:36 -0500] "GET /BLA/resoluciones/RESOLUCIONES%202013/0466.pdf HTTP/1.1" 304 -
172.22.2.3 - - [25/Jul/2015:05:35:45 -0500] "POST /cumbredelclima/wp-admin/admin-ajax.php HTTP/1.1" 200 47
74.86.158.107 - - [25/Jul/2015:05:35:55 -0500] "HEAD / HTTP/1.1" 200 -
172.22.2.3 - - [25/Jul/2015:05:36:00 -0500] "POST /cumbredelclima/wp-admin/admin-ajax.php HTTP/1.1" 200 47
172.22.2.3 - - [25/Jul/2015:05:36:15 -0500] "POST /cumbredelclima/wp-admin/admin-ajax.php HTTP/1.1" 200 47
66.249.67.63 - - [25/Jul/2015:05:36:17 -0500] "GET /BLA/resoluciones/RESOLUCIONES%202013/0825.pdf HTTP/1.1" 304 -
201.245.192.253 - - [25/Jul/2015:05:36:19 -0500] "GET /forest/session.jsp?a=0.29604932757280444 HTTP/1.1" 200 4
201.245.192.253 - - [25/Jul/2015:05:36:08 -0500] "POST /wp-admin/admin-ajax.php HTTP/1.1" 200 47
172.22.2.3 - - [25/Jul/2015:05:36:31 -0500] "POST /cumbredelclima/wp-admin/admin-ajax.php HTTP/1.1" 200 47
172.22.2.3 - - [25/Jul/2015:05:36:45 -0500] "POST /cumbredelclima/wp-admin/admin-ajax.php HTTP/1.1" 200 47
66.249.67.57 - - [25/Jul/2015:05:36:57 -0500] "GET /BLA/resoluciones/RESOLUCIONES%202012/1122.pdf HTTP/1.1" 304 -
172.22.2.3 - - [25/Jul/2015:05:37:01 -0500] "POST /cumbredelclima/wp-admin/admin-ajax.php HTTP/1.1" 200 47
190.9.201.150 - - [25/Jul/2015:05:37:05 -0500] "GET /BLA/boletinlegal/js/jquery.scrollShow.js HTTP/1.1" 200 4586
190.9.201.150 - - [25/Jul/2015:05:37:05 -0500] "GET /galeria/galeria/jquery.fancybox.js?v=2.1.5 HTTP/1.1" 200 48706
190.9.201.150 - - [25/Jul/2015:05:37:05 -0500] "GET /galeria/galeria/jquery.fancybox.css?v=2.1.5 HTTP/1.1" 200 4895
172.22.2.3 - - [25/Jul/2015:05:37:16 -0500] "POST /cumbredelclima/wp-admin/admin-ajax.php HTTP/1.1" 200 47
172.22.2.3 - - [25/Jul/2015:05:37:31 -0500] "POST /cumbredelclima/wp-admin/admin-ajax.php HTTP/1.1" 200 47
201.245.192.253 - - [25/Jul/2015:05:37:43 -0500] "GET /forest/session.jsp?a=0.5329264834645561 HTTP/1.1" 200 4
172.22.2.3 - - [25/Jul/2015:05:37:46 -0500] "POST /cumbredelclima/wp-admin/admin-ajax.php HTTP/1.1" 200 47
172.22.2.3 - - [25/Jul/2015:05:38:01 -0500] "POST /cumbredelclima/wp-admin/admin-ajax.php HTTP/1.1" 200 47
172.22.2.3 - - [25/Jul/2015:05:38:16 -0500] "POST /cumbredelclima/wp-admin/admin-ajax.php HTTP/1.1" 200 47
66.249.67.57 - - [25/Jul/2015:05:38:19 -0500] "GET /BLA/resoluciones/RESOLUCIONES%202010/7206.pdf HTTP/1.1" 304 -
201.245.192.253 - - [25/Jul/2015:05:38:08 -0500] "POST /wp-admin/admin-ajax.php HTTP/1.1" 200 47
172.22.2.3 - - [25/Jul/2015:05:38:31 -0500] "POST /cumbredelclima/wp-admin/admin-ajax.php HTTP/1.1" 200 47
66.249.67.63 - - [25/Jul/2015:05:38:33 -0500] "GET /galeria/galeria/fotos/mirador1P.jpg HTTP/1.1" 304 -
172.22.2.3 - - [25/Jul/2015:05:38:46 -0500] "POST /cumbredelclima/wp-admin/admin-ajax.php HTTP/1.1" 200 47
66.249.67.69 - - [25/Jul/2015:05:39:00 -0500] "GET /BLA/resoluciones/RESOLUCIONES%202007/RES%202007%201401%20AL%201500/RESOLUCION%201410%20DE%202007.pdf HTTP/1.1" 304 -
172.22.2.3 - - [25/Jul/2015:05:39:01 -0500] "POST /cumbredelclima/wp-admin/admin-ajax.php HTTP/1.1" 200 47
172.22.2.3 - - [25/Jul/2015:05:39:16 -0500] "POST /cumbredelclima/wp-admin/admin-ajax.php HTTP/1.1" 200 47
172.22.2.3 - - [25/Jul/2015:05:39:31 -0500] "POST /cumbredelclima/wp-admin/admin-ajax.php HTTP/1.1" 200 47
172.22.2.3 - - [25/Jul/2015:05:39:46 -0500] "POST /cumbredelclima/wp-admin/admin-ajax.php HTTP/1.1" 200 47
190.158.121.206 - - [25/Jul/2015:05:39:59 -0500] "GET /videos/galeria-fotografica/index21.html? HTTP/1.1" 200 1967
190.158.121.206 - - [25/Jul/2015:05:39:59 -0500] "GET /videos/galeria-fotografica/js/jquery-flickr-gallery/jquery-flickr.css HTTP/1.1" 200 711
190.158.121.206 - - [25/Jul/2015:05:39:59 -0500] "GET /videos/galeria-fotografica/js/jquery-flickr-gallery/jquery-flickr-gallery.js HTTP/1.1" 200 9050
172.22.2.3 - - [25/Jul/2015:05:40:01 -0500] "POST /cumbredelclima/wp-admin/admin-ajax.php HTTP/1.1" 200 47
190.158.121.206 - - [25/Jul/2015:05:40:04 -0500] "GET /videos/galeria-fotografica/js/jquery-flickr-gallery/loader.gif HTTP/1.1" 200 2129
172.22.2.3 - - [25/Jul/2015:05:40:16 -0500] "POST /cumbredelclima/wp-admin/admin-ajax.php HTTP/1.1" 200 47
66.249.67.69 - - [25/Jul/2015:05:40:18 -0500] "GET /m/BLA/resoluciones/RESOLUCIONES%202010/4082.pdf HTTP/1.1" 404 1018
201.245.192.253 - - [25/Jul/2015:05:40:08 -0500] "POST /wp-admin/admin-ajax.php HTTP/1.1" 200 47
172.22.2.3 - - [25/Jul/2015:05:40:31 -0500] "POST /cumbredelclima/wp-admin/admin-ajax.php HTTP/1.1" 200 47
172.22.2.3 - - [25/Jul/2015:05:40:46 -0500] "POST /cumbredelclima/wp-admin/admin-ajax.php HTTP/1.1" 200 47
74.86.158.107 - - [25/Jul/2015:05:40:55 -0500] "HEAD / HTTP/1.1" 200 -
172.22.2.3 - - [25/Jul/2015:05:41:01 -0500] "POST /cumbredelclima/wp-admin/admin-ajax.php HTTP/1.1" 200 47
172.22.2.3 - - [25/Jul/2015:05:41:16 -0500] "POST /cumbredelclima/wp-admin/admin-ajax.php HTTP/1.1" 200 47
201.245.192.253 - - [25/Jul/2015:05:41:19 -0500] "GET /forest/session.jsp?a=0.8088273355132785 HTTP/1.1" 200 4
172.22.2.3 - - [25/Jul/2015:05:41:31 -0500] "POST /cumbredelclima/wp-admin/admin-ajax.php HTTP/1.1" 200 47
172.22.2.3 - - [25/Jul/2015:05:41:46 -0500] "POST /cumbredelclima/wp-admin/admin-ajax.php HTTP/1.1" 200 47
66.249.67.63 - - [25/Jul/2015:05:42:00 -0500] "GET /BLA/resoluciones/AUTOS%202014/3589.pdf HTTP/1.1" 304 -
172.22.2.3 - - [25/Jul/2015:05:42:01 -0500] "POST /cumbredelclima/wp-admin/admin-ajax.php HTTP/1.1" 200 47
180.76.15.148 - - [25/Jul/2015:05:42:09 -0500] "GET /videos/flowplayer-3.2.6.min.js HTTP/1.1" 200 16815
172.22.2.3 - - [25/Jul/2015:05:42:16 -0500] "POST /cumbredelclima/wp-admin/admin-ajax.php HTTP/1.1" 200 47
201.245.192.253 - - [25/Jul/2015:05:42:08 -0500] "POST /wp-admin/admin-ajax.php HTTP/1.1" 200 47
180.76.15.149 - - [25/Jul/2015:05:42:30 -0500] "GET / HTTP/1.1" 200 10190
172.22.2.3 - - [25/Jul/2015:05:42:31 -0500] "POST /cumbredelclima/wp-admin/admin-ajax.php HTTP/1.1" 200 47
201.245.192.253 - - [25/Jul/2015:05:42:43 -0500] "GET /forest/session.jsp?a=0.907877460539634 HTTP/1.1" 200 4
172.22.2.3 - - [25/Jul/2015:05:42:46 -0500] "POST /cumbredelclima/wp-admin/admin-ajax.php HTTP/1.1" 200 47
172.22.2.3 - - [25/Jul/2015:05:43:01 -0500] "POST /cumbredelclima/wp-admin/admin-ajax.php HTTP/1.1" 200 47
207.46.13.149 - - [25/Jul/2015:05:43:16 -0500] "GET / HTTP/1.1" 200 10190
172.22.2.3 - - [25/Jul/2015:05:43:16 -0500] "POST /cumbredelclima/wp-admin/admin-ajax.php HTTP/1.1" 200 47
180.76.15.19 - - [25/Jul/2015:05:43:26 -0500] "GET / HTTP/1.1" 200 10190
172.22.2.3 - - [25/Jul/2015:05:43:31 -0500] "POST /cumbredelclima/wp-admin/admin-ajax.php HTTP/1.1" 200 47
172.22.2.3 - - [25/Jul/2015:05:43:46 -0500] "POST /cumbredelclima/wp-admin/admin-ajax.php HTTP/1.1" 200 47
172.22.2.3 - - [25/Jul/2015:05:44:01 -0500] "POST /cumbredelclima/wp-admin/admin-ajax.php HTTP/1.1" 200 47
172.22.2.3 - - [25/Jul/2015:05:44:16 -0500] "POST /cumbredelclima/wp-admin/admin-ajax.php HTTP/1.1" 200 47
201.245.192.253 - - [25/Jul/2015:05:44:08 -0500] "POST /wp-admin/admin-ajax.php HTTP/1.1" 200 47
172.22.2.3 - - [25/Jul/2015:05:44:31 -0500] "POST /cumbredelclima/wp-admin/admin-ajax.php HTTP/1.1" 200 47
172.22.2.3 - - [25/Jul/2015:05:44:46 -0500] "POST /cumbredelclima/wp-admin/admin-ajax.php HTTP/1.1" 200 47
172.22.2.3 - - [25/Jul/2015:05:45:01 -0500] "POST /cumbredelclima/wp-admin/admin-ajax.php HTTP/1.1" 200 47
172.22.2.3 - - [25/Jul/2015:05:45:16 -0500] "POST /cumbredelclima/wp-admin/admin-ajax.php HTTP/1.1" 200 47
172.22.2.3 - - [25/Jul/2015:05:45:31 -0500] "POST /cumbredelclima/wp-admin/admin-ajax.php HTTP/1.1" 200 47
172.22.2.3 - - [25/Jul/2015:05:45:46 -0500] "POST /cumbredelclima/wp-admin/admin-ajax.php HTTP/1.1" 200 47
74.86.158.107 - - [25/Jul/2015:05:45:55 -0500] "HEAD / HTTP/1.1" 200 -
172.22.2.3 - - [25/Jul/2015:05:46:01 -0500] "POST /cumbredelclima/wp-admin/admin-ajax.php HTTP/1.1" 200 47
172.22.2.3 - - [25/Jul/2015:05:46:16 -0500] "POST /cumbredelclima/wp-admin/admin-ajax.php HTTP/1.1" 200 47
201.245.192.253 - - [25/Jul/2015:05:46:19 -0500] "GET /forest/session.jsp?a=0.14274191481922605 HTTP/1.1" 200 4
201.245.192.253 - - [25/Jul/2015:05:46:08 -0500] "POST /wp-admin/admin-ajax.php HTTP/1.1" 200 47
172.22.2.3 - - [25/Jul/2015:05:46:31 -0500] "POST /cumbredelclima/wp-admin/admin-ajax.php HTTP/1.1" 200 47
172.22.2.3 - - [25/Jul/2015:05:46:46 -0500] "POST /cumbredelclima/wp-admin/admin-ajax.php HTTP/1.1" 200 47
172.22.2.3 - - [25/Jul/2015:05:47:01 -0500] "POST /cumbredelclima/wp-admin/admin-ajax.php HTTP/1.1" 200 47
157.55.39.205 - - [25/Jul/2015:05:47:07 -0500] "GET /dama/libreria/pdf/pigas/PIGA_alcaldia_santafe/PIGA_LOC_Santa_fe.pdf HTTP/1.1" 404 1019
66.249.67.81 - - [25/Jul/2015:05:47:08 -0500] "GET /POT-2013/Cartografia/29_EDIFICABILIDAD.pdf HTTP/1.1" 304 -
66.249.67.69 - - [25/Jul/2015:05:47:10 -0500] "GET /manual_funciones_Listado/index.php?dir=2.2.4.%20Subdirecci%F3n%20del%20Recurso%20H%EDdrico%20y%20del%20Suelo/&sort=size&order=desc HTTP/1.1" 404 1018
172.22.2.3 - - [25/Jul/2015:05:47:16 -0500] "POST /cumbredelclima/wp-admin/admin-ajax.php HTTP/1.1" 200 47
66.249.67.63 - - [25/Jul/2015:05:47:29 -0500] "GET /BLA/resoluciones/RESOLUCIONES%202007/RES%202007%202401%20AL%202500/RESOLUCION%202488%20DE%202007.pdf HTTP/1.1" 304 -
172.22.2.3 - - [25/Jul/2015:05:47:31 -0500] "POST /cumbredelclima/wp-admin/admin-ajax.php HTTP/1.1" 200 47
201.245.192.253 - - [25/Jul/2015:05:47:43 -0500] "GET /forest/session.jsp?a=0.8439581457826376 HTTP/1.1" 200 4
172.22.2.3 - - [25/Jul/2015:05:47:46 -0500] "POST /cumbredelclima/wp-admin/admin-ajax.php HTTP/1.1" 200 47
66.249.67.63 - - [25/Jul/2015:05:47:49 -0500] "GET /BLA/resoluciones/RESOLUCIONES%202011/4851.pdf HTTP/1.1" 304 -
172.22.2.3 - - [25/Jul/2015:05:48:01 -0500] "POST /cumbredelclima/wp-admin/admin-ajax.php HTTP/1.1" 200 47
66.249.67.81 - - [25/Jul/2015:05:48:10 -0500] "GET /Autoliquidacion/Solicitudes%20relacionadas%20con%20calidad%20del%20aire%20auditiva%20y%20visual/Evaluaci%C3%B3n%20de%20permisos%20de%20emisi%C3%B3n%20para%20fuentes%20fijas/lista%20de%20chequeo%20permiso%20de%20emisiones.pdf HTTP/1.1" 304 -
172.22.2.3 - - [25/Jul/2015:05:48:16 -0500] "POST /cumbredelclima/wp-admin/admin-ajax.php HTTP/1.1" 200 47
201.245.192.253 - - [25/Jul/2015:05:48:08 -0500] "POST /wp-admin/admin-ajax.php HTTP/1.1" 200 47
66.249.67.69 - - [25/Jul/2015:05:48:30 -0500] "GET /BLA/resoluciones/RESOLUCIONES%202009/9413.pdf HTTP/1.1" 304 -
172.22.2.3 - - [25/Jul/2015:05:48:31 -0500] "POST /cumbredelclima/wp-admin/admin-ajax.php HTTP/1.1" 200 47
172.22.2.3 - - [25/Jul/2015:05:48:46 -0500] "POST /cumbredelclima/wp-admin/admin-ajax.php HTTP/1.1" 200 47
172.22.2.3 - - [25/Jul/2015:05:49:01 -0500] "POST /cumbredelclima/wp-admin/admin-ajax.php HTTP/1.1" 200 47
172.22.2.3 - - [25/Jul/2015:05:49:16 -0500] "POST /cumbredelclima/wp-admin/admin-ajax.php HTTP/1.1" 200 47
172.22.2.3 - - [25/Jul/2015:05:49:31 -0500] "POST /cumbredelclima/wp-admin/admin-ajax.php HTTP/1.1" 200 47
172.22.2.3 - - [25/Jul/2015:05:49:46 -0500] "POST /cumbredelclima/wp-admin/admin-ajax.php HTTP/1.1" 200 47
66.249.67.63 - - [25/Jul/2015:05:49:51 -0500] "GET /BLA/resoluciones/RESOLUCIONES%202007/RES%202007%201601%20AL%201725/RESOLUCION%201607%20DE%202007.pdf HTTP/1.1" 304 -
172.22.2.3 - - [25/Jul/2015:05:50:01 -0500] "POST /cumbredelclima/wp-admin/admin-ajax.php HTTP/1.1" 200 47
172.22.2.3 - - [25/Jul/2015:05:50:16 -0500] "POST /cumbredelclima/wp-admin/admin-ajax.php HTTP/1.1" 200 47
66.249.67.57 - - [25/Jul/2015:05:50:18 -0500] "GET /re/Cuento/cuadro20/_notes/ HTTP/1.1" 404 1018
201.245.192.253 - - [25/Jul/2015:05:50:08 -0500] "POST /wp-admin/admin-ajax.php HTTP/1.1" 200 47
66.249.67.57 - - [25/Jul/2015:05:50:27 -0500] "GET /BLA/resoluciones/RESOLUCIONES%202011/4062.pdf HTTP/1.1" 304 -
172.22.2.3 - - [25/Jul/2015:05:50:31 -0500] "POST /cumbredelclima/wp-admin/admin-ajax.php HTTP/1.1" 200 47
172.22.2.3 - - [25/Jul/2015:05:50:46 -0500] "POST /cumbredelclima/wp-admin/admin-ajax.php HTTP/1.1" 200 47
74.86.158.107 - - [25/Jul/2015:05:50:55 -0500] "HEAD / HTTP/1.1" 200 -
172.22.2.3 - - [25/Jul/2015:05:51:01 -0500] "POST /cumbredelclima/wp-admin/admin-ajax.php HTTP/1.1" 200 47
172.22.2.3 - - [25/Jul/2015:05:51:16 -0500] "POST /cumbredelclima/wp-admin/admin-ajax.php HTTP/1.1" 200 47
201.245.192.253 - - [25/Jul/2015:05:51:19 -0500] "GET /forest/session.jsp?a=0.9906501972557609 HTTP/1.1" 200 4
172.22.2.3 - - [25/Jul/2015:05:51:31 -0500] "POST /cumbredelclima/wp-admin/admin-ajax.php HTTP/1.1" 200 47
66.249.67.87 - - [25/Jul/2015:05:51:34 -0500] "GET /htdocs/gallery2/g2data/cache/derivative/2/5/254-meta.inc HTTP/1.1" 404 1019
66.249.67.63 - - [25/Jul/2015:05:51:35 -0500] "GET /BLA/resoluciones/AUTOS%202011/1362.pdf HTTP/1.1" 304 -
66.249.67.69 - - [25/Jul/2015:05:51:35 -0500] "GET /galeria/galeria/fotos/mirador2P.jpg HTTP/1.1" 304 -
172.22.2.3 - - [25/Jul/2015:05:51:46 -0500] "POST /cumbredelclima/wp-admin/admin-ajax.php HTTP/1.1" 200 47
66.249.67.57 - - [25/Jul/2015:05:51:48 -0500] "GET /BLA/resoluciones/Notificaciones/AUTOS%202014/3198.doc HTTP/1.1" 304 -
66.249.67.57 - - [25/Jul/2015:05:51:54 -0500] "GET /BLA/resoluciones/AUTOS%202012/2511.pdf HTTP/1.1" 304 -
172.22.2.3 - - [25/Jul/2015:05:52:01 -0500] "POST /cumbredelclima/wp-admin/admin-ajax.php HTTP/1.1" 200 47
172.22.2.3 - - [25/Jul/2015:05:52:16 -0500] "POST /cumbredelclima/wp-admin/admin-ajax.php HTTP/1.1" 200 47
201.245.192.253 - - [25/Jul/2015:05:52:08 -0500] "POST /wp-admin/admin-ajax.php HTTP/1.1" 200 47
186.28.142.191 - - [25/Jul/2015:05:52:24 -0500] "GET /galeria/galeria/jquery.fancybox.css?v=2.1.5 HTTP/1.1" 200 4895
186.28.142.191 - - [25/Jul/2015:05:52:24 -0500] "GET /BLA/boletinlegal/js/jquery.scrollShow.js HTTP/1.1" 200 4586
186.28.142.191 - - [25/Jul/2015:05:52:24 -0500] "GET /galeria/galeria/jquery.fancybox.js?v=2.1.5 HTTP/1.1" 200 48706
66.249.67.87 - - [25/Jul/2015:05:52:29 -0500] "GET /BLA/boletinlegal/jurisprudencia/analisis/SENTENCIA%20C-703%20DE%202010.xls HTTP/1.1" 304 -
172.22.2.3 - - [25/Jul/2015:05:52:31 -0500] "POST /cumbredelclima/wp-admin/admin-ajax.php HTTP/1.1" 200 47
201.245.192.253 - - [25/Jul/2015:05:52:43 -0500] "GET /forest/session.jsp?a=0.4841938378196903 HTTP/1.1" 200 4
172.22.2.3 - - [25/Jul/2015:05:52:46 -0500] "POST /cumbredelclima/wp-admin/admin-ajax.php HTTP/1.1" 200 47
172.22.2.3 - - [25/Jul/2015:05:53:01 -0500] "POST /cumbredelclima/wp-admin/admin-ajax.php HTTP/1.1" 200 47
66.249.67.69 - - [25/Jul/2015:05:53:10 -0500] "GET /BLA/resoluciones/RESOLUCIONES%202007/RES%202007%202601%20AL%202700/RESOLUCION%202646%20DE%202007.pdf HTTP/1.1" 304 -
172.22.2.3 - - [25/Jul/2015:05:53:16 -0500] "POST /cumbredelclima/wp-admin/admin-ajax.php HTTP/1.1" 200 47
172.22.2.3 - - [25/Jul/2015:05:53:31 -0500] "POST /cumbredelclima/wp-admin/admin-ajax.php HTTP/1.1" 200 47
173.236.176.100 - - [25/Jul/2015:05:53:45 -0500] "GET /wp-admin/ HTTP/1.1" 404 1018
172.22.2.3 - - [25/Jul/2015:05:53:46 -0500] "POST /cumbredelclima/wp-admin/admin-ajax.php HTTP/1.1" 200 47
172.22.2.3 - - [25/Jul/2015:05:54:01 -0500] "POST /cumbredelclima/wp-admin/admin-ajax.php HTTP/1.1" 200 47
66.249.67.92 - - [25/Jul/2015:05:53:50 -0500] "GET /estrategia-internacional/ HTTP/1.1" 200 42477
201.245.192.253 - - [25/Jul/2015:05:54:08 -0500] "POST /wp-admin/admin-ajax.php HTTP/1.1" 200 47
172.22.2.3 - - [25/Jul/2015:05:54:16 -0500] "POST /cumbredelclima/wp-admin/admin-ajax.php HTTP/1.1" 200 47
66.249.67.69 - - [25/Jul/2015:05:54:31 -0500] "GET /BLA/resoluciones/RESOLUCIONES%202010/6810.pdf HTTP/1.1" 304 -
172.22.2.3 - - [25/Jul/2015:05:54:31 -0500] "POST /cumbredelclima/wp-admin/admin-ajax.php HTTP/1.1" 200 47
172.22.2.3 - - [25/Jul/2015:05:54:46 -0500] "POST /cumbredelclima/wp-admin/admin-ajax.php HTTP/1.1" 200 47
172.22.2.3 - - [25/Jul/2015:05:55:01 -0500] "POST /cumbredelclima/wp-admin/admin-ajax.php HTTP/1.1" 200 47
172.22.2.3 - - [25/Jul/2015:05:55:16 -0500] "POST /cumbredelclima/wp-admin/admin-ajax.php HTTP/1.1" 200 47
66.249.67.87 - - [25/Jul/2015:05:55:17 -0500] "GET /mobile/Anexos%20estudio%20Organizacional%20SDA/ANEXO%20No.%203-%20CONTRATACI%C3%93N%20%20OPS%C2%B4s%202008-2012/CONTRATOS%20SDA%202010%20POR%20DEPENDENCIA%20(1).xls HTTP/1.1" 404 1019
172.22.2.3 - - [25/Jul/2015:05:55:31 -0500] "POST /cumbredelclima/wp-admin/admin-ajax.php HTTP/1.1" 200 47
172.22.2.3 - - [25/Jul/2015:05:55:46 -0500] "POST /cumbredelclima/wp-admin/admin-ajax.php HTTP/1.1" 200 47
66.249.67.86 - - [25/Jul/2015:05:55:53 -0500] "GET /wp-content/uploads/2015/06/segundo-comunicado.pdf HTTP/1.1" 304 -
74.86.158.107 - - [25/Jul/2015:05:55:55 -0500] "HEAD / HTTP/1.1" 200 -
172.22.2.3 - - [25/Jul/2015:05:56:01 -0500] "POST /cumbredelclima/wp-admin/admin-ajax.php HTTP/1.1" 200 47
172.22.2.3 - - [25/Jul/2015:05:56:16 -0500] "POST /cumbredelclima/wp-admin/admin-ajax.php HTTP/1.1" 200 47
201.245.192.253 - - [25/Jul/2015:05:56:19 -0500] "GET /forest/session.jsp?a=0.8974362849110583 HTTP/1.1" 200 4
201.245.192.253 - - [25/Jul/2015:05:56:08 -0500] "POST /wp-admin/admin-ajax.php HTTP/1.1" 200 47
172.22.2.3 - - [25/Jul/2015:05:56:31 -0500] "POST /cumbredelclima/wp-admin/admin-ajax.php HTTP/1.1" 200 47
66.249.67.63 - - [25/Jul/2015:05:56:33 -0500] "GET /BLA/resoluciones/AUTOS%202012/0153.pdf HTTP/1.1" 304 -
172.22.2.3 - - [25/Jul/2015:05:56:46 -0500] "POST /cumbredelclima/wp-admin/admin-ajax.php HTTP/1.1" 200 47
172.22.2.3 - - [25/Jul/2015:05:57:01 -0500] "POST /cumbredelclima/wp-admin/admin-ajax.php HTTP/1.1" 200 47
180.76.15.140 - - [25/Jul/2015:05:57:09 -0500] "GET /BLA/boletinlegal/Circulares/2013/Circular%20No.%205%20del%2013%20de%20junio%20de%202013.pdf HTTP/1.1" 200 110904
66.249.67.69 - - [25/Jul/2015:05:57:14 -0500] "GET /BLA/resoluciones/RESOLUCIONES%202013/0003.pdf HTTP/1.1" 304 -
172.22.2.3 - - [25/Jul/2015:05:57:16 -0500] "POST /cumbredelclima/wp-admin/admin-ajax.php HTTP/1.1" 200 47
172.22.2.3 - - [25/Jul/2015:05:57:31 -0500] "POST /cumbredelclima/wp-admin/admin-ajax.php HTTP/1.1" 200 47
201.245.192.253 - - [25/Jul/2015:05:57:43 -0500] "GET /forest/session.jsp?a=0.07120024264223812 HTTP/1.1" 200 4
172.22.2.3 - - [25/Jul/2015:05:57:46 -0500] "POST /cumbredelclima/wp-admin/admin-ajax.php HTTP/1.1" 200 47
66.249.67.57 - - [25/Jul/2015:05:57:55 -0500] "GET /BLA/resoluciones/RESOLUCIONES%202010/4484.pdf HTTP/1.1" 304 -
172.22.2.3 - - [25/Jul/2015:05:58:01 -0500] "POST /cumbredelclima/wp-admin/admin-ajax.php HTTP/1.1" 200 47
172.22.2.3 - - [25/Jul/2015:05:58:16 -0500] "POST /cumbredelclima/wp-admin/admin-ajax.php HTTP/1.1" 200 47
201.245.192.253 - - [25/Jul/2015:05:58:08 -0500] "POST /wp-admin/admin-ajax.php HTTP/1.1" 200 47
172.22.2.3 - - [25/Jul/2015:05:58:31 -0500] "POST /cumbredelclima/wp-admin/admin-ajax.php HTTP/1.1" 200 47
66.249.67.57 - - [25/Jul/2015:05:58:36 -0500] "GET /BLA/resoluciones/RESOLUCIONES%202007/RES%202007%201401%20AL%201500/RESOLUCION%201406%20DE%202007.pdf HTTP/1.1" 304 -
172.22.2.3 - - [25/Jul/2015:05:58:46 -0500] "POST /cumbredelclima/wp-admin/admin-ajax.php HTTP/1.1" 200 47
172.22.2.3 - - [25/Jul/2015:05:59:01 -0500] "POST /cumbredelclima/wp-admin/admin-ajax.php HTTP/1.1" 200 47
172.22.2.3 - - [25/Jul/2015:05:59:16 -0500] "POST /cumbredelclima/wp-admin/admin-ajax.php HTTP/1.1" 200 47
66.249.67.63 - - [25/Jul/2015:05:59:16 -0500] "GET /BLA/resoluciones/AUTOS%202012/0348.pdf HTTP/1.1" 304 -
172.22.2.3 - - [25/Jul/2015:05:59:31 -0500] "POST /cumbredelclima/wp-admin/admin-ajax.php HTTP/1.1" 200 47
172.22.2.3 - - [25/Jul/2015:05:59:46 -0500] "POST /cumbredelclima/wp-admin/admin-ajax.php HTTP/1.1" 200 47
66.249.67.69 - - [25/Jul/2015:05:59:57 -0500] "GET /BLA/resoluciones/RESOLUCIONES%202011/4569.pdf HTTP/1.1" 304 -
172.22.2.3 - - [25/Jul/2015:06:00:01 -0500] "POST /cumbredelclima/wp-admin/admin-ajax.php HTTP/1.1" 200 47
172.22.2.3 - - [25/Jul/2015:06:00:16 -0500] "POST /cumbredelclima/wp-admin/admin-ajax.php HTTP/1.1" 200 47
66.249.67.57 - - [25/Jul/2015:06:00:18 -0500] "GET /mobile/BLA/resoluciones/RESOLUCIONES%202010/4082.pdf HTTP/1.1" 404 1018
201.245.192.253 - - [25/Jul/2015:06:00:08 -0500] "POST /wp-admin/admin-ajax.php HTTP/1.1" 200 47
172.22.2.3 - - [25/Jul/2015:06:00:31 -0500] "POST /cumbredelclima/wp-admin/admin-ajax.php HTTP/1.1" 200 47
66.249.67.69 - - [25/Jul/2015:06:00:38 -0500] "GET /BLA/resoluciones/AUTOS%202012/3038.pdf HTTP/1.1" 304 -
172.22.2.3 - - [25/Jul/2015:06:00:46 -0500] "POST /cumbredelclima/wp-admin/admin-ajax.php HTTP/1.1" 200 47
74.86.158.107 - - [25/Jul/2015:06:00:55 -0500] "HEAD / HTTP/1.1" 200 -
172.22.2.3 - - [25/Jul/2015:06:01:01 -0500] "POST /cumbredelclima/wp-admin/admin-ajax.php HTTP/1.1" 200 47
157.55.2.152 - - [25/Jul/2015:06:01:13 -0500] "GET /videos/ArchivoSDA.flv HTTP/1.1" 200 31205279
172.22.2.3 - - [25/Jul/2015:06:01:16 -0500] "POST /cumbredelclima/wp-admin/admin-ajax.php HTTP/1.1" 200 47
66.249.67.63 - - [25/Jul/2015:06:01:19 -0500] "GET /BLA/resoluciones/AUTOS%202013/0219.pdf HTTP/1.1" 304 -
201.245.192.253 - - [25/Jul/2015:06:01:19 -0500] "GET /forest/session.jsp?a=0.8792706722610274 HTTP/1.1" 200 4
172.22.2.3 - - [25/Jul/2015:06:01:31 -0500] "POST /cumbredelclima/wp-admin/admin-ajax.php HTTP/1.1" 200 47
157.55.2.152 - - [25/Jul/2015:06:01:36 -0500] "GET /videos/ArchivoSDA.flv HTTP/1.1" 200 31205279
172.22.2.3 - - [25/Jul/2015:06:01:46 -0500] "POST /cumbredelclima/wp-admin/admin-ajax.php HTTP/1.1" 200 47
172.22.2.3 - - [25/Jul/2015:06:02:01 -0500] "POST /cumbredelclima/wp-admin/admin-ajax.php HTTP/1.1" 200 47
172.22.2.3 - - [25/Jul/2015:06:02:16 -0500] "POST /cumbredelclima/wp-admin/admin-ajax.php HTTP/1.1" 200 47
201.245.192.253 - - [25/Jul/2015:06:02:08 -0500] "POST /wp-admin/admin-ajax.php HTTP/1.1" 200 47
172.22.2.3 - - [25/Jul/2015:06:02:31 -0500] "POST /cumbredelclima/wp-admin/admin-ajax.php HTTP/1.1" 200 47
201.245.192.253 - - [25/Jul/2015:06:02:43 -0500] "GET /forest/session.jsp?a=0.8762762293988863 HTTP/1.1" 200 4
66.249.67.69 - - [25/Jul/2015:06:02:01 -0500] "GET /BLA/boletinlegal/ HTTP/1.1" 200 51011
66.249.67.69 - - [25/Jul/2015:06:02:44 -0500] "GET /BLA/resoluciones/RESOLUCIONES%202013/0350.pdf HTTP/1.1" 304 -
66.249.67.57 - - [25/Jul/2015:06:02:45 -0500] "GET /BLA/resoluciones/RESOLUCIONES%202007/RES%202007%203201%20AL%203300/RESOLUCION%203257%20DE%202007.pdf HTTP/1.1" 304 -
66.249.67.69 - - [25/Jul/2015:06:02:45 -0500] "GET /BLA/resoluciones/RESOLUCIONES%202013/1262.pdf HTTP/1.1" 304 -
66.249.67.87 - - [25/Jul/2015:06:02:46 -0500] "GET /POT-2013/Cartografia/15_Sistema%20de%20Movilidad%20_Secciones%20Viales_Circuitos_movilida.pdf HTTP/1.1" 304 -
172.22.2.3 - - [25/Jul/2015:06:02:46 -0500] "POST /cumbredelclima/wp-admin/admin-ajax.php HTTP/1.1" 200 47
66.249.67.57 - - [25/Jul/2015:06:02:47 -0500] "GET /BLA/resoluciones/RESOLUCIONES%202013/0594.pdf HTTP/1.1" 304 -
66.249.67.69 - - [25/Jul/2015:06:02:47 -0500] "GET /BLA/resoluciones/RESOLUCIONES%202014/0933.pdf HTTP/1.1" 304 -
88.198.233.69 - - [25/Jul/2015:06:02:48 -0500] "GET / HTTP/1.1" 200 10190
66.249.67.63 - - [25/Jul/2015:06:02:48 -0500] "GET /BLA/resoluciones/RESOLUCIONES%202009/4361.pdf HTTP/1.1" 304 -
66.249.67.57 - - [25/Jul/2015:06:02:49 -0500] "GET /BLA/resoluciones/RESOLUCIONES%202012/1143.pdf HTTP/1.1" 304 -
66.249.67.63 - - [25/Jul/2015:06:02:50 -0500] "GET /BLA/resoluciones/AUTOS%202011/3603.pdf HTTP/1.1" 304 -
190.253.31.104 - - [25/Jul/2015:06:03:00 -0500] "GET /BLA/boletinlegal/js/jquery.scrollShow.js HTTP/1.1" 200 4586
190.253.31.104 - - [25/Jul/2015:06:03:00 -0500] "GET /galeria/galeria/jquery.fancybox.js?v=2.1.5 HTTP/1.1" 200 48706
190.253.31.104 - - [25/Jul/2015:06:03:01 -0500] "GET /galeria/galeria/jquery.fancybox.css?v=2.1.5 HTTP/1.1" 200 4895
190.253.31.104 - - [25/Jul/2015:06:03:01 -0500] "GET /galeria/carrusel/Carrusel/jquery.thumbnailScroller.css HTTP/1.1" 200 2066
190.253.31.104 - - [25/Jul/2015:06:03:01 -0500] "GET /galeria/carrusel/Carrusel/jquery-ui-1.8.13.custom.min.js HTTP/1.1" 200 10800
190.253.31.104 - - [25/Jul/2015:06:03:01 -0500] "GET /galeria/carrusel/Carrusel/jquery.thumbnailScroller.js HTTP/1.1" 200 8157
172.22.2.3 - - [25/Jul/2015:06:03:01 -0500] "POST /cumbredelclima/wp-admin/admin-ajax.php HTTP/1.1" 200 47
190.253.31.104 - - [25/Jul/2015:06:03:03 -0500] "GET /galeria/nivo-slider/demo/demo.html HTTP/1.1" 200 5224
190.253.31.104 - - [25/Jul/2015:06:03:04 -0500] "GET /galeria/nivo-slider/themes/default/default.css HTTP/1.1" 200 1569
