172.22.2.3 - - [25/Jul/2015:00:49:53 -0500] "POST /cumbredelclima/wp-admin/admin-ajax.php HTTP/1.1" 200 47
66.249.67.57 - - [25/Jul/2015:00:50:02 -0500] "GET /galeria/galeria/fotos/Huemdal-el-Tunjo1P.jpg HTTP/1.1" 304 -
172.22.2.3 - - [25/Jul/2015:00:50:08 -0500] "POST /cumbredelclima/wp-admin/admin-ajax.php HTTP/1.1" 200 47
201.245.192.253 - - [25/Jul/2015:00:50:07 -0500] "POST /wp-admin/admin-ajax.php HTTP/1.1" 200 47
172.22.2.3 - - [25/Jul/2015:00:50:23 -0500] "POST /cumbredelclima/wp-admin/admin-ajax.php HTTP/1.1" 200 47
172.22.2.3 - - [25/Jul/2015:00:50:38 -0500] "POST /cumbredelclima/wp-admin/admin-ajax.php HTTP/1.1" 200 47
172.22.2.3 - - [25/Jul/2015:00:50:53 -0500] "POST /cumbredelclima/wp-admin/admin-ajax.php HTTP/1.1" 200 47
190.25.119.86 - - [25/Jul/2015:00:51:08 -0500] "GET /galeria/galeria/jquery.fancybox.js?v=2.1.5 HTTP/1.1" 200 48706
172.22.2.3 - - [25/Jul/2015:00:51:08 -0500] "POST /cumbredelclima/wp-admin/admin-ajax.php HTTP/1.1" 200 47
190.25.119.86 - - [25/Jul/2015:00:51:08 -0500] "GET /galeria/galeria/jquery.fancybox.css?v=2.1.5 HTTP/1.1" 200 4895
190.25.119.86 - - [25/Jul/2015:00:51:08 -0500] "GET /BLA/boletinlegal/js/jquery.scrollShow.js HTTP/1.1" 200 4586
201.245.192.253 - - [25/Jul/2015:00:51:13 -0500] "GET /forest/session.jsp?a=0.18481706663585784 HTTP/1.1" 200 4
172.22.2.3 - - [25/Jul/2015:00:51:23 -0500] "POST /cumbredelclima/wp-admin/admin-ajax.php HTTP/1.1" 200 47
190.25.119.86 - - [25/Jul/2015:00:51:27 -0500] "GET /BLA/boletinlegal/js/jquery.scrollShow.js HTTP/1.1" 304 -
190.25.119.86 - - [25/Jul/2015:00:51:27 -0500] "GET /galeria/galeria/jquery.fancybox.js?v=2.1.5 HTTP/1.1" 304 -
190.25.119.86 - - [25/Jul/2015:00:51:27 -0500] "GET /galeria/galeria/jquery.fancybox.css?v=2.1.5 HTTP/1.1" 304 -
172.22.2.3 - - [25/Jul/2015:00:51:38 -0500] "POST /cumbredelclima/wp-admin/admin-ajax.php HTTP/1.1" 200 47
172.22.2.3 - - [25/Jul/2015:00:51:53 -0500] "POST /cumbredelclima/wp-admin/admin-ajax.php HTTP/1.1" 200 47
74.86.158.107 - - [25/Jul/2015:00:52:07 -0500] "HEAD / HTTP/1.1" 200 -
172.22.2.3 - - [25/Jul/2015:00:52:08 -0500] "POST /cumbredelclima/wp-admin/admin-ajax.php HTTP/1.1" 200 47
201.245.192.253 - - [25/Jul/2015:00:52:07 -0500] "POST /wp-admin/admin-ajax.php HTTP/1.1" 200 47
172.22.2.3 - - [25/Jul/2015:00:52:23 -0500] "POST /cumbredelclima/wp-admin/admin-ajax.php HTTP/1.1" 200 47
172.22.2.3 - - [25/Jul/2015:00:52:38 -0500] "POST /cumbredelclima/wp-admin/admin-ajax.php HTTP/1.1" 200 47
201.245.192.253 - - [25/Jul/2015:00:52:41 -0500] "GET /forest/session.jsp?a=0.5946249741737971 HTTP/1.1" 200 4
172.22.2.3 - - [25/Jul/2015:00:52:53 -0500] "POST /cumbredelclima/wp-admin/admin-ajax.php HTTP/1.1" 200 47
172.22.2.3 - - [25/Jul/2015:00:53:08 -0500] "POST /cumbredelclima/wp-admin/admin-ajax.php HTTP/1.1" 200 47
172.22.2.3 - - [25/Jul/2015:00:53:23 -0500] "POST /cumbredelclima/wp-admin/admin-ajax.php HTTP/1.1" 200 47
172.22.2.3 - - [25/Jul/2015:00:53:38 -0500] "POST /cumbredelclima/wp-admin/admin-ajax.php HTTP/1.1" 200 47
172.22.2.3 - - [25/Jul/2015:00:53:53 -0500] "POST /cumbredelclima/wp-admin/admin-ajax.php HTTP/1.1" 200 47
172.22.2.3 - - [25/Jul/2015:00:54:08 -0500] "POST /cumbredelclima/wp-admin/admin-ajax.php HTTP/1.1" 200 47
201.245.192.253 - - [25/Jul/2015:00:54:07 -0500] "POST /wp-admin/admin-ajax.php HTTP/1.1" 200 47
172.22.2.3 - - [25/Jul/2015:00:54:23 -0500] "POST /cumbredelclima/wp-admin/admin-ajax.php HTTP/1.1" 200 47
172.22.2.3 - - [25/Jul/2015:00:54:38 -0500] "POST /cumbredelclima/wp-admin/admin-ajax.php HTTP/1.1" 200 47
66.249.67.69 - - [25/Jul/2015:00:54:49 -0500] "GET /manual_funciones_Listado/index.php?dir=2.%20Subsecretar%EDa%20General%20y%20de%20Control%20Disciplinario/&sort=size&order=desc HTTP/1.1" 404 1018
172.22.2.3 - - [25/Jul/2015:00:54:53 -0500] "POST /cumbredelclima/wp-admin/admin-ajax.php HTTP/1.1" 200 47
186.83.149.138 - - [25/Jul/2015:00:55:04 -0500] "GET /galeria/galeria/jquery.fancybox.js?v=2.1.5 HTTP/1.1" 200 48706
186.83.149.138 - - [25/Jul/2015:00:55:04 -0500] "GET /galeria/galeria/jquery.fancybox.css?v=2.1.5 HTTP/1.1" 200 4895
186.83.149.138 - - [25/Jul/2015:00:55:04 -0500] "GET /BLA/boletinlegal/js/jquery.scrollShow.js HTTP/1.1" 200 4586
172.22.2.3 - - [25/Jul/2015:00:55:08 -0500] "POST /cumbredelclima/wp-admin/admin-ajax.php HTTP/1.1" 200 47
186.83.149.138 - - [25/Jul/2015:00:55:12 -0500] "GET /BLA/boletinlegal/js/jquery.scrollShow.js HTTP/1.1" 200 4586
186.83.149.138 - - [25/Jul/2015:00:55:12 -0500] "GET /galeria/galeria/jquery.fancybox.css?v=2.1.5 HTTP/1.1" 200 4895
186.83.149.138 - - [25/Jul/2015:00:55:12 -0500] "GET /galeria/galeria/jquery.fancybox.js?v=2.1.5 HTTP/1.1" 200 48706
172.22.2.3 - - [25/Jul/2015:00:55:23 -0500] "POST /cumbredelclima/wp-admin/admin-ajax.php HTTP/1.1" 200 47
172.22.2.3 - - [25/Jul/2015:00:55:38 -0500] "POST /cumbredelclima/wp-admin/admin-ajax.php HTTP/1.1" 200 47
66.249.67.57 - - [25/Jul/2015:00:55:42 -0500] "GET /BLA/resoluciones/RESOLUCIONES%202011/6563.pdf HTTP/1.1" 304 -
172.22.2.3 - - [25/Jul/2015:00:55:53 -0500] "POST /cumbredelclima/wp-admin/admin-ajax.php HTTP/1.1" 200 47
172.22.2.3 - - [25/Jul/2015:00:56:08 -0500] "POST /cumbredelclima/wp-admin/admin-ajax.php HTTP/1.1" 200 47
201.245.192.253 - - [25/Jul/2015:00:56:13 -0500] "GET /forest/session.jsp?a=0.20929048060477928 HTTP/1.1" 200 4
201.245.192.253 - - [25/Jul/2015:00:56:07 -0500] "POST /wp-admin/admin-ajax.php HTTP/1.1" 200 47
172.22.2.3 - - [25/Jul/2015:00:56:23 -0500] "POST /cumbredelclima/wp-admin/admin-ajax.php HTTP/1.1" 200 47
172.22.2.3 - - [25/Jul/2015:00:56:38 -0500] "POST /cumbredelclima/wp-admin/admin-ajax.php HTTP/1.1" 200 47
172.22.2.3 - - [25/Jul/2015:00:56:53 -0500] "POST /cumbredelclima/wp-admin/admin-ajax.php HTTP/1.1" 200 47
74.86.158.107 - - [25/Jul/2015:00:57:07 -0500] "HEAD / HTTP/1.1" 200 -
172.22.2.3 - - [25/Jul/2015:00:57:08 -0500] "POST /cumbredelclima/wp-admin/admin-ajax.php HTTP/1.1" 200 47
172.22.2.3 - - [25/Jul/2015:00:57:23 -0500] "POST /cumbredelclima/wp-admin/admin-ajax.php HTTP/1.1" 200 47
190.26.7.189 - - [25/Jul/2015:00:57:31 -0500] "GET /forest/session.jsp?a=0.6951642804779112 HTTP/1.1" 200 4
190.26.7.189 - - [25/Jul/2015:00:57:33 -0500] "GET /forest/logout-redirect.jsp HTTP/1.1" 302 -
190.26.7.189 - - [25/Jul/2015:00:57:33 -0500] "GET /forest/login.do HTTP/1.1" 200 12815
190.26.7.189 - - [25/Jul/2015:00:57:34 -0500] "GET /forest/img/inicio/3.gif HTTP/1.1" 304 -
190.26.7.189 - - [25/Jul/2015:00:57:34 -0500] "GET /forest/img/inicio/6.gif HTTP/1.1" 304 -
190.26.7.189 - - [25/Jul/2015:00:57:34 -0500] "GET /forest/img/inicio/7.gif HTTP/1.1" 304 -
190.26.7.189 - - [25/Jul/2015:00:57:34 -0500] "GET /forest/img/inicio/1.gif HTTP/1.1" 304 -
190.26.7.189 - - [25/Jul/2015:00:57:34 -0500] "GET /forest/img/inicio/2.gif HTTP/1.1" 304 -
190.26.7.189 - - [25/Jul/2015:00:57:34 -0500] "GET /forest/img/inicio/4.gif HTTP/1.1" 304 -
190.26.7.189 - - [25/Jul/2015:00:57:34 -0500] "GET /forest/img/inicio/5.gif HTTP/1.1" 304 -
172.22.2.3 - - [25/Jul/2015:00:57:38 -0500] "POST /cumbredelclima/wp-admin/admin-ajax.php HTTP/1.1" 200 47
201.245.192.253 - - [25/Jul/2015:00:57:41 -0500] "GET /forest/session.jsp?a=0.3033093314937615 HTTP/1.1" 200 4
172.22.2.3 - - [25/Jul/2015:00:57:53 -0500] "POST /cumbredelclima/wp-admin/admin-ajax.php HTTP/1.1" 200 47
172.22.2.3 - - [25/Jul/2015:00:58:08 -0500] "POST /cumbredelclima/wp-admin/admin-ajax.php HTTP/1.1" 200 47
190.26.210.162 - - [25/Jul/2015:00:58:10 -0500] "GET /galeria/juegos/ear/EARI.swf HTTP/1.1" 200 526915
201.245.192.253 - - [25/Jul/2015:00:58:07 -0500] "POST /wp-admin/admin-ajax.php HTTP/1.1" 200 47
172.22.2.3 - - [25/Jul/2015:00:58:23 -0500] "POST /cumbredelclima/wp-admin/admin-ajax.php HTTP/1.1" 200 47
190.26.210.162 - - [25/Jul/2015:00:58:29 -0500] "GET /videos/galeria-cronicas/1V3wnplaylist.htm? HTTP/1.1" 200 4013
190.26.210.162 - - [25/Jul/2015:00:58:29 -0500] "GET /videos/galeria-cronicas/ HTTP/1.1" 200 3763
172.22.2.3 - - [25/Jul/2015:00:58:38 -0500] "POST /cumbredelclima/wp-admin/admin-ajax.php HTTP/1.1" 200 47
172.22.2.3 - - [25/Jul/2015:00:58:53 -0500] "POST /cumbredelclima/wp-admin/admin-ajax.php HTTP/1.1" 200 47
172.22.2.3 - - [25/Jul/2015:00:59:08 -0500] "POST /cumbredelclima/wp-admin/admin-ajax.php HTTP/1.1" 200 47
172.22.2.3 - - [25/Jul/2015:00:59:23 -0500] "POST /cumbredelclima/wp-admin/admin-ajax.php HTTP/1.1" 200 47
172.22.2.3 - - [25/Jul/2015:00:59:38 -0500] "POST /cumbredelclima/wp-admin/admin-ajax.php HTTP/1.1" 200 47
92.89.225.77 - - [25/Jul/2015:00:59:45 -0500] "GET /webdav/x32.php?host=77.203.93.99&time=120&port=80 HTTP/1.1" 404 1018
66.249.67.57 - - [25/Jul/2015:00:59:52 -0500] "GET /BLA/resoluciones/RESOLUCIONES%202009/3658.pdf HTTP/1.1" 200 68728
172.22.2.3 - - [25/Jul/2015:00:59:53 -0500] "POST /cumbredelclima/wp-admin/admin-ajax.php HTTP/1.1" 200 47
172.22.2.3 - - [25/Jul/2015:01:00:08 -0500] "POST /cumbredelclima/wp-admin/admin-ajax.php HTTP/1.1" 200 47
66.249.67.63 - - [25/Jul/2015:01:00:12 -0500] "GET /BLA/resoluciones/RESOLUCIONES%202010/3500.pdf HTTP/1.1" 200 509879
201.245.192.253 - - [25/Jul/2015:01:00:07 -0500] "POST /wp-admin/admin-ajax.php HTTP/1.1" 200 47
172.22.2.3 - - [25/Jul/2015:01:00:23 -0500] "POST /cumbredelclima/wp-admin/admin-ajax.php HTTP/1.1" 200 47
66.249.67.69 - - [25/Jul/2015:01:00:32 -0500] "GET /BLA/resoluciones/RESOLUCIONES%202009/8329.pdf HTTP/1.1" 200 500154
172.22.2.3 - - [25/Jul/2015:01:00:38 -0500] "POST /cumbredelclima/wp-admin/admin-ajax.php HTTP/1.1" 200 47
66.249.67.93 - - [25/Jul/2015:01:00:52 -0500] "GET /BLA/boletinlegal/actas/097-2013.pdf HTTP/1.1" 304 -
172.22.2.3 - - [25/Jul/2015:01:00:53 -0500] "POST /cumbredelclima/wp-admin/admin-ajax.php HTTP/1.1" 200 47
172.22.2.3 - - [25/Jul/2015:01:01:08 -0500] "POST /cumbredelclima/wp-admin/admin-ajax.php HTTP/1.1" 200 47
66.249.67.63 - - [25/Jul/2015:01:01:12 -0500] "GET /BLA/resoluciones/RESOLUCIONES%202013/0344.pdf HTTP/1.1" 304 -
186.30.141.93 - - [25/Jul/2015:01:01:13 -0500] "GET /galeria/galeria/jquery.fancybox.css?v=2.1.5 HTTP/1.1" 200 4895
186.30.141.93 - - [25/Jul/2015:01:01:13 -0500] "GET /BLA/boletinlegal/js/jquery.scrollShow.js HTTP/1.1" 200 4586
186.30.141.93 - - [25/Jul/2015:01:01:13 -0500] "GET /galeria/carrusel/Carrusel/jquery-ui-1.8.13.custom.min.js HTTP/1.1" 200 10800
186.30.141.93 - - [25/Jul/2015:01:01:13 -0500] "GET /galeria/carrusel/Carrusel/jquery.thumbnailScroller.js HTTP/1.1" 200 8157
201.245.192.253 - - [25/Jul/2015:01:01:13 -0500] "GET /forest/session.jsp?a=0.8522243530995813 HTTP/1.1" 200 4
186.30.141.93 - - [25/Jul/2015:01:01:13 -0500] "GET /galeria/galeria/jquery.fancybox.js?v=2.1.5 HTTP/1.1" 200 48706
186.30.141.93 - - [25/Jul/2015:01:01:14 -0500] "GET /galeria/carrusel/Carrusel/jquery.thumbnailScroller.css HTTP/1.1" 200 2066
186.30.141.93 - - [25/Jul/2015:01:01:14 -0500] "GET /galeria/nivo-slider/demo/demo.html HTTP/1.1" 200 5224
186.30.141.93 - - [25/Jul/2015:01:01:15 -0500] "GET /galeria/nivo-slider/themes/default/default.css HTTP/1.1" 200 1569
186.30.141.93 - - [25/Jul/2015:01:01:15 -0500] "GET /galeria/nivo-slider/themes/pascal/pascal.css HTTP/1.1" 200 2258
186.30.141.93 - - [25/Jul/2015:01:01:15 -0500] "GET /galeria/nivo-slider/themes/orman/orman.css HTTP/1.1" 200 2152
186.30.141.93 - - [25/Jul/2015:01:01:15 -0500] "GET /galeria/nivo-slider/nivo-slider.css HTTP/1.1" 200 1507
186.30.141.93 - - [25/Jul/2015:01:01:15 -0500] "GET /galeria/nivo-slider/demo/style.css HTTP/1.1" 200 2222
186.30.141.93 - - [25/Jul/2015:01:01:15 -0500] "GET /galeria/nivo-slider/demo/images/Rendicion-de-cuentas.jpg HTTP/1.1" 200 309079
186.30.141.93 - - [25/Jul/2015:01:01:16 -0500] "GET /galeria/nivo-slider/demo/scripts/jquery-1.7.1.min.js HTTP/1.1" 200 93868
186.30.141.93 - - [25/Jul/2015:01:01:16 -0500] "GET /galeria/nivo-slider/jquery.nivo.slider.pack.js HTTP/1.1" 200 11561
186.30.141.93 - - [25/Jul/2015:01:01:16 -0500] "GET /galeria/nivo-slider/demo/images/banner-llantas2.jpg HTTP/1.1" 200 204644
186.30.141.93 - - [25/Jul/2015:01:01:16 -0500] "GET /galeria/nivo-slider/demo/images/Semana-PYBA.jpg HTTP/1.1" 200 147360
186.30.141.93 - - [25/Jul/2015:01:01:16 -0500] "GET /galeria/nivo-slider/themes/default/loading.gif HTTP/1.1" 200 1737
186.30.141.93 - - [25/Jul/2015:01:01:16 -0500] "GET /galeria/nivo-slider/demo/images/4Simple_Slider.png HTTP/1.1" 200 11722
186.30.141.93 - - [25/Jul/2015:01:01:17 -0500] "GET /galeria/nivo-slider/demo/images/PREDAcamp.jpg HTTP/1.1" 200 295358
186.30.141.93 - - [25/Jul/2015:01:01:17 -0500] "GET /galeria/nivo-slider/demo/images/VoluntariadoPYBA.jpg HTTP/1.1" 200 40647
186.30.141.93 - - [25/Jul/2015:01:01:18 -0500] "GET /galeria/nivo-slider/demo/images/9Signos.jpg HTTP/1.1" 200 81776
186.30.141.93 - - [25/Jul/2015:01:01:18 -0500] "GET /galeria/nivo-slider/demo/images/Comparendo-ambiental-Banner.jpg HTTP/1.1" 200 83731
186.30.141.93 - - [25/Jul/2015:01:01:18 -0500] "GET /galeria/nivo-slider/demo/images/GAE-banner.jpg HTTP/1.1" 200 97556
186.30.141.93 - - [25/Jul/2015:01:01:18 -0500] "GET /galeria/nivo-slider/demo/images/Banner-encuesta-de-percepscio.jpg HTTP/1.1" 200 201899
186.30.141.93 - - [25/Jul/2015:01:01:19 -0500] "GET /galeria/nivo-slider/demo/images/banner-Pacto-por-la-madera.jpg HTTP/1.1" 200 209966
186.30.141.93 - - [25/Jul/2015:01:01:19 -0500] "GET /galeria/nivo-slider/demo/images/acuerdo_569.jpg HTTP/1.1" 200 62670
186.30.141.93 - - [25/Jul/2015:01:01:19 -0500] "GET /galeria/nivo-slider/demo/images/Licitaciones-proyecto-paramo.jpg HTTP/1.1" 200 221877
186.30.141.93 - - [25/Jul/2015:01:01:20 -0500] "GET /galeria/nivo-slider/demo/images/Banner-decreto1299.jpg HTTP/1.1" 200 182613
186.30.141.93 - - [25/Jul/2015:01:01:20 -0500] "GET /galeria/nivo-slider/demo/images/Banner-Directorio.jpg HTTP/1.1" 200 182068
186.30.141.93 - - [25/Jul/2015:01:01:20 -0500] "GET /galeria/nivo-slider/demo/images/Ruta-vertimientos-01.jpg HTTP/1.1" 200 130151
186.30.141.93 - - [25/Jul/2015:01:01:21 -0500] "GET /galeria/nivo-slider/demo/images/bolsas-06.jpg HTTP/1.1" 200 90982
186.30.141.93 - - [25/Jul/2015:01:01:22 -0500] "GET /galeria/nivo-slider/demo/images/Conoce-los-humedales.jpg HTTP/1.1" 200 294036
186.30.141.93 - - [25/Jul/2015:01:01:22 -0500] "GET /galeria/nivo-slider/demo/images/ecolecta-Dic2014.png HTTP/1.1" 200 288593
186.30.141.93 - - [25/Jul/2015:01:01:23 -0500] "GET /galeria/nivo-slider/demo/images/Banner-Caracol-Africano.jpg HTTP/1.1" 200 331986
172.22.2.3 - - [25/Jul/2015:01:01:23 -0500] "POST /cumbredelclima/wp-admin/admin-ajax.php HTTP/1.1" 200 47
186.30.141.93 - - [25/Jul/2015:01:01:24 -0500] "GET /galeria/nivo-slider/themes/default/arrows.png HTTP/1.1" 200 824
186.30.141.93 - - [25/Jul/2015:01:01:24 -0500] "GET /galeria/nivo-slider/themes/default/bullets.png HTTP/1.1" 200 1281
66.249.67.93 - - [25/Jul/2015:01:01:32 -0500] "GET /BLA/boletinlegal/jurisprudencia/analisis/analisis%20sentencia%20C%20401%20de%202010.doc HTTP/1.1" 304 -
172.22.2.3 - - [25/Jul/2015:01:01:38 -0500] "POST /cumbredelclima/wp-admin/admin-ajax.php HTTP/1.1" 200 47
180.76.15.143 - - [25/Jul/2015:01:01:45 -0500] "GET /SIG/ECS/126PM04-PR25.pdf HTTP/1.1" 200 2574484
66.249.67.69 - - [25/Jul/2015:01:01:52 -0500] "GET /BLA/resoluciones/RESOLUCIONES%202012/0877.pdf HTTP/1.1" 304 -
172.22.2.3 - - [25/Jul/2015:01:01:53 -0500] "POST /cumbredelclima/wp-admin/admin-ajax.php HTTP/1.1" 200 47
74.86.158.107 - - [25/Jul/2015:01:02:07 -0500] "HEAD / HTTP/1.1" 200 -
172.22.2.3 - - [25/Jul/2015:01:02:08 -0500] "POST /cumbredelclima/wp-admin/admin-ajax.php HTTP/1.1" 200 47
201.245.192.253 - - [25/Jul/2015:01:02:07 -0500] "POST /wp-admin/admin-ajax.php HTTP/1.1" 200 47
172.22.2.3 - - [25/Jul/2015:01:02:23 -0500] "POST /cumbredelclima/wp-admin/admin-ajax.php HTTP/1.1" 200 47
66.249.67.57 - - [25/Jul/2015:01:02:32 -0500] "GET /BLA/resoluciones/RESOLUCIONES%202011/0165.pdf HTTP/1.1" 304 -
172.22.2.3 - - [25/Jul/2015:01:02:38 -0500] "POST /cumbredelclima/wp-admin/admin-ajax.php HTTP/1.1" 200 47
201.245.192.253 - - [25/Jul/2015:01:02:41 -0500] "GET /forest/session.jsp?a=0.9415018204102998 HTTP/1.1" 200 4
88.198.233.69 - - [25/Jul/2015:01:02:48 -0500] "GET / HTTP/1.1" 200 10190
172.22.2.3 - - [25/Jul/2015:01:02:53 -0500] "POST /cumbredelclima/wp-admin/admin-ajax.php HTTP/1.1" 200 47
172.22.2.3 - - [25/Jul/2015:01:03:08 -0500] "POST /cumbredelclima/wp-admin/admin-ajax.php HTTP/1.1" 200 47
66.249.67.69 - - [25/Jul/2015:01:03:12 -0500] "GET /BLA/resoluciones/RESOLUCIONES%202011/4062.pdf HTTP/1.1" 304 -
172.22.2.3 - - [25/Jul/2015:01:03:23 -0500] "POST /cumbredelclima/wp-admin/admin-ajax.php HTTP/1.1" 200 47
172.22.2.3 - - [25/Jul/2015:01:03:38 -0500] "POST /cumbredelclima/wp-admin/admin-ajax.php HTTP/1.1" 200 47
66.249.67.93 - - [25/Jul/2015:01:03:40 -0500] "GET /Anexos%20estudio%20Organizacional%20SDA/ANEXO%20No.%203-%20CONTRATACI%C3%93N%20%20OPS%C2%B4s%202008-2012/CONTRATOS%20SDA%202008%20POR%20DEPENDENCIA.xls HTTP/1.1" 304 -
66.249.67.69 - - [25/Jul/2015:01:03:51 -0500] "GET /BLA/resoluciones/RESOLUCIONES%202011/1013.pdf HTTP/1.1" 304 -
172.22.2.3 - - [25/Jul/2015:01:03:53 -0500] "POST /cumbredelclima/wp-admin/admin-ajax.php HTTP/1.1" 200 47
172.22.2.3 - - [25/Jul/2015:01:04:08 -0500] "POST /cumbredelclima/wp-admin/admin-ajax.php HTTP/1.1" 200 47
201.245.192.253 - - [25/Jul/2015:01:04:07 -0500] "POST /wp-admin/admin-ajax.php HTTP/1.1" 200 47
172.22.2.3 - - [25/Jul/2015:01:04:23 -0500] "POST /cumbredelclima/wp-admin/admin-ajax.php HTTP/1.1" 200 47
157.55.39.99 - - [25/Jul/2015:01:04:37 -0500] "GET /videos/galeria-cronicas/js/jquery.jplayer.min.js HTTP/1.1" 200 43668
172.22.2.3 - - [25/Jul/2015:01:04:38 -0500] "POST /cumbredelclima/wp-admin/admin-ajax.php HTTP/1.1" 200 47
157.55.39.99 - - [25/Jul/2015:01:04:39 -0500] "GET /videos/galeria-cronicas/skin/blue.monday/jplayer.blue.monday.css HTTP/1.1" 200 12518
172.22.2.3 - - [25/Jul/2015:01:04:53 -0500] "POST /cumbredelclima/wp-admin/admin-ajax.php HTTP/1.1" 200 47
172.22.2.3 - - [25/Jul/2015:01:05:08 -0500] "POST /cumbredelclima/wp-admin/admin-ajax.php HTTP/1.1" 200 47
66.249.67.57 - - [25/Jul/2015:01:05:13 -0500] "GET /manual_funciones_Listado/index.php?dir=2.5.1%20Subdirecci%F3n%20%20Financiera/&sort=size&order=desc HTTP/1.1" 404 1018
172.22.2.3 - - [25/Jul/2015:01:05:23 -0500] "POST /cumbredelclima/wp-admin/admin-ajax.php HTTP/1.1" 200 47
172.22.2.3 - - [25/Jul/2015:01:05:38 -0500] "POST /cumbredelclima/wp-admin/admin-ajax.php HTTP/1.1" 200 47
66.249.67.69 - - [25/Jul/2015:01:05:42 -0500] "GET /BLA/resoluciones/AUTOS%202014/5148.pdf HTTP/1.1" 304 -
66.249.67.63 - - [25/Jul/2015:01:05:43 -0500] "GET /BLA/resoluciones/AUTOS%202007/1549.pdf HTTP/1.1" 200 31965
172.22.2.3 - - [25/Jul/2015:01:05:53 -0500] "POST /cumbredelclima/wp-admin/admin-ajax.php HTTP/1.1" 200 47
66.249.67.64 - - [25/Jul/2015:01:05:43 -0500] "GET / HTTP/1.1" 200 123255
66.249.67.57 - - [25/Jul/2015:01:05:57 -0500] "GET /BLA/circulares/6.pdf HTTP/1.1" 304 -
66.249.67.63 - - [25/Jul/2015:01:05:58 -0500] "GET /BLA/resoluciones/RESOLUCIONES%202010/0104.pdf HTTP/1.1" 200 493586
66.249.67.57 - - [25/Jul/2015:01:05:58 -0500] "GET /BLA/resoluciones/RESOLUCIONES%202009/1803.pdf HTTP/1.1" 304 -
66.249.67.81 - - [25/Jul/2015:01:05:59 -0500] "GET /galeria/carrusel/Carrusel/ HTTP/1.1" 200 2900
66.249.67.57 - - [25/Jul/2015:01:05:59 -0500] "GET /BLA/resoluciones/RESOLUCIONES%202009/7365.pdf HTTP/1.1" 200 942787
66.249.67.69 - - [25/Jul/2015:01:06:01 -0500] "GET /BLA/resoluciones/RESOLUCIONES%202010/2280.pdf HTTP/1.1" 304 -
66.249.67.93 - - [25/Jul/2015:01:06:02 -0500] "GET /BLA/boletinlegal/jurisprudencia/analisis/SENTENCIA%20C-703%20DE%202010.xls HTTP/1.1" 304 -
201.245.192.253 - - [25/Jul/2015:01:06:07 -0500] "POST /wp-admin/admin-ajax.php HTTP/1.1" 200 47
172.22.2.3 - - [25/Jul/2015:01:06:08 -0500] "POST /cumbredelclima/wp-admin/admin-ajax.php HTTP/1.1" 200 47
201.245.192.253 - - [25/Jul/2015:01:06:13 -0500] "GET /forest/session.jsp?a=0.5345915902905883 HTTP/1.1" 200 4
66.249.67.57 - - [25/Jul/2015:01:06:22 -0500] "GET /BLA/resoluciones/RESOLUCIONES%202006/RES%202006%201351-1400/00001354.tif HTTP/1.1" 304 -
172.22.2.3 - - [25/Jul/2015:01:06:23 -0500] "POST /cumbredelclima/wp-admin/admin-ajax.php HTTP/1.1" 200 47
172.22.2.3 - - [25/Jul/2015:01:06:38 -0500] "POST /cumbredelclima/wp-admin/admin-ajax.php HTTP/1.1" 200 47
172.22.2.3 - - [25/Jul/2015:01:06:53 -0500] "POST /cumbredelclima/wp-admin/admin-ajax.php HTTP/1.1" 200 47
74.86.158.107 - - [25/Jul/2015:01:07:07 -0500] "HEAD / HTTP/1.1" 200 -
172.22.2.3 - - [25/Jul/2015:01:07:08 -0500] "POST /cumbredelclima/wp-admin/admin-ajax.php HTTP/1.1" 200 47
172.22.2.3 - - [25/Jul/2015:01:07:23 -0500] "POST /cumbredelclima/wp-admin/admin-ajax.php HTTP/1.1" 200 47
172.22.2.3 - - [25/Jul/2015:01:07:38 -0500] "POST /cumbredelclima/wp-admin/admin-ajax.php HTTP/1.1" 200 47
201.245.192.253 - - [25/Jul/2015:01:07:41 -0500] "GET /forest/session.jsp?a=0.018371160766472938 HTTP/1.1" 200 4
172.22.2.3 - - [25/Jul/2015:01:07:53 -0500] "POST /cumbredelclima/wp-admin/admin-ajax.php HTTP/1.1" 200 47
172.22.2.3 - - [25/Jul/2015:01:08:08 -0500] "POST /cumbredelclima/wp-admin/admin-ajax.php HTTP/1.1" 200 47
180.76.15.31 - - [25/Jul/2015:01:08:20 -0500] "GET / HTTP/1.1" 200 10190
201.245.192.253 - - [25/Jul/2015:01:08:07 -0500] "POST /wp-admin/admin-ajax.php HTTP/1.1" 200 47
172.22.2.3 - - [25/Jul/2015:01:08:23 -0500] "POST /cumbredelclima/wp-admin/admin-ajax.php HTTP/1.1" 200 47
172.22.2.3 - - [25/Jul/2015:01:08:38 -0500] "POST /cumbredelclima/wp-admin/admin-ajax.php HTTP/1.1" 200 47
92.89.225.77 - - [25/Jul/2015:01:08:42 -0500] "GET /webdav/x32.php?host=77.203.93.99&time=120&port=80 HTTP/1.1" 404 1018
186.31.36.178 - - [25/Jul/2015:01:08:52 -0500] "GET /galeria/mapa/3MapaBogot%C3%A1.jpg HTTP/1.1" 200 688183
172.22.2.3 - - [25/Jul/2015:01:08:53 -0500] "POST /cumbredelclima/wp-admin/admin-ajax.php HTTP/1.1" 200 47
186.31.36.178 - - [25/Jul/2015:01:08:55 -0500] "GET /galeria/mapa/3MapaBogot%C3%A1.jpg HTTP/1.1" 206 1
186.31.36.178 - - [25/Jul/2015:01:08:55 -0500] "GET /galeria/mapa/3MapaBogot%C3%A1.jpg HTTP/1.1" 206 478458
172.22.2.3 - - [25/Jul/2015:01:09:08 -0500] "POST /cumbredelclima/wp-admin/admin-ajax.php HTTP/1.1" 200 47
180.76.15.138 - - [25/Jul/2015:01:09:16 -0500] "GET / HTTP/1.1" 200 10190
172.22.2.3 - - [25/Jul/2015:01:09:23 -0500] "POST /cumbredelclima/wp-admin/admin-ajax.php HTTP/1.1" 200 47
172.22.2.3 - - [25/Jul/2015:01:09:38 -0500] "POST /cumbredelclima/wp-admin/admin-ajax.php HTTP/1.1" 200 47
172.22.2.3 - - [25/Jul/2015:01:09:53 -0500] "POST /cumbredelclima/wp-admin/admin-ajax.php HTTP/1.1" 200 47
157.55.39.99 - - [25/Jul/2015:01:10:07 -0500] "GET /galeria/galeria/jquery.fancybox.css?v=2.1.5 HTTP/1.1" 200 4895
172.22.2.3 - - [25/Jul/2015:01:10:08 -0500] "POST /cumbredelclima/wp-admin/admin-ajax.php HTTP/1.1" 200 47
201.245.192.253 - - [25/Jul/2015:01:10:07 -0500] "POST /wp-admin/admin-ajax.php HTTP/1.1" 200 47
172.22.2.3 - - [25/Jul/2015:01:10:23 -0500] "POST /cumbredelclima/wp-admin/admin-ajax.php HTTP/1.1" 200 47
66.249.67.81 - - [25/Jul/2015:01:10:24 -0500] "GET /portalsiaccapacitaciones/Soportes%20Capacitaciones%202014/0133.%20PRESENTACI%C3%93N%20RIGAP%20-%20SCASP%20Evento%20Cierre%20Gestores%2027%20Febrero%202015.ppt HTTP/1.1" 404 1019
186.83.149.138 - - [25/Jul/2015:01:10:27 -0500] "GET /galeria/galeria/jquery.fancybox.js?v=2.1.5 HTTP/1.1" 200 48706
186.83.149.138 - - [25/Jul/2015:01:10:27 -0500] "GET /galeria/galeria/jquery.fancybox.css?v=2.1.5 HTTP/1.1" 200 4895
186.83.149.138 - - [25/Jul/2015:01:10:27 -0500] "GET /BLA/boletinlegal/js/jquery.scrollShow.js HTTP/1.1" 200 4586
172.22.2.3 - - [25/Jul/2015:01:10:38 -0500] "POST /cumbredelclima/wp-admin/admin-ajax.php HTTP/1.1" 200 47
172.22.2.3 - - [25/Jul/2015:01:10:53 -0500] "POST /cumbredelclima/wp-admin/admin-ajax.php HTTP/1.1" 200 47
172.22.2.3 - - [25/Jul/2015:01:11:08 -0500] "POST /cumbredelclima/wp-admin/admin-ajax.php HTTP/1.1" 200 47
201.245.192.253 - - [25/Jul/2015:01:11:13 -0500] "GET /forest/session.jsp?a=0.33801541613584585 HTTP/1.1" 200 4
172.22.2.3 - - [25/Jul/2015:01:11:23 -0500] "POST /cumbredelclima/wp-admin/admin-ajax.php HTTP/1.1" 200 47
172.22.2.3 - - [25/Jul/2015:01:11:38 -0500] "POST /cumbredelclima/wp-admin/admin-ajax.php HTTP/1.1" 200 47
172.22.2.3 - - [25/Jul/2015:01:11:53 -0500] "POST /cumbredelclima/wp-admin/admin-ajax.php HTTP/1.1" 200 47
74.86.158.107 - - [25/Jul/2015:01:12:07 -0500] "HEAD / HTTP/1.1" 200 -
172.22.2.3 - - [25/Jul/2015:01:12:08 -0500] "POST /cumbredelclima/wp-admin/admin-ajax.php HTTP/1.1" 200 47
201.245.192.253 - - [25/Jul/2015:01:12:07 -0500] "POST /wp-admin/admin-ajax.php HTTP/1.1" 200 47
172.22.2.3 - - [25/Jul/2015:01:12:23 -0500] "POST /cumbredelclima/wp-admin/admin-ajax.php HTTP/1.1" 200 47
172.22.2.3 - - [25/Jul/2015:01:12:38 -0500] "POST /cumbredelclima/wp-admin/admin-ajax.php HTTP/1.1" 200 47
201.245.192.253 - - [25/Jul/2015:01:12:41 -0500] "GET /forest/session.jsp?a=0.6383300235834761 HTTP/1.1" 200 4
172.22.2.3 - - [25/Jul/2015:01:12:53 -0500] "POST /cumbredelclima/wp-admin/admin-ajax.php HTTP/1.1" 200 47
190.121.132.50 - - [25/Jul/2015:01:13:07 -0500] "GET /galeria/galeria/jquery.fancybox.js?v=2.1.5 HTTP/1.1" 200 48706
190.121.132.50 - - [25/Jul/2015:01:13:07 -0500] "GET /galeria/galeria/jquery.fancybox.css?v=2.1.5 HTTP/1.1" 200 4895
190.121.132.50 - - [25/Jul/2015:01:13:07 -0500] "GET /BLA/boletinlegal/js/jquery.scrollShow.js HTTP/1.1" 200 4586
172.22.2.3 - - [25/Jul/2015:01:13:08 -0500] "POST /cumbredelclima/wp-admin/admin-ajax.php HTTP/1.1" 200 47
190.121.132.50 - - [25/Jul/2015:01:13:16 -0500] "GET /galeria/galeria/jquery.fancybox.js?v=2.1.5 HTTP/1.1" 304 -
190.121.132.50 - - [25/Jul/2015:01:13:16 -0500] "GET /BLA/boletinlegal/js/jquery.scrollShow.js HTTP/1.1" 304 -
190.121.132.50 - - [25/Jul/2015:01:13:16 -0500] "GET /galeria/galeria/jquery.fancybox.css?v=2.1.5 HTTP/1.1" 304 -
190.121.132.50 - - [25/Jul/2015:01:13:16 -0500] "GET /BLA/boletinlegal/js/jquery.scrollShow.js HTTP/1.1" 304 -
190.121.132.50 - - [25/Jul/2015:01:13:17 -0500] "GET /galeria/galeria/jquery.fancybox.js?v=2.1.5 HTTP/1.1" 304 -
190.121.132.50 - - [25/Jul/2015:01:13:17 -0500] "GET /galeria/galeria/jquery.fancybox.css?v=2.1.5 HTTP/1.1" 304 -
172.22.2.3 - - [25/Jul/2015:01:13:23 -0500] "POST /cumbredelclima/wp-admin/admin-ajax.php HTTP/1.1" 200 47
172.22.2.3 - - [25/Jul/2015:01:13:38 -0500] "POST /cumbredelclima/wp-admin/admin-ajax.php HTTP/1.1" 200 47
172.22.2.3 - - [25/Jul/2015:01:13:53 -0500] "POST /cumbredelclima/wp-admin/admin-ajax.php HTTP/1.1" 200 47
172.22.2.3 - - [25/Jul/2015:01:14:08 -0500] "POST /cumbredelclima/wp-admin/admin-ajax.php HTTP/1.1" 200 47
201.245.192.253 - - [25/Jul/2015:01:14:07 -0500] "POST /wp-admin/admin-ajax.php HTTP/1.1" 200 47
172.22.2.3 - - [25/Jul/2015:01:14:23 -0500] "POST /cumbredelclima/wp-admin/admin-ajax.php HTTP/1.1" 200 47
172.22.2.3 - - [25/Jul/2015:01:14:38 -0500] "POST /cumbredelclima/wp-admin/admin-ajax.php HTTP/1.1" 200 47
172.22.2.3 - - [25/Jul/2015:01:14:53 -0500] "POST /cumbredelclima/wp-admin/admin-ajax.php HTTP/1.1" 200 47
172.22.2.3 - - [25/Jul/2015:01:15:08 -0500] "POST /cumbredelclima/wp-admin/admin-ajax.php HTTP/1.1" 200 47
172.22.2.3 - - [25/Jul/2015:01:15:23 -0500] "POST /cumbredelclima/wp-admin/admin-ajax.php HTTP/1.1" 200 47
172.22.2.3 - - [25/Jul/2015:01:15:38 -0500] "POST /cumbredelclima/wp-admin/admin-ajax.php HTTP/1.1" 200 47
172.22.2.3 - - [25/Jul/2015:01:15:53 -0500] "POST /cumbredelclima/wp-admin/admin-ajax.php HTTP/1.1" 200 47
172.22.2.3 - - [25/Jul/2015:01:16:08 -0500] "POST /cumbredelclima/wp-admin/admin-ajax.php HTTP/1.1" 200 47
201.245.192.253 - - [25/Jul/2015:01:16:13 -0500] "GET /forest/session.jsp?a=0.9399668244587109 HTTP/1.1" 200 4
201.245.192.253 - - [25/Jul/2015:01:16:07 -0500] "POST /wp-admin/admin-ajax.php HTTP/1.1" 200 47
172.22.2.3 - - [25/Jul/2015:01:16:24 -0500] "POST /cumbredelclima/wp-admin/admin-ajax.php HTTP/1.1" 200 47
172.22.2.3 - - [25/Jul/2015:01:16:39 -0500] "POST /cumbredelclima/wp-admin/admin-ajax.php HTTP/1.1" 200 47
180.76.15.148 - - [25/Jul/2015:01:16:45 -0500] "GET /POT-2013/Cartografia/25_Sistema_Equipamientos_Existentes_2013_V1.pdf HTTP/1.1" 200 4239909
172.22.2.3 - - [25/Jul/2015:01:16:54 -0500] "POST /cumbredelclima/wp-admin/admin-ajax.php HTTP/1.1" 200 47
74.86.158.107 - - [25/Jul/2015:01:17:07 -0500] "HEAD / HTTP/1.1" 200 -
172.22.2.3 - - [25/Jul/2015:01:17:09 -0500] "POST /cumbredelclima/wp-admin/admin-ajax.php HTTP/1.1" 200 47
172.22.2.3 - - [25/Jul/2015:01:17:24 -0500] "POST /cumbredelclima/wp-admin/admin-ajax.php HTTP/1.1" 200 47
172.22.2.3 - - [25/Jul/2015:01:17:39 -0500] "POST /cumbredelclima/wp-admin/admin-ajax.php HTTP/1.1" 200 47
201.245.192.253 - - [25/Jul/2015:01:17:41 -0500] "GET /forest/session.jsp?a=0.4022040728568924 HTTP/1.1" 200 4
172.22.2.3 - - [25/Jul/2015:01:17:54 -0500] "POST /cumbredelclima/wp-admin/admin-ajax.php HTTP/1.1" 200 47
172.22.2.3 - - [25/Jul/2015:01:18:09 -0500] "POST /cumbredelclima/wp-admin/admin-ajax.php HTTP/1.1" 200 47
201.245.192.253 - - [25/Jul/2015:01:18:07 -0500] "POST /wp-admin/admin-ajax.php HTTP/1.1" 200 47
172.22.2.3 - - [25/Jul/2015:01:18:24 -0500] "POST /cumbredelclima/wp-admin/admin-ajax.php HTTP/1.1" 200 47
172.22.2.3 - - [25/Jul/2015:01:18:39 -0500] "POST /cumbredelclima/wp-admin/admin-ajax.php HTTP/1.1" 200 47
172.22.2.3 - - [25/Jul/2015:01:18:54 -0500] "POST /cumbredelclima/wp-admin/admin-ajax.php HTTP/1.1" 200 47
172.22.2.3 - - [25/Jul/2015:01:19:09 -0500] "POST /cumbredelclima/wp-admin/admin-ajax.php HTTP/1.1" 200 47
172.22.2.3 - - [25/Jul/2015:01:19:24 -0500] "POST /cumbredelclima/wp-admin/admin-ajax.php HTTP/1.1" 200 47
172.22.2.3 - - [25/Jul/2015:01:19:39 -0500] "POST /cumbredelclima/wp-admin/admin-ajax.php HTTP/1.1" 200 47
66.249.67.63 - - [25/Jul/2015:01:19:48 -0500] "GET /BLA/resoluciones/RESOLUCIONES%202007/RES%202007%201401%20AL%201500/RESOLUCION%201402%20DE%202007.pdf HTTP/1.1" 304 -
172.22.2.3 - - [25/Jul/2015:01:19:54 -0500] "POST /cumbredelclima/wp-admin/admin-ajax.php HTTP/1.1" 200 47
74.132.68.89 - - [25/Jul/2015:01:20:03 -0500] "GET /webdav/x32.php?host=162.195.164.19&time=40&port=3074 HTTP/1.1" 404 1018
66.249.67.63 - - [25/Jul/2015:01:20:03 -0500] "GET /BLA/resoluciones/RESOLUCIONES%202010/4819.pdf HTTP/1.1" 200 763033
172.22.2.3 - - [25/Jul/2015:01:20:09 -0500] "POST /cumbredelclima/wp-admin/admin-ajax.php HTTP/1.1" 200 47
201.245.192.253 - - [25/Jul/2015:01:20:07 -0500] "POST /wp-admin/admin-ajax.php HTTP/1.1" 200 47
66.249.67.57 - - [25/Jul/2015:01:20:23 -0500] "GET /BLA/resoluciones/AUTOS%202009/2779.pdf HTTP/1.1" 200 76452
172.22.2.3 - - [25/Jul/2015:01:20:24 -0500] "POST /cumbredelclima/wp-admin/admin-ajax.php HTTP/1.1" 200 47
83.54.9.233 - - [25/Jul/2015:01:20:37 -0500] "GET /galeria/galeria/jquery.fancybox.css?v=2.1.5 HTTP/1.1" 200 4895
83.54.9.233 - - [25/Jul/2015:01:20:37 -0500] "GET /BLA/boletinlegal/js/jquery.scrollShow.js HTTP/1.1" 200 4586
83.54.9.233 - - [25/Jul/2015:01:20:37 -0500] "GET /galeria/galeria/jquery.fancybox.js?v=2.1.5 HTTP/1.1" 200 48706
172.22.2.3 - - [25/Jul/2015:01:20:39 -0500] "POST /cumbredelclima/wp-admin/admin-ajax.php HTTP/1.1" 200 47
190.2.224.197 - - [25/Jul/2015:01:20:43 -0500] "GET /galeria/galeria/jquery.fancybox.css?v=2.1.5 HTTP/1.1" 200 4895
190.2.224.197 - - [25/Jul/2015:01:20:43 -0500] "GET /BLA/boletinlegal/js/jquery.scrollShow.js HTTP/1.1" 200 4586
190.2.224.197 - - [25/Jul/2015:01:20:43 -0500] "GET /galeria/galeria/jquery.fancybox.js?v=2.1.5 HTTP/1.1" 200 48706
66.249.67.57 - - [25/Jul/2015:01:20:43 -0500] "GET /BLA/resoluciones/AUTOS%202009/2730.pdf HTTP/1.1" 200 103382
83.54.9.233 - - [25/Jul/2015:01:20:44 -0500] "GET /galeria/galeria/jquery.fancybox.css?v=2.1.5 HTTP/1.1" 304 -
83.54.9.233 - - [25/Jul/2015:01:20:44 -0500] "GET /BLA/boletinlegal/js/jquery.scrollShow.js HTTP/1.1" 304 -
83.54.9.233 - - [25/Jul/2015:01:20:44 -0500] "GET /galeria/galeria/jquery.fancybox.js?v=2.1.5 HTTP/1.1" 304 -
66.249.67.93 - - [25/Jul/2015:01:20:48 -0500] "GET /Autoliquidacion/Solicitudes%20relacionadas%20con%20ocupaci%C3%B3n%20de%20cauce/Aplicativo%20SCASP%20Actualizado%202014+.xlsx HTTP/1.1" 404 1019
172.22.2.3 - - [25/Jul/2015:01:20:54 -0500] "POST /cumbredelclima/wp-admin/admin-ajax.php HTTP/1.1" 200 47
190.148.165.230 - - [25/Jul/2015:01:20:54 -0500] "GET /galeria/galeria/jquery.fancybox.js?v=2.1.5 HTTP/1.1" 200 48706
190.148.165.230 - - [25/Jul/2015:01:20:54 -0500] "GET /galeria/galeria/jquery.fancybox.css?v=2.1.5 HTTP/1.1" 200 4895
190.148.165.230 - - [25/Jul/2015:01:20:54 -0500] "GET /BLA/boletinlegal/js/jquery.scrollShow.js HTTP/1.1" 200 4586
207.46.13.149 - - [25/Jul/2015:01:20:56 -0500] "GET /dama/libreria/pdf/ecosistemas/restauracion/1_ar6.pdf HTTP/1.1" 404 1019
66.249.67.69 - - [25/Jul/2015:01:21:03 -0500] "GET /BLA/resoluciones/RESOLUCIONES%202009/4531.pdf HTTP/1.1" 200 109464
172.22.2.3 - - [25/Jul/2015:01:21:09 -0500] "POST /cumbredelclima/wp-admin/admin-ajax.php HTTP/1.1" 200 47
201.245.192.253 - - [25/Jul/2015:01:21:13 -0500] "GET /forest/session.jsp?a=0.8728154926573733 HTTP/1.1" 200 4
190.2.224.197 - - [25/Jul/2015:01:21:18 -0500] "GET /galeria/galeria/jquery.fancybox.css?v=2.1.5 HTTP/1.1" 304 -
190.2.224.197 - - [25/Jul/2015:01:21:18 -0500] "GET /BLA/boletinlegal/js/jquery.scrollShow.js HTTP/1.1" 304 -
190.2.224.197 - - [25/Jul/2015:01:21:18 -0500] "GET /galeria/galeria/jquery.fancybox.js?v=2.1.5 HTTP/1.1" 304 -
66.249.67.63 - - [25/Jul/2015:01:21:23 -0500] "GET /BLA/resoluciones/RESOLUCIONES%202009/4698.pdf HTTP/1.1" 304 -
172.22.2.3 - - [25/Jul/2015:01:21:24 -0500] "POST /cumbredelclima/wp-admin/admin-ajax.php HTTP/1.1" 200 47
172.22.2.3 - - [25/Jul/2015:01:21:39 -0500] "POST /cumbredelclima/wp-admin/admin-ajax.php HTTP/1.1" 200 47
66.249.67.69 - - [25/Jul/2015:01:21:43 -0500] "GET /BLA/resoluciones/RESOLUCIONES%202010/0417.pdf HTTP/1.1" 304 -
92.89.225.77 - - [25/Jul/2015:01:21:49 -0500] "GET /webdav/x32.php?host=77.203.93.99&time=120&port=80 HTTP/1.1" 404 1018
172.22.2.3 - - [25/Jul/2015:01:21:54 -0500] "POST /cumbredelclima/wp-admin/admin-ajax.php HTTP/1.1" 200 47
66.249.67.57 - - [25/Jul/2015:01:22:03 -0500] "GET /BLA/resoluciones/RESOLUCIONES%202014/1564.pdf HTTP/1.1" 304 -
74.86.158.107 - - [25/Jul/2015:01:22:07 -0500] "HEAD / HTTP/1.1" 200 -
172.22.2.3 - - [25/Jul/2015:01:22:09 -0500] "POST /cumbredelclima/wp-admin/admin-ajax.php HTTP/1.1" 200 47
201.245.192.253 - - [25/Jul/2015:01:22:07 -0500] "POST /wp-admin/admin-ajax.php HTTP/1.1" 200 47
172.22.2.3 - - [25/Jul/2015:01:22:24 -0500] "POST /cumbredelclima/wp-admin/admin-ajax.php HTTP/1.1" 200 47
172.22.2.3 - - [25/Jul/2015:01:22:39 -0500] "POST /cumbredelclima/wp-admin/admin-ajax.php HTTP/1.1" 200 47
201.245.192.253 - - [25/Jul/2015:01:22:41 -0500] "GET /forest/session.jsp?a=0.5768331077272202 HTTP/1.1" 200 4
66.249.67.63 - - [25/Jul/2015:01:22:43 -0500] "GET /BLA/resoluciones/RESOLUCIONES%202013/0350.pdf HTTP/1.1" 304 -
172.22.2.3 - - [25/Jul/2015:01:22:54 -0500] "POST /cumbredelclima/wp-admin/admin-ajax.php HTTP/1.1" 200 47
66.249.67.57 - - [25/Jul/2015:01:22:54 -0500] "GET /BLA/resoluciones/RESOLUCIONES%202006/RES%202006%201351-1400/00001384.tif HTTP/1.1" 304 -
172.22.2.3 - - [25/Jul/2015:01:23:09 -0500] "POST /cumbredelclima/wp-admin/admin-ajax.php HTTP/1.1" 200 47
66.249.67.69 - - [25/Jul/2015:01:23:23 -0500] "GET /BLA/resoluciones/RESOLUCIONES%202012/1114.pdf HTTP/1.1" 304 -
172.22.2.3 - - [25/Jul/2015:01:23:24 -0500] "POST /cumbredelclima/wp-admin/admin-ajax.php HTTP/1.1" 200 47
157.55.39.99 - - [25/Jul/2015:01:23:30 -0500] "GET /BLA/resoluciones/AUTOS%202014/6086.pdf HTTP/1.1" 200 107871
172.22.2.3 - - [25/Jul/2015:01:23:39 -0500] "POST /cumbredelclima/wp-admin/admin-ajax.php HTTP/1.1" 200 47
172.22.2.3 - - [25/Jul/2015:01:23:54 -0500] "POST /cumbredelclima/wp-admin/admin-ajax.php HTTP/1.1" 200 47
172.22.2.3 - - [25/Jul/2015:01:24:09 -0500] "POST /cumbredelclima/wp-admin/admin-ajax.php HTTP/1.1" 200 47
201.245.192.253 - - [25/Jul/2015:01:24:07 -0500] "POST /wp-admin/admin-ajax.php HTTP/1.1" 200 47
141.212.122.66 - - [25/Jul/2015:01:24:21 -0500] "CONNECT google.com:443 HTTP/1.1" 405 938
172.22.2.3 - - [25/Jul/2015:01:24:24 -0500] "POST /cumbredelclima/wp-admin/admin-ajax.php HTTP/1.1" 200 47
172.22.2.3 - - [25/Jul/2015:01:24:39 -0500] "POST /cumbredelclima/wp-admin/admin-ajax.php HTTP/1.1" 200 47
172.22.2.3 - - [25/Jul/2015:01:24:54 -0500] "POST /cumbredelclima/wp-admin/admin-ajax.php HTTP/1.1" 200 47
172.22.2.3 - - [25/Jul/2015:01:25:09 -0500] "POST /cumbredelclima/wp-admin/admin-ajax.php HTTP/1.1" 200 47
92.89.225.77 - - [25/Jul/2015:01:25:15 -0500] "GET /webdav/x32.php?host=77.203.93.99&time=120&port=80 HTTP/1.1" 404 1018
172.22.2.3 - - [25/Jul/2015:01:25:24 -0500] "POST /cumbredelclima/wp-admin/admin-ajax.php HTTP/1.1" 200 47
172.22.2.3 - - [25/Jul/2015:01:25:39 -0500] "POST /cumbredelclima/wp-admin/admin-ajax.php HTTP/1.1" 200 47
66.249.67.57 - - [25/Jul/2015:01:25:42 -0500] "GET /BLA/resoluciones/RESOLUCIONES%202009/3129.pdf HTTP/1.1" 200 474707
66.249.67.69 - - [25/Jul/2015:01:25:43 -0500] "GET /BLA/resoluciones/RESOLUCIONES%202013/0800.pdf HTTP/1.1" 304 -
66.249.67.63 - - [25/Jul/2015:01:25:44 -0500] "GET /BLA/resoluciones/RESOLUCIONES%202012/0848.pdf HTTP/1.1" 304 -
66.249.67.87 - - [25/Jul/2015:01:25:45 -0500] "GET / HTTP/1.1" 200 10190
66.249.67.63 - - [25/Jul/2015:01:25:45 -0500] "GET /BLA/resoluciones/RESOLUCIONES%202013/0003.pdf HTTP/1.1" 304 -
66.249.67.57 - - [25/Jul/2015:01:25:47 -0500] "GET /BLA/resoluciones/RESOLUCIONES%202010/4484.pdf HTTP/1.1" 304 -
66.249.67.63 - - [25/Jul/2015:01:25:48 -0500] "GET /BLA/resoluciones/RESOLUCIONES%202012/0805.pdf HTTP/1.1" 304 -
66.249.67.69 - - [25/Jul/2015:01:25:49 -0500] "GET /BLA/resoluciones/AUTOS%202012/1723.pdf HTTP/1.1" 304 -
66.249.67.57 - - [25/Jul/2015:01:25:52 -0500] "GET /BLA/resoluciones/RESOLUCIONES%202013/2596.pdf HTTP/1.1" 304 -
172.22.2.3 - - [25/Jul/2015:01:25:54 -0500] "POST /cumbredelclima/wp-admin/admin-ajax.php HTTP/1.1" 200 47
66.249.67.86 - - [25/Jul/2015:01:25:53 -0500] "GET / HTTP/1.1" 200 123255
66.249.67.69 - - [25/Jul/2015:01:26:07 -0500] "GET /portalsiaccapacitaciones/Soportes%20Capacitaciones%20A%C3%B1o%202013/0008.%20PLAN%20DE%20CAPACITACIONES%20A%C3%91O%202013.pdf HTTP/1.1" 404 1018
201.245.192.253 - - [25/Jul/2015:01:26:07 -0500] "POST /wp-admin/admin-ajax.php HTTP/1.1" 200 47
172.22.2.3 - - [25/Jul/2015:01:26:09 -0500] "POST /cumbredelclima/wp-admin/admin-ajax.php HTTP/1.1" 200 47
201.245.192.253 - - [25/Jul/2015:01:26:14 -0500] "GET /forest/session.jsp?a=0.1719683151018666 HTTP/1.1" 200 4
123.125.71.71 - - [25/Jul/2015:01:26:14 -0500] "GET / HTTP/1.1" 200 10190
172.22.2.3 - - [25/Jul/2015:01:26:24 -0500] "POST /cumbredelclima/wp-admin/admin-ajax.php HTTP/1.1" 200 47
172.22.2.3 - - [25/Jul/2015:01:26:39 -0500] "POST /cumbredelclima/wp-admin/admin-ajax.php HTTP/1.1" 200 47
190.29.75.73 - - [25/Jul/2015:01:26:53 -0500] "GET /BLA/resoluciones/RESOLUCIONES%202007/RES%202007%201726%20AL%201800/RESOLUCION%201760%20DE%202007.pdf HTTP/1.1" 200 1746889
172.22.2.3 - - [25/Jul/2015:01:26:54 -0500] "POST /cumbredelclima/wp-admin/admin-ajax.php HTTP/1.1" 200 47
74.86.158.107 - - [25/Jul/2015:01:27:06 -0500] "HEAD / HTTP/1.1" 200 -
172.22.2.3 - - [25/Jul/2015:01:27:09 -0500] "POST /cumbredelclima/wp-admin/admin-ajax.php HTTP/1.1" 200 47
180.76.15.17 - - [25/Jul/2015:01:27:14 -0500] "GET / HTTP/1.1" 200 123269
180.76.15.145 - - [25/Jul/2015:01:27:10 -0500] "GET / HTTP/1.1" 200 123269
172.22.2.3 - - [25/Jul/2015:01:27:24 -0500] "POST /cumbredelclima/wp-admin/admin-ajax.php HTTP/1.1" 200 47
172.22.2.3 - - [25/Jul/2015:01:27:39 -0500] "POST /cumbredelclima/wp-admin/admin-ajax.php HTTP/1.1" 200 47
201.245.192.253 - - [25/Jul/2015:01:27:41 -0500] "GET /forest/session.jsp?a=0.2094986922844474 HTTP/1.1" 200 4
172.22.2.3 - - [25/Jul/2015:01:27:54 -0500] "POST /cumbredelclima/wp-admin/admin-ajax.php HTTP/1.1" 200 47
201.245.192.253 - - [25/Jul/2015:01:28:07 -0500] "POST /wp-admin/admin-ajax.php HTTP/1.1" 200 47
172.22.2.3 - - [25/Jul/2015:01:28:09 -0500] "POST /cumbredelclima/wp-admin/admin-ajax.php HTTP/1.1" 200 47
172.22.2.3 - - [25/Jul/2015:01:28:24 -0500] "POST /cumbredelclima/wp-admin/admin-ajax.php HTTP/1.1" 200 47
172.22.2.3 - - [25/Jul/2015:01:28:39 -0500] "POST /cumbredelclima/wp-admin/admin-ajax.php HTTP/1.1" 200 47
172.22.2.3 - - [25/Jul/2015:01:28:54 -0500] "POST /cumbredelclima/wp-admin/admin-ajax.php HTTP/1.1" 200 47
172.22.2.3 - - [25/Jul/2015:01:29:09 -0500] "POST /cumbredelclima/wp-admin/admin-ajax.php HTTP/1.1" 200 47
92.89.225.77 - - [25/Jul/2015:01:29:21 -0500] "GET /webdav/x32.php?host=77.203.93.99&time=120&port=80 HTTP/1.1" 404 1018
89.144.239.182 - - [25/Jul/2015:01:29:23 -0500] "GET /BLA/resoluciones/RESOLUCIONES%202010/4727.pdf HTTP/1.1" 200 341706
172.22.2.3 - - [25/Jul/2015:01:29:24 -0500] "POST /cumbredelclima/wp-admin/admin-ajax.php HTTP/1.1" 200 47
172.22.2.3 - - [25/Jul/2015:01:29:39 -0500] "POST /cumbredelclima/wp-admin/admin-ajax.php HTTP/1.1" 200 47
172.22.2.3 - - [25/Jul/2015:01:29:54 -0500] "POST /cumbredelclima/wp-admin/admin-ajax.php HTTP/1.1" 200 47
172.22.2.3 - - [25/Jul/2015:01:30:09 -0500] "POST /cumbredelclima/wp-admin/admin-ajax.php HTTP/1.1" 200 47
201.245.192.253 - - [25/Jul/2015:01:30:07 -0500] "POST /wp-admin/admin-ajax.php HTTP/1.1" 200 47
172.22.2.3 - - [25/Jul/2015:01:30:24 -0500] "POST /cumbredelclima/wp-admin/admin-ajax.php HTTP/1.1" 200 47
172.22.2.3 - - [25/Jul/2015:01:30:39 -0500] "POST /cumbredelclima/wp-admin/admin-ajax.php HTTP/1.1" 200 47
66.249.67.87 - - [25/Jul/2015:01:30:45 -0500] "GET /POT-2013/index.php?dir=SEGUIMIENTO/&sort=date&order=desc HTTP/1.1" 200 2146
172.22.2.3 - - [25/Jul/2015:01:30:54 -0500] "POST /cumbredelclima/wp-admin/admin-ajax.php HTTP/1.1" 200 47
66.249.67.92 - - [25/Jul/2015:01:31:00 -0500] "GET /page-sitemap.xml HTTP/1.1" 200 3693
172.22.2.3 - - [25/Jul/2015:01:31:09 -0500] "POST /cumbredelclima/wp-admin/admin-ajax.php HTTP/1.1" 200 47
201.245.192.253 - - [25/Jul/2015:01:31:14 -0500] "GET /forest/session.jsp?a=0.2740791190225177 HTTP/1.1" 200 4
157.55.39.99 - - [25/Jul/2015:01:31:18 -0500] "GET /BLA/boletinlegal/js/jquery.scrollShow.js HTTP/1.1" 200 4586
172.22.2.3 - - [25/Jul/2015:01:31:24 -0500] "POST /cumbredelclima/wp-admin/admin-ajax.php HTTP/1.1" 200 47
172.22.2.3 - - [25/Jul/2015:01:31:39 -0500] "POST /cumbredelclima/wp-admin/admin-ajax.php HTTP/1.1" 200 47
180.76.15.149 - - [25/Jul/2015:01:31:45 -0500] "GET /phpold/requirenew3.php?id=2100&user= HTTP/1.1" 404 1019
172.22.2.3 - - [25/Jul/2015:01:31:54 -0500] "POST /cumbredelclima/wp-admin/admin-ajax.php HTTP/1.1" 200 47
190.121.132.50 - - [25/Jul/2015:01:32:00 -0500] "GET /galeria/carrusel/Carrusel/jquery.thumbnailScroller.css HTTP/1.1" 200 2066
190.121.132.50 - - [25/Jul/2015:01:32:00 -0500] "GET /galeria/carrusel/Carrusel/jquery-ui-1.8.13.custom.min.js HTTP/1.1" 200 10800
190.121.132.50 - - [25/Jul/2015:01:32:00 -0500] "GET /galeria/carrusel/Carrusel/jquery.thumbnailScroller.js HTTP/1.1" 200 8157
190.121.132.50 - - [25/Jul/2015:01:32:03 -0500] "GET /galeria/nivo-slider/demo/demo.html HTTP/1.1" 200 5224
190.121.132.50 - - [25/Jul/2015:01:32:03 -0500] "GET /galeria/nivo-slider/themes/orman/orman.css HTTP/1.1" 200 2152
190.121.132.50 - - [25/Jul/2015:01:32:03 -0500] "GET /galeria/nivo-slider/themes/default/default.css HTTP/1.1" 200 1569
190.121.132.50 - - [25/Jul/2015:01:32:03 -0500] "GET /galeria/nivo-slider/themes/pascal/pascal.css HTTP/1.1" 200 2258
190.121.132.50 - - [25/Jul/2015:01:32:03 -0500] "GET /galeria/nivo-slider/nivo-slider.css HTTP/1.1" 200 1507
190.121.132.50 - - [25/Jul/2015:01:32:03 -0500] "GET /galeria/nivo-slider/demo/style.css HTTP/1.1" 200 2222
190.121.132.50 - - [25/Jul/2015:01:32:03 -0500] "GET /galeria/nivo-slider/demo/images/Rendicion-de-cuentas.jpg HTTP/1.1" 200 309079
190.121.132.50 - - [25/Jul/2015:01:32:03 -0500] "GET /galeria/nivo-slider/demo/images/VoluntariadoPYBA.jpg HTTP/1.1" 200 40647
190.121.132.50 - - [25/Jul/2015:01:32:03 -0500] "GET /galeria/nivo-slider/demo/images/Semana-PYBA.jpg HTTP/1.1" 200 147360
190.121.132.50 - - [25/Jul/2015:01:32:03 -0500] "GET /galeria/nivo-slider/demo/images/PREDAcamp.jpg HTTP/1.1" 200 295358
190.121.132.50 - - [25/Jul/2015:01:32:03 -0500] "GET /galeria/nivo-slider/demo/images/banner-llantas2.jpg HTTP/1.1" 200 204644
190.121.132.50 - - [25/Jul/2015:01:32:03 -0500] "GET /galeria/nivo-slider/demo/images/9Signos.jpg HTTP/1.1" 200 81776
190.121.132.50 - - [25/Jul/2015:01:32:06 -0500] "GET /galeria/nivo-slider/demo/images/Comparendo-ambiental-Banner.jpg HTTP/1.1" 200 83731
74.86.158.107 - - [25/Jul/2015:01:32:06 -0500] "HEAD / HTTP/1.1" 200 -
190.121.132.50 - - [25/Jul/2015:01:32:07 -0500] "GET /galeria/nivo-slider/demo/images/GAE-banner.jpg HTTP/1.1" 200 97556
190.121.132.50 - - [25/Jul/2015:01:32:07 -0500] "GET /galeria/nivo-slider/demo/images/Banner-encuesta-de-percepscio.jpg HTTP/1.1" 200 201899
190.121.132.50 - - [25/Jul/2015:01:32:07 -0500] "GET /galeria/nivo-slider/demo/images/banner-Pacto-por-la-madera.jpg HTTP/1.1" 200 209966
190.121.132.50 - - [25/Jul/2015:01:32:08 -0500] "GET /galeria/nivo-slider/demo/images/4Simple_Slider.png HTTP/1.1" 200 11722
190.121.132.50 - - [25/Jul/2015:01:32:08 -0500] "GET /galeria/nivo-slider/themes/default/loading.gif HTTP/1.1" 200 1737
190.121.132.50 - - [25/Jul/2015:01:32:08 -0500] "GET /galeria/nivo-slider/demo/images/acuerdo_569.jpg HTTP/1.1" 200 62670
190.121.132.50 - - [25/Jul/2015:01:32:08 -0500] "GET /galeria/nivo-slider/demo/images/Licitaciones-proyecto-paramo.jpg HTTP/1.1" 200 221877
172.22.2.3 - - [25/Jul/2015:01:32:09 -0500] "POST /cumbredelclima/wp-admin/admin-ajax.php HTTP/1.1" 200 47
190.121.132.50 - - [25/Jul/2015:01:32:09 -0500] "GET /galeria/nivo-slider/demo/images/Banner-decreto1299.jpg HTTP/1.1" 200 182613
190.121.132.50 - - [25/Jul/2015:01:32:10 -0500] "GET /galeria/nivo-slider/demo/images/Banner-Directorio.jpg HTTP/1.1" 200 182068
190.121.132.50 - - [25/Jul/2015:01:32:11 -0500] "GET /galeria/nivo-slider/demo/images/Ruta-vertimientos-01.jpg HTTP/1.1" 200 130151
190.121.132.50 - - [25/Jul/2015:01:32:12 -0500] "GET /galeria/nivo-slider/demo/images/bolsas-06.jpg HTTP/1.1" 200 90982
190.121.132.50 - - [25/Jul/2015:01:32:13 -0500] "GET /galeria/nivo-slider/demo/images/Conoce-los-humedales.jpg HTTP/1.1" 200 294036
190.121.132.50 - - [25/Jul/2015:01:32:14 -0500] "GET /galeria/nivo-slider/demo/images/ecolecta-Dic2014.png HTTP/1.1" 200 288593
190.121.132.50 - - [25/Jul/2015:01:32:14 -0500] "GET /galeria/nivo-slider/demo/images/Banner-Caracol-Africano.jpg HTTP/1.1" 200 331986
190.121.132.50 - - [25/Jul/2015:01:32:14 -0500] "GET /galeria/nivo-slider/demo/scripts/jquery-1.7.1.min.js HTTP/1.1" 200 93868
190.121.132.50 - - [25/Jul/2015:01:32:15 -0500] "GET /galeria/nivo-slider/jquery.nivo.slider.pack.js HTTP/1.1" 200 11561
190.121.132.50 - - [25/Jul/2015:01:32:18 -0500] "GET /galeria/nivo-slider/themes/default/arrows.png HTTP/1.1" 200 824
190.121.132.50 - - [25/Jul/2015:01:32:18 -0500] "GET /galeria/nivo-slider/themes/default/bullets.png HTTP/1.1" 200 1281
201.245.192.253 - - [25/Jul/2015:01:32:07 -0500] "POST /wp-admin/admin-ajax.php HTTP/1.1" 200 47
172.22.2.3 - - [25/Jul/2015:01:32:24 -0500] "POST /cumbredelclima/wp-admin/admin-ajax.php HTTP/1.1" 200 47
172.22.2.3 - - [25/Jul/2015:01:32:39 -0500] "POST /cumbredelclima/wp-admin/admin-ajax.php HTTP/1.1" 200 47
201.245.192.253 - - [25/Jul/2015:01:32:42 -0500] "GET /forest/session.jsp?a=0.19714969687581996 HTTP/1.1" 200 4
172.22.2.3 - - [25/Jul/2015:01:32:54 -0500] "POST /cumbredelclima/wp-admin/admin-ajax.php HTTP/1.1" 200 47
172.22.2.3 - - [25/Jul/2015:01:33:09 -0500] "POST /cumbredelclima/wp-admin/admin-ajax.php HTTP/1.1" 200 47
190.158.160.240 - - [25/Jul/2015:01:33:20 -0500] "GET /BLA/resoluciones/RESOLUCIONES%202009/9210.pdf HTTP/1.1" 200 491043
172.22.2.3 - - [25/Jul/2015:01:33:24 -0500] "POST /cumbredelclima/wp-admin/admin-ajax.php HTTP/1.1" 200 47
172.22.2.3 - - [25/Jul/2015:01:33:39 -0500] "POST /cumbredelclima/wp-admin/admin-ajax.php HTTP/1.1" 200 47
180.76.15.156 - - [25/Jul/2015:01:33:50 -0500] "GET /StormSDA/forms/4.js HTTP/1.1" 200 1679
172.22.2.3 - - [25/Jul/2015:01:33:54 -0500] "POST /cumbredelclima/wp-admin/admin-ajax.php HTTP/1.1" 200 47
172.22.2.3 - - [25/Jul/2015:01:34:09 -0500] "POST /cumbredelclima/wp-admin/admin-ajax.php HTTP/1.1" 200 47
201.245.192.253 - - [25/Jul/2015:01:34:07 -0500] "POST /wp-admin/admin-ajax.php HTTP/1.1" 200 47
172.22.2.3 - - [25/Jul/2015:01:34:24 -0500] "POST /cumbredelclima/wp-admin/admin-ajax.php HTTP/1.1" 200 47
172.22.2.3 - - [25/Jul/2015:01:34:39 -0500] "POST /cumbredelclima/wp-admin/admin-ajax.php HTTP/1.1" 200 47
172.22.2.3 - - [25/Jul/2015:01:34:54 -0500] "POST /cumbredelclima/wp-admin/admin-ajax.php HTTP/1.1" 200 47
172.22.2.3 - - [25/Jul/2015:01:35:09 -0500] "POST /cumbredelclima/wp-admin/admin-ajax.php HTTP/1.1" 200 47
172.22.2.3 - - [25/Jul/2015:01:35:24 -0500] "POST /cumbredelclima/wp-admin/admin-ajax.php HTTP/1.1" 200 47
172.22.2.3 - - [25/Jul/2015:01:35:39 -0500] "POST /cumbredelclima/wp-admin/admin-ajax.php HTTP/1.1" 200 47
66.249.67.69 - - [25/Jul/2015:01:35:42 -0500] "GET /BLA/resoluciones/RESOLUCIONES%202013/1297.pdf HTTP/1.1" 304 -
66.249.67.69 - - [25/Jul/2015:01:35:45 -0500] "GET /BLA/resoluciones/RESOLUCIONES%202014/2004.pdf HTTP/1.1" 304 -
190.26.167.39 - - [25/Jul/2015:01:35:52 -0500] "GET /BLA/resoluciones/AUTOS%202011/2404.pdf HTTP/1.1" 200 163725
190.26.167.39 - - [25/Jul/2015:01:35:53 -0500] "GET /favicon.ico HTTP/1.1" 200 7782
172.22.2.3 - - [25/Jul/2015:01:35:54 -0500] "POST /cumbredelclima/wp-admin/admin-ajax.php HTTP/1.1" 200 47
172.22.2.3 - - [25/Jul/2015:01:36:09 -0500] "POST /cumbredelclima/wp-admin/admin-ajax.php HTTP/1.1" 200 47
201.245.192.253 - - [25/Jul/2015:01:36:14 -0500] "GET /forest/session.jsp?a=0.9171642376428889 HTTP/1.1" 200 4
201.245.192.253 - - [25/Jul/2015:01:36:07 -0500] "POST /wp-admin/admin-ajax.php HTTP/1.1" 200 47
66.249.67.57 - - [25/Jul/2015:01:36:22 -0500] "GET /manual_funciones_Listado/index.php?dir=&sort=date&order=desc HTTP/1.1" 404 1018
172.22.2.3 - - [25/Jul/2015:01:36:24 -0500] "POST /cumbredelclima/wp-admin/admin-ajax.php HTTP/1.1" 200 47
172.22.2.3 - - [25/Jul/2015:01:36:39 -0500] "POST /cumbredelclima/wp-admin/admin-ajax.php HTTP/1.1" 200 47
