201.245.192.253 - - [25/Jul/2015:10:47:34 -0500] "GET /forest/skins/gdocs-jar/css/forms.css?version=1503.161801 HTTP/1.1" 304 -
201.245.192.253 - - [25/Jul/2015:10:47:34 -0500] "GET /forest/skins/gdocs-jar/css/dialog.css?version=1503.161801 HTTP/1.1" 304 -
201.245.192.253 - - [25/Jul/2015:10:47:34 -0500] "GET /forest/skins/gdocs-jar/js/autocompletar2.js?version=1503.161801 HTTP/1.1" 304 -
201.245.192.253 - - [25/Jul/2015:10:47:34 -0500] "GET /forest/skins/gdocs-jar/js/tareas.js?version=1503.161801 HTTP/1.1" 304 -
201.245.192.253 - - [25/Jul/2015:10:47:34 -0500] "GET /forest/img/forestIcon.gif?version=1503.161801 HTTP/1.1" 304 -
201.245.192.253 - - [25/Jul/2015:10:47:34 -0500] "GET /forest/skins/gdocs-jar/js/xml_utilities.js?version=1503.161801 HTTP/1.1" 304 -
201.245.192.253 - - [25/Jul/2015:10:47:34 -0500] "GET /forest/skins/gdocs-jar/js/grid.js?version=1503.161801 HTTP/1.1" 304 -
201.245.192.253 - - [25/Jul/2015:10:47:34 -0500] "GET /forest/skins/gdocs-jar/js/formsBase.js?version=1503.161801 HTTP/1.1" 304 -
201.245.192.253 - - [25/Jul/2015:10:47:34 -0500] "GET /forest/skins/gdocs-jar/js/number-functions.js?version=1503.161801 HTTP/1.1" 304 -
201.245.192.253 - - [25/Jul/2015:10:47:34 -0500] "GET /forest/skins/gdocs-jar/js/swfobject.js?version=1503.161801 HTTP/1.1" 304 -
201.245.192.253 - - [25/Jul/2015:10:47:34 -0500] "GET /forest/skins/gdocs-jar/js/graphicForm.js?version=1503.161801 HTTP/1.1" 304 -
201.245.192.253 - - [25/Jul/2015:10:47:34 -0500] "GET /forest/session.jsp?a=0.10314764717973657 HTTP/1.1" 200 4
201.245.192.253 - - [25/Jul/2015:10:47:34 -0500] "GET /forest/actions/forms.getMappedValues?id=id_Numeracion4&value=1429310817809&codForm=RevisarDocumento&a=0.5498709663516073 HTTP/1.1" 200 118
201.245.192.253 - - [25/Jul/2015:10:47:36 -0500] "GET /forest/borrador/1729664/Borrador%20juridico%202015-04-20.docx HTTP/1.1" 200 63285
172.22.2.3 - - [25/Jul/2015:10:47:39 -0500] "POST /cumbredelclima/wp-admin/admin-ajax.php HTTP/1.1" 200 23
161.18.83.219 - - [25/Jul/2015:10:47:44 -0500] "GET /BLA/boletinlegal/js/jquery.scrollShow.js HTTP/1.1" 200 4586
161.18.83.219 - - [25/Jul/2015:10:47:44 -0500] "GET /galeria/galeria/jquery.fancybox.css?v=2.1.5 HTTP/1.1" 200 4895
161.18.83.219 - - [25/Jul/2015:10:47:44 -0500] "GET /galeria/galeria/jquery.fancybox.js?v=2.1.5 HTTP/1.1" 200 48706
186.29.75.247 - - [25/Jul/2015:10:47:48 -0500] "GET /huelladecarbono/imagenes_descargas/fondo%20pantalla%20carbonoNO.jpg HTTP/1.1" 304 -
186.29.75.247 - - [25/Jul/2015:10:47:49 -0500] "GET /favicon.ico HTTP/1.1" 200 7782
172.22.2.3 - - [25/Jul/2015:10:47:54 -0500] "POST /cumbredelclima/wp-admin/admin-ajax.php HTTP/1.1" 200 23
172.22.2.3 - - [25/Jul/2015:10:48:09 -0500] "POST /cumbredelclima/wp-admin/admin-ajax.php HTTP/1.1" 200 23
66.249.64.96 - - [25/Jul/2015:10:48:10 -0500] "GET /autoliquidacion/Grupo%20Forestal%20-%20Silvicultura/Estructura%20del%20SIADAMA.xls HTTP/1.1" 304 -
201.245.192.253 - - [25/Jul/2015:10:48:09 -0500] "POST /wp-admin/admin-ajax.php HTTP/1.1" 200 23
172.22.2.3 - - [25/Jul/2015:10:48:24 -0500] "POST /cumbredelclima/wp-admin/admin-ajax.php HTTP/1.1" 200 23
172.22.2.3 - - [25/Jul/2015:10:48:39 -0500] "POST /cumbredelclima/wp-admin/admin-ajax.php HTTP/1.1" 200 23
186.115.35.190 - - [25/Jul/2015:10:48:40 -0500] "GET /galeria/galeria/jquery.fancybox.css?v=2.1.5 HTTP/1.1" 200 4895
66.249.64.96 - - [25/Jul/2015:10:48:50 -0500] "GET /BLA/resoluciones/AUTOS%202013/0041.pdf HTTP/1.1" 304 -
172.22.2.3 - - [25/Jul/2015:10:48:54 -0500] "POST /cumbredelclima/wp-admin/admin-ajax.php HTTP/1.1" 200 23
190.157.172.223 - - [25/Jul/2015:10:48:56 -0500] "GET /forest/session.jsp?a=0.7935895214322954 HTTP/1.1" 200 4
201.245.192.253 - - [25/Jul/2015:10:48:57 -0500] "GET /BLA/boletinlegal/js/jquery.scrollShow.js HTTP/1.1" 200 4586
201.245.192.253 - - [25/Jul/2015:10:48:57 -0500] "GET /galeria/galeria/jquery.fancybox.js?v=2.1.5 HTTP/1.1" 200 48706
201.245.192.253 - - [25/Jul/2015:10:48:57 -0500] "GET /galeria/galeria/jquery.fancybox.css?v=2.1.5 HTTP/1.1" 200 4895
201.245.192.253 - - [25/Jul/2015:10:48:57 -0500] "GET /galeria/carrusel/Carrusel/jquery.thumbnailScroller.css HTTP/1.1" 200 2066
201.245.192.253 - - [25/Jul/2015:10:48:57 -0500] "GET /galeria/carrusel/Carrusel/jquery-ui-1.8.13.custom.min.js HTTP/1.1" 200 10800
201.245.192.253 - - [25/Jul/2015:10:48:57 -0500] "GET /galeria/carrusel/Carrusel/jquery.thumbnailScroller.js HTTP/1.1" 200 8157
190.157.172.223 - - [25/Jul/2015:10:48:56 -0500] "GET /forest/buscar.do HTTP/1.1" 200 85067
190.157.172.223 - - [25/Jul/2015:10:48:57 -0500] "GET /forest/json.do?query=usersByDep&coddep=7026 HTTP/1.1" 200 1207
190.157.172.223 - - [25/Jul/2015:10:48:57 -0500] "GET /forest/json.do?query=versionListadas HTTP/1.1" 200 15
190.157.172.223 - - [25/Jul/2015:10:48:57 -0500] "GET /forest/json.do?query=usersByDep&coddep=7026 HTTP/1.1" 200 1207
190.157.172.223 - - [25/Jul/2015:10:48:57 -0500] "GET /forest/json.do?query=procesIniciales HTTP/1.1" 200 11194
190.157.172.223 - - [25/Jul/2015:10:48:57 -0500] "GET /forest/json.do?query=bpmnIniciales HTTP/1.1" 200 1095
201.245.192.253 - - [25/Jul/2015:10:49:01 -0500] "GET /galeria/nivo-slider/demo/demo.html HTTP/1.1" 200 5224
66.249.83.162 - - [25/Jul/2015:10:49:01 -0500] "GET /galeria/galeria/jquery.fancybox.css?v=2.1.5 HTTP/1.1" 200 4895
66.249.83.159 - - [25/Jul/2015:10:49:01 -0500] "GET /BLA/boletinlegal/js/jquery.scrollShow.js HTTP/1.1" 200 4586
66.249.83.159 - - [25/Jul/2015:10:49:01 -0500] "GET /galeria/galeria/jquery.fancybox.js?v=2.1.5 HTTP/1.1" 200 48706
186.115.35.190 - - [25/Jul/2015:10:49:02 -0500] "GET /galeria/galeria/jquery.fancybox.css?v=2.1.5 HTTP/1.1" 304 -
186.115.35.190 - - [25/Jul/2015:10:49:02 -0500] "GET /BLA/boletinlegal/js/jquery.scrollShow.js HTTP/1.1" 304 -
186.115.35.190 - - [25/Jul/2015:10:49:02 -0500] "GET /galeria/galeria/jquery.fancybox.js?v=2.1.5 HTTP/1.1" 304 -
201.245.192.253 - - [25/Jul/2015:10:49:02 -0500] "GET /galeria/nivo-slider/themes/default/default.css HTTP/1.1" 200 1569
201.245.192.253 - - [25/Jul/2015:10:49:02 -0500] "GET /galeria/nivo-slider/themes/orman/orman.css HTTP/1.1" 200 2152
201.245.192.253 - - [25/Jul/2015:10:49:02 -0500] "GET /galeria/nivo-slider/nivo-slider.css HTTP/1.1" 200 1507
201.245.192.253 - - [25/Jul/2015:10:49:02 -0500] "GET /galeria/nivo-slider/demo/style.css HTTP/1.1" 200 2222
201.245.192.253 - - [25/Jul/2015:10:49:02 -0500] "GET /galeria/nivo-slider/demo/scripts/jquery-1.7.1.min.js HTTP/1.1" 200 93868
201.245.192.253 - - [25/Jul/2015:10:49:02 -0500] "GET /galeria/nivo-slider/jquery.nivo.slider.pack.js HTTP/1.1" 200 11561
201.245.192.253 - - [25/Jul/2015:10:49:02 -0500] "GET /galeria/nivo-slider/demo/images/Rendicion-de-cuentas.jpg HTTP/1.1" 200 309079
201.245.192.253 - - [25/Jul/2015:10:49:02 -0500] "GET /galeria/nivo-slider/demo/images/banner-llantas2.jpg HTTP/1.1" 200 204644
201.245.192.253 - - [25/Jul/2015:10:49:02 -0500] "GET /galeria/nivo-slider/demo/images/Semana-PYBA.jpg HTTP/1.1" 200 147360
201.245.192.253 - - [25/Jul/2015:10:49:03 -0500] "GET /galeria/nivo-slider/demo/images/PREDAcamp.jpg HTTP/1.1" 200 295358
201.245.192.253 - - [25/Jul/2015:10:49:03 -0500] "GET /galeria/nivo-slider/demo/images/VoluntariadoPYBA.jpg HTTP/1.1" 200 40647
201.245.192.253 - - [25/Jul/2015:10:49:04 -0500] "GET /galeria/nivo-slider/demo/images/9Signos.jpg HTTP/1.1" 200 81776
201.245.192.253 - - [25/Jul/2015:10:49:05 -0500] "GET /galeria/nivo-slider/demo/images/Comparendo-ambiental-Banner.jpg HTTP/1.1" 200 83731
201.245.192.253 - - [25/Jul/2015:10:49:05 -0500] "GET /galeria/nivo-slider/demo/images/GAE-banner.jpg HTTP/1.1" 200 97556
201.245.192.253 - - [25/Jul/2015:10:49:05 -0500] "GET /galeria/nivo-slider/demo/images/Banner-encuesta-de-percepscio.jpg HTTP/1.1" 200 201899
201.245.192.253 - - [25/Jul/2015:10:49:07 -0500] "GET /galeria/nivo-slider/demo/images/banner-Pacto-por-la-madera.jpg HTTP/1.1" 200 209966
201.245.192.253 - - [25/Jul/2015:10:49:08 -0500] "GET /galeria/nivo-slider/demo/images/acuerdo_569.jpg HTTP/1.1" 200 62670
201.245.192.253 - - [25/Jul/2015:10:49:09 -0500] "GET /galeria/nivo-slider/demo/images/Licitaciones-proyecto-paramo.jpg HTTP/1.1" 200 221877
201.245.192.253 - - [25/Jul/2015:10:49:09 -0500] "GET /galeria/nivo-slider/demo/images/Banner-decreto1299.jpg HTTP/1.1" 200 182613
201.245.192.253 - - [25/Jul/2015:10:49:09 -0500] "GET /galeria/nivo-slider/demo/images/Banner-Directorio.jpg HTTP/1.1" 200 182068
172.22.2.3 - - [25/Jul/2015:10:49:09 -0500] "POST /cumbredelclima/wp-admin/admin-ajax.php HTTP/1.1" 200 23
201.245.192.253 - - [25/Jul/2015:10:49:10 -0500] "GET /galeria/nivo-slider/demo/images/Ruta-vertimientos-01.jpg HTTP/1.1" 200 130151
201.245.192.253 - - [25/Jul/2015:10:49:10 -0500] "GET /galeria/nivo-slider/demo/images/bolsas-06.jpg HTTP/1.1" 200 90982
201.245.192.253 - - [25/Jul/2015:10:49:12 -0500] "GET /galeria/nivo-slider/demo/images/Conoce-los-humedales.jpg HTTP/1.1" 200 294036
201.245.192.253 - - [25/Jul/2015:10:49:12 -0500] "GET /galeria/nivo-slider/demo/images/ecolecta-Dic2014.png HTTP/1.1" 200 288593
201.245.192.253 - - [25/Jul/2015:10:49:13 -0500] "GET /galeria/nivo-slider/demo/images/Banner-Caracol-Africano.jpg HTTP/1.1" 200 331986
201.245.192.253 - - [25/Jul/2015:10:49:13 -0500] "GET /galeria/nivo-slider/themes/pascal/pascal.css HTTP/1.1" 200 2258
66.249.83.156 - - [25/Jul/2015:10:49:15 -0500] "GET /galeria/galeria/jquery.fancybox.css?v=2.1.5 HTTP/1.1" 304 -
66.249.83.159 - - [25/Jul/2015:10:49:15 -0500] "GET /BLA/boletinlegal/js/jquery.scrollShow.js HTTP/1.1" 304 -
66.249.83.156 - - [25/Jul/2015:10:49:15 -0500] "GET /galeria/galeria/jquery.fancybox.js?v=2.1.5 HTTP/1.1" 304 -
201.245.192.253 - - [25/Jul/2015:10:49:16 -0500] "GET /forest/session.jsp?a=0.5535550314391134 HTTP/1.1" 200 4
190.157.172.223 - - [25/Jul/2015:10:49:18 -0500] "POST /forest/buscar.do? HTTP/1.1" 200 7119
190.157.172.223 - - [25/Jul/2015:10:49:23 -0500] "GET /forest/skins/gdocs-jar/popup/popup.jsp?width=900&height=600&title=Informaci%F3n%20de%20proceso&uri=/forest/system/process.jsp%3FnumPro%3D2274477&name=undefined&_a=0.49986990145407617&a=0.7422878751531243 HTTP/1.1" 200 1312
201.245.192.253 - - [25/Jul/2015:10:49:23 -0500] "GET /galeria/nivo-slider/demo/images/4Simple_Slider.png HTTP/1.1" 200 11722
201.245.192.253 - - [25/Jul/2015:10:49:23 -0500] "GET /galeria/nivo-slider/themes/default/loading.gif HTTP/1.1" 200 1737
186.80.250.238 - - [25/Jul/2015:10:49:23 -0500] "GET /forest/skins/gdocs-jar/jsp/cookie.jsp?name=grid_tercero&del HTTP/1.1" 200 -
190.157.172.223 - - [25/Jul/2015:10:49:23 -0500] "GET /forest/system/process.jsp?numPro=2274477 HTTP/1.1" 200 46468
186.80.250.238 - - [25/Jul/2015:10:49:23 -0500] "POST /forest/actions/workplace.getReparto?a=0.4261426776647568 HTTP/1.1" 200 1000
172.22.2.3 - - [25/Jul/2015:10:49:24 -0500] "POST /cumbredelclima/wp-admin/admin-ajax.php HTTP/1.1" 200 23
186.80.250.238 - - [25/Jul/2015:10:49:26 -0500] "GET /forest/suactividades.do?verDocs=&codPro=134&numPro=2709223&codInst=2727359&a=0.21244249562732875 HTTP/1.1" 200 57884
186.80.250.238 - - [25/Jul/2015:10:49:26 -0500] "GET /forest/skins/gdocs-jar/img/info.jpg HTTP/1.1" 200 482
186.80.250.238 - - [25/Jul/2015:10:49:28 -0500] "GET /forest/usudocumentos.do?p7z=1761266&a=0.2817286846693605&a=0.5245476823765785 HTTP/1.1" 200 2529
186.80.250.238 - - [25/Jul/2015:10:49:29 -0500] "GET /forest/documentos/1761266/2013IE172503.p7z:claro/Concepto%20Tecnico.doc HTTP/1.1" 200 623104
66.249.64.96 - - [25/Jul/2015:10:49:31 -0500] "GET /BLA/resoluciones/AUTOS%202012/1114.pdf HTTP/1.1" 304 -
190.157.172.223 - - [25/Jul/2015:10:49:36 -0500] "GET /forest/buscar.do HTTP/1.1" 200 85067
190.157.172.223 - - [25/Jul/2015:10:49:36 -0500] "GET /forest/json.do?query=usersByDep&coddep=7026 HTTP/1.1" 200 1207
190.157.172.223 - - [25/Jul/2015:10:49:36 -0500] "GET /forest/json.do?query=versionListadas HTTP/1.1" 200 15
190.157.172.223 - - [25/Jul/2015:10:49:36 -0500] "GET /forest/json.do?query=usersByDep&coddep=7026 HTTP/1.1" 200 1207
190.157.172.223 - - [25/Jul/2015:10:49:36 -0500] "GET /forest/json.do?query=procesIniciales HTTP/1.1" 200 11194
190.157.172.223 - - [25/Jul/2015:10:49:36 -0500] "GET /forest/json.do?query=bpmnIniciales HTTP/1.1" 200 1095
190.157.172.223 - - [25/Jul/2015:10:49:37 -0500] "GET /forest/xmlresponse.do?lista=searchTerceroByName&xmlret=1&todos=false&_a=0.9629416174720973&partNomTer=RAPIWASH HTTP/1.1" 200 179
200.31.13.221 - - [25/Jul/2015:10:49:39 -0500] "GET /galeria/galeria/jquery.fancybox.css?v=2.1.5 HTTP/1.1" 200 4895
200.31.13.221 - - [25/Jul/2015:10:49:39 -0500] "GET /galeria/galeria/jquery.fancybox.js?v=2.1.5 HTTP/1.1" 200 48706
200.31.13.221 - - [25/Jul/2015:10:49:39 -0500] "GET /galeria/carrusel/Carrusel/jquery.thumbnailScroller.css HTTP/1.1" 304 -
200.31.13.221 - - [25/Jul/2015:10:49:39 -0500] "GET /galeria/carrusel/Carrusel/jquery-ui-1.8.13.custom.min.js HTTP/1.1" 304 -
200.31.13.221 - - [25/Jul/2015:10:49:39 -0500] "GET /BLA/boletinlegal/js/jquery.scrollShow.js HTTP/1.1" 304 -
172.22.2.3 - - [25/Jul/2015:10:49:39 -0500] "POST /cumbredelclima/wp-admin/admin-ajax.php HTTP/1.1" 200 23
200.31.13.221 - - [25/Jul/2015:10:49:40 -0500] "GET /galeria/nivo-slider/demo/demo.html HTTP/1.1" 304 -
200.31.13.221 - - [25/Jul/2015:10:49:40 -0500] "GET /galeria/carrusel/Carrusel/jquery.thumbnailScroller.js HTTP/1.1" 304 -
200.31.13.221 - - [25/Jul/2015:10:49:40 -0500] "GET /galeria/nivo-slider/themes/pascal/pascal.css HTTP/1.1" 304 -
200.31.13.221 - - [25/Jul/2015:10:49:40 -0500] "GET /galeria/nivo-slider/nivo-slider.css HTTP/1.1" 304 -
200.31.13.221 - - [25/Jul/2015:10:49:40 -0500] "GET /galeria/nivo-slider/demo/images/Rendicion-de-cuentas.jpg HTTP/1.1" 304 -
200.31.13.221 - - [25/Jul/2015:10:49:40 -0500] "GET /galeria/nivo-slider/demo/images/Semana-PYBA.jpg HTTP/1.1" 304 -
200.31.13.221 - - [25/Jul/2015:10:49:40 -0500] "GET /galeria/nivo-slider/themes/orman/orman.css HTTP/1.1" 304 -
200.31.13.221 - - [25/Jul/2015:10:49:40 -0500] "GET /galeria/nivo-slider/demo/images/banner-llantas2.jpg HTTP/1.1" 304 -
200.31.13.221 - - [25/Jul/2015:10:49:40 -0500] "GET /galeria/nivo-slider/demo/images/PREDAcamp.jpg HTTP/1.1" 304 -
200.31.13.221 - - [25/Jul/2015:10:49:40 -0500] "GET /galeria/nivo-slider/demo/images/VoluntariadoPYBA.jpg HTTP/1.1" 304 -
200.31.13.221 - - [25/Jul/2015:10:49:40 -0500] "GET /galeria/nivo-slider/demo/images/9Signos.jpg HTTP/1.1" 304 -
200.31.13.221 - - [25/Jul/2015:10:49:40 -0500] "GET /galeria/nivo-slider/demo/images/Comparendo-ambiental-Banner.jpg HTTP/1.1" 304 -
200.31.13.221 - - [25/Jul/2015:10:49:40 -0500] "GET /galeria/nivo-slider/demo/images/GAE-banner.jpg HTTP/1.1" 304 -
200.31.13.221 - - [25/Jul/2015:10:49:40 -0500] "GET /galeria/nivo-slider/demo/images/Banner-encuesta-de-percepscio.jpg HTTP/1.1" 304 -
200.31.13.221 - - [25/Jul/2015:10:49:40 -0500] "GET /galeria/nivo-slider/demo/images/acuerdo_569.jpg HTTP/1.1" 304 -
200.31.13.221 - - [25/Jul/2015:10:49:40 -0500] "GET /galeria/nivo-slider/demo/images/banner-Pacto-por-la-madera.jpg HTTP/1.1" 304 -
200.31.13.221 - - [25/Jul/2015:10:49:40 -0500] "GET /galeria/nivo-slider/demo/images/Licitaciones-proyecto-paramo.jpg HTTP/1.1" 304 -
200.31.13.221 - - [25/Jul/2015:10:49:40 -0500] "GET /galeria/nivo-slider/demo/images/Banner-decreto1299.jpg HTTP/1.1" 304 -
200.31.13.221 - - [25/Jul/2015:10:49:40 -0500] "GET /galeria/nivo-slider/demo/images/Banner-Directorio.jpg HTTP/1.1" 304 -
200.31.13.221 - - [25/Jul/2015:10:49:40 -0500] "GET /galeria/nivo-slider/demo/images/Ruta-vertimientos-01.jpg HTTP/1.1" 304 -
200.31.13.221 - - [25/Jul/2015:10:49:40 -0500] "GET /galeria/nivo-slider/demo/images/Conoce-los-humedales.jpg HTTP/1.1" 304 -
200.31.13.221 - - [25/Jul/2015:10:49:40 -0500] "GET /galeria/nivo-slider/demo/images/bolsas-06.jpg HTTP/1.1" 304 -
200.31.13.221 - - [25/Jul/2015:10:49:40 -0500] "GET /galeria/nivo-slider/demo/images/ecolecta-Dic2014.png HTTP/1.1" 304 -
200.31.13.221 - - [25/Jul/2015:10:49:40 -0500] "GET /galeria/nivo-slider/demo/images/Banner-Caracol-Africano.jpg HTTP/1.1" 304 -
200.31.13.221 - - [25/Jul/2015:10:49:40 -0500] "GET /galeria/nivo-slider/demo/scripts/jquery-1.7.1.min.js HTTP/1.1" 304 -
200.31.13.221 - - [25/Jul/2015:10:49:40 -0500] "GET /galeria/nivo-slider/jquery.nivo.slider.pack.js HTTP/1.1" 304 -
200.31.13.221 - - [25/Jul/2015:10:49:40 -0500] "GET /galeria/nivo-slider/themes/default/default.css HTTP/1.1" 304 -
200.31.13.221 - - [25/Jul/2015:10:49:40 -0500] "GET /galeria/nivo-slider/demo/style.css HTTP/1.1" 304 -
200.31.13.221 - - [25/Jul/2015:10:49:41 -0500] "GET /galeria/nivo-slider/demo/images/4Simple_Slider.png HTTP/1.1" 304 -
200.31.13.221 - - [25/Jul/2015:10:49:41 -0500] "GET /galeria/nivo-slider/themes/default/loading.gif HTTP/1.1" 304 -
200.31.13.221 - - [25/Jul/2015:10:49:41 -0500] "GET /galeria/nivo-slider/themes/default/bullets.png HTTP/1.1" 304 -
201.245.192.253 - - [25/Jul/2015:10:49:43 -0500] "GET /galeria/nivo-slider/themes/default/arrows.png HTTP/1.1" 200 824
201.245.192.253 - - [25/Jul/2015:10:49:43 -0500] "GET /galeria/nivo-slider/themes/default/bullets.png HTTP/1.1" 200 1281
201.245.192.253 - - [25/Jul/2015:10:43:44 -0500] "GET /ForestMSG_SDA/channelAsync/template_word_17955531?X-Atmosphere-tracking-id=984a2eec-04ba-c3d5-2d2e-9bbc1e2f3df7&X-Atmosphere-Framework=1.0.5&X-Atmosphere-Transport=long-polling&tabid=0.3892130242267069&X-Cache-Date=0&Content-Type=application/xml&_=1437839048776 HTTP/1.1" 200 8193
201.245.192.253 - - [25/Jul/2015:10:49:48 -0500] "GET /forest/session.jsp?a=0.3923500005862217 HTTP/1.1" 200 4
200.31.13.221 - - [25/Jul/2015:10:49:50 -0500] "GET /galeria/nivo-slider/themes/default/arrows.png HTTP/1.1" 304 -
190.84.68.120 - - [25/Jul/2015:10:49:51 -0500] "GET /BLA/resoluciones/AUTOS%202011/2404.pdf HTTP/1.1" 200 163725
66.249.64.96 - - [25/Jul/2015:10:49:52 -0500] "GET /BLA/resoluciones/RESOLUCIONES%202005/RES%202005%201001-1050/00001008.tif HTTP/1.1" 304 -
66.249.64.106 - - [25/Jul/2015:10:49:54 -0500] "GET /galeria/galeria/fotos/Entrenube4P.jpg HTTP/1.1" 304 -
172.22.2.3 - - [25/Jul/2015:10:49:54 -0500] "POST /cumbredelclima/wp-admin/admin-ajax.php HTTP/1.1" 200 23
66.249.64.101 - - [25/Jul/2015:10:50:01 -0500] "GET /galeria/galeria/fotos/Jaboque3P.jpg HTTP/1.1" 304 -
66.249.64.106 - - [25/Jul/2015:10:50:01 -0500] "GET /BLA/resoluciones/RESOLUCIONES%202003/RES%202003%201751-1800/20031751.tif HTTP/1.1" 304 -
190.159.183.151 - - [25/Jul/2015:10:50:02 -0500] "GET /BLA/boletinlegal/js/jquery.scrollShow.js HTTP/1.1" 200 4586
190.159.183.151 - - [25/Jul/2015:10:50:02 -0500] "GET /galeria/galeria/jquery.fancybox.css?v=2.1.5 HTTP/1.1" 200 4895
190.159.183.151 - - [25/Jul/2015:10:50:02 -0500] "GET /galeria/galeria/jquery.fancybox.js?v=2.1.5 HTTP/1.1" 200 48706
186.29.75.247 - - [25/Jul/2015:10:50:06 -0500] "GET /huelladecarbono/index.html HTTP/1.1" 304 -
190.159.183.151 - - [25/Jul/2015:10:50:07 -0500] "GET /BLA/boletinlegal/js/jquery.scrollShow.js HTTP/1.1" 200 4586
190.159.183.151 - - [25/Jul/2015:10:50:07 -0500] "GET /galeria/galeria/jquery.fancybox.css?v=2.1.5 HTTP/1.1" 200 4895
190.159.183.151 - - [25/Jul/2015:10:50:07 -0500] "GET /galeria/galeria/jquery.fancybox.js?v=2.1.5 HTTP/1.1" 200 48706
172.22.2.3 - - [25/Jul/2015:10:50:09 -0500] "POST /cumbredelclima/wp-admin/admin-ajax.php HTTP/1.1" 200 23
66.249.64.96 - - [25/Jul/2015:10:50:10 -0500] "GET /BLA/resoluciones/RESOLUCIONES%202003/RES%202003%201751-1800/20031763.tif HTTP/1.1" 304 -
66.249.64.96 - - [25/Jul/2015:10:50:11 -0500] "GET /galeria/galeria/fotos/Capellania1P.jpg HTTP/1.1" 304 -
66.249.64.106 - - [25/Jul/2015:10:50:12 -0500] "GET /BLA/resoluciones/RESOLUCIONES%202013/0985.pdf HTTP/1.1" 304 -
66.249.64.101 - - [25/Jul/2015:10:50:14 -0500] "GET /galeria/galeria/fotos/Jaboque4P.jpg HTTP/1.1" 304 -
201.245.192.253 - - [25/Jul/2015:10:50:09 -0500] "POST /wp-admin/admin-ajax.php HTTP/1.1" 200 23
172.22.2.3 - - [25/Jul/2015:10:50:24 -0500] "POST /cumbredelclima/wp-admin/admin-ajax.php HTTP/1.1" 200 23
66.249.64.101 - - [25/Jul/2015:10:50:38 -0500] "GET /BLA/resoluciones/AUTOS%202010/6420.pdf HTTP/1.1" 200 416307
172.22.2.3 - - [25/Jul/2015:10:50:39 -0500] "POST /cumbredelclima/wp-admin/admin-ajax.php HTTP/1.1" 200 23
66.249.64.106 - - [25/Jul/2015:10:50:53 -0500] "GET /BLA/resoluciones/RESOLUCIONES%202012/1104.pdf HTTP/1.1" 304 -
74.86.158.107 - - [25/Jul/2015:10:50:54 -0500] "HEAD / HTTP/1.1" 200 -
172.22.2.3 - - [25/Jul/2015:10:50:54 -0500] "POST /cumbredelclima/wp-admin/admin-ajax.php HTTP/1.1" 200 23
186.29.75.247 - - [25/Jul/2015:10:50:58 -0500] "GET /huelladecarbono/index.html HTTP/1.1" 304 -
186.29.75.247 - - [25/Jul/2015:10:51:01 -0500] "GET /huelladecarbono/index.html HTTP/1.1" 304 -
186.29.75.247 - - [25/Jul/2015:10:51:04 -0500] "GET /huelladecarbono/index.html HTTP/1.1" 304 -
172.22.2.3 - - [25/Jul/2015:10:51:09 -0500] "POST /cumbredelclima/wp-admin/admin-ajax.php HTTP/1.1" 200 23
190.157.212.136 - - [25/Jul/2015:10:51:09 -0500] "GET /galeria/galeria/jquery.fancybox.css?v=2.1.5 HTTP/1.1" 200 4895
190.157.212.136 - - [25/Jul/2015:10:51:09 -0500] "GET /BLA/boletinlegal/js/jquery.scrollShow.js HTTP/1.1" 200 4586
190.157.212.136 - - [25/Jul/2015:10:51:09 -0500] "GET /galeria/galeria/jquery.fancybox.js?v=2.1.5 HTTP/1.1" 200 48706
200.31.13.221 - - [25/Jul/2015:10:51:14 -0500] "GET /galeria/galeria/jquery.fancybox.js?v=2.1.5 HTTP/1.1" 304 -
200.31.13.221 - - [25/Jul/2015:10:51:14 -0500] "GET /galeria/galeria/jquery.fancybox.css?v=2.1.5 HTTP/1.1" 304 -
190.157.212.136 - - [25/Jul/2015:10:51:18 -0500] "GET /galeria/galeria/jquery.fancybox.css?v=2.1.5 HTTP/1.1" 304 -
190.157.212.136 - - [25/Jul/2015:10:51:18 -0500] "GET /galeria/galeria/jquery.fancybox.js?v=2.1.5 HTTP/1.1" 304 -
190.157.212.136 - - [25/Jul/2015:10:51:18 -0500] "GET /BLA/boletinlegal/js/jquery.scrollShow.js HTTP/1.1" 304 -
172.22.2.3 - - [25/Jul/2015:10:51:24 -0500] "POST /cumbredelclima/wp-admin/admin-ajax.php HTTP/1.1" 200 23
190.159.183.151 - - [25/Jul/2015:10:51:32 -0500] "GET /galeria/galeria/jquery.fancybox.js?v=2.1.5 HTTP/1.1" 304 -
190.159.183.151 - - [25/Jul/2015:10:51:32 -0500] "GET /galeria/galeria/jquery.fancybox.css?v=2.1.5 HTTP/1.1" 304 -
66.249.64.96 - - [25/Jul/2015:10:51:33 -0500] "GET /BLA/resoluciones/RESOLUCIONES%202013/0883.pdf HTTP/1.1" 304 -
190.157.172.223 - - [25/Jul/2015:10:49:47 -0500] "POST /forest/buscar.do? HTTP/1.1" 200 14574
172.22.2.3 - - [25/Jul/2015:10:51:39 -0500] "POST /cumbredelclima/wp-admin/admin-ajax.php HTTP/1.1" 200 23
190.159.183.151 - - [25/Jul/2015:10:51:50 -0500] "GET /galeria/galeria/jquery.fancybox.css?v=2.1.5 HTTP/1.1" 304 -
190.159.183.151 - - [25/Jul/2015:10:51:50 -0500] "GET /galeria/galeria/jquery.fancybox.js?v=2.1.5 HTTP/1.1" 304 -
190.157.172.223 - - [25/Jul/2015:10:51:51 -0500] "GET /forest/skins/gdocs-jar/popup/popup.jsp?width=900&height=600&title=Informaci%F3n%20de%20proceso&uri=/forest/system/process.jsp%3FnumPro%3D2229872&name=undefined&_a=0.42883646907284856&a=0.06334333890117705 HTTP/1.1" 200 1312
190.157.172.223 - - [25/Jul/2015:10:51:51 -0500] "GET /forest/system/process.jsp?numPro=2229872 HTTP/1.1" 200 26922
190.157.172.223 - - [25/Jul/2015:10:51:54 -0500] "GET /forest/skins/gdocs-jar/popup/popup.jsp?width=900&height=600&title=Informaci%F3n%20de%20proceso&uri=/forest/system/process.jsp%3FnumPro%3D2274477&name=undefined&_a=0.12437349813990295&a=0.21255805273540318 HTTP/1.1" 200 1312
190.157.172.223 - - [25/Jul/2015:10:51:54 -0500] "GET /forest/system/process.jsp?numPro=2274477 HTTP/1.1" 200 24552
190.157.172.223 - - [25/Jul/2015:10:51:54 -0500] "GET /forest/system/process.jsp?numPro=2274477 HTTP/1.1" 200 46468
172.22.2.3 - - [25/Jul/2015:10:51:54 -0500] "POST /cumbredelclima/wp-admin/admin-ajax.php HTTP/1.1" 200 23
190.157.172.223 - - [25/Jul/2015:10:51:57 -0500] "GET /forest/skins/gdocs-jar/popup/popup.jsp?width=900&height=600&title=Informaci%F3n%20de%20proceso&uri=/forest/system/process.jsp%3FnumPro%3D2318106&name=undefined&_a=0.3996325801126659&a=0.3456523325294256 HTTP/1.1" 200 1312
190.157.172.223 - - [25/Jul/2015:10:51:57 -0500] "GET /forest/system/process.jsp?numPro=2318106 HTTP/1.1" 200 32909
190.157.172.223 - - [25/Jul/2015:10:51:59 -0500] "GET /forest/skins/gdocs-jar/popup/popup.jsp?width=850&height=380&title=Informaci%F3n%20del%20radicado&uri=/forest/system/document.jsp%3FcodDoc%3D1448653&name=undefined&_a=0.036821956280618906&a=0.9499236294068396 HTTP/1.1" 200 1315
190.157.172.223 - - [25/Jul/2015:10:51:59 -0500] "GET /forest/system/document.jsp?codDoc=1448653 HTTP/1.1" 200 15275
190.68.200.142 - - [25/Jul/2015:10:46:02 -0500] "GET /ForestMSG_SDA/channelAsync/template_word_18748871?X-Atmosphere-tracking-id=9277aa1f-bb9d-ba43-8e67-8d80f42d6043&X-Atmosphere-Framework=1.0.5&X-Atmosphere-Transport=long-polling&tabid=0.6955894522834569&X-Cache-Date=0&Content-Type=application/xml&_=1437839300286 HTTP/1.1" 200 8193
190.157.172.223 - - [25/Jul/2015:10:52:01 -0500] "GET /forest/documentos/1448653/2012EE024892.doc HTTP/1.1" 200 850944
172.22.2.3 - - [25/Jul/2015:10:52:09 -0500] "POST /cumbredelclima/wp-admin/admin-ajax.php HTTP/1.1" 200 23
186.80.250.238 - - [25/Jul/2015:10:52:10 -0500] "GET /forest/session.jsp?a=0.4639815918635577 HTTP/1.1" 200 4
66.249.64.24 - - [25/Jul/2015:10:52:14 -0500] "GET /estrategia-internacional/ HTTP/1.1" 200 42477
181.61.79.126 - - [25/Jul/2015:10:52:21 -0500] "GET /galeria/galeria/jquery.fancybox.js?v=2.1.5 HTTP/1.1" 200 48706
181.61.79.126 - - [25/Jul/2015:10:52:21 -0500] "GET /galeria/galeria/jquery.fancybox.css?v=2.1.5 HTTP/1.1" 200 4895
181.61.79.126 - - [25/Jul/2015:10:52:21 -0500] "GET /BLA/boletinlegal/js/jquery.scrollShow.js HTTP/1.1" 200 4586
181.61.79.126 - - [25/Jul/2015:10:52:21 -0500] "GET /galeria/carrusel/Carrusel/jquery-ui-1.8.13.custom.min.js HTTP/1.1" 200 10800
181.61.79.126 - - [25/Jul/2015:10:52:21 -0500] "GET /galeria/carrusel/Carrusel/jquery.thumbnailScroller.css HTTP/1.1" 200 2066
181.61.79.126 - - [25/Jul/2015:10:52:21 -0500] "GET /galeria/carrusel/Carrusel/jquery.thumbnailScroller.js HTTP/1.1" 200 8157
201.245.192.253 - - [25/Jul/2015:10:52:09 -0500] "POST /wp-admin/admin-ajax.php HTTP/1.1" 200 23
172.22.2.3 - - [25/Jul/2015:10:52:24 -0500] "POST /cumbredelclima/wp-admin/admin-ajax.php HTTP/1.1" 200 23
181.61.79.126 - - [25/Jul/2015:10:52:25 -0500] "GET /galeria/nivo-slider/demo/demo.html HTTP/1.1" 200 5224
181.61.79.126 - - [25/Jul/2015:10:52:28 -0500] "GET /galeria/nivo-slider/themes/pascal/pascal.css HTTP/1.1" 200 2258
181.61.79.126 - - [25/Jul/2015:10:52:28 -0500] "GET /galeria/nivo-slider/themes/default/default.css HTTP/1.1" 200 1569
181.61.79.126 - - [25/Jul/2015:10:52:28 -0500] "GET /galeria/nivo-slider/demo/style.css HTTP/1.1" 200 2222
181.61.79.126 - - [25/Jul/2015:10:52:28 -0500] "GET /galeria/nivo-slider/demo/scripts/jquery-1.7.1.min.js HTTP/1.1" 200 93868
181.61.79.126 - - [25/Jul/2015:10:52:28 -0500] "GET /galeria/nivo-slider/themes/orman/orman.css HTTP/1.1" 200 2152
181.61.79.126 - - [25/Jul/2015:10:52:28 -0500] "GET /galeria/nivo-slider/nivo-slider.css HTTP/1.1" 200 1507
181.61.79.126 - - [25/Jul/2015:10:52:28 -0500] "GET /galeria/nivo-slider/jquery.nivo.slider.pack.js HTTP/1.1" 200 11561
181.61.79.126 - - [25/Jul/2015:10:52:29 -0500] "GET /galeria/nivo-slider/demo/images/Rendicion-de-cuentas.jpg HTTP/1.1" 200 309079
181.61.79.126 - - [25/Jul/2015:10:52:29 -0500] "GET /galeria/nivo-slider/demo/images/banner-llantas2.jpg HTTP/1.1" 200 204644
181.61.79.126 - - [25/Jul/2015:10:52:30 -0500] "GET /galeria/nivo-slider/demo/images/4Simple_Slider.png HTTP/1.1" 200 11722
181.61.79.126 - - [25/Jul/2015:10:52:30 -0500] "GET /galeria/nivo-slider/themes/default/loading.gif HTTP/1.1" 200 1737
181.61.79.126 - - [25/Jul/2015:10:52:30 -0500] "GET /galeria/nivo-slider/demo/images/Semana-PYBA.jpg HTTP/1.1" 200 147360
181.61.79.126 - - [25/Jul/2015:10:52:30 -0500] "GET /galeria/nivo-slider/demo/images/PREDAcamp.jpg HTTP/1.1" 200 295358
181.61.79.126 - - [25/Jul/2015:10:52:30 -0500] "GET /galeria/nivo-slider/demo/images/VoluntariadoPYBA.jpg HTTP/1.1" 200 40647
181.61.79.126 - - [25/Jul/2015:10:52:30 -0500] "GET /galeria/nivo-slider/demo/images/9Signos.jpg HTTP/1.1" 200 81776
181.61.79.126 - - [25/Jul/2015:10:52:31 -0500] "GET /galeria/nivo-slider/demo/images/Comparendo-ambiental-Banner.jpg HTTP/1.1" 200 83731
181.61.79.126 - - [25/Jul/2015:10:52:31 -0500] "GET /galeria/nivo-slider/demo/images/GAE-banner.jpg HTTP/1.1" 200 97556
181.61.79.126 - - [25/Jul/2015:10:52:31 -0500] "GET /galeria/nivo-slider/demo/images/Banner-encuesta-de-percepscio.jpg HTTP/1.1" 200 201899
181.61.79.126 - - [25/Jul/2015:10:52:31 -0500] "GET /galeria/nivo-slider/demo/images/acuerdo_569.jpg HTTP/1.1" 200 62670
181.61.79.126 - - [25/Jul/2015:10:52:31 -0500] "GET /galeria/nivo-slider/demo/images/banner-Pacto-por-la-madera.jpg HTTP/1.1" 200 209966
181.61.79.126 - - [25/Jul/2015:10:52:31 -0500] "GET /galeria/nivo-slider/demo/images/Licitaciones-proyecto-paramo.jpg HTTP/1.1" 200 221877
181.61.79.126 - - [25/Jul/2015:10:52:32 -0500] "GET /galeria/nivo-slider/demo/images/Banner-decreto1299.jpg HTTP/1.1" 200 182613
181.61.79.126 - - [25/Jul/2015:10:52:32 -0500] "GET /galeria/nivo-slider/demo/images/Banner-Directorio.jpg HTTP/1.1" 200 182068
181.61.79.126 - - [25/Jul/2015:10:52:32 -0500] "GET /galeria/nivo-slider/demo/images/Ruta-vertimientos-01.jpg HTTP/1.1" 200 130151
181.61.79.126 - - [25/Jul/2015:10:52:32 -0500] "GET /galeria/nivo-slider/demo/images/bolsas-06.jpg HTTP/1.1" 200 90982
181.61.79.126 - - [25/Jul/2015:10:52:33 -0500] "GET /galeria/nivo-slider/demo/images/Conoce-los-humedales.jpg HTTP/1.1" 200 294036
181.61.79.126 - - [25/Jul/2015:10:52:33 -0500] "GET /galeria/nivo-slider/demo/images/ecolecta-Dic2014.png HTTP/1.1" 200 288593
181.61.79.126 - - [25/Jul/2015:10:52:33 -0500] "GET /galeria/nivo-slider/demo/images/Banner-Caracol-Africano.jpg HTTP/1.1" 200 331986
201.245.192.253 - - [25/Jul/2015:10:52:34 -0500] "GET /forest/session.jsp?a=0.9895292579612774 HTTP/1.1" 200 4
181.61.79.126 - - [25/Jul/2015:10:52:36 -0500] "GET /galeria/nivo-slider/themes/default/bullets.png HTTP/1.1" 200 1281
181.61.79.126 - - [25/Jul/2015:10:52:36 -0500] "GET /galeria/nivo-slider/themes/default/arrows.png HTTP/1.1" 200 824
172.22.2.3 - - [25/Jul/2015:10:52:39 -0500] "POST /cumbredelclima/wp-admin/admin-ajax.php HTTP/1.1" 200 23
66.249.64.101 - - [25/Jul/2015:10:52:44 -0500] "GET /BLA/resoluciones/dlf/unknown.png HTTP/1.1" 304 -
181.61.79.126 - - [25/Jul/2015:10:52:50 -0500] "GET /BLA/boletinlegal/style.css HTTP/1.1" 200 9406
181.61.79.126 - - [25/Jul/2015:10:52:50 -0500] "GET /BLA/boletinlegal/styles2.css HTTP/1.1" 200 1838
181.61.79.126 - - [25/Jul/2015:10:52:50 -0500] "GET /BLA/boletinlegal/images/cabezote%20BLEGAL.jpg HTTP/1.1" 200 118164
181.61.79.126 - - [25/Jul/2015:10:52:50 -0500] "GET /BLA/boletinlegal/js/jquery.js HTTP/1.1" 200 57254
181.61.79.126 - - [25/Jul/2015:10:52:50 -0500] "GET /BLA/boletinlegal/js/jquery.scrollTo-min.js HTTP/1.1" 200 1150
181.61.79.126 - - [25/Jul/2015:10:52:51 -0500] "GET /BLA/boletinlegal/images/nuevo.gif HTTP/1.1" 200 26475
181.61.79.126 - - [25/Jul/2015:10:52:51 -0500] "GET /BLA/boletinlegal/images/subscribe-icon-big.png HTTP/1.1" 200 47702
181.61.79.126 - - [25/Jul/2015:10:52:51 -0500] "GET /BLA/boletinlegal/images/arr_l.jpg HTTP/1.1" 200 1979
181.61.79.126 - - [25/Jul/2015:10:52:51 -0500] "GET /BLA/boletinlegal/images/historia.png HTTP/1.1" 200 52775
181.61.79.126 - - [25/Jul/2015:10:52:51 -0500] "GET /BLA/boletinlegal/images/launch.jpg HTTP/1.1" 200 14577
181.61.79.126 - - [25/Jul/2015:10:52:51 -0500] "GET /BLA/boletinlegal/images/screen_1.png HTTP/1.1" 200 202547
181.61.79.126 - - [25/Jul/2015:10:52:51 -0500] "GET /BLA/boletinlegal/images/body_bg.jpg HTTP/1.1" 200 1601
181.61.79.126 - - [25/Jul/2015:10:52:51 -0500] "GET /BLA/boletinlegal/images/menu_lft.gif HTTP/1.1" 200 1713
181.61.79.126 - - [25/Jul/2015:10:52:51 -0500] "GET /BLA/boletinlegal/images/menu_rght.gif HTTP/1.1" 200 1627
181.61.79.126 - - [25/Jul/2015:10:52:51 -0500] "GET /BLA/boletinlegal/images/bg_top.jpg HTTP/1.1" 200 522
181.61.79.126 - - [25/Jul/2015:10:52:51 -0500] "GET /BLA/boletinlegal/images/menu_bg.jpg HTTP/1.1" 200 620
181.61.79.126 - - [25/Jul/2015:10:52:51 -0500] "GET /BLA/boletinlegal/images/screen_3.png HTTP/1.1" 200 210620
181.61.79.126 - - [25/Jul/2015:10:52:51 -0500] "GET /BLA/boletinlegal/images/screen_2.png HTTP/1.1" 200 362502
181.61.79.126 - - [25/Jul/2015:10:52:51 -0500] "GET /BLA/boletinlegal/images/screen_5.png HTTP/1.1" 200 368876
181.61.79.126 - - [25/Jul/2015:10:52:51 -0500] "GET /BLA/boletinlegal/images/text.jpg HTTP/1.1" 200 568
181.61.79.126 - - [25/Jul/2015:10:52:52 -0500] "GET /BLA/boletinlegal/images/arr_r.jpg HTTP/1.1" 200 1998
181.61.79.126 - - [25/Jul/2015:10:52:52 -0500] "GET /BLA/boletinlegal/images/hover.jpg HTTP/1.1" 200 640
181.61.79.126 - - [25/Jul/2015:10:52:52 -0500] "GET /BLA/boletinlegal/images/footer_bg.jpg HTTP/1.1" 200 586
181.61.79.126 - - [25/Jul/2015:10:52:53 -0500] "GET /BLA/boletinlegal/actos.php HTTP/1.1" 200 7574
181.61.79.126 - - [25/Jul/2015:10:52:53 -0500] "GET /BLA/boletinlegal/niceforms.js HTTP/1.1" 200 22876
181.61.79.126 - - [25/Jul/2015:10:52:53 -0500] "GET /BLA/boletinlegal/js/popup.js HTTP/1.1" 200 1270
181.61.79.126 - - [25/Jul/2015:10:52:53 -0500] "GET /BLA/boletinlegal/js/ajax_actos.js HTTP/1.1" 200 1322
181.61.79.126 - - [25/Jul/2015:10:52:53 -0500] "GET /BLA/boletinlegal/niceforms-default.css HTTP/1.1" 200 6694
181.61.79.126 - - [25/Jul/2015:10:52:53 -0500] "GET /BLA/boletinlegal/js/lib.js HTTP/1.1" 200 6474
181.61.79.126 - - [25/Jul/2015:10:52:53 -0500] "GET /BLA/boletinlegal/js/jquery1.js HTTP/1.1" 200 29846
181.61.79.126 - - [25/Jul/2015:10:52:53 -0500] "GET /BLA/boletinlegal/images/green-yellow-blue-pink-th.png HTTP/1.1" 200 7394
181.61.79.126 - - [25/Jul/2015:10:52:53 -0500] "GET /BLA/boletinlegal/images/abajo.png HTTP/1.1" 200 96676
181.61.79.126 - - [25/Jul/2015:10:52:54 -0500] "GET /BLA/boletinlegal/images/footer_bg_l.jpg HTTP/1.1" 200 776
181.61.79.126 - - [25/Jul/2015:10:52:54 -0500] "GET /BLA/boletinlegal/img/0.png HTTP/1.1" 200 110
181.61.79.126 - - [25/Jul/2015:10:52:54 -0500] "GET /BLA/boletinlegal/img/button-right.png HTTP/1.1" 200 57878
181.61.79.126 - - [25/Jul/2015:10:52:54 -0500] "GET /BLA/boletinlegal/img/button-left.png HTTP/1.1" 200 57071
181.61.79.126 - - [25/Jul/2015:10:52:54 -0500] "GET /BLA/boletinlegal/img/select-left.png HTTP/1.1" 200 263
181.61.79.126 - - [25/Jul/2015:10:52:54 -0500] "GET /BLA/boletinlegal/img/select-right.png HTTP/1.1" 200 44019
181.61.79.126 - - [25/Jul/2015:10:52:54 -0500] "GET /BLA/boletinlegal/img/button.png HTTP/1.1" 200 43241
181.61.79.126 - - [25/Jul/2015:10:52:54 -0500] "GET /favicon.ico HTTP/1.1" 200 7782
172.22.2.3 - - [25/Jul/2015:10:52:54 -0500] "POST /cumbredelclima/wp-admin/admin-ajax.php HTTP/1.1" 200 23
66.249.64.106 - - [25/Jul/2015:10:52:55 -0500] "GET /BLA/resoluciones/RESOLUCIONES%202007/RES%202007%201901%20AL%202000/RESOLUCION%201945%20DE%202007.pdf HTTP/1.1" 304 -
172.22.2.3 - - [25/Jul/2015:10:53:09 -0500] "POST /cumbredelclima/wp-admin/admin-ajax.php HTTP/1.1" 200 23
172.22.2.3 - - [25/Jul/2015:10:53:24 -0500] "POST /cumbredelclima/wp-admin/admin-ajax.php HTTP/1.1" 200 23
181.61.79.126 - - [25/Jul/2015:10:52:50 -0500] "GET /BLA/boletinlegal/ HTTP/1.1" 200 36772
181.61.79.126 - - [25/Jul/2015:10:53:28 -0500] "GET /BLA/boletinlegal/consulta_actos.php?tipo=autos&no=4274&usuario=&sector=RUIDO&fecha=2010&resuelve= HTTP/1.1" 200 623
181.61.79.126 - - [25/Jul/2015:10:53:31 -0500] "GET /BLA/boletinlegal/consulta_actos.php?tipo=autos&no=4274&usuario=&sector=RUIDO&fecha=2010&resuelve= HTTP/1.1" 200 623
181.61.79.126 - - [25/Jul/2015:10:53:32 -0500] "GET /BLA/boletinlegal/consulta_actos.php?tipo=autos&no=4274&usuario=&sector=RUIDO&fecha=2010&resuelve= HTTP/1.1" 200 623
200.47.156.216 - - [25/Jul/2015:10:53:34 -0500] "GET /BLA/boletinlegal/styles2.css HTTP/1.1" 200 1838
200.47.156.216 - - [25/Jul/2015:10:53:34 -0500] "GET /BLA/boletinlegal/js/jquery.js HTTP/1.1" 200 57254
200.47.156.216 - - [25/Jul/2015:10:53:34 -0500] "GET /BLA/boletinlegal/images/nuevo.gif HTTP/1.1" 200 26475
200.47.156.216 - - [25/Jul/2015:10:53:34 -0500] "GET /BLA/boletinlegal/js/jquery.scrollTo-min.js HTTP/1.1" 200 1150
200.47.156.216 - - [25/Jul/2015:10:53:34 -0500] "GET /BLA/boletinlegal/style.css HTTP/1.1" 200 9406
200.47.156.216 - - [25/Jul/2015:10:53:34 -0500] "GET /BLA/boletinlegal/images/subscribe-icon-big.png HTTP/1.1" 200 47702
200.47.156.216 - - [25/Jul/2015:10:53:34 -0500] "GET /BLA/boletinlegal/images/historia.png HTTP/1.1" 200 52775
200.47.156.216 - - [25/Jul/2015:10:53:34 -0500] "GET /BLA/boletinlegal/images/arr_l.jpg HTTP/1.1" 200 1979
200.47.156.216 - - [25/Jul/2015:10:53:34 -0500] "GET /BLA/boletinlegal/images/launch.jpg HTTP/1.1" 200 14577
200.47.156.216 - - [25/Jul/2015:10:53:34 -0500] "GET /BLA/boletinlegal/images/screen_1.png HTTP/1.1" 200 202547
200.47.156.216 - - [25/Jul/2015:10:53:34 -0500] "GET /BLA/boletinlegal/images/screen_2.png HTTP/1.1" 200 362502
200.47.156.216 - - [25/Jul/2015:10:53:34 -0500] "GET /BLA/boletinlegal/images/cabezote%20BLEGAL.jpg HTTP/1.1" 200 118164
200.47.156.216 - - [25/Jul/2015:10:53:34 -0500] "GET /BLA/boletinlegal/images/screen_5.png HTTP/1.1" 200 368876
200.47.156.216 - - [25/Jul/2015:10:53:34 -0500] "GET /BLA/boletinlegal/images/screen_3.png HTTP/1.1" 200 210620
200.47.156.216 - - [25/Jul/2015:10:53:34 -0500] "GET /BLA/boletinlegal/images/arr_r.jpg HTTP/1.1" 200 1998
200.47.156.216 - - [25/Jul/2015:10:53:34 -0500] "GET /BLA/boletinlegal/images/pdf.gif HTTP/1.1" 200 567
201.245.192.253 - - [25/Jul/2015:10:47:34 -0500] "GET /ForestMSG_SDA/channelAsync/template_word_17955613?X-Atmosphere-tracking-id=c387d4f8-7c28-7cc1-0db0-86d854f0ee11&X-Atmosphere-Framework=1.0.5&X-Atmosphere-Transport=long-polling&tabid=0.06640824201935258&X-Cache-Date=0&Content-Type=application/xml&_=1437839279261 HTTP/1.1" 200 8193
200.47.156.216 - - [25/Jul/2015:10:53:34 -0500] "GET /BLA/boletinlegal/images/body_bg.jpg HTTP/1.1" 200 1601
200.47.156.216 - - [25/Jul/2015:10:53:34 -0500] "GET /BLA/boletinlegal/images/menu_lft.gif HTTP/1.1" 200 1713
200.47.156.216 - - [25/Jul/2015:10:53:34 -0500] "GET /BLA/boletinlegal/images/menu_rght.gif HTTP/1.1" 200 1627
200.47.156.216 - - [25/Jul/2015:10:53:34 -0500] "GET /BLA/boletinlegal/images/bg_top.jpg HTTP/1.1" 200 522
200.47.156.216 - - [25/Jul/2015:10:53:34 -0500] "GET /BLA/boletinlegal/images/menu_bg.jpg HTTP/1.1" 200 620
200.47.156.216 - - [25/Jul/2015:10:53:34 -0500] "GET /BLA/boletinlegal/images/text.jpg HTTP/1.1" 200 568
200.47.156.216 - - [25/Jul/2015:10:53:34 -0500] "GET /BLA/boletinlegal/images/footer_bg.jpg HTTP/1.1" 200 586
200.47.156.216 - - [25/Jul/2015:10:53:34 -0500] "GET /BLA/boletinlegal/images/background.gif HTTP/1.1" 200 -
200.47.156.216 - - [25/Jul/2015:10:53:34 -0500] "GET /BLA/boletinlegal/images/hover.jpg HTTP/1.1" 200 640
186.155.88.206 - - [25/Jul/2015:10:53:35 -0500] "GET /BLA/boletinlegal/js/jquery.scrollShow.js HTTP/1.1" 200 4586
186.155.88.206 - - [25/Jul/2015:10:53:35 -0500] "GET /galeria/galeria/jquery.fancybox.js?v=2.1.5 HTTP/1.1" 200 48706
186.155.88.206 - - [25/Jul/2015:10:53:35 -0500] "GET /galeria/galeria/jquery.fancybox.css?v=2.1.5 HTTP/1.1" 200 4895
66.249.64.96 - - [25/Jul/2015:10:53:36 -0500] "GET /BLA/resoluciones/RESOLUCIONES%202007/RES%202007%202001%20AL%202100/RESOLUCION%202080%20DE%202007.pdf HTTP/1.1" 304 -
190.27.184.68 - - [25/Jul/2015:10:53:36 -0500] "GET /BLA/boletinlegal/js/jquery.scrollTo-min.js HTTP/1.1" 200 1150
190.27.184.68 - - [25/Jul/2015:10:53:37 -0500] "GET /BLA/boletinlegal/js/jquery.scrollShow.js HTTP/1.1" 200 4586
190.27.184.68 - - [25/Jul/2015:10:53:37 -0500] "GET /galeria/galeria/jquery.fancybox.js?v=2.1.5 HTTP/1.1" 200 48706
190.27.184.68 - - [25/Jul/2015:10:53:37 -0500] "GET /galeria/galeria/jquery.fancybox.css?v=2.1.5 HTTP/1.1" 200 4895
172.22.2.3 - - [25/Jul/2015:10:53:39 -0500] "POST /cumbredelclima/wp-admin/admin-ajax.php HTTP/1.1" 200 23
190.27.184.68 - - [25/Jul/2015:10:53:43 -0500] "GET /galeria/galeria/jquery.fancybox.css?v=2.1.5 HTTP/1.1" 304 -
190.27.184.68 - - [25/Jul/2015:10:53:43 -0500] "GET /BLA/boletinlegal/js/jquery.scrollShow.js HTTP/1.1" 304 -
190.27.184.68 - - [25/Jul/2015:10:53:43 -0500] "GET /galeria/galeria/jquery.fancybox.js?v=2.1.5 HTTP/1.1" 304 -
181.61.79.126 - - [25/Jul/2015:10:53:49 -0500] "GET /BLA/boletinlegal/consulta_actos.php?tipo=resoluciones&no=5350&usuario=&sector=RUIDO&fecha=2010&resuelve= HTTP/1.1" 200 623
172.22.2.3 - - [25/Jul/2015:10:53:54 -0500] "POST /cumbredelclima/wp-admin/admin-ajax.php HTTP/1.1" 200 23
181.61.79.126 - - [25/Jul/2015:10:53:55 -0500] "GET /BLA/boletinlegal/consulta_actos.php?tipo=resoluciones&no=5350&usuario=&sector=RUIDO&fecha=2010&resuelve= HTTP/1.1" 200 623
181.61.79.126 - - [25/Jul/2015:10:53:55 -0500] "GET /BLA/boletinlegal/consulta_actos.php?tipo=resoluciones&no=5350&usuario=&sector=RUIDO&fecha=2010&resuelve= HTTP/1.1" 200 623
181.61.79.126 - - [25/Jul/2015:10:53:55 -0500] "GET /BLA/boletinlegal/consulta_actos.php?tipo=resoluciones&no=5350&usuario=&sector=RUIDO&fecha=2010&resuelve= HTTP/1.1" 200 623
181.61.79.126 - - [25/Jul/2015:10:53:55 -0500] "GET /BLA/boletinlegal/consulta_actos.php?tipo=resoluciones&no=5350&usuario=&sector=RUIDO&fecha=2010&resuelve= HTTP/1.1" 200 623
190.157.172.223 - - [25/Jul/2015:10:53:56 -0500] "GET /forest/session.jsp?a=0.07951644784770906 HTTP/1.1" 200 4
200.47.156.216 - - [25/Jul/2015:10:53:08 -0500] "GET /BLA/boletinlegal/index.php? HTTP/1.1" 200 51011
200.47.156.216 - - [25/Jul/2015:10:53:57 -0500] "GET /BLA/boletinlegal/images/People.png HTTP/1.1" 200 45676
200.47.156.216 - - [25/Jul/2015:10:53:57 -0500] "GET /BLA/boletinlegal/images/img_1.jpg HTTP/1.1" 200 8067
200.47.156.216 - - [25/Jul/2015:10:53:57 -0500] "GET /BLA/boletinlegal/images/img_3.jpg HTTP/1.1" 200 1841
200.47.156.216 - - [25/Jul/2015:10:53:57 -0500] "GET /BLA/boletinlegal/images/symbol5.gif HTTP/1.1" 200 2857
200.47.156.216 - - [25/Jul/2015:10:53:57 -0500] "GET /BLA/boletinlegal/images/group.png HTTP/1.1" 200 47853
200.47.156.216 - - [25/Jul/2015:10:53:57 -0500] "GET /BLA/boletinlegal/images/footer_bg_l.jpg HTTP/1.1" 200 776
200.47.156.216 - - [25/Jul/2015:10:53:57 -0500] "GET /favicon.ico HTTP/1.1" 200 7782
186.155.88.206 - - [25/Jul/2015:10:53:59 -0500] "GET /BLA/boletinlegal/js/jquery.scrollShow.js HTTP/1.1" 200 4586
186.155.88.206 - - [25/Jul/2015:10:53:59 -0500] "GET /galeria/galeria/jquery.fancybox.js?v=2.1.5 HTTP/1.1" 200 48706
186.155.88.206 - - [25/Jul/2015:10:53:59 -0500] "GET /galeria/galeria/jquery.fancybox.css?v=2.1.5 HTTP/1.1" 200 4895
181.61.79.126 - - [25/Jul/2015:10:54:00 -0500] "GET /BLA/boletinlegal/consulta_actos.php?tipo=resoluciones&no=5350&usuario=&sector=RESIDUOS&fecha=2010&resuelve= HTTP/1.1" 200 623
181.61.79.126 - - [25/Jul/2015:10:54:01 -0500] "GET /BLA/boletinlegal/consulta_actos.php?tipo=resoluciones&no=5350&usuario=&sector=RESIDUOS&fecha=2010&resuelve= HTTP/1.1" 200 623
181.61.79.126 - - [25/Jul/2015:10:54:02 -0500] "GET /BLA/boletinlegal/consulta_actos.php?tipo=resoluciones&no=5350&usuario=&sector=RESIDUOS&fecha=2010&resuelve= HTTP/1.1" 200 623
181.61.79.126 - - [25/Jul/2015:10:54:02 -0500] "GET /BLA/boletinlegal/consulta_actos.php?tipo=resoluciones&no=5350&usuario=&sector=RESIDUOS&fecha=2010&resuelve= HTTP/1.1" 200 623
181.61.79.126 - - [25/Jul/2015:10:54:06 -0500] "GET /BLA/boletinlegal/consulta_actos.php?tipo=resoluciones&no=5350&usuario=&sector=RESIDUOS&fecha=2010&resuelve= HTTP/1.1" 200 623
181.61.79.126 - - [25/Jul/2015:10:54:06 -0500] "GET /BLA/boletinlegal/consulta_actos.php?tipo=resoluciones&no=5350&usuario=&sector=RESIDUOS&fecha=2010&resuelve= HTTP/1.1" 200 623
181.61.79.126 - - [25/Jul/2015:10:54:06 -0500] "GET /BLA/boletinlegal/consulta_actos.php?tipo=resoluciones&no=5350&usuario=&sector=RESIDUOS&fecha=2010&resuelve= HTTP/1.1" 200 623
181.134.66.36 - - [25/Jul/2015:10:54:08 -0500] "GET /galeria/galeria/jquery.fancybox.js?v=2.1.5 HTTP/1.1" 200 48706
181.134.66.36 - - [25/Jul/2015:10:54:08 -0500] "GET /BLA/boletinlegal/js/jquery.scrollShow.js HTTP/1.1" 200 4586
181.134.66.36 - - [25/Jul/2015:10:54:08 -0500] "GET /galeria/galeria/jquery.fancybox.css?v=2.1.5 HTTP/1.1" 200 4895
172.22.2.3 - - [25/Jul/2015:10:54:09 -0500] "POST /cumbredelclima/wp-admin/admin-ajax.php HTTP/1.1" 200 23
201.245.192.253 - - [25/Jul/2015:10:54:16 -0500] "GET /forest/session.jsp?a=0.11465092814452404 HTTP/1.1" 200 4
66.249.64.106 - - [25/Jul/2015:10:54:16 -0500] "GET /BLA/resoluciones/RESOLUCIONES%202010/6921.pdf HTTP/1.1" 304 -
181.61.79.126 - - [25/Jul/2015:10:54:19 -0500] "GET /BLA/boletinlegal/consulta_actos.php?tipo=autos&no=4274&usuario=&sector=RESIDUOS&fecha=2010&resuelve= HTTP/1.1" 200 623
181.61.79.126 - - [25/Jul/2015:10:54:20 -0500] "GET /BLA/boletinlegal/consulta_actos.php?tipo=autos&no=4274&usuario=&sector=RESIDUOS&fecha=2010&resuelve= HTTP/1.1" 200 623
181.61.79.126 - - [25/Jul/2015:10:54:20 -0500] "GET /BLA/boletinlegal/consulta_actos.php?tipo=autos&no=4274&usuario=&sector=RESIDUOS&fecha=2010&resuelve= HTTP/1.1" 200 623
181.61.79.126 - - [25/Jul/2015:10:54:20 -0500] "GET /BLA/boletinlegal/consulta_actos.php?tipo=autos&no=4274&usuario=&sector=RESIDUOS&fecha=2010&resuelve= HTTP/1.1" 200 623
181.61.79.126 - - [25/Jul/2015:10:54:20 -0500] "GET /BLA/boletinlegal/consulta_actos.php?tipo=autos&no=4274&usuario=&sector=RESIDUOS&fecha=2010&resuelve= HTTP/1.1" 200 623
201.245.192.253 - - [25/Jul/2015:10:54:09 -0500] "POST /wp-admin/admin-ajax.php HTTP/1.1" 200 23
181.137.38.38 - - [25/Jul/2015:10:54:23 -0500] "GET /BLA/boletinlegal/js/jquery.scrollShow.js HTTP/1.1" 200 4586
181.137.38.38 - - [25/Jul/2015:10:54:23 -0500] "GET /galeria/galeria/jquery.fancybox.js?v=2.1.5 HTTP/1.1" 200 48706
181.137.38.38 - - [25/Jul/2015:10:54:23 -0500] "GET /galeria/galeria/jquery.fancybox.css?v=2.1.5 HTTP/1.1" 200 4895
172.22.2.3 - - [25/Jul/2015:10:54:24 -0500] "POST /cumbredelclima/wp-admin/admin-ajax.php HTTP/1.1" 200 23
186.80.250.238 - - [25/Jul/2015:10:54:25 -0500] "POST /forest/actions/workplace.getReparto?a=0.5955102986190468 HTTP/1.1" 200 1112
181.134.66.36 - - [25/Jul/2015:10:54:27 -0500] "GET /galeria/galeria/jquery.fancybox.css?v=2.1.5 HTTP/1.1" 200 4895
181.134.66.36 - - [25/Jul/2015:10:54:27 -0500] "GET /galeria/galeria/jquery.fancybox.js?v=2.1.5 HTTP/1.1" 200 48706
181.134.66.36 - - [25/Jul/2015:10:54:27 -0500] "GET /BLA/boletinlegal/js/jquery.scrollShow.js HTTP/1.1" 200 4586
186.80.250.238 - - [25/Jul/2015:10:54:29 -0500] "GET /forest/suactividades.do?verDocs=&codPro=134&numPro=2696116&codInst=2713634&a=0.07848283206112683 HTTP/1.1" 200 58033
186.80.250.238 - - [25/Jul/2015:10:54:30 -0500] "GET /forest/usudocumentos.do?p7z=1778122&a=0.0852639744989574&a=0.09450396383181214 HTTP/1.1" 200 2529
180.76.15.147 - - [25/Jul/2015:10:54:30 -0500] "GET / HTTP/1.1" 200 10190
181.61.79.126 - - [25/Jul/2015:10:54:35 -0500] "GET /BLA/boletinlegal/consulta_actos.php?tipo=autos&no=0866&usuario=&sector=RESIDUOS&fecha=2012&resuelve= HTTP/1.1" 200 623
181.61.79.126 - - [25/Jul/2015:10:54:36 -0500] "GET /BLA/boletinlegal/consulta_actos.php?tipo=autos&no=0866&usuario=&sector=RESIDUOS&fecha=2012&resuelve= HTTP/1.1" 200 623
181.61.79.126 - - [25/Jul/2015:10:54:37 -0500] "GET /BLA/boletinlegal/consulta_actos.php?tipo=autos&no=0866&usuario=&sector=RESIDUOS&fecha=2012&resuelve= HTTP/1.1" 200 623
181.61.79.126 - - [25/Jul/2015:10:54:38 -0500] "GET /BLA/boletinlegal/actos.php HTTP/1.1" 200 7574
181.61.79.126 - - [25/Jul/2015:10:54:38 -0500] "GET /BLA/boletinlegal/niceforms.js HTTP/1.1" 304 -
181.61.79.126 - - [25/Jul/2015:10:54:38 -0500] "GET /BLA/boletinlegal/styles2.css HTTP/1.1" 304 -
181.61.79.126 - - [25/Jul/2015:10:54:38 -0500] "GET /BLA/boletinlegal/js/lib.js HTTP/1.1" 304 -
181.61.79.126 - - [25/Jul/2015:10:54:38 -0500] "GET /BLA/boletinlegal/style.css HTTP/1.1" 304 -
181.61.79.126 - - [25/Jul/2015:10:54:38 -0500] "GET /BLA/boletinlegal/js/ajax_actos.js HTTP/1.1" 304 -
181.61.79.126 - - [25/Jul/2015:10:54:38 -0500] "GET /BLA/boletinlegal/niceforms-default.css HTTP/1.1" 304 -
181.61.79.126 - - [25/Jul/2015:10:54:38 -0500] "GET /BLA/boletinlegal/js/popup.js HTTP/1.1" 304 -
181.61.79.126 - - [25/Jul/2015:10:54:38 -0500] "GET /BLA/boletinlegal/js/jquery1.js HTTP/1.1" 304 -
181.61.79.126 - - [25/Jul/2015:10:54:38 -0500] "GET /BLA/boletinlegal/images/historia.png HTTP/1.1" 304 -
181.61.79.126 - - [25/Jul/2015:10:54:38 -0500] "GET /BLA/boletinlegal/images/cabezote%20BLEGAL.jpg HTTP/1.1" 304 -
181.61.79.126 - - [25/Jul/2015:10:54:38 -0500] "GET /BLA/boletinlegal/images/subscribe-icon-big.png HTTP/1.1" 304 -
181.61.79.126 - - [25/Jul/2015:10:54:38 -0500] "GET /BLA/boletinlegal/images/green-yellow-blue-pink-th.png HTTP/1.1" 304 -
181.61.79.126 - - [25/Jul/2015:10:54:38 -0500] "GET /BLA/boletinlegal/images/abajo.png HTTP/1.1" 304 -
181.61.79.126 - - [25/Jul/2015:10:54:38 -0500] "GET /BLA/boletinlegal/img/0.png HTTP/1.1" 304 -
181.61.79.126 - - [25/Jul/2015:10:54:38 -0500] "GET /favicon.ico HTTP/1.1" 200 7782
172.22.2.3 - - [25/Jul/2015:10:54:39 -0500] "POST /cumbredelclima/wp-admin/admin-ajax.php HTTP/1.1" 200 23
186.80.250.238 - - [25/Jul/2015:10:54:31 -0500] "GET /forest/documentos/1778122/2014IE007756.p7z:claro/Concepto%20Tecnico.doc HTTP/1.1" 200 1547776
201.245.192.253 - - [25/Jul/2015:10:54:48 -0500] "GET /forest/session.jsp?a=0.8993473152330722 HTTP/1.1" 200 4
181.61.79.126 - - [25/Jul/2015:10:54:49 -0500] "GET /BLA/boletinlegal/consulta_actos.php?tipo=autos&no=0866&usuario=&sector=&fecha=2012&resuelve= HTTP/1.1" 200 623
190.26.215.170 - - [25/Jul/2015:10:54:51 -0500] "GET /BLA/boletinlegal/js/jquery.scrollShow.js HTTP/1.0" 200 4586
190.26.215.170 - - [25/Jul/2015:10:54:51 -0500] "GET /galeria/galeria/jquery.fancybox.css?v=2.1.5 HTTP/1.0" 200 4895
190.26.215.170 - - [25/Jul/2015:10:54:51 -0500] "GET /galeria/galeria/jquery.fancybox.js?v=2.1.5 HTTP/1.0" 200 48706
181.137.38.38 - - [25/Jul/2015:10:54:51 -0500] "GET /BLA/boletinlegal/js/jquery.scrollShow.js HTTP/1.1" 200 4586
181.137.38.38 - - [25/Jul/2015:10:54:51 -0500] "GET /galeria/galeria/jquery.fancybox.js?v=2.1.5 HTTP/1.1" 200 48706
181.137.38.38 - - [25/Jul/2015:10:54:51 -0500] "GET /galeria/galeria/jquery.fancybox.css?v=2.1.5 HTTP/1.1" 200 4895
