186.29.19.226 - - [25/Jul/2015:09:29:05 -0500] "GET /webfile/skins/gdocs-jar/img/icons/pdf.gif HTTP/1.1" 200 230
186.29.19.226 - - [25/Jul/2015:09:29:05 -0500] "GET /webfile/skins/gdocs-jar/img/error.gif HTTP/1.1" 200 822
186.29.19.226 - - [25/Jul/2015:09:29:05 -0500] "GET /webfile/skins/gdocs-jar/img/icons/jpg.gif HTTP/1.1" 200 125
186.29.19.226 - - [25/Jul/2015:09:29:05 -0500] "GET /webfile/skins/gdocs-jar/img/minus.png HTTP/1.1" 200 23511
186.29.19.226 - - [25/Jul/2015:09:29:05 -0500] "GET /webfile/skins/gdocs-jar/img/folder.gif HTTP/1.1" 200 622
186.29.19.226 - - [25/Jul/2015:09:29:05 -0500] "GET /webfile/skins/gdocs-jar/img/bgPanel.jpg HTTP/1.1" 200 430
186.29.19.226 - - [25/Jul/2015:09:29:05 -0500] "GET /webfile/skins/gdocs-jar/img/fondo-barra.gif HTTP/1.1" 200 282
186.29.19.226 - - [25/Jul/2015:09:29:05 -0500] "GET /webfile/file/4248099 HTTP/1.1" 403 977
186.29.19.226 - - [25/Jul/2015:09:29:05 -0500] "GET /webfile/skins/gdocs-jar/img/alert.gif HTTP/1.1" 200 595
186.29.19.226 - - [25/Jul/2015:09:29:05 -0500] "GET /webfile/skins/gdocs-jar/img/disk.png HTTP/1.1" 200 22070
186.29.19.226 - - [25/Jul/2015:09:29:05 -0500] "GET /webfile/skins/gdocs-jar/img/control-double.png HTTP/1.1" 200 21754
186.29.19.226 - - [25/Jul/2015:09:29:05 -0500] "GET /forest/documentos/2083993/skins/gdocs-jar/img/edit2.gif HTTP/1.1" 200 121063
186.29.19.226 - - [25/Jul/2015:09:29:06 -0500] "GET /favicon.ico HTTP/1.1" 200 7782
66.249.64.101 - - [25/Jul/2015:09:29:06 -0500] "GET /BLA/resoluciones/RESOLUCIONES%202009/4583.pdf HTTP/1.1" 200 642899
186.29.19.226 - - [25/Jul/2015:09:29:06 -0500] "GET /forest/skins/gdocs-jar/popup/popup.jsp?width=1100&height=500&title=Buscar%20procesos&uri=/forest/buscar.do%3Ftype%3Dprocesos&name=undefined&_a=0.3615628364495933&a=0.9532244817819446 HTTP/1.1" 200 1296
186.29.19.226 - - [25/Jul/2015:09:29:07 -0500] "GET /forest/buscar.do?type=procesos HTTP/1.1" 200 18159
186.29.19.226 - - [25/Jul/2015:09:29:07 -0500] "GET /forest/buscar.do?type=procesos HTTP/1.1" 200 85049
172.22.2.3 - - [25/Jul/2015:09:29:07 -0500] "POST /cumbredelclima/wp-admin/admin-ajax.php HTTP/1.1" 200 23
186.29.19.226 - - [25/Jul/2015:09:29:07 -0500] "GET /forest/json.do?query=usersByDep&coddep=7072 HTTP/1.1" 200 1209
186.29.19.226 - - [25/Jul/2015:09:29:07 -0500] "GET /forest/json.do?query=versionListadas HTTP/1.1" 200 15
186.29.19.226 - - [25/Jul/2015:09:29:07 -0500] "GET /forest/json.do?query=usersByDep&coddep=7072 HTTP/1.1" 200 1209
186.29.19.226 - - [25/Jul/2015:09:29:07 -0500] "GET /forest/json.do?query=procesIniciales HTTP/1.1" 200 11194
186.29.19.226 - - [25/Jul/2015:09:29:08 -0500] "GET /forest/json.do?query=bpmnIniciales HTTP/1.1" 200 1095
186.29.19.226 - - [25/Jul/2015:09:29:11 -0500] "POST /forest/buscar.do? HTTP/1.1" 200 5374
190.157.172.223 - - [25/Jul/2015:09:29:11 -0500] "POST /forest/misactividades.do?ajax=true&a=0.44078072160482407 HTTP/1.1" 200 6141
190.157.39.119 - - [25/Jul/2015:09:29:13 -0500] "GET /BLA/boletinlegal/js/jquery.scrollShow.js HTTP/1.1" 200 4586
190.157.39.119 - - [25/Jul/2015:09:29:13 -0500] "GET /galeria/galeria/jquery.fancybox.js?v=2.1.5 HTTP/1.1" 200 48706
190.157.39.119 - - [25/Jul/2015:09:29:13 -0500] "GET /galeria/galeria/jquery.fancybox.css?v=2.1.5 HTTP/1.1" 200 4895
190.214.179.124 - - [25/Jul/2015:09:29:17 -0500] "GET /galeria/galeria/jquery.fancybox.css?v=2.1.5 HTTP/1.1" 200 4895
190.214.179.124 - - [25/Jul/2015:09:29:17 -0500] "GET /BLA/boletinlegal/js/jquery.scrollShow.js HTTP/1.1" 200 4586
190.214.179.124 - - [25/Jul/2015:09:29:17 -0500] "GET /galeria/galeria/jquery.fancybox.js?v=2.1.5 HTTP/1.1" 200 48706
190.157.172.223 - - [25/Jul/2015:09:29:20 -0500] "GET /forest/img/jquery/ui-bg_flat_55_fbec88_40x100.png HTTP/1.1" 304 -
172.22.2.3 - - [25/Jul/2015:09:29:22 -0500] "POST /cumbredelclima/wp-admin/admin-ajax.php HTTP/1.1" 200 23
66.249.64.96 - - [25/Jul/2015:09:29:27 -0500] "GET /autoliquidacion/index.php?dir=Solicitudes%20relacionadas%20con%20calidad%20del%20aire%20auditiva%20y%20visual/Registro%20de%20Elementos%20de%20publicidad%20Exterior%20Visual/&sort=date&order=desc HTTP/1.1" 200 4036
190.157.39.119 - - [25/Jul/2015:09:29:37 -0500] "GET /galeria/galeria/jquery.fancybox.css?v=2.1.5 HTTP/1.1" 304 -
190.157.39.119 - - [25/Jul/2015:09:29:37 -0500] "GET /BLA/boletinlegal/js/jquery.scrollShow.js HTTP/1.1" 304 -
190.157.39.119 - - [25/Jul/2015:09:29:37 -0500] "GET /galeria/galeria/jquery.fancybox.js?v=2.1.5 HTTP/1.1" 304 -
172.22.2.3 - - [25/Jul/2015:09:29:37 -0500] "POST /cumbredelclima/wp-admin/admin-ajax.php HTTP/1.1" 200 23
190.157.172.223 - - [25/Jul/2015:09:29:38 -0500] "GET /forest/usutareas.do?_a=0.4830576463136822&group_system_actual=3 HTTP/1.1" 200 118128
186.29.19.226 - - [25/Jul/2015:09:29:32 -0500] "GET /forest/usutareas.do?group_system_actual=3&codAct=2303&numPro=3110294&codPro=187&fecTra=2015-07-14%2018:03:27.0&codInst=3152719&codTraEsc=18658388 HTTP/1.1" 200 981545
190.157.172.223 - - [25/Jul/2015:09:29:38 -0500] "GET /forest/skins/gdocs-jar/img/plus.gif HTTP/1.1" 304 -
190.157.172.223 - - [25/Jul/2015:09:29:38 -0500] "GET /forest/skins/gdocs-jar/img/pencil.png HTTP/1.1" 304 -
190.157.172.223 - - [25/Jul/2015:09:29:38 -0500] "GET /forest/skins/gdocs-jar/img/minus.png HTTP/1.1" 304 -
190.157.172.223 - - [25/Jul/2015:09:29:38 -0500] "GET /forest/skins/gdocs-jar/img/close.gif HTTP/1.1" 304 -
190.157.172.223 - - [25/Jul/2015:09:29:38 -0500] "GET /forest/session.jsp?a=0.047610615612939 HTTP/1.1" 200 4
186.29.19.226 - - [25/Jul/2015:09:29:38 -0500] "GET /forest/session.jsp?a=0.7763243489898741 HTTP/1.1" 200 4
186.29.19.226 - - [25/Jul/2015:09:29:39 -0500] "GET /forest/actions/forms.getList?codForm=ANEXO_UNO&id=Aguas_Superf984 HTTP/1.1" 200 139
186.29.19.226 - - [25/Jul/2015:09:29:39 -0500] "GET /forest/actions/forms.getList?codForm=ANEXO_UNO&id=Aguas_Subterr1342 HTTP/1.1" 200 139
186.29.19.226 - - [25/Jul/2015:09:29:39 -0500] "GET /forest/actions/forms.getList?codForm=ANEXO_UNO&id=Vertimientos312 HTTP/1.1" 200 139
186.29.19.226 - - [25/Jul/2015:09:29:39 -0500] "GET /forest/actions/forms.getList?codForm=ANEXO_UNO&id=Aceites_Usados626 HTTP/1.1" 200 139
186.29.19.226 - - [25/Jul/2015:09:29:40 -0500] "GET /forest/actions/forms.getItemList?codForm=ANEXO_UNO&id=TipoEmpresa1926&value=5&a=0.2032458244357258 HTTP/1.1" 200 27
190.157.172.223 - - [25/Jul/2015:09:29:40 -0500] "GET /forest/documentos/2120933/2015IE128560.docx HTTP/1.1" 200 141995
186.29.19.226 - - [25/Jul/2015:09:29:42 -0500] "GET /forest/actions/forms.getMappedValues?id=tercero2337&value=79821757&codForm=ANEXO_UNO&a=0.48314816085621715 HTTP/1.1" 200 174
186.29.19.226 - - [25/Jul/2015:09:29:42 -0500] "GET /forest/actions/forms.getMappedValues?id=NUMTER1346&value=79821757&codForm=ANEXO_UNO&a=0.05276747699826956 HTTP/1.1" 200 221
186.29.19.226 - - [25/Jul/2015:09:29:42 -0500] "GET /forest/actions/forms.getMappedValues?id=REP_CEDULA2341&value=79821757&codForm=ANEXO_UNO&a=0.48394579137675464 HTTP/1.1" 200 25
190.214.179.124 - - [25/Jul/2015:09:29:43 -0500] "GET /BLA/boletinlegal/js/jquery.scrollShow.js HTTP/1.1" 200 4586
190.214.179.124 - - [25/Jul/2015:09:29:43 -0500] "GET /galeria/galeria/jquery.fancybox.css?v=2.1.5 HTTP/1.1" 200 4895
190.214.179.124 - - [25/Jul/2015:09:29:43 -0500] "GET /galeria/galeria/jquery.fancybox.js?v=2.1.5 HTTP/1.1" 200 48706
66.249.64.96 - - [25/Jul/2015:09:29:47 -0500] "GET /BLA/resoluciones/AUTOS%202013/1951.pdf HTTP/1.1" 304 -
186.31.153.229 - - [25/Jul/2015:09:29:50 -0500] "GET /wp-content/plugins/wp_logooos_plugin/images/arrow.png HTTP/1.1" 200 47718
66.249.64.96 - - [25/Jul/2015:09:29:52 -0500] "GET /BLA/resoluciones/RESOLUCIONES%202008/1268.pdf HTTP/1.1" 200 45409
172.22.2.3 - - [25/Jul/2015:09:29:52 -0500] "POST /cumbredelclima/wp-admin/admin-ajax.php HTTP/1.1" 200 23
172.22.2.3 - - [25/Jul/2015:09:30:07 -0500] "POST /cumbredelclima/wp-admin/admin-ajax.php HTTP/1.1" 200 23
186.29.19.226 - - [25/Jul/2015:09:30:09 -0500] "GET /forest/skins/gdocs-jar/popup/popup.jsp?width=1100&height=500&title=Buscar%20procesos&uri=/forest/buscar.do%3Ftype%3Dprocesos&name=undefined&_a=0.31740231812000275&a=0.8203691891394556 HTTP/1.1" 200 1296
186.29.19.226 - - [25/Jul/2015:09:30:09 -0500] "GET /forest/buscar.do?type=procesos HTTP/1.1" 200 18159
186.29.19.226 - - [25/Jul/2015:09:30:10 -0500] "GET /forest/buscar.do?type=procesos HTTP/1.1" 200 85049
186.29.19.226 - - [25/Jul/2015:09:30:10 -0500] "GET /forest/json.do?query=usersByDep&coddep=7072 HTTP/1.1" 200 1209
186.29.19.226 - - [25/Jul/2015:09:30:10 -0500] "GET /forest/json.do?query=versionListadas HTTP/1.1" 200 15
186.29.19.226 - - [25/Jul/2015:09:30:10 -0500] "GET /forest/json.do?query=usersByDep&coddep=7072 HTTP/1.1" 200 1209
186.29.19.226 - - [25/Jul/2015:09:30:10 -0500] "GET /forest/json.do?query=procesIniciales HTTP/1.1" 200 11194
186.29.19.226 - - [25/Jul/2015:09:30:10 -0500] "GET /forest/json.do?query=bpmnIniciales HTTP/1.1" 200 1095
186.29.19.226 - - [25/Jul/2015:09:30:12 -0500] "POST /forest/buscar.do? HTTP/1.1" 200 5133
201.245.192.253 - - [25/Jul/2015:09:30:08 -0500] "POST /wp-admin/admin-ajax.php HTTP/1.1" 200 23
172.22.2.3 - - [25/Jul/2015:09:30:22 -0500] "POST /cumbredelclima/wp-admin/admin-ajax.php HTTP/1.1" 200 23
66.249.64.96 - - [25/Jul/2015:09:30:23 -0500] "GET /BLA/resoluciones/index.php?dir=RESOLUCIONES%202007/RES%202007%20401%20AL%20500/&sort=name&order=desc HTTP/1.1" 200 26641
66.249.64.106 - - [25/Jul/2015:09:30:33 -0500] "GET /BLA/resoluciones/AUTOS%202013/3727.pdf HTTP/1.1" 200 306430
190.157.172.223 - - [25/Jul/2015:09:24:34 -0500] "GET /ForestMSG_SDA/channelAsync/template_word_18734944?X-Atmosphere-tracking-id=fdd98f72-14d2-85b3-6aa4-cf40aad624f8&X-Atmosphere-Framework=1.0.5&X-Atmosphere-Transport=long-polling&tabid=0.542480580508709&X-Cache-Date=0&Content-Type=application/xml&_=1437834414829 HTTP/1.1" 200 8193
172.22.2.3 - - [25/Jul/2015:09:30:37 -0500] "POST /cumbredelclima/wp-admin/admin-ajax.php HTTP/1.1" 200 23
172.22.2.3 - - [25/Jul/2015:09:30:52 -0500] "POST /cumbredelclima/wp-admin/admin-ajax.php HTTP/1.1" 200 23
190.66.115.18 - - [25/Jul/2015:09:30:53 -0500] "GET /BLA/boletinlegal/js/jquery.scrollShow.js HTTP/1.1" 200 4586
190.66.115.18 - - [25/Jul/2015:09:30:53 -0500] "GET /galeria/galeria/jquery.fancybox.js?v=2.1.5 HTTP/1.1" 200 48706
190.66.115.18 - - [25/Jul/2015:09:30:53 -0500] "GET /galeria/galeria/jquery.fancybox.css?v=2.1.5 HTTP/1.1" 200 4895
190.66.115.18 - - [25/Jul/2015:09:30:53 -0500] "GET /galeria/carrusel/Carrusel/jquery.thumbnailScroller.css HTTP/1.1" 200 2066
190.66.115.18 - - [25/Jul/2015:09:30:53 -0500] "GET /galeria/carrusel/Carrusel/jquery-ui-1.8.13.custom.min.js HTTP/1.1" 200 10800
190.66.115.18 - - [25/Jul/2015:09:30:53 -0500] "GET /galeria/carrusel/Carrusel/jquery.thumbnailScroller.js HTTP/1.1" 200 8157
74.86.158.107 - - [25/Jul/2015:09:30:54 -0500] "HEAD / HTTP/1.1" 200 -
190.66.115.18 - - [25/Jul/2015:09:30:55 -0500] "GET /galeria/nivo-slider/demo/demo.html HTTP/1.1" 200 5224
190.66.115.18 - - [25/Jul/2015:09:30:57 -0500] "GET /galeria/nivo-slider/themes/default/default.css HTTP/1.1" 200 1569
190.66.115.18 - - [25/Jul/2015:09:30:57 -0500] "GET /galeria/nivo-slider/themes/pascal/pascal.css HTTP/1.1" 200 2258
190.66.115.18 - - [25/Jul/2015:09:30:57 -0500] "GET /galeria/nivo-slider/themes/orman/orman.css HTTP/1.1" 200 2152
190.66.115.18 - - [25/Jul/2015:09:30:57 -0500] "GET /galeria/nivo-slider/nivo-slider.css HTTP/1.1" 200 1507
190.66.115.18 - - [25/Jul/2015:09:30:57 -0500] "GET /galeria/nivo-slider/demo/style.css HTTP/1.1" 200 2222
190.66.115.18 - - [25/Jul/2015:09:30:57 -0500] "GET /galeria/nivo-slider/demo/images/Rendicion-de-cuentas.jpg HTTP/1.1" 200 309079
190.66.115.18 - - [25/Jul/2015:09:30:57 -0500] "GET /galeria/nivo-slider/demo/images/banner-llantas2.jpg HTTP/1.1" 200 204644
190.66.115.18 - - [25/Jul/2015:09:30:57 -0500] "GET /galeria/nivo-slider/demo/images/Semana-PYBA.jpg HTTP/1.1" 200 147360
190.66.115.18 - - [25/Jul/2015:09:30:57 -0500] "GET /galeria/nivo-slider/demo/images/PREDAcamp.jpg HTTP/1.1" 200 295358
190.66.115.18 - - [25/Jul/2015:09:30:57 -0500] "GET /galeria/nivo-slider/demo/images/VoluntariadoPYBA.jpg HTTP/1.1" 200 40647
190.66.115.18 - - [25/Jul/2015:09:30:57 -0500] "GET /galeria/nivo-slider/demo/images/9Signos.jpg HTTP/1.1" 200 81776
190.66.115.18 - - [25/Jul/2015:09:30:58 -0500] "GET /galeria/nivo-slider/demo/images/4Simple_Slider.png HTTP/1.1" 200 11722
190.66.115.18 - - [25/Jul/2015:09:30:58 -0500] "GET /galeria/nivo-slider/themes/default/loading.gif HTTP/1.1" 200 1737
190.66.115.18 - - [25/Jul/2015:09:30:58 -0500] "GET /galeria/nivo-slider/demo/images/Comparendo-ambiental-Banner.jpg HTTP/1.1" 200 83731
190.66.115.18 - - [25/Jul/2015:09:30:59 -0500] "GET /galeria/nivo-slider/demo/images/GAE-banner.jpg HTTP/1.1" 200 97556
190.66.115.18 - - [25/Jul/2015:09:30:59 -0500] "GET /galeria/nivo-slider/demo/images/Banner-encuesta-de-percepscio.jpg HTTP/1.1" 200 201899
190.66.115.18 - - [25/Jul/2015:09:31:00 -0500] "GET /galeria/nivo-slider/demo/images/banner-Pacto-por-la-madera.jpg HTTP/1.1" 200 209966
190.66.115.18 - - [25/Jul/2015:09:31:00 -0500] "GET /galeria/nivo-slider/demo/images/acuerdo_569.jpg HTTP/1.1" 200 62670
190.66.115.18 - - [25/Jul/2015:09:31:00 -0500] "GET /galeria/nivo-slider/demo/images/Licitaciones-proyecto-paramo.jpg HTTP/1.1" 200 221877
190.66.115.18 - - [25/Jul/2015:09:31:00 -0500] "GET /galeria/nivo-slider/demo/images/Banner-decreto1299.jpg HTTP/1.1" 200 182613
190.66.115.18 - - [25/Jul/2015:09:31:00 -0500] "GET /galeria/nivo-slider/demo/images/Banner-Directorio.jpg HTTP/1.1" 200 182068
190.66.115.18 - - [25/Jul/2015:09:31:01 -0500] "GET /galeria/nivo-slider/demo/images/Ruta-vertimientos-01.jpg HTTP/1.1" 200 130151
190.66.115.18 - - [25/Jul/2015:09:31:01 -0500] "GET /galeria/nivo-slider/demo/images/bolsas-06.jpg HTTP/1.1" 200 90982
190.66.115.18 - - [25/Jul/2015:09:31:02 -0500] "GET /galeria/nivo-slider/demo/images/Conoce-los-humedales.jpg HTTP/1.1" 200 294036
190.66.115.18 - - [25/Jul/2015:09:31:02 -0500] "GET /galeria/nivo-slider/demo/images/ecolecta-Dic2014.png HTTP/1.1" 200 288593
190.66.115.18 - - [25/Jul/2015:09:31:02 -0500] "GET /galeria/nivo-slider/demo/images/Banner-Caracol-Africano.jpg HTTP/1.1" 200 331986
190.66.115.18 - - [25/Jul/2015:09:31:02 -0500] "GET /galeria/nivo-slider/demo/scripts/jquery-1.7.1.min.js HTTP/1.1" 200 93868
190.66.115.18 - - [25/Jul/2015:09:31:03 -0500] "GET /galeria/nivo-slider/jquery.nivo.slider.pack.js HTTP/1.1" 200 11561
66.249.64.96 - - [25/Jul/2015:09:31:03 -0500] "GET /BLA/resoluciones/RESOLUCIONES%202014/3653.pdf HTTP/1.1" 304 -
190.66.115.18 - - [25/Jul/2015:09:31:05 -0500] "GET /galeria/nivo-slider/themes/default/arrows.png HTTP/1.1" 200 824
190.66.115.18 - - [25/Jul/2015:09:31:05 -0500] "GET /galeria/nivo-slider/themes/default/bullets.png HTTP/1.1" 200 1281
172.22.2.3 - - [25/Jul/2015:09:31:07 -0500] "POST /cumbredelclima/wp-admin/admin-ajax.php HTTP/1.1" 200 23
190.157.172.223 - - [25/Jul/2015:09:31:12 -0500] "GET /forest/index2.jsp?_a=0.4042221042327583 HTTP/1.1" 200 100649
190.157.172.223 - - [25/Jul/2015:09:31:12 -0500] "GET /forest/session.jsp?a=0.8996458617039025 HTTP/1.1" 200 4
201.245.192.253 - - [25/Jul/2015:09:31:20 -0500] "GET /forest/session.jsp?a=0.31736936086997014 HTTP/1.1" 200 4
172.22.2.3 - - [25/Jul/2015:09:31:22 -0500] "POST /cumbredelclima/wp-admin/admin-ajax.php HTTP/1.1" 200 23
186.29.19.226 - - [25/Jul/2015:09:31:27 -0500] "GET /forest/skins/gdocs-jar/popup/popup.jsp?width=1100&height=500&title=Buscar%20procesos&uri=/forest/buscar.do%3Ftype%3Dprocesos&name=undefined&_a=0.14704324095509946&a=0.24314962839707732 HTTP/1.1" 200 1296
186.29.19.226 - - [25/Jul/2015:09:31:27 -0500] "GET /forest/buscar.do?type=procesos HTTP/1.1" 200 28567
186.29.19.226 - - [25/Jul/2015:09:31:27 -0500] "GET /forest/buscar.do?type=procesos HTTP/1.1" 200 85049
186.29.19.226 - - [25/Jul/2015:09:31:28 -0500] "GET /forest/json.do?query=usersByDep&coddep=7072 HTTP/1.1" 200 1209
186.29.19.226 - - [25/Jul/2015:09:31:28 -0500] "GET /forest/json.do?query=versionListadas HTTP/1.1" 200 15
186.29.19.226 - - [25/Jul/2015:09:31:28 -0500] "GET /forest/json.do?query=usersByDep&coddep=7072 HTTP/1.1" 200 1209
186.29.19.226 - - [25/Jul/2015:09:31:28 -0500] "GET /forest/json.do?query=procesIniciales HTTP/1.1" 200 11194
186.29.19.226 - - [25/Jul/2015:09:31:28 -0500] "GET /forest/json.do?query=bpmnIniciales HTTP/1.1" 200 1095
190.157.172.223 - - [25/Jul/2015:09:31:34 -0500] "GET /galeria/nivo-slider/demo/images/acuerdo_569.jpg HTTP/1.1" 200 62670
172.22.2.3 - - [25/Jul/2015:09:31:37 -0500] "POST /cumbredelclima/wp-admin/admin-ajax.php HTTP/1.1" 200 23
186.29.19.226 - - [25/Jul/2015:09:31:42 -0500] "GET /forest/documentos/2083993/skins/gdocs-jar/css/dialog.css HTTP/1.1" 200 121063
186.29.19.226 - - [25/Jul/2015:09:31:42 -0500] "GET /forest/documentos/2083993/css/escritorio.css HTTP/1.1" 200 121063
186.29.19.226 - - [25/Jul/2015:09:31:44 -0500] "GET /webfile/skins/gdocs-jar/css/forms.css HTTP/1.1" 304 -
186.29.19.226 - - [25/Jul/2015:09:31:42 -0500] "GET /forest/documentos/2083993/2015ER91620.html HTTP/1.1" 200 121063
186.29.19.226 - - [25/Jul/2015:09:31:42 -0500] "GET /forest/documentos/2083993/1ibre/jscalendar/calendar-win2k-1.css HTTP/1.1" 200 121063
186.29.19.226 - - [25/Jul/2015:09:31:42 -0500] "GET /forest/documentos/2083993/skins/gdocs-jar/css/forms.css HTTP/1.1" 200 121063
66.249.64.6 - - [25/Jul/2015:09:31:44 -0500] "GET /robots.txt HTTP/1.1" 404 1015
66.249.64.6 - - [25/Jul/2015:09:31:44 -0500] "GET / HTTP/1.1" 200 10190
186.29.19.226 - - [25/Jul/2015:09:31:44 -0500] "GET /forest/documentos/2083993/1ibre/jscalendar/lang/calendar-es.js HTTP/1.1" 200 121063
186.29.19.226 - - [25/Jul/2015:09:31:44 -0500] "GET /forest/documentos/2083993/1ibre/protoaculous.js HTTP/1.1" 200 121063
186.29.19.226 - - [25/Jul/2015:09:31:45 -0500] "GET /webfile/skins/gdocs-jar/js/number-functions.js?version=1412.171112 HTTP/1.1" 304 -
186.29.19.226 - - [25/Jul/2015:09:31:44 -0500] "GET /forest/documentos/2083993/1ibre/jscalendar/calendar.js HTTP/1.1" 200 121063
186.29.19.226 - - [25/Jul/2015:09:31:45 -0500] "GET /webfile/skins/gdocs-jar/js/swfobject.js?version=1412.171112 HTTP/1.1" 304 -
186.29.19.226 - - [25/Jul/2015:09:31:45 -0500] "GET /webfile/skins/gdocs-jar/js/formsBase.js?version=1412.171112 HTTP/1.1" 304 -
186.29.19.226 - - [25/Jul/2015:09:31:45 -0500] "GET /webfile/skins/gdocs-jar/js/graphicForm.js?version=1412.171112 HTTP/1.1" 304 -
186.29.19.226 - - [25/Jul/2015:09:31:45 -0500] "GET /webfile/img/spacer.gif HTTP/1.1" 304 -
186.29.19.226 - - [25/Jul/2015:09:31:44 -0500] "GET /forest/documentos/2083993/1ibre/1ibre.js HTTP/1.1" 200 121063
186.29.19.226 - - [25/Jul/2015:09:31:45 -0500] "GET /webfile/skins/gdocs-jar/img/iconAddress.png HTTP/1.1" 304 -
186.29.19.226 - - [25/Jul/2015:09:31:45 -0500] "GET /webfile/skins/gdocs-jar/img/plus.gif HTTP/1.1" 304 -
186.29.19.226 - - [25/Jul/2015:09:31:46 -0500] "GET /webfile/skins/gdocs-jar/img/pencil.png HTTP/1.1" 304 -
186.29.19.226 - - [25/Jul/2015:09:31:46 -0500] "GET /webfile/skins/gdocs-jar/img/minus.png HTTP/1.1" 304 -
186.29.19.226 - - [25/Jul/2015:09:31:46 -0500] "GET /webfile/skins/gdocs-jar/img/upload_file_icon.gif HTTP/1.1" 304 -
186.29.19.226 - - [25/Jul/2015:09:31:44 -0500] "GET /forest/documentos/2083993/1ibre/jscalendar/calendar-setup.js HTTP/1.1" 200 121063
186.29.19.226 - - [25/Jul/2015:09:31:46 -0500] "GET /webfile/skins/gdocs-jar/img/icons/pdf.gif HTTP/1.1" 304 -
186.29.19.226 - - [25/Jul/2015:09:31:46 -0500] "GET /webfile/skins/gdocs-jar/img/error.gif HTTP/1.1" 304 -
186.29.19.226 - - [25/Jul/2015:09:31:46 -0500] "GET /webfile/skins/gdocs-jar/img/folder.gif HTTP/1.1" 304 -
186.29.19.226 - - [25/Jul/2015:09:31:46 -0500] "GET /webfile/skins/gdocs-jar/img/alert.gif HTTP/1.1" 304 -
186.29.19.226 - - [25/Jul/2015:09:31:46 -0500] "GET /webfile/skins/gdocs-jar/img/icons/jpg.gif HTTP/1.1" 304 -
186.29.19.226 - - [25/Jul/2015:09:31:46 -0500] "GET /webfile/file/4248099 HTTP/1.1" 403 977
186.29.19.226 - - [25/Jul/2015:09:31:46 -0500] "GET /webfile/skins/gdocs-jar/img/disk.png HTTP/1.1" 304 -
186.29.19.226 - - [25/Jul/2015:09:31:46 -0500] "GET /webfile/skins/gdocs-jar/img/control-double.png HTTP/1.1" 304 -
186.29.19.226 - - [25/Jul/2015:09:31:46 -0500] "GET /forest/documentos/2083993/skins/gdocs-jar/img/edit2.gif HTTP/1.1" 200 121063
186.29.19.226 - - [25/Jul/2015:09:31:47 -0500] "GET /favicon.ico HTTP/1.1" 200 7782
172.22.2.3 - - [25/Jul/2015:09:31:52 -0500] "POST /cumbredelclima/wp-admin/admin-ajax.php HTTP/1.1" 200 23
186.29.19.226 - - [25/Jul/2015:09:32:03 -0500] "GET /forest/misactividades.do?_a=0.013388106366619468&group_system_actual=3 HTTP/1.1" 200 37582
186.29.19.226 - - [25/Jul/2015:09:32:04 -0500] "GET /forest/session.jsp?a=0.43201455450616777 HTTP/1.1" 200 4
186.29.19.226 - - [25/Jul/2015:09:32:04 -0500] "POST /forest/misactividades.do?ajax=true&a=0.6683242288418114 HTTP/1.1" 200 5158
172.22.2.3 - - [25/Jul/2015:09:32:07 -0500] "POST /cumbredelclima/wp-admin/admin-ajax.php HTTP/1.1" 200 23
186.29.19.226 - - [25/Jul/2015:09:32:10 -0500] "GET /forest/usugrafico.do?_a=0.8738951028790325&group_system_actual=3 HTTP/1.1" 200 69087
201.245.192.253 - - [25/Jul/2015:09:32:08 -0500] "POST /wp-admin/admin-ajax.php HTTP/1.1" 200 23
172.22.2.3 - - [25/Jul/2015:09:32:22 -0500] "POST /cumbredelclima/wp-admin/admin-ajax.php HTTP/1.1" 200 23
186.29.19.226 - - [25/Jul/2015:09:32:23 -0500] "GET /forest/skins/gdocs-jar/img/expandido.gif HTTP/1.1" 304 -
186.29.19.226 - - [25/Jul/2015:09:32:23 -0500] "GET /forest/skins/gdocs-jar/img/activity2.gif HTTP/1.1" 304 -
186.29.19.226 - - [25/Jul/2015:09:32:23 -0500] "GET /forest/skins/gdocs-jar/img/itemlist.gif HTTP/1.1" 304 -
186.29.19.226 - - [25/Jul/2015:09:32:23 -0500] "GET /forest/skins/gdocs-jar/img/mueveactividad.gif HTTP/1.1" 304 -
186.29.19.226 - - [25/Jul/2015:09:32:23 -0500] "GET /forest/session.jsp?a=0.46614393638446927 HTTP/1.1" 200 4
186.29.19.226 - - [25/Jul/2015:09:32:25 -0500] "GET /forest/skins/gdocs-jar/popup/popup.jsp?width=850&height=380&title=Informaci%F3n%20del%20radicado&uri=/forest/system/document.jsp%3FcodDoc%3D2083993&name=undefined&_a=0.6381269013509154&a=0.47797777759842575 HTTP/1.1" 200 1315
186.29.19.226 - - [25/Jul/2015:09:32:25 -0500] "GET /forest/css/dialog.css HTTP/1.1" 304 -
186.29.19.226 - - [25/Jul/2015:09:32:25 -0500] "GET /forest/css/index.css HTTP/1.1" 304 -
186.29.19.226 - - [25/Jul/2015:09:32:25 -0500] "GET /forest/1ibre/protoaculous.js HTTP/1.1" 304 -
186.29.19.226 - - [25/Jul/2015:09:32:25 -0500] "GET /forest/1ibre/1ibre.js HTTP/1.1" 304 -
186.29.19.226 - - [25/Jul/2015:09:32:25 -0500] "GET /forest/system/document.jsp?codDoc=2083993 HTTP/1.1" 200 17804
186.29.19.226 - - [25/Jul/2015:09:32:26 -0500] "GET /forest/skins/gdocs-jar/img/icons/zip.gif HTTP/1.1" 200 235
186.29.19.226 - - [25/Jul/2015:09:32:26 -0500] "GET /forest/skins/gdocs-jar/img/eye.gif HTTP/1.1" 304 -
66.249.64.19 - - [25/Jul/2015:09:32:25 -0500] "GET /que-hacer-en-bogota/ HTTP/1.1" 200 43530
172.22.2.3 - - [25/Jul/2015:09:32:37 -0500] "POST /cumbredelclima/wp-admin/admin-ajax.php HTTP/1.1" 200 23
186.29.19.226 - - [25/Jul/2015:09:32:44 -0500] "GET /forest/skins/gdocs-jar/popup/popup.jsp?width=850&height=380&title=Informaci%F3n%20del%20radicado&uri=/forest/system/document.jsp%3FcodDoc%3D2083994&name=undefined&_a=0.9081004252657294&a=0.10802411451004446 HTTP/1.1" 200 1315
186.29.19.226 - - [25/Jul/2015:09:32:44 -0500] "GET /forest/system/document.jsp?codDoc=2083994 HTTP/1.1" 200 11057
201.245.192.253 - - [25/Jul/2015:09:32:48 -0500] "GET /forest/session.jsp?a=0.5422484262874558 HTTP/1.1" 200 4
186.29.19.226 - - [25/Jul/2015:09:32:50 -0500] "GET /forest/usudocumentos.do?zip=2083994&a=0.795765200862661&a=0.6025007339194417 HTTP/1.1" 200 2713
186.29.19.226 - - [25/Jul/2015:09:32:50 -0500] "GET /forest/skins/gdocs-jar/img/icons/pdf.gif HTTP/1.1" 304 -
186.29.19.226 - - [25/Jul/2015:09:32:50 -0500] "GET /forest/skins/gdocs-jar/img/icons/jpg.gif HTTP/1.1" 200 125
172.22.2.3 - - [25/Jul/2015:09:32:52 -0500] "POST /cumbredelclima/wp-admin/admin-ajax.php HTTP/1.1" 200 23
190.157.172.223 - - [25/Jul/2015:09:32:55 -0500] "GET /forest/misactividades.do?group_system_actual=3&codPro=95&_a=0.47370738099542753 HTTP/1.1" 200 38228
190.157.172.223 - - [25/Jul/2015:09:32:55 -0500] "GET /forest/skins/gdocs-jar/jsp/cookie.jsp?name=grid_nomter&del HTTP/1.1" 200 -
190.157.172.223 - - [25/Jul/2015:09:32:55 -0500] "GET /forest/session.jsp?a=0.2013460136950016 HTTP/1.1" 200 4
190.157.172.223 - - [25/Jul/2015:09:32:56 -0500] "POST /forest/misactividades.do?ajax=true&a=0.3282804535701871 HTTP/1.1" 200 12945
190.157.172.223 - - [25/Jul/2015:09:32:58 -0500] "POST /forest/misactividades.do?loadList=1&name=nompro&a=0.9217588964384049 HTTP/1.1" 200 221
190.157.172.223 - - [25/Jul/2015:09:32:58 -0500] "GET /forest/img/jquery/ui-icons_f9bd01_256x240.png HTTP/1.1" 404 185
190.157.172.223 - - [25/Jul/2015:09:33:02 -0500] "GET /forest/img/jquery/ui-icons_217bc0_256x240.png HTTP/1.1" 304 -
201.245.192.253 - - [25/Jul/2015:09:33:05 -0500] "GET /forest/session.jsp?a=0.1172038957339736 HTTP/1.1" 200 4
66.249.64.106 - - [25/Jul/2015:09:33:06 -0500] "GET /BLA/resoluciones/AUTOS%202013/0161.pdf HTTP/1.1" 304 -
172.22.2.3 - - [25/Jul/2015:09:33:07 -0500] "POST /cumbredelclima/wp-admin/admin-ajax.php HTTP/1.1" 200 23
201.245.192.253 - - [25/Jul/2015:09:33:17 -0500] "GET /BLA/resoluciones/RESOLUCIONES%202014/2082.pdf HTTP/1.1" 200 520418
172.22.2.3 - - [25/Jul/2015:09:33:22 -0500] "POST /cumbredelclima/wp-admin/admin-ajax.php HTTP/1.1" 200 23
190.157.172.223 - - [25/Jul/2015:09:33:30 -0500] "POST /forest/misactividades.do?ajax=true&a=0.3503317222930491 HTTP/1.1" 200 13177
172.22.2.3 - - [25/Jul/2015:09:33:37 -0500] "POST /cumbredelclima/wp-admin/admin-ajax.php HTTP/1.1" 200 23
172.22.2.3 - - [25/Jul/2015:09:33:52 -0500] "POST /cumbredelclima/wp-admin/admin-ajax.php HTTP/1.1" 200 23
190.27.94.70 - - [25/Jul/2015:09:33:48 -0500] "GET /forest/documentos/2083994/2015ER91621.zip HTTP/1.1" 200 2858373
66.249.64.96 - - [25/Jul/2015:09:34:00 -0500] "GET /BLA/resoluciones/Notificaciones/AUTOS%202014/4048.doc HTTP/1.1" 304 -
66.249.64.106 - - [25/Jul/2015:09:34:00 -0500] "GET /BLA/resoluciones/RESOLUCIONES%202009/7503.pdf HTTP/1.1" 200 483939
201.245.192.253 - - [25/Jul/2015:09:34:01 -0500] "GET /forest/session.jsp?a=0.9582687958260717 HTTP/1.1" 200 4
66.249.64.101 - - [25/Jul/2015:09:34:01 -0500] "GET /BLA/resoluciones/RESOLUCIONES%202010/7751.pdf HTTP/1.1" 304 -
66.249.64.106 - - [25/Jul/2015:09:34:03 -0500] "GET /BLA/resoluciones/RESOLUCIONES%202013/1197.pdf HTTP/1.1" 304 -
66.249.64.96 - - [25/Jul/2015:09:34:04 -0500] "GET /BLA/resoluciones/AUTOS%202013/0201.pdf HTTP/1.1" 304 -
172.22.2.3 - - [25/Jul/2015:09:34:07 -0500] "POST /cumbredelclima/wp-admin/admin-ajax.php HTTP/1.1" 200 23
66.249.64.101 - - [25/Jul/2015:09:34:07 -0500] "GET /BLA/resoluciones/RESOLUCIONES%202011/1162.pdf HTTP/1.1" 200 504271
66.249.64.106 - - [25/Jul/2015:09:34:08 -0500] "GET /BLA/resoluciones/RESOLUCIONES%202011/0216.pdf HTTP/1.1" 304 -
66.249.64.101 - - [25/Jul/2015:09:34:10 -0500] "GET /BLA/resoluciones/RESOLUCIONES%202009/2193.pdf HTTP/1.1" 200 637462
66.249.64.101 - - [25/Jul/2015:09:34:11 -0500] "GET /BLA/resoluciones/RESOLUCIONES%202009/5692.pdf HTTP/1.1" 304 -
66.249.64.96 - - [25/Jul/2015:09:34:13 -0500] "GET /BLA/resoluciones/RESOLUCIONES%202012/1122.pdf HTTP/1.1" 304 -
172.22.2.3 - - [25/Jul/2015:09:34:22 -0500] "POST /cumbredelclima/wp-admin/admin-ajax.php HTTP/1.1" 200 23
201.245.192.253 - - [25/Jul/2015:09:34:09 -0500] "POST /wp-admin/admin-ajax.php HTTP/1.1" 200 23
172.22.2.3 - - [25/Jul/2015:09:34:37 -0500] "POST /cumbredelclima/wp-admin/admin-ajax.php HTTP/1.1" 200 23
172.22.2.3 - - [25/Jul/2015:09:34:52 -0500] "POST /cumbredelclima/wp-admin/admin-ajax.php HTTP/1.1" 200 23
172.22.2.3 - - [25/Jul/2015:09:35:07 -0500] "POST /cumbredelclima/wp-admin/admin-ajax.php HTTP/1.1" 200 23
66.249.64.101 - - [25/Jul/2015:09:35:17 -0500] "GET /galeria/galeria/fotos/3.jpg HTTP/1.1" 304 -
172.22.2.3 - - [25/Jul/2015:09:35:22 -0500] "POST /cumbredelclima/wp-admin/admin-ajax.php HTTP/1.1" 200 23
181.56.232.116 - - [25/Jul/2015:09:35:29 -0500] "GET /BLA/boletinlegal/js/jquery.scrollShow.js HTTP/1.1" 200 4586
181.56.232.116 - - [25/Jul/2015:09:35:29 -0500] "GET /galeria/galeria/jquery.fancybox.js?v=2.1.5 HTTP/1.1" 200 48706
181.56.232.116 - - [25/Jul/2015:09:35:29 -0500] "GET /galeria/galeria/jquery.fancybox.css?v=2.1.5 HTTP/1.1" 200 4895
66.249.64.96 - - [25/Jul/2015:09:35:33 -0500] "GET /BLA/resoluciones/AUTOS%202014/1305.pdf HTTP/1.1" 200 147476
186.29.19.226 - - [25/Jul/2015:09:29:35 -0500] "GET /ForestMSG_SDA/channelAsync/template_word_18658388?X-Atmosphere-tracking-id=8f458d35-5230-9779-429a-e3d80922774b&X-Atmosphere-Framework=1.0.5&X-Atmosphere-Transport=long-polling&tabid=0.4481101455166936&X-Cache-Date=0&Content-Type=application/xml&_=1437834707556 HTTP/1.1" 200 8193
172.22.2.3 - - [25/Jul/2015:09:35:37 -0500] "POST /cumbredelclima/wp-admin/admin-ajax.php HTTP/1.1" 200 23
181.56.232.116 - - [25/Jul/2015:09:35:38 -0500] "GET /BLA/boletinlegal/js/jquery.scrollShow.js HTTP/1.1" 304 -
181.56.232.116 - - [25/Jul/2015:09:35:38 -0500] "GET /galeria/galeria/jquery.fancybox.js?v=2.1.5 HTTP/1.1" 304 -
181.56.232.116 - - [25/Jul/2015:09:35:38 -0500] "GET /galeria/galeria/jquery.fancybox.css?v=2.1.5 HTTP/1.1" 304 -
172.22.2.3 - - [25/Jul/2015:09:35:52 -0500] "POST /cumbredelclima/wp-admin/admin-ajax.php HTTP/1.1" 200 23
74.86.158.107 - - [25/Jul/2015:09:35:54 -0500] "HEAD / HTTP/1.1" 200 -
191.76.16.176 - - [25/Jul/2015:09:36:06 -0500] "GET /galeria/galeria/jquery.fancybox.css?v=2.1.5 HTTP/1.1" 200 4895
191.76.16.176 - - [25/Jul/2015:09:36:06 -0500] "GET /galeria/carrusel/Carrusel/jquery.thumbnailScroller.css HTTP/1.1" 200 2066
191.76.16.176 - - [25/Jul/2015:09:36:06 -0500] "GET /BLA/boletinlegal/js/jquery.scrollShow.js HTTP/1.1" 200 4586
191.76.16.176 - - [25/Jul/2015:09:36:06 -0500] "GET /galeria/galeria/jquery.fancybox.js?v=2.1.5 HTTP/1.1" 200 48706
191.76.16.176 - - [25/Jul/2015:09:36:06 -0500] "GET /galeria/carrusel/Carrusel/jquery-ui-1.8.13.custom.min.js HTTP/1.1" 200 10800
191.76.16.176 - - [25/Jul/2015:09:36:06 -0500] "GET /galeria/carrusel/Carrusel/jquery.thumbnailScroller.js HTTP/1.1" 200 8157
201.233.254.201 - - [25/Jul/2015:09:36:06 -0500] "GET /galeria/galeria/fotos/3humedal-Burro3G.jpg HTTP/1.1" 200 74809
172.22.2.3 - - [25/Jul/2015:09:36:07 -0500] "POST /cumbredelclima/wp-admin/admin-ajax.php HTTP/1.1" 200 23
191.76.16.176 - - [25/Jul/2015:09:36:08 -0500] "GET /galeria/nivo-slider/demo/demo.html HTTP/1.1" 200 5224
191.76.16.176 - - [25/Jul/2015:09:36:09 -0500] "GET /galeria/nivo-slider/themes/default/default.css HTTP/1.1" 200 1569
191.76.16.176 - - [25/Jul/2015:09:36:09 -0500] "GET /galeria/nivo-slider/themes/pascal/pascal.css HTTP/1.1" 200 2258
191.76.16.176 - - [25/Jul/2015:09:36:09 -0500] "GET /galeria/nivo-slider/themes/orman/orman.css HTTP/1.1" 200 2152
191.76.16.176 - - [25/Jul/2015:09:36:09 -0500] "GET /galeria/nivo-slider/demo/style.css HTTP/1.1" 200 2222
191.76.16.176 - - [25/Jul/2015:09:36:09 -0500] "GET /galeria/nivo-slider/nivo-slider.css HTTP/1.1" 200 1507
191.76.16.176 - - [25/Jul/2015:09:36:09 -0500] "GET /galeria/nivo-slider/demo/scripts/jquery-1.7.1.min.js HTTP/1.1" 200 93868
191.76.16.176 - - [25/Jul/2015:09:36:10 -0500] "GET /galeria/nivo-slider/jquery.nivo.slider.pack.js HTTP/1.1" 200 11561
191.76.16.176 - - [25/Jul/2015:09:36:10 -0500] "GET /galeria/nivo-slider/demo/images/Rendicion-de-cuentas.jpg HTTP/1.1" 200 309079
191.76.16.176 - - [25/Jul/2015:09:36:10 -0500] "GET /galeria/nivo-slider/demo/images/Semana-PYBA.jpg HTTP/1.1" 200 147360
191.76.16.176 - - [25/Jul/2015:09:36:10 -0500] "GET /galeria/nivo-slider/demo/images/banner-llantas2.jpg HTTP/1.1" 200 204644
191.76.16.176 - - [25/Jul/2015:09:36:10 -0500] "GET /galeria/nivo-slider/demo/images/PREDAcamp.jpg HTTP/1.1" 200 295358
191.76.16.176 - - [25/Jul/2015:09:36:10 -0500] "GET /galeria/nivo-slider/demo/images/VoluntariadoPYBA.jpg HTTP/1.1" 200 40647
191.76.16.176 - - [25/Jul/2015:09:36:10 -0500] "GET /galeria/nivo-slider/demo/images/4Simple_Slider.png HTTP/1.1" 200 11722
191.76.16.176 - - [25/Jul/2015:09:36:11 -0500] "GET /galeria/nivo-slider/themes/default/loading.gif HTTP/1.1" 200 1737
191.76.16.176 - - [25/Jul/2015:09:36:12 -0500] "GET /galeria/nivo-slider/demo/images/9Signos.jpg HTTP/1.1" 200 81776
191.76.16.176 - - [25/Jul/2015:09:36:13 -0500] "GET /galeria/nivo-slider/demo/images/Comparendo-ambiental-Banner.jpg HTTP/1.1" 200 83731
191.76.16.176 - - [25/Jul/2015:09:36:13 -0500] "GET /galeria/nivo-slider/demo/images/GAE-banner.jpg HTTP/1.1" 200 97556
191.76.16.176 - - [25/Jul/2015:09:36:13 -0500] "GET /galeria/nivo-slider/demo/images/Banner-encuesta-de-percepscio.jpg HTTP/1.1" 200 201899
191.76.16.176 - - [25/Jul/2015:09:36:13 -0500] "GET /galeria/nivo-slider/demo/images/acuerdo_569.jpg HTTP/1.1" 200 62670
191.76.16.176 - - [25/Jul/2015:09:36:13 -0500] "GET /galeria/nivo-slider/demo/images/banner-Pacto-por-la-madera.jpg HTTP/1.1" 200 209966
191.76.16.176 - - [25/Jul/2015:09:36:15 -0500] "GET /galeria/nivo-slider/demo/images/Licitaciones-proyecto-paramo.jpg HTTP/1.1" 200 221877
191.76.16.176 - - [25/Jul/2015:09:36:15 -0500] "GET /galeria/nivo-slider/demo/images/Banner-decreto1299.jpg HTTP/1.1" 200 182613
191.76.16.176 - - [25/Jul/2015:09:36:15 -0500] "GET /galeria/nivo-slider/demo/images/Banner-Directorio.jpg HTTP/1.1" 200 182068
191.76.16.176 - - [25/Jul/2015:09:36:15 -0500] "GET /galeria/nivo-slider/demo/images/Ruta-vertimientos-01.jpg HTTP/1.1" 200 130151
191.76.16.176 - - [25/Jul/2015:09:36:17 -0500] "GET /galeria/nivo-slider/demo/images/bolsas-06.jpg HTTP/1.1" 200 90982
191.76.16.176 - - [25/Jul/2015:09:36:17 -0500] "GET /galeria/nivo-slider/demo/images/Conoce-los-humedales.jpg HTTP/1.1" 200 294036
191.76.16.176 - - [25/Jul/2015:09:36:17 -0500] "GET /galeria/nivo-slider/demo/images/ecolecta-Dic2014.png HTTP/1.1" 200 288593
190.157.172.223 - - [25/Jul/2015:09:36:18 -0500] "GET /forest/index2.jsp?_a=0.46881862985901535 HTTP/1.1" 200 100640
190.157.172.223 - - [25/Jul/2015:09:36:19 -0500] "GET /forest/session.jsp?a=0.24818395148031414 HTTP/1.1" 200 4
191.76.16.176 - - [25/Jul/2015:09:36:19 -0500] "GET /galeria/nivo-slider/demo/images/Banner-Caracol-Africano.jpg HTTP/1.1" 200 331986
201.245.192.253 - - [25/Jul/2015:09:36:20 -0500] "GET /forest/session.jsp?a=0.45164663993618137 HTTP/1.1" 200 4
201.245.192.253 - - [25/Jul/2015:09:36:08 -0500] "POST /wp-admin/admin-ajax.php HTTP/1.1" 200 23
172.22.2.3 - - [25/Jul/2015:09:36:22 -0500] "POST /cumbredelclima/wp-admin/admin-ajax.php HTTP/1.1" 200 23
191.76.16.176 - - [25/Jul/2015:09:36:23 -0500] "GET /galeria/nivo-slider/themes/default/arrows.png HTTP/1.1" 200 824
191.76.16.176 - - [25/Jul/2015:09:36:24 -0500] "GET /galeria/nivo-slider/themes/default/bullets.png HTTP/1.1" 200 1281
190.157.172.223 - - [25/Jul/2015:09:36:27 -0500] "GET /forest/forms/showform.jsp?codPro=198&codForm=iniciovertimientos&a=0.6650698464363813 HTTP/1.1" 200 10550
190.157.172.223 - - [25/Jul/2015:09:36:32 -0500] "GET /forest/actions/forms.getList?codForm=iniciovertimientos&id=tercero32&text=R HTTP/1.1" 200 1412
190.157.172.223 - - [25/Jul/2015:09:36:32 -0500] "GET /forest/actions/forms.getList?codForm=iniciovertimientos&id=tercero32&text=RA HTTP/1.1" 200 1290
190.157.172.223 - - [25/Jul/2015:09:36:32 -0500] "GET /forest/actions/forms.getList?codForm=iniciovertimientos&id=tercero32&text=RAP HTTP/1.1" 200 1177
190.157.172.223 - - [25/Jul/2015:09:36:32 -0500] "GET /forest/actions/forms.getList?codForm=iniciovertimientos&id=tercero32&text=RAPI HTTP/1.1" 200 1250
190.157.172.223 - - [25/Jul/2015:09:36:33 -0500] "GET /forest/actions/forms.getList?codForm=iniciovertimientos&id=tercero32&text=RAPI%20 HTTP/1.1" 200 569
190.157.172.223 - - [25/Jul/2015:09:36:34 -0500] "GET /forest/actions/forms.getList?codForm=iniciovertimientos&id=tercero32&text=RAPI%20W HTTP/1.1" 200 44
190.157.172.223 - - [25/Jul/2015:09:36:34 -0500] "GET /forest/actions/forms.getList?codForm=iniciovertimientos&id=tercero32&text=RAPI%20WA HTTP/1.1" 200 44
190.157.172.223 - - [25/Jul/2015:09:36:35 -0500] "GET /forest/actions/forms.getList?codForm=iniciovertimientos&id=tercero32&text=RAPI%20WAS HTTP/1.1" 200 44
172.22.2.3 - - [25/Jul/2015:09:36:37 -0500] "POST /cumbredelclima/wp-admin/admin-ajax.php HTTP/1.1" 200 23
190.157.172.223 - - [25/Jul/2015:09:36:39 -0500] "POST /forest/actions/forms.saveForm?codPro=198 HTTP/1.1" 200 165
172.22.2.3 - - [25/Jul/2015:09:36:52 -0500] "POST /cumbredelclima/wp-admin/admin-ajax.php HTTP/1.1" 200 23
190.157.172.223 - - [25/Jul/2015:09:37:05 -0500] "GET /forest/index2.jsp?group_system_actual=3&a=0.2728101753164083 HTTP/1.1" 200 103567
190.157.172.223 - - [25/Jul/2015:09:37:06 -0500] "GET /forest/session.jsp?a=0.6004435974173248 HTTP/1.1" 200 4
172.22.2.3 - - [25/Jul/2015:09:37:07 -0500] "POST /cumbredelclima/wp-admin/admin-ajax.php HTTP/1.1" 200 23
190.157.172.223 - - [25/Jul/2015:09:37:07 -0500] "GET /forest/usutareas.do?group_system_actual=3&codTraEsc=18748831&_a=0.4195394808988654 HTTP/1.1" 200 89951
190.157.172.223 - - [25/Jul/2015:09:37:07 -0500] "GET /forest/skins/gdocs-jar/img/iconAddress.png HTTP/1.1" 304 -
190.157.172.223 - - [25/Jul/2015:09:37:07 -0500] "GET /forest/session.jsp?a=0.025078540667891502 HTTP/1.1" 200 4
190.157.172.223 - - [25/Jul/2015:09:37:07 -0500] "GET /forest/actions/forms.getMappedValues?id=tercero32&value=80399095&codForm=PROG_VISITA_TECNICA_CTRL&a=0.18168679205700755 HTTP/1.1" 200 85
190.157.172.223 - - [25/Jul/2015:09:37:07 -0500] "GET /forest/actions/forms.getMappedValues?id=NUMTER39&value=80399095&codForm=PROG_VISITA_TECNICA_CTRL&a=0.8127269309479743 HTTP/1.1" 200 29
190.157.172.223 - - [25/Jul/2015:09:37:19 -0500] "GET /forest/skins/gdocs-jar/popup/direccion.jsp?callfromform=form_observaciones8&a=0.2766022083815187 HTTP/1.1" 200 12556
191.76.16.176 - - [25/Jul/2015:09:37:22 -0500] "GET /galeria/galeria/jquery.fancybox.css?v=2.1.5 HTTP/1.1" 304 -
191.76.16.176 - - [25/Jul/2015:09:37:22 -0500] "GET /BLA/boletinlegal/js/jquery.scrollShow.js HTTP/1.1" 304 -
191.76.16.176 - - [25/Jul/2015:09:37:22 -0500] "GET /galeria/galeria/jquery.fancybox.js?v=2.1.5 HTTP/1.1" 304 -
172.22.2.3 - - [25/Jul/2015:09:37:22 -0500] "POST /cumbredelclima/wp-admin/admin-ajax.php HTTP/1.1" 200 23
190.159.147.125 - - [25/Jul/2015:09:37:22 -0500] "GET /BLA/resoluciones/RESOLUCIONES%202011/5538.pdf HTTP/1.1" 200 1147008
190.159.147.125 - - [25/Jul/2015:09:37:22 -0500] "GET /favicon.ico HTTP/1.1" 200 7782
190.157.172.223 - - [25/Jul/2015:09:37:33 -0500] "GET /forest/index2.jsp?_a=0.2507198175881058 HTTP/1.1" 200 103556
190.157.172.223 - - [25/Jul/2015:09:37:34 -0500] "GET /forest/session.jsp?a=0.6828483089338988 HTTP/1.1" 200 4
190.157.172.223 - - [25/Jul/2015:09:37:35 -0500] "GET /forest/misactividades.do?group_system_actual=3&codPro=95&_a=0.5445210522238765 HTTP/1.1" 200 38228
190.157.172.223 - - [25/Jul/2015:09:37:35 -0500] "GET /forest/skins/gdocs-jar/jsp/cookie.jsp?name=grid_nompro&del HTTP/1.1" 200 -
190.157.172.223 - - [25/Jul/2015:09:37:35 -0500] "GET /forest/session.jsp?a=0.151577094104141 HTTP/1.1" 200 4
190.157.172.223 - - [25/Jul/2015:09:37:35 -0500] "POST /forest/misactividades.do?ajax=true&a=0.08622486097738147 HTTP/1.1" 200 11546
172.22.2.3 - - [25/Jul/2015:09:37:37 -0500] "POST /cumbredelclima/wp-admin/admin-ajax.php HTTP/1.1" 200 23
181.241.7.138 - - [25/Jul/2015:09:37:40 -0500] "GET /galeria/galeria/jquery.fancybox.css?v=2.1.5 HTTP/1.1" 200 4895
190.157.172.223 - - [25/Jul/2015:09:37:40 -0500] "POST /forest/misactividades.do?ajax=true&a=0.653890760615468 HTTP/1.1" 200 1632
181.241.7.138 - - [25/Jul/2015:09:37:40 -0500] "GET /BLA/boletinlegal/js/jquery.scrollShow.js HTTP/1.1" 200 4586
181.241.7.138 - - [25/Jul/2015:09:37:40 -0500] "GET /galeria/galeria/jquery.fancybox.js?v=2.1.5 HTTP/1.1" 200 48706
190.157.172.223 - - [25/Jul/2015:09:37:44 -0500] "GET /forest/usutareas.do?_a=0.568243145942688&group_system_actual=3 HTTP/1.1" 200 116158
190.157.172.223 - - [25/Jul/2015:09:37:44 -0500] "GET /forest/session.jsp?a=0.47447990672662854 HTTP/1.1" 200 4
201.245.192.253 - - [25/Jul/2015:09:37:48 -0500] "GET /forest/session.jsp?a=0.48103143229870937 HTTP/1.1" 200 4
68.180.230.190 - - [25/Jul/2015:09:37:48 -0500] "GET /galeria/galeria/jquery.fancybox.css?v=2.1.5 HTTP/1.1" 304 -
172.22.2.3 - - [25/Jul/2015:09:37:52 -0500] "POST /cumbredelclima/wp-admin/admin-ajax.php HTTP/1.1" 200 23
181.241.7.138 - - [25/Jul/2015:09:37:52 -0500] "GET /galeria/galeria/jquery.fancybox.css?v=2.1.5 HTTP/1.1" 304 -
181.241.7.138 - - [25/Jul/2015:09:37:52 -0500] "GET /BLA/boletinlegal/js/jquery.scrollShow.js HTTP/1.1" 304 -
181.241.7.138 - - [25/Jul/2015:09:37:52 -0500] "GET /galeria/galeria/jquery.fancybox.js?v=2.1.5 HTTP/1.1" 304 -
190.157.172.223 - - [25/Jul/2015:09:37:48 -0500] "GET /forest/documentos/2086020/2015ER93647.pdf HTTP/1.1" 200 1806368
190.68.200.142 - - [25/Jul/2015:09:37:53 -0500] "GET /forest/skins/gdocs-jar/css/forest.css?version=1503.161801 HTTP/1.1" 304 -
190.68.200.142 - - [25/Jul/2015:09:37:53 -0500] "GET /forest/skins/gdocs-jar/css/menu.css?version=1503.161801 HTTP/1.1" 304 -
190.68.200.142 - - [25/Jul/2015:09:37:53 -0500] "GET /forest/ HTTP/1.1" 200 12815
190.68.200.142 - - [25/Jul/2015:09:37:53 -0500] "GET /forest/skins/gdocs-jar/css/autocomplete.css?version=1503.161801 HTTP/1.1" 304 -
190.68.200.142 - - [25/Jul/2015:09:37:53 -0500] "GET /forest/css/escritorio.css?version=1503.161801 HTTP/1.1" 304 -
190.68.200.142 - - [25/Jul/2015:09:37:53 -0500] "GET /forest/css/index.css?version=1503.161801 HTTP/1.1" 304 -
190.68.200.142 - - [25/Jul/2015:09:37:53 -0500] "GET /forest/1ibre/jscalendar/calendar-win2k-1.css?version=1503.161801 HTTP/1.1" 304 -
190.68.200.142 - - [25/Jul/2015:09:37:53 -0500] "GET /forest/skins/gdocs-jar/css/dialog.css?version=1503.161801 HTTP/1.1" 304 -
190.68.200.142 - - [25/Jul/2015:09:37:53 -0500] "GET /forest/skins/gdocs-jar/css/forms.css?version=1503.161801 HTTP/1.1" 304 -
190.68.200.142 - - [25/Jul/2015:09:37:53 -0500] "GET /forest/js/json3.js HTTP/1.1" 304 -
190.68.200.142 - - [25/Jul/2015:09:37:53 -0500] "GET /forest/img/loading.gif HTTP/1.1" 304 -
190.68.200.142 - - [25/Jul/2015:09:37:54 -0500] "GET /forest/img/spacer.gif HTTP/1.1" 304 -
190.68.200.142 - - [25/Jul/2015:09:37:54 -0500] "GET /forest/img/panel/view_icon.gif HTTP/1.1" 304 -
190.68.200.142 - - [25/Jul/2015:09:37:55 -0500] "GET /forest/img/inicio/1.gif HTTP/1.1" 304 -
190.68.200.142 - - [25/Jul/2015:09:37:55 -0500] "GET /forest/img/inicio/2.gif HTTP/1.1" 304 -
190.68.200.142 - - [25/Jul/2015:09:37:55 -0500] "GET /forest/img/inicio/3.gif HTTP/1.1" 304 -
190.68.200.142 - - [25/Jul/2015:09:37:53 -0500] "GET /forest/jsoptimized/gz/js/gdocsall-1503.161801.js HTTP/1.1" 200 99246
190.68.200.142 - - [25/Jul/2015:09:37:56 -0500] "GET /forest/img/inicio/4.gif HTTP/1.1" 304 -
190.68.200.142 - - [25/Jul/2015:09:37:56 -0500] "GET /forest/img/inicio/5.gif HTTP/1.1" 304 -
190.68.200.142 - - [25/Jul/2015:09:37:56 -0500] "GET /forest/img/inicio/6.gif HTTP/1.1" 304 -
190.68.200.142 - - [25/Jul/2015:09:37:56 -0500] "GET /forest/img/inicio/7.gif HTTP/1.1" 304 -
190.68.200.142 - - [25/Jul/2015:09:37:56 -0500] "GET /forest/img/mplogo.gif HTTP/1.1" 304 -
180.76.15.19 - - [25/Jul/2015:09:37:42 -0500] "GET / HTTP/1.1" 200 123269
190.68.200.142 - - [25/Jul/2015:09:37:56 -0500] "GET /forest/img/close.gif HTTP/1.1" 304 -
190.68.200.142 - - [25/Jul/2015:09:37:56 -0500] "GET /forest/skins/gdocs-jar/img/okey.gif HTTP/1.1" 304 -
190.68.200.142 - - [25/Jul/2015:09:37:56 -0500] "GET /forest/img/base/bsc2_r1_c1.gif HTTP/1.1" 304 -
190.68.200.142 - - [25/Jul/2015:09:37:56 -0500] "GET /forest/img/base/bsc2_r1_c2.gif HTTP/1.1" 304 -
190.68.200.142 - - [25/Jul/2015:09:37:56 -0500] "GET /forest/img/base/bsc2_r1_c3.gif HTTP/1.1" 304 -
190.68.200.142 - - [25/Jul/2015:09:37:56 -0500] "GET /forest/1ibre/1ibre.css HTTP/1.1" 304 -
95.143.172.224 - - [25/Jul/2015:09:37:56 -0500] "GET /test/wp-admin/ HTTP/1.1" 404 1018
201.245.192.253 - - [25/Jul/2015:09:38:05 -0500] "GET /forest/session.jsp?a=0.5060701613998335 HTTP/1.1" 200 4
172.22.2.3 - - [25/Jul/2015:09:38:07 -0500] "POST /cumbredelclima/wp-admin/admin-ajax.php HTTP/1.1" 200 23
201.245.192.253 - - [25/Jul/2015:09:38:08 -0500] "POST /wp-admin/admin-ajax.php HTTP/1.1" 200 23
172.22.2.3 - - [25/Jul/2015:09:38:22 -0500] "POST /cumbredelclima/wp-admin/admin-ajax.php HTTP/1.1" 200 23
180.76.15.15 - - [25/Jul/2015:09:38:28 -0500] "GET / HTTP/1.1" 200 123269
172.22.2.3 - - [25/Jul/2015:09:38:37 -0500] "POST /cumbredelclima/wp-admin/admin-ajax.php HTTP/1.1" 200 23
190.85.78.194 - - [25/Jul/2015:09:38:40 -0500] "GET /galeria/galeria/jquery.fancybox.js?v=2.1.5 HTTP/1.1" 200 48706
190.85.78.194 - - [25/Jul/2015:09:38:40 -0500] "GET /galeria/galeria/jquery.fancybox.css?v=2.1.5 HTTP/1.1" 200 4895
190.66.115.18 - - [25/Jul/2015:09:38:49 -0500] "GET /galeria/galeria/jquery.fancybox.css?v=2.1.5 HTTP/1.1" 304 -
190.66.115.18 - - [25/Jul/2015:09:38:49 -0500] "GET /BLA/boletinlegal/js/jquery.scrollShow.js HTTP/1.1" 304 -
190.66.115.18 - - [25/Jul/2015:09:38:49 -0500] "GET /galeria/galeria/jquery.fancybox.js?v=2.1.5 HTTP/1.1" 304 -
190.85.78.194 - - [25/Jul/2015:09:38:50 -0500] "GET /galeria/galeria/jquery.fancybox.css?v=2.1.5 HTTP/1.1" 304 -
190.85.78.194 - - [25/Jul/2015:09:38:50 -0500] "GET /galeria/galeria/jquery.fancybox.js?v=2.1.5 HTTP/1.1" 304 -
172.22.2.3 - - [25/Jul/2015:09:38:52 -0500] "POST /cumbredelclima/wp-admin/admin-ajax.php HTTP/1.1" 200 23
201.245.192.253 - - [25/Jul/2015:09:39:01 -0500] "GET /forest/session.jsp?a=0.7083070568329387 HTTP/1.1" 200 4
172.22.2.3 - - [25/Jul/2015:09:39:07 -0500] "POST /cumbredelclima/wp-admin/admin-ajax.php HTTP/1.1" 200 23
172.22.2.3 - - [25/Jul/2015:09:39:22 -0500] "POST /cumbredelclima/wp-admin/admin-ajax.php HTTP/1.1" 200 23
190.159.132.170 - - [25/Jul/2015:09:39:23 -0500] "GET /galeria/galeria/fotos/mirador3G.jpg HTTP/1.1" 200 131992
172.22.2.3 - - [25/Jul/2015:09:39:37 -0500] "POST /cumbredelclima/wp-admin/admin-ajax.php HTTP/1.1" 200 23
172.22.2.3 - - [25/Jul/2015:09:39:52 -0500] "POST /cumbredelclima/wp-admin/admin-ajax.php HTTP/1.1" 200 23
172.22.2.3 - - [25/Jul/2015:09:40:07 -0500] "POST /cumbredelclima/wp-admin/admin-ajax.php HTTP/1.1" 200 23
190.157.172.223 - - [25/Jul/2015:09:40:10 -0500] "GET /forest/index2.jsp?_a=0.7893607649020851 HTTP/1.1" 200 103561
190.157.172.223 - - [25/Jul/2015:09:40:10 -0500] "GET /forest/session.jsp?a=0.24428471853025258 HTTP/1.1" 200 4
190.157.172.223 - - [25/Jul/2015:09:40:11 -0500] "GET /forest/usutareas.do?group_system_actual=3&codTraEsc=18748831&_a=0.5305618922584147 HTTP/1.1" 200 89951
190.157.172.223 - - [25/Jul/2015:09:40:12 -0500] "GET /forest/session.jsp?a=0.6284921432379633 HTTP/1.1" 200 4
190.157.172.223 - - [25/Jul/2015:09:40:12 -0500] "GET /forest/actions/forms.getMappedValues?id=tercero32&value=80399095&codForm=PROG_VISITA_TECNICA_CTRL&a=0.5593447966966778 HTTP/1.1" 200 85
190.157.172.223 - - [25/Jul/2015:09:40:12 -0500] "GET /forest/actions/forms.getMappedValues?id=NUMTER39&value=80399095&codForm=PROG_VISITA_TECNICA_CTRL&a=0.0989030587952584 HTTP/1.1" 200 29
186.145.86.93 - - [25/Jul/2015:09:40:22 -0500] "GET /BLA/boletinlegal/js/jquery.scrollShow.js HTTP/1.1" 200 4586
186.145.86.93 - - [25/Jul/2015:09:40:22 -0500] "GET /galeria/galeria/jquery.fancybox.js?v=2.1.5 HTTP/1.1" 200 48706
186.145.86.93 - - [25/Jul/2015:09:40:22 -0500] "GET /galeria/galeria/jquery.fancybox.css?v=2.1.5 HTTP/1.1" 200 4895
201.245.192.253 - - [25/Jul/2015:09:40:08 -0500] "POST /wp-admin/admin-ajax.php HTTP/1.1" 200 23
172.22.2.3 - - [25/Jul/2015:09:40:22 -0500] "POST /cumbredelclima/wp-admin/admin-ajax.php HTTP/1.1" 200 23
190.157.172.223 - - [25/Jul/2015:09:40:29 -0500] "GET /forest/skins/gdocs-jar/popup/direccion.jsp?callfromform=form_observaciones8&a=0.1804802301339805 HTTP/1.1" 200 12556
190.0.243.132 - - [25/Jul/2015:09:40:32 -0500] "GET /BLA/boletinlegal/js/jquery.scrollShow.js HTTP/1.1" 200 4586
190.0.243.132 - - [25/Jul/2015:09:40:32 -0500] "GET /galeria/galeria/jquery.fancybox.css?v=2.1.5 HTTP/1.1" 200 4895
190.0.243.132 - - [25/Jul/2015:09:40:32 -0500] "GET /galeria/galeria/jquery.fancybox.js?v=2.1.5 HTTP/1.1" 200 48706
66.249.64.96 - - [25/Jul/2015:09:40:34 -0500] "GET /BLA/resoluciones/RESOLUCIONES%202014/1359.pdf HTTP/1.1" 200 818911
172.22.2.3 - - [25/Jul/2015:09:40:37 -0500] "POST /cumbredelclima/wp-admin/admin-ajax.php HTTP/1.1" 200 23
184.60.24.228 - - [25/Jul/2015:09:40:40 -0500] "GET /galeria/galeria/jquery.fancybox.css?v=2.1.5 HTTP/1.1" 200 4895
184.60.24.228 - - [25/Jul/2015:09:40:40 -0500] "GET /BLA/boletinlegal/js/jquery.scrollShow.js HTTP/1.1" 200 4586
184.60.24.228 - - [25/Jul/2015:09:40:40 -0500] "GET /galeria/galeria/jquery.fancybox.js?v=2.1.5 HTTP/1.1" 200 48706
201.245.192.253 - - [25/Jul/2015:09:40:42 -0500] "GET / HTTP/1.1" 200 123633
201.245.192.253 - - [25/Jul/2015:09:40:44 -0500] "GET /wp-content/plugins/content-views-query-and-display-post-page/assets/bootstrap/css/bootstrap.min.css?ver=3.3.0 HTTP/1.1" 304 -
201.245.192.253 - - [25/Jul/2015:09:40:44 -0500] "GET /wp-content/plugins/content-views-query-and-display-post-page/public/assets/css/public.css?ver=1.6.3.1 HTTP/1.1" 304 -
201.245.192.253 - - [25/Jul/2015:09:40:44 -0500] "GET /wp-content/plugins/gallery-video/style/videogallery-all.css?ver=4.2.2 HTTP/1.1" 200 -
201.245.192.253 - - [25/Jul/2015:09:40:44 -0500] "GET /wp-content/plugins/gallery-video/style/style2-os.css?ver=4.2.2 HTTP/1.1" 200 1814
201.245.192.253 - - [25/Jul/2015:09:40:44 -0500] "GET /wp-content/plugins/gallery-video/style/lightbox.css?ver=4.2.2 HTTP/1.1" 200 2821
201.245.192.253 - - [25/Jul/2015:09:40:44 -0500] "GET /wp-content/plugins/gallery-video/style/css/font-awesome.css?ver=4.2.2 HTTP/1.1" 200 31213
201.245.192.253 - - [25/Jul/2015:09:40:44 -0500] "GET /wp-content/plugins/wp_logooos_plugin/css/logos.css?ver=4.2.2 HTTP/1.1" 304 -
201.245.192.253 - - [25/Jul/2015:09:40:47 -0500] "GET /wp-content/plugins/gallery-video/js/video_gallery-all.js?ver=4.2.2 HTTP/1.1" 200 1895
