190.128.22.117 - - [25/Jul/2015:10:34:33 -0500] "GET /galeria/nivo-slider/themes/pascal/pascal.css HTTP/1.1" 200 2258
190.128.22.117 - - [25/Jul/2015:10:34:33 -0500] "GET /galeria/nivo-slider/themes/orman/orman.css HTTP/1.1" 200 2152
190.128.22.117 - - [25/Jul/2015:10:34:33 -0500] "GET /galeria/nivo-slider/nivo-slider.css HTTP/1.1" 200 1507
190.128.22.117 - - [25/Jul/2015:10:34:33 -0500] "GET /galeria/nivo-slider/demo/style.css HTTP/1.1" 200 2222
190.128.22.117 - - [25/Jul/2015:10:34:33 -0500] "GET /galeria/nivo-slider/demo/images/Rendicion-de-cuentas.jpg HTTP/1.1" 200 309079
190.128.22.117 - - [25/Jul/2015:10:34:33 -0500] "GET /galeria/nivo-slider/demo/scripts/jquery-1.7.1.min.js HTTP/1.1" 200 93868
190.128.22.117 - - [25/Jul/2015:10:34:33 -0500] "GET /galeria/nivo-slider/jquery.nivo.slider.pack.js HTTP/1.1" 200 11561
190.128.22.117 - - [25/Jul/2015:10:34:34 -0500] "GET /galeria/nivo-slider/demo/images/banner-llantas2.jpg HTTP/1.1" 200 204644
190.128.22.117 - - [25/Jul/2015:10:34:34 -0500] "GET /galeria/nivo-slider/demo/images/Semana-PYBA.jpg HTTP/1.1" 200 147360
190.128.22.117 - - [25/Jul/2015:10:34:34 -0500] "GET /galeria/nivo-slider/demo/images/PREDAcamp.jpg HTTP/1.1" 200 295358
190.128.22.117 - - [25/Jul/2015:10:34:34 -0500] "GET /galeria/nivo-slider/demo/images/VoluntariadoPYBA.jpg HTTP/1.1" 200 40647
190.128.22.117 - - [25/Jul/2015:10:34:34 -0500] "GET /galeria/nivo-slider/demo/images/9Signos.jpg HTTP/1.1" 200 81776
190.128.22.117 - - [25/Jul/2015:10:34:34 -0500] "GET /galeria/nivo-slider/demo/images/Comparendo-ambiental-Banner.jpg HTTP/1.1" 200 83731
190.128.22.117 - - [25/Jul/2015:10:34:35 -0500] "GET /galeria/nivo-slider/demo/images/GAE-banner.jpg HTTP/1.1" 200 97556
190.128.22.117 - - [25/Jul/2015:10:34:35 -0500] "GET /galeria/nivo-slider/demo/images/Banner-encuesta-de-percepscio.jpg HTTP/1.1" 200 201899
190.128.22.117 - - [25/Jul/2015:10:34:35 -0500] "GET /galeria/nivo-slider/demo/images/banner-Pacto-por-la-madera.jpg HTTP/1.1" 200 209966
190.128.22.117 - - [25/Jul/2015:10:34:35 -0500] "GET /galeria/nivo-slider/demo/images/acuerdo_569.jpg HTTP/1.1" 200 62670
190.128.22.117 - - [25/Jul/2015:10:34:35 -0500] "GET /galeria/nivo-slider/demo/images/Licitaciones-proyecto-paramo.jpg HTTP/1.1" 200 221877
190.128.22.117 - - [25/Jul/2015:10:34:36 -0500] "GET /galeria/nivo-slider/demo/images/Banner-decreto1299.jpg HTTP/1.1" 200 182613
190.128.22.117 - - [25/Jul/2015:10:34:37 -0500] "GET /galeria/nivo-slider/demo/images/Banner-Directorio.jpg HTTP/1.1" 200 182068
190.128.22.117 - - [25/Jul/2015:10:34:37 -0500] "GET /galeria/nivo-slider/demo/images/Ruta-vertimientos-01.jpg HTTP/1.1" 200 130151
190.128.22.117 - - [25/Jul/2015:10:34:37 -0500] "GET /galeria/nivo-slider/demo/images/bolsas-06.jpg HTTP/1.1" 200 90982
190.128.22.117 - - [25/Jul/2015:10:34:37 -0500] "GET /galeria/nivo-slider/demo/images/Conoce-los-humedales.jpg HTTP/1.1" 200 294036
190.128.22.117 - - [25/Jul/2015:10:34:38 -0500] "GET /galeria/nivo-slider/demo/images/ecolecta-Dic2014.png HTTP/1.1" 200 288593
190.128.22.117 - - [25/Jul/2015:10:34:38 -0500] "GET /galeria/nivo-slider/demo/images/Banner-Caracol-Africano.jpg HTTP/1.1" 200 331986
172.22.2.3 - - [25/Jul/2015:10:34:38 -0500] "POST /cumbredelclima/wp-admin/admin-ajax.php HTTP/1.1" 200 23
201.245.192.253 - - [25/Jul/2015:10:34:48 -0500] "GET /forest/session.jsp?a=0.5658708803409815 HTTP/1.1" 200 4
190.128.22.117 - - [25/Jul/2015:10:34:53 -0500] "GET /galeria/nivo-slider/demo/images/4Simple_Slider.png HTTP/1.1" 200 11722
190.128.22.117 - - [25/Jul/2015:10:34:53 -0500] "GET /galeria/nivo-slider/themes/default/loading.gif HTTP/1.1" 200 1737
190.157.126.46 - - [25/Jul/2015:10:34:53 -0500] "GET /BLA/resoluciones/RESOLUCIONES%202012/1570.pdf HTTP/1.1" 200 767512
172.22.2.3 - - [25/Jul/2015:10:34:53 -0500] "POST /cumbredelclima/wp-admin/admin-ajax.php HTTP/1.1" 200 23
190.128.22.117 - - [25/Jul/2015:10:34:59 -0500] "GET /galeria/nivo-slider/themes/default/arrows.png HTTP/1.1" 200 824
190.128.22.117 - - [25/Jul/2015:10:34:59 -0500] "GET /galeria/nivo-slider/themes/default/bullets.png HTTP/1.1" 200 1281
66.249.64.243 - - [25/Jul/2015:10:35:04 -0500] "GET /Anexos%20estudio%20Organizacional%20SDA/ANEXO%20No.%203-%20CONTRATACI%C3%93N%20%20OPS%C2%B4s%202008-2012/CONTRATOS%20SDA%202011%20POR%20DEPENDENCIA.xls HTTP/1.1" 304 -
181.61.70.104 - - [25/Jul/2015:10:35:05 -0500] "GET /BLA/boletinlegal/js/jquery.scrollShow.js HTTP/1.1" 200 4586
181.61.70.104 - - [25/Jul/2015:10:35:05 -0500] "GET /galeria/galeria/jquery.fancybox.js?v=2.1.5 HTTP/1.1" 200 48706
181.61.70.104 - - [25/Jul/2015:10:35:05 -0500] "GET /galeria/galeria/jquery.fancybox.css?v=2.1.5 HTTP/1.1" 200 4895
181.61.70.104 - - [25/Jul/2015:10:35:05 -0500] "GET /galeria/carrusel/Carrusel/jquery.thumbnailScroller.css HTTP/1.1" 200 2066
181.61.70.104 - - [25/Jul/2015:10:35:05 -0500] "GET /galeria/carrusel/Carrusel/jquery-ui-1.8.13.custom.min.js HTTP/1.1" 200 10800
181.61.70.104 - - [25/Jul/2015:10:35:06 -0500] "GET /galeria/carrusel/Carrusel/jquery.thumbnailScroller.js HTTP/1.1" 200 8157
181.61.70.104 - - [25/Jul/2015:10:35:06 -0500] "GET /galeria/nivo-slider/demo/demo.html HTTP/1.1" 200 5224
181.61.70.104 - - [25/Jul/2015:10:35:07 -0500] "GET /galeria/nivo-slider/nivo-slider.css HTTP/1.1" 200 1507
181.61.70.104 - - [25/Jul/2015:10:35:07 -0500] "GET /galeria/nivo-slider/themes/pascal/pascal.css HTTP/1.1" 200 2258
181.61.70.104 - - [25/Jul/2015:10:35:07 -0500] "GET /galeria/nivo-slider/themes/default/default.css HTTP/1.1" 200 1569
181.61.70.104 - - [25/Jul/2015:10:35:07 -0500] "GET /galeria/nivo-slider/demo/style.css HTTP/1.1" 200 2222
181.61.70.104 - - [25/Jul/2015:10:35:07 -0500] "GET /galeria/nivo-slider/themes/orman/orman.css HTTP/1.1" 200 2152
181.61.70.104 - - [25/Jul/2015:10:35:07 -0500] "GET /galeria/nivo-slider/demo/scripts/jquery-1.7.1.min.js HTTP/1.1" 200 93868
181.61.70.104 - - [25/Jul/2015:10:35:07 -0500] "GET /galeria/nivo-slider/jquery.nivo.slider.pack.js HTTP/1.1" 200 11561
181.61.70.104 - - [25/Jul/2015:10:35:07 -0500] "GET /galeria/nivo-slider/demo/images/Semana-PYBA.jpg HTTP/1.1" 200 147360
181.61.70.104 - - [25/Jul/2015:10:35:07 -0500] "GET /galeria/nivo-slider/demo/images/PREDAcamp.jpg HTTP/1.1" 200 295358
181.61.70.104 - - [25/Jul/2015:10:35:07 -0500] "GET /galeria/nivo-slider/demo/images/banner-llantas2.jpg HTTP/1.1" 200 204644
181.61.70.104 - - [25/Jul/2015:10:35:07 -0500] "GET /galeria/nivo-slider/demo/images/Rendicion-de-cuentas.jpg HTTP/1.1" 200 309079
181.61.70.104 - - [25/Jul/2015:10:35:08 -0500] "GET /galeria/nivo-slider/demo/images/VoluntariadoPYBA.jpg HTTP/1.1" 200 40647
181.61.70.104 - - [25/Jul/2015:10:35:08 -0500] "GET /galeria/nivo-slider/demo/images/Comparendo-ambiental-Banner.jpg HTTP/1.1" 200 83731
181.61.70.104 - - [25/Jul/2015:10:35:08 -0500] "GET /galeria/nivo-slider/demo/images/9Signos.jpg HTTP/1.1" 200 81776
181.61.70.104 - - [25/Jul/2015:10:35:08 -0500] "GET /galeria/nivo-slider/demo/images/GAE-banner.jpg HTTP/1.1" 200 97556
172.22.2.3 - - [25/Jul/2015:10:35:09 -0500] "POST /cumbredelclima/wp-admin/admin-ajax.php HTTP/1.1" 200 23
181.61.70.104 - - [25/Jul/2015:10:35:09 -0500] "GET /galeria/nivo-slider/demo/images/Banner-encuesta-de-percepscio.jpg HTTP/1.1" 200 201899
181.61.70.104 - - [25/Jul/2015:10:35:09 -0500] "GET /galeria/nivo-slider/demo/images/banner-Pacto-por-la-madera.jpg HTTP/1.1" 200 209966
181.61.70.104 - - [25/Jul/2015:10:35:09 -0500] "GET /galeria/nivo-slider/demo/images/acuerdo_569.jpg HTTP/1.1" 200 62670
181.61.70.104 - - [25/Jul/2015:10:35:09 -0500] "GET /galeria/nivo-slider/demo/images/Licitaciones-proyecto-paramo.jpg HTTP/1.1" 200 221877
181.61.70.104 - - [25/Jul/2015:10:35:10 -0500] "GET /galeria/nivo-slider/demo/images/Banner-decreto1299.jpg HTTP/1.1" 200 182613
181.61.70.104 - - [25/Jul/2015:10:35:10 -0500] "GET /galeria/nivo-slider/demo/images/Banner-Directorio.jpg HTTP/1.1" 200 182068
181.61.70.104 - - [25/Jul/2015:10:35:10 -0500] "GET /galeria/nivo-slider/demo/images/Ruta-vertimientos-01.jpg HTTP/1.1" 200 130151
181.61.70.104 - - [25/Jul/2015:10:35:10 -0500] "GET /galeria/nivo-slider/demo/images/bolsas-06.jpg HTTP/1.1" 200 90982
181.61.70.104 - - [25/Jul/2015:10:35:10 -0500] "GET /galeria/nivo-slider/demo/images/Conoce-los-humedales.jpg HTTP/1.1" 200 294036
181.61.70.104 - - [25/Jul/2015:10:35:11 -0500] "GET /galeria/nivo-slider/demo/images/ecolecta-Dic2014.png HTTP/1.1" 200 288593
181.61.70.104 - - [25/Jul/2015:10:35:11 -0500] "GET /galeria/nivo-slider/demo/images/Banner-Caracol-Africano.jpg HTTP/1.1" 200 331986
181.61.70.104 - - [25/Jul/2015:10:35:12 -0500] "GET /galeria/nivo-slider/demo/images/4Simple_Slider.png HTTP/1.1" 200 11722
181.61.70.104 - - [25/Jul/2015:10:35:13 -0500] "GET /galeria/nivo-slider/themes/default/loading.gif HTTP/1.1" 200 1737
181.61.70.104 - - [25/Jul/2015:10:35:16 -0500] "GET /galeria/nivo-slider/themes/default/arrows.png HTTP/1.1" 200 824
181.61.70.104 - - [25/Jul/2015:10:35:16 -0500] "GET /galeria/nivo-slider/themes/default/bullets.png HTTP/1.1" 200 1281
190.128.22.117 - - [25/Jul/2015:10:35:24 -0500] "GET /galeria/galeria/jquery.fancybox.css?v=2.1.5 HTTP/1.1" 200 4895
190.128.22.117 - - [25/Jul/2015:10:35:24 -0500] "GET /BLA/boletinlegal/js/jquery.scrollShow.js HTTP/1.1" 200 4586
190.128.22.117 - - [25/Jul/2015:10:35:24 -0500] "GET /galeria/galeria/jquery.fancybox.js?v=2.1.5 HTTP/1.1" 200 48706
172.22.2.3 - - [25/Jul/2015:10:35:24 -0500] "POST /cumbredelclima/wp-admin/admin-ajax.php HTTP/1.1" 200 23
181.48.60.8 - - [25/Jul/2015:10:35:24 -0500] "GET /BLA/boletinlegal/js/jquery.scrollShow.js HTTP/1.1" 200 4586
181.48.60.8 - - [25/Jul/2015:10:35:24 -0500] "GET /galeria/galeria/jquery.fancybox.js?v=2.1.5 HTTP/1.1" 200 48706
179.1.7.82 - - [25/Jul/2015:10:35:35 -0500] "GET /BLA/resoluciones/RESOLUCIONES%202007/RES%202007%204201%20AL%204300/RESOLUCION%204267%20DE%202007.pdf HTTP/1.1" 200 392557
179.1.7.82 - - [25/Jul/2015:10:35:36 -0500] "GET /favicon.ico HTTP/1.1" 200 7782
66.249.64.101 - - [25/Jul/2015:10:35:37 -0500] "GET /BLA/resoluciones/AUTOS%202014/3119.pdf HTTP/1.1" 200 658972
172.22.2.3 - - [25/Jul/2015:10:35:39 -0500] "POST /cumbredelclima/wp-admin/admin-ajax.php HTTP/1.1" 200 23
66.249.64.106 - - [25/Jul/2015:10:35:45 -0500] "GET /BLA/resoluciones/AUTOS%202013/0354.pdf HTTP/1.1" 304 -
172.22.2.3 - - [25/Jul/2015:10:35:54 -0500] "POST /cumbredelclima/wp-admin/admin-ajax.php HTTP/1.1" 200 23
74.86.158.107 - - [25/Jul/2015:10:35:54 -0500] "HEAD / HTTP/1.1" 200 -
66.249.64.101 - - [25/Jul/2015:10:36:00 -0500] "GET /BLA/resoluciones/RESOLUCIONES%202007/RES%202007%202501%20AL%202600/RESOLUCION%202551%20DE%202007.pdf HTTP/1.1" 304 -
66.249.64.96 - - [25/Jul/2015:10:36:00 -0500] "GET /BLA/resoluciones/AUTOS%202014/5702.pdf HTTP/1.1" 304 -
172.22.2.3 - - [25/Jul/2015:10:36:09 -0500] "POST /cumbredelclima/wp-admin/admin-ajax.php HTTP/1.1" 200 23
201.245.192.253 - - [25/Jul/2015:10:36:18 -0500] "GET /forest/session.jsp?a=0.7404111582848105 HTTP/1.1" 200 4
201.245.192.253 - - [25/Jul/2015:10:36:09 -0500] "POST /wp-admin/admin-ajax.php HTTP/1.1" 200 23
172.22.2.3 - - [25/Jul/2015:10:36:24 -0500] "POST /cumbredelclima/wp-admin/admin-ajax.php HTTP/1.1" 200 23
172.22.2.3 - - [25/Jul/2015:10:36:39 -0500] "POST /cumbredelclima/wp-admin/admin-ajax.php HTTP/1.1" 200 23
186.145.63.211 - - [25/Jul/2015:10:36:52 -0500] "GET /galeria/galeria/jquery.fancybox.js?v=2.1.5 HTTP/1.1" 200 48706
186.145.63.211 - - [25/Jul/2015:10:36:52 -0500] "GET /BLA/boletinlegal/js/jquery.scrollShow.js HTTP/1.1" 200 4586
186.145.63.211 - - [25/Jul/2015:10:36:52 -0500] "GET /galeria/galeria/jquery.fancybox.css?v=2.1.5 HTTP/1.1" 200 4895
172.22.2.3 - - [25/Jul/2015:10:36:54 -0500] "POST /cumbredelclima/wp-admin/admin-ajax.php HTTP/1.1" 200 23
186.145.63.211 - - [25/Jul/2015:10:37:03 -0500] "GET /BLA/boletinlegal/js/jquery.scrollShow.js HTTP/1.1" 304 -
186.145.63.211 - - [25/Jul/2015:10:37:03 -0500] "GET /galeria/galeria/jquery.fancybox.js?v=2.1.5 HTTP/1.1" 304 -
186.145.63.211 - - [25/Jul/2015:10:37:03 -0500] "GET /galeria/galeria/jquery.fancybox.css?v=2.1.5 HTTP/1.1" 304 -
172.22.2.3 - - [25/Jul/2015:10:37:09 -0500] "POST /cumbredelclima/wp-admin/admin-ajax.php HTTP/1.1" 200 23
201.245.192.253 - - [25/Jul/2015:10:31:18 -0500] "GET /ForestMSG_SDA/channelAsync/template_word_18650216?X-Atmosphere-tracking-id=8f503353-889f-7c10-d622-4b1f206e9c81&X-Atmosphere-Framework=1.0.5&X-Atmosphere-Transport=long-polling&tabid=0.9742660199588933&X-Cache-Date=0&Content-Type=application/xml&_=1437838302644 HTTP/1.1" 200 8193
172.22.2.3 - - [25/Jul/2015:10:37:24 -0500] "POST /cumbredelclima/wp-admin/admin-ajax.php HTTP/1.1" 200 23
172.22.2.3 - - [25/Jul/2015:10:37:39 -0500] "POST /cumbredelclima/wp-admin/admin-ajax.php HTTP/1.1" 200 23
172.22.2.3 - - [25/Jul/2015:10:37:54 -0500] "POST /cumbredelclima/wp-admin/admin-ajax.php HTTP/1.1" 200 23
172.22.2.3 - - [25/Jul/2015:10:38:09 -0500] "POST /cumbredelclima/wp-admin/admin-ajax.php HTTP/1.1" 200 23
201.245.192.253 - - [25/Jul/2015:10:38:09 -0500] "POST /wp-admin/admin-ajax.php HTTP/1.1" 200 23
172.22.2.3 - - [25/Jul/2015:10:38:24 -0500] "POST /cumbredelclima/wp-admin/admin-ajax.php HTTP/1.1" 200 23
66.249.88.223 - - [25/Jul/2015:10:38:26 -0500] "GET /BLA/boletinlegal/js/jquery.scrollShow.js HTTP/1.1" 200 4586
66.249.88.228 - - [25/Jul/2015:10:38:26 -0500] "GET /galeria/galeria/jquery.fancybox.css?v=2.1.5 HTTP/1.1" 200 4895
66.249.88.233 - - [25/Jul/2015:10:38:26 -0500] "GET /galeria/galeria/jquery.fancybox.js?v=2.1.5 HTTP/1.1" 200 48706
190.84.68.120 - - [25/Jul/2015:10:38:31 -0500] "GET /BLA/resoluciones/AUTOS%202011/2404.pdf HTTP/1.1" 200 163725
190.84.68.120 - - [25/Jul/2015:10:38:34 -0500] "GET /BLA/resoluciones/AUTOS%202011/2404.pdf HTTP/1.1" 200 163725
186.29.75.247 - - [25/Jul/2015:10:38:35 -0500] "GET /huelladecarbono/soluciones.html HTTP/1.1" 200 6658
186.29.75.247 - - [25/Jul/2015:10:38:35 -0500] "GET /huelladecarbono/Scripts/swfobject_modified.js HTTP/1.1" 200 22365
186.29.75.247 - - [25/Jul/2015:10:38:35 -0500] "GET /huelladecarbono/Imagenes/SOLUCION_TITLE.jpg HTTP/1.1" 200 5274
186.29.75.247 - - [25/Jul/2015:10:38:35 -0500] "GET /huelladecarbono/soluciones2.swf HTTP/1.1" 200 44100
172.22.2.3 - - [25/Jul/2015:10:38:39 -0500] "POST /cumbredelclima/wp-admin/admin-ajax.php HTTP/1.1" 200 23
66.249.88.223 - - [25/Jul/2015:10:38:40 -0500] "GET /galeria/galeria/jquery.fancybox.js?v=2.1.5 HTTP/1.1" 304 -
66.249.88.223 - - [25/Jul/2015:10:38:40 -0500] "GET /BLA/boletinlegal/js/jquery.scrollShow.js HTTP/1.1" 304 -
66.249.88.223 - - [25/Jul/2015:10:38:40 -0500] "GET /galeria/galeria/jquery.fancybox.css?v=2.1.5 HTTP/1.1" 304 -
172.22.2.3 - - [25/Jul/2015:10:38:54 -0500] "POST /cumbredelclima/wp-admin/admin-ajax.php HTTP/1.1" 200 23
181.52.217.102 - - [25/Jul/2015:10:38:55 -0500] "GET /galeria/galeria/jquery.fancybox.css?v=2.1.5 HTTP/1.1" 200 4895
181.52.217.102 - - [25/Jul/2015:10:38:55 -0500] "GET /BLA/boletinlegal/js/jquery.scrollShow.js HTTP/1.1" 200 4586
181.52.217.102 - - [25/Jul/2015:10:38:55 -0500] "GET /galeria/galeria/jquery.fancybox.js?v=2.1.5 HTTP/1.1" 200 48706
172.22.2.3 - - [25/Jul/2015:10:39:09 -0500] "POST /cumbredelclima/wp-admin/admin-ajax.php HTTP/1.1" 200 23
186.80.250.238 - - [25/Jul/2015:10:39:09 -0500] "GET /forest/session.jsp?a=0.03829409508034587 HTTP/1.1" 200 4
201.245.192.253 - - [25/Jul/2015:10:39:16 -0500] "GET /forest/session.jsp?a=0.022538190594096563 HTTP/1.1" 200 4
181.52.217.102 - - [25/Jul/2015:10:39:23 -0500] "GET /galeria/galeria/jquery.fancybox.css?v=2.1.5 HTTP/1.1" 304 -
181.52.217.102 - - [25/Jul/2015:10:39:23 -0500] "GET /galeria/galeria/jquery.fancybox.js?v=2.1.5 HTTP/1.1" 304 -
181.52.217.102 - - [25/Jul/2015:10:39:23 -0500] "GET /BLA/boletinlegal/js/jquery.scrollShow.js HTTP/1.1" 304 -
172.22.2.3 - - [25/Jul/2015:10:39:24 -0500] "POST /cumbredelclima/wp-admin/admin-ajax.php HTTP/1.1" 200 23
172.22.2.3 - - [25/Jul/2015:10:39:39 -0500] "POST /cumbredelclima/wp-admin/admin-ajax.php HTTP/1.1" 200 23
201.245.192.253 - - [25/Jul/2015:10:39:48 -0500] "GET /forest/session.jsp?a=0.22760899621138309 HTTP/1.1" 200 4
172.22.2.3 - - [25/Jul/2015:10:39:54 -0500] "POST /cumbredelclima/wp-admin/admin-ajax.php HTTP/1.1" 200 23
190.68.200.142 - - [25/Jul/2015:10:34:00 -0500] "GET /ForestMSG_SDA/channelAsync/template_word_18748871?X-Atmosphere-tracking-id=9277aa1f-bb9d-ba43-8e67-8d80f42d6043&X-Atmosphere-Framework=1.0.5&X-Atmosphere-Transport=long-polling&tabid=0.6955894522834569&X-Cache-Date=0&Content-Type=application/xml&_=1437838578288 HTTP/1.1" 200 8193
172.22.2.3 - - [25/Jul/2015:10:40:09 -0500] "POST /cumbredelclima/wp-admin/admin-ajax.php HTTP/1.1" 200 23
201.245.192.253 - - [25/Jul/2015:10:40:09 -0500] "POST /wp-admin/admin-ajax.php HTTP/1.1" 200 23
172.22.2.3 - - [25/Jul/2015:10:40:24 -0500] "POST /cumbredelclima/wp-admin/admin-ajax.php HTTP/1.1" 200 23
66.249.64.106 - - [25/Jul/2015:10:40:39 -0500] "GET /BLA/resoluciones/AUTOS%202014/3710.pdf HTTP/1.1" 200 365491
172.22.2.3 - - [25/Jul/2015:10:40:39 -0500] "POST /cumbredelclima/wp-admin/admin-ajax.php HTTP/1.1" 200 23
172.22.2.3 - - [25/Jul/2015:10:40:54 -0500] "POST /cumbredelclima/wp-admin/admin-ajax.php HTTP/1.1" 200 23
74.86.158.107 - - [25/Jul/2015:10:40:54 -0500] "HEAD / HTTP/1.1" 200 -
172.22.2.3 - - [25/Jul/2015:10:41:09 -0500] "POST /cumbredelclima/wp-admin/admin-ajax.php HTTP/1.1" 200 23
66.249.64.243 - - [25/Jul/2015:10:41:11 -0500] "GET /BLA/ HTTP/1.1" 200 538
201.245.192.253 - - [25/Jul/2015:10:41:18 -0500] "GET /forest/session.jsp?a=0.7048017294830183 HTTP/1.1" 200 4
172.22.2.3 - - [25/Jul/2015:10:41:24 -0500] "POST /cumbredelclima/wp-admin/admin-ajax.php HTTP/1.1" 200 23
66.249.64.243 - - [25/Jul/2015:10:41:31 -0500] "GET /BLA/boletinlegal/jurisprudencia/analisis/SENTENCIA%20C-703%20DE%202010.xls HTTP/1.1" 304 -
201.245.192.253 - - [25/Jul/2015:10:41:35 -0500] "GET /forest/skins/gdocs-jar/popup/escritorio/reasignar.jsp?codTraEsc=18650216&a=0.20099738426340386 HTTP/1.1" 200 3743
172.22.2.3 - - [25/Jul/2015:10:41:39 -0500] "POST /cumbredelclima/wp-admin/admin-ajax.php HTTP/1.1" 200 23
201.245.192.253 - - [25/Jul/2015:10:41:39 -0500] "POST /forest/usutareas.do?group_system_actual=3 HTTP/1.1" 200 157
201.245.192.253 - - [25/Jul/2015:10:41:40 -0500] "GET /forest/usutareas.do?group_system_actual=3&a=0.0026236993906479933 HTTP/1.1" 200 20591
201.245.192.253 - - [25/Jul/2015:10:41:41 -0500] "GET /forest/skins/gdocs-jar/css/forest.css?version=1503.161801 HTTP/1.1" 304 -
201.245.192.253 - - [25/Jul/2015:10:41:41 -0500] "GET /forest/skins/gdocs-jar/css/menu.css?version=1503.161801 HTTP/1.1" 304 -
201.245.192.253 - - [25/Jul/2015:10:41:41 -0500] "GET /forest/skins/gdocs-jar/css/autocomplete.css?version=1503.161801 HTTP/1.1" 304 -
201.245.192.253 - - [25/Jul/2015:10:41:41 -0500] "GET /forest/skins/gdocs-jar/css/forms.css?version=1503.161801 HTTP/1.1" 304 -
201.245.192.253 - - [25/Jul/2015:10:41:41 -0500] "GET /forest/css/escritorio.css?version=1503.161801 HTTP/1.1" 304 -
201.245.192.253 - - [25/Jul/2015:10:41:41 -0500] "GET /forest/css/index.css?version=1503.161801 HTTP/1.1" 304 -
201.245.192.253 - - [25/Jul/2015:10:41:41 -0500] "GET /forest/1ibre/jscalendar/calendar-win2k-1.css?version=1503.161801 HTTP/1.1" 304 -
201.245.192.253 - - [25/Jul/2015:10:41:41 -0500] "GET /forest/skins/gdocs-jar/css/dialog.css?version=1503.161801 HTTP/1.1" 304 -
201.245.192.253 - - [25/Jul/2015:10:41:41 -0500] "GET /forest/img/forestIcon.gif?version=1503.161801 HTTP/1.1" 304 -
201.245.192.253 - - [25/Jul/2015:10:41:41 -0500] "GET /forest/session.jsp?a=0.5068898325428354 HTTP/1.1" 200 4
66.249.64.96 - - [25/Jul/2015:10:41:52 -0500] "GET /BLA/resoluciones/RESOLUCIONES%202008/0026.pdf HTTP/1.1" 304 -
172.22.2.3 - - [25/Jul/2015:10:41:54 -0500] "POST /cumbredelclima/wp-admin/admin-ajax.php HTTP/1.1" 200 23
172.22.2.3 - - [25/Jul/2015:10:42:09 -0500] "POST /cumbredelclima/wp-admin/admin-ajax.php HTTP/1.1" 200 23
186.85.89.141 - - [25/Jul/2015:10:42:09 -0500] "GET /galeria/galeria/jquery.fancybox.css?v=2.1.5 HTTP/1.1" 200 4895
186.85.89.141 - - [25/Jul/2015:10:42:09 -0500] "GET /galeria/galeria/jquery.fancybox.js?v=2.1.5 HTTP/1.1" 200 48706
186.85.89.141 - - [25/Jul/2015:10:42:09 -0500] "GET /BLA/boletinlegal/js/jquery.scrollShow.js HTTP/1.1" 200 4586
186.80.250.238 - - [25/Jul/2015:10:42:10 -0500] "GET /forest/session.jsp?a=0.034688619431108236 HTTP/1.1" 200 4
186.80.250.238 - - [25/Jul/2015:10:42:10 -0500] "POST /forest/actions/workplace.getReparto?a=0.5207312458660454 HTTP/1.1" 200 2144
66.249.64.96 - - [25/Jul/2015:10:42:12 -0500] "GET /BLA/resoluciones/AUTOS%202012/1690.pdf HTTP/1.1" 304 -
186.85.89.141 - - [25/Jul/2015:10:42:14 -0500] "GET /BLA/boletinlegal/js/jquery.scrollShow.js HTTP/1.1" 304 -
186.85.89.141 - - [25/Jul/2015:10:42:14 -0500] "GET /galeria/galeria/jquery.fancybox.js?v=2.1.5 HTTP/1.1" 304 -
186.85.89.141 - - [25/Jul/2015:10:42:14 -0500] "GET /galeria/galeria/jquery.fancybox.css?v=2.1.5 HTTP/1.1" 304 -
186.80.250.238 - - [25/Jul/2015:10:42:14 -0500] "POST /forest/actions/workplace.getReparto?a=0.617029485758394 HTTP/1.1" 200 993
201.245.192.253 - - [25/Jul/2015:10:42:09 -0500] "POST /wp-admin/admin-ajax.php HTTP/1.1" 200 23
172.22.2.3 - - [25/Jul/2015:10:42:24 -0500] "POST /cumbredelclima/wp-admin/admin-ajax.php HTTP/1.1" 200 23
172.22.2.3 - - [25/Jul/2015:10:42:39 -0500] "POST /cumbredelclima/wp-admin/admin-ajax.php HTTP/1.1" 200 23
201.245.192.253 - - [25/Jul/2015:10:42:46 -0500] "GET /forest/skins/gdocs-jar/popup/popup.jsp?width=1100&height=500&title=Buscar%20procesos&uri=/forest/buscar.do%3Ftype%3Dprocesos&name=undefined&_a=0.9405945331429334&a=0.18399911951452896 HTTP/1.1" 200 1296
201.245.192.253 - - [25/Jul/2015:10:42:46 -0500] "GET /forest/buscar.do?type=procesos HTTP/1.1" 200 85049
201.245.192.253 - - [25/Jul/2015:10:42:46 -0500] "GET /forest/css/escritorio.css?version=1503.161801 HTTP/1.1" 304 -
201.245.192.253 - - [25/Jul/2015:10:42:46 -0500] "GET /forest/css/autocomplete.css?version=1503.161801 HTTP/1.1" 304 -
201.245.192.253 - - [25/Jul/2015:10:42:46 -0500] "GET /forest/js/sarissa.js?version=1503.161801 HTTP/1.1" 304 -
201.245.192.253 - - [25/Jul/2015:10:42:46 -0500] "GET /forest/js/dialog.js?version=1503.161801 HTTP/1.1" 304 -
201.245.192.253 - - [25/Jul/2015:10:42:46 -0500] "GET /forest/skins/gdocs-jar/css/tree.css?version=1503.161801 HTTP/1.1" 304 -
201.245.192.253 - - [25/Jul/2015:10:42:46 -0500] "GET /forest/js/load_func.js?version=1503.161801 HTTP/1.1" 304 -
201.245.192.253 - - [25/Jul/2015:10:42:47 -0500] "GET /forest/js/internJS.js?version=1503.161801 HTTP/1.1" 304 -
201.245.192.253 - - [25/Jul/2015:10:42:47 -0500] "GET /forest/1ibre/protoaculous.js?version=1503.161801 HTTP/1.1" 304 -
201.245.192.253 - - [25/Jul/2015:10:42:47 -0500] "GET /forest/js/escritorio/escritorio.js?version=1503.161801 HTTP/1.1" 304 -
201.245.192.253 - - [25/Jul/2015:10:42:47 -0500] "GET /forest/js/autocompletar2.js?version=1503.161801 HTTP/1.1" 304 -
201.245.192.253 - - [25/Jul/2015:10:42:47 -0500] "GET /forest/1ibre/jscalendar/calendar.js?version=1503.161801 HTTP/1.1" 304 -
201.245.192.253 - - [25/Jul/2015:10:42:47 -0500] "GET /forest/1ibre/jscalendar/lang/calendar-es.js?version=1503.161801 HTTP/1.1" 304 -
201.245.192.253 - - [25/Jul/2015:10:42:47 -0500] "GET /forest/1ibre/jscalendar/calendar-setup.js?version=1503.161801 HTTP/1.1" 304 -
201.245.192.253 - - [25/Jul/2015:10:42:47 -0500] "GET /forest/1ibre/1ibre.js?version=1503.161801 HTTP/1.1" 304 -
201.245.192.253 - - [25/Jul/2015:10:42:47 -0500] "GET /forest/js/xml_utilities.js?version=1503.161801 HTTP/1.1" 304 -
201.245.192.253 - - [25/Jul/2015:10:42:47 -0500] "GET /forest/json.do?query=versionListadas HTTP/1.1" 200 15
201.245.192.253 - - [25/Jul/2015:10:42:47 -0500] "GET /forest/json.do?query=procesIniciales HTTP/1.1" 200 11194
201.245.192.253 - - [25/Jul/2015:10:42:47 -0500] "GET /forest/json.do?query=bpmnIniciales HTTP/1.1" 200 1095
201.245.192.253 - - [25/Jul/2015:10:42:47 -0500] "GET /forest/json.do?query=usersByDep&coddep=7088 HTTP/1.1" 200 69
201.245.192.253 - - [25/Jul/2015:10:42:47 -0500] "GET /forest/json.do?query=usersByDep&coddep=7088 HTTP/1.1" 200 69
201.245.192.253 - - [25/Jul/2015:10:42:49 -0500] "POST /forest/buscar.do? HTTP/1.1" 200 5113
172.22.2.3 - - [25/Jul/2015:10:42:54 -0500] "POST /cumbredelclima/wp-admin/admin-ajax.php HTTP/1.1" 200 23
186.85.89.141 - - [25/Jul/2015:10:42:57 -0500] "GET /galeria/carrusel/Carrusel/jquery.thumbnailScroller.css HTTP/1.1" 200 2066
186.85.89.141 - - [25/Jul/2015:10:42:57 -0500] "GET /galeria/carrusel/Carrusel/jquery-ui-1.8.13.custom.min.js HTTP/1.1" 200 10800
186.85.89.141 - - [25/Jul/2015:10:42:58 -0500] "GET /galeria/carrusel/Carrusel/jquery.thumbnailScroller.js HTTP/1.1" 200 8157
186.85.89.141 - - [25/Jul/2015:10:42:59 -0500] "GET /galeria/nivo-slider/demo/demo.html HTTP/1.1" 200 5224
186.85.89.141 - - [25/Jul/2015:10:43:01 -0500] "GET /galeria/nivo-slider/themes/default/default.css HTTP/1.1" 200 1569
186.85.89.141 - - [25/Jul/2015:10:43:02 -0500] "GET /galeria/nivo-slider/themes/pascal/pascal.css HTTP/1.1" 200 2258
186.85.89.141 - - [25/Jul/2015:10:43:02 -0500] "GET /galeria/nivo-slider/themes/orman/orman.css HTTP/1.1" 200 2152
186.85.89.141 - - [25/Jul/2015:10:43:02 -0500] "GET /galeria/nivo-slider/demo/scripts/jquery-1.7.1.min.js HTTP/1.1" 200 93868
186.85.89.141 - - [25/Jul/2015:10:43:02 -0500] "GET /galeria/nivo-slider/jquery.nivo.slider.pack.js HTTP/1.1" 200 11561
186.85.89.141 - - [25/Jul/2015:10:43:02 -0500] "GET /galeria/nivo-slider/nivo-slider.css HTTP/1.1" 200 1507
186.85.89.141 - - [25/Jul/2015:10:43:02 -0500] "GET /galeria/nivo-slider/demo/images/VoluntariadoPYBA.jpg HTTP/1.1" 200 40647
186.85.89.141 - - [25/Jul/2015:10:43:02 -0500] "GET /galeria/nivo-slider/demo/images/PREDAcamp.jpg HTTP/1.1" 200 295358
186.85.89.141 - - [25/Jul/2015:10:43:02 -0500] "GET /galeria/nivo-slider/demo/style.css HTTP/1.1" 200 2222
186.85.89.141 - - [25/Jul/2015:10:43:02 -0500] "GET /galeria/nivo-slider/demo/images/9Signos.jpg HTTP/1.1" 200 81776
186.85.89.141 - - [25/Jul/2015:10:43:02 -0500] "GET /galeria/nivo-slider/demo/images/Banner-encuesta-de-percepscio.jpg HTTP/1.1" 200 201899
186.85.89.141 - - [25/Jul/2015:10:43:02 -0500] "GET /galeria/nivo-slider/demo/images/Rendicion-de-cuentas.jpg HTTP/1.1" 200 309079
186.85.89.141 - - [25/Jul/2015:10:43:03 -0500] "GET /galeria/nivo-slider/demo/images/GAE-banner.jpg HTTP/1.1" 200 97556
186.85.89.141 - - [25/Jul/2015:10:43:03 -0500] "GET /galeria/nivo-slider/demo/images/Licitaciones-proyecto-paramo.jpg HTTP/1.1" 200 221877
186.85.89.141 - - [25/Jul/2015:10:43:03 -0500] "GET /galeria/nivo-slider/demo/images/Banner-decreto1299.jpg HTTP/1.1" 200 182613
186.85.89.141 - - [25/Jul/2015:10:43:03 -0500] "GET /galeria/nivo-slider/demo/images/Conoce-los-humedales.jpg HTTP/1.1" 200 294036
186.85.89.141 - - [25/Jul/2015:10:43:03 -0500] "GET /galeria/nivo-slider/demo/images/Banner-Caracol-Africano.jpg HTTP/1.1" 200 331986
172.22.2.3 - - [25/Jul/2015:10:43:09 -0500] "POST /cumbredelclima/wp-admin/admin-ajax.php HTTP/1.1" 200 23
186.85.89.141 - - [25/Jul/2015:10:43:02 -0500] "GET /galeria/nivo-slider/demo/images/banner-Pacto-por-la-madera.jpg HTTP/1.1" 200 209966
186.85.89.141 - - [25/Jul/2015:10:43:02 -0500] "GET /galeria/nivo-slider/demo/images/banner-llantas2.jpg HTTP/1.1" 200 204644
186.85.89.141 - - [25/Jul/2015:10:43:17 -0500] "GET /galeria/nivo-slider/demo/images/Semana-PYBA.jpg HTTP/1.1" 200 147360
201.245.192.253 - - [25/Jul/2015:10:37:18 -0500] "GET /ForestMSG_SDA/channelAsync/template_word_18650216?X-Atmosphere-tracking-id=8f503353-889f-7c10-d622-4b1f206e9c81&X-Atmosphere-Framework=1.0.5&X-Atmosphere-Transport=long-polling&tabid=0.9742660199588933&X-Cache-Date=0&Content-Type=application/xml&_=1437838662691 HTTP/1.1" 200 8193
172.22.2.3 - - [25/Jul/2015:10:43:24 -0500] "POST /cumbredelclima/wp-admin/admin-ajax.php HTTP/1.1" 200 23
201.245.192.253 - - [25/Jul/2015:10:43:36 -0500] "GET /forest/skins/gdocs-jar/popup/popup.jsp?width=1100&height=500&title=Buscar%20procesos&uri=/forest/buscar.do%3Ftype%3Dprocesos&name=undefined&_a=0.33246022334131975&a=0.9402186868380811 HTTP/1.1" 200 1296
201.245.192.253 - - [25/Jul/2015:10:43:36 -0500] "GET /forest/buscar.do?type=procesos HTTP/1.1" 200 85049
201.245.192.253 - - [25/Jul/2015:10:43:36 -0500] "GET /forest/css/escritorio.css?version=1503.161801 HTTP/1.1" 304 -
201.245.192.253 - - [25/Jul/2015:10:43:36 -0500] "GET /forest/js/load_func.js?version=1503.161801 HTTP/1.1" 304 -
201.245.192.253 - - [25/Jul/2015:10:43:36 -0500] "GET /forest/css/autocomplete.css?version=1503.161801 HTTP/1.1" 304 -
201.245.192.253 - - [25/Jul/2015:10:43:36 -0500] "GET /forest/skins/gdocs-jar/css/tree.css?version=1503.161801 HTTP/1.1" 304 -
201.245.192.253 - - [25/Jul/2015:10:43:36 -0500] "GET /forest/js/dialog.js?version=1503.161801 HTTP/1.1" 304 -
201.245.192.253 - - [25/Jul/2015:10:43:36 -0500] "GET /forest/js/sarissa.js?version=1503.161801 HTTP/1.1" 304 -
201.245.192.253 - - [25/Jul/2015:10:43:36 -0500] "GET /forest/js/escritorio/escritorio.js?version=1503.161801 HTTP/1.1" 304 -
201.245.192.253 - - [25/Jul/2015:10:43:36 -0500] "GET /forest/js/internJS.js?version=1503.161801 HTTP/1.1" 304 -
201.245.192.253 - - [25/Jul/2015:10:43:36 -0500] "GET /forest/js/autocompletar2.js?version=1503.161801 HTTP/1.1" 304 -
201.245.192.253 - - [25/Jul/2015:10:43:36 -0500] "GET /forest/1ibre/jscalendar/calendar.js?version=1503.161801 HTTP/1.1" 304 -
201.245.192.253 - - [25/Jul/2015:10:43:36 -0500] "GET /forest/1ibre/1ibre.js?version=1503.161801 HTTP/1.1" 304 -
201.245.192.253 - - [25/Jul/2015:10:43:36 -0500] "GET /forest/1ibre/protoaculous.js?version=1503.161801 HTTP/1.1" 304 -
201.245.192.253 - - [25/Jul/2015:10:43:36 -0500] "GET /forest/1ibre/jscalendar/lang/calendar-es.js?version=1503.161801 HTTP/1.1" 304 -
201.245.192.253 - - [25/Jul/2015:10:43:36 -0500] "GET /forest/1ibre/jscalendar/calendar-setup.js?version=1503.161801 HTTP/1.1" 304 -
201.245.192.253 - - [25/Jul/2015:10:43:36 -0500] "GET /forest/js/xml_utilities.js?version=1503.161801 HTTP/1.1" 304 -
201.245.192.253 - - [25/Jul/2015:10:43:36 -0500] "GET /forest/json.do?query=versionListadas HTTP/1.1" 200 15
201.245.192.253 - - [25/Jul/2015:10:43:36 -0500] "GET /forest/json.do?query=procesIniciales HTTP/1.1" 200 11194
201.245.192.253 - - [25/Jul/2015:10:43:36 -0500] "GET /forest/json.do?query=bpmnIniciales HTTP/1.1" 200 1095
201.245.192.253 - - [25/Jul/2015:10:43:36 -0500] "GET /forest/json.do?query=usersByDep&coddep=7088 HTTP/1.1" 200 69
201.245.192.253 - - [25/Jul/2015:10:43:36 -0500] "GET /forest/json.do?query=usersByDep&coddep=7088 HTTP/1.1" 200 69
172.22.2.3 - - [25/Jul/2015:10:43:39 -0500] "POST /cumbredelclima/wp-admin/admin-ajax.php HTTP/1.1" 200 23
201.245.192.253 - - [25/Jul/2015:10:43:40 -0500] "GET /galeria/nivo-slider/demo/demo.html HTTP/1.1" 304 -
201.245.192.253 - - [25/Jul/2015:10:43:41 -0500] "POST /forest/buscar.do? HTTP/1.1" 200 5336
201.245.192.253 - - [25/Jul/2015:10:43:42 -0500] "GET /galeria/nivo-slider/themes/default/default.css HTTP/1.1" 304 -
201.245.192.253 - - [25/Jul/2015:10:43:42 -0500] "GET /galeria/nivo-slider/demo/images/Rendicion-de-cuentas.jpg HTTP/1.1" 304 -
201.245.192.253 - - [25/Jul/2015:10:43:42 -0500] "GET /galeria/nivo-slider/demo/images/Semana-PYBA.jpg HTTP/1.1" 304 -
201.245.192.253 - - [25/Jul/2015:10:43:42 -0500] "GET /galeria/nivo-slider/demo/images/PREDAcamp.jpg HTTP/1.1" 304 -
201.245.192.253 - - [25/Jul/2015:10:43:42 -0500] "GET /galeria/nivo-slider/demo/images/VoluntariadoPYBA.jpg HTTP/1.1" 304 -
201.245.192.253 - - [25/Jul/2015:10:43:42 -0500] "GET /galeria/nivo-slider/demo/images/9Signos.jpg HTTP/1.1" 304 -
201.245.192.253 - - [25/Jul/2015:10:43:43 -0500] "GET /forest/usutareas.do?group_system_actual=3&codAct=1477&numPro=3074917&codPro=134&fecTra=2015-04-20%2010:12:09.0&codInst=3116003&codTraEsc=17955531 HTTP/1.1" 200 116178
201.245.192.253 - - [25/Jul/2015:10:43:44 -0500] "GET /forest/skins/gdocs-jar/css/menu.css?version=1503.161801 HTTP/1.1" 304 -
201.245.192.253 - - [25/Jul/2015:10:43:44 -0500] "GET /forest/1ibre/jscalendar/calendar-win2k-1.css?version=1503.161801 HTTP/1.1" 304 -
201.245.192.253 - - [25/Jul/2015:10:43:44 -0500] "GET /forest/css/index.css?version=1503.161801 HTTP/1.1" 304 -
201.245.192.253 - - [25/Jul/2015:10:43:44 -0500] "GET /forest/skins/gdocs-jar/css/dialog.css?version=1503.161801 HTTP/1.1" 304 -
201.245.192.253 - - [25/Jul/2015:10:43:44 -0500] "GET /forest/css/escritorio.css?version=1503.161801 HTTP/1.1" 304 -
201.245.192.253 - - [25/Jul/2015:10:43:44 -0500] "GET /forest/skins/gdocs-jar/css/forms.css?version=1503.161801 HTTP/1.1" 304 -
201.245.192.253 - - [25/Jul/2015:10:43:44 -0500] "GET /forest/skins/gdocs-jar/css/autocomplete.css?version=1503.161801 HTTP/1.1" 304 -
201.245.192.253 - - [25/Jul/2015:10:43:44 -0500] "GET /forest/skins/gdocs-jar/js/tareas.js?version=1503.161801 HTTP/1.1" 304 -
201.245.192.253 - - [25/Jul/2015:10:43:44 -0500] "GET /forest/skins/gdocs-jar/js/autocompletar2.js?version=1503.161801 HTTP/1.1" 304 -
201.245.192.253 - - [25/Jul/2015:10:43:44 -0500] "GET /forest/img/forestIcon.gif?version=1503.161801 HTTP/1.1" 304 -
201.245.192.253 - - [25/Jul/2015:10:43:44 -0500] "GET /forest/skins/gdocs-jar/css/forest.css?version=1503.161801 HTTP/1.1" 304 -
201.245.192.253 - - [25/Jul/2015:10:43:44 -0500] "GET /forest/skins/gdocs-jar/js/xml_utilities.js?version=1503.161801 HTTP/1.1" 304 -
201.245.192.253 - - [25/Jul/2015:10:43:44 -0500] "GET /forest/skins/gdocs-jar/js/grid.js?version=1503.161801 HTTP/1.1" 304 -
201.245.192.253 - - [25/Jul/2015:10:43:44 -0500] "GET /forest/skins/gdocs-jar/js/formsBase.js?version=1503.161801 HTTP/1.1" 304 -
201.245.192.253 - - [25/Jul/2015:10:43:44 -0500] "GET /forest/skins/gdocs-jar/js/number-functions.js?version=1503.161801 HTTP/1.1" 304 -
201.245.192.253 - - [25/Jul/2015:10:43:44 -0500] "GET /forest/skins/gdocs-jar/js/swfobject.js?version=1503.161801 HTTP/1.1" 304 -
201.245.192.253 - - [25/Jul/2015:10:43:44 -0500] "GET /forest/skins/gdocs-jar/js/graphicForm.js?version=1503.161801 HTTP/1.1" 304 -
201.245.192.253 - - [25/Jul/2015:10:43:44 -0500] "GET /forest/session.jsp?a=0.5510738707002935 HTTP/1.1" 200 4
201.245.192.253 - - [25/Jul/2015:10:43:44 -0500] "GET /forest/actions/forms.getMappedValues?id=id_Numeracion4&value=1429310936520&codForm=RevisarDocumento&a=0.4197703214834644 HTTP/1.1" 200 118
190.67.243.116 - - [25/Jul/2015:10:43:45 -0500] "GET /BLA/resoluciones/RESOLUCIONES%202007/RES%202007%201301%20AL%201400/RESOLUCION%201400%20DE%202007.pdf HTTP/1.1" 200 222492
190.67.243.116 - - [25/Jul/2015:10:43:45 -0500] "GET /favicon.ico HTTP/1.1" 200 7782
201.245.192.253 - - [25/Jul/2015:10:43:46 -0500] "GET /forest/borrador/1729652/Borrador%20juridico%202015-04-17.docx HTTP/1.1" 200 60302
186.85.89.141 - - [25/Jul/2015:10:43:02 -0500] "GET /galeria/nivo-slider/demo/images/Comparendo-ambiental-Banner.jpg HTTP/1.1" 200 83731
186.85.89.141 - - [25/Jul/2015:10:43:48 -0500] "GET /galeria/nivo-slider/themes/default/loading.gif HTTP/1.1" 200 1737
186.85.89.141 - - [25/Jul/2015:10:43:03 -0500] "GET /galeria/nivo-slider/demo/images/acuerdo_569.jpg HTTP/1.1" 200 62670
186.85.89.141 - - [25/Jul/2015:10:43:53 -0500] "GET /galeria/nivo-slider/demo/images/Ruta-vertimientos-01.jpg HTTP/1.1" 200 130151
186.147.103.209 - - [25/Jul/2015:10:43:54 -0500] "GET /galeria/galeria/fotos/1humedal-Burro1G.jpg HTTP/1.1" 200 132804
172.22.2.3 - - [25/Jul/2015:10:43:54 -0500] "POST /cumbredelclima/wp-admin/admin-ajax.php HTTP/1.1" 200 23
201.245.192.253 - - [25/Jul/2015:10:43:54 -0500] "GET /BLA/boletinlegal/actos.php HTTP/1.1" 200 7574
201.245.192.253 - - [25/Jul/2015:10:44:00 -0500] "GET /BLA/resoluciones/ HTTP/1.1" 200 7728
201.245.192.253 - - [25/Jul/2015:10:44:00 -0500] "GET /BLA/resoluciones/dlf/styles.css HTTP/1.1" 200 3049
201.245.192.253 - - [25/Jul/2015:10:44:00 -0500] "GET /BLA/resoluciones/dlf/folder.png HTTP/1.1" 200 410
201.245.192.253 - - [25/Jul/2015:10:44:00 -0500] "GET /BLA/resoluciones/dlf/bg.gif HTTP/1.1" 200 54
201.245.192.253 - - [25/Jul/2015:10:44:02 -0500] "GET /BLA/resoluciones/index.php?dir=AUTOS+2006%2F HTTP/1.1" 200 9519
201.245.192.253 - - [25/Jul/2015:10:44:02 -0500] "GET /BLA/resoluciones/dlf/dirup.png HTTP/1.1" 200 644
201.245.192.253 - - [25/Jul/2015:10:44:05 -0500] "GET /BLA/resoluciones/index.php?dir=AUTOS+2006%2FAUTOS+2006+1-100%2F HTTP/1.1" 200 21539
201.245.192.253 - - [25/Jul/2015:10:44:05 -0500] "GET /BLA/resoluciones/dlf/unknown.png HTTP/1.1" 200 266
172.22.2.3 - - [25/Jul/2015:10:44:09 -0500] "POST /cumbredelclima/wp-admin/admin-ajax.php HTTP/1.1" 200 23
201.245.192.253 - - [25/Jul/2015:10:44:09 -0500] "GET /BLA/resoluciones/AUTOS%202006/AUTOS%202006%201-100/00000047.tif HTTP/1.1" 200 49646
186.85.89.141 - - [25/Jul/2015:10:43:03 -0500] "GET /galeria/nivo-slider/demo/images/Banner-Directorio.jpg HTTP/1.1" 200 182068
186.85.89.141 - - [25/Jul/2015:10:44:13 -0500] "GET /galeria/nivo-slider/demo/images/bolsas-06.jpg HTTP/1.1" 200 90982
201.245.192.253 - - [25/Jul/2015:10:44:16 -0500] "GET /forest/session.jsp?a=0.20949823061990624 HTTP/1.1" 200 4
66.249.65.227 - - [25/Jul/2015:10:44:18 -0500] "GET /BLA/resoluciones/RESOLUCIONES%202007/RES%202007%201401%20AL%201500/RESOLUCION%201402%20DE%202007.pdf HTTP/1.1" 304 -
186.29.75.247 - - [25/Jul/2015:10:44:18 -0500] "GET /huelladecarbono/descargas.html HTTP/1.1" 200 5786
186.29.75.247 - - [25/Jul/2015:10:44:19 -0500] "GET /huelladecarbono/Imagenes/DESCARGA_TITLE.jpg HTTP/1.1" 200 5283
186.29.75.247 - - [25/Jul/2015:10:44:19 -0500] "GET /huelladecarbono/Imagenes/hand2.png HTTP/1.1" 200 1415
201.245.192.253 - - [25/Jul/2015:10:43:51 -0500] "GET /BLA/boletinlegal/index.php? HTTP/1.1" 200 36772
201.245.192.253 - - [25/Jul/2015:10:44:09 -0500] "POST /wp-admin/admin-ajax.php HTTP/1.1" 200 23
172.22.2.3 - - [25/Jul/2015:10:44:24 -0500] "POST /cumbredelclima/wp-admin/admin-ajax.php HTTP/1.1" 200 23
186.29.75.247 - - [25/Jul/2015:10:44:31 -0500] "GET /huelladecarbono/imagenes_descargas/fondo%20pantalla%20carbonoNO.jpg HTTP/1.1" 200 320473
186.85.89.141 - - [25/Jul/2015:10:43:04 -0500] "GET /galeria/nivo-slider/demo/images/ecolecta-Dic2014.png HTTP/1.1" 200 288593
186.85.89.141 - - [25/Jul/2015:10:44:34 -0500] "GET /galeria/nivo-slider/demo/images/4Simple_Slider.png HTTP/1.1" 200 11722
186.29.75.247 - - [25/Jul/2015:10:44:34 -0500] "GET /favicon.ico HTTP/1.1" 200 7782
172.22.2.3 - - [25/Jul/2015:10:44:39 -0500] "POST /cumbredelclima/wp-admin/admin-ajax.php HTTP/1.1" 200 23
186.80.250.238 - - [25/Jul/2015:10:44:43 -0500] "POST /forest/actions/workplace.getReparto?a=0.007604941260069609 HTTP/1.1" 200 2742
186.85.138.75 - - [25/Jul/2015:10:44:43 -0500] "GET /galeria/nivo-slider/demo/demo.html HTTP/1.1" 304 -
186.85.138.75 - - [25/Jul/2015:10:44:46 -0500] "GET /galeria/nivo-slider/demo/images/Rendicion-de-cuentas.jpg HTTP/1.1" 304 -
201.245.192.253 - - [25/Jul/2015:10:44:48 -0500] "GET /forest/session.jsp?a=0.9379362971129767 HTTP/1.1" 200 4
66.249.64.106 - - [25/Jul/2015:10:44:51 -0500] "GET /autoliquidacion/Grupo%20Forestal%20-%20Industria%20de%20la%20Madera/Formulario%20para%20la%20Relaci%C3%B3n%20de%20Salvoconductos_facturas_remisiones_CARA1.pdf HTTP/1.1" 304 -
172.22.2.3 - - [25/Jul/2015:10:44:54 -0500] "POST /cumbredelclima/wp-admin/admin-ajax.php HTTP/1.1" 200 23
201.244.30.111 - - [25/Jul/2015:10:45:02 -0500] "GET /BLA/boletinlegal/js/jquery.scrollShow.js HTTP/1.1" 200 4586
201.244.30.111 - - [25/Jul/2015:10:45:02 -0500] "GET /galeria/galeria/jquery.fancybox.js?v=2.1.5 HTTP/1.1" 200 48706
201.244.30.111 - - [25/Jul/2015:10:45:02 -0500] "GET /galeria/galeria/jquery.fancybox.css?v=2.1.5 HTTP/1.1" 200 4895
201.244.30.111 - - [25/Jul/2015:10:45:08 -0500] "GET /BLA/boletinlegal/js/jquery.scrollShow.js HTTP/1.1" 304 -
201.244.30.111 - - [25/Jul/2015:10:45:08 -0500] "GET /galeria/galeria/jquery.fancybox.css?v=2.1.5 HTTP/1.1" 304 -
201.244.30.111 - - [25/Jul/2015:10:45:08 -0500] "GET /galeria/galeria/jquery.fancybox.js?v=2.1.5 HTTP/1.1" 304 -
186.85.89.141 - - [25/Jul/2015:10:45:09 -0500] "GET /galeria/nivo-slider/themes/default/arrows.png HTTP/1.1" 200 824
186.85.89.141 - - [25/Jul/2015:10:45:09 -0500] "GET /galeria/nivo-slider/themes/default/bullets.png HTTP/1.1" 200 1281
172.22.2.3 - - [25/Jul/2015:10:45:09 -0500] "POST /cumbredelclima/wp-admin/admin-ajax.php HTTP/1.1" 200 23
191.78.130.167 - - [25/Jul/2015:10:45:19 -0500] "GET /BLA/resoluciones/RESOLUCIONES%202010/4175.pdf HTTP/1.1" 200 263197
172.22.2.3 - - [25/Jul/2015:10:45:24 -0500] "POST /cumbredelclima/wp-admin/admin-ajax.php HTTP/1.1" 200 23
66.249.64.101 - - [25/Jul/2015:10:45:27 -0500] "GET /BLA/resoluciones/AUTOS%202012/0096.pdf HTTP/1.1" 304 -
66.249.64.101 - - [25/Jul/2015:10:45:38 -0500] "GET /BLA/resoluciones/RESOLUCIONES%202009/6498.pdf HTTP/1.1" 200 431171
172.22.2.3 - - [25/Jul/2015:10:45:39 -0500] "POST /cumbredelclima/wp-admin/admin-ajax.php HTTP/1.1" 200 23
201.245.192.253 - - [25/Jul/2015:10:45:47 -0500] "GET /forest/skins/gdocs-jar/popup/escritorio/reasignar.jsp?codTraEsc=17955531&a=0.3261615129357158 HTTP/1.1" 200 3743
185.16.123.232 - - [25/Jul/2015:10:45:52 -0500] "GET /BLA/boletinlegal/js/jquery.scrollShow.js HTTP/1.1" 200 4586
185.16.123.232 - - [25/Jul/2015:10:45:52 -0500] "GET /galeria/galeria/jquery.fancybox.css?v=2.1.5 HTTP/1.1" 200 4895
74.86.158.107 - - [25/Jul/2015:10:45:54 -0500] "HEAD / HTTP/1.1" 200 -
172.22.2.3 - - [25/Jul/2015:10:45:54 -0500] "POST /cumbredelclima/wp-admin/admin-ajax.php HTTP/1.1" 200 23
185.16.123.232 - - [25/Jul/2015:10:45:55 -0500] "GET /galeria/galeria/jquery.fancybox.js?v=2.1.5 HTTP/1.1" 200 48706
181.48.9.61 - - [25/Jul/2015:10:45:59 -0500] "GET /galeria/galeria/jquery.fancybox.css?v=2.1.5 HTTP/1.1" 304 -
181.48.9.61 - - [25/Jul/2015:10:45:59 -0500] "GET /galeria/galeria/jquery.fancybox.js?v=2.1.5 HTTP/1.1" 304 -
181.48.9.61 - - [25/Jul/2015:10:45:59 -0500] "GET /BLA/boletinlegal/js/jquery.scrollShow.js HTTP/1.1" 304 -
190.68.200.142 - - [25/Jul/2015:10:40:01 -0500] "GET /ForestMSG_SDA/channelAsync/template_word_18748871?X-Atmosphere-tracking-id=9277aa1f-bb9d-ba43-8e67-8d80f42d6043&X-Atmosphere-Framework=1.0.5&X-Atmosphere-Transport=long-polling&tabid=0.6955894522834569&X-Cache-Date=0&Content-Type=application/xml&_=1437838939287 HTTP/1.1" 200 8193
66.249.64.96 - - [25/Jul/2015:10:46:07 -0500] "GET /BLA/resoluciones/RESOLUCIONES%202012/1725.pdf HTTP/1.1" 304 -
172.22.2.3 - - [25/Jul/2015:10:46:09 -0500] "POST /cumbredelclima/wp-admin/admin-ajax.php HTTP/1.1" 200 23
185.16.123.232 - - [25/Jul/2015:10:46:09 -0500] "GET /BLA/boletinlegal/js/jquery.scrollShow.js HTTP/1.1" 304 -
185.16.123.232 - - [25/Jul/2015:10:46:09 -0500] "GET /galeria/galeria/jquery.fancybox.css?v=2.1.5 HTTP/1.1" 304 -
185.16.123.232 - - [25/Jul/2015:10:46:09 -0500] "GET /galeria/galeria/jquery.fancybox.js?v=2.1.5 HTTP/1.1" 304 -
201.245.192.253 - - [25/Jul/2015:10:46:09 -0500] "POST /wp-admin/admin-ajax.php HTTP/1.1" 200 23
172.22.2.3 - - [25/Jul/2015:10:46:24 -0500] "POST /cumbredelclima/wp-admin/admin-ajax.php HTTP/1.1" 200 23
186.155.106.202 - - [25/Jul/2015:10:46:31 -0500] "GET /galeria/galeria/jquery.fancybox.js?v=2.1.5 HTTP/1.1" 304 -
186.155.106.202 - - [25/Jul/2015:10:46:31 -0500] "GET /galeria/galeria/jquery.fancybox.css?v=2.1.5 HTTP/1.1" 304 -
186.155.106.202 - - [25/Jul/2015:10:46:31 -0500] "GET /galeria/nivo-slider/demo/demo.html HTTP/1.1" 304 -
186.155.106.202 - - [25/Jul/2015:10:46:32 -0500] "GET /galeria/nivo-slider/demo/images/Rendicion-de-cuentas.jpg HTTP/1.1" 304 -
186.155.106.202 - - [25/Jul/2015:10:46:32 -0500] "GET /galeria/nivo-slider/demo/images/Semana-PYBA.jpg HTTP/1.1" 304 -
186.155.106.202 - - [25/Jul/2015:10:46:32 -0500] "GET /galeria/nivo-slider/demo/images/PREDAcamp.jpg HTTP/1.1" 304 -
186.155.106.202 - - [25/Jul/2015:10:46:32 -0500] "GET /galeria/nivo-slider/demo/images/VoluntariadoPYBA.jpg HTTP/1.1" 304 -
186.155.106.202 - - [25/Jul/2015:10:46:32 -0500] "GET /galeria/nivo-slider/demo/images/Comparendo-ambiental-Banner.jpg HTTP/1.1" 304 -
186.155.106.202 - - [25/Jul/2015:10:46:32 -0500] "GET /galeria/nivo-slider/demo/images/GAE-banner.jpg HTTP/1.1" 304 -
172.22.2.3 - - [25/Jul/2015:10:46:39 -0500] "POST /cumbredelclima/wp-admin/admin-ajax.php HTTP/1.1" 200 23
66.249.64.101 - - [25/Jul/2015:10:46:48 -0500] "GET /BLA/resoluciones/RESOLUCIONES%202009/6931.pdf HTTP/1.1" 200 234703
201.245.192.253 - - [25/Jul/2015:10:46:53 -0500] "POST /forest/usutareas.do?group_system_actual=3 HTTP/1.1" 200 157
172.22.2.3 - - [25/Jul/2015:10:46:54 -0500] "POST /cumbredelclima/wp-admin/admin-ajax.php HTTP/1.1" 200 23
201.245.192.253 - - [25/Jul/2015:10:46:55 -0500] "GET /forest/usutareas.do?group_system_actual=3&a=0.5588385555765878 HTTP/1.1" 200 20592
201.245.192.253 - - [25/Jul/2015:10:46:55 -0500] "GET /forest/skins/gdocs-jar/css/forest.css?version=1503.161801 HTTP/1.1" 304 -
201.245.192.253 - - [25/Jul/2015:10:46:55 -0500] "GET /forest/css/escritorio.css?version=1503.161801 HTTP/1.1" 304 -
201.245.192.253 - - [25/Jul/2015:10:46:55 -0500] "GET /forest/skins/gdocs-jar/css/menu.css?version=1503.161801 HTTP/1.1" 304 -
201.245.192.253 - - [25/Jul/2015:10:46:55 -0500] "GET /forest/skins/gdocs-jar/css/dialog.css?version=1503.161801 HTTP/1.1" 304 -
201.245.192.253 - - [25/Jul/2015:10:46:55 -0500] "GET /forest/css/index.css?version=1503.161801 HTTP/1.1" 304 -
201.245.192.253 - - [25/Jul/2015:10:46:55 -0500] "GET /forest/skins/gdocs-jar/css/autocomplete.css?version=1503.161801 HTTP/1.1" 304 -
201.245.192.253 - - [25/Jul/2015:10:46:55 -0500] "GET /forest/1ibre/jscalendar/calendar-win2k-1.css?version=1503.161801 HTTP/1.1" 304 -
201.245.192.253 - - [25/Jul/2015:10:46:55 -0500] "GET /forest/skins/gdocs-jar/css/forms.css?version=1503.161801 HTTP/1.1" 304 -
201.245.192.253 - - [25/Jul/2015:10:46:55 -0500] "GET /forest/img/forestIcon.gif?version=1503.161801 HTTP/1.1" 304 -
201.245.192.253 - - [25/Jul/2015:10:46:55 -0500] "GET /forest/session.jsp?a=0.270104186284964 HTTP/1.1" 200 4
172.22.2.3 - - [25/Jul/2015:10:47:09 -0500] "POST /cumbredelclima/wp-admin/admin-ajax.php HTTP/1.1" 200 23
186.80.250.238 - - [25/Jul/2015:10:47:10 -0500] "GET /forest/session.jsp?a=0.17752027418464422 HTTP/1.1" 200 4
172.22.2.3 - - [25/Jul/2015:10:47:24 -0500] "POST /cumbredelclima/wp-admin/admin-ajax.php HTTP/1.1" 200 23
66.249.64.106 - - [25/Jul/2015:10:47:29 -0500] "GET /BLA/resoluciones/AUTOS%202013/1075.pdf HTTP/1.1" 304 -
201.245.192.253 - - [25/Jul/2015:10:47:29 -0500] "GET /forest/skins/gdocs-jar/popup/popup.jsp?width=1100&height=500&title=Buscar%20procesos&uri=/forest/buscar.do%3Ftype%3Dprocesos&name=undefined&_a=0.779326455202405&a=0.7263184814491366 HTTP/1.1" 200 1296
201.245.192.253 - - [25/Jul/2015:10:47:29 -0500] "GET /forest/buscar.do?type=procesos HTTP/1.1" 200 85049
201.245.192.253 - - [25/Jul/2015:10:47:29 -0500] "GET /forest/css/escritorio.css?version=1503.161801 HTTP/1.1" 304 -
201.245.192.253 - - [25/Jul/2015:10:47:29 -0500] "GET /forest/js/dialog.js?version=1503.161801 HTTP/1.1" 304 -
201.245.192.253 - - [25/Jul/2015:10:47:29 -0500] "GET /forest/css/autocomplete.css?version=1503.161801 HTTP/1.1" 304 -
201.245.192.253 - - [25/Jul/2015:10:47:29 -0500] "GET /forest/js/internJS.js?version=1503.161801 HTTP/1.1" 304 -
201.245.192.253 - - [25/Jul/2015:10:47:29 -0500] "GET /forest/skins/gdocs-jar/css/tree.css?version=1503.161801 HTTP/1.1" 304 -
201.245.192.253 - - [25/Jul/2015:10:47:29 -0500] "GET /forest/js/load_func.js?version=1503.161801 HTTP/1.1" 304 -
201.245.192.253 - - [25/Jul/2015:10:47:29 -0500] "GET /forest/1ibre/protoaculous.js?version=1503.161801 HTTP/1.1" 304 -
201.245.192.253 - - [25/Jul/2015:10:47:29 -0500] "GET /forest/js/autocompletar2.js?version=1503.161801 HTTP/1.1" 304 -
201.245.192.253 - - [25/Jul/2015:10:47:29 -0500] "GET /forest/js/sarissa.js?version=1503.161801 HTTP/1.1" 304 -
201.245.192.253 - - [25/Jul/2015:10:47:29 -0500] "GET /forest/js/escritorio/escritorio.js?version=1503.161801 HTTP/1.1" 304 -
201.245.192.253 - - [25/Jul/2015:10:47:29 -0500] "GET /forest/1ibre/jscalendar/calendar.js?version=1503.161801 HTTP/1.1" 304 -
201.245.192.253 - - [25/Jul/2015:10:47:29 -0500] "GET /forest/1ibre/jscalendar/lang/calendar-es.js?version=1503.161801 HTTP/1.1" 304 -
201.245.192.253 - - [25/Jul/2015:10:47:29 -0500] "GET /forest/1ibre/1ibre.js?version=1503.161801 HTTP/1.1" 304 -
201.245.192.253 - - [25/Jul/2015:10:47:29 -0500] "GET /forest/1ibre/jscalendar/calendar-setup.js?version=1503.161801 HTTP/1.1" 304 -
201.245.192.253 - - [25/Jul/2015:10:47:29 -0500] "GET /forest/js/xml_utilities.js?version=1503.161801 HTTP/1.1" 304 -
201.245.192.253 - - [25/Jul/2015:10:47:30 -0500] "GET /forest/json.do?query=versionListadas HTTP/1.1" 200 15
201.245.192.253 - - [25/Jul/2015:10:47:30 -0500] "GET /forest/json.do?query=procesIniciales HTTP/1.1" 200 11194
201.245.192.253 - - [25/Jul/2015:10:47:30 -0500] "GET /forest/json.do?query=bpmnIniciales HTTP/1.1" 200 1095
201.245.192.253 - - [25/Jul/2015:10:47:30 -0500] "GET /forest/json.do?query=usersByDep&coddep=7088 HTTP/1.1" 200 69
201.245.192.253 - - [25/Jul/2015:10:47:30 -0500] "GET /forest/json.do?query=usersByDep&coddep=7088 HTTP/1.1" 200 69
201.245.192.253 - - [25/Jul/2015:10:47:31 -0500] "POST /forest/buscar.do? HTTP/1.1" 200 5336
201.245.192.253 - - [25/Jul/2015:10:47:33 -0500] "GET /forest/usutareas.do?group_system_actual=3&codAct=1477&numPro=3074914&codPro=134&fecTra=2015-04-20%2010:15:51.0&codInst=3116000&codTraEsc=17955613 HTTP/1.1" 200 116177
201.245.192.253 - - [25/Jul/2015:10:47:34 -0500] "GET /forest/css/escritorio.css?version=1503.161801 HTTP/1.1" 304 -
201.245.192.253 - - [25/Jul/2015:10:47:34 -0500] "GET /forest/skins/gdocs-jar/css/menu.css?version=1503.161801 HTTP/1.1" 304 -
201.245.192.253 - - [25/Jul/2015:10:47:34 -0500] "GET /forest/skins/gdocs-jar/css/forest.css?version=1503.161801 HTTP/1.1" 304 -
201.245.192.253 - - [25/Jul/2015:10:47:34 -0500] "GET /forest/skins/gdocs-jar/css/autocomplete.css?version=1503.161801 HTTP/1.1" 304 -
201.245.192.253 - - [25/Jul/2015:10:47:34 -0500] "GET /forest/css/index.css?version=1503.161801 HTTP/1.1" 304 -
201.245.192.253 - - [25/Jul/2015:10:47:34 -0500] "GET /forest/1ibre/jscalendar/calendar-win2k-1.css?version=1503.161801 HTTP/1.1" 304 -
