202.94.66.151 - - [25/Jul/2015:02:30:45 -0500] "GET /wp-content/themes/patti/js/scripts-bottom.js?ver=4.2.2 HTTP/1.1" 200 28292
202.94.66.151 - - [25/Jul/2015:02:30:45 -0500] "GET /wp-content/themes/patti/js/jquery.isotope.min.js?ver=1.0 HTTP/1.1" 200 16033
202.94.66.151 - - [25/Jul/2015:02:30:45 -0500] "GET /wp-content/themes/patti/js/custom/custom-isotope-portfolio.js?ver=1.0 HTTP/1.1" 200 5591
202.94.66.151 - - [25/Jul/2015:02:30:45 -0500] "GET /wp-content/themes/patti/js/custom/custom-isotope-blog.js?ver=1.0 HTTP/1.1" 200 3289
202.94.66.151 - - [25/Jul/2015:02:30:45 -0500] "GET /wp-content/themes/patti/js/custom/custom-nav.js?ver=1.0 HTTP/1.1" 200 1940
202.94.66.151 - - [25/Jul/2015:02:30:45 -0500] "GET /wp-content/uploads/2015/06/parallax_bg01.png HTTP/1.1" 200 24560
202.94.66.151 - - [25/Jul/2015:02:30:45 -0500] "GET /wp-content/themes/patti/js/retina.min.js?ver=4.2.2 HTTP/1.1" 200 2993
202.94.66.151 - - [25/Jul/2015:02:30:45 -0500] "GET /wp-includes/js/comment-reply.min.js?ver=4.2.2 HTTP/1.1" 200 757
202.94.66.151 - - [25/Jul/2015:02:30:45 -0500] "GET /wp-content/themes/patti/js/custom/custom-social.js?ver=4.2.2 HTTP/1.1" 200 1789
202.94.66.151 - - [25/Jul/2015:02:30:46 -0500] "GET /wp-content/themes/patti/js/custom/custom.js?ver=1.0 HTTP/1.1" 200 13920
202.94.66.151 - - [25/Jul/2015:02:30:46 -0500] "GET /wp-content/plugins/js_composer/assets/js/js_composer_front.js?ver=4.3.4 HTTP/1.1" 200 23901
202.94.66.151 - - [25/Jul/2015:02:30:46 -0500] "GET /wp-content/themes/patti/js/custom/custom-parallax.js?ver=1.0 HTTP/1.1" 200 702
202.94.66.151 - - [25/Jul/2015:02:30:46 -0500] "GET /wp-includes/js/jquery/ui/core.min.js?ver=1.11.4 HTTP/1.1" 200 3997
202.94.66.151 - - [25/Jul/2015:02:30:46 -0500] "GET /wp-includes/js/jquery/ui/widget.min.js?ver=1.11.4 HTTP/1.1" 200 6908
202.94.66.151 - - [25/Jul/2015:02:30:46 -0500] "GET /wp-content/plugins/js_composer/assets/lib/jquery-ui-tabs-rotate/jquery-ui-tabs-rotate.js?ver=4.3.4 HTTP/1.1" 200 1784
202.94.66.151 - - [25/Jul/2015:02:30:46 -0500] "GET /wp-includes/js/jquery/ui/tabs.min.js?ver=1.11.4 HTTP/1.1" 200 12110
202.94.66.151 - - [25/Jul/2015:02:30:46 -0500] "GET /wp-content/plugins/js_composer/assets/lib/nivoslider/jquery.nivo.slider.pack.js?ver=4.3.4 HTTP/1.1" 200 12201
202.94.66.151 - - [25/Jul/2015:02:30:47 -0500] "GET /wp-content/plugins/js_composer/assets/lib/prettyphoto/js/jquery.prettyPhoto.js?ver=4.3.4 HTTP/1.1" 200 22060
202.94.66.151 - - [25/Jul/2015:02:30:47 -0500] "GET /wp-content/themes/patti/framework/fonts/font-awesome/fontawesome-webfont.woff?v=4.2.0 HTTP/1.1" 200 65452
202.94.66.151 - - [25/Jul/2015:02:30:47 -0500] "GET /wp-includes/js/wp-emoji-release.min.js?ver=4.2.2 HTTP/1.1" 200 14596
202.94.66.151 - - [25/Jul/2015:02:30:47 -0500] "GET /wp-content/themes/patti/images/nav-bg.png HTTP/1.1" 200 935
202.94.66.151 - - [25/Jul/2015:02:30:47 -0500] "GET /wp-content/uploads/2015/06/Untitled-1.png HTTP/1.1" 200 7975
202.94.66.151 - - [25/Jul/2015:02:30:48 -0500] "GET /wp-content/uploads/2015/07/TERCER.png HTTP/1.1" 200 36679
202.94.66.151 - - [25/Jul/2015:02:30:48 -0500] "GET /wp-content/uploads/2015/07/3.jpg HTTP/1.1" 200 83339
202.94.66.151 - - [25/Jul/2015:02:30:48 -0500] "GET /wp-content/uploads/2015/07/fondo1.jpg HTTP/1.1" 200 23989
202.94.66.151 - - [25/Jul/2015:02:30:48 -0500] "GET /wp-content/uploads/2015/07/photo-alcanlde_11.jpg HTTP/1.1" 200 189283
202.94.66.151 - - [25/Jul/2015:02:30:48 -0500] "GET /wp-content/plugins/revslider/rs-plugin/assets/shadow1.png HTTP/1.1" 200 4289
202.94.66.151 - - [25/Jul/2015:02:30:49 -0500] "GET /wp-content/themes/patti/images/slider-arrows.png HTTP/1.1" 200 1218
202.94.66.151 - - [25/Jul/2015:02:30:49 -0500] "GET /wp-content/plugins/revslider/rs-plugin/assets/loader.gif HTTP/1.1" 200 2545
202.94.66.151 - - [25/Jul/2015:02:30:49 -0500] "GET /wp-content/uploads/2015/07/2.jpg HTTP/1.1" 200 103514
202.94.66.151 - - [25/Jul/2015:02:30:49 -0500] "GET /wp-content/uploads/2015/07/1.jpg HTTP/1.1" 200 44523
202.94.66.151 - - [25/Jul/2015:02:30:49 -0500] "GET /wp-content/plugins/revslider/images/transparent.png HTTP/1.1" 200 191
202.94.66.151 - - [25/Jul/2015:02:30:49 -0500] "GET /wp-content/uploads/2015/07/banner-invitacionvaticanopetro.jpg HTTP/1.1" 200 97001
202.94.66.151 - - [25/Jul/2015:02:30:50 -0500] "GET /wp-content/uploads/2015/06/parallax_bg01.jpg HTTP/1.1" 200 56650
202.94.66.151 - - [25/Jul/2015:02:30:52 -0500] "GET /wp-content/uploads/2015/07/gra-150x150.png HTTP/1.1" 200 21573
202.94.66.151 - - [25/Jul/2015:02:30:52 -0500] "GET /wp-content/uploads/2015/07/documentos-de-interes-150x150.png HTTP/1.1" 200 20342
202.94.66.151 - - [25/Jul/2015:02:30:53 -0500] "GET /wp-content/uploads/2015/07/comunicados-150x150.png HTTP/1.1" 200 28248
202.94.66.151 - - [25/Jul/2015:02:30:53 -0500] "GET /wp-content/uploads/2015/07/noticias-vector-150x150.png HTTP/1.1" 200 22181
202.94.66.151 - - [25/Jul/2015:02:30:53 -0500] "GET /wp-content/uploads/2015/07/ZONA-NORTE-500x320.jpg HTTP/1.1" 200 73391
66.249.67.63 - - [25/Jul/2015:02:30:53 -0500] "GET /BLA/resoluciones/RESOLUCIONES%202007/RES%202007%201401%20AL%201500/RESOLUCION%201407%20DE%202007.pdf HTTP/1.1" 304 -
202.94.66.151 - - [25/Jul/2015:02:30:54 -0500] "GET /wp-content/uploads/2015/07/ZONA-CHILE-500x320.jpg HTTP/1.1" 200 53635
202.94.66.151 - - [25/Jul/2015:02:30:54 -0500] "GET /wp-content/uploads/2015/07/ZONA-CALLE-93-500x320.jpg HTTP/1.1" 200 60489
202.94.66.151 - - [25/Jul/2015:02:30:54 -0500] "GET /wp-content/uploads/2015/07/usaquen-500x320.jpg HTTP/1.1" 200 60614
202.94.66.151 - - [25/Jul/2015:02:30:54 -0500] "GET /wp-content/uploads/2015/07/Usaquen-Sector-Financiero-500x320.jpg HTTP/1.1" 200 43100
172.22.2.3 - - [25/Jul/2015:02:30:56 -0500] "POST /cumbredelclima/wp-admin/admin-ajax.php HTTP/1.1" 200 47
202.94.66.151 - - [25/Jul/2015:02:30:56 -0500] "GET /wp-content/uploads/2015/07/Transmilenio-500x320.jpg HTTP/1.1" 200 64638
202.94.66.151 - - [25/Jul/2015:02:30:57 -0500] "GET /wp-content/uploads/2015/07/Torre-Centro-Archivo-500x320.jpg HTTP/1.1" 200 41388
202.94.66.151 - - [25/Jul/2015:02:30:57 -0500] "GET /wp-content/uploads/2015/07/Teleferico-500x320.jpg HTTP/1.1" 200 84467
202.94.66.151 - - [25/Jul/2015:02:30:58 -0500] "GET /wp-content/uploads/2015/07/Plaza-de-toros-500x320.jpg HTTP/1.1" 200 69183
202.94.66.151 - - [25/Jul/2015:02:30:58 -0500] "GET /wp-content/uploads/2015/07/PLAZA-DE-BOLIVAR1-500x320.jpg HTTP/1.1" 200 55808
202.94.66.151 - - [25/Jul/2015:02:30:58 -0500] "GET /wp-content/uploads/2015/07/MALOKA-500x320.jpg HTTP/1.1" 200 51743
202.94.66.151 - - [25/Jul/2015:02:30:59 -0500] "GET /wp-content/uploads/2015/07/JardinBotanico-500x320.jpg HTTP/1.1" 200 71644
202.94.66.151 - - [25/Jul/2015:02:31:00 -0500] "GET /wp-content/uploads/2015/07/Jardin-Botanico2-500x320.jpg HTTP/1.1" 200 79916
202.94.66.151 - - [25/Jul/2015:02:31:01 -0500] "GET /wp-content/uploads/2015/07/PANORAMICA-DE-BOGOTA-500x320.jpg HTTP/1.1" 200 46662
202.94.66.151 - - [25/Jul/2015:02:31:02 -0500] "GET /wp-content/uploads/2015/06/llantas-usadas-web.jpg HTTP/1.1" 200 37948
202.94.66.151 - - [25/Jul/2015:02:31:02 -0500] "GET /wp-content/uploads/2015/06/10-signos.jpg HTTP/1.1" 200 117006
202.94.66.151 - - [25/Jul/2015:02:31:02 -0500] "GET /wp-content/uploads/2015/06/Comparendo-ambiental-01.jpg HTTP/1.1" 200 279468
202.94.66.151 - - [25/Jul/2015:02:31:04 -0500] "GET /wp-content/uploads/2015/07/organiza.1png.png HTTP/1.1" 200 13934
202.94.66.151 - - [25/Jul/2015:02:31:04 -0500] "GET /wp-content/uploads/2015/06/Banner-Caracol-Africano-01.jpg HTTP/1.1" 200 360987
202.94.66.151 - - [25/Jul/2015:02:31:04 -0500] "GET /wp-content/uploads/2015/06/alianza-madera.jpg HTTP/1.1" 200 40144
202.94.66.151 - - [25/Jul/2015:02:31:05 -0500] "GET /wp-content/uploads/2015/07/organiza2.png HTTP/1.1" 200 18295
202.94.66.151 - - [25/Jul/2015:02:31:06 -0500] "GET /wp-content/uploads/2015/07/organiza3.png HTTP/1.1" 200 10795
202.94.66.151 - - [25/Jul/2015:02:31:06 -0500] "GET /wp-content/uploads/2015/07/organiza4.png HTTP/1.1" 200 13858
202.94.66.151 - - [25/Jul/2015:02:31:06 -0500] "GET /wp-content/uploads/2015/07/organiza5.png HTTP/1.1" 200 10074
202.94.66.151 - - [25/Jul/2015:02:31:06 -0500] "GET /wp-content/uploads/2015/07/organiza6.png HTTP/1.1" 200 11772
202.94.66.151 - - [25/Jul/2015:02:31:06 -0500] "GET /wp-content/uploads/2015/07/invita11.png HTTP/1.1" 200 18660
202.94.66.151 - - [25/Jul/2015:02:31:07 -0500] "GET /wp-content/uploads/2015/07/invita21.png HTTP/1.1" 200 9732
202.94.66.151 - - [25/Jul/2015:02:31:08 -0500] "GET /wp-content/uploads/2015/07/invita31.png HTTP/1.1" 200 15298
202.94.66.151 - - [25/Jul/2015:02:31:08 -0500] "GET /wp-content/uploads/2015/07/apoya.png HTTP/1.1" 200 15112
202.94.66.151 - - [25/Jul/2015:02:31:09 -0500] "GET /wp-content/uploads/2015/07/apoya2.png HTTP/1.1" 200 19925
202.94.66.151 - - [25/Jul/2015:02:31:09 -0500] "GET /wp-content/uploads/2015/07/apoya3.png HTTP/1.1" 200 16355
202.94.66.151 - - [25/Jul/2015:02:31:10 -0500] "GET /wp-content/uploads/2015/07/apoya4.png HTTP/1.1" 200 25607
202.94.66.151 - - [25/Jul/2015:02:31:10 -0500] "GET /wp-content/uploads/2015/07/apoya5.png HTTP/1.1" 200 12685
202.94.66.151 - - [25/Jul/2015:02:31:10 -0500] "GET /wp-content/uploads/2015/07/apoya6.png HTTP/1.1" 200 17211
202.94.66.151 - - [25/Jul/2015:02:31:10 -0500] "GET /wp-content/uploads/2015/07/apoya7.png HTTP/1.1" 200 16505
202.94.66.151 - - [25/Jul/2015:02:31:11 -0500] "GET /wp-content/uploads/2015/07/apoya8.png HTTP/1.1" 200 13048
172.22.2.3 - - [25/Jul/2015:02:31:11 -0500] "POST /cumbredelclima/wp-admin/admin-ajax.php HTTP/1.1" 200 47
202.94.66.151 - - [25/Jul/2015:02:31:11 -0500] "GET /wp-content/plugins/gallery-video/Front_images/arrows/arrows.simple.png HTTP/1.1" 200 1914
202.94.66.151 - - [25/Jul/2015:02:31:11 -0500] "GET /wp-content/plugins/js_composer/assets/lib/nivoslider/themes/default/loading.gif HTTP/1.1" 200 1737
202.94.66.151 - - [25/Jul/2015:02:31:11 -0500] "GET /wp-content/plugins/gallery-video/images/overlay.png HTTP/1.1" 200 182
202.94.66.151 - - [25/Jul/2015:02:31:11 -0500] "GET /wp-content/plugins/wp_logooos_plugin/images/next.png HTTP/1.1" 200 50104
202.94.66.151 - - [25/Jul/2015:02:31:12 -0500] "GET /wp-content/plugins/wp_logooos_plugin/images/prev.png HTTP/1.1" 200 49044
202.94.66.151 - - [25/Jul/2015:02:31:12 -0500] "GET /wp-content/uploads/2015/07/franja.jpg HTTP/1.1" 200 2303
202.94.66.151 - - [25/Jul/2015:02:31:13 -0500] "GET /wp-content/uploads/2015/07/UNO.png HTTP/1.1" 200 79436
202.94.66.151 - - [25/Jul/2015:02:31:13 -0500] "GET /wp-content/uploads/2015/07/DOS.png HTTP/1.1" 200 31351
202.94.66.151 - - [25/Jul/2015:02:31:13 -0500] "GET /wp-content/uploads/2015/07/recuadro_1.jpg HTTP/1.1" 200 91281
202.94.66.151 - - [25/Jul/2015:02:31:13 -0500] "GET /wp-content/uploads/2015/07/logos.png HTTP/1.1" 200 50210
66.249.67.69 - - [25/Jul/2015:02:31:13 -0500] "GET /BLA/resoluciones/RESOLUCIONES%202008/2580.pdf HTTP/1.1" 304 -
202.94.66.151 - - [25/Jul/2015:02:31:13 -0500] "GET /wp-content/uploads/2015/07/textoinvita.png HTTP/1.1" 200 21517
202.94.66.151 - - [25/Jul/2015:02:31:13 -0500] "GET /wp-content/uploads/2015/07/logocambio.png HTTP/1.1" 200 13773
201.245.192.253 - - [25/Jul/2015:02:31:14 -0500] "GET /forest/session.jsp?a=0.6897347466276074 HTTP/1.1" 200 4
202.94.66.151 - - [25/Jul/2015:02:31:15 -0500] "GET /wp-content/uploads/2015/07/fecha-eventosolopng.png HTTP/1.1" 200 11033
202.94.66.151 - - [25/Jul/2015:02:31:16 -0500] "GET /wp-content/uploads/2015/07/logosolopng.png HTTP/1.1" 200 43825
202.94.66.151 - - [25/Jul/2015:02:31:16 -0500] "GET /wp-content/uploads/2015/07/recuadros-2.png HTTP/1.1" 200 69055
202.94.66.151 - - [25/Jul/2015:02:31:16 -0500] "GET /wp-content/uploads/2015/07/CUARTO.png HTTP/1.1" 200 107548
202.94.66.151 - - [25/Jul/2015:02:31:16 -0500] "GET /wp-content/uploads/2015/07/cuadro-azulconverde.png HTTP/1.1" 200 10578
202.94.66.151 - - [25/Jul/2015:02:31:16 -0500] "GET /wp-content/uploads/2015/07/imagencum.png HTTP/1.1" 200 248317
202.94.66.151 - - [25/Jul/2015:02:31:16 -0500] "GET /wp-content/uploads/2015/07/logovamospa.png HTTP/1.1" 200 23492
202.94.66.151 - - [25/Jul/2015:02:31:18 -0500] "GET /wp-content/plugins/js_composer/assets/lib/nivoslider/themes/default/bullets.png HTTP/1.1" 200 1281
202.94.66.151 - - [25/Jul/2015:02:31:18 -0500] "GET /wp-content/plugins/js_composer/assets/lib/nivoslider/themes/default/arrows.png HTTP/1.1" 200 824
202.94.66.151 - - [25/Jul/2015:02:31:21 -0500] "GET /favicon.ico HTTP/1.1" 200 -
172.22.2.3 - - [25/Jul/2015:02:31:26 -0500] "POST /cumbredelclima/wp-admin/admin-ajax.php HTTP/1.1" 200 47
66.249.67.63 - - [25/Jul/2015:02:31:27 -0500] "GET /BLA/resoluciones/RESOLUCIONES%202009/3017.pdf HTTP/1.1" 200 606690
66.249.67.63 - - [25/Jul/2015:02:31:33 -0500] "GET /BLA/resoluciones/RESOLUCIONES%202011/5202.pdf HTTP/1.1" 304 -
66.249.67.57 - - [25/Jul/2015:02:31:37 -0500] "GET /galeria/galeria/fotos/Humedal-vaca7G.jpg HTTP/1.1" 304 -
172.22.2.3 - - [25/Jul/2015:02:31:41 -0500] "POST /cumbredelclima/wp-admin/admin-ajax.php HTTP/1.1" 200 47
66.249.67.69 - - [25/Jul/2015:02:31:53 -0500] "GET /BLA/resoluciones/AUTOS%202011/2105.pdf HTTP/1.1" 304 -
172.22.2.3 - - [25/Jul/2015:02:31:56 -0500] "POST /cumbredelclima/wp-admin/admin-ajax.php HTTP/1.1" 200 47
74.86.158.107 - - [25/Jul/2015:02:32:06 -0500] "HEAD / HTTP/1.1" 200 -
172.22.2.3 - - [25/Jul/2015:02:32:11 -0500] "POST /cumbredelclima/wp-admin/admin-ajax.php HTTP/1.1" 200 47
201.245.192.253 - - [25/Jul/2015:02:32:07 -0500] "POST /wp-admin/admin-ajax.php HTTP/1.1" 200 47
172.22.2.3 - - [25/Jul/2015:02:32:26 -0500] "POST /cumbredelclima/wp-admin/admin-ajax.php HTTP/1.1" 200 47
66.249.67.57 - - [25/Jul/2015:02:32:33 -0500] "GET /BLA/resoluciones/AUTOS%202013/0359.pdf HTTP/1.1" 304 -
172.22.2.3 - - [25/Jul/2015:02:32:41 -0500] "POST /cumbredelclima/wp-admin/admin-ajax.php HTTP/1.1" 200 47
66.249.67.57 - - [25/Jul/2015:02:32:42 -0500] "GET /BLA/resoluciones/RESOLUCIONES%202009/4002.pdf HTTP/1.1" 200 483119
201.245.192.253 - - [25/Jul/2015:02:32:42 -0500] "GET /forest/session.jsp?a=0.6431485829206429 HTTP/1.1" 200 4
172.22.2.3 - - [25/Jul/2015:02:32:56 -0500] "POST /cumbredelclima/wp-admin/admin-ajax.php HTTP/1.1" 200 47
127.0.0.1 - - [25/Jul/2015:02:33:11 -0500] "POST /plugins/update-check/1.1/ HTTP/1.0" 404 1021
127.0.0.1 - - [25/Jul/2015:02:33:11 -0500] "POST /themes/update-check/1.1/ HTTP/1.0" 404 1021
127.0.0.1 - - [25/Jul/2015:02:33:11 -0500] "POST /core/version-check/1.7/?version=4.2.2&php=5.5.15&locale=es_ES&mysql=5.6.20&local_package=es_ES&blogs=1&users=1&multisite_enabled=0 HTTP/1.0" 404 1021
127.0.0.1 - - [25/Jul/2015:02:33:11 -0500] "POST /themes/update-check/1.1/ HTTP/1.0" 404 1021
127.0.0.1 - - [25/Jul/2015:02:33:12 -0500] "POST /plugins/update-check/1.1/ HTTP/1.0" 404 1021
172.22.2.2 - - [25/Jul/2015:02:33:11 -0500] "POST /cumbredelclima/wp-cron.php?doing_wp_cron=1437809591.3144640922546386718750 HTTP/1.0" 200 -
172.22.2.3 - - [25/Jul/2015:02:33:11 -0500] "POST /cumbredelclima/wp-admin/admin-ajax.php HTTP/1.1" 200 47
66.249.67.69 - - [25/Jul/2015:02:33:13 -0500] "GET /BLA/resoluciones/RESOLUCIONES%202012/0611.pdf HTTP/1.1" 304 -
172.22.2.3 - - [25/Jul/2015:02:33:26 -0500] "POST /cumbredelclima/wp-admin/admin-ajax.php HTTP/1.1" 200 47
172.22.2.3 - - [25/Jul/2015:02:33:41 -0500] "POST /cumbredelclima/wp-admin/admin-ajax.php HTTP/1.1" 200 47
66.249.67.57 - - [25/Jul/2015:02:33:53 -0500] "GET /BLA/resoluciones/RESOLUCIONES%202012/1725.pdf HTTP/1.1" 304 -
172.22.2.3 - - [25/Jul/2015:02:33:56 -0500] "POST /cumbredelclima/wp-admin/admin-ajax.php HTTP/1.1" 200 47
172.22.2.3 - - [25/Jul/2015:02:34:11 -0500] "POST /cumbredelclima/wp-admin/admin-ajax.php HTTP/1.1" 200 47
201.245.192.253 - - [25/Jul/2015:02:34:07 -0500] "POST /wp-admin/admin-ajax.php HTTP/1.1" 200 47
172.22.2.3 - - [25/Jul/2015:02:34:26 -0500] "POST /cumbredelclima/wp-admin/admin-ajax.php HTTP/1.1" 200 47
66.249.67.57 - - [25/Jul/2015:02:34:33 -0500] "GET /BLA/resoluciones/RESOLUCIONES%202007/RES%202007%20401%20AL%20500/RESOLUCION%200461%20DE%202007.pdf HTTP/1.1" 304 -
172.22.2.3 - - [25/Jul/2015:02:34:41 -0500] "POST /cumbredelclima/wp-admin/admin-ajax.php HTTP/1.1" 200 47
172.22.2.3 - - [25/Jul/2015:02:34:56 -0500] "POST /cumbredelclima/wp-admin/admin-ajax.php HTTP/1.1" 200 47
172.22.2.3 - - [25/Jul/2015:02:35:11 -0500] "POST /cumbredelclima/wp-admin/admin-ajax.php HTTP/1.1" 200 47
66.249.67.63 - - [25/Jul/2015:02:35:11 -0500] "GET /BLA/resoluciones/RESOLUCIONES%202008/0695.pdf HTTP/1.1" 200 120054
66.249.67.69 - - [25/Jul/2015:02:35:12 -0500] "GET /BLA/resoluciones/AUTOS%202014/5704.pdf HTTP/1.1" 304 -
66.249.67.57 - - [25/Jul/2015:02:35:12 -0500] "GET /BLA/resoluciones/RESOLUCIONES%202007/RES%202007%20301%20AL%20400/RESOLUCION%200342%20DE%202007.pdf HTTP/1.1" 304 -
172.22.2.3 - - [25/Jul/2015:02:35:26 -0500] "POST /cumbredelclima/wp-admin/admin-ajax.php HTTP/1.1" 200 47
66.249.67.57 - - [25/Jul/2015:02:35:27 -0500] "GET /BLA/resoluciones/RESOLUCIONES%202009/4073.pdf HTTP/1.1" 200 424860
172.22.2.3 - - [25/Jul/2015:02:35:41 -0500] "POST /cumbredelclima/wp-admin/admin-ajax.php HTTP/1.1" 200 47
66.249.67.58 - - [25/Jul/2015:02:35:41 -0500] "GET / HTTP/1.1" 200 123269
66.249.67.92 - - [25/Jul/2015:02:35:56 -0500] "GET /wp-content/uploads/2015/07/Manual_Protocolo_PDF.pdf HTTP/1.1" 304 -
172.22.2.3 - - [25/Jul/2015:02:35:56 -0500] "POST /cumbredelclima/wp-admin/admin-ajax.php HTTP/1.1" 200 47
66.249.67.69 - - [25/Jul/2015:02:35:56 -0500] "GET /BLA/resoluciones/RESOLUCIONES%202007/RES%202007%201201%20AL%201300/RESOLUCION%201208%20DE%202007.pdf HTTP/1.1" 304 -
66.249.67.57 - - [25/Jul/2015:02:35:56 -0500] "GET /BLA/resoluciones/AUTOS%202012/1114.pdf HTTP/1.1" 304 -
66.249.67.57 - - [25/Jul/2015:02:35:57 -0500] "GET /BLA/resoluciones/RESOLUCIONES%202011/0216.pdf HTTP/1.1" 304 -
66.249.67.63 - - [25/Jul/2015:02:35:57 -0500] "GET /BLA/resoluciones/AUTOS%202011/2104.pdf HTTP/1.1" 304 -
66.249.67.63 - - [25/Jul/2015:02:35:58 -0500] "GET /BLA/resoluciones/AUTOS%202012/1995.pdf HTTP/1.1" 304 -
66.249.67.69 - - [25/Jul/2015:02:35:58 -0500] "GET /BLA/resoluciones/RESOLUCIONES%202010/5720.pdf HTTP/1.1" 304 -
66.249.67.87 - - [25/Jul/2015:02:35:59 -0500] "GET /Anexos%20estudio%20Organizacional%20SDA/ANEXO%20No.%203-%20CONTRATACI%C3%93N%20%20OPS%C2%B4s%202008-2012/CONTRATOS%20SDA%202009%20POR%20DEPENDENCIA%20(1).xls HTTP/1.1" 304 -
180.76.15.134 - - [25/Jul/2015:02:35:59 -0500] "GET / HTTP/1.1" 200 10190
66.249.67.63 - - [25/Jul/2015:02:35:59 -0500] "GET /BLA/resoluciones/RESOLUCIONES%202013/0007.pdf HTTP/1.1" 304 -
66.249.67.57 - - [25/Jul/2015:02:36:00 -0500] "GET /BLA/resoluciones/RESOLUCIONES%202008/0577.pdf HTTP/1.1" 304 -
201.245.192.253 - - [25/Jul/2015:02:36:07 -0500] "POST /wp-admin/admin-ajax.php HTTP/1.1" 200 47
172.22.2.3 - - [25/Jul/2015:02:36:11 -0500] "POST /cumbredelclima/wp-admin/admin-ajax.php HTTP/1.1" 200 47
201.245.192.253 - - [25/Jul/2015:02:36:14 -0500] "GET /forest/session.jsp?a=0.3689773178979049 HTTP/1.1" 200 4
172.22.2.3 - - [25/Jul/2015:02:36:26 -0500] "POST /cumbredelclima/wp-admin/admin-ajax.php HTTP/1.1" 200 47
180.76.15.136 - - [25/Jul/2015:02:36:36 -0500] "GET / HTTP/1.1" 200 10190
172.22.2.3 - - [25/Jul/2015:02:36:41 -0500] "POST /cumbredelclima/wp-admin/admin-ajax.php HTTP/1.1" 200 47
172.22.2.3 - - [25/Jul/2015:02:36:56 -0500] "POST /cumbredelclima/wp-admin/admin-ajax.php HTTP/1.1" 200 47
74.86.158.107 - - [25/Jul/2015:02:37:06 -0500] "HEAD / HTTP/1.1" 200 -
172.22.2.3 - - [25/Jul/2015:02:37:11 -0500] "POST /cumbredelclima/wp-admin/admin-ajax.php HTTP/1.1" 200 47
172.22.2.3 - - [25/Jul/2015:02:37:26 -0500] "POST /cumbredelclima/wp-admin/admin-ajax.php HTTP/1.1" 200 47
172.22.2.3 - - [25/Jul/2015:02:37:41 -0500] "POST /cumbredelclima/wp-admin/admin-ajax.php HTTP/1.1" 200 47
201.245.192.253 - - [25/Jul/2015:02:37:42 -0500] "GET /forest/session.jsp?a=0.984620238020379 HTTP/1.1" 200 4
172.22.2.3 - - [25/Jul/2015:02:37:56 -0500] "POST /cumbredelclima/wp-admin/admin-ajax.php HTTP/1.1" 200 47
172.22.2.3 - - [25/Jul/2015:02:38:11 -0500] "POST /cumbredelclima/wp-admin/admin-ajax.php HTTP/1.1" 200 47
201.245.192.253 - - [25/Jul/2015:02:38:07 -0500] "POST /wp-admin/admin-ajax.php HTTP/1.1" 200 47
172.22.2.3 - - [25/Jul/2015:02:38:26 -0500] "POST /cumbredelclima/wp-admin/admin-ajax.php HTTP/1.1" 200 47
172.22.2.3 - - [25/Jul/2015:02:38:41 -0500] "POST /cumbredelclima/wp-admin/admin-ajax.php HTTP/1.1" 200 47
66.249.67.57 - - [25/Jul/2015:02:38:42 -0500] "GET /BLA/resoluciones/RESOLUCIONES%202012/0195.pdf HTTP/1.1" 200 555119
172.22.2.3 - - [25/Jul/2015:02:38:56 -0500] "POST /cumbredelclima/wp-admin/admin-ajax.php HTTP/1.1" 200 47
172.22.2.3 - - [25/Jul/2015:02:39:11 -0500] "POST /cumbredelclima/wp-admin/admin-ajax.php HTTP/1.1" 200 47
172.22.2.3 - - [25/Jul/2015:02:39:26 -0500] "POST /cumbredelclima/wp-admin/admin-ajax.php HTTP/1.1" 200 47
66.249.67.92 - - [25/Jul/2015:02:39:13 -0500] "GET / HTTP/1.1" 200 123256
172.22.2.3 - - [25/Jul/2015:02:39:41 -0500] "POST /cumbredelclima/wp-admin/admin-ajax.php HTTP/1.1" 200 47
172.22.2.3 - - [25/Jul/2015:02:39:56 -0500] "POST /cumbredelclima/wp-admin/admin-ajax.php HTTP/1.1" 200 47
201.245.192.253 - - [25/Jul/2015:02:40:07 -0500] "POST /wp-admin/admin-ajax.php HTTP/1.1" 200 47
172.22.2.3 - - [25/Jul/2015:02:40:11 -0500] "POST /cumbredelclima/wp-admin/admin-ajax.php HTTP/1.1" 200 47
172.22.2.3 - - [25/Jul/2015:02:40:26 -0500] "POST /cumbredelclima/wp-admin/admin-ajax.php HTTP/1.1" 200 47
172.22.2.3 - - [25/Jul/2015:02:40:41 -0500] "POST /cumbredelclima/wp-admin/admin-ajax.php HTTP/1.1" 200 47
172.22.2.3 - - [25/Jul/2015:02:40:56 -0500] "POST /cumbredelclima/wp-admin/admin-ajax.php HTTP/1.1" 200 47
172.22.2.3 - - [25/Jul/2015:02:41:11 -0500] "POST /cumbredelclima/wp-admin/admin-ajax.php HTTP/1.1" 200 47
201.245.192.253 - - [25/Jul/2015:02:41:14 -0500] "GET /forest/session.jsp?a=0.1497994743445209 HTTP/1.1" 200 4
172.22.2.3 - - [25/Jul/2015:02:41:26 -0500] "POST /cumbredelclima/wp-admin/admin-ajax.php HTTP/1.1" 200 47
157.55.39.182 - - [25/Jul/2015:02:41:30 -0500] "GET /galeria/nivo-slider/demo/demo.html HTTP/1.1" 200 5224
172.22.2.3 - - [25/Jul/2015:02:41:41 -0500] "POST /cumbredelclima/wp-admin/admin-ajax.php HTTP/1.1" 200 47
172.22.2.3 - - [25/Jul/2015:02:41:56 -0500] "POST /cumbredelclima/wp-admin/admin-ajax.php HTTP/1.1" 200 47
74.86.158.107 - - [25/Jul/2015:02:42:06 -0500] "HEAD / HTTP/1.1" 200 -
186.85.134.3 - - [25/Jul/2015:02:42:11 -0500] "GET /BLA/resoluciones/RESOLUCIONES%202008/1234.pdf HTTP/1.1" 200 88057
172.22.2.3 - - [25/Jul/2015:02:42:11 -0500] "POST /cumbredelclima/wp-admin/admin-ajax.php HTTP/1.1" 200 47
201.245.192.253 - - [25/Jul/2015:02:42:07 -0500] "POST /wp-admin/admin-ajax.php HTTP/1.1" 200 47
172.22.2.3 - - [25/Jul/2015:02:42:26 -0500] "POST /cumbredelclima/wp-admin/admin-ajax.php HTTP/1.1" 200 47
172.22.2.3 - - [25/Jul/2015:02:42:41 -0500] "POST /cumbredelclima/wp-admin/admin-ajax.php HTTP/1.1" 200 47
201.245.192.253 - - [25/Jul/2015:02:42:42 -0500] "GET /forest/session.jsp?a=0.8155376713295686 HTTP/1.1" 200 4
172.22.2.3 - - [25/Jul/2015:02:42:56 -0500] "POST /cumbredelclima/wp-admin/admin-ajax.php HTTP/1.1" 200 47
172.22.2.3 - - [25/Jul/2015:02:43:11 -0500] "POST /cumbredelclima/wp-admin/admin-ajax.php HTTP/1.1" 200 47
172.22.2.3 - - [25/Jul/2015:02:43:26 -0500] "POST /cumbredelclima/wp-admin/admin-ajax.php HTTP/1.1" 200 47
172.22.2.3 - - [25/Jul/2015:02:43:41 -0500] "POST /cumbredelclima/wp-admin/admin-ajax.php HTTP/1.1" 200 47
172.22.2.3 - - [25/Jul/2015:02:43:56 -0500] "POST /cumbredelclima/wp-admin/admin-ajax.php HTTP/1.1" 200 47
66.249.67.92 - - [25/Jul/2015:02:43:45 -0500] "GET /sitemap_index.xml HTTP/1.1" 200 1082
66.249.67.63 - - [25/Jul/2015:02:43:59 -0500] "GET /manual_funciones/ HTTP/1.1" 404 1018
66.249.67.98 - - [25/Jul/2015:02:44:01 -0500] "GET /wp-content/uploads/2015/07/plaza-de-bolivar.jpg HTTP/1.1" 304 -
207.46.13.149 - - [25/Jul/2015:02:44:02 -0500] "GET /BLA/boletinlegal/norma_menu.php HTTP/1.1" 200 5286
207.46.13.26 - - [25/Jul/2015:02:44:08 -0500] "GET /robots.txt HTTP/1.1" 404 1019
201.245.192.253 - - [25/Jul/2015:02:44:07 -0500] "POST /wp-admin/admin-ajax.php HTTP/1.1" 200 47
172.22.2.3 - - [25/Jul/2015:02:44:11 -0500] "POST /cumbredelclima/wp-admin/admin-ajax.php HTTP/1.1" 200 47
207.46.13.26 - - [25/Jul/2015:02:44:13 -0500] "GET /BLA/boletinlegal/js/popup.js HTTP/1.1" 200 1270
207.46.13.26 - - [25/Jul/2015:02:44:13 -0500] "GET /BLA/boletinlegal/styles2.css HTTP/1.1" 200 1838
207.46.13.149 - - [25/Jul/2015:02:44:17 -0500] "GET /robots.txt HTTP/1.1" 404 1019
207.46.13.149 - - [25/Jul/2015:02:44:20 -0500] "GET /BLA/boletinlegal/js/lib.js HTTP/1.1" 200 6474
207.46.13.149 - - [25/Jul/2015:02:44:21 -0500] "GET /BLA/boletinlegal/js/jquery1.js HTTP/1.1" 200 29846
157.55.39.205 - - [25/Jul/2015:02:44:23 -0500] "GET /BLA/boletinlegal/js/jquery1.js HTTP/1.1" 200 29846
157.55.39.205 - - [25/Jul/2015:02:44:24 -0500] "GET /BLA/boletinlegal/swfobject.js HTTP/1.1" 200 9763
157.55.39.205 - - [25/Jul/2015:02:44:24 -0500] "GET /BLA/boletinlegal/js/lib.js HTTP/1.1" 200 6474
157.55.39.205 - - [25/Jul/2015:02:44:24 -0500] "GET /BLA/boletinlegal/swfobject.js HTTP/1.1" 200 9763
172.22.2.3 - - [25/Jul/2015:02:44:26 -0500] "POST /cumbredelclima/wp-admin/admin-ajax.php HTTP/1.1" 200 47
207.46.13.26 - - [25/Jul/2015:02:44:28 -0500] "GET /BLA/boletinlegal/js/ajax.js HTTP/1.1" 200 772
207.46.13.149 - - [25/Jul/2015:02:44:34 -0500] "GET /BLA/boletinlegal/js/popup.js HTTP/1.1" 200 1270
172.22.2.3 - - [25/Jul/2015:02:44:41 -0500] "POST /cumbredelclima/wp-admin/admin-ajax.php HTTP/1.1" 200 47
172.22.2.3 - - [25/Jul/2015:02:44:56 -0500] "POST /cumbredelclima/wp-admin/admin-ajax.php HTTP/1.1" 200 47
172.22.2.3 - - [25/Jul/2015:02:45:11 -0500] "POST /cumbredelclima/wp-admin/admin-ajax.php HTTP/1.1" 200 47
172.22.2.3 - - [25/Jul/2015:02:45:26 -0500] "POST /cumbredelclima/wp-admin/admin-ajax.php HTTP/1.1" 200 47
207.46.13.66 - - [25/Jul/2015:02:45:33 -0500] "GET /BLA/boletinlegal/js/ajax.js HTTP/1.1" 200 772
207.46.13.66 - - [25/Jul/2015:02:45:33 -0500] "GET /BLA/boletinlegal/style.css HTTP/1.1" 200 9406
172.22.2.3 - - [25/Jul/2015:02:45:41 -0500] "POST /cumbredelclima/wp-admin/admin-ajax.php HTTP/1.1" 200 47
66.249.67.63 - - [25/Jul/2015:02:45:42 -0500] "GET /BLA/resoluciones/RESOLUCIONES%202007/RES%202007%202501%20AL%202600/RESOLUCION%202542%20DE%202007.pdf HTTP/1.1" 304 -
172.22.2.3 - - [25/Jul/2015:02:45:56 -0500] "POST /cumbredelclima/wp-admin/admin-ajax.php HTTP/1.1" 200 47
172.22.2.3 - - [25/Jul/2015:02:46:11 -0500] "POST /cumbredelclima/wp-admin/admin-ajax.php HTTP/1.1" 200 47
201.245.192.253 - - [25/Jul/2015:02:46:14 -0500] "GET /forest/session.jsp?a=0.9615789991450534 HTTP/1.1" 200 4
201.245.192.253 - - [25/Jul/2015:02:46:07 -0500] "POST /wp-admin/admin-ajax.php HTTP/1.1" 200 47
172.22.2.3 - - [25/Jul/2015:02:46:26 -0500] "POST /cumbredelclima/wp-admin/admin-ajax.php HTTP/1.1" 200 47
172.22.2.3 - - [25/Jul/2015:02:46:41 -0500] "POST /cumbredelclima/wp-admin/admin-ajax.php HTTP/1.1" 200 47
172.22.2.3 - - [25/Jul/2015:02:46:56 -0500] "POST /cumbredelclima/wp-admin/admin-ajax.php HTTP/1.1" 200 47
74.86.158.107 - - [25/Jul/2015:02:47:06 -0500] "HEAD / HTTP/1.1" 200 -
172.22.2.3 - - [25/Jul/2015:02:47:11 -0500] "POST /cumbredelclima/wp-admin/admin-ajax.php HTTP/1.1" 200 47
172.22.2.3 - - [25/Jul/2015:02:47:26 -0500] "POST /cumbredelclima/wp-admin/admin-ajax.php HTTP/1.1" 200 47
172.22.2.3 - - [25/Jul/2015:02:47:41 -0500] "POST /cumbredelclima/wp-admin/admin-ajax.php HTTP/1.1" 200 47
201.245.192.253 - - [25/Jul/2015:02:47:42 -0500] "GET /forest/session.jsp?a=0.3765147530380887 HTTP/1.1" 200 4
172.22.2.3 - - [25/Jul/2015:02:47:56 -0500] "POST /cumbredelclima/wp-admin/admin-ajax.php HTTP/1.1" 200 47
172.22.2.3 - - [25/Jul/2015:02:48:11 -0500] "POST /cumbredelclima/wp-admin/admin-ajax.php HTTP/1.1" 200 47
201.245.192.253 - - [25/Jul/2015:02:48:07 -0500] "POST /wp-admin/admin-ajax.php HTTP/1.1" 200 47
172.22.2.3 - - [25/Jul/2015:02:48:26 -0500] "POST /cumbredelclima/wp-admin/admin-ajax.php HTTP/1.1" 200 47
207.46.13.66 - - [25/Jul/2015:02:48:28 -0500] "GET /robots.txt HTTP/1.1" 404 1015
172.22.2.3 - - [25/Jul/2015:02:48:41 -0500] "POST /cumbredelclima/wp-admin/admin-ajax.php HTTP/1.1" 200 47
66.249.67.69 - - [25/Jul/2015:02:48:42 -0500] "GET /BLA/resoluciones/RESOLUCIONES%202009/2817.pdf HTTP/1.1" 200 405869
172.22.2.3 - - [25/Jul/2015:02:48:56 -0500] "POST /cumbredelclima/wp-admin/admin-ajax.php HTTP/1.1" 200 47
66.249.67.63 - - [25/Jul/2015:02:49:05 -0500] "GET /BLA/resoluciones/AUTOS%202014/4556.pdf HTTP/1.1" 200 425640
172.22.2.3 - - [25/Jul/2015:02:49:11 -0500] "POST /cumbredelclima/wp-admin/admin-ajax.php HTTP/1.1" 200 47
172.22.2.3 - - [25/Jul/2015:02:49:26 -0500] "POST /cumbredelclima/wp-admin/admin-ajax.php HTTP/1.1" 200 47
172.22.2.3 - - [25/Jul/2015:02:49:41 -0500] "POST /cumbredelclima/wp-admin/admin-ajax.php HTTP/1.1" 200 47
66.249.67.63 - - [25/Jul/2015:02:49:52 -0500] "GET /BLA/resoluciones/RESOLUCIONES%202013/1223.pdf HTTP/1.1" 304 -
172.22.2.3 - - [25/Jul/2015:02:49:56 -0500] "POST /cumbredelclima/wp-admin/admin-ajax.php HTTP/1.1" 200 47
172.22.2.3 - - [25/Jul/2015:02:50:11 -0500] "POST /cumbredelclima/wp-admin/admin-ajax.php HTTP/1.1" 200 47
66.249.67.63 - - [25/Jul/2015:02:50:12 -0500] "GET /BLA/circulares/5.pdf HTTP/1.1" 304 -
201.245.192.253 - - [25/Jul/2015:02:50:07 -0500] "POST /wp-admin/admin-ajax.php HTTP/1.1" 200 47
172.22.2.3 - - [25/Jul/2015:02:50:26 -0500] "POST /cumbredelclima/wp-admin/admin-ajax.php HTTP/1.1" 200 47
66.249.67.69 - - [25/Jul/2015:02:50:32 -0500] "GET /BLA/resoluciones/RESOLUCIONES%202008/0896.pdf HTTP/1.1" 304 -
172.22.2.3 - - [25/Jul/2015:02:50:41 -0500] "POST /cumbredelclima/wp-admin/admin-ajax.php HTTP/1.1" 200 47
66.249.67.69 - - [25/Jul/2015:02:50:52 -0500] "GET /BLA/resoluciones/AUTOS%202011/2146.pdf HTTP/1.1" 304 -
172.22.2.3 - - [25/Jul/2015:02:50:56 -0500] "POST /cumbredelclima/wp-admin/admin-ajax.php HTTP/1.1" 200 47
172.22.2.3 - - [25/Jul/2015:02:51:11 -0500] "POST /cumbredelclima/wp-admin/admin-ajax.php HTTP/1.1" 200 47
66.249.67.69 - - [25/Jul/2015:02:51:12 -0500] "GET /BLA/resoluciones/RESOLUCIONES%202007/RES%202007%202601%20AL%202700/RESOLUCION%202643%20DE%202007.pdf HTTP/1.1" 304 -
201.245.192.253 - - [25/Jul/2015:02:51:14 -0500] "GET /forest/session.jsp?a=0.8817843164850944 HTTP/1.1" 200 4
172.22.2.3 - - [25/Jul/2015:02:51:26 -0500] "POST /cumbredelclima/wp-admin/admin-ajax.php HTTP/1.1" 200 47
66.249.67.57 - - [25/Jul/2015:02:51:32 -0500] "GET /BLA/resoluciones/RESOLUCIONES%202007/RES%202007%204001%20AL%204100/RESOLUCION%204090%20DE%202007.pdf HTTP/1.1" 200 13950935
172.22.2.3 - - [25/Jul/2015:02:51:41 -0500] "POST /cumbredelclima/wp-admin/admin-ajax.php HTTP/1.1" 200 47
66.249.67.81 - - [25/Jul/2015:02:51:47 -0500] "GET /POT-2013/Cartografia/29_EDIFICABILIDAD.pdf HTTP/1.1" 304 -
66.249.67.57 - - [25/Jul/2015:02:51:52 -0500] "GET /BLA/directivas/2009/0.pdf HTTP/1.1" 304 -
172.22.2.3 - - [25/Jul/2015:02:51:56 -0500] "POST /cumbredelclima/wp-admin/admin-ajax.php HTTP/1.1" 200 47
74.86.158.107 - - [25/Jul/2015:02:52:06 -0500] "HEAD / HTTP/1.1" 200 -
172.22.2.3 - - [25/Jul/2015:02:52:11 -0500] "POST /cumbredelclima/wp-admin/admin-ajax.php HTTP/1.1" 200 47
201.245.192.253 - - [25/Jul/2015:02:52:07 -0500] "POST /wp-admin/admin-ajax.php HTTP/1.1" 200 47
172.22.2.3 - - [25/Jul/2015:02:52:26 -0500] "POST /cumbredelclima/wp-admin/admin-ajax.php HTTP/1.1" 200 47
66.249.67.57 - - [25/Jul/2015:02:52:32 -0500] "GET /BLA/resoluciones/RESOLUCIONES%202012/0714.pdf HTTP/1.1" 304 -
207.46.13.66 - - [25/Jul/2015:02:52:38 -0500] "GET /dama/libreria/pdf/cda_lista_chequeo.pdf HTTP/1.1" 404 1015
172.22.2.3 - - [25/Jul/2015:02:52:41 -0500] "POST /cumbredelclima/wp-admin/admin-ajax.php HTTP/1.1" 200 47
201.245.192.253 - - [25/Jul/2015:02:52:42 -0500] "GET /forest/session.jsp?a=0.35204853071083975 HTTP/1.1" 200 4
172.22.2.3 - - [25/Jul/2015:02:52:56 -0500] "POST /cumbredelclima/wp-admin/admin-ajax.php HTTP/1.1" 200 47
172.22.2.3 - - [25/Jul/2015:02:53:11 -0500] "POST /cumbredelclima/wp-admin/admin-ajax.php HTTP/1.1" 200 47
66.249.67.69 - - [25/Jul/2015:02:53:12 -0500] "GET /autoliquidacion/Fauna%20Silvestre/LISTA%20DE%20CHEQUEO%20Y%20FORMATO%20DE%20SOLICITUD%20DE%20VERIFICACI%C3%93N%20DE%20EXPORTACIONES%20E%20IMPORTACIONES.xls HTTP/1.1" 304 -
172.22.2.3 - - [25/Jul/2015:02:53:26 -0500] "POST /cumbredelclima/wp-admin/admin-ajax.php HTTP/1.1" 200 47
172.22.2.3 - - [25/Jul/2015:02:53:41 -0500] "POST /cumbredelclima/wp-admin/admin-ajax.php HTTP/1.1" 200 47
172.22.2.3 - - [25/Jul/2015:02:53:56 -0500] "POST /cumbredelclima/wp-admin/admin-ajax.php HTTP/1.1" 200 47
66.249.67.69 - - [25/Jul/2015:02:54:08 -0500] "GET /BLA/resoluciones/RESOLUCIONES%202011/0810.pdf HTTP/1.1" 304 -
172.22.2.3 - - [25/Jul/2015:02:54:11 -0500] "POST /cumbredelclima/wp-admin/admin-ajax.php HTTP/1.1" 200 47
66.249.67.98 - - [25/Jul/2015:02:54:19 -0500] "GET /logooocategory/apoya/ HTTP/1.1" 200 29153
201.245.192.253 - - [25/Jul/2015:02:54:07 -0500] "POST /wp-admin/admin-ajax.php HTTP/1.1" 200 47
172.22.2.3 - - [25/Jul/2015:02:54:26 -0500] "POST /cumbredelclima/wp-admin/admin-ajax.php HTTP/1.1" 200 47
66.249.67.57 - - [25/Jul/2015:02:54:31 -0500] "GET /BLA/resoluciones/Notificaciones/AUTOS%202014/4048.doc HTTP/1.1" 304 -
172.22.2.3 - - [25/Jul/2015:02:54:41 -0500] "POST /cumbredelclima/wp-admin/admin-ajax.php HTTP/1.1" 200 47
66.249.67.57 - - [25/Jul/2015:02:54:47 -0500] "GET /BLA/resoluciones/RESOLUCIONES%202008/1653.pdf HTTP/1.1" 200 277245
172.22.2.3 - - [25/Jul/2015:02:54:56 -0500] "POST /cumbredelclima/wp-admin/admin-ajax.php HTTP/1.1" 200 47
66.249.67.69 - - [25/Jul/2015:02:55:01 -0500] "GET /BLA/resoluciones/RESOLUCIONES%202008/4289.pdf HTTP/1.1" 200 261891
66.249.67.57 - - [25/Jul/2015:02:55:11 -0500] "GET /BLA/resoluciones/RESOLUCIONES%202012/0195.pdf HTTP/1.1" 304 -
172.22.2.3 - - [25/Jul/2015:02:55:11 -0500] "POST /cumbredelclima/wp-admin/admin-ajax.php HTTP/1.1" 200 47
172.22.2.3 - - [25/Jul/2015:02:55:26 -0500] "POST /cumbredelclima/wp-admin/admin-ajax.php HTTP/1.1" 200 47
172.22.2.3 - - [25/Jul/2015:02:55:41 -0500] "POST /cumbredelclima/wp-admin/admin-ajax.php HTTP/1.1" 200 47
66.249.67.69 - - [25/Jul/2015:02:55:51 -0500] "GET /PruebasSTORM/StormSDA_pruebas/userFiles/user_files/formulas/3/35.xml HTTP/1.1" 200 988
172.22.2.3 - - [25/Jul/2015:02:55:56 -0500] "POST /cumbredelclima/wp-admin/admin-ajax.php HTTP/1.1" 200 47
172.22.2.3 - - [25/Jul/2015:02:56:11 -0500] "POST /cumbredelclima/wp-admin/admin-ajax.php HTTP/1.1" 200 47
201.245.192.253 - - [25/Jul/2015:02:56:14 -0500] "GET /forest/session.jsp?a=0.736020394556989 HTTP/1.1" 200 4
201.245.192.253 - - [25/Jul/2015:02:56:07 -0500] "POST /wp-admin/admin-ajax.php HTTP/1.1" 200 47
172.22.2.3 - - [25/Jul/2015:02:56:26 -0500] "POST /cumbredelclima/wp-admin/admin-ajax.php HTTP/1.1" 200 47
66.249.67.57 - - [25/Jul/2015:02:56:31 -0500] "GET /galeria/galeria/fotos/Huemdal-el-Tunjo3G.jpg HTTP/1.1" 304 -
172.22.2.3 - - [25/Jul/2015:02:56:41 -0500] "POST /cumbredelclima/wp-admin/admin-ajax.php HTTP/1.1" 200 47
172.22.2.3 - - [25/Jul/2015:02:56:56 -0500] "POST /cumbredelclima/wp-admin/admin-ajax.php HTTP/1.1" 200 47
74.86.158.107 - - [25/Jul/2015:02:57:06 -0500] "HEAD / HTTP/1.1" 200 -
66.249.67.93 - - [25/Jul/2015:02:57:11 -0500] "GET /POT-2013/Cartografia/15_Sistema%20de%20Movilidad%20_Secciones%20Viales_Circuitos_movilida.pdf HTTP/1.1" 304 -
172.22.2.3 - - [25/Jul/2015:02:57:11 -0500] "POST /cumbredelclima/wp-admin/admin-ajax.php HTTP/1.1" 200 47
172.22.2.3 - - [25/Jul/2015:02:57:26 -0500] "POST /cumbredelclima/wp-admin/admin-ajax.php HTTP/1.1" 200 47
172.22.2.3 - - [25/Jul/2015:02:57:41 -0500] "POST /cumbredelclima/wp-admin/admin-ajax.php HTTP/1.1" 200 47
201.245.192.253 - - [25/Jul/2015:02:57:42 -0500] "GET /forest/session.jsp?a=0.21136553305837436 HTTP/1.1" 200 4
66.249.67.69 - - [25/Jul/2015:02:57:47 -0500] "GET /BLA/resoluciones/RESOLUCIONES%202009/5086.pdf HTTP/1.1" 200 505359
66.249.67.87 - - [25/Jul/2015:02:57:51 -0500] "GET /POT-2013/Cartografia/32_Altura%20para%20c%C3%A1lculo%20de%20edificabilidad%20predominante%20y%20aisl.pdf HTTP/1.1" 304 -
172.22.2.3 - - [25/Jul/2015:02:57:56 -0500] "POST /cumbredelclima/wp-admin/admin-ajax.php HTTP/1.1" 200 47
172.22.2.3 - - [25/Jul/2015:02:58:11 -0500] "POST /cumbredelclima/wp-admin/admin-ajax.php HTTP/1.1" 200 47
201.245.192.253 - - [25/Jul/2015:02:58:07 -0500] "POST /wp-admin/admin-ajax.php HTTP/1.1" 200 47
172.22.2.3 - - [25/Jul/2015:02:58:26 -0500] "POST /cumbredelclima/wp-admin/admin-ajax.php HTTP/1.1" 200 47
66.249.67.69 - - [25/Jul/2015:02:58:30 -0500] "GET /bla/resoluciones/RESOLUCIONES%202011/6563.pdf HTTP/1.1" 304 -
172.22.2.3 - - [25/Jul/2015:02:58:41 -0500] "POST /cumbredelclima/wp-admin/admin-ajax.php HTTP/1.1" 200 47
172.22.2.3 - - [25/Jul/2015:02:58:56 -0500] "POST /cumbredelclima/wp-admin/admin-ajax.php HTTP/1.1" 200 47
66.249.67.93 - - [25/Jul/2015:02:59:10 -0500] "GET /Autoliquidacion/Solicitudes%20relacionadas%20con%20calidad%20del%20aire%20auditiva%20y%20visual/Acompa%C3%B1amiento%20para%20muestreo%20isocin%C3%A9tico%20y%20o%20determinaciones%20de%20emisiones%20a%20fuentes%20fijas/lineamientos%20Construccion%20Mues%20Emision%20.pdf HTTP/1.1" 304 -
172.22.2.3 - - [25/Jul/2015:02:59:11 -0500] "POST /cumbredelclima/wp-admin/admin-ajax.php HTTP/1.1" 200 47
172.22.2.3 - - [25/Jul/2015:02:59:26 -0500] "POST /cumbredelclima/wp-admin/admin-ajax.php HTTP/1.1" 200 47
66.249.67.69 - - [25/Jul/2015:02:59:29 -0500] "GET /BLA/boletinlegal/Directivas/2011/Directiva%20No.%202%20del%2017%20de%20Mayo%20de%202011.pdf HTTP/1.1" 200 495382
66.249.67.57 - - [25/Jul/2015:02:59:33 -0500] "GET /galeria/nivo-slider/demo/demo.html HTTP/1.1" 200 5224
66.249.67.69 - - [25/Jul/2015:02:59:39 -0500] "GET /galeria/nivo-slider/demo/scripts/jquery-1.7.1.min.js HTTP/1.1" 200 93868
104.131.63.207 - - [25/Jul/2015:02:59:40 -0500] "GET /BLA/boletinlegal/js/jquery.scrollShow.js HTTP/1.1" 200 4586
104.131.63.207 - - [25/Jul/2015:02:59:40 -0500] "GET /galeria/carrusel/Carrusel/jquery-ui-1.8.13.custom.min.js HTTP/1.1" 200 10800
104.131.63.207 - - [25/Jul/2015:02:59:40 -0500] "GET /galeria/galeria/jquery.fancybox.js?v=2.1.5 HTTP/1.1" 200 48706
104.131.63.207 - - [25/Jul/2015:02:59:40 -0500] "GET /galeria/carrusel/Carrusel/jquery.thumbnailScroller.js HTTP/1.1" 200 8157
172.22.2.3 - - [25/Jul/2015:02:59:41 -0500] "POST /cumbredelclima/wp-admin/admin-ajax.php HTTP/1.1" 200 47
66.249.67.57 - - [25/Jul/2015:02:59:49 -0500] "GET /galeria/nivo-slider/themes/default/default.css HTTP/1.1" 200 1569
104.131.63.207 - - [25/Jul/2015:02:59:49 -0500] "GET /galeria/nivo-slider/demo/demo.html HTTP/1.1" 200 5224
190.27.197.50 - - [25/Jul/2015:02:59:50 -0500] "GET /galeria/galeria/jquery.fancybox.css?v=2.1.5 HTTP/1.1" 200 4895
190.27.197.50 - - [25/Jul/2015:02:59:50 -0500] "GET /BLA/boletinlegal/js/jquery.scrollShow.js HTTP/1.1" 200 4586
190.27.197.50 - - [25/Jul/2015:02:59:50 -0500] "GET /galeria/galeria/jquery.fancybox.js?v=2.1.5 HTTP/1.1" 200 48706
190.27.197.50 - - [25/Jul/2015:02:59:54 -0500] "GET /BLA/boletinlegal/js/jquery.scrollShow.js HTTP/1.1" 304 -
190.27.197.50 - - [25/Jul/2015:02:59:54 -0500] "GET /galeria/galeria/jquery.fancybox.js?v=2.1.5 HTTP/1.1" 304 -
190.27.197.50 - - [25/Jul/2015:02:59:54 -0500] "GET /galeria/galeria/jquery.fancybox.css?v=2.1.5 HTTP/1.1" 304 -
172.22.2.3 - - [25/Jul/2015:02:59:56 -0500] "POST /cumbredelclima/wp-admin/admin-ajax.php HTTP/1.1" 200 47
104.131.63.207 - - [25/Jul/2015:02:59:57 -0500] "GET /galeria/nivo-slider/demo/scripts/jquery-1.7.1.min.js HTTP/1.1" 200 93868
104.131.63.207 - - [25/Jul/2015:02:59:57 -0500] "GET /galeria/nivo-slider/jquery.nivo.slider.pack.js HTTP/1.1" 200 11561
66.249.67.93 - - [25/Jul/2015:02:59:59 -0500] "GET /ecodirectorio/files/res/other/search.txt HTTP/1.1" 304 -
66.249.67.57 - - [25/Jul/2015:03:00:09 -0500] "GET /galeria/nivo-slider/themes/pascal/pascal.css HTTP/1.1" 200 2258
172.22.2.3 - - [25/Jul/2015:03:00:11 -0500] "POST /cumbredelclima/wp-admin/admin-ajax.php HTTP/1.1" 200 47
66.249.67.57 - - [25/Jul/2015:03:00:18 -0500] "GET /BLA/resoluciones/RESOLUCIONES%202009/8626.pdf HTTP/1.1" 200 330654
201.245.192.253 - - [25/Jul/2015:03:00:07 -0500] "POST /wp-admin/admin-ajax.php HTTP/1.1" 200 47
172.22.2.3 - - [25/Jul/2015:03:00:26 -0500] "POST /cumbredelclima/wp-admin/admin-ajax.php HTTP/1.1" 200 47
66.249.67.57 - - [25/Jul/2015:03:00:28 -0500] "GET /BLA/resoluciones/RESOLUCIONES%202009/1660.pdf HTTP/1.1" 200 406276
66.249.67.69 - - [25/Jul/2015:03:00:37 -0500] "GET /BLA/resoluciones/RESOLUCIONES%202008/0607.pdf HTTP/1.1" 304 -
172.22.2.3 - - [25/Jul/2015:03:00:41 -0500] "POST /cumbredelclima/wp-admin/admin-ajax.php HTTP/1.1" 200 47
66.249.67.57 - - [25/Jul/2015:03:00:55 -0500] "GET /BLA/resoluciones/RESOLUCIONES%202009/1706.pdf HTTP/1.1" 200 648972
172.22.2.3 - - [25/Jul/2015:03:00:56 -0500] "POST /cumbredelclima/wp-admin/admin-ajax.php HTTP/1.1" 200 47
66.249.67.63 - - [25/Jul/2015:03:01:10 -0500] "GET /BLA/resoluciones/AUTOS%202008/0729.pdf HTTP/1.1" 304 -
172.22.2.3 - - [25/Jul/2015:03:01:11 -0500] "POST /cumbredelclima/wp-admin/admin-ajax.php HTTP/1.1" 200 47
66.249.67.57 - - [25/Jul/2015:03:01:12 -0500] "GET /BLA/resoluciones/RESOLUCIONES%202009/2431.pdf HTTP/1.1" 200 572558
201.245.192.253 - - [25/Jul/2015:03:01:14 -0500] "GET /forest/session.jsp?a=0.926210085314984 HTTP/1.1" 200 4
172.22.2.3 - - [25/Jul/2015:03:01:26 -0500] "POST /cumbredelclima/wp-admin/admin-ajax.php HTTP/1.1" 200 47
172.22.2.3 - - [25/Jul/2015:03:01:41 -0500] "POST /cumbredelclima/wp-admin/admin-ajax.php HTTP/1.1" 200 47
66.249.67.57 - - [25/Jul/2015:03:01:50 -0500] "GET /BLA/resoluciones/AUTOS%202012/1690.pdf HTTP/1.1" 304 -
172.22.2.3 - - [25/Jul/2015:03:01:56 -0500] "POST /cumbredelclima/wp-admin/admin-ajax.php HTTP/1.1" 200 47
74.86.158.107 - - [25/Jul/2015:03:02:06 -0500] "HEAD / HTTP/1.1" 200 -
172.22.2.3 - - [25/Jul/2015:03:02:11 -0500] "POST /cumbredelclima/wp-admin/admin-ajax.php HTTP/1.1" 200 47
201.245.192.253 - - [25/Jul/2015:03:02:07 -0500] "POST /wp-admin/admin-ajax.php HTTP/1.1" 200 47
172.22.2.3 - - [25/Jul/2015:03:02:26 -0500] "POST /cumbredelclima/wp-admin/admin-ajax.php HTTP/1.1" 200 47
66.249.67.57 - - [25/Jul/2015:03:02:30 -0500] "GET /BLA/resoluciones/RESOLUCIONES%202014/3163.pdf HTTP/1.1" 304 -
172.22.2.3 - - [25/Jul/2015:03:02:41 -0500] "POST /cumbredelclima/wp-admin/admin-ajax.php HTTP/1.1" 200 47
201.245.192.253 - - [25/Jul/2015:03:02:42 -0500] "GET /forest/session.jsp?a=0.13172649354386035 HTTP/1.1" 200 4
88.198.233.69 - - [25/Jul/2015:03:02:49 -0500] "GET / HTTP/1.1" 200 10190
172.22.2.3 - - [25/Jul/2015:03:02:56 -0500] "POST /cumbredelclima/wp-admin/admin-ajax.php HTTP/1.1" 200 47
66.249.67.63 - - [25/Jul/2015:03:03:09 -0500] "GET /BLA/resoluciones/RESOLUCIONES%202012/0335.pdf HTTP/1.1" 304 -
172.22.2.3 - - [25/Jul/2015:03:03:11 -0500] "POST /cumbredelclima/wp-admin/admin-ajax.php HTTP/1.1" 200 47
172.22.2.3 - - [25/Jul/2015:03:03:26 -0500] "POST /cumbredelclima/wp-admin/admin-ajax.php HTTP/1.1" 200 47
172.22.2.3 - - [25/Jul/2015:03:03:41 -0500] "POST /cumbredelclima/wp-admin/admin-ajax.php HTTP/1.1" 200 47
66.249.67.57 - - [25/Jul/2015:03:03:49 -0500] "GET /BLA/resoluciones/RESOLUCIONES%202012/0530.pdf HTTP/1.1" 304 -
172.22.2.3 - - [25/Jul/2015:03:03:56 -0500] "POST /cumbredelclima/wp-admin/admin-ajax.php HTTP/1.1" 200 47
172.22.2.3 - - [25/Jul/2015:03:04:11 -0500] "POST /cumbredelclima/wp-admin/admin-ajax.php HTTP/1.1" 200 47
201.245.192.253 - - [25/Jul/2015:03:04:07 -0500] "POST /wp-admin/admin-ajax.php HTTP/1.1" 200 47
172.22.2.3 - - [25/Jul/2015:03:04:26 -0500] "POST /cumbredelclima/wp-admin/admin-ajax.php HTTP/1.1" 200 47
66.249.67.69 - - [25/Jul/2015:03:04:41 -0500] "GET /BLA/boletinlegal/Directivas/2011/Directiva%20No.%205%20del%2029%20de%20Agosto%20de%202011.pdf HTTP/1.1" 200 444404
172.22.2.3 - - [25/Jul/2015:03:04:41 -0500] "POST /cumbredelclima/wp-admin/admin-ajax.php HTTP/1.1" 200 47
172.22.2.3 - - [25/Jul/2015:03:04:56 -0500] "POST /cumbredelclima/wp-admin/admin-ajax.php HTTP/1.1" 200 47
172.22.2.3 - - [25/Jul/2015:03:05:11 -0500] "POST /cumbredelclima/wp-admin/admin-ajax.php HTTP/1.1" 200 47
172.22.2.3 - - [25/Jul/2015:03:05:26 -0500] "POST /cumbredelclima/wp-admin/admin-ajax.php HTTP/1.1" 200 47
66.249.67.57 - - [25/Jul/2015:03:05:41 -0500] "GET /BLA/resoluciones/AUTOS%202008/0520.pdf HTTP/1.1" 304 -
66.249.67.63 - - [25/Jul/2015:03:05:42 -0500] "GET /BLA/resoluciones/RESOLUCIONES%202013/1135.pdf HTTP/1.1" 304 -
172.22.2.3 - - [25/Jul/2015:03:05:41 -0500] "POST /cumbredelclima/wp-admin/admin-ajax.php HTTP/1.1" 200 47
66.249.67.63 - - [25/Jul/2015:03:05:50 -0500] "GET /BLA/resoluciones/index.php?dir=RESOLUCIONES+2005%2FRES+2005+3151-3180%2F HTTP/1.1" 200 8263
172.22.2.3 - - [25/Jul/2015:03:05:56 -0500] "POST /cumbredelclima/wp-admin/admin-ajax.php HTTP/1.1" 200 47
66.249.67.63 - - [25/Jul/2015:03:05:58 -0500] "GET /BLA/resoluciones/RESOLUCIONES%202012/1557.pdf HTTP/1.1" 304 -
66.249.67.69 - - [25/Jul/2015:03:06:07 -0500] "GET /BLA/resoluciones/RESOLUCIONES%202010/7252.pdf HTTP/1.1" 304 -
172.22.2.3 - - [25/Jul/2015:03:06:11 -0500] "POST /cumbredelclima/wp-admin/admin-ajax.php HTTP/1.1" 200 47
201.245.192.253 - - [25/Jul/2015:03:06:14 -0500] "GET /forest/session.jsp?a=0.3562182095833766 HTTP/1.1" 200 4
66.249.67.69 - - [25/Jul/2015:03:06:15 -0500] "GET /BLA/resoluciones/AUTOS%202008/0183.pdf HTTP/1.1" 200 107726
201.245.192.253 - - [25/Jul/2015:03:06:07 -0500] "POST /wp-admin/admin-ajax.php HTTP/1.1" 200 47
66.249.67.57 - - [25/Jul/2015:03:06:23 -0500] "GET /BLA/resoluciones/AUTOS%202012/2511.pdf HTTP/1.1" 304 -
172.22.2.3 - - [25/Jul/2015:03:06:26 -0500] "POST /cumbredelclima/wp-admin/admin-ajax.php HTTP/1.1" 200 47
66.249.67.57 - - [25/Jul/2015:03:06:31 -0500] "GET /BLA/resoluciones/RESOLUCIONES%202009/7799.pdf HTTP/1.1" 200 490573
66.249.67.57 - - [25/Jul/2015:03:06:40 -0500] "GET /BLA/resoluciones/RESOLUCIONES%202013/0074%20.pdf HTTP/1.1" 304 -
172.22.2.3 - - [25/Jul/2015:03:06:42 -0500] "POST /cumbredelclima/wp-admin/admin-ajax.php HTTP/1.1" 200 47
66.249.67.69 - - [25/Jul/2015:03:06:48 -0500] "GET /BLA/resoluciones/AUTOS%202013/0817.pdf HTTP/1.1" 304 -
172.22.2.3 - - [25/Jul/2015:03:06:57 -0500] "POST /cumbredelclima/wp-admin/admin-ajax.php HTTP/1.1" 200 47
74.86.158.107 - - [25/Jul/2015:03:07:06 -0500] "HEAD / HTTP/1.1" 200 -
172.22.2.3 - - [25/Jul/2015:03:07:12 -0500] "POST /cumbredelclima/wp-admin/admin-ajax.php HTTP/1.1" 200 47
172.22.2.3 - - [25/Jul/2015:03:07:27 -0500] "POST /cumbredelclima/wp-admin/admin-ajax.php HTTP/1.1" 200 47
172.22.2.3 - - [25/Jul/2015:03:07:42 -0500] "POST /cumbredelclima/wp-admin/admin-ajax.php HTTP/1.1" 200 47
201.245.192.253 - - [25/Jul/2015:03:07:42 -0500] "GET /forest/session.jsp?a=0.1682137965107674 HTTP/1.1" 200 4
172.22.2.3 - - [25/Jul/2015:03:07:57 -0500] "POST /cumbredelclima/wp-admin/admin-ajax.php HTTP/1.1" 200 47
181.55.152.52 - - [25/Jul/2015:03:08:06 -0500] "GET /BLA/resoluciones/RESOLUCIONES%202010/3986.pdf HTTP/1.1" 200 506409
172.22.2.3 - - [25/Jul/2015:03:08:12 -0500] "POST /cumbredelclima/wp-admin/admin-ajax.php HTTP/1.1" 200 47
201.245.192.253 - - [25/Jul/2015:03:08:08 -0500] "POST /wp-admin/admin-ajax.php HTTP/1.1" 200 47
172.22.2.3 - - [25/Jul/2015:03:08:27 -0500] "POST /cumbredelclima/wp-admin/admin-ajax.php HTTP/1.1" 200 47
172.22.2.3 - - [25/Jul/2015:03:08:42 -0500] "POST /cumbredelclima/wp-admin/admin-ajax.php HTTP/1.1" 200 47
172.22.2.3 - - [25/Jul/2015:03:08:57 -0500] "POST /cumbredelclima/wp-admin/admin-ajax.php HTTP/1.1" 200 47
66.249.67.92 - - [25/Jul/2015:03:08:57 -0500] "GET /wp-content/uploads/2015/07/SITIOS-TURISTICOS3.jpg HTTP/1.1" 304 -
172.22.2.3 - - [25/Jul/2015:03:09:12 -0500] "POST /cumbredelclima/wp-admin/admin-ajax.php HTTP/1.1" 200 47
172.22.2.3 - - [25/Jul/2015:03:09:27 -0500] "POST /cumbredelclima/wp-admin/admin-ajax.php HTTP/1.1" 200 47
172.22.2.3 - - [25/Jul/2015:03:09:42 -0500] "POST /cumbredelclima/wp-admin/admin-ajax.php HTTP/1.1" 200 47
66.249.67.63 - - [25/Jul/2015:03:09:49 -0500] "GET /BLA/resoluciones/RESOLUCIONES%202009/8726.pdf HTTP/1.1" 200 1276483
66.249.67.57 - - [25/Jul/2015:03:09:52 -0500] "GET /BLA/boletinlegal/Directivas/2011/Directiva%20No.%2011%20del%2027%20de%20Diciembre%20de%202011.pdf HTTP/1.1" 200 303527
172.22.2.3 - - [25/Jul/2015:03:09:57 -0500] "POST /cumbredelclima/wp-admin/admin-ajax.php HTTP/1.1" 200 47
172.22.2.3 - - [25/Jul/2015:03:10:12 -0500] "POST /cumbredelclima/wp-admin/admin-ajax.php HTTP/1.1" 200 47
66.249.67.63 - - [25/Jul/2015:03:10:17 -0500] "GET /BLA/resoluciones/RESOLUCIONES%202009/0226.pdf HTTP/1.1" 200 288385
201.245.192.253 - - [25/Jul/2015:03:10:07 -0500] "POST /wp-admin/admin-ajax.php HTTP/1.1" 200 47
172.22.2.3 - - [25/Jul/2015:03:10:27 -0500] "POST /cumbredelclima/wp-admin/admin-ajax.php HTTP/1.1" 200 47
172.22.2.3 - - [25/Jul/2015:03:10:42 -0500] "POST /cumbredelclima/wp-admin/admin-ajax.php HTTP/1.1" 200 47
66.249.67.69 - - [25/Jul/2015:03:10:42 -0500] "GET /BLA/resoluciones/RESOLUCIONES%202008/5432.pdf HTTP/1.1" 200 265113
172.22.2.3 - - [25/Jul/2015:03:10:57 -0500] "POST /cumbredelclima/wp-admin/admin-ajax.php HTTP/1.1" 200 47
172.22.2.3 - - [25/Jul/2015:03:11:12 -0500] "POST /cumbredelclima/wp-admin/admin-ajax.php HTTP/1.1" 200 47
201.245.192.253 - - [25/Jul/2015:03:11:14 -0500] "GET /forest/session.jsp?a=0.04585984522317088 HTTP/1.1" 200 4
172.22.2.3 - - [25/Jul/2015:03:11:27 -0500] "POST /cumbredelclima/wp-admin/admin-ajax.php HTTP/1.1" 200 47
172.22.2.3 - - [25/Jul/2015:03:11:42 -0500] "POST /cumbredelclima/wp-admin/admin-ajax.php HTTP/1.1" 200 47
172.22.2.3 - - [25/Jul/2015:03:11:57 -0500] "POST /cumbredelclima/wp-admin/admin-ajax.php HTTP/1.1" 200 47
74.86.158.107 - - [25/Jul/2015:03:12:06 -0500] "HEAD / HTTP/1.1" 200 -
172.22.2.3 - - [25/Jul/2015:03:12:12 -0500] "POST /cumbredelclima/wp-admin/admin-ajax.php HTTP/1.1" 200 47
201.245.192.253 - - [25/Jul/2015:03:12:07 -0500] "POST /wp-admin/admin-ajax.php HTTP/1.1" 200 47
172.22.2.3 - - [25/Jul/2015:03:12:27 -0500] "POST /cumbredelclima/wp-admin/admin-ajax.php HTTP/1.1" 200 47
172.22.2.3 - - [25/Jul/2015:03:12:42 -0500] "POST /cumbredelclima/wp-admin/admin-ajax.php HTTP/1.1" 200 47
