201.245.227.57 - - [25/Jul/2015:08:34:12 -0500] "GET /galeria/nivo-slider/demo/images/4Simple_Slider.png HTTP/1.1" 200 11722
201.245.227.57 - - [25/Jul/2015:08:34:12 -0500] "GET /galeria/nivo-slider/themes/default/loading.gif HTTP/1.1" 200 1737
201.245.227.57 - - [25/Jul/2015:08:34:12 -0500] "GET /galeria/nivo-slider/demo/images/Comparendo-ambiental-Banner.jpg HTTP/1.1" 200 83731
201.245.227.57 - - [25/Jul/2015:08:34:12 -0500] "GET /galeria/nivo-slider/demo/images/GAE-banner.jpg HTTP/1.1" 200 97556
201.245.227.57 - - [25/Jul/2015:08:34:12 -0500] "GET /galeria/nivo-slider/demo/images/Banner-encuesta-de-percepscio.jpg HTTP/1.1" 200 201899
201.245.227.57 - - [25/Jul/2015:08:34:12 -0500] "GET /galeria/nivo-slider/demo/images/banner-Pacto-por-la-madera.jpg HTTP/1.1" 200 209966
201.245.227.57 - - [25/Jul/2015:08:34:12 -0500] "GET /galeria/nivo-slider/demo/images/acuerdo_569.jpg HTTP/1.1" 200 62670
201.245.227.57 - - [25/Jul/2015:08:34:13 -0500] "GET /galeria/nivo-slider/demo/images/Licitaciones-proyecto-paramo.jpg HTTP/1.1" 200 221877
201.245.227.57 - - [25/Jul/2015:08:34:13 -0500] "GET /galeria/nivo-slider/demo/images/Banner-decreto1299.jpg HTTP/1.1" 200 182613
201.245.227.57 - - [25/Jul/2015:08:34:13 -0500] "GET /galeria/nivo-slider/demo/images/Banner-Directorio.jpg HTTP/1.1" 200 182068
201.245.227.57 - - [25/Jul/2015:08:34:13 -0500] "GET /galeria/nivo-slider/demo/images/Ruta-vertimientos-01.jpg HTTP/1.1" 200 130151
201.245.227.57 - - [25/Jul/2015:08:34:13 -0500] "GET /galeria/nivo-slider/demo/images/bolsas-06.jpg HTTP/1.1" 200 90982
201.245.227.57 - - [25/Jul/2015:08:34:13 -0500] "GET /galeria/nivo-slider/demo/images/Conoce-los-humedales.jpg HTTP/1.1" 200 294036
201.245.227.57 - - [25/Jul/2015:08:34:13 -0500] "GET /galeria/nivo-slider/demo/images/ecolecta-Dic2014.png HTTP/1.1" 200 288593
201.245.227.57 - - [25/Jul/2015:08:34:13 -0500] "GET /galeria/nivo-slider/demo/images/Banner-Caracol-Africano.jpg HTTP/1.1" 200 331986
201.245.227.57 - - [25/Jul/2015:08:34:14 -0500] "GET /galeria/nivo-slider/themes/default/arrows.png HTTP/1.1" 200 824
201.245.227.57 - - [25/Jul/2015:08:34:14 -0500] "GET /galeria/nivo-slider/themes/default/bullets.png HTTP/1.1" 200 1281
172.22.2.3 - - [25/Jul/2015:08:34:20 -0500] "POST /cumbredelclima/wp-admin/admin-ajax.php HTTP/1.1" 200 23
201.245.192.253 - - [25/Jul/2015:08:34:08 -0500] "POST /wp-admin/admin-ajax.php HTTP/1.1" 200 23
172.22.2.3 - - [25/Jul/2015:08:34:35 -0500] "POST /cumbredelclima/wp-admin/admin-ajax.php HTTP/1.1" 200 23
172.22.2.3 - - [25/Jul/2015:08:34:50 -0500] "POST /cumbredelclima/wp-admin/admin-ajax.php HTTP/1.1" 200 23
186.28.134.97 - - [25/Jul/2015:08:34:58 -0500] "GET /BLA/resoluciones/RESOLUCIONES%202010/6777.pdf HTTP/1.1" 200 223779
186.28.134.97 - - [25/Jul/2015:08:34:59 -0500] "GET /favicon.ico HTTP/1.1" 200 7782
172.22.2.3 - - [25/Jul/2015:08:35:05 -0500] "POST /cumbredelclima/wp-admin/admin-ajax.php HTTP/1.1" 200 23
190.255.40.77 - - [25/Jul/2015:08:35:17 -0500] "GET /galeria/galeria/jquery.fancybox.css?v=2.1.5 HTTP/1.1" 200 4895
190.255.40.77 - - [25/Jul/2015:08:35:17 -0500] "GET /BLA/boletinlegal/js/jquery.scrollShow.js HTTP/1.1" 200 4586
190.255.40.77 - - [25/Jul/2015:08:35:17 -0500] "GET /galeria/galeria/jquery.fancybox.js?v=2.1.5 HTTP/1.1" 200 48706
172.22.2.3 - - [25/Jul/2015:08:35:20 -0500] "POST /cumbredelclima/wp-admin/admin-ajax.php HTTP/1.1" 200 23
190.255.40.77 - - [25/Jul/2015:08:35:22 -0500] "GET /BLA/boletinlegal/js/jquery.scrollShow.js HTTP/1.1" 304 -
190.255.40.77 - - [25/Jul/2015:08:35:22 -0500] "GET /galeria/galeria/jquery.fancybox.js?v=2.1.5 HTTP/1.1" 304 -
190.255.40.77 - - [25/Jul/2015:08:35:22 -0500] "GET /galeria/galeria/jquery.fancybox.css?v=2.1.5 HTTP/1.1" 304 -
181.65.95.168 - - [25/Jul/2015:08:35:24 -0500] "GET /galeria/galeria/jquery.fancybox.css?v=2.1.5 HTTP/1.1" 200 4895
181.65.95.168 - - [25/Jul/2015:08:35:24 -0500] "GET /BLA/boletinlegal/js/jquery.scrollShow.js HTTP/1.1" 200 4586
181.65.95.168 - - [25/Jul/2015:08:35:24 -0500] "GET /galeria/galeria/jquery.fancybox.js?v=2.1.5 HTTP/1.1" 200 48706
66.249.64.101 - - [25/Jul/2015:08:35:29 -0500] "GET /BLA/resoluciones/Notificaciones/AUTOS%202014/6661.doc HTTP/1.1" 200 156672
177.252.134.163 - - [25/Jul/2015:08:35:34 -0500] "GET /galeria/galeria/jquery.fancybox.css?v=2.1.5 HTTP/1.1" 200 4895
177.252.134.163 - - [25/Jul/2015:08:35:34 -0500] "GET /BLA/boletinlegal/js/jquery.scrollShow.js HTTP/1.1" 200 4586
177.252.134.163 - - [25/Jul/2015:08:35:34 -0500] "GET /galeria/galeria/jquery.fancybox.js?v=2.1.5 HTTP/1.1" 200 48706
172.22.2.3 - - [25/Jul/2015:08:35:35 -0500] "POST /cumbredelclima/wp-admin/admin-ajax.php HTTP/1.1" 200 23
181.65.95.168 - - [25/Jul/2015:08:35:43 -0500] "GET /BLA/boletinlegal/js/jquery.scrollShow.js HTTP/1.1" 304 -
181.65.95.168 - - [25/Jul/2015:08:35:43 -0500] "GET /galeria/galeria/jquery.fancybox.css?v=2.1.5 HTTP/1.1" 304 -
181.65.95.168 - - [25/Jul/2015:08:35:43 -0500] "GET /galeria/galeria/jquery.fancybox.js?v=2.1.5 HTTP/1.1" 304 -
172.22.2.3 - - [25/Jul/2015:08:35:50 -0500] "POST /cumbredelclima/wp-admin/admin-ajax.php HTTP/1.1" 200 23
74.86.158.107 - - [25/Jul/2015:08:35:54 -0500] "HEAD / HTTP/1.1" 200 -
177.252.134.163 - - [25/Jul/2015:08:35:57 -0500] "GET /galeria/galeria/jquery.fancybox.css?v=2.1.5 HTTP/1.1" 304 -
177.252.134.163 - - [25/Jul/2015:08:35:57 -0500] "GET /BLA/boletinlegal/js/jquery.scrollShow.js HTTP/1.1" 304 -
177.252.134.163 - - [25/Jul/2015:08:35:57 -0500] "GET /galeria/galeria/jquery.fancybox.js?v=2.1.5 HTTP/1.1" 304 -
172.22.2.3 - - [25/Jul/2015:08:36:05 -0500] "POST /cumbredelclima/wp-admin/admin-ajax.php HTTP/1.1" 200 23
201.245.192.253 - - [25/Jul/2015:08:36:20 -0500] "GET /forest/session.jsp?a=0.19788106811899853 HTTP/1.1" 200 4
172.22.2.3 - - [25/Jul/2015:08:36:20 -0500] "POST /cumbredelclima/wp-admin/admin-ajax.php HTTP/1.1" 200 23
201.245.192.253 - - [25/Jul/2015:08:36:08 -0500] "POST /wp-admin/admin-ajax.php HTTP/1.1" 200 23
186.31.153.229 - - [25/Jul/2015:08:36:33 -0500] "GET / HTTP/1.1" 200 123256
172.22.2.3 - - [25/Jul/2015:08:36:35 -0500] "POST /cumbredelclima/wp-admin/admin-ajax.php HTTP/1.1" 200 23
186.31.153.229 - - [25/Jul/2015:08:36:36 -0500] "GET /wp-includes/js/wp-emoji-release.min.js?ver=4.2.2 HTTP/1.1" 200 14596
186.31.153.229 - - [25/Jul/2015:08:36:36 -0500] "GET /wp-content/plugins/contact-form-7/includes/css/styles.css?ver=4.1.2 HTTP/1.1" 200 1103
186.31.153.229 - - [25/Jul/2015:08:36:36 -0500] "GET /wp-content/plugins/content-views-query-and-display-post-page/public/assets/css/public.css?ver=1.6.3.1 HTTP/1.1" 200 5199
186.31.153.229 - - [25/Jul/2015:08:36:36 -0500] "GET /wp-content/plugins/gallery-video/style/style2-os.css?ver=4.2.2 HTTP/1.1" 200 1814
186.31.153.229 - - [25/Jul/2015:08:36:36 -0500] "GET /wp-content/plugins/content-views-query-and-display-post-page/assets/bootstrap/css/bootstrap.min.css?ver=3.3.0 HTTP/1.1" 200 50487
186.31.153.229 - - [25/Jul/2015:08:36:36 -0500] "GET /wp-content/plugins/gallery-video/style/lightbox.css?ver=4.2.2 HTTP/1.1" 200 2821
186.31.153.229 - - [25/Jul/2015:08:36:36 -0500] "GET /wp-content/plugins/gallery-video/style/videogallery-all.css?ver=4.2.2 HTTP/1.1" 200 -
186.31.153.229 - - [25/Jul/2015:08:36:36 -0500] "GET /wp-content/plugins/gallery-video/style/css/font-awesome.css?ver=4.2.2 HTTP/1.1" 200 31213
186.31.153.229 - - [25/Jul/2015:08:36:36 -0500] "GET /wp-content/plugins/revslider/rs-plugin/css/settings.css?rev=4.6.0&ver=4.2.2 HTTP/1.1" 200 52798
186.31.153.229 - - [25/Jul/2015:08:36:36 -0500] "GET /wp-content/plugins/wp_logooos_plugin/css/logos.css?ver=4.2.2 HTTP/1.1" 200 13034
186.31.153.229 - - [25/Jul/2015:08:36:36 -0500] "GET /wp-content/themes/patti/css/prettyPhoto.css?ver=4.2.2 HTTP/1.1" 200 20154
186.31.153.229 - - [25/Jul/2015:08:36:36 -0500] "GET /wp-content/themes/patti/style.css?ver=4.2.2 HTTP/1.1" 200 88327
186.31.153.229 - - [25/Jul/2015:08:36:36 -0500] "GET /wp-content/themes/patti/css/superfish.css?ver=4.2.2 HTTP/1.1" 200 1153
186.31.153.229 - - [25/Jul/2015:08:36:36 -0500] "GET /wp-content/themes/patti/framework/fonts/font-awesome/css/font-awesome.css?ver=4.2.2 HTTP/1.1" 200 21954
186.31.153.229 - - [25/Jul/2015:08:36:37 -0500] "GET /wp-content/themes/patti/css/audioplayer.css?ver=4.2.2 HTTP/1.1" 200 8884
186.31.153.229 - - [25/Jul/2015:08:36:37 -0500] "GET /wp-content/themes/patti/css/owl.carousel.css?ver=4.2.2 HTTP/1.1" 200 5931
186.31.153.229 - - [25/Jul/2015:08:36:38 -0500] "GET /wp-content/uploads/2015/06/parallax_bg01.png HTTP/1.1" 200 24560
186.31.153.229 - - [25/Jul/2015:08:36:38 -0500] "GET /wp-content/themes/patti/css/extend-composer.css?ver=4.2.2 HTTP/1.1" 200 22872
186.31.153.229 - - [25/Jul/2015:08:36:38 -0500] "GET /wp-content/plugins/js_composer/assets/css/js_composer.css?ver=4.3.4 HTTP/1.1" 200 82454
186.31.153.229 - - [25/Jul/2015:08:36:38 -0500] "GET /wp-content/themes/patti/css/responsive.css?ver=4.2.2 HTTP/1.1" 200 12294
186.31.153.229 - - [25/Jul/2015:08:36:38 -0500] "GET /wp-content/uploads/js_composer/custom.css?ver=4.3.4 HTTP/1.1" 200 -
186.31.153.229 - - [25/Jul/2015:08:36:38 -0500] "GET /wp-content/plugins/easy-logo-slider/css/jcarouselresponsive.css?ver=4.2.2 HTTP/1.1" 200 2010
186.31.153.229 - - [25/Jul/2015:08:36:38 -0500] "GET /wp-content/plugins/easy-logo-slider/css/style-admin.css?ver=4.2.2 HTTP/1.1" 200 5249
186.31.153.229 - - [25/Jul/2015:08:36:39 -0500] "GET /wp-content/plugins/js_composer/assets/lib/nivoslider/nivo-slider.css?ver=4.3.4 HTTP/1.1" 200 2058
186.31.153.229 - - [25/Jul/2015:08:36:39 -0500] "GET /wp-content/plugins/gallery-video/style/colorbox-1.css HTTP/1.1" 200 3610
186.31.153.229 - - [25/Jul/2015:08:36:39 -0500] "GET /wp-content/plugins/js_composer/assets/lib/nivoslider/themes/default/default.css?ver=4.3.4 HTTP/1.1" 200 2111
186.31.153.229 - - [25/Jul/2015:08:36:39 -0500] "GET /wp-content/plugins/js_composer/assets/lib/prettyphoto/css/prettyPhoto.css?ver=4.3.4 HTTP/1.1" 200 19888
186.31.153.229 - - [25/Jul/2015:08:36:39 -0500] "GET /wp-includes/js/jquery/jquery.js?ver=1.11.2 HTTP/1.1" 200 95952
186.31.153.229 - - [25/Jul/2015:08:36:39 -0500] "GET /wp-includes/js/jquery/jquery-migrate.min.js?ver=1.2.1 HTTP/1.1" 200 7199
186.31.153.229 - - [25/Jul/2015:08:36:39 -0500] "GET /wp-content/plugins/gallery-video/js/video_gallery-all.js?ver=4.2.2 HTTP/1.1" 200 1895
186.31.153.229 - - [25/Jul/2015:08:36:39 -0500] "GET /wp-content/plugins/revslider/rs-plugin/js/jquery.themepunch.tools.min.js?rev=4.6.0&ver=4.2.2 HTTP/1.1" 200 94880
186.31.153.229 - - [25/Jul/2015:08:36:39 -0500] "GET /wp-content/plugins/revslider/rs-plugin/js/jquery.themepunch.revolution.min.js?rev=4.6.0&ver=4.2.2 HTTP/1.1" 200 111127
186.31.153.229 - - [25/Jul/2015:08:36:39 -0500] "GET /wp-content/themes/patti/js/jquery.queryloader2.js?ver=1.0 HTTP/1.1" 200 36527
186.31.153.229 - - [25/Jul/2015:08:36:40 -0500] "GET /wp-content/themes/patti/js/custom/custom-loader.js?ver=1.0 HTTP/1.1" 200 839
186.31.153.229 - - [25/Jul/2015:08:36:40 -0500] "GET /wp-content/themes/patti/js/scripts-top.js?ver=4.2.2 HTTP/1.1" 200 30885
186.31.153.229 - - [25/Jul/2015:08:36:41 -0500] "GET /wp-content/themes/patti/js/jquery.nav.js?ver=2.2.0 HTTP/1.1" 200 2827
186.31.153.229 - - [25/Jul/2015:08:36:41 -0500] "GET /wp-content/themes/patti/js/custom/custom-responsive-nav.js?ver=4.2.2 HTTP/1.1" 200 1676
186.31.153.229 - - [25/Jul/2015:08:36:43 -0500] "GET /wp-content/themes/patti/js/custom/custom-navscroll.js?ver=1.0 HTTP/1.1" 200 3051
186.31.153.229 - - [25/Jul/2015:08:36:43 -0500] "GET /wp-content/plugins/easy-logo-slider/js/jquery.jcarousel.min.js?ver=4.2.2 HTTP/1.1" 200 17494
186.31.153.229 - - [25/Jul/2015:08:36:43 -0500] "GET /wp-content/plugins/easy-logo-slider/js/jcarousel.responsive.js?ver=4.2.2 HTTP/1.1" 200 2331
186.31.153.229 - - [25/Jul/2015:08:36:43 -0500] "GET /wp-content/plugins/gallery-video/js/jquery.colorbox.js HTTP/1.1" 200 29816
186.31.153.229 - - [25/Jul/2015:08:36:43 -0500] "GET /wp-content/plugins/contact-form-7/includes/js/jquery.form.min.js?ver=3.51.0-2014.06.20 HTTP/1.1" 200 15248
186.31.153.229 - - [25/Jul/2015:08:36:43 -0500] "GET /wp-content/plugins/contact-form-7/includes/js/scripts.js?ver=4.1.2 HTTP/1.1" 200 11192
186.31.153.229 - - [25/Jul/2015:08:36:43 -0500] "GET /wp-content/plugins/wp_logooos_plugin/js/helper-plugins/jquery.touchSwipe.min.js HTTP/1.1" 200 4325
186.31.153.229 - - [25/Jul/2015:08:36:43 -0500] "GET /wp-content/plugins/gallery-video/js/jquery.hugeitmicro.min.js HTTP/1.1" 200 16137
186.31.153.229 - - [25/Jul/2015:08:36:43 -0500] "GET /wp-content/plugins/gallery-video/Front_end/js/youtube.lib.js HTTP/1.1" 200 717
186.31.153.229 - - [25/Jul/2015:08:36:43 -0500] "GET /wp-content/plugins/wp_logooos_plugin/js/logos.js HTTP/1.1" 200 30152
186.31.153.229 - - [25/Jul/2015:08:36:43 -0500] "GET /wp-content/plugins/wp_logooos_plugin/js/jquery.carouFredSel-6.2.1.js HTTP/1.1" 200 91090
186.31.153.229 - - [25/Jul/2015:08:36:43 -0500] "GET /wp-content/plugins/content-views-query-and-display-post-page/assets/bootstrap/js/bootstrap.min.js?ver=3.3.0 HTTP/1.1" 200 29165
186.31.153.229 - - [25/Jul/2015:08:36:43 -0500] "GET /wp-content/plugins/content-views-query-and-display-post-page/assets/bootstrap-paginator/bootstrap-paginator.min.js?ver=0.5 HTTP/1.1" 200 8777
186.31.153.229 - - [25/Jul/2015:08:36:43 -0500] "GET /wp-content/plugins/content-views-query-and-display-post-page/public/assets/js/public.js?ver=1.6.3.1 HTTP/1.1" 200 6156
186.31.153.229 - - [25/Jul/2015:08:36:43 -0500] "GET /wp-content/themes/patti/js/jquery.lazyload.js?ver=1.9.3 HTTP/1.1" 200 4451
186.31.153.229 - - [25/Jul/2015:08:36:44 -0500] "GET /wp-content/themes/patti/js/hoverIntent.js?ver=r7 HTTP/1.1" 200 1116
186.31.153.229 - - [25/Jul/2015:08:36:44 -0500] "GET /wp-content/themes/patti/js/scripts-bottom.js?ver=4.2.2 HTTP/1.1" 200 28292
186.31.153.229 - - [25/Jul/2015:08:36:44 -0500] "GET /wp-content/themes/patti/js/jquery.isotope.min.js?ver=1.0 HTTP/1.1" 200 16033
186.31.153.229 - - [25/Jul/2015:08:36:44 -0500] "GET /wp-content/themes/patti/js/custom/custom-isotope-portfolio.js?ver=1.0 HTTP/1.1" 200 5591
186.31.153.229 - - [25/Jul/2015:08:36:44 -0500] "GET /wp-content/themes/patti/js/custom/custom-isotope-blog.js?ver=1.0 HTTP/1.1" 200 3289
186.31.153.229 - - [25/Jul/2015:08:36:44 -0500] "GET /wp-content/themes/patti/js/custom/custom-nav.js?ver=1.0 HTTP/1.1" 200 1940
186.31.153.229 - - [25/Jul/2015:08:36:44 -0500] "GET /wp-content/themes/patti/js/retina.min.js?ver=4.2.2 HTTP/1.1" 200 2993
186.31.153.229 - - [25/Jul/2015:08:36:44 -0500] "GET /wp-includes/js/comment-reply.min.js?ver=4.2.2 HTTP/1.1" 200 757
186.31.153.229 - - [25/Jul/2015:08:36:44 -0500] "GET /wp-content/themes/patti/js/custom/custom-social.js?ver=4.2.2 HTTP/1.1" 200 1789
186.31.153.229 - - [25/Jul/2015:08:36:44 -0500] "GET /wp-content/themes/patti/js/custom/custom.js?ver=1.0 HTTP/1.1" 200 13920
186.31.153.229 - - [25/Jul/2015:08:36:44 -0500] "GET /wp-content/plugins/js_composer/assets/js/js_composer_front.js?ver=4.3.4 HTTP/1.1" 200 23901
186.31.153.229 - - [25/Jul/2015:08:36:45 -0500] "GET /wp-includes/js/jquery/ui/core.min.js?ver=1.11.4 HTTP/1.1" 200 3997
186.31.153.229 - - [25/Jul/2015:08:36:45 -0500] "GET /wp-includes/js/jquery/ui/widget.min.js?ver=1.11.4 HTTP/1.1" 200 6908
186.31.153.229 - - [25/Jul/2015:08:36:45 -0500] "GET /wp-content/themes/patti/js/custom/custom-parallax.js?ver=1.0 HTTP/1.1" 200 702
186.31.153.229 - - [25/Jul/2015:08:36:45 -0500] "GET /wp-includes/js/jquery/ui/tabs.min.js?ver=1.11.4 HTTP/1.1" 200 12110
186.31.153.229 - - [25/Jul/2015:08:36:45 -0500] "GET /wp-content/plugins/js_composer/assets/lib/jquery-ui-tabs-rotate/jquery-ui-tabs-rotate.js?ver=4.3.4 HTTP/1.1" 200 1784
186.31.153.229 - - [25/Jul/2015:08:36:45 -0500] "GET /wp-content/plugins/js_composer/assets/lib/nivoslider/jquery.nivo.slider.pack.js?ver=4.3.4 HTTP/1.1" 200 12201
186.31.153.229 - - [25/Jul/2015:08:36:45 -0500] "GET /wp-content/plugins/js_composer/assets/lib/prettyphoto/js/jquery.prettyPhoto.js?ver=4.3.4 HTTP/1.1" 200 22060
186.31.153.229 - - [25/Jul/2015:08:36:45 -0500] "GET /wp-content/uploads/2015/06/Untitled-1.png HTTP/1.1" 200 7975
186.31.153.229 - - [25/Jul/2015:08:36:45 -0500] "GET /wp-content/themes/patti/framework/fonts/font-awesome/fontawesome-webfont.woff?v=4.2.0 HTTP/1.1" 200 65452
186.31.153.229 - - [25/Jul/2015:08:36:45 -0500] "GET /wp-content/uploads/2015/07/UNO.png HTTP/1.1" 200 79436
186.31.153.229 - - [25/Jul/2015:08:36:45 -0500] "GET /wp-content/uploads/2015/07/cuadro-azulconverde.png HTTP/1.1" 200 10578
186.31.153.229 - - [25/Jul/2015:08:36:45 -0500] "GET /wp-content/plugins/revslider/images/transparent.png HTTP/1.1" 200 191
186.31.153.229 - - [25/Jul/2015:08:36:45 -0500] "GET /wp-content/uploads/2015/07/CUARTO.png HTTP/1.1" 200 107548
186.31.153.229 - - [25/Jul/2015:08:36:46 -0500] "GET /wp-content/uploads/2015/07/textoinvita.png HTTP/1.1" 200 21517
186.31.153.229 - - [25/Jul/2015:08:36:46 -0500] "GET /wp-content/uploads/2015/07/photo-alcanlde_11.jpg HTTP/1.1" 200 189283
172.22.2.3 - - [25/Jul/2015:08:36:50 -0500] "POST /cumbredelclima/wp-admin/admin-ajax.php HTTP/1.1" 200 23
172.22.2.3 - - [25/Jul/2015:08:37:05 -0500] "POST /cumbredelclima/wp-admin/admin-ajax.php HTTP/1.1" 200 23
190.24.9.58 - - [25/Jul/2015:08:37:06 -0500] "GET /galeria/nivo-slider/demo/images/Rendicion-de-cuentas.jpg HTTP/1.1" 304 -
190.24.9.58 - - [25/Jul/2015:08:37:07 -0500] "GET /galeria/nivo-slider/demo/images/Banner-Caracol-Africano.jpg HTTP/1.1" 304 -
190.252.56.13 - - [25/Jul/2015:08:37:17 -0500] "GET /galeria/galeria/jquery.fancybox.css?v=2.1.5 HTTP/1.1" 200 4895
190.252.56.13 - - [25/Jul/2015:08:37:17 -0500] "GET /BLA/boletinlegal/js/jquery.scrollShow.js HTTP/1.1" 200 4586
190.252.56.13 - - [25/Jul/2015:08:37:17 -0500] "GET /galeria/galeria/jquery.fancybox.js?v=2.1.5 HTTP/1.1" 200 48706
172.22.2.3 - - [25/Jul/2015:08:37:20 -0500] "POST /cumbredelclima/wp-admin/admin-ajax.php HTTP/1.1" 200 23
172.22.2.3 - - [25/Jul/2015:08:37:35 -0500] "POST /cumbredelclima/wp-admin/admin-ajax.php HTTP/1.1" 200 23
201.245.192.253 - - [25/Jul/2015:08:37:47 -0500] "GET /forest/session.jsp?a=0.03968617742207181 HTTP/1.1" 200 4
172.22.2.3 - - [25/Jul/2015:08:37:50 -0500] "POST /cumbredelclima/wp-admin/admin-ajax.php HTTP/1.1" 200 23
172.22.2.3 - - [25/Jul/2015:08:38:05 -0500] "POST /cumbredelclima/wp-admin/admin-ajax.php HTTP/1.1" 200 23
172.22.2.3 - - [25/Jul/2015:08:38:20 -0500] "POST /cumbredelclima/wp-admin/admin-ajax.php HTTP/1.1" 200 23
201.245.192.253 - - [25/Jul/2015:08:38:08 -0500] "POST /wp-admin/admin-ajax.php HTTP/1.1" 200 23
172.22.2.3 - - [25/Jul/2015:08:38:35 -0500] "POST /cumbredelclima/wp-admin/admin-ajax.php HTTP/1.1" 200 23
190.157.172.223 - - [25/Jul/2015:08:38:40 -0500] "GET /forest/buscar.do? HTTP/1.1" 200 12823
190.157.172.223 - - [25/Jul/2015:08:38:42 -0500] "GET /forest/skins/gdocs-jar/css/forest.css?version=1503.161801 HTTP/1.1" 304 -
190.157.172.223 - - [25/Jul/2015:08:38:42 -0500] "GET /forest/skins/gdocs-jar/css/menu.css?version=1503.161801 HTTP/1.1" 304 -
190.157.172.223 - - [25/Jul/2015:08:38:42 -0500] "GET /forest/skins/gdocs-jar/css/autocomplete.css?version=1503.161801 HTTP/1.1" 304 -
190.157.172.223 - - [25/Jul/2015:08:38:42 -0500] "GET /forest/css/escritorio.css?version=1503.161801 HTTP/1.1" 304 -
190.157.172.223 - - [25/Jul/2015:08:38:42 -0500] "GET /forest/css/index.css?version=1503.161801 HTTP/1.1" 304 -
190.157.172.223 - - [25/Jul/2015:08:38:43 -0500] "GET /forest/1ibre/jscalendar/calendar-win2k-1.css?version=1503.161801 HTTP/1.1" 304 -
190.157.172.223 - - [25/Jul/2015:08:38:44 -0500] "GET /forest/skins/gdocs-jar/css/dialog.css?version=1503.161801 HTTP/1.1" 304 -
190.157.172.223 - - [25/Jul/2015:08:38:44 -0500] "GET /forest/skins/gdocs-jar/css/forms.css?version=1503.161801 HTTP/1.1" 304 -
190.157.172.223 - - [25/Jul/2015:08:38:44 -0500] "GET /forest/js/json3.js HTTP/1.1" 304 -
181.54.80.44 - - [25/Jul/2015:08:38:46 -0500] "GET /BLA/boletinlegal/js/jquery.scrollShow.js HTTP/1.1" 200 4586
181.54.80.44 - - [25/Jul/2015:08:38:46 -0500] "GET /galeria/galeria/jquery.fancybox.css?v=2.1.5 HTTP/1.1" 200 4895
181.54.80.44 - - [25/Jul/2015:08:38:46 -0500] "GET /galeria/galeria/jquery.fancybox.js?v=2.1.5 HTTP/1.1" 200 48706
190.157.172.223 - - [25/Jul/2015:08:38:46 -0500] "GET /forest/img/loading.gif HTTP/1.1" 304 -
190.157.172.223 - - [25/Jul/2015:08:38:47 -0500] "GET /forest/img/spacer.gif HTTP/1.1" 304 -
190.157.172.223 - - [25/Jul/2015:08:38:48 -0500] "GET /forest/img/panel/view_icon.gif HTTP/1.1" 304 -
190.157.172.223 - - [25/Jul/2015:08:38:48 -0500] "GET /forest/img/inicio/1.gif HTTP/1.1" 304 -
190.157.172.223 - - [25/Jul/2015:08:38:44 -0500] "GET /forest/jsoptimized/combinados/js/gdocsall-1503.161801.js HTTP/1.1" 200 508811
172.22.2.3 - - [25/Jul/2015:08:38:50 -0500] "POST /cumbredelclima/wp-admin/admin-ajax.php HTTP/1.1" 200 23
190.157.172.223 - - [25/Jul/2015:08:38:51 -0500] "GET /forest/img/inicio/2.gif HTTP/1.1" 304 -
190.157.172.223 - - [25/Jul/2015:08:38:53 -0500] "GET /forest/img/inicio/3.gif HTTP/1.1" 304 -
190.157.172.223 - - [25/Jul/2015:08:38:53 -0500] "GET /forest/img/inicio/4.gif HTTP/1.1" 304 -
190.157.172.223 - - [25/Jul/2015:08:38:53 -0500] "GET /forest/img/inicio/5.gif HTTP/1.1" 304 -
191.95.253.140 - - [25/Jul/2015:08:38:53 -0500] "GET /BLA/resoluciones/RESOLUCIONES%202007/RES%202007%203301%20AL%203400/RESOLUCION%203368%20DE%202007.pdf HTTP/1.1" 200 1103500
190.157.172.223 - - [25/Jul/2015:08:38:54 -0500] "GET /forest/img/inicio/6.gif HTTP/1.1" 304 -
190.157.172.223 - - [25/Jul/2015:08:38:54 -0500] "GET /forest/img/inicio/7.gif HTTP/1.1" 304 -
200.58.196.90 - - [25/Jul/2015:08:38:57 -0500] "GET /Residuos/maderas/images/page64.swf HTTP/1.1" 200 58152
200.58.196.90 - - [25/Jul/2015:08:38:58 -0500] "GET /Residuos/maderas/images/page65.swf HTTP/1.1" 200 39979
200.58.196.90 - - [25/Jul/2015:08:38:58 -0500] "GET /Residuos/maderas/files/search/search64.xml HTTP/1.1" 200 5602
200.58.196.90 - - [25/Jul/2015:08:38:58 -0500] "GET /Residuos/maderas/images/page66.swf HTTP/1.1" 200 59614
200.58.196.90 - - [25/Jul/2015:08:38:58 -0500] "GET /Residuos/maderas/files/search/search66.xml HTTP/1.1" 200 13893
200.58.196.90 - - [25/Jul/2015:08:38:58 -0500] "GET /Residuos/maderas/images/page67.swf HTTP/1.1" 200 30131
190.157.172.223 - - [25/Jul/2015:08:38:59 -0500] "GET /forest/img/base/bsc2_r1_c1.gif HTTP/1.1" 304 -
190.157.172.223 - - [25/Jul/2015:08:38:59 -0500] "GET /forest/img/base/bsc2_r1_c2.gif HTTP/1.1" 304 -
190.157.172.223 - - [25/Jul/2015:08:38:59 -0500] "GET /forest/img/base/bsc2_r1_c3.gif HTTP/1.1" 304 -
190.157.172.223 - - [25/Jul/2015:08:38:59 -0500] "GET /forest/img/mplogo.gif HTTP/1.1" 304 -
200.58.196.90 - - [25/Jul/2015:08:38:59 -0500] "GET /Residuos/maderas/files/search/search67.xml HTTP/1.1" 200 12659
200.58.196.90 - - [25/Jul/2015:08:38:59 -0500] "GET /Residuos/maderas/files/search/search65.xml HTTP/1.1" 200 8663
190.157.172.223 - - [25/Jul/2015:08:38:59 -0500] "GET /forest/img/close.gif HTTP/1.1" 304 -
190.157.172.223 - - [25/Jul/2015:08:38:59 -0500] "GET /forest/skins/gdocs-jar/img/okey.gif HTTP/1.1" 304 -
200.58.196.90 - - [25/Jul/2015:08:39:00 -0500] "GET /Residuos/maderas/images/page68.swf HTTP/1.1" 200 30865
200.58.196.90 - - [25/Jul/2015:08:39:00 -0500] "GET /Residuos/maderas/files/search/search68.xml HTTP/1.1" 200 10178
200.58.196.90 - - [25/Jul/2015:08:39:00 -0500] "GET /Residuos/maderas/images/page69.swf HTTP/1.1" 200 74257
200.58.196.90 - - [25/Jul/2015:08:39:01 -0500] "GET /Residuos/maderas/files/search/search69.xml HTTP/1.1" 200 13352
181.54.80.44 - - [25/Jul/2015:08:39:01 -0500] "GET /BLA/boletinlegal/js/jquery.scrollShow.js HTTP/1.1" 304 -
181.54.80.44 - - [25/Jul/2015:08:39:01 -0500] "GET /galeria/galeria/jquery.fancybox.js?v=2.1.5 HTTP/1.1" 304 -
181.54.80.44 - - [25/Jul/2015:08:39:01 -0500] "GET /galeria/galeria/jquery.fancybox.css?v=2.1.5 HTTP/1.1" 304 -
200.58.196.90 - - [25/Jul/2015:08:39:03 -0500] "GET /Residuos/maderas/images/page70.swf HTTP/1.1" 200 17564
200.58.196.90 - - [25/Jul/2015:08:39:03 -0500] "GET /Residuos/maderas/files/search/search70.xml HTTP/1.1" 200 9653
200.58.196.90 - - [25/Jul/2015:08:39:03 -0500] "GET /Residuos/maderas/images/page71.swf HTTP/1.1" 200 18468
66.249.64.243 - - [25/Jul/2015:08:39:04 -0500] "GET /POT-2013/index.php?dir=Cartografia%2F HTTP/1.1" 200 11465
200.58.196.90 - - [25/Jul/2015:08:39:04 -0500] "GET /Residuos/maderas/files/search/search71.xml HTTP/1.1" 200 11238
200.58.196.90 - - [25/Jul/2015:08:39:04 -0500] "GET /Residuos/maderas/images/page72.swf HTTP/1.1" 200 27510
200.58.196.90 - - [25/Jul/2015:08:39:05 -0500] "GET /Residuos/maderas/files/search/search72.xml HTTP/1.1" 200 10835
200.58.196.90 - - [25/Jul/2015:08:39:05 -0500] "GET /Residuos/maderas/images/page73.swf HTTP/1.1" 200 17698
200.58.196.90 - - [25/Jul/2015:08:39:05 -0500] "GET /Residuos/maderas/files/search/search73.xml HTTP/1.1" 200 13191
172.22.2.3 - - [25/Jul/2015:08:39:05 -0500] "POST /cumbredelclima/wp-admin/admin-ajax.php HTTP/1.1" 200 23
190.157.172.223 - - [25/Jul/2015:08:39:06 -0500] "GET /forest/1ibre/1ibre.css HTTP/1.1" 304 -
200.58.196.90 - - [25/Jul/2015:08:39:06 -0500] "GET /Residuos/maderas/images/page74.swf HTTP/1.1" 200 134804
200.58.196.90 - - [25/Jul/2015:08:39:07 -0500] "GET /Residuos/maderas/files/search/search74.xml HTTP/1.1" 200 12484
200.58.196.90 - - [25/Jul/2015:08:39:07 -0500] "GET /Residuos/maderas/images/page75.swf HTTP/1.1" 200 62834
200.58.196.90 - - [25/Jul/2015:08:39:08 -0500] "GET /Residuos/maderas/images/page76.swf HTTP/1.1" 200 201182
200.58.196.90 - - [25/Jul/2015:08:39:08 -0500] "GET /Residuos/maderas/files/search/search75.xml HTTP/1.1" 200 13937
200.58.196.90 - - [25/Jul/2015:08:39:08 -0500] "GET /Residuos/maderas/images/page77.swf HTTP/1.1" 200 314406
200.58.196.90 - - [25/Jul/2015:08:39:09 -0500] "GET /Residuos/maderas/files/search/search76.xml HTTP/1.1" 200 12239
200.58.196.90 - - [25/Jul/2015:08:39:10 -0500] "GET /Residuos/maderas/files/search/search77.xml HTTP/1.1" 200 7076
200.58.196.90 - - [25/Jul/2015:08:39:11 -0500] "GET /Residuos/maderas/images/page78.swf HTTP/1.1" 200 16874
200.58.196.90 - - [25/Jul/2015:08:39:11 -0500] "GET /Residuos/maderas/images/page79.swf HTTP/1.1" 200 36537
200.58.196.90 - - [25/Jul/2015:08:39:11 -0500] "GET /Residuos/maderas/files/search/search78.xml HTTP/1.1" 200 10984
200.58.196.90 - - [25/Jul/2015:08:39:12 -0500] "GET /Residuos/maderas/files/search/search79.xml HTTP/1.1" 200 5296
190.252.56.13 - - [25/Jul/2015:08:39:12 -0500] "GET /galeria/galeria/jquery.fancybox.css?v=2.1.5 HTTP/1.1" 304 -
190.252.56.13 - - [25/Jul/2015:08:39:12 -0500] "GET /BLA/boletinlegal/js/jquery.scrollShow.js HTTP/1.1" 304 -
190.252.56.13 - - [25/Jul/2015:08:39:12 -0500] "GET /galeria/galeria/jquery.fancybox.js?v=2.1.5 HTTP/1.1" 304 -
172.22.2.3 - - [25/Jul/2015:08:39:20 -0500] "POST /cumbredelclima/wp-admin/admin-ajax.php HTTP/1.1" 200 23
191.95.253.140 - - [25/Jul/2015:08:39:23 -0500] "GET /BLA/resoluciones/RESOLUCIONES%202007/RES%202007%203301%20AL%203400/RESOLUCION%203368%20DE%202007.pdf HTTP/1.1" 200 1103500
190.157.172.223 - - [25/Jul/2015:08:39:24 -0500] "POST /forest/login.do HTTP/1.1" 302 -
66.249.64.248 - - [25/Jul/2015:08:39:24 -0500] "GET /BLA/boletinlegal/jurisprudencia/analisis/CUADRO%20ANALISIS%20SENTENCIA%20T-411%20DE%201992.doc HTTP/1.1" 304 -
190.157.172.223 - - [25/Jul/2015:08:39:24 -0500] "GET /forest/index2.jsp?a=0.010013009380445137 HTTP/1.1" 200 103547
190.157.172.223 - - [25/Jul/2015:08:39:26 -0500] "GET /forest/img/inicio.jpg HTTP/1.1" 304 -
190.157.172.223 - - [25/Jul/2015:08:39:27 -0500] "GET /forest/skins/gdocs-jar/css/tree.css HTTP/1.1" 304 -
190.157.172.223 - - [25/Jul/2015:08:39:27 -0500] "GET /forest/skins/gdocs-jar/js/autocompletar2.js?version=1503.161801 HTTP/1.1" 304 -
190.157.172.223 - - [25/Jul/2015:08:39:27 -0500] "GET /forest/skins/gdocs-jar/css/autocomplete.css HTTP/1.1" 304 -
190.157.172.223 - - [25/Jul/2015:08:39:27 -0500] "GET /forest/js/inicio.js?version=1503.161801 HTTP/1.1" 304 -
190.157.172.223 - - [25/Jul/2015:08:39:27 -0500] "GET /forest/skins/gdocs-jar/js/xml_utilities.js?version=1503.161801 HTTP/1.1" 304 -
190.157.172.223 - - [25/Jul/2015:08:39:27 -0500] "GET /forest/skins/gdocs-jar/js/misprocesos.js?version=1503.161801 HTTP/1.1" 304 -
190.157.172.223 - - [25/Jul/2015:08:39:28 -0500] "GET /forest/img/users/3.gif HTTP/1.1" 304 -
190.157.172.223 - - [25/Jul/2015:08:39:28 -0500] "GET /forest/img/pantalla.gif HTTP/1.1" 304 -
190.157.172.223 - - [25/Jul/2015:08:39:28 -0500] "GET /forest/img/buscar.jpg HTTP/1.1" 304 -
190.157.172.223 - - [25/Jul/2015:08:39:28 -0500] "GET /forest/img/download_large.gif HTTP/1.1" 304 -
190.157.172.223 - - [25/Jul/2015:08:39:28 -0500] "GET /forest/img/salir3.gif HTTP/1.1" 304 -
190.157.172.223 - - [25/Jul/2015:08:39:28 -0500] "GET /forest/img/users/5.gif HTTP/1.1" 304 -
190.157.172.223 - - [25/Jul/2015:08:39:28 -0500] "GET /forest/img/notify.gif HTTP/1.1" 304 -
190.157.172.223 - - [25/Jul/2015:08:39:28 -0500] "GET /forest/img/buscar_procesos.gif HTTP/1.1" 304 -
190.157.172.223 - - [25/Jul/2015:08:39:28 -0500] "GET /forest/img/buscar_documentos.gif HTTP/1.1" 304 -
190.157.172.223 - - [25/Jul/2015:08:39:28 -0500] "GET /forest/img/misdocumentos.gif HTTP/1.1" 304 -
190.157.172.223 - - [25/Jul/2015:08:39:28 -0500] "GET /forest/img/instanciar.gif HTTP/1.1" 304 -
190.157.172.223 - - [25/Jul/2015:08:39:28 -0500] "GET /forest/img/ayuda.gif HTTP/1.1" 304 -
190.157.172.223 - - [25/Jul/2015:08:39:28 -0500] "GET /forest/img/users/7.gif HTTP/1.1" 304 -
190.157.172.223 - - [25/Jul/2015:08:39:29 -0500] "GET /forest/img/panel/menu/add.png HTTP/1.1" 304 -
190.157.172.223 - - [25/Jul/2015:08:39:29 -0500] "GET /forest/img/panel/menu/folder.png HTTP/1.1" 304 -
190.157.172.223 - - [25/Jul/2015:08:39:29 -0500] "GET /forest/img/panel/menu/hoy.png HTTP/1.1" 304 -
190.157.172.223 - - [25/Jul/2015:08:39:29 -0500] "GET /forest/img/panel/menu/danger2.png HTTP/1.1" 304 -
190.157.172.223 - - [25/Jul/2015:08:39:29 -0500] "GET /forest/skins/gdocs-jar/img/cancel.gif HTTP/1.1" 304 -
190.157.172.223 - - [25/Jul/2015:08:39:29 -0500] "GET /forest/img/fondo-barra.gif HTTP/1.1" 304 -
190.157.172.223 - - [25/Jul/2015:08:39:29 -0500] "GET /forest/session.jsp?a=0.8909569948446006 HTTP/1.1" 200 4
172.22.2.3 - - [25/Jul/2015:08:39:35 -0500] "POST /cumbredelclima/wp-admin/admin-ajax.php HTTP/1.1" 200 23
66.249.64.106 - - [25/Jul/2015:08:39:45 -0500] "GET /BLA/resoluciones/RESOLUCIONES%202012/0848.pdf HTTP/1.1" 304 -
172.22.2.3 - - [25/Jul/2015:08:39:50 -0500] "POST /cumbredelclima/wp-admin/admin-ajax.php HTTP/1.1" 200 23
66.249.64.96 - - [25/Jul/2015:08:39:52 -0500] "GET /BLA/resoluciones/RESOLUCIONES%202014/1460.pdf HTTP/1.1" 304 -
172.22.2.3 - - [25/Jul/2015:08:40:05 -0500] "POST /cumbredelclima/wp-admin/admin-ajax.php HTTP/1.1" 200 23
181.61.81.202 - - [25/Jul/2015:08:40:07 -0500] "GET /galeria/galeria/jquery.fancybox.css?v=2.1.5 HTTP/1.1" 200 4895
181.61.81.202 - - [25/Jul/2015:08:40:07 -0500] "GET /BLA/boletinlegal/js/jquery.scrollShow.js HTTP/1.1" 200 4586
181.61.81.202 - - [25/Jul/2015:08:40:07 -0500] "GET /galeria/galeria/jquery.fancybox.js?v=2.1.5 HTTP/1.1" 200 48706
191.95.253.101 - - [25/Jul/2015:08:40:12 -0500] "GET /BLA/resoluciones/RESOLUCIONES%202007/RES%202007%203301%20AL%203400/RESOLUCION%203368%20DE%202007.pdf HTTP/1.1" 200 1103500
191.95.253.101 - - [25/Jul/2015:08:40:12 -0500] "GET /favicon.ico HTTP/1.1" 200 7782
191.95.253.101 - - [25/Jul/2015:08:40:13 -0500] "GET /BLA/resoluciones/RESOLUCIONES%202007/RES%202007%203301%20AL%203400/RESOLUCION%203368%20DE%202007.pdf HTTP/1.1" 206 32768
191.95.253.101 - - [25/Jul/2015:08:40:13 -0500] "GET /BLA/resoluciones/RESOLUCIONES%202007/RES%202007%203301%20AL%203400/RESOLUCION%203368%20DE%202007.pdf HTTP/1.1" 206 1070732
181.61.81.202 - - [25/Jul/2015:08:40:14 -0500] "GET /galeria/galeria/jquery.fancybox.css?v=2.1.5 HTTP/1.1" 304 -
181.61.81.202 - - [25/Jul/2015:08:40:14 -0500] "GET /galeria/galeria/jquery.fancybox.js?v=2.1.5 HTTP/1.1" 304 -
181.61.81.202 - - [25/Jul/2015:08:40:14 -0500] "GET /BLA/boletinlegal/js/jquery.scrollShow.js HTTP/1.1" 304 -
172.22.2.3 - - [25/Jul/2015:08:40:20 -0500] "POST /cumbredelclima/wp-admin/admin-ajax.php HTTP/1.1" 200 23
201.245.192.253 - - [25/Jul/2015:08:40:08 -0500] "POST /wp-admin/admin-ajax.php HTTP/1.1" 200 23
66.249.64.96 - - [25/Jul/2015:08:40:28 -0500] "GET /BLA/directivas/2011/1.pdf HTTP/1.1" 304 -
66.249.64.96 - - [25/Jul/2015:08:40:29 -0500] "GET /BLA/boletinlegal/actas/acta%20de%20acuerdo%2002%20adop%20regla%20inter%20mesa%20salud%20ambie.pdf HTTP/1.1" 200 479782
172.22.2.3 - - [25/Jul/2015:08:40:35 -0500] "POST /cumbredelclima/wp-admin/admin-ajax.php HTTP/1.1" 200 23
172.22.2.3 - - [25/Jul/2015:08:40:50 -0500] "POST /cumbredelclima/wp-admin/admin-ajax.php HTTP/1.1" 200 23
74.86.158.107 - - [25/Jul/2015:08:40:54 -0500] "HEAD / HTTP/1.1" 200 -
172.22.2.3 - - [25/Jul/2015:08:41:05 -0500] "POST /cumbredelclima/wp-admin/admin-ajax.php HTTP/1.1" 200 23
66.249.64.96 - - [25/Jul/2015:08:41:09 -0500] "GET /BLA/resoluciones/RESOLUCIONES%202010/5757.pdf HTTP/1.1" 304 -
201.245.192.253 - - [25/Jul/2015:08:41:20 -0500] "GET /forest/session.jsp?a=0.8390741882344129 HTTP/1.1" 200 4
172.22.2.3 - - [25/Jul/2015:08:41:20 -0500] "POST /cumbredelclima/wp-admin/admin-ajax.php HTTP/1.1" 200 23
186.112.192.132 - - [25/Jul/2015:08:41:08 -0500] "GET / HTTP/1.1" 200 123255
172.22.2.3 - - [25/Jul/2015:08:41:35 -0500] "POST /cumbredelclima/wp-admin/admin-ajax.php HTTP/1.1" 200 23
186.28.31.107 - - [25/Jul/2015:08:41:36 -0500] "GET /BLA/boletinlegal/js/jquery.scrollShow.js HTTP/1.1" 200 4586
186.28.31.107 - - [25/Jul/2015:08:41:36 -0500] "GET /galeria/carrusel/Carrusel/jquery.thumbnailScroller.js HTTP/1.1" 200 8157
186.28.31.107 - - [25/Jul/2015:08:41:36 -0500] "GET /galeria/carrusel/Carrusel/jquery-ui-1.8.13.custom.min.js HTTP/1.1" 200 10800
186.28.31.107 - - [25/Jul/2015:08:41:36 -0500] "GET /galeria/galeria/jquery.fancybox.js?v=2.1.5 HTTP/1.1" 200 48706
186.28.31.107 - - [25/Jul/2015:08:41:36 -0500] "GET /galeria/galeria/jquery.fancybox.css?v=2.1.5 HTTP/1.1" 200 4895
186.28.31.107 - - [25/Jul/2015:08:41:36 -0500] "GET /galeria/carrusel/Carrusel/jquery.thumbnailScroller.css HTTP/1.1" 200 2066
186.28.31.107 - - [25/Jul/2015:08:41:38 -0500] "GET /galeria/nivo-slider/demo/demo.html HTTP/1.1" 200 5224
186.28.31.107 - - [25/Jul/2015:08:41:38 -0500] "GET /galeria/nivo-slider/themes/default/default.css HTTP/1.1" 200 1569
186.28.31.107 - - [25/Jul/2015:08:41:38 -0500] "GET /galeria/nivo-slider/themes/pascal/pascal.css HTTP/1.1" 200 2258
186.28.31.107 - - [25/Jul/2015:08:41:38 -0500] "GET /galeria/nivo-slider/themes/orman/orman.css HTTP/1.1" 200 2152
186.28.31.107 - - [25/Jul/2015:08:41:38 -0500] "GET /galeria/nivo-slider/nivo-slider.css HTTP/1.1" 200 1507
186.28.31.107 - - [25/Jul/2015:08:41:38 -0500] "GET /galeria/nivo-slider/demo/style.css HTTP/1.1" 200 2222
186.28.31.107 - - [25/Jul/2015:08:41:38 -0500] "GET /galeria/nivo-slider/demo/images/Rendicion-de-cuentas.jpg HTTP/1.1" 200 309079
186.28.31.107 - - [25/Jul/2015:08:41:38 -0500] "GET /galeria/nivo-slider/demo/scripts/jquery-1.7.1.min.js HTTP/1.1" 200 93868
186.28.31.107 - - [25/Jul/2015:08:41:38 -0500] "GET /galeria/nivo-slider/jquery.nivo.slider.pack.js HTTP/1.1" 200 11561
186.28.31.107 - - [25/Jul/2015:08:41:38 -0500] "GET /galeria/nivo-slider/demo/images/banner-llantas2.jpg HTTP/1.1" 200 204644
186.28.31.107 - - [25/Jul/2015:08:41:38 -0500] "GET /galeria/nivo-slider/demo/images/Semana-PYBA.jpg HTTP/1.1" 200 147360
186.28.31.107 - - [25/Jul/2015:08:41:38 -0500] "GET /galeria/nivo-slider/demo/images/PREDAcamp.jpg HTTP/1.1" 200 295358
186.28.31.107 - - [25/Jul/2015:08:41:38 -0500] "GET /galeria/nivo-slider/demo/images/VoluntariadoPYBA.jpg HTTP/1.1" 200 40647
186.28.31.107 - - [25/Jul/2015:08:41:39 -0500] "GET /galeria/nivo-slider/demo/images/Comparendo-ambiental-Banner.jpg HTTP/1.1" 200 83731
186.28.31.107 - - [25/Jul/2015:08:41:39 -0500] "GET /galeria/nivo-slider/demo/images/4Simple_Slider.png HTTP/1.1" 200 11722
186.28.31.107 - - [25/Jul/2015:08:41:39 -0500] "GET /galeria/nivo-slider/demo/images/9Signos.jpg HTTP/1.1" 200 81776
186.28.31.107 - - [25/Jul/2015:08:41:40 -0500] "GET /galeria/nivo-slider/demo/images/Banner-encuesta-de-percepscio.jpg HTTP/1.1" 200 201899
186.28.31.107 - - [25/Jul/2015:08:41:40 -0500] "GET /galeria/nivo-slider/themes/default/loading.gif HTTP/1.1" 200 1737
186.28.31.107 - - [25/Jul/2015:08:41:40 -0500] "GET /galeria/nivo-slider/demo/images/GAE-banner.jpg HTTP/1.1" 200 97556
186.28.31.107 - - [25/Jul/2015:08:41:40 -0500] "GET /galeria/nivo-slider/demo/images/banner-Pacto-por-la-madera.jpg HTTP/1.1" 200 209966
186.28.31.107 - - [25/Jul/2015:08:41:40 -0500] "GET /galeria/nivo-slider/demo/images/Licitaciones-proyecto-paramo.jpg HTTP/1.1" 200 221877
186.28.31.107 - - [25/Jul/2015:08:41:40 -0500] "GET /galeria/nivo-slider/demo/images/acuerdo_569.jpg HTTP/1.1" 200 62670
186.28.31.107 - - [25/Jul/2015:08:41:40 -0500] "GET /galeria/nivo-slider/demo/images/Banner-decreto1299.jpg HTTP/1.1" 200 182613
186.28.31.107 - - [25/Jul/2015:08:41:41 -0500] "GET /galeria/nivo-slider/demo/images/Banner-Directorio.jpg HTTP/1.1" 200 182068
186.28.31.107 - - [25/Jul/2015:08:41:41 -0500] "GET /galeria/nivo-slider/demo/images/Ruta-vertimientos-01.jpg HTTP/1.1" 200 130151
186.28.31.107 - - [25/Jul/2015:08:41:41 -0500] "GET /galeria/nivo-slider/demo/images/bolsas-06.jpg HTTP/1.1" 200 90982
186.28.31.107 - - [25/Jul/2015:08:41:42 -0500] "GET /galeria/nivo-slider/demo/images/Conoce-los-humedales.jpg HTTP/1.1" 200 294036
186.28.31.107 - - [25/Jul/2015:08:41:42 -0500] "GET /galeria/nivo-slider/demo/images/ecolecta-Dic2014.png HTTP/1.1" 200 288593
186.28.31.107 - - [25/Jul/2015:08:41:43 -0500] "GET /galeria/nivo-slider/demo/images/Banner-Caracol-Africano.jpg HTTP/1.1" 200 331986
186.28.31.107 - - [25/Jul/2015:08:41:47 -0500] "GET /galeria/nivo-slider/themes/default/arrows.png HTTP/1.1" 200 824
186.28.31.107 - - [25/Jul/2015:08:41:47 -0500] "GET /galeria/nivo-slider/themes/default/bullets.png HTTP/1.1" 200 1281
172.22.2.3 - - [25/Jul/2015:08:41:50 -0500] "POST /cumbredelclima/wp-admin/admin-ajax.php HTTP/1.1" 200 23
66.249.64.74 - - [25/Jul/2015:08:41:50 -0500] "GET / HTTP/1.1" 200 123255
172.22.2.3 - - [25/Jul/2015:08:42:05 -0500] "POST /cumbredelclima/wp-admin/admin-ajax.php HTTP/1.1" 200 23
201.245.192.253 - - [25/Jul/2015:08:42:08 -0500] "POST /wp-admin/admin-ajax.php HTTP/1.1" 200 23
172.22.2.3 - - [25/Jul/2015:08:42:20 -0500] "POST /cumbredelclima/wp-admin/admin-ajax.php HTTP/1.1" 200 23
66.249.64.96 - - [25/Jul/2015:08:42:31 -0500] "GET /BLA/resoluciones/RESOLUCIONES%202013/2596.pdf HTTP/1.1" 304 -
172.22.2.3 - - [25/Jul/2015:08:42:35 -0500] "POST /cumbredelclima/wp-admin/admin-ajax.php HTTP/1.1" 200 23
66.249.64.24 - - [25/Jul/2015:08:42:42 -0500] "GET /wp-includes/js/comment-reply.min.js?ver=4.2.2 HTTP/1.1" 200 757
66.249.64.24 - - [25/Jul/2015:08:42:42 -0500] "GET /wp-content/plugins/easy-logo-slider/css/style-admin.css?ver=4.2.2 HTTP/1.1" 200 5249
66.249.64.24 - - [25/Jul/2015:08:42:43 -0500] "GET /wp-content/themes/patti/js/jquery.queryloader2.js?ver=1.0 HTTP/1.1" 200 36527
66.249.64.24 - - [25/Jul/2015:08:42:43 -0500] "GET /wp-content/plugins/gallery-video/Front_end/js/youtube.lib.js HTTP/1.1" 200 717
66.249.64.29 - - [25/Jul/2015:08:42:44 -0500] "GET /wp-content/plugins/js_composer/assets/js/js_composer_front.js?ver=4.3.4 HTTP/1.1" 200 23901
66.249.64.24 - - [25/Jul/2015:08:42:44 -0500] "GET /wp-content/plugins/gallery-video/js/jquery.hugeitmicro.min.js HTTP/1.1" 200 16137
66.249.64.29 - - [25/Jul/2015:08:42:45 -0500] "GET /wp-content/themes/patti/framework/fonts/font-awesome/css/font-awesome.css?ver=4.2.2 HTTP/1.1" 200 21954
66.249.64.24 - - [25/Jul/2015:08:42:45 -0500] "GET /wp-content/themes/patti/js/scripts-top.js?ver=4.2.2 HTTP/1.1" 200 30885
66.249.64.19 - - [25/Jul/2015:08:42:46 -0500] "GET /wp-content/plugins/revslider/rs-plugin/js/jquery.themepunch.revolution.min.js?rev=4.6.0&ver=4.2.2 HTTP/1.1" 200 111127
66.249.64.24 - - [25/Jul/2015:08:42:46 -0500] "GET /wp-includes/js/jquery/ui/tabs.min.js?ver=1.11.4 HTTP/1.1" 200 12110
66.249.64.29 - - [25/Jul/2015:08:42:47 -0500] "GET /wp-content/plugins/revslider/rs-plugin/css/settings.css?rev=4.6.0&ver=4.2.2 HTTP/1.1" 200 52798
201.245.192.253 - - [25/Jul/2015:08:42:47 -0500] "GET /forest/session.jsp?a=0.6967796810512938 HTTP/1.1" 200 4
66.249.64.29 - - [25/Jul/2015:08:42:47 -0500] "GET /wp-content/plugins/js_composer/assets/css/js_composer.css?ver=4.3.4 HTTP/1.1" 200 82454
66.249.64.19 - - [25/Jul/2015:08:42:48 -0500] "GET /wp-content/themes/patti/js/custom/custom-navscroll.js?ver=1.0 HTTP/1.1" 200 3051
66.249.64.24 - - [25/Jul/2015:08:42:49 -0500] "GET /wp-content/plugins/wp_logooos_plugin/js/helper-plugins/jquery.touchSwipe.min.js HTTP/1.1" 200 4325
66.249.64.24 - - [25/Jul/2015:08:42:49 -0500] "GET /wp-content/plugins/js_composer/assets/lib/nivoslider/jquery.nivo.slider.pack.js?ver=4.3.4 HTTP/1.1" 200 12201
66.249.64.29 - - [25/Jul/2015:08:42:50 -0500] "GET /wp-content/themes/patti/js/custom/custom-isotope-portfolio.js?ver=1.0 HTTP/1.1" 200 5591
66.249.64.29 - - [25/Jul/2015:08:42:51 -0500] "GET /wp-content/themes/patti/css/superfish.css?ver=4.2.2 HTTP/1.1" 200 1153
172.22.2.3 - - [25/Jul/2015:08:42:50 -0500] "POST /cumbredelclima/wp-admin/admin-ajax.php HTTP/1.1" 200 23
66.249.64.24 - - [25/Jul/2015:08:42:51 -0500] "GET /wp-content/themes/patti/js/custom/custom-parallax.js?ver=1.0 HTTP/1.1" 200 702
66.249.64.19 - - [25/Jul/2015:08:42:52 -0500] "GET /wp-includes/js/jquery/jquery.js?ver=1.11.2 HTTP/1.1" 200 95952
66.249.64.29 - - [25/Jul/2015:08:42:53 -0500] "GET /wp-content/themes/patti/css/responsive.css?ver=4.2.2 HTTP/1.1" 200 12294
66.249.64.24 - - [25/Jul/2015:08:42:53 -0500] "GET /wp-content/themes/patti/js/custom/custom.js?ver=1.0 HTTP/1.1" 200 13920
66.249.64.24 - - [25/Jul/2015:08:42:54 -0500] "GET /wp-content/themes/patti/js/custom/custom-social.js?ver=4.2.2 HTTP/1.1" 200 1789
66.249.64.29 - - [25/Jul/2015:08:42:55 -0500] "GET /wp-content/themes/patti/js/retina.min.js?ver=4.2.2 HTTP/1.1" 200 2993
66.249.64.29 - - [25/Jul/2015:08:42:56 -0500] "GET /wp-content/plugins/content-views-query-and-display-post-page/public/assets/css/public.css?ver=1.6.3.1 HTTP/1.1" 200 5199
66.249.64.29 - - [25/Jul/2015:08:42:56 -0500] "GET /wp-content/plugins/gallery-video/style/videogallery-all.css?ver=4.2.2 HTTP/1.1" 200 -
66.249.64.29 - - [25/Jul/2015:08:42:57 -0500] "GET /wp-content/plugins/contact-form-7/includes/js/jquery.form.min.js?ver=3.51.0-2014.06.20 HTTP/1.1" 200 15248
66.249.64.24 - - [25/Jul/2015:08:42:58 -0500] "GET /wp-content/plugins/content-views-query-and-display-post-page/assets/bootstrap/css/bootstrap.min.css?ver=3.3.0 HTTP/1.1" 200 50487
66.249.64.19 - - [25/Jul/2015:08:42:59 -0500] "GET /wp-content/themes/patti/js/custom/custom-isotope-blog.js?ver=1.0 HTTP/1.1" 200 3289
66.249.64.19 - - [25/Jul/2015:08:42:59 -0500] "GET /wp-content/themes/patti/js/custom/custom-responsive-nav.js?ver=4.2.2 HTTP/1.1" 200 1676
66.249.64.24 - - [25/Jul/2015:08:43:00 -0500] "GET /wp-content/themes/patti/js/jquery.lazyload.js?ver=1.9.3 HTTP/1.1" 200 4451
66.249.64.29 - - [25/Jul/2015:08:43:01 -0500] "GET /wp-content/plugins/easy-logo-slider/js/jquery.jcarousel.min.js?ver=4.2.2 HTTP/1.1" 200 17494
66.249.64.24 - - [25/Jul/2015:08:43:02 -0500] "GET /wp-content/themes/patti/js/custom/custom-nav.js?ver=1.0 HTTP/1.1" 200 1940
66.249.64.29 - - [25/Jul/2015:08:43:02 -0500] "GET /wp-content/plugins/wp_logooos_plugin/js/logos.js HTTP/1.1" 200 30152
66.249.64.19 - - [25/Jul/2015:08:43:03 -0500] "GET /wp-includes/js/wp-emoji-release.min.js?ver=4.2.2 HTTP/1.1" 200 14596
66.249.64.24 - - [25/Jul/2015:08:43:04 -0500] "GET /wp-content/plugins/gallery-video/style/style2-os.css?ver=4.2.2 HTTP/1.1" 200 1814
66.249.64.24 - - [25/Jul/2015:08:43:05 -0500] "GET /wp-content/plugins/gallery-video/style/colorbox-1.css HTTP/1.1" 200 3610
66.249.64.19 - - [25/Jul/2015:08:43:06 -0500] "GET /wp-includes/js/jquery/ui/core.min.js?ver=1.11.4 HTTP/1.1" 200 3997
172.22.2.3 - - [25/Jul/2015:08:43:05 -0500] "POST /cumbredelclima/wp-admin/admin-ajax.php HTTP/1.1" 200 23
66.249.64.19 - - [25/Jul/2015:08:43:06 -0500] "GET /wp-content/plugins/wp_logooos_plugin/js/jquery.carouFredSel-6.2.1.js HTTP/1.1" 200 91090
66.249.64.19 - - [25/Jul/2015:08:43:07 -0500] "GET /wp-content/plugins/gallery-video/style/lightbox.css?ver=4.2.2 HTTP/1.1" 200 2821
66.249.64.19 - - [25/Jul/2015:08:43:08 -0500] "GET /wp-content/plugins/js_composer/assets/lib/jquery-ui-tabs-rotate/jquery-ui-tabs-rotate.js?ver=4.3.4 HTTP/1.1" 200 1784
66.249.64.29 - - [25/Jul/2015:08:43:09 -0500] "GET /wp-content/themes/patti/css/audioplayer.css?ver=4.2.2 HTTP/1.1" 200 8884
66.249.64.29 - - [25/Jul/2015:08:43:09 -0500] "GET /wp-content/plugins/easy-logo-slider/css/jcarouselresponsive.css?ver=4.2.2 HTTP/1.1" 200 2010
66.249.64.29 - - [25/Jul/2015:08:43:10 -0500] "GET /wp-content/plugins/gallery-video/js/jquery.colorbox.js HTTP/1.1" 200 29816
66.249.64.29 - - [25/Jul/2015:08:43:11 -0500] "GET /wp-content/themes/patti/css/prettyPhoto.css?ver=4.2.2 HTTP/1.1" 200 20154
66.249.64.96 - - [25/Jul/2015:08:43:12 -0500] "GET /BLA/resoluciones/RESOLUCIONES%202012/1556.pdf HTTP/1.1" 304 -
66.249.64.29 - - [25/Jul/2015:08:43:13 -0500] "GET /wp-includes/js/jquery/jquery-migrate.min.js?ver=1.2.1 HTTP/1.1" 200 7199
66.249.64.24 - - [25/Jul/2015:08:43:13 -0500] "GET /wp-content/uploads/js_composer/custom.css?ver=4.3.4 HTTP/1.1" 200 -
66.249.64.29 - - [25/Jul/2015:08:43:14 -0500] "GET /wp-content/plugins/contact-form-7/includes/css/styles.css?ver=4.1.2 HTTP/1.1" 200 1103
66.249.64.29 - - [25/Jul/2015:08:43:15 -0500] "GET /wp-content/plugins/easy-logo-slider/js/jcarousel.responsive.js?ver=4.2.2 HTTP/1.1" 200 2331
200.58.196.90 - - [25/Jul/2015:08:43:15 -0500] "GET /Residuos/maderas/images/page80.swf HTTP/1.1" 200 19026
200.58.196.90 - - [25/Jul/2015:08:43:16 -0500] "GET /Residuos/maderas/files/search/search80.xml HTTP/1.1" 200 13648
200.58.196.90 - - [25/Jul/2015:08:43:16 -0500] "GET /Residuos/maderas/images/page81.swf HTTP/1.1" 200 86874
200.58.196.90 - - [25/Jul/2015:08:43:17 -0500] "GET /Residuos/maderas/files/search/search81.xml HTTP/1.1" 200 13432
200.58.196.90 - - [25/Jul/2015:08:43:19 -0500] "GET /Residuos/maderas/images/page82.swf HTTP/1.1" 200 22650
172.22.2.3 - - [25/Jul/2015:08:43:20 -0500] "POST /cumbredelclima/wp-admin/admin-ajax.php HTTP/1.1" 200 23
200.58.196.90 - - [25/Jul/2015:08:43:26 -0500] "GET /Residuos/maderas/files/search/search82.xml HTTP/1.1" 200 10800
200.58.196.90 - - [25/Jul/2015:08:43:26 -0500] "GET /Residuos/maderas/images/page83.swf HTTP/1.1" 200 60027
200.58.196.90 - - [25/Jul/2015:08:43:27 -0500] "GET /Residuos/maderas/files/search/search83.xml HTTP/1.1" 200 14164
200.58.196.90 - - [25/Jul/2015:08:43:31 -0500] "GET /Residuos/maderas/images/page84.swf HTTP/1.1" 200 79903
200.58.196.90 - - [25/Jul/2015:08:43:33 -0500] "GET /Residuos/maderas/images/page85.swf HTTP/1.1" 200 29761
200.58.196.90 - - [25/Jul/2015:08:43:33 -0500] "GET /Residuos/maderas/files/search/search84.xml HTTP/1.1" 200 10478
200.58.196.90 - - [25/Jul/2015:08:43:33 -0500] "GET /Residuos/maderas/images/page86.swf HTTP/1.1" 200 70145
200.58.196.90 - - [25/Jul/2015:08:43:34 -0500] "GET /Residuos/maderas/files/search/search85.xml HTTP/1.1" 200 13716
200.58.196.90 - - [25/Jul/2015:08:43:34 -0500] "GET /Residuos/maderas/images/page87.swf HTTP/1.1" 200 218879
200.58.196.90 - - [25/Jul/2015:08:43:35 -0500] "GET /Residuos/maderas/files/search/search86.xml HTTP/1.1" 200 10973
172.22.2.3 - - [25/Jul/2015:08:43:35 -0500] "POST /cumbredelclima/wp-admin/admin-ajax.php HTTP/1.1" 200 23
200.58.196.90 - - [25/Jul/2015:08:43:44 -0500] "GET /Residuos/maderas/images/page87.swf HTTP/1.1" 206 121889
200.58.196.90 - - [25/Jul/2015:08:43:46 -0500] "GET /Residuos/maderas/images/page88.swf HTTP/1.1" 200 193749
200.58.196.90 - - [25/Jul/2015:08:43:46 -0500] "GET /Residuos/maderas/files/search/search87.xml HTTP/1.1" 200 11242
200.58.196.90 - - [25/Jul/2015:08:43:46 -0500] "GET /Residuos/maderas/images/page89.swf HTTP/1.1" 200 20330
200.58.196.90 - - [25/Jul/2015:08:43:46 -0500] "GET /Residuos/maderas/files/search/search89.xml HTTP/1.1" 200 11936
200.58.196.90 - - [25/Jul/2015:08:43:47 -0500] "GET /Residuos/maderas/files/search/search88.xml HTTP/1.1" 200 4237
200.58.196.90 - - [25/Jul/2015:08:43:49 -0500] "GET /Residuos/maderas/images/page90.swf HTTP/1.1" 200 28936
200.58.196.90 - - [25/Jul/2015:08:43:50 -0500] "GET /Residuos/maderas/files/search/search90.xml HTTP/1.1" 200 15929
200.58.196.90 - - [25/Jul/2015:08:43:50 -0500] "GET /Residuos/maderas/images/page91.swf HTTP/1.1" 200 24357
200.58.196.90 - - [25/Jul/2015:08:43:50 -0500] "GET /Residuos/maderas/files/search/search91.xml HTTP/1.1" 200 11154
66.249.88.223 - - [25/Jul/2015:08:43:50 -0500] "GET /galeria/galeria/jquery.fancybox.css?v=2.1.5 HTTP/1.1" 200 4895
66.249.88.223 - - [25/Jul/2015:08:43:50 -0500] "GET /galeria/carrusel/Carrusel/jquery-ui-1.8.13.custom.min.js HTTP/1.1" 200 10800
66.249.88.228 - - [25/Jul/2015:08:43:50 -0500] "GET /galeria/galeria/jquery.fancybox.js?v=2.1.5 HTTP/1.1" 200 48706
66.249.88.223 - - [25/Jul/2015:08:43:50 -0500] "GET /BLA/boletinlegal/js/jquery.scrollShow.js HTTP/1.1" 200 4586
66.249.88.228 - - [25/Jul/2015:08:43:50 -0500] "GET /galeria/carrusel/Carrusel/jquery.thumbnailScroller.css HTTP/1.1" 200 2066
66.249.88.228 - - [25/Jul/2015:08:43:50 -0500] "GET /galeria/carrusel/Carrusel/jquery.thumbnailScroller.js HTTP/1.1" 200 8157
172.22.2.3 - - [25/Jul/2015:08:43:50 -0500] "POST /cumbredelclima/wp-admin/admin-ajax.php HTTP/1.1" 200 23
200.58.196.90 - - [25/Jul/2015:08:43:51 -0500] "GET /Residuos/maderas/images/page92.swf HTTP/1.1" 200 327446
66.249.88.233 - - [25/Jul/2015:08:43:52 -0500] "GET /galeria/nivo-slider/demo/demo.html HTTP/1.1" 200 5224
200.58.196.90 - - [25/Jul/2015:08:43:52 -0500] "GET /Residuos/maderas/images/page93.swf HTTP/1.1" 200 17414
200.58.196.90 - - [25/Jul/2015:08:43:52 -0500] "GET /Residuos/maderas/files/search/search92.xml HTTP/1.1" 200 8258
