181.135.209.189 - - [25/Jul/2015:07:43:45 -0500] "HEAD /wp-content/uploads/2015/07/Teleferico-500x320@2x.jpg HTTP/1.1" 404 -
181.135.209.189 - - [25/Jul/2015:07:43:45 -0500] "HEAD /wp-content/uploads/2015/07/Plaza-de-toros-500x320@2x.jpg HTTP/1.1" 404 -
181.135.209.189 - - [25/Jul/2015:07:43:44 -0500] "HEAD /wp-content/uploads/2015/07/ZONA-CALLE-93-500x320@2x.jpg HTTP/1.1" 404 -
157.55.80.72 - - [25/Jul/2015:07:43:46 -0500] "GET /wp-content/uploads/js_composer/custom.css?ver=4.3.4 HTTP/1.1" 200 -
157.55.80.72 - - [25/Jul/2015:07:43:46 -0500] "GET /wp-content/themes/patti/css/audioplayer.css?ver=4.2.2 HTTP/1.1" 200 8884
157.55.80.72 - - [25/Jul/2015:07:43:46 -0500] "GET /wp-content/themes/patti/css/owl.carousel.css?ver=4.2.2 HTTP/1.1" 200 5931
157.55.80.72 - - [25/Jul/2015:07:43:46 -0500] "GET /wp-content/themes/patti/css/responsive.css?ver=4.2.2 HTTP/1.1" 200 12294
157.55.80.72 - - [25/Jul/2015:07:43:47 -0500] "GET /wp-content/plugins/js_composer/assets/css/js_composer.css?ver=4.3.4 HTTP/1.1" 200 82454
157.55.80.72 - - [25/Jul/2015:07:43:47 -0500] "GET /wp-content/plugins/js_composer/assets/lib/nivoslider/themes/default/default.css?ver=4.3.4 HTTP/1.1" 200 2111
157.55.80.72 - - [25/Jul/2015:07:43:47 -0500] "GET /wp-content/plugins/easy-logo-slider/css/jcarouselresponsive.css?ver=4.2.2 HTTP/1.1" 200 2010
157.55.80.72 - - [25/Jul/2015:07:43:47 -0500] "GET /wp-content/plugins/js_composer/assets/lib/nivoslider/nivo-slider.css?ver=4.3.4 HTTP/1.1" 200 2058
157.55.80.72 - - [25/Jul/2015:07:43:47 -0500] "GET /wp-content/plugins/easy-logo-slider/css/style-admin.css?ver=4.2.2 HTTP/1.1" 200 5249
157.55.80.72 - - [25/Jul/2015:07:43:47 -0500] "GET /wp-content/plugins/js_composer/assets/lib/prettyphoto/css/prettyPhoto.css?ver=4.3.4 HTTP/1.1" 200 19888
157.55.80.72 - - [25/Jul/2015:07:43:47 -0500] "GET /wp-content/plugins/gallery-video/style/colorbox-1.css HTTP/1.1" 200 3610
181.135.209.189 - - [25/Jul/2015:07:43:45 -0500] "HEAD /wp-content/uploads/2015/07/Transmilenio-500x320@2x.jpg HTTP/1.1" 404 -
157.55.80.72 - - [25/Jul/2015:07:43:47 -0500] "GET /wp-content/themes/patti/js/scripts-top.js?ver=4.2.2 HTTP/1.1" 200 30885
181.135.209.189 - - [25/Jul/2015:07:43:46 -0500] "HEAD /wp-content/uploads/2015/07/JardinBotanico-500x320@2x.jpg HTTP/1.1" 404 -
157.55.80.72 - - [25/Jul/2015:07:43:47 -0500] "GET /wp-includes/js/jquery/jquery-migrate.min.js?ver=1.2.1 HTTP/1.1" 200 7199
181.135.209.189 - - [25/Jul/2015:07:43:46 -0500] "HEAD /wp-content/uploads/2015/07/PLAZA-DE-BOLIVAR1-500x320@2x.jpg HTTP/1.1" 404 -
157.55.80.72 - - [25/Jul/2015:07:43:47 -0500] "GET /wp-includes/js/jquery/jquery.js?ver=1.11.2 HTTP/1.1" 200 95952
181.135.209.189 - - [25/Jul/2015:07:43:46 -0500] "HEAD /wp-content/uploads/2015/07/Jardin-Botanico2-500x320@2x.jpg HTTP/1.1" 404 -
157.55.80.72 - - [25/Jul/2015:07:43:47 -0500] "GET /wp-content/plugins/gallery-video/js/video_gallery-all.js?ver=4.2.2 HTTP/1.1" 200 1895
157.55.80.72 - - [25/Jul/2015:07:43:47 -0500] "GET /wp-content/themes/patti/js/custom/custom-responsive-nav.js?ver=4.2.2 HTTP/1.1" 200 1676
157.55.80.72 - - [25/Jul/2015:07:43:47 -0500] "GET /wp-content/themes/patti/js/custom/custom-loader.js?ver=1.0 HTTP/1.1" 200 839
157.55.80.72 - - [25/Jul/2015:07:43:47 -0500] "GET /wp-content/themes/patti/js/jquery.nav.js?ver=2.2.0 HTTP/1.1" 200 2827
181.135.209.189 - - [25/Jul/2015:07:43:46 -0500] "HEAD /wp-content/uploads/2015/07/PANORAMICA-DE-BOGOTA-500x320@2x.jpg HTTP/1.1" 404 -
157.55.80.72 - - [25/Jul/2015:07:43:47 -0500] "GET /wp-content/plugins/easy-logo-slider/js/jquery.jcarousel.min.js?ver=4.2.2 HTTP/1.1" 200 17494
157.55.80.72 - - [25/Jul/2015:07:43:47 -0500] "GET /wp-content/plugins/revslider/rs-plugin/js/jquery.themepunch.revolution.min.js?rev=4.6.0&ver=4.2.2 HTTP/1.1" 200 111127
157.55.80.72 - - [25/Jul/2015:07:43:47 -0500] "GET /wp-content/plugins/revslider/rs-plugin/js/jquery.themepunch.tools.min.js?rev=4.6.0&ver=4.2.2 HTTP/1.1" 200 94880
157.55.80.72 - - [25/Jul/2015:07:43:47 -0500] "GET /wp-content/plugins/easy-logo-slider/js/jcarousel.responsive.js?ver=4.2.2 HTTP/1.1" 200 2331
157.55.80.72 - - [25/Jul/2015:07:43:48 -0500] "GET /wp-content/themes/patti/js/custom/custom-navscroll.js?ver=1.0 HTTP/1.1" 200 3051
157.55.80.72 - - [25/Jul/2015:07:43:48 -0500] "GET /wp-content/themes/patti/js/jquery.queryloader2.js?ver=1.0 HTTP/1.1" 200 36527
157.55.80.72 - - [25/Jul/2015:07:43:48 -0500] "GET /wp-content/plugins/gallery-video/js/jquery.hugeitmicro.min.js HTTP/1.1" 200 16137
157.55.80.72 - - [25/Jul/2015:07:43:48 -0500] "GET /wp-content/plugins/gallery-video/js/jquery.colorbox.js HTTP/1.1" 200 29816
157.55.80.72 - - [25/Jul/2015:07:43:48 -0500] "GET /wp-content/plugins/gallery-video/Front_end/js/youtube.lib.js HTTP/1.1" 200 717
181.135.209.189 - - [25/Jul/2015:07:43:47 -0500] "HEAD /wp-content/uploads/2015/07/ZONA-CHILE-500x320@2x.jpg HTTP/1.1" 404 -
181.135.209.189 - - [25/Jul/2015:07:43:47 -0500] "HEAD /wp-content/uploads/2015/07/ZONA-CHILE-500x320@2x.jpg HTTP/1.1" 404 -
157.55.80.72 - - [25/Jul/2015:07:43:48 -0500] "GET /wp-content/themes/patti/js/custom/custom-isotope-portfolio.js?ver=1.0 HTTP/1.1" 200 5591
157.55.80.72 - - [25/Jul/2015:07:43:48 -0500] "GET /wp-content/plugins/wp_logooos_plugin/js/jquery.carouFredSel-6.2.1.js HTTP/1.1" 200 91090
157.55.80.72 - - [25/Jul/2015:07:43:48 -0500] "GET /wp-content/plugins/contact-form-7/includes/js/scripts.js?ver=4.1.2 HTTP/1.1" 200 11192
157.55.80.72 - - [25/Jul/2015:07:43:48 -0500] "GET /wp-content/plugins/js_composer/assets/lib/prettyphoto/js/jquery.prettyPhoto.js?ver=4.3.4 HTTP/1.1" 200 22060
181.135.209.189 - - [25/Jul/2015:07:43:47 -0500] "HEAD /wp-content/uploads/2015/07/ZONA-CHILE-500x320@2x.jpg HTTP/1.1" 404 -
157.55.80.72 - - [25/Jul/2015:07:43:48 -0500] "GET /wp-content/plugins/content-views-query-and-display-post-page/assets/bootstrap/js/bootstrap.min.js?ver=3.3.0 HTTP/1.1" 200 29165
157.55.80.72 - - [25/Jul/2015:07:43:48 -0500] "GET /wp-content/themes/patti/js/hoverIntent.js?ver=r7 HTTP/1.1" 200 1116
157.55.80.72 - - [25/Jul/2015:07:43:48 -0500] "GET /wp-content/themes/patti/js/custom/custom-isotope-blog.js?ver=1.0 HTTP/1.1" 200 3289
157.55.80.72 - - [25/Jul/2015:07:43:48 -0500] "GET /wp-content/themes/patti/js/scripts-bottom.js?ver=4.2.2 HTTP/1.1" 200 28292
157.55.80.72 - - [25/Jul/2015:07:43:48 -0500] "GET /wp-content/themes/patti/js/retina.min.js?ver=4.2.2 HTTP/1.1" 200 2993
157.55.80.72 - - [25/Jul/2015:07:43:48 -0500] "GET /wp-content/themes/patti/js/custom/custom-social.js?ver=4.2.2 HTTP/1.1" 200 1789
181.135.209.189 - - [25/Jul/2015:07:43:47 -0500] "HEAD /wp-content/uploads/2015/07/ZONA-CHILE-500x320@2x.jpg HTTP/1.1" 404 -
157.55.80.72 - - [25/Jul/2015:07:43:48 -0500] "GET /wp-content/themes/patti/js/jquery.lazyload.js?ver=1.9.3 HTTP/1.1" 200 4451
181.135.209.189 - - [25/Jul/2015:07:43:47 -0500] "HEAD /wp-content/uploads/2015/07/ZONA-NORTE-500x320@2x.jpg HTTP/1.1" 404 -
181.135.209.189 - - [25/Jul/2015:07:43:46 -0500] "HEAD /wp-content/uploads/2015/07/MALOKA-500x320@2x.jpg HTTP/1.1" 404 -
181.135.209.189 - - [25/Jul/2015:07:43:48 -0500] "HEAD /wp-content/uploads/2015/07/ZONA-CHILE-500x320@2x.jpg HTTP/1.1" 404 -
157.55.80.72 - - [25/Jul/2015:07:43:49 -0500] "GET /wp-content/themes/patti/framework/fonts/font-awesome/fontawesome-webfont.eot? HTTP/1.1" 200 56006
181.135.209.189 - - [25/Jul/2015:07:43:48 -0500] "HEAD /wp-content/uploads/2015/07/ZONA-CHILE-500x320@2x.jpg HTTP/1.1" 404 -
157.55.80.72 - - [25/Jul/2015:07:43:49 -0500] "GET /wp-content/plugins/contact-form-7/includes/js/jquery.form.min.js?ver=3.51.0-2014.06.20 HTTP/1.1" 200 15248
157.55.80.72 - - [25/Jul/2015:07:43:49 -0500] "GET /wp-includes/js/jquery/ui/tabs.min.js?ver=1.11.4 HTTP/1.1" 200 12110
157.55.80.72 - - [25/Jul/2015:07:43:49 -0500] "GET /wp-content/plugins/js_composer/assets/lib/jquery-ui-tabs-rotate/jquery-ui-tabs-rotate.js?ver=4.3.4 HTTP/1.1" 200 1784
157.55.80.72 - - [25/Jul/2015:07:43:49 -0500] "GET /wp-content/plugins/wp_logooos_plugin/js/helper-plugins/jquery.touchSwipe.min.js HTTP/1.1" 200 4325
181.135.209.189 - - [25/Jul/2015:07:43:48 -0500] "HEAD /wp-content/uploads/2015/07/ZONA-CHILE-500x320@2x.jpg HTTP/1.1" 404 -
157.55.80.72 - - [25/Jul/2015:07:43:49 -0500] "GET /wp-content/plugins/wp_logooos_plugin/js/logos.js HTTP/1.1" 200 30152
157.55.80.72 - - [25/Jul/2015:07:43:49 -0500] "GET /wp-content/plugins/content-views-query-and-display-post-page/assets/bootstrap-paginator/bootstrap-paginator.min.js?ver=0.5 HTTP/1.1" 200 8777
157.55.80.72 - - [25/Jul/2015:07:43:49 -0500] "GET /wp-content/themes/patti/js/jquery.isotope.min.js?ver=1.0 HTTP/1.1" 200 16033
157.55.80.72 - - [25/Jul/2015:07:43:49 -0500] "GET /wp-content/themes/patti/js/custom/custom-nav.js?ver=1.0 HTTP/1.1" 200 1940
172.22.2.3 - - [25/Jul/2015:07:43:49 -0500] "POST /cumbredelclima/wp-admin/admin-ajax.php HTTP/1.1" 200 23
157.55.80.72 - - [25/Jul/2015:07:43:49 -0500] "GET /wp-content/plugins/js_composer/assets/js/js_composer_front.js?ver=4.3.4 HTTP/1.1" 200 23901
157.55.80.72 - - [25/Jul/2015:07:43:49 -0500] "GET /wp-includes/js/jquery/ui/core.min.js?ver=1.11.4 HTTP/1.1" 200 3997
157.55.80.72 - - [25/Jul/2015:07:43:49 -0500] "GET /wp-content/themes/patti/js/custom/custom.js?ver=1.0 HTTP/1.1" 200 13920
181.135.209.189 - - [25/Jul/2015:07:43:49 -0500] "HEAD /wp-content/uploads/2015/07/ZONA-CHILE-500x320@2x.jpg HTTP/1.1" 404 -
157.55.80.72 - - [25/Jul/2015:07:43:50 -0500] "GET /wp-content/themes/patti/framework/fonts/font-awesome/fontawesome-webfont.woff?v=4.2.0 HTTP/1.1" 200 65452
157.55.80.72 - - [25/Jul/2015:07:43:50 -0500] "GET /wp-includes/js/jquery/ui/widget.min.js?ver=1.11.4 HTTP/1.1" 200 6908
181.135.209.189 - - [25/Jul/2015:07:43:49 -0500] "HEAD /wp-content/uploads/2015/07/ZONA-CHILE-500x320@2x.jpg HTTP/1.1" 404 -
181.135.209.189 - - [25/Jul/2015:07:43:49 -0500] "HEAD /wp-content/uploads/2015/07/ZONA-CHILE-500x320@2x.jpg HTTP/1.1" 404 -
157.55.80.72 - - [25/Jul/2015:07:43:50 -0500] "GET /wp-content/plugins/content-views-query-and-display-post-page/public/assets/js/public.js?ver=1.6.3.1 HTTP/1.1" 200 6156
181.135.209.189 - - [25/Jul/2015:07:43:49 -0500] "HEAD /wp-content/uploads/2015/07/ZONA-CHILE-500x320@2x.jpg HTTP/1.1" 404 -
157.55.80.72 - - [25/Jul/2015:07:43:50 -0500] "GET /wp-includes/js/comment-reply.min.js?ver=4.2.2 HTTP/1.1" 200 757
157.55.80.72 - - [25/Jul/2015:07:43:50 -0500] "GET /wp-content/themes/patti/js/custom/custom-parallax.js?ver=1.0 HTTP/1.1" 200 702
157.55.80.72 - - [25/Jul/2015:07:43:50 -0500] "GET /wp-content/plugins/js_composer/assets/lib/nivoslider/jquery.nivo.slider.pack.js?ver=4.3.4 HTTP/1.1" 200 12201
157.55.80.72 - - [25/Jul/2015:07:43:50 -0500] "GET /wp-content/plugins/js_composer/assets/lib/nivoslider/themes/default/loading.gif HTTP/1.1" 200 1737
181.135.209.189 - - [25/Jul/2015:07:43:49 -0500] "HEAD /wp-content/uploads/2015/07/ZONA-CHILE-500x320@2x.jpg HTTP/1.1" 404 -
181.135.209.189 - - [25/Jul/2015:07:43:48 -0500] "HEAD /wp-content/uploads/2015/07/ZONA-CHILE-500x320@2x.jpg HTTP/1.1" 404 -
157.55.80.72 - - [25/Jul/2015:07:43:50 -0500] "GET /wp-content/uploads/2015/07/1.jpg HTTP/1.1" 200 44523
157.55.80.72 - - [25/Jul/2015:07:43:50 -0500] "GET /wp-content/uploads/2015/07/3.jpg HTTP/1.1" 200 83339
157.55.80.72 - - [25/Jul/2015:07:43:50 -0500] "GET /wp-content/uploads/2015/07/2.jpg HTTP/1.1" 200 103514
157.55.80.72 - - [25/Jul/2015:07:43:50 -0500] "GET /wp-content/uploads/2015/06/parallax_bg01.jpg HTTP/1.1" 200 56650
157.55.80.72 - - [25/Jul/2015:07:43:50 -0500] "GET /wp-content/plugins/revslider/images/transparent.png HTTP/1.1" 200 191
157.55.80.72 - - [25/Jul/2015:07:43:50 -0500] "GET /wp-content/uploads/2015/07/fondo1.jpg HTTP/1.1" 200 23989
181.135.209.189 - - [25/Jul/2015:07:43:50 -0500] "HEAD /wp-content/uploads/2015/07/ZONA-CHILE-500x320@2x.jpg HTTP/1.1" 404 -
157.55.80.72 - - [25/Jul/2015:07:43:51 -0500] "GET /wp-content/uploads/2015/06/Untitled-1.png HTTP/1.1" 200 7975
157.55.80.72 - - [25/Jul/2015:07:43:51 -0500] "GET /wp-content/uploads/2015/07/recuadros-2.png HTTP/1.1" 200 69055
181.135.209.189 - - [25/Jul/2015:07:43:50 -0500] "HEAD /wp-content/uploads/2015/07/ZONA-CHILE-500x320@2x.jpg HTTP/1.1" 404 -
157.55.80.72 - - [25/Jul/2015:07:43:51 -0500] "GET /wp-content/uploads/2015/07/imagencum.png HTTP/1.1" 200 248317
157.55.80.72 - - [25/Jul/2015:07:43:51 -0500] "GET /wp-content/uploads/2015/07/banner-invitacionvaticanopetro.jpg HTTP/1.1" 200 97001
181.135.209.189 - - [25/Jul/2015:07:43:50 -0500] "HEAD /wp-content/uploads/2015/07/ZONA-CHILE-500x320@2x.jpg HTTP/1.1" 404 -
181.135.209.189 - - [25/Jul/2015:07:43:50 -0500] "HEAD /wp-content/uploads/2015/07/ZONA-CHILE-500x320@2x.jpg HTTP/1.1" 404 -
181.135.209.189 - - [25/Jul/2015:07:43:51 -0500] "HEAD /wp-content/uploads/2015/07/ZONA-CHILE-500x320@2x.jpg HTTP/1.1" 404 -
181.135.209.189 - - [25/Jul/2015:07:43:50 -0500] "HEAD /wp-content/uploads/2015/07/ZONA-CHILE-500x320@2x.jpg HTTP/1.1" 404 -
181.135.209.189 - - [25/Jul/2015:07:43:50 -0500] "HEAD /wp-content/uploads/2015/07/ZONA-CHILE-500x320@2x.jpg HTTP/1.1" 404 -
157.55.80.72 - - [25/Jul/2015:07:43:52 -0500] "GET /wp-content/uploads/2015/07/logos.png HTTP/1.1" 200 50210
157.55.80.72 - - [25/Jul/2015:07:43:52 -0500] "GET /wp-content/uploads/2015/07/franja.jpg HTTP/1.1" 200 2303
157.55.80.72 - - [25/Jul/2015:07:43:52 -0500] "GET /wp-content/uploads/2015/07/logosolopng.png HTTP/1.1" 200 43825
181.135.209.189 - - [25/Jul/2015:07:43:51 -0500] "HEAD /wp-content/uploads/2015/07/ZONA-CHILE-500x320@2x.jpg HTTP/1.1" 404 -
157.55.80.72 - - [25/Jul/2015:07:43:52 -0500] "GET /wp-content/uploads/2015/07/recuadro_1.jpg HTTP/1.1" 200 91281
157.55.80.72 - - [25/Jul/2015:07:43:52 -0500] "GET /wp-content/uploads/2015/07/logocambio.png HTTP/1.1" 200 13773
157.55.80.72 - - [25/Jul/2015:07:43:52 -0500] "GET /wp-content/uploads/2015/07/UNO.png HTTP/1.1" 200 79436
157.55.80.72 - - [25/Jul/2015:07:43:52 -0500] "GET /wp-content/uploads/2015/07/TERCER.png HTTP/1.1" 200 36679
181.135.209.189 - - [25/Jul/2015:07:43:51 -0500] "HEAD /wp-content/uploads/2015/07/ZONA-CHILE-500x320@2x.jpg HTTP/1.1" 404 -
157.55.80.72 - - [25/Jul/2015:07:43:52 -0500] "GET /wp-content/uploads/2015/07/photo-alcanlde_11.jpg HTTP/1.1" 200 189283
157.55.80.72 - - [25/Jul/2015:07:43:52 -0500] "GET /wp-content/uploads/2015/06/parallax_bg01.png HTTP/1.1" 200 24560
157.55.80.72 - - [25/Jul/2015:07:43:52 -0500] "GET /wp-content/uploads/2015/07/Usaquen-Sector-Financiero-500x320.jpg HTTP/1.1" 200 43100
157.55.80.72 - - [25/Jul/2015:07:43:52 -0500] "GET /wp-content/uploads/2015/07/fecha-eventosolopng.png HTTP/1.1" 200 11033
181.135.209.189 - - [25/Jul/2015:07:43:51 -0500] "HEAD /wp-content/uploads/2015/07/ZONA-CHILE-500x320@2x.jpg HTTP/1.1" 404 -
181.135.209.189 - - [25/Jul/2015:07:43:52 -0500] "HEAD /wp-content/uploads/2015/07/ZONA-CHILE-500x320@2x.jpg HTTP/1.1" 404 -
181.135.209.189 - - [25/Jul/2015:07:43:52 -0500] "HEAD /wp-content/uploads/2015/07/ZONA-CHILE-500x320@2x.jpg HTTP/1.1" 404 -
157.55.80.72 - - [25/Jul/2015:07:43:53 -0500] "GET /wp-content/uploads/2015/07/DOS.png HTTP/1.1" 200 31351
157.55.80.72 - - [25/Jul/2015:07:43:53 -0500] "GET /wp-content/uploads/2015/07/cuadro-azulconverde.png HTTP/1.1" 200 10578
157.55.80.72 - - [25/Jul/2015:07:43:53 -0500] "GET /wp-content/uploads/2015/07/Torre-Centro-Archivo-500x320.jpg HTTP/1.1" 200 41388
181.135.209.189 - - [25/Jul/2015:07:43:51 -0500] "HEAD /wp-content/uploads/2015/07/ZONA-CHILE-500x320@2x.jpg HTTP/1.1" 404 -
157.55.80.72 - - [25/Jul/2015:07:43:53 -0500] "GET /wp-content/uploads/2015/07/ZONA-CHILE-500x320.jpg HTTP/1.1" 200 53635
181.135.209.189 - - [25/Jul/2015:07:43:52 -0500] "HEAD /wp-content/uploads/2015/07/ZONA-CHILE-500x320@2x.jpg HTTP/1.1" 404 -
181.135.209.189 - - [25/Jul/2015:07:43:52 -0500] "HEAD /wp-content/uploads/2015/07/ZONA-CHILE-500x320@2x.jpg HTTP/1.1" 404 -
157.55.80.72 - - [25/Jul/2015:07:43:53 -0500] "GET /wp-content/uploads/2015/07/ZONA-CALLE-93-500x320.jpg HTTP/1.1" 200 60489
157.55.80.72 - - [25/Jul/2015:07:43:53 -0500] "GET /wp-content/uploads/2015/07/logovamospa.png HTTP/1.1" 200 23492
157.55.80.72 - - [25/Jul/2015:07:43:53 -0500] "GET /wp-content/uploads/2015/07/gra-150x150.png HTTP/1.1" 200 21573
157.55.80.72 - - [25/Jul/2015:07:43:53 -0500] "GET /wp-content/uploads/2015/07/ZONA-NORTE-500x320.jpg HTTP/1.1" 200 73391
157.55.80.72 - - [25/Jul/2015:07:43:53 -0500] "GET /wp-content/uploads/2015/07/CUARTO.png HTTP/1.1" 200 107548
181.135.209.189 - - [25/Jul/2015:07:43:52 -0500] "HEAD /wp-content/uploads/2015/07/ZONA-CHILE-500x320@2x.jpg HTTP/1.1" 404 -
157.55.80.72 - - [25/Jul/2015:07:43:54 -0500] "GET /wp-content/uploads/2015/07/organiza.1png.png HTTP/1.1" 200 13934
157.55.80.72 - - [25/Jul/2015:07:43:54 -0500] "GET /wp-content/uploads/2015/06/10-signos.jpg HTTP/1.1" 200 117006
157.55.80.72 - - [25/Jul/2015:07:43:54 -0500] "GET /wp-content/uploads/2015/07/documentos-de-interes-150x150.png HTTP/1.1" 200 20342
157.55.80.72 - - [25/Jul/2015:07:43:54 -0500] "GET /wp-content/uploads/2015/07/invita11.png HTTP/1.1" 200 18660
157.55.80.72 - - [25/Jul/2015:07:43:54 -0500] "GET /wp-content/uploads/2015/07/Transmilenio-500x320.jpg HTTP/1.1" 200 64638
157.55.80.72 - - [25/Jul/2015:07:43:54 -0500] "GET /wp-content/uploads/2015/07/organiza3.png HTTP/1.1" 200 10795
157.55.80.72 - - [25/Jul/2015:07:43:54 -0500] "GET /wp-content/uploads/2015/07/noticias-vector-150x150.png HTTP/1.1" 200 22181
181.135.209.189 - - [25/Jul/2015:07:43:53 -0500] "HEAD /wp-content/uploads/2015/07/ZONA-CHILE-500x320@2x.jpg HTTP/1.1" 404 -
181.135.209.189 - - [25/Jul/2015:07:43:53 -0500] "HEAD /wp-content/uploads/2015/06/llantas-usadas-web@2x.jpg HTTP/1.1" 404 -
181.135.209.189 - - [25/Jul/2015:07:43:53 -0500] "HEAD /wp-content/uploads/2015/07/ZONA-CHILE-500x320@2x.jpg HTTP/1.1" 404 -
181.135.209.189 - - [25/Jul/2015:07:43:53 -0500] "HEAD /wp-content/uploads/2015/06/10-signos@2x.jpg HTTP/1.1" 404 -
157.55.80.72 - - [25/Jul/2015:07:43:54 -0500] "GET /wp-content/uploads/2015/07/PLAZA-DE-BOLIVAR1-500x320.jpg HTTP/1.1" 200 55808
157.55.80.72 - - [25/Jul/2015:07:43:54 -0500] "GET /wp-content/uploads/2015/07/Plaza-de-toros-500x320.jpg HTTP/1.1" 200 69183
157.55.80.72 - - [25/Jul/2015:07:43:54 -0500] "GET /wp-content/uploads/2015/07/MALOKA-500x320.jpg HTTP/1.1" 200 51743
157.55.80.72 - - [25/Jul/2015:07:43:54 -0500] "GET /wp-content/uploads/2015/07/textoinvita.png HTTP/1.1" 200 21517
157.55.80.72 - - [25/Jul/2015:07:43:54 -0500] "GET /wp-content/uploads/2015/07/PANORAMICA-DE-BOGOTA-500x320.jpg HTTP/1.1" 200 46662
157.55.80.72 - - [25/Jul/2015:07:43:54 -0500] "GET /wp-content/uploads/2015/07/Teleferico-500x320.jpg HTTP/1.1" 200 84467
157.55.80.72 - - [25/Jul/2015:07:43:54 -0500] "GET /wp-content/uploads/2015/07/apoya2.png HTTP/1.1" 200 19925
157.55.80.72 - - [25/Jul/2015:07:43:54 -0500] "GET /wp-content/uploads/2015/07/JardinBotanico-500x320.jpg HTTP/1.1" 200 71644
181.135.209.189 - - [25/Jul/2015:07:43:53 -0500] "HEAD /wp-content/uploads/2015/07/ZONA-CHILE-500x320@2x.jpg HTTP/1.1" 404 -
157.55.80.72 - - [25/Jul/2015:07:43:55 -0500] "GET /wp-content/uploads/2015/06/alianza-madera.jpg HTTP/1.1" 200 40144
181.135.209.189 - - [25/Jul/2015:07:43:53 -0500] "HEAD /wp-content/uploads/2015/06/Comparendo-ambiental-01@2x.jpg HTTP/1.1" 404 -
157.55.80.72 - - [25/Jul/2015:07:43:55 -0500] "GET /wp-content/uploads/2015/06/llantas-usadas-web.jpg HTTP/1.1" 200 37948
157.55.80.72 - - [25/Jul/2015:07:43:55 -0500] "GET /wp-content/uploads/2015/07/invita21.png HTTP/1.1" 200 9732
157.55.80.72 - - [25/Jul/2015:07:43:55 -0500] "GET /wp-content/uploads/2015/07/comunicados-150x150.png HTTP/1.1" 200 28248
157.55.80.72 - - [25/Jul/2015:07:43:55 -0500] "GET /wp-content/uploads/2015/07/usaquen-500x320.jpg HTTP/1.1" 200 60614
157.55.80.72 - - [25/Jul/2015:07:43:55 -0500] "GET /wp-content/uploads/2015/07/apoya5.png HTTP/1.1" 200 12685
181.135.209.189 - - [25/Jul/2015:07:43:54 -0500] "HEAD /wp-content/uploads/2015/06/alianza-madera@2x.jpg HTTP/1.1" 404 -
157.55.80.72 - - [25/Jul/2015:07:43:55 -0500] "GET /wp-content/uploads/2015/07/apoya6.png HTTP/1.1" 200 17211
157.55.80.72 - - [25/Jul/2015:07:43:55 -0500] "GET /wp-content/uploads/2015/07/apoya7.png HTTP/1.1" 200 16505
181.135.209.189 - - [25/Jul/2015:07:43:54 -0500] "HEAD /wp-content/uploads/2015/06/Banner-Caracol-Africano-01@2x.jpg HTTP/1.1" 404 -
157.55.80.72 - - [25/Jul/2015:07:43:55 -0500] "GET /wp-content/uploads/2015/07/organiza5.png HTTP/1.1" 200 10074
157.55.80.72 - - [25/Jul/2015:07:43:55 -0500] "GET /wp-content/uploads/2015/06/Comparendo-ambiental-01.jpg HTTP/1.1" 200 279468
157.55.80.72 - - [25/Jul/2015:07:43:55 -0500] "GET /wp-content/uploads/2015/07/organiza4.png HTTP/1.1" 200 13858
157.55.80.72 - - [25/Jul/2015:07:43:55 -0500] "GET /wp-content/uploads/2015/07/organiza2.png HTTP/1.1" 200 18295
157.55.80.72 - - [25/Jul/2015:07:43:55 -0500] "GET /wp-content/uploads/2015/07/apoya4.png HTTP/1.1" 200 25607
181.135.209.189 - - [25/Jul/2015:07:43:54 -0500] "HEAD /wp-content/uploads/2015/07/organiza2@2x.png HTTP/1.1" 404 -
157.55.80.72 - - [25/Jul/2015:07:43:55 -0500] "GET /wp-content/uploads/2015/07/Jardin-Botanico2-500x320.jpg HTTP/1.1" 200 79916
157.55.80.72 - - [25/Jul/2015:07:43:55 -0500] "GET /wp-content/uploads/2015/07/organiza6.png HTTP/1.1" 200 11772
157.55.80.72 - - [25/Jul/2015:07:43:55 -0500] "GET /wp-content/uploads/2015/07/invita31.png HTTP/1.1" 200 15298
157.55.80.72 - - [25/Jul/2015:07:43:55 -0500] "GET /wp-content/uploads/2015/07/apoya8.png HTTP/1.1" 200 13048
157.55.80.72 - - [25/Jul/2015:07:43:56 -0500] "GET /wp-content/uploads/2015/07/apoya.png HTTP/1.1" 200 15112
157.55.80.72 - - [25/Jul/2015:07:43:56 -0500] "GET /wp-content/uploads/2015/07/apoya3.png HTTP/1.1" 200 16355
181.135.209.189 - - [25/Jul/2015:07:43:55 -0500] "HEAD /wp-content/uploads/2015/07/organiza4@2x.png HTTP/1.1" 404 -
181.135.209.189 - - [25/Jul/2015:07:43:55 -0500] "HEAD /wp-content/uploads/2015/07/organiza6@2x.png HTTP/1.1" 404 -
181.135.209.189 - - [25/Jul/2015:07:43:55 -0500] "HEAD /wp-content/uploads/2015/07/organiza5@2x.png HTTP/1.1" 404 -
157.55.80.72 - - [25/Jul/2015:07:43:56 -0500] "GET /wp-content/uploads/2015/06/Banner-Caracol-Africano-01.jpg HTTP/1.1" 200 360987
181.135.209.189 - - [25/Jul/2015:07:43:54 -0500] "HEAD /wp-content/uploads/2015/07/organiza.1png@2x.png HTTP/1.1" 404 -
181.135.209.189 - - [25/Jul/2015:07:43:55 -0500] "HEAD /wp-content/uploads/2015/07/invita11@2x.png HTTP/1.1" 404 -
181.135.209.189 - - [25/Jul/2015:07:43:55 -0500] "HEAD /wp-content/uploads/2015/07/organiza3@2x.png HTTP/1.1" 404 -
181.135.209.189 - - [25/Jul/2015:07:43:56 -0500] "HEAD /wp-content/uploads/2015/07/invita31@2x.png HTTP/1.1" 404 -
181.135.209.189 - - [25/Jul/2015:07:43:56 -0500] "HEAD /wp-content/uploads/2015/07/apoya@2x.png HTTP/1.1" 404 -
181.135.209.189 - - [25/Jul/2015:07:43:56 -0500] "HEAD /wp-content/uploads/2015/07/invita21@2x.png HTTP/1.1" 404 -
181.135.209.189 - - [25/Jul/2015:07:43:56 -0500] "HEAD /wp-content/uploads/2015/07/apoya2@2x.png HTTP/1.1" 404 -
181.135.209.189 - - [25/Jul/2015:07:43:56 -0500] "HEAD /wp-content/uploads/2015/07/apoya3@2x.png HTTP/1.1" 404 -
181.135.209.189 - - [25/Jul/2015:07:43:57 -0500] "GET /favicon.ico HTTP/1.1" 200 -
181.135.209.189 - - [25/Jul/2015:07:43:57 -0500] "GET /favicon.ico HTTP/1.1" 200 -
181.135.209.189 - - [25/Jul/2015:07:43:57 -0500] "GET /favicon.ico HTTP/1.1" 200 -
181.135.209.189 - - [25/Jul/2015:07:43:57 -0500] "GET /favicon.ico HTTP/1.1" 200 -
181.135.209.189 - - [25/Jul/2015:07:43:58 -0500] "GET /favicon.ico HTTP/1.1" 200 -
181.135.209.189 - - [25/Jul/2015:07:43:56 -0500] "HEAD /wp-content/uploads/2015/07/apoya4@2x.png HTTP/1.1" 404 -
181.135.209.189 - - [25/Jul/2015:07:43:57 -0500] "HEAD /wp-content/uploads/2015/07/apoya5@2x.png HTTP/1.1" 404 -
181.135.209.189 - - [25/Jul/2015:07:43:57 -0500] "HEAD /wp-content/uploads/2015/07/apoya6@2x.png HTTP/1.1" 404 -
181.135.209.189 - - [25/Jul/2015:07:43:57 -0500] "HEAD /wp-content/uploads/2015/07/apoya7@2x.png HTTP/1.1" 404 -
181.135.209.189 - - [25/Jul/2015:07:43:57 -0500] "HEAD /wp-content/uploads/2015/07/apoya8@2x.png HTTP/1.1" 404 -
172.22.2.3 - - [25/Jul/2015:07:44:04 -0500] "POST /cumbredelclima/wp-admin/admin-ajax.php HTTP/1.1" 200 23
201.245.192.253 - - [25/Jul/2015:07:44:08 -0500] "POST /wp-admin/admin-ajax.php HTTP/1.1" 200 23
157.55.80.72 - - [25/Jul/2015:07:44:10 -0500] "GET /wp-content/plugins/gallery-video/Front_images/arrows/arrows.simple.png HTTP/1.1" 304 -
157.55.80.72 - - [25/Jul/2015:07:44:15 -0500] "GET /wp-content/plugins/content-views-query-and-display-post-page/assets/bootstrap/css/bootstrap.min.css?ver=3.3.0 HTTP/1.1" 304 -
66.249.64.106 - - [25/Jul/2015:07:44:17 -0500] "GET /BLA/resoluciones/RESOLUCIONES%202013/0184.pdf HTTP/1.1" 304 -
66.249.64.253 - - [25/Jul/2015:07:44:17 -0500] "GET / HTTP/1.1" 200 10190
172.22.2.3 - - [25/Jul/2015:07:44:19 -0500] "POST /cumbredelclima/wp-admin/admin-ajax.php HTTP/1.1" 200 23
200.1.126.10 - - [25/Jul/2015:07:44:24 -0500] "GET /galeria/nivo-slider/demo/images/acuerdo_569.jpg HTTP/1.1" 304 -
186.85.103.243 - - [25/Jul/2015:07:44:27 -0500] "GET /galeria/galeria/fotos/Humedal-la-conejera1P.jpg HTTP/1.1" 200 31504
186.85.103.243 - - [25/Jul/2015:07:44:27 -0500] "GET /galeria/galeria/fotos/Humedal-la-conejera3P.jpg HTTP/1.1" 200 31355
186.85.103.243 - - [25/Jul/2015:07:44:27 -0500] "GET /galeria/galeria/jquery.fancybox.css?v=2.1.5 HTTP/1.1" 304 -
186.85.103.243 - - [25/Jul/2015:07:44:27 -0500] "GET /galeria/galeria/jquery.fancybox.js?v=2.1.5 HTTP/1.1" 304 -
186.85.103.243 - - [25/Jul/2015:07:44:27 -0500] "GET /galeria/galeria/fotos/Humedal-la-conejera4P.jpg HTTP/1.1" 200 33365
186.85.103.243 - - [25/Jul/2015:07:44:27 -0500] "GET /galeria/galeria/fotos/Humedal-la-conejera2P.jpg HTTP/1.1" 200 31007
172.22.2.3 - - [25/Jul/2015:07:44:34 -0500] "POST /cumbredelclima/wp-admin/admin-ajax.php HTTP/1.1" 200 23
181.63.181.42 - - [25/Jul/2015:07:43:50 -0500] "POST /forest/buscar.do? HTTP/1.1" 200 9702
186.85.103.243 - - [25/Jul/2015:07:44:45 -0500] "GET /galeria/galeria/jquery.fancybox.js?v=2.1.5 HTTP/1.1" 304 -
186.85.103.243 - - [25/Jul/2015:07:44:45 -0500] "GET /galeria/galeria/jquery.fancybox.css?v=2.1.5 HTTP/1.1" 304 -
172.22.2.3 - - [25/Jul/2015:07:44:49 -0500] "POST /cumbredelclima/wp-admin/admin-ajax.php HTTP/1.1" 200 23
66.249.64.96 - - [25/Jul/2015:07:44:58 -0500] "GET /BLA/resoluciones/RESOLUCIONES%202012/0619.pdf HTTP/1.1" 304 -
172.22.2.3 - - [25/Jul/2015:07:45:04 -0500] "POST /cumbredelclima/wp-admin/admin-ajax.php HTTP/1.1" 200 23
172.22.2.3 - - [25/Jul/2015:07:45:19 -0500] "POST /cumbredelclima/wp-admin/admin-ajax.php HTTP/1.1" 200 23
66.249.64.96 - - [25/Jul/2015:07:45:25 -0500] "GET /BLA/resoluciones/Notificaciones/AUTOS%202014/5991.doc HTTP/1.1" 200 154112
190.9.203.90 - - [25/Jul/2015:07:45:30 -0500] "GET /BLA/resoluciones/AUTOS%202011/2404.pdf HTTP/1.1" 200 163725
172.22.2.3 - - [25/Jul/2015:07:45:34 -0500] "POST /cumbredelclima/wp-admin/admin-ajax.php HTTP/1.1" 200 23
66.249.64.101 - - [25/Jul/2015:07:45:38 -0500] "GET /BLA/resoluciones/AUTOS%202014/6904.pdf HTTP/1.1" 304 -
172.22.2.3 - - [25/Jul/2015:07:45:49 -0500] "POST /cumbredelclima/wp-admin/admin-ajax.php HTTP/1.1" 200 23
74.86.158.107 - - [25/Jul/2015:07:45:54 -0500] "HEAD / HTTP/1.1" 200 -
172.22.2.3 - - [25/Jul/2015:07:46:04 -0500] "POST /cumbredelclima/wp-admin/admin-ajax.php HTTP/1.1" 200 23
66.249.64.101 - - [25/Jul/2015:07:46:19 -0500] "GET /BLA/resoluciones/AUTOS%202014/1522.pdf HTTP/1.1" 304 -
172.22.2.3 - - [25/Jul/2015:07:46:19 -0500] "POST /cumbredelclima/wp-admin/admin-ajax.php HTTP/1.1" 200 23
201.245.161.67 - - [25/Jul/2015:07:46:19 -0500] "GET /galeria/galeria/jquery.fancybox.css?v=2.1.5 HTTP/1.1" 200 4895
201.245.161.67 - - [25/Jul/2015:07:46:19 -0500] "GET /BLA/boletinlegal/js/jquery.scrollShow.js HTTP/1.1" 200 4586
201.245.161.67 - - [25/Jul/2015:07:46:19 -0500] "GET /galeria/galeria/jquery.fancybox.js?v=2.1.5 HTTP/1.1" 200 48706
201.245.192.253 - - [25/Jul/2015:07:46:19 -0500] "GET /forest/session.jsp?a=0.6954760760513798 HTTP/1.1" 200 4
201.245.192.253 - - [25/Jul/2015:07:46:08 -0500] "POST /wp-admin/admin-ajax.php HTTP/1.1" 200 23
201.245.161.67 - - [25/Jul/2015:07:46:29 -0500] "GET /galeria/galeria/jquery.fancybox.css?v=2.1.5 HTTP/1.1" 304 -
201.245.161.67 - - [25/Jul/2015:07:46:29 -0500] "GET /BLA/boletinlegal/js/jquery.scrollShow.js HTTP/1.1" 304 -
201.245.161.67 - - [25/Jul/2015:07:46:29 -0500] "GET /galeria/galeria/jquery.fancybox.js?v=2.1.5 HTTP/1.1" 304 -
172.22.2.3 - - [25/Jul/2015:07:46:34 -0500] "POST /cumbredelclima/wp-admin/admin-ajax.php HTTP/1.1" 200 23
172.22.2.3 - - [25/Jul/2015:07:46:49 -0500] "POST /cumbredelclima/wp-admin/admin-ajax.php HTTP/1.1" 200 23
66.249.64.106 - - [25/Jul/2015:07:47:00 -0500] "GET /BLA/resoluciones/RESOLUCIONES%202010/7253.pdf HTTP/1.1" 304 -
172.22.2.3 - - [25/Jul/2015:07:47:04 -0500] "POST /cumbredelclima/wp-admin/admin-ajax.php HTTP/1.1" 200 23
172.22.2.3 - - [25/Jul/2015:07:47:19 -0500] "POST /cumbredelclima/wp-admin/admin-ajax.php HTTP/1.1" 200 23
172.22.2.3 - - [25/Jul/2015:07:47:34 -0500] "POST /cumbredelclima/wp-admin/admin-ajax.php HTTP/1.1" 200 23
190.90.63.99 - - [25/Jul/2015:07:47:36 -0500] "GET /BLA/boletinlegal/js/jquery.scrollShow.js HTTP/1.1" 200 4586
190.90.63.99 - - [25/Jul/2015:07:47:36 -0500] "GET /galeria/galeria/jquery.fancybox.css?v=2.1.5 HTTP/1.1" 200 4895
190.90.63.99 - - [25/Jul/2015:07:47:38 -0500] "GET /galeria/galeria/jquery.fancybox.js?v=2.1.5 HTTP/1.1" 200 48706
66.249.64.106 - - [25/Jul/2015:07:47:41 -0500] "GET /BLA/resoluciones/RESOLUCIONES%202013/1450.pdf HTTP/1.1" 304 -
201.245.192.253 - - [25/Jul/2015:07:47:44 -0500] "GET /forest/session.jsp?a=0.8164237997336755 HTTP/1.1" 200 4
190.90.63.99 - - [25/Jul/2015:07:47:49 -0500] "GET /BLA/boletinlegal/js/jquery.scrollShow.js HTTP/1.1" 304 -
190.90.63.99 - - [25/Jul/2015:07:47:49 -0500] "GET /galeria/galeria/jquery.fancybox.js?v=2.1.5 HTTP/1.1" 304 -
190.90.63.99 - - [25/Jul/2015:07:47:49 -0500] "GET /galeria/galeria/jquery.fancybox.css?v=2.1.5 HTTP/1.1" 304 -
201.245.235.199 - - [25/Jul/2015:07:47:49 -0500] "GET /galeria/nivo-slider/demo/demo.html HTTP/1.1" 200 5224
201.245.235.199 - - [25/Jul/2015:07:47:49 -0500] "GET /galeria/nivo-slider/themes/default/default.css HTTP/1.1" 200 1569
201.245.235.199 - - [25/Jul/2015:07:47:49 -0500] "GET /galeria/nivo-slider/themes/pascal/pascal.css HTTP/1.1" 200 2258
201.245.235.199 - - [25/Jul/2015:07:47:49 -0500] "GET /galeria/nivo-slider/themes/orman/orman.css HTTP/1.1" 200 2152
201.245.235.199 - - [25/Jul/2015:07:47:49 -0500] "GET /galeria/nivo-slider/nivo-slider.css HTTP/1.1" 200 1507
201.245.235.199 - - [25/Jul/2015:07:47:49 -0500] "GET /galeria/nivo-slider/demo/style.css HTTP/1.1" 200 2222
201.245.235.199 - - [25/Jul/2015:07:47:49 -0500] "GET /galeria/nivo-slider/demo/scripts/jquery-1.7.1.min.js HTTP/1.1" 200 93868
172.22.2.3 - - [25/Jul/2015:07:47:49 -0500] "POST /cumbredelclima/wp-admin/admin-ajax.php HTTP/1.1" 200 23
201.245.235.199 - - [25/Jul/2015:07:47:50 -0500] "GET /galeria/nivo-slider/demo/images/Rendicion-de-cuentas.jpg HTTP/1.1" 200 309079
201.245.235.199 - - [25/Jul/2015:07:47:50 -0500] "GET /galeria/nivo-slider/demo/images/banner-llantas2.jpg HTTP/1.1" 200 204644
201.245.235.199 - - [25/Jul/2015:07:47:50 -0500] "GET /galeria/nivo-slider/demo/images/Semana-PYBA.jpg HTTP/1.1" 200 147360
201.245.235.199 - - [25/Jul/2015:07:47:51 -0500] "GET /galeria/nivo-slider/themes/default/loading.gif HTTP/1.1" 200 1737
201.245.235.199 - - [25/Jul/2015:07:47:51 -0500] "GET /galeria/nivo-slider/demo/images/4Simple_Slider.png HTTP/1.1" 200 11722
201.245.235.199 - - [25/Jul/2015:07:47:51 -0500] "GET /galeria/nivo-slider/demo/images/PREDAcamp.jpg HTTP/1.1" 200 295358
201.245.235.199 - - [25/Jul/2015:07:47:52 -0500] "GET /galeria/nivo-slider/demo/images/VoluntariadoPYBA.jpg HTTP/1.1" 200 40647
201.245.235.199 - - [25/Jul/2015:07:47:53 -0500] "GET /galeria/nivo-slider/demo/images/9Signos.jpg HTTP/1.1" 200 81776
201.245.235.199 - - [25/Jul/2015:07:47:54 -0500] "GET /galeria/nivo-slider/demo/images/Comparendo-ambiental-Banner.jpg HTTP/1.1" 200 83731
201.245.235.199 - - [25/Jul/2015:07:47:55 -0500] "GET /galeria/nivo-slider/demo/images/GAE-banner.jpg HTTP/1.1" 200 97556
201.245.235.199 - - [25/Jul/2015:07:47:55 -0500] "GET /galeria/nivo-slider/demo/images/Banner-encuesta-de-percepscio.jpg HTTP/1.1" 200 201899
201.245.235.199 - - [25/Jul/2015:07:47:55 -0500] "GET /galeria/nivo-slider/demo/images/banner-Pacto-por-la-madera.jpg HTTP/1.1" 200 209966
201.245.235.199 - - [25/Jul/2015:07:47:55 -0500] "GET /galeria/nivo-slider/demo/images/acuerdo_569.jpg HTTP/1.1" 200 62670
201.245.235.199 - - [25/Jul/2015:07:47:55 -0500] "GET /galeria/nivo-slider/demo/images/Licitaciones-proyecto-paramo.jpg HTTP/1.1" 200 221877
201.245.235.199 - - [25/Jul/2015:07:47:55 -0500] "GET /galeria/nivo-slider/demo/images/Banner-decreto1299.jpg HTTP/1.1" 200 182613
201.245.235.199 - - [25/Jul/2015:07:47:55 -0500] "GET /galeria/nivo-slider/demo/images/Banner-Directorio.jpg HTTP/1.1" 200 182068
201.245.235.199 - - [25/Jul/2015:07:47:56 -0500] "GET /galeria/nivo-slider/demo/images/Ruta-vertimientos-01.jpg HTTP/1.1" 200 130151
201.245.235.199 - - [25/Jul/2015:07:47:58 -0500] "GET /galeria/nivo-slider/demo/images/bolsas-06.jpg HTTP/1.1" 200 90982
201.245.235.199 - - [25/Jul/2015:07:47:58 -0500] "GET /galeria/nivo-slider/demo/images/Conoce-los-humedales.jpg HTTP/1.1" 200 294036
201.245.235.199 - - [25/Jul/2015:07:47:58 -0500] "GET /galeria/nivo-slider/demo/images/ecolecta-Dic2014.png HTTP/1.1" 200 288593
201.245.235.199 - - [25/Jul/2015:07:47:59 -0500] "GET /galeria/nivo-slider/demo/images/Banner-Caracol-Africano.jpg HTTP/1.1" 200 331986
172.22.2.3 - - [25/Jul/2015:07:48:04 -0500] "POST /cumbredelclima/wp-admin/admin-ajax.php HTTP/1.1" 200 23
172.22.2.3 - - [25/Jul/2015:07:48:19 -0500] "POST /cumbredelclima/wp-admin/admin-ajax.php HTTP/1.1" 200 23
66.249.64.106 - - [25/Jul/2015:07:48:21 -0500] "GET /BLA/resoluciones/AUTOS%202011/1968.pdf HTTP/1.1" 304 -
201.245.192.253 - - [25/Jul/2015:07:48:08 -0500] "POST /wp-admin/admin-ajax.php HTTP/1.1" 200 23
172.22.2.3 - - [25/Jul/2015:07:48:34 -0500] "POST /cumbredelclima/wp-admin/admin-ajax.php HTTP/1.1" 200 23
66.249.64.253 - - [25/Jul/2015:07:48:44 -0500] "GET /BLA/boletinlegal/jurisprudencia/analisis/Analisis%20jurisprudencial%20Sentencia%20C-366-11.doc HTTP/1.1" 304 -
172.22.2.3 - - [25/Jul/2015:07:48:49 -0500] "POST /cumbredelclima/wp-admin/admin-ajax.php HTTP/1.1" 200 23
66.249.64.96 - - [25/Jul/2015:07:49:02 -0500] "GET /BLA/resoluciones/AUTOS%202010/1470.pdf HTTP/1.1" 304 -
172.22.2.3 - - [25/Jul/2015:07:49:04 -0500] "POST /cumbredelclima/wp-admin/admin-ajax.php HTTP/1.1" 200 23
172.22.2.3 - - [25/Jul/2015:07:49:19 -0500] "POST /cumbredelclima/wp-admin/admin-ajax.php HTTP/1.1" 200 23
172.22.2.3 - - [25/Jul/2015:07:49:34 -0500] "POST /cumbredelclima/wp-admin/admin-ajax.php HTTP/1.1" 200 23
66.249.64.101 - - [25/Jul/2015:07:49:43 -0500] "GET /BLA/resoluciones/RESOLUCIONES%202009/8359.pdf HTTP/1.1" 304 -
172.22.2.3 - - [25/Jul/2015:07:49:49 -0500] "POST /cumbredelclima/wp-admin/admin-ajax.php HTTP/1.1" 200 23
181.135.209.189 - - [25/Jul/2015:07:49:47 -0500] "HEAD /wp-content/uploads/2015/07/UNO@2x.png HTTP/1.1" 404 -
181.135.209.189 - - [25/Jul/2015:07:49:47 -0500] "HEAD /wp-content/uploads/2015/07/recuadros-2@2x.png HTTP/1.1" 404 -
181.135.209.189 - - [25/Jul/2015:07:49:47 -0500] "HEAD /wp-content/uploads/2015/06/Untitled-1@2x.png HTTP/1.1" 404 -
181.135.209.189 - - [25/Jul/2015:07:49:47 -0500] "HEAD /wp-content/uploads/2015/07/3@2x.jpg HTTP/1.1" 404 -
181.135.209.189 - - [25/Jul/2015:07:49:47 -0500] "HEAD /wp-content/uploads/2015/07/1@2x.jpg HTTP/1.1" 404 -
181.135.209.189 - - [25/Jul/2015:07:49:47 -0500] "HEAD /wp-content/uploads/2015/07/2@2x.jpg HTTP/1.1" 404 -
181.135.209.189 - - [25/Jul/2015:07:50:01 -0500] "HEAD /wp-content/uploads/2015/07/DOS@2x.png HTTP/1.1" 404 -
181.135.209.189 - - [25/Jul/2015:07:50:01 -0500] "HEAD /wp-content/uploads/2015/07/CUARTO@2x.png HTTP/1.1" 404 -
181.135.209.189 - - [25/Jul/2015:07:50:01 -0500] "HEAD /wp-content/uploads/2015/07/TERCER@2x.png HTTP/1.1" 404 -
181.135.209.189 - - [25/Jul/2015:07:50:01 -0500] "HEAD /wp-content/uploads/2015/07/franja@2x.jpg HTTP/1.1" 404 -
181.135.209.189 - - [25/Jul/2015:07:50:01 -0500] "HEAD /wp-content/uploads/2015/07/logosolopng@2x.png HTTP/1.1" 404 -
181.135.209.189 - - [25/Jul/2015:07:50:01 -0500] "HEAD /wp-content/uploads/2015/07/fecha-eventosolopng@2x.png HTTP/1.1" 404 -
181.135.209.189 - - [25/Jul/2015:07:50:02 -0500] "HEAD /wp-content/uploads/2015/07/logos@2x.png HTTP/1.1" 404 -
181.135.209.189 - - [25/Jul/2015:07:50:02 -0500] "HEAD /wp-content/uploads/2015/07/cuadro-azulconverde@2x.png HTTP/1.1" 404 -
181.135.209.189 - - [25/Jul/2015:07:50:02 -0500] "HEAD /wp-content/uploads/2015/07/imagencum@2x.png HTTP/1.1" 404 -
181.135.209.189 - - [25/Jul/2015:07:50:03 -0500] "HEAD /wp-content/uploads/2015/07/recuadro_1@2x.jpg HTTP/1.1" 404 -
181.135.209.189 - - [25/Jul/2015:07:50:03 -0500] "HEAD /wp-content/uploads/2015/07/gra-150x150@2x.png HTTP/1.1" 404 -
181.135.209.189 - - [25/Jul/2015:07:50:03 -0500] "HEAD /wp-content/uploads/2015/07/textoinvita@2x.png HTTP/1.1" 404 -
181.135.209.189 - - [25/Jul/2015:07:50:03 -0500] "HEAD /wp-content/uploads/2015/07/logovamospa@2x.png HTTP/1.1" 404 -
181.135.209.189 - - [25/Jul/2015:07:50:03 -0500] "HEAD /wp-content/uploads/2015/07/documentos-de-interes-150x150@2x.png HTTP/1.1" 404 -
172.22.2.3 - - [25/Jul/2015:07:50:04 -0500] "POST /cumbredelclima/wp-admin/admin-ajax.php HTTP/1.1" 200 23
181.135.209.189 - - [25/Jul/2015:07:50:03 -0500] "HEAD /wp-content/uploads/2015/07/logocambio@2x.png HTTP/1.1" 404 -
181.135.209.189 - - [25/Jul/2015:07:50:04 -0500] "HEAD /wp-content/uploads/2015/07/comunicados-150x150@2x.png HTTP/1.1" 404 -
181.135.209.189 - - [25/Jul/2015:07:50:04 -0500] "HEAD /wp-content/uploads/2015/07/noticias-vector-150x150@2x.png HTTP/1.1" 404 -
181.135.209.189 - - [25/Jul/2015:07:50:04 -0500] "HEAD /wp-content/uploads/2015/07/ZONA-CALLE-93-500x320@2x.jpg HTTP/1.1" 404 -
181.135.209.189 - - [25/Jul/2015:07:50:04 -0500] "HEAD /wp-content/uploads/2015/07/ZONA-CHILE-500x320@2x.jpg HTTP/1.1" 404 -
181.135.209.189 - - [25/Jul/2015:07:50:05 -0500] "HEAD /wp-content/uploads/2015/07/Usaquen-Sector-Financiero-500x320@2x.jpg HTTP/1.1" 404 -
181.135.209.189 - - [25/Jul/2015:07:50:04 -0500] "HEAD /wp-content/uploads/2015/07/ZONA-NORTE-500x320@2x.jpg HTTP/1.1" 404 -
181.135.209.189 - - [25/Jul/2015:07:50:05 -0500] "HEAD /wp-content/uploads/2015/07/usaquen-500x320@2x.jpg HTTP/1.1" 404 -
181.135.209.189 - - [25/Jul/2015:07:50:05 -0500] "HEAD /wp-content/uploads/2015/07/Transmilenio-500x320@2x.jpg HTTP/1.1" 404 -
181.135.209.189 - - [25/Jul/2015:07:50:05 -0500] "HEAD /wp-content/uploads/2015/07/Torre-Centro-Archivo-500x320@2x.jpg HTTP/1.1" 404 -
181.135.209.189 - - [25/Jul/2015:07:50:06 -0500] "HEAD /wp-content/uploads/2015/07/Plaza-de-toros-500x320@2x.jpg HTTP/1.1" 404 -
181.135.209.189 - - [25/Jul/2015:07:50:06 -0500] "HEAD /wp-content/uploads/2015/07/Teleferico-500x320@2x.jpg HTTP/1.1" 404 -
181.135.209.189 - - [25/Jul/2015:07:50:06 -0500] "HEAD /wp-content/uploads/2015/07/Jardin-Botanico2-500x320@2x.jpg HTTP/1.1" 404 -
181.135.209.189 - - [25/Jul/2015:07:50:06 -0500] "HEAD /wp-content/uploads/2015/07/JardinBotanico-500x320@2x.jpg HTTP/1.1" 404 -
181.135.209.189 - - [25/Jul/2015:07:50:06 -0500] "HEAD /wp-content/uploads/2015/07/MALOKA-500x320@2x.jpg HTTP/1.1" 404 -
181.135.209.189 - - [25/Jul/2015:07:50:07 -0500] "HEAD /wp-content/uploads/2015/07/PANORAMICA-DE-BOGOTA-500x320@2x.jpg HTTP/1.1" 404 -
181.135.209.189 - - [25/Jul/2015:07:50:06 -0500] "HEAD /wp-content/uploads/2015/07/PLAZA-DE-BOLIVAR1-500x320@2x.jpg HTTP/1.1" 404 -
181.135.209.189 - - [25/Jul/2015:07:50:07 -0500] "HEAD /wp-content/uploads/2015/06/10-signos@2x.jpg HTTP/1.1" 404 -
181.135.209.189 - - [25/Jul/2015:07:50:07 -0500] "HEAD /wp-content/uploads/2015/06/Comparendo-ambiental-01@2x.jpg HTTP/1.1" 404 -
181.135.209.189 - - [25/Jul/2015:07:50:08 -0500] "HEAD /wp-content/uploads/2015/06/Banner-Caracol-Africano-01@2x.jpg HTTP/1.1" 404 -
181.135.209.189 - - [25/Jul/2015:07:50:08 -0500] "HEAD /wp-content/uploads/2015/06/alianza-madera@2x.jpg HTTP/1.1" 404 -
181.135.209.189 - - [25/Jul/2015:07:50:08 -0500] "HEAD /wp-content/uploads/2015/07/organiza.1png@2x.png HTTP/1.1" 404 -
201.245.192.253 - - [25/Jul/2015:07:50:08 -0500] "POST /wp-admin/admin-ajax.php HTTP/1.1" 200 23
181.135.209.189 - - [25/Jul/2015:07:50:08 -0500] "HEAD /wp-content/uploads/2015/07/organiza4@2x.png HTTP/1.1" 404 -
181.135.209.189 - - [25/Jul/2015:07:50:08 -0500] "HEAD /wp-content/uploads/2015/07/organiza3@2x.png HTTP/1.1" 404 -
181.135.209.189 - - [25/Jul/2015:07:50:07 -0500] "HEAD /wp-content/uploads/2015/06/llantas-usadas-web@2x.jpg HTTP/1.1" 404 -
181.135.209.189 - - [25/Jul/2015:07:50:08 -0500] "HEAD /wp-content/uploads/2015/07/organiza2@2x.png HTTP/1.1" 404 -
181.135.209.189 - - [25/Jul/2015:07:50:09 -0500] "HEAD /wp-content/uploads/2015/07/organiza5@2x.png HTTP/1.1" 404 -
181.135.209.189 - - [25/Jul/2015:07:50:09 -0500] "HEAD /wp-content/uploads/2015/07/organiza6@2x.png HTTP/1.1" 404 -
181.135.209.189 - - [25/Jul/2015:07:50:10 -0500] "HEAD /wp-content/uploads/2015/07/invita11@2x.png HTTP/1.1" 404 -
181.135.209.189 - - [25/Jul/2015:07:50:10 -0500] "HEAD /wp-content/uploads/2015/07/invita21@2x.png HTTP/1.1" 404 -
181.135.209.189 - - [25/Jul/2015:07:50:10 -0500] "HEAD /wp-content/uploads/2015/07/invita31@2x.png HTTP/1.1" 404 -
181.135.209.189 - - [25/Jul/2015:07:50:10 -0500] "HEAD /wp-content/uploads/2015/07/apoya@2x.png HTTP/1.1" 404 -
181.135.209.189 - - [25/Jul/2015:07:50:10 -0500] "HEAD /wp-content/uploads/2015/07/apoya4@2x.png HTTP/1.1" 404 -
181.135.209.189 - - [25/Jul/2015:07:50:10 -0500] "HEAD /wp-content/uploads/2015/07/apoya5@2x.png HTTP/1.1" 404 -
181.135.209.189 - - [25/Jul/2015:07:50:11 -0500] "GET /favicon.ico HTTP/1.1" 200 -
181.135.209.189 - - [25/Jul/2015:07:50:10 -0500] "HEAD /wp-content/uploads/2015/07/apoya2@2x.png HTTP/1.1" 404 -
181.135.209.189 - - [25/Jul/2015:07:50:10 -0500] "HEAD /wp-content/uploads/2015/07/apoya3@2x.png HTTP/1.1" 404 -
181.135.209.189 - - [25/Jul/2015:07:50:12 -0500] "GET /favicon.ico HTTP/1.1" 200 -
181.135.209.189 - - [25/Jul/2015:07:50:11 -0500] "HEAD /wp-content/uploads/2015/07/apoya6@2x.png HTTP/1.1" 404 -
181.135.209.189 - - [25/Jul/2015:07:50:12 -0500] "GET /favicon.ico HTTP/1.1" 200 -
181.135.209.189 - - [25/Jul/2015:07:50:12 -0500] "GET /favicon.ico HTTP/1.1" 200 -
181.135.209.189 - - [25/Jul/2015:07:50:12 -0500] "GET /favicon.ico HTTP/1.1" 200 -
181.135.209.189 - - [25/Jul/2015:07:50:11 -0500] "HEAD /wp-content/uploads/2015/07/apoya7@2x.png HTTP/1.1" 404 -
181.135.209.189 - - [25/Jul/2015:07:50:11 -0500] "HEAD /wp-content/uploads/2015/07/apoya8@2x.png HTTP/1.1" 404 -
172.22.2.3 - - [25/Jul/2015:07:50:19 -0500] "POST /cumbredelclima/wp-admin/admin-ajax.php HTTP/1.1" 200 23
66.249.64.253 - - [25/Jul/2015:07:50:24 -0500] "GET /Autoliquidacion/Solicitudes%20relacionadas%20con%20calidad%20del%20aire%20auditiva%20y%20visual/Evaluaci%C3%B3n%20de%20estudios%20de%20Emisiones%20con%20miras%20a%20verificar%20el%20cumplimiento%20de%20las%20normas%20de%20emisiones/Aplicativo%20Evaluaci%C3%B3n%20de%20estudios%20de%20emisiones%202015.xlsx HTTP/1.1" 304 -
66.249.64.106 - - [25/Jul/2015:07:50:26 -0500] "GET /BLA/resoluciones/Notificaciones/AUTOS%202014/2115.doc HTTP/1.1" 200 269824
172.22.2.3 - - [25/Jul/2015:07:50:34 -0500] "POST /cumbredelclima/wp-admin/admin-ajax.php HTTP/1.1" 200 23
172.22.2.3 - - [25/Jul/2015:07:50:49 -0500] "POST /cumbredelclima/wp-admin/admin-ajax.php HTTP/1.1" 200 23
74.86.158.107 - - [25/Jul/2015:07:50:54 -0500] "HEAD / HTTP/1.1" 200 -
172.22.2.3 - - [25/Jul/2015:07:51:04 -0500] "POST /cumbredelclima/wp-admin/admin-ajax.php HTTP/1.1" 200 23
172.22.2.3 - - [25/Jul/2015:07:51:19 -0500] "POST /cumbredelclima/wp-admin/admin-ajax.php HTTP/1.1" 200 23
201.245.192.253 - - [25/Jul/2015:07:51:19 -0500] "GET /forest/session.jsp?a=0.07361359514428789 HTTP/1.1" 200 4
172.22.2.3 - - [25/Jul/2015:07:51:34 -0500] "POST /cumbredelclima/wp-admin/admin-ajax.php HTTP/1.1" 200 23
172.22.2.3 - - [25/Jul/2015:07:51:49 -0500] "POST /cumbredelclima/wp-admin/admin-ajax.php HTTP/1.1" 200 23
66.249.64.248 - - [25/Jul/2015:07:52:00 -0500] "GET /Autoliquidacion/Solicitudes%20relacionadas%20con%20calidad%20del%20aire%20auditiva%20y%20visual/Acompa%C3%B1amiento%20para%20muestreo%20isocin%C3%A9tico%20y%20o%20determinaciones%20de%20emisiones%20a%20fuentes%20fijas/lineamientos%20Construccion%20Mues%20Emision%20.pdf HTTP/1.1" 304 -
172.22.2.3 - - [25/Jul/2015:07:52:04 -0500] "POST /cumbredelclima/wp-admin/admin-ajax.php HTTP/1.1" 200 23
172.22.2.3 - - [25/Jul/2015:07:52:19 -0500] "POST /cumbredelclima/wp-admin/admin-ajax.php HTTP/1.1" 200 23
201.245.192.253 - - [25/Jul/2015:07:52:08 -0500] "POST /wp-admin/admin-ajax.php HTTP/1.1" 200 23
172.22.2.3 - - [25/Jul/2015:07:52:34 -0500] "POST /cumbredelclima/wp-admin/admin-ajax.php HTTP/1.1" 200 23
201.245.192.253 - - [25/Jul/2015:07:52:44 -0500] "GET /forest/session.jsp?a=0.1622845655402232 HTTP/1.1" 200 4
172.22.2.3 - - [25/Jul/2015:07:52:49 -0500] "POST /cumbredelclima/wp-admin/admin-ajax.php HTTP/1.1" 200 23
172.22.2.3 - - [25/Jul/2015:07:53:04 -0500] "POST /cumbredelclima/wp-admin/admin-ajax.php HTTP/1.1" 200 23
172.22.2.3 - - [25/Jul/2015:07:53:19 -0500] "POST /cumbredelclima/wp-admin/admin-ajax.php HTTP/1.1" 200 23
190.24.161.22 - - [25/Jul/2015:07:53:22 -0500] "GET /BLA/resoluciones/AUTOS%202011/2404.pdf HTTP/1.1" 200 163725
200.58.196.90 - - [25/Jul/2015:07:53:28 -0500] "GET /BLA/boletinlegal/js/jquery.scrollShow.js HTTP/1.1" 200 4586
200.58.196.90 - - [25/Jul/2015:07:53:28 -0500] "GET /galeria/galeria/jquery.fancybox.js?v=2.1.5 HTTP/1.1" 200 48706
200.58.196.90 - - [25/Jul/2015:07:53:28 -0500] "GET /galeria/galeria/jquery.fancybox.css?v=2.1.5 HTTP/1.1" 200 4895
200.58.196.90 - - [25/Jul/2015:07:53:28 -0500] "GET /galeria/carrusel/Carrusel/jquery.thumbnailScroller.css HTTP/1.1" 200 2066
200.58.196.90 - - [25/Jul/2015:07:53:28 -0500] "GET /galeria/carrusel/Carrusel/jquery-ui-1.8.13.custom.min.js HTTP/1.1" 200 10800
200.58.196.90 - - [25/Jul/2015:07:53:28 -0500] "GET /galeria/carrusel/Carrusel/jquery.thumbnailScroller.js HTTP/1.1" 200 8157
200.58.196.90 - - [25/Jul/2015:07:53:29 -0500] "GET /galeria/nivo-slider/demo/demo.html HTTP/1.1" 200 5224
200.58.196.90 - - [25/Jul/2015:07:53:31 -0500] "GET /galeria/nivo-slider/themes/default/default.css HTTP/1.1" 200 1569
200.58.196.90 - - [25/Jul/2015:07:53:31 -0500] "GET /galeria/nivo-slider/themes/pascal/pascal.css HTTP/1.1" 200 2258
200.58.196.90 - - [25/Jul/2015:07:53:31 -0500] "GET /galeria/nivo-slider/themes/orman/orman.css HTTP/1.1" 200 2152
200.58.196.90 - - [25/Jul/2015:07:53:31 -0500] "GET /galeria/nivo-slider/nivo-slider.css HTTP/1.1" 200 1507
200.58.196.90 - - [25/Jul/2015:07:53:31 -0500] "GET /galeria/nivo-slider/demo/style.css HTTP/1.1" 200 2222
200.58.196.90 - - [25/Jul/2015:07:53:31 -0500] "GET /galeria/nivo-slider/demo/scripts/jquery-1.7.1.min.js HTTP/1.1" 200 93868
200.58.196.90 - - [25/Jul/2015:07:53:31 -0500] "GET /galeria/nivo-slider/jquery.nivo.slider.pack.js HTTP/1.1" 200 11561
200.58.196.90 - - [25/Jul/2015:07:53:31 -0500] "GET /galeria/nivo-slider/demo/images/Rendicion-de-cuentas.jpg HTTP/1.1" 200 309079
200.58.196.90 - - [25/Jul/2015:07:53:31 -0500] "GET /galeria/nivo-slider/demo/images/banner-llantas2.jpg HTTP/1.1" 200 204644
200.58.196.90 - - [25/Jul/2015:07:53:31 -0500] "GET /galeria/nivo-slider/demo/images/Semana-PYBA.jpg HTTP/1.1" 200 147360
200.58.196.90 - - [25/Jul/2015:07:53:31 -0500] "GET /galeria/nivo-slider/demo/images/PREDAcamp.jpg HTTP/1.1" 200 295358
200.58.196.90 - - [25/Jul/2015:07:53:31 -0500] "GET /galeria/nivo-slider/demo/images/VoluntariadoPYBA.jpg HTTP/1.1" 200 40647
200.58.196.90 - - [25/Jul/2015:07:53:32 -0500] "GET /galeria/nivo-slider/demo/images/9Signos.jpg HTTP/1.1" 200 81776
200.58.196.90 - - [25/Jul/2015:07:53:32 -0500] "GET /galeria/nivo-slider/demo/images/Comparendo-ambiental-Banner.jpg HTTP/1.1" 200 83731
200.58.196.90 - - [25/Jul/2015:07:53:34 -0500] "GET /galeria/nivo-slider/demo/images/GAE-banner.jpg HTTP/1.1" 200 97556
200.58.196.90 - - [25/Jul/2015:07:53:34 -0500] "GET /galeria/nivo-slider/demo/images/Banner-encuesta-de-percepscio.jpg HTTP/1.1" 200 201899
172.22.2.3 - - [25/Jul/2015:07:53:34 -0500] "POST /cumbredelclima/wp-admin/admin-ajax.php HTTP/1.1" 200 23
200.58.196.90 - - [25/Jul/2015:07:53:35 -0500] "GET /galeria/nivo-slider/demo/images/banner-Pacto-por-la-madera.jpg HTTP/1.1" 200 209966
200.58.196.90 - - [25/Jul/2015:07:53:36 -0500] "GET /galeria/nivo-slider/demo/images/acuerdo_569.jpg HTTP/1.1" 200 62670
200.58.196.90 - - [25/Jul/2015:07:53:36 -0500] "GET /galeria/nivo-slider/demo/images/Licitaciones-proyecto-paramo.jpg HTTP/1.1" 200 221877
66.249.83.156 - - [25/Jul/2015:07:53:37 -0500] "GET /BLA/resoluciones/RESOLUCIONES%202012/0903.pdf HTTP/1.1" 200 300818
200.58.196.90 - - [25/Jul/2015:07:53:37 -0500] "GET /galeria/nivo-slider/demo/images/Banner-decreto1299.jpg HTTP/1.1" 200 182613
200.58.196.90 - - [25/Jul/2015:07:53:37 -0500] "GET /galeria/nivo-slider/demo/images/Banner-Directorio.jpg HTTP/1.1" 200 182068
200.58.196.90 - - [25/Jul/2015:07:53:37 -0500] "GET /galeria/nivo-slider/demo/images/Ruta-vertimientos-01.jpg HTTP/1.1" 200 130151
200.58.196.90 - - [25/Jul/2015:07:53:38 -0500] "GET /galeria/nivo-slider/demo/images/bolsas-06.jpg HTTP/1.1" 200 90982
200.58.196.90 - - [25/Jul/2015:07:53:38 -0500] "GET /galeria/nivo-slider/demo/images/Conoce-los-humedales.jpg HTTP/1.1" 200 294036
200.58.196.90 - - [25/Jul/2015:07:53:39 -0500] "GET /galeria/nivo-slider/demo/images/ecolecta-Dic2014.png HTTP/1.1" 200 288593
200.58.196.90 - - [25/Jul/2015:07:53:39 -0500] "GET /galeria/nivo-slider/demo/images/Banner-Caracol-Africano.jpg HTTP/1.1" 200 331986
200.58.196.90 - - [25/Jul/2015:07:53:40 -0500] "GET /galeria/nivo-slider/demo/images/4Simple_Slider.png HTTP/1.1" 200 11722
200.58.196.90 - - [25/Jul/2015:07:53:40 -0500] "GET /galeria/nivo-slider/themes/default/loading.gif HTTP/1.1" 200 1737
