172.22.2.3 - - [25/Jul/2015:04:00:58 -0500] "POST /cumbredelclima/wp-admin/admin-ajax.php HTTP/1.1" 200 47
172.22.2.3 - - [25/Jul/2015:04:01:13 -0500] "POST /cumbredelclima/wp-admin/admin-ajax.php HTTP/1.1" 200 47
201.245.192.253 - - [25/Jul/2015:04:01:17 -0500] "GET /forest/session.jsp?a=0.13988621309427407 HTTP/1.1" 200 4
66.249.67.63 - - [25/Jul/2015:04:01:23 -0500] "GET /BLA/resoluciones/RESOLUCIONES%202007/RES%202007%202101%20AL%202200/RESOLUCION%202105%20DE%202007.pdf HTTP/1.1" 304 -
172.22.2.3 - - [25/Jul/2015:04:01:28 -0500] "POST /cumbredelclima/wp-admin/admin-ajax.php HTTP/1.1" 200 47
172.22.2.3 - - [25/Jul/2015:04:01:43 -0500] "POST /cumbredelclima/wp-admin/admin-ajax.php HTTP/1.1" 200 47
66.249.67.63 - - [25/Jul/2015:04:01:49 -0500] "GET /BLA/boletinlegal/Directivas/2011/Directiva%20No.%206%20del%208%20de%20Septiembre%20de%202011.pdf HTTP/1.1" 200 996625
172.22.2.3 - - [25/Jul/2015:04:01:58 -0500] "POST /cumbredelclima/wp-admin/admin-ajax.php HTTP/1.1" 200 47
66.249.67.69 - - [25/Jul/2015:04:02:03 -0500] "GET /autoliquidacion/Solicitud%20de%20expedici%C3%B3n%20de%20certificados%20de%20estado%20de%20conservaci%C3%B3n%20ambiental%20(CECA)/FORMULARIO%20DE%20SOLICITUD%20DE%20CECA.pdf HTTP/1.1" 304 -
172.22.2.3 - - [25/Jul/2015:04:02:13 -0500] "POST /cumbredelclima/wp-admin/admin-ajax.php HTTP/1.1" 200 47
201.245.192.253 - - [25/Jul/2015:04:02:07 -0500] "POST /wp-admin/admin-ajax.php HTTP/1.1" 200 47
172.22.2.3 - - [25/Jul/2015:04:02:28 -0500] "POST /cumbredelclima/wp-admin/admin-ajax.php HTTP/1.1" 200 47
201.245.192.253 - - [25/Jul/2015:04:02:42 -0500] "GET /forest/session.jsp?a=0.22462105320207149 HTTP/1.1" 200 4
66.249.67.57 - - [25/Jul/2015:04:02:43 -0500] "GET /BLA/resoluciones/RESOLUCIONES%202007/RES%202007%202001%20AL%202100/RESOLUCION%202080%20DE%202007.pdf HTTP/1.1" 304 -
172.22.2.3 - - [25/Jul/2015:04:02:43 -0500] "POST /cumbredelclima/wp-admin/admin-ajax.php HTTP/1.1" 200 47
88.198.233.69 - - [25/Jul/2015:04:02:57 -0500] "GET / HTTP/1.1" 200 10190
172.22.2.3 - - [25/Jul/2015:04:02:58 -0500] "POST /cumbredelclima/wp-admin/admin-ajax.php HTTP/1.1" 200 47
172.22.2.3 - - [25/Jul/2015:04:03:13 -0500] "POST /cumbredelclima/wp-admin/admin-ajax.php HTTP/1.1" 200 47
66.249.67.69 - - [25/Jul/2015:04:03:21 -0500] "GET /BLA/resoluciones/RESOLUCIONES%202009/7846.pdf HTTP/1.1" 200 222025
66.249.67.57 - - [25/Jul/2015:04:03:23 -0500] "GET /BLA/resoluciones/RESOLUCIONES%202014/0452.pdf HTTP/1.1" 304 -
172.22.2.3 - - [25/Jul/2015:04:03:28 -0500] "POST /cumbredelclima/wp-admin/admin-ajax.php HTTP/1.1" 200 47
66.249.67.57 - - [25/Jul/2015:04:03:31 -0500] "GET /BLA/resoluciones/RESOLUCIONES%202010/1896.pdf HTTP/1.1" 200 684882
172.22.2.3 - - [25/Jul/2015:04:03:43 -0500] "POST /cumbredelclima/wp-admin/admin-ajax.php HTTP/1.1" 200 47
66.249.67.63 - - [25/Jul/2015:04:03:49 -0500] "GET /BLA/resoluciones/RESOLUCIONES%202012/0819.pdf HTTP/1.1" 200 451870
172.22.2.3 - - [25/Jul/2015:04:03:58 -0500] "POST /cumbredelclima/wp-admin/admin-ajax.php HTTP/1.1" 200 47
66.249.67.87 - - [25/Jul/2015:04:04:03 -0500] "GET /Anexos%20estudio%20Organizacional%20SDA/ANEXO%20No.%203-%20CONTRATACI%C3%93N%20%20OPS%C2%B4s%202008-2012/CONTRATOS%20SDA%202011%20POR%20DEPENDENCIA.xls HTTP/1.1" 304 -
172.22.2.3 - - [25/Jul/2015:04:04:13 -0500] "POST /cumbredelclima/wp-admin/admin-ajax.php HTTP/1.1" 200 47
201.245.192.253 - - [25/Jul/2015:04:04:07 -0500] "POST /wp-admin/admin-ajax.php HTTP/1.1" 200 47
66.249.67.69 - - [25/Jul/2015:04:04:27 -0500] "GET /BLA/resoluciones/RESOLUCIONES%202009/6796.pdf HTTP/1.1" 200 595368
172.22.2.3 - - [25/Jul/2015:04:04:28 -0500] "POST /cumbredelclima/wp-admin/admin-ajax.php HTTP/1.1" 200 47
66.249.67.57 - - [25/Jul/2015:04:04:43 -0500] "GET /BLA/resoluciones/RESOLUCIONES%202007/RES%202007%201901%20AL%202000/RESOLUCION%201945%20DE%202007.pdf HTTP/1.1" 304 -
172.22.2.3 - - [25/Jul/2015:04:04:43 -0500] "POST /cumbredelclima/wp-admin/admin-ajax.php HTTP/1.1" 200 47
172.22.2.3 - - [25/Jul/2015:04:04:58 -0500] "POST /cumbredelclima/wp-admin/admin-ajax.php HTTP/1.1" 200 47
172.22.2.3 - - [25/Jul/2015:04:05:13 -0500] "POST /cumbredelclima/wp-admin/admin-ajax.php HTTP/1.1" 200 47
66.249.67.69 - - [25/Jul/2015:04:05:22 -0500] "GET /BLA/resoluciones/AUTOS%202012/1584.pdf HTTP/1.1" 304 -
172.22.2.3 - - [25/Jul/2015:04:05:28 -0500] "POST /cumbredelclima/wp-admin/admin-ajax.php HTTP/1.1" 200 47
172.22.2.3 - - [25/Jul/2015:04:05:43 -0500] "POST /cumbredelclima/wp-admin/admin-ajax.php HTTP/1.1" 200 47
74.86.158.107 - - [25/Jul/2015:04:05:55 -0500] "HEAD / HTTP/1.1" 200 -
172.22.2.3 - - [25/Jul/2015:04:05:58 -0500] "POST /cumbredelclima/wp-admin/admin-ajax.php HTTP/1.1" 200 47
66.249.67.57 - - [25/Jul/2015:04:06:02 -0500] "GET /BLA/resoluciones/RESOLUCIONES%202012/0909.pdf HTTP/1.1" 304 -
172.22.2.3 - - [25/Jul/2015:04:06:13 -0500] "POST /cumbredelclima/wp-admin/admin-ajax.php HTTP/1.1" 200 47
201.245.192.253 - - [25/Jul/2015:04:06:17 -0500] "GET /forest/session.jsp?a=0.3675193209393073 HTTP/1.1" 200 4
201.245.192.253 - - [25/Jul/2015:04:06:08 -0500] "POST /wp-admin/admin-ajax.php HTTP/1.1" 200 47
172.22.2.3 - - [25/Jul/2015:04:06:28 -0500] "POST /cumbredelclima/wp-admin/admin-ajax.php HTTP/1.1" 200 47
66.249.67.57 - - [25/Jul/2015:04:06:42 -0500] "GET /BLA/resoluciones/RESOLUCIONES%202011/4560.pdf HTTP/1.1" 304 -
172.22.2.3 - - [25/Jul/2015:04:06:43 -0500] "POST /cumbredelclima/wp-admin/admin-ajax.php HTTP/1.1" 200 47
172.22.2.3 - - [25/Jul/2015:04:06:58 -0500] "POST /cumbredelclima/wp-admin/admin-ajax.php HTTP/1.1" 200 47
66.249.67.69 - - [25/Jul/2015:04:07:00 -0500] "GET /BLA/boletinlegal/Directivas/2011/Directiva%20No.%209%20del%2023%20de%20Septiembre%20de%202011.pdf HTTP/1.1" 200 326687
66.249.67.63 - - [25/Jul/2015:04:07:09 -0500] "GET /BLA/resoluciones/RESOLUCIONES%202009/9460.pdf HTTP/1.1" 200 396799
172.22.2.3 - - [25/Jul/2015:04:07:13 -0500] "POST /cumbredelclima/wp-admin/admin-ajax.php HTTP/1.1" 200 47
66.249.67.69 - - [25/Jul/2015:04:07:22 -0500] "GET /BLA/resoluciones/RESOLUCIONES%202013/0812.pdf HTTP/1.1" 304 -
172.22.2.3 - - [25/Jul/2015:04:07:28 -0500] "POST /cumbredelclima/wp-admin/admin-ajax.php HTTP/1.1" 200 47
201.245.192.253 - - [25/Jul/2015:04:07:42 -0500] "GET /forest/session.jsp?a=0.8027517696346245 HTTP/1.1" 200 4
172.22.2.3 - - [25/Jul/2015:04:07:43 -0500] "POST /cumbredelclima/wp-admin/admin-ajax.php HTTP/1.1" 200 47
172.22.2.3 - - [25/Jul/2015:04:07:58 -0500] "POST /cumbredelclima/wp-admin/admin-ajax.php HTTP/1.1" 200 47
66.249.67.87 - - [25/Jul/2015:04:08:02 -0500] "GET /BLA/boletinlegal/jurisprudencia/analisis/analisis%20C-595-2010.doc HTTP/1.1" 304 -
172.22.2.3 - - [25/Jul/2015:04:08:13 -0500] "POST /cumbredelclima/wp-admin/admin-ajax.php HTTP/1.1" 200 47
201.245.192.253 - - [25/Jul/2015:04:08:07 -0500] "POST /wp-admin/admin-ajax.php HTTP/1.1" 200 47
172.22.2.3 - - [25/Jul/2015:04:08:28 -0500] "POST /cumbredelclima/wp-admin/admin-ajax.php HTTP/1.1" 200 47
66.249.67.69 - - [25/Jul/2015:04:08:30 -0500] "GET /BLA/resoluciones/RESOLUCIONES%202009/5163.pdf HTTP/1.1" 200 623882
66.249.67.69 - - [25/Jul/2015:04:08:42 -0500] "GET /BLA/resoluciones/RESOLUCIONES%202009/4955.pdf HTTP/1.1" 304 -
172.22.2.3 - - [25/Jul/2015:04:08:43 -0500] "POST /cumbredelclima/wp-admin/admin-ajax.php HTTP/1.1" 200 47
172.22.2.3 - - [25/Jul/2015:04:08:58 -0500] "POST /cumbredelclima/wp-admin/admin-ajax.php HTTP/1.1" 200 47
66.249.67.57 - - [25/Jul/2015:04:09:05 -0500] "GET /BLA/resoluciones/RESOLUCIONES%202014/1115.pdf HTTP/1.1" 304 -
172.22.2.3 - - [25/Jul/2015:04:09:13 -0500] "POST /cumbredelclima/wp-admin/admin-ajax.php HTTP/1.1" 200 47
66.249.67.63 - - [25/Jul/2015:04:09:22 -0500] "GET /BLA/resoluciones/RESOLUCIONES%202007/RES%202007%201301%20AL%201400/RESOLUCION%201400%20DE%202007.pdf HTTP/1.1" 304 -
172.22.2.3 - - [25/Jul/2015:04:09:28 -0500] "POST /cumbredelclima/wp-admin/admin-ajax.php HTTP/1.1" 200 47
172.22.2.3 - - [25/Jul/2015:04:09:43 -0500] "POST /cumbredelclima/wp-admin/admin-ajax.php HTTP/1.1" 200 47
172.22.2.3 - - [25/Jul/2015:04:09:58 -0500] "POST /cumbredelclima/wp-admin/admin-ajax.php HTTP/1.1" 200 47
66.249.67.57 - - [25/Jul/2015:04:10:01 -0500] "GET /BLA/resoluciones/Notificaciones/AUTOS%202014/3581.doc HTTP/1.1" 304 -
172.22.2.3 - - [25/Jul/2015:04:10:13 -0500] "POST /cumbredelclima/wp-admin/admin-ajax.php HTTP/1.1" 200 47
201.245.192.253 - - [25/Jul/2015:04:10:07 -0500] "POST /wp-admin/admin-ajax.php HTTP/1.1" 200 47
172.22.2.3 - - [25/Jul/2015:04:10:28 -0500] "POST /cumbredelclima/wp-admin/admin-ajax.php HTTP/1.1" 200 47
66.249.67.63 - - [25/Jul/2015:04:10:41 -0500] "GET /BLA/resoluciones/RESOLUCIONES%202010/6285.pdf HTTP/1.1" 304 -
172.22.2.3 - - [25/Jul/2015:04:10:43 -0500] "POST /cumbredelclima/wp-admin/admin-ajax.php HTTP/1.1" 200 47
74.86.158.107 - - [25/Jul/2015:04:10:55 -0500] "HEAD / HTTP/1.1" 200 -
172.22.2.3 - - [25/Jul/2015:04:10:58 -0500] "POST /cumbredelclima/wp-admin/admin-ajax.php HTTP/1.1" 200 47
66.249.67.57 - - [25/Jul/2015:04:10:59 -0500] "GET /BLA/resoluciones/RESOLUCIONES%202009/0532.pdf HTTP/1.1" 200 140161
172.22.2.3 - - [25/Jul/2015:04:11:13 -0500] "POST /cumbredelclima/wp-admin/admin-ajax.php HTTP/1.1" 200 47
201.245.192.253 - - [25/Jul/2015:04:11:18 -0500] "GET /forest/session.jsp?a=0.2901699190357505 HTTP/1.1" 200 4
66.249.67.69 - - [25/Jul/2015:04:11:21 -0500] "GET /BLA/resoluciones/AUTOS%202013/0041.pdf HTTP/1.1" 304 -
66.249.67.57 - - [25/Jul/2015:04:11:22 -0500] "GET /galeria/galeria/fotos/Humedal-vaca6P.jpg HTTP/1.1" 304 -
172.22.2.3 - - [25/Jul/2015:04:11:28 -0500] "POST /cumbredelclima/wp-admin/admin-ajax.php HTTP/1.1" 200 47
172.22.2.3 - - [25/Jul/2015:04:11:43 -0500] "POST /cumbredelclima/wp-admin/admin-ajax.php HTTP/1.1" 200 47
66.249.67.63 - - [25/Jul/2015:04:11:57 -0500] "GET /BLA/resoluciones/RESOLUCIONES%202009/1790.pdf HTTP/1.1" 200 378745
172.22.2.3 - - [25/Jul/2015:04:11:58 -0500] "POST /cumbredelclima/wp-admin/admin-ajax.php HTTP/1.1" 200 47
66.249.67.69 - - [25/Jul/2015:04:12:01 -0500] "GET /BLA/resoluciones/RESOLUCIONES%202010/6921.pdf HTTP/1.1" 304 -
66.249.67.69 - - [25/Jul/2015:04:12:12 -0500] "GET /portalsiaccapacitaciones/Soportes%20Capacitaciones%20A%C3%B1o%202013/0040.%20Presentaci%C3%B3n%20SDM%20-%20TNM%20-%20MOVILIDAD%20SOSTENIBLE%2019-09-13.pdf HTTP/1.1" 404 1018
172.22.2.3 - - [25/Jul/2015:04:12:13 -0500] "POST /cumbredelclima/wp-admin/admin-ajax.php HTTP/1.1" 200 47
201.245.192.253 - - [25/Jul/2015:04:12:07 -0500] "POST /wp-admin/admin-ajax.php HTTP/1.1" 200 47
207.46.13.66 - - [25/Jul/2015:04:12:27 -0500] "GET /portalsiaccapacitaciones/Soportes%20Capacitaciones%202013/0032.%20PRESENTACI%C3%93N%20FUENTES%20FIJAS%20-%2015%20de%20Agosto.pdf HTTP/1.1" 404 1019
172.22.2.3 - - [25/Jul/2015:04:12:28 -0500] "POST /cumbredelclima/wp-admin/admin-ajax.php HTTP/1.1" 200 47
66.249.67.63 - - [25/Jul/2015:04:12:41 -0500] "GET /BLA/resoluciones/RESOLUCIONES%202011/6097.pdf HTTP/1.1" 304 -
201.245.192.253 - - [25/Jul/2015:04:12:42 -0500] "GET /forest/session.jsp?a=0.46867073618580957 HTTP/1.1" 200 4
172.22.2.3 - - [25/Jul/2015:04:12:43 -0500] "POST /cumbredelclima/wp-admin/admin-ajax.php HTTP/1.1" 200 47
172.22.2.3 - - [25/Jul/2015:04:12:58 -0500] "POST /cumbredelclima/wp-admin/admin-ajax.php HTTP/1.1" 200 47
172.22.2.3 - - [25/Jul/2015:04:13:13 -0500] "POST /cumbredelclima/wp-admin/admin-ajax.php HTTP/1.1" 200 47
66.249.67.69 - - [25/Jul/2015:04:13:21 -0500] "GET /BLA/resoluciones/AUTOS%202013/1077.pdf HTTP/1.1" 304 -
172.22.2.3 - - [25/Jul/2015:04:13:28 -0500] "POST /cumbredelclima/wp-admin/admin-ajax.php HTTP/1.1" 200 47
172.22.2.3 - - [25/Jul/2015:04:13:43 -0500] "POST /cumbredelclima/wp-admin/admin-ajax.php HTTP/1.1" 200 47
172.22.2.3 - - [25/Jul/2015:04:13:58 -0500] "POST /cumbredelclima/wp-admin/admin-ajax.php HTTP/1.1" 200 47
66.249.67.63 - - [25/Jul/2015:04:14:01 -0500] "GET /BLA/resoluciones/AUTOS%202014/5704.pdf HTTP/1.1" 304 -
66.249.67.63 - - [25/Jul/2015:04:14:04 -0500] "GET /BLA/resoluciones/RESOLUCIONES%202009/1003.pdf HTTP/1.1" 200 258978
172.22.2.3 - - [25/Jul/2015:04:14:13 -0500] "POST /cumbredelclima/wp-admin/admin-ajax.php HTTP/1.1" 200 47
201.245.192.253 - - [25/Jul/2015:04:14:07 -0500] "POST /wp-admin/admin-ajax.php HTTP/1.1" 200 47
172.22.2.3 - - [25/Jul/2015:04:14:28 -0500] "POST /cumbredelclima/wp-admin/admin-ajax.php HTTP/1.1" 200 47
66.249.67.63 - - [25/Jul/2015:04:14:40 -0500] "GET /BLA/resoluciones/AUTOS%202007/1420.pdf HTTP/1.1" 200 49241
172.22.2.3 - - [25/Jul/2015:04:14:43 -0500] "POST /cumbredelclima/wp-admin/admin-ajax.php HTTP/1.1" 200 47
66.249.67.57 - - [25/Jul/2015:04:14:58 -0500] "GET /BLA/resoluciones/RESOLUCIONES%202012/0331.pdf HTTP/1.1" 200 343266
172.22.2.3 - - [25/Jul/2015:04:14:58 -0500] "POST /cumbredelclima/wp-admin/admin-ajax.php HTTP/1.1" 200 47
172.22.2.3 - - [25/Jul/2015:04:15:13 -0500] "POST /cumbredelclima/wp-admin/admin-ajax.php HTTP/1.1" 200 47
66.249.67.63 - - [25/Jul/2015:04:15:20 -0500] "GET /BLA/resoluciones/AUTOS%202013/0354.pdf HTTP/1.1" 304 -
172.22.2.3 - - [25/Jul/2015:04:15:28 -0500] "POST /cumbredelclima/wp-admin/admin-ajax.php HTTP/1.1" 200 47
66.249.67.57 - - [25/Jul/2015:04:15:30 -0500] "GET /BLA/resoluciones/RESOLUCIONES%202008/3546.pdf HTTP/1.1" 200 202099
172.22.2.3 - - [25/Jul/2015:04:15:43 -0500] "POST /cumbredelclima/wp-admin/admin-ajax.php HTTP/1.1" 200 47
74.86.158.107 - - [25/Jul/2015:04:15:55 -0500] "HEAD / HTTP/1.1" 200 -
172.22.2.3 - - [25/Jul/2015:04:15:58 -0500] "POST /cumbredelclima/wp-admin/admin-ajax.php HTTP/1.1" 200 47
66.249.67.57 - - [25/Jul/2015:04:16:00 -0500] "GET /BLA/resoluciones/AUTOS%202012/1184.pdf HTTP/1.1" 200 153534
66.249.67.57 - - [25/Jul/2015:04:16:00 -0500] "GET /BLA/resoluciones/AUTOS%202009/0730.pdf HTTP/1.1" 304 -
123.125.71.81 - - [25/Jul/2015:04:16:05 -0500] "GET / HTTP/1.1" 200 10190
172.22.2.3 - - [25/Jul/2015:04:16:13 -0500] "POST /cumbredelclima/wp-admin/admin-ajax.php HTTP/1.1" 200 47
201.245.192.253 - - [25/Jul/2015:04:16:18 -0500] "GET /forest/session.jsp?a=0.42063778554988085 HTTP/1.1" 200 4
201.245.192.253 - - [25/Jul/2015:04:16:07 -0500] "POST /wp-admin/admin-ajax.php HTTP/1.1" 200 47
172.22.2.3 - - [25/Jul/2015:04:16:28 -0500] "POST /cumbredelclima/wp-admin/admin-ajax.php HTTP/1.1" 200 47
172.22.2.3 - - [25/Jul/2015:04:16:43 -0500] "POST /cumbredelclima/wp-admin/admin-ajax.php HTTP/1.1" 200 47
172.22.2.3 - - [25/Jul/2015:04:16:58 -0500] "POST /cumbredelclima/wp-admin/admin-ajax.php HTTP/1.1" 200 47
172.22.2.3 - - [25/Jul/2015:04:17:13 -0500] "POST /cumbredelclima/wp-admin/admin-ajax.php HTTP/1.1" 200 47
66.249.67.81 - - [25/Jul/2015:04:17:24 -0500] "GET /htdocs/counter/digits/shadow/ HTTP/1.1" 404 1019
172.22.2.3 - - [25/Jul/2015:04:17:28 -0500] "POST /cumbredelclima/wp-admin/admin-ajax.php HTTP/1.1" 200 47
201.245.192.253 - - [25/Jul/2015:04:17:42 -0500] "GET /forest/session.jsp?a=0.1729515483984707 HTTP/1.1" 200 4
172.22.2.3 - - [25/Jul/2015:04:17:43 -0500] "POST /cumbredelclima/wp-admin/admin-ajax.php HTTP/1.1" 200 47
66.249.67.64 - - [25/Jul/2015:04:17:41 -0500] "GET / HTTP/1.1" 200 123255
66.249.67.57 - - [25/Jul/2015:04:17:55 -0500] "GET /BLA/resoluciones/AUTOS%202013/1617.pdf HTTP/1.1" 304 -
66.249.67.81 - - [25/Jul/2015:04:17:56 -0500] "GET /BLA/ HTTP/1.1" 200 538
66.249.67.63 - - [25/Jul/2015:04:17:56 -0500] "GET /BLA/resoluciones/RESOLUCIONES%202007/RES%202007%202501%20AL%202600/RESOLUCION%202551%20DE%202007.pdf HTTP/1.1" 304 -
66.249.67.81 - - [25/Jul/2015:04:17:57 -0500] "GET /Anexos%20estudio%20Organizacional%20SDA/ANEXO%20No.%203-%20CONTRATACI%C3%93N%20%20OPS%C2%B4s%202008-2012/CONTRATOS%20SDA%202010%20POR%20DEPENDENCIA%20(1).xls HTTP/1.1" 304 -
66.249.67.57 - - [25/Jul/2015:04:17:57 -0500] "GET /BLA/resoluciones/RESOLUCIONES%202012/1223.pdf HTTP/1.1" 304 -
66.249.67.57 - - [25/Jul/2015:04:17:58 -0500] "GET /BLA/resoluciones/RESOLUCIONES%202008/5142.pdf HTTP/1.1" 304 -
66.249.67.93 - - [25/Jul/2015:04:17:59 -0500] "GET /BLA/boletinlegal/jurisprudencia/analisis/analisis%20sentencia%20C%20401%20de%202010.doc HTTP/1.1" 304 -
172.22.2.3 - - [25/Jul/2015:04:17:58 -0500] "POST /cumbredelclima/wp-admin/admin-ajax.php HTTP/1.1" 200 47
66.249.67.63 - - [25/Jul/2015:04:17:59 -0500] "GET /BLA/resoluciones/RESOLUCIONES%202009/6114.pdf HTTP/1.1" 200 349736
66.249.67.57 - - [25/Jul/2015:04:18:00 -0500] "GET /BLA/resoluciones/RESOLUCIONES%202007/RES%202007%202301%20AL%202400/RESOLUCION%202343%20DE%202007.pdf HTTP/1.1" 304 -
66.249.67.69 - - [25/Jul/2015:04:18:01 -0500] "GET /BLA/resoluciones/RESOLUCIONES%202007/RES%202007%201801%20AL%201900/RESOLUCION%201855%20DE%202007.pdf HTTP/1.1" 304 -
66.249.67.57 - - [25/Jul/2015:04:18:01 -0500] "GET /BLA/resoluciones/RESOLUCIONES%202010/6934.pdf HTTP/1.1" 304 -
201.245.192.253 - - [25/Jul/2015:04:18:08 -0500] "POST /wp-admin/admin-ajax.php HTTP/1.1" 200 47
172.22.2.3 - - [25/Jul/2015:04:18:13 -0500] "POST /cumbredelclima/wp-admin/admin-ajax.php HTTP/1.1" 200 47
66.249.67.57 - - [25/Jul/2015:04:18:25 -0500] "GET /BLA/resoluciones/RESOLUCIONES%202008/4793.pdf HTTP/1.1" 304 -
172.22.2.3 - - [25/Jul/2015:04:18:28 -0500] "POST /cumbredelclima/wp-admin/admin-ajax.php HTTP/1.1" 200 47
172.22.2.3 - - [25/Jul/2015:04:18:43 -0500] "POST /cumbredelclima/wp-admin/admin-ajax.php HTTP/1.1" 200 47
172.22.2.3 - - [25/Jul/2015:04:18:58 -0500] "POST /cumbredelclima/wp-admin/admin-ajax.php HTTP/1.1" 200 47
66.249.67.57 - - [25/Jul/2015:04:19:05 -0500] "GET /BLA/resoluciones/RESOLUCIONES%202012/1281.pdf HTTP/1.1" 304 -
172.22.2.3 - - [25/Jul/2015:04:19:13 -0500] "POST /cumbredelclima/wp-admin/admin-ajax.php HTTP/1.1" 200 47
172.22.2.3 - - [25/Jul/2015:04:19:28 -0500] "POST /cumbredelclima/wp-admin/admin-ajax.php HTTP/1.1" 200 47
172.22.2.3 - - [25/Jul/2015:04:19:43 -0500] "POST /cumbredelclima/wp-admin/admin-ajax.php HTTP/1.1" 200 47
172.22.2.3 - - [25/Jul/2015:04:19:58 -0500] "POST /cumbredelclima/wp-admin/admin-ajax.php HTTP/1.1" 200 47
68.180.229.121 - - [25/Jul/2015:04:19:49 -0500] "GET /robots.txt HTTP/1.1" 200 35
68.180.229.121 - - [25/Jul/2015:04:20:03 -0500] "GET / HTTP/1.1" 200 123255
201.245.192.253 - - [25/Jul/2015:04:20:07 -0500] "POST /wp-admin/admin-ajax.php HTTP/1.1" 200 47
66.249.67.63 - - [25/Jul/2015:04:20:10 -0500] "GET /BLA/resoluciones/RESOLUCIONES%202008/3117.pdf HTTP/1.1" 200 291981
172.22.2.3 - - [25/Jul/2015:04:20:13 -0500] "POST /cumbredelclima/wp-admin/admin-ajax.php HTTP/1.1" 200 47
66.249.67.69 - - [25/Jul/2015:04:20:17 -0500] "GET /BLA/resoluciones/RESOLUCIONES%202009/7703.pdf HTTP/1.1" 200 630548
172.22.2.3 - - [25/Jul/2015:04:20:28 -0500] "POST /cumbredelclima/wp-admin/admin-ajax.php HTTP/1.1" 200 47
207.46.13.26 - - [25/Jul/2015:04:20:35 -0500] "GET /SIG/Gesti%C3%B3n%20Jur%C3%ADdica/126PA05-PR12.pdf HTTP/1.1" 200 77765
172.22.2.3 - - [25/Jul/2015:04:20:43 -0500] "POST /cumbredelclima/wp-admin/admin-ajax.php HTTP/1.1" 200 47
74.86.158.107 - - [25/Jul/2015:04:20:55 -0500] "HEAD / HTTP/1.1" 200 -
172.22.2.3 - - [25/Jul/2015:04:20:58 -0500] "POST /cumbredelclima/wp-admin/admin-ajax.php HTTP/1.1" 200 47
172.22.2.3 - - [25/Jul/2015:04:21:13 -0500] "POST /cumbredelclima/wp-admin/admin-ajax.php HTTP/1.1" 200 47
201.245.192.253 - - [25/Jul/2015:04:21:18 -0500] "GET /forest/session.jsp?a=0.030552022477060348 HTTP/1.1" 200 4
172.22.2.3 - - [25/Jul/2015:04:21:28 -0500] "POST /cumbredelclima/wp-admin/admin-ajax.php HTTP/1.1" 200 47
172.22.2.3 - - [25/Jul/2015:04:21:44 -0500] "POST /cumbredelclima/wp-admin/admin-ajax.php HTTP/1.1" 200 47
172.22.2.3 - - [25/Jul/2015:04:21:58 -0500] "POST /cumbredelclima/wp-admin/admin-ajax.php HTTP/1.1" 200 47
172.22.2.3 - - [25/Jul/2015:04:22:14 -0500] "POST /cumbredelclima/wp-admin/admin-ajax.php HTTP/1.1" 200 47
201.245.192.253 - - [25/Jul/2015:04:22:08 -0500] "POST /wp-admin/admin-ajax.php HTTP/1.1" 200 47
172.22.2.3 - - [25/Jul/2015:04:22:29 -0500] "POST /cumbredelclima/wp-admin/admin-ajax.php HTTP/1.1" 200 47
201.245.192.253 - - [25/Jul/2015:04:22:43 -0500] "GET /forest/session.jsp?a=0.679861761657976 HTTP/1.1" 200 4
172.22.2.3 - - [25/Jul/2015:04:22:44 -0500] "POST /cumbredelclima/wp-admin/admin-ajax.php HTTP/1.1" 200 47
178.136.197.158 - - [25/Jul/2015:04:22:49 -0500] "GET /wp-login.php HTTP/1.1" 404 1018
178.136.197.158 - - [25/Jul/2015:04:22:49 -0500] "GET /administrator/ HTTP/1.1" 404 1018
178.136.197.158 - - [25/Jul/2015:04:22:50 -0500] "GET /admin.php HTTP/1.1" 404 1018
66.249.67.69 - - [25/Jul/2015:04:22:58 -0500] "GET /BLA/resoluciones/RESOLUCIONES%202009/3319.pdf HTTP/1.1" 200 616383
172.22.2.3 - - [25/Jul/2015:04:22:59 -0500] "POST /cumbredelclima/wp-admin/admin-ajax.php HTTP/1.1" 200 47
172.22.2.3 - - [25/Jul/2015:04:23:14 -0500] "POST /cumbredelclima/wp-admin/admin-ajax.php HTTP/1.1" 200 47
172.22.2.3 - - [25/Jul/2015:04:23:29 -0500] "POST /cumbredelclima/wp-admin/admin-ajax.php HTTP/1.1" 200 47
172.22.2.3 - - [25/Jul/2015:04:23:44 -0500] "POST /cumbredelclima/wp-admin/admin-ajax.php HTTP/1.1" 200 47
66.249.67.63 - - [25/Jul/2015:04:23:45 -0500] "GET /galeria/galeria/fotos/Humedal-techo4P.jpg HTTP/1.1" 304 -
172.22.2.3 - - [25/Jul/2015:04:23:59 -0500] "POST /cumbredelclima/wp-admin/admin-ajax.php HTTP/1.1" 200 47
172.22.2.3 - - [25/Jul/2015:04:24:14 -0500] "POST /cumbredelclima/wp-admin/admin-ajax.php HTTP/1.1" 200 47
201.245.192.253 - - [25/Jul/2015:04:24:08 -0500] "POST /wp-admin/admin-ajax.php HTTP/1.1" 200 47
172.22.2.3 - - [25/Jul/2015:04:24:29 -0500] "POST /cumbredelclima/wp-admin/admin-ajax.php HTTP/1.1" 200 47
220.181.108.97 - - [25/Jul/2015:04:24:38 -0500] "GET / HTTP/1.1" 200 10190
66.249.67.69 - - [25/Jul/2015:04:24:39 -0500] "GET /BLA/resoluciones/RESOLUCIONES%202009/4937.pdf HTTP/1.1" 304 -
172.22.2.3 - - [25/Jul/2015:04:24:44 -0500] "POST /cumbredelclima/wp-admin/admin-ajax.php HTTP/1.1" 200 47
172.22.2.3 - - [25/Jul/2015:04:24:59 -0500] "POST /cumbredelclima/wp-admin/admin-ajax.php HTTP/1.1" 200 47
66.249.67.63 - - [25/Jul/2015:04:25:06 -0500] "GET /BLA/resoluciones/AUTOS%202007/3734.pdf HTTP/1.1" 200 326225
66.249.67.57 - - [25/Jul/2015:04:25:07 -0500] "GET /BLA/resoluciones/AUTOS%202012/0451.pdf HTTP/1.1" 200 373184
172.22.2.3 - - [25/Jul/2015:04:25:14 -0500] "POST /cumbredelclima/wp-admin/admin-ajax.php HTTP/1.1" 200 47
172.22.2.3 - - [25/Jul/2015:04:25:29 -0500] "POST /cumbredelclima/wp-admin/admin-ajax.php HTTP/1.1" 200 47
172.22.2.3 - - [25/Jul/2015:04:25:44 -0500] "POST /cumbredelclima/wp-admin/admin-ajax.php HTTP/1.1" 200 47
66.249.67.63 - - [25/Jul/2015:04:25:44 -0500] "GET /BLA/resoluciones/RESOLUCIONES%202008/3638.pdf HTTP/1.1" 200 203858
74.86.158.107 - - [25/Jul/2015:04:25:55 -0500] "HEAD / HTTP/1.1" 200 -
172.22.2.3 - - [25/Jul/2015:04:25:59 -0500] "POST /cumbredelclima/wp-admin/admin-ajax.php HTTP/1.1" 200 47
172.22.2.3 - - [25/Jul/2015:04:26:14 -0500] "POST /cumbredelclima/wp-admin/admin-ajax.php HTTP/1.1" 200 47
201.245.192.253 - - [25/Jul/2015:04:26:18 -0500] "GET /forest/session.jsp?a=0.2541355276128201 HTTP/1.1" 200 4
201.245.192.253 - - [25/Jul/2015:04:26:08 -0500] "POST /wp-admin/admin-ajax.php HTTP/1.1" 200 47
172.22.2.3 - - [25/Jul/2015:04:26:29 -0500] "POST /cumbredelclima/wp-admin/admin-ajax.php HTTP/1.1" 200 47
172.22.2.3 - - [25/Jul/2015:04:26:44 -0500] "POST /cumbredelclima/wp-admin/admin-ajax.php HTTP/1.1" 200 47
66.249.67.57 - - [25/Jul/2015:04:26:50 -0500] "GET /BLA/resoluciones/RESOLUCIONES%202009/7872.pdf HTTP/1.1" 200 305329
172.22.2.3 - - [25/Jul/2015:04:26:59 -0500] "POST /cumbredelclima/wp-admin/admin-ajax.php HTTP/1.1" 200 47
180.76.15.155 - - [25/Jul/2015:04:27:10 -0500] "GET /SIG/Direccionamiento%20Estrategico/126PG01-PR14.pdf HTTP/1.1" 200 3995408
172.22.2.3 - - [25/Jul/2015:04:27:14 -0500] "POST /cumbredelclima/wp-admin/admin-ajax.php HTTP/1.1" 200 47
172.22.2.3 - - [25/Jul/2015:04:27:29 -0500] "POST /cumbredelclima/wp-admin/admin-ajax.php HTTP/1.1" 200 47
201.245.192.253 - - [25/Jul/2015:04:27:43 -0500] "GET /forest/session.jsp?a=0.06569216442629 HTTP/1.1" 200 4
172.22.2.3 - - [25/Jul/2015:04:27:44 -0500] "POST /cumbredelclima/wp-admin/admin-ajax.php HTTP/1.1" 200 47
66.249.67.87 - - [25/Jul/2015:04:27:47 -0500] "GET /htdocs/counter/digits/chevy/ HTTP/1.1" 404 1019
66.249.67.69 - - [25/Jul/2015:04:27:56 -0500] "GET /BLA/resoluciones/RESOLUCIONES%202008/1157.pdf HTTP/1.1" 200 1946163
172.22.2.3 - - [25/Jul/2015:04:27:59 -0500] "POST /cumbredelclima/wp-admin/admin-ajax.php HTTP/1.1" 200 47
66.249.67.63 - - [25/Jul/2015:04:28:08 -0500] "GET /BLA/resoluciones/RESOLUCIONES%202009/7612.pdf HTTP/1.1" 200 559522
172.22.2.3 - - [25/Jul/2015:04:28:14 -0500] "POST /cumbredelclima/wp-admin/admin-ajax.php HTTP/1.1" 200 47
201.245.192.253 - - [25/Jul/2015:04:28:08 -0500] "POST /wp-admin/admin-ajax.php HTTP/1.1" 200 47
172.22.2.3 - - [25/Jul/2015:04:28:29 -0500] "POST /cumbredelclima/wp-admin/admin-ajax.php HTTP/1.1" 200 47
172.22.2.3 - - [25/Jul/2015:04:28:44 -0500] "POST /cumbredelclima/wp-admin/admin-ajax.php HTTP/1.1" 200 47
172.22.2.3 - - [25/Jul/2015:04:28:59 -0500] "POST /cumbredelclima/wp-admin/admin-ajax.php HTTP/1.1" 200 47
172.22.2.3 - - [25/Jul/2015:04:29:14 -0500] "POST /cumbredelclima/wp-admin/admin-ajax.php HTTP/1.1" 200 47
172.22.2.3 - - [25/Jul/2015:04:29:29 -0500] "POST /cumbredelclima/wp-admin/admin-ajax.php HTTP/1.1" 200 47
66.249.67.57 - - [25/Jul/2015:04:29:42 -0500] "GET /BLA/resoluciones/RESOLUCIONES%202010/0523.pdf HTTP/1.1" 304 -
172.22.2.3 - - [25/Jul/2015:04:29:44 -0500] "POST /cumbredelclima/wp-admin/admin-ajax.php HTTP/1.1" 200 47
66.249.67.69 - - [25/Jul/2015:04:29:45 -0500] "GET /BLA/resoluciones/RESOLUCIONES%202008/0694.pdf HTTP/1.1" 200 207592
172.22.2.3 - - [25/Jul/2015:04:29:59 -0500] "POST /cumbredelclima/wp-admin/admin-ajax.php HTTP/1.1" 200 47
172.22.2.3 - - [25/Jul/2015:04:30:14 -0500] "POST /cumbredelclima/wp-admin/admin-ajax.php HTTP/1.1" 200 47
66.249.67.63 - - [25/Jul/2015:04:30:15 -0500] "GET /BLA/resoluciones/RESOLUCIONES%202009/4036.pdf HTTP/1.1" 200 463351
201.245.192.253 - - [25/Jul/2015:04:30:08 -0500] "POST /wp-admin/admin-ajax.php HTTP/1.1" 200 47
172.22.2.3 - - [25/Jul/2015:04:30:29 -0500] "POST /cumbredelclima/wp-admin/admin-ajax.php HTTP/1.1" 200 47
172.22.2.3 - - [25/Jul/2015:04:30:44 -0500] "POST /cumbredelclima/wp-admin/admin-ajax.php HTTP/1.1" 200 47
74.86.158.107 - - [25/Jul/2015:04:30:55 -0500] "HEAD / HTTP/1.1" 200 -
66.249.67.63 - - [25/Jul/2015:04:30:59 -0500] "GET /BLA/boletinlegal/js/jquery.scrollTo-min.js HTTP/1.1" 200 1150
172.22.2.3 - - [25/Jul/2015:04:30:59 -0500] "POST /cumbredelclima/wp-admin/admin-ajax.php HTTP/1.1" 200 47
172.22.2.3 - - [25/Jul/2015:04:31:14 -0500] "POST /cumbredelclima/wp-admin/admin-ajax.php HTTP/1.1" 200 47
201.245.192.253 - - [25/Jul/2015:04:31:18 -0500] "GET /forest/session.jsp?a=0.5949905105855476 HTTP/1.1" 200 4
172.22.2.3 - - [25/Jul/2015:04:31:29 -0500] "POST /cumbredelclima/wp-admin/admin-ajax.php HTTP/1.1" 200 47
172.22.2.3 - - [25/Jul/2015:04:31:44 -0500] "POST /cumbredelclima/wp-admin/admin-ajax.php HTTP/1.1" 200 47
66.249.67.63 - - [25/Jul/2015:04:31:54 -0500] "GET /BLA/resoluciones/RESOLUCIONES%202009/2551.pdf HTTP/1.1" 200 448570
172.22.2.3 - - [25/Jul/2015:04:31:59 -0500] "POST /cumbredelclima/wp-admin/admin-ajax.php HTTP/1.1" 200 47
172.22.2.3 - - [25/Jul/2015:04:32:14 -0500] "POST /cumbredelclima/wp-admin/admin-ajax.php HTTP/1.1" 200 47
199.30.24.214 - - [25/Jul/2015:04:32:21 -0500] "GET /galeria/galeria/jquery.fancybox.css?v=2.1.5 HTTP/1.1" 200 4895
201.245.192.253 - - [25/Jul/2015:04:32:08 -0500] "POST /wp-admin/admin-ajax.php HTTP/1.1" 200 47
172.22.2.3 - - [25/Jul/2015:04:32:29 -0500] "POST /cumbredelclima/wp-admin/admin-ajax.php HTTP/1.1" 200 47
201.245.192.253 - - [25/Jul/2015:04:32:43 -0500] "GET /forest/session.jsp?a=0.5786208961506438 HTTP/1.1" 200 4
172.22.2.3 - - [25/Jul/2015:04:32:44 -0500] "POST /cumbredelclima/wp-admin/admin-ajax.php HTTP/1.1" 200 47
172.22.2.3 - - [25/Jul/2015:04:32:59 -0500] "POST /cumbredelclima/wp-admin/admin-ajax.php HTTP/1.1" 200 47
172.22.2.3 - - [25/Jul/2015:04:33:14 -0500] "POST /cumbredelclima/wp-admin/admin-ajax.php HTTP/1.1" 200 47
172.22.2.3 - - [25/Jul/2015:04:33:29 -0500] "POST /cumbredelclima/wp-admin/admin-ajax.php HTTP/1.1" 200 47
172.22.2.3 - - [25/Jul/2015:04:33:44 -0500] "POST /cumbredelclima/wp-admin/admin-ajax.php HTTP/1.1" 200 47
172.22.2.3 - - [25/Jul/2015:04:33:59 -0500] "POST /cumbredelclima/wp-admin/admin-ajax.php HTTP/1.1" 200 47
172.22.2.3 - - [25/Jul/2015:04:34:14 -0500] "POST /cumbredelclima/wp-admin/admin-ajax.php HTTP/1.1" 200 47
201.245.192.253 - - [25/Jul/2015:04:34:08 -0500] "POST /wp-admin/admin-ajax.php HTTP/1.1" 200 47
172.22.2.3 - - [25/Jul/2015:04:34:29 -0500] "POST /cumbredelclima/wp-admin/admin-ajax.php HTTP/1.1" 200 47
172.22.2.3 - - [25/Jul/2015:04:34:44 -0500] "POST /cumbredelclima/wp-admin/admin-ajax.php HTTP/1.1" 200 47
172.22.2.3 - - [25/Jul/2015:04:34:59 -0500] "POST /cumbredelclima/wp-admin/admin-ajax.php HTTP/1.1" 200 47
172.22.2.3 - - [25/Jul/2015:04:35:14 -0500] "POST /cumbredelclima/wp-admin/admin-ajax.php HTTP/1.1" 200 47
66.249.67.93 - - [25/Jul/2015:04:34:42 -0500] "GET /BLA/boletinlegal/index.php HTTP/1.1" 200 51011
66.249.67.93 - - [25/Jul/2015:04:35:26 -0500] "GET /BLA/boletinlegal/jurisprudencia/analisis/CUADRO%20ANALISIS%20SENTENCIA%20C-554%20DE%202007.doc HTTP/1.1" 304 -
66.249.67.69 - - [25/Jul/2015:04:35:27 -0500] "GET /BLA/resoluciones/AUTOS%202010/0104.pdf HTTP/1.1" 304 -
66.249.67.57 - - [25/Jul/2015:04:35:29 -0500] "GET /BLA/resoluciones/RESOLUCIONES%202009/9359.pdf HTTP/1.1" 200 500321
172.22.2.3 - - [25/Jul/2015:04:35:29 -0500] "POST /cumbredelclima/wp-admin/admin-ajax.php HTTP/1.1" 200 47
66.249.67.69 - - [25/Jul/2015:04:35:42 -0500] "GET /BLA/resoluciones/RESOLUCIONES%202014/2004.pdf HTTP/1.1" 304 -
172.22.2.3 - - [25/Jul/2015:04:35:44 -0500] "POST /cumbredelclima/wp-admin/admin-ajax.php HTTP/1.1" 200 47
74.86.158.107 - - [25/Jul/2015:04:35:55 -0500] "HEAD / HTTP/1.1" 200 -
172.22.2.3 - - [25/Jul/2015:04:35:59 -0500] "POST /cumbredelclima/wp-admin/admin-ajax.php HTTP/1.1" 200 47
188.165.15.241 - - [25/Jul/2015:04:36:01 -0500] "GET /actualizaciones/legisla/Dc094895.htm HTTP/1.1" 404 1019
201.245.192.253 - - [25/Jul/2015:04:36:08 -0500] "POST /wp-admin/admin-ajax.php HTTP/1.1" 200 47
172.22.2.3 - - [25/Jul/2015:04:36:14 -0500] "POST /cumbredelclima/wp-admin/admin-ajax.php HTTP/1.1" 200 47
66.249.67.98 - - [25/Jul/2015:04:36:02 -0500] "GET /para-saber/ HTTP/1.1" 200 36741
66.249.67.69 - - [25/Jul/2015:04:36:16 -0500] "GET /galeria/galeria/fotos/Huemdal-el-Tunjo4P.jpg HTTP/1.1" 304 -
201.245.192.253 - - [25/Jul/2015:04:36:18 -0500] "GET /forest/session.jsp?a=0.030190115320505306 HTTP/1.1" 200 4
66.249.67.69 - - [25/Jul/2015:04:36:22 -0500] "GET /BLA/resoluciones/AUTOS%202010/0121.pdf HTTP/1.1" 304 -
172.22.2.3 - - [25/Jul/2015:04:36:29 -0500] "POST /cumbredelclima/wp-admin/admin-ajax.php HTTP/1.1" 200 47
66.249.67.63 - - [25/Jul/2015:04:36:41 -0500] "GET /BLA/resoluciones/RESOLUCIONES%202007/RES%202007%20501%20AL%20600/RESOLUCION%200507%20DE%202007.pdf HTTP/1.1" 304 -
66.249.67.69 - - [25/Jul/2015:04:36:44 -0500] "GET /BLA/resoluciones/RESOLUCIONES%202008/1814.pdf HTTP/1.1" 200 262368
172.22.2.3 - - [25/Jul/2015:04:36:44 -0500] "POST /cumbredelclima/wp-admin/admin-ajax.php HTTP/1.1" 200 47
172.22.2.3 - - [25/Jul/2015:04:36:59 -0500] "POST /cumbredelclima/wp-admin/admin-ajax.php HTTP/1.1" 200 47
172.22.2.3 - - [25/Jul/2015:04:37:14 -0500] "POST /cumbredelclima/wp-admin/admin-ajax.php HTTP/1.1" 200 47
66.249.67.69 - - [25/Jul/2015:04:37:21 -0500] "GET /BLA/resoluciones/RESOLUCIONES%202007/RES%202007%203701%20AL%203800/RESOLUCION%203701%20DE%202007.pdf HTTP/1.1" 304 -
172.22.2.3 - - [25/Jul/2015:04:37:29 -0500] "POST /cumbredelclima/wp-admin/admin-ajax.php HTTP/1.1" 200 47
201.245.192.253 - - [25/Jul/2015:04:37:43 -0500] "GET /forest/session.jsp?a=0.9774856488828076 HTTP/1.1" 200 4
172.22.2.3 - - [25/Jul/2015:04:37:44 -0500] "POST /cumbredelclima/wp-admin/admin-ajax.php HTTP/1.1" 200 47
172.22.2.3 - - [25/Jul/2015:04:37:59 -0500] "POST /cumbredelclima/wp-admin/admin-ajax.php HTTP/1.1" 200 47
66.249.67.98 - - [25/Jul/2015:04:38:01 -0500] "GET /wp-content/uploads/2015/06/comunicado-5-de-junio.pdf HTTP/1.1" 304 -
172.22.2.3 - - [25/Jul/2015:04:38:14 -0500] "POST /cumbredelclima/wp-admin/admin-ajax.php HTTP/1.1" 200 47
201.245.192.253 - - [25/Jul/2015:04:38:08 -0500] "POST /wp-admin/admin-ajax.php HTTP/1.1" 200 47
172.22.2.3 - - [25/Jul/2015:04:38:29 -0500] "POST /cumbredelclima/wp-admin/admin-ajax.php HTTP/1.1" 200 47
66.249.67.57 - - [25/Jul/2015:04:38:41 -0500] "GET /BLA/resoluciones/RESOLUCIONES%202009/8562.pdf HTTP/1.1" 304 -
172.22.2.3 - - [25/Jul/2015:04:38:44 -0500] "POST /cumbredelclima/wp-admin/admin-ajax.php HTTP/1.1" 200 47
172.22.2.3 - - [25/Jul/2015:04:38:59 -0500] "POST /cumbredelclima/wp-admin/admin-ajax.php HTTP/1.1" 200 47
172.22.2.3 - - [25/Jul/2015:04:39:14 -0500] "POST /cumbredelclima/wp-admin/admin-ajax.php HTTP/1.1" 200 47
172.22.2.3 - - [25/Jul/2015:04:39:29 -0500] "POST /cumbredelclima/wp-admin/admin-ajax.php HTTP/1.1" 200 47
172.22.2.3 - - [25/Jul/2015:04:39:44 -0500] "POST /cumbredelclima/wp-admin/admin-ajax.php HTTP/1.1" 200 47
66.249.67.92 - - [25/Jul/2015:04:39:42 -0500] "GET /que-hacer-en-bogota/ HTTP/1.1" 200 43529
66.249.67.69 - - [25/Jul/2015:04:39:56 -0500] "GET /BLA/resoluciones/RESOLUCIONES%202011/6971.pdf HTTP/1.1" 304 -
66.249.67.63 - - [25/Jul/2015:04:39:56 -0500] "GET /BLA/resoluciones/RESOLUCIONES%202010/2951.pdf HTTP/1.1" 200 1146596
66.249.67.81 - - [25/Jul/2015:04:39:59 -0500] "GET /Autoliquidacion/index.php?dir=Solicitudes+relacionadas+con+calidad+del+aire+auditiva+y+visual%2FEvaluaci%F3n+certificado+de+Intensidad+Auditiva%2F HTTP/1.1" 200 2823
172.22.2.3 - - [25/Jul/2015:04:39:59 -0500] "POST /cumbredelclima/wp-admin/admin-ajax.php HTTP/1.1" 200 47
66.249.67.57 - - [25/Jul/2015:04:39:59 -0500] "GET /BLA/resoluciones/RESOLUCIONES%202014/1998.pdf HTTP/1.1" 304 -
66.249.67.57 - - [25/Jul/2015:04:40:00 -0500] "GET /stormWeb/ HTTP/1.1" 200 12126
66.249.67.69 - - [25/Jul/2015:04:40:01 -0500] "GET /BLA/resoluciones/RESOLUCIONES%202010/0417.pdf HTTP/1.1" 304 -
66.249.67.63 - - [25/Jul/2015:04:40:02 -0500] "GET /BLA/resoluciones/AUTOS%202013/3091.pdf HTTP/1.1" 304 -
66.249.67.63 - - [25/Jul/2015:04:40:03 -0500] "GET /BLA/resoluciones/AUTOS%202009/0708.pdf HTTP/1.1" 304 -
66.249.67.69 - - [25/Jul/2015:04:40:04 -0500] "GET /BLA/resoluciones/AUTOS%202011/0216.pdf HTTP/1.1" 304 -
66.249.67.63 - - [25/Jul/2015:04:40:05 -0500] "GET /BLA/resoluciones/AUTOS%202013/0511.pdf HTTP/1.1" 304 -
201.245.192.253 - - [25/Jul/2015:04:40:08 -0500] "POST /wp-admin/admin-ajax.php HTTP/1.1" 200 47
172.22.2.3 - - [25/Jul/2015:04:40:14 -0500] "POST /cumbredelclima/wp-admin/admin-ajax.php HTTP/1.1" 200 47
66.249.67.69 - - [25/Jul/2015:04:40:26 -0500] "GET /BLA/resoluciones/RESOLUCIONES%202012/0714.pdf HTTP/1.1" 304 -
172.22.2.3 - - [25/Jul/2015:04:40:29 -0500] "POST /cumbredelclima/wp-admin/admin-ajax.php HTTP/1.1" 200 47
172.22.2.3 - - [25/Jul/2015:04:40:44 -0500] "POST /cumbredelclima/wp-admin/admin-ajax.php HTTP/1.1" 200 47
74.86.158.107 - - [25/Jul/2015:04:40:55 -0500] "HEAD / HTTP/1.1" 200 -
172.22.2.3 - - [25/Jul/2015:04:40:59 -0500] "POST /cumbredelclima/wp-admin/admin-ajax.php HTTP/1.1" 200 47
172.22.2.3 - - [25/Jul/2015:04:41:14 -0500] "POST /cumbredelclima/wp-admin/admin-ajax.php HTTP/1.1" 200 47
201.245.192.253 - - [25/Jul/2015:04:41:18 -0500] "GET /forest/session.jsp?a=0.05559771614775566 HTTP/1.1" 200 4
66.249.67.87 - - [25/Jul/2015:04:40:43 -0500] "GET /BLA/boletinlegal/index.php HTTP/1.1" 200 51011
172.22.2.3 - - [25/Jul/2015:04:41:29 -0500] "POST /cumbredelclima/wp-admin/admin-ajax.php HTTP/1.1" 200 47
180.76.15.151 - - [25/Jul/2015:04:41:40 -0500] "GET / HTTP/1.1" 200 10190
172.22.2.3 - - [25/Jul/2015:04:41:44 -0500] "POST /cumbredelclima/wp-admin/admin-ajax.php HTTP/1.1" 200 47
172.22.2.3 - - [25/Jul/2015:04:41:59 -0500] "POST /cumbredelclima/wp-admin/admin-ajax.php HTTP/1.1" 200 47
172.22.2.3 - - [25/Jul/2015:04:42:14 -0500] "POST /cumbredelclima/wp-admin/admin-ajax.php HTTP/1.1" 200 47
201.245.192.253 - - [25/Jul/2015:04:42:08 -0500] "POST /wp-admin/admin-ajax.php HTTP/1.1" 200 47
172.22.2.3 - - [25/Jul/2015:04:42:29 -0500] "POST /cumbredelclima/wp-admin/admin-ajax.php HTTP/1.1" 200 47
180.76.15.149 - - [25/Jul/2015:04:42:35 -0500] "GET / HTTP/1.1" 200 10190
201.245.192.253 - - [25/Jul/2015:04:42:43 -0500] "GET /forest/session.jsp?a=0.6280411466713853 HTTP/1.1" 200 4
172.22.2.3 - - [25/Jul/2015:04:42:44 -0500] "POST /cumbredelclima/wp-admin/admin-ajax.php HTTP/1.1" 200 47
172.22.2.3 - - [25/Jul/2015:04:42:59 -0500] "POST /cumbredelclima/wp-admin/admin-ajax.php HTTP/1.1" 200 47
172.22.2.3 - - [25/Jul/2015:04:43:14 -0500] "POST /cumbredelclima/wp-admin/admin-ajax.php HTTP/1.1" 200 47
172.22.2.3 - - [25/Jul/2015:04:43:29 -0500] "POST /cumbredelclima/wp-admin/admin-ajax.php HTTP/1.1" 200 47
172.22.2.3 - - [25/Jul/2015:04:43:44 -0500] "POST /cumbredelclima/wp-admin/admin-ajax.php HTTP/1.1" 200 47
172.22.2.3 - - [25/Jul/2015:04:43:59 -0500] "POST /cumbredelclima/wp-admin/admin-ajax.php HTTP/1.1" 200 47
172.22.2.3 - - [25/Jul/2015:04:44:14 -0500] "POST /cumbredelclima/wp-admin/admin-ajax.php HTTP/1.1" 200 47
201.245.192.253 - - [25/Jul/2015:04:44:08 -0500] "POST /wp-admin/admin-ajax.php HTTP/1.1" 200 47
172.22.2.3 - - [25/Jul/2015:04:44:29 -0500] "POST /cumbredelclima/wp-admin/admin-ajax.php HTTP/1.1" 200 47
157.55.39.205 - - [25/Jul/2015:04:44:33 -0500] "GET /POT-2013/Cartografia/31_TRATAMIENTO_DE_CONSERVACION.pdf HTTP/1.1" 200 3564866
172.22.2.3 - - [25/Jul/2015:04:44:44 -0500] "POST /cumbredelclima/wp-admin/admin-ajax.php HTTP/1.1" 200 47
172.22.2.3 - - [25/Jul/2015:04:44:59 -0500] "POST /cumbredelclima/wp-admin/admin-ajax.php HTTP/1.1" 200 47
172.22.2.3 - - [25/Jul/2015:04:45:14 -0500] "POST /cumbredelclima/wp-admin/admin-ajax.php HTTP/1.1" 200 47
172.22.2.3 - - [25/Jul/2015:04:45:29 -0500] "POST /cumbredelclima/wp-admin/admin-ajax.php HTTP/1.1" 200 47
172.22.2.3 - - [25/Jul/2015:04:45:44 -0500] "POST /cumbredelclima/wp-admin/admin-ajax.php HTTP/1.1" 200 47
74.86.158.107 - - [25/Jul/2015:04:45:55 -0500] "HEAD / HTTP/1.1" 200 -
172.22.2.3 - - [25/Jul/2015:04:45:59 -0500] "POST /cumbredelclima/wp-admin/admin-ajax.php HTTP/1.1" 200 47
172.22.2.3 - - [25/Jul/2015:04:46:14 -0500] "POST /cumbredelclima/wp-admin/admin-ajax.php HTTP/1.1" 200 47
201.245.192.253 - - [25/Jul/2015:04:46:18 -0500] "GET /forest/session.jsp?a=0.5168934349097418 HTTP/1.1" 200 4
201.245.192.253 - - [25/Jul/2015:04:46:08 -0500] "POST /wp-admin/admin-ajax.php HTTP/1.1" 200 47
172.22.2.3 - - [25/Jul/2015:04:46:29 -0500] "POST /cumbredelclima/wp-admin/admin-ajax.php HTTP/1.1" 200 47
201.244.138.61 - - [25/Jul/2015:04:46:40 -0500] "GET /galeria/galeria/jquery.fancybox.css?v=2.1.5 HTTP/1.1" 200 4895
201.244.138.61 - - [25/Jul/2015:04:46:40 -0500] "GET /BLA/boletinlegal/js/jquery.scrollShow.js HTTP/1.1" 200 4586
201.244.138.61 - - [25/Jul/2015:04:46:43 -0500] "GET /galeria/galeria/jquery.fancybox.js?v=2.1.5 HTTP/1.1" 200 48706
172.22.2.3 - - [25/Jul/2015:04:46:44 -0500] "POST /cumbredelclima/wp-admin/admin-ajax.php HTTP/1.1" 200 47
172.22.2.3 - - [25/Jul/2015:04:46:59 -0500] "POST /cumbredelclima/wp-admin/admin-ajax.php HTTP/1.1" 200 47
172.22.2.3 - - [25/Jul/2015:04:47:14 -0500] "POST /cumbredelclima/wp-admin/admin-ajax.php HTTP/1.1" 200 47
172.22.2.3 - - [25/Jul/2015:04:47:29 -0500] "POST /cumbredelclima/wp-admin/admin-ajax.php HTTP/1.1" 200 47
201.245.192.253 - - [25/Jul/2015:04:47:43 -0500] "GET /forest/session.jsp?a=0.21569584247012774 HTTP/1.1" 200 4
172.22.2.3 - - [25/Jul/2015:04:47:44 -0500] "POST /cumbredelclima/wp-admin/admin-ajax.php HTTP/1.1" 200 47
172.22.2.3 - - [25/Jul/2015:04:47:59 -0500] "POST /cumbredelclima/wp-admin/admin-ajax.php HTTP/1.1" 200 47
172.22.2.3 - - [25/Jul/2015:04:48:14 -0500] "POST /cumbredelclima/wp-admin/admin-ajax.php HTTP/1.1" 200 47
201.245.192.253 - - [25/Jul/2015:04:48:08 -0500] "POST /wp-admin/admin-ajax.php HTTP/1.1" 200 47
172.22.2.3 - - [25/Jul/2015:04:48:29 -0500] "POST /cumbredelclima/wp-admin/admin-ajax.php HTTP/1.1" 200 47
66.249.67.57 - - [25/Jul/2015:04:48:41 -0500] "GET /galeria/galeria/fotos/2Humedal-techo2P.jpg HTTP/1.1" 304 -
172.22.2.3 - - [25/Jul/2015:04:48:44 -0500] "POST /cumbredelclima/wp-admin/admin-ajax.php HTTP/1.1" 200 47
172.22.2.3 - - [25/Jul/2015:04:48:59 -0500] "POST /cumbredelclima/wp-admin/admin-ajax.php HTTP/1.1" 200 47
172.22.2.3 - - [25/Jul/2015:04:49:14 -0500] "POST /cumbredelclima/wp-admin/admin-ajax.php HTTP/1.1" 200 47
172.22.2.3 - - [25/Jul/2015:04:49:29 -0500] "POST /cumbredelclima/wp-admin/admin-ajax.php HTTP/1.1" 200 47
66.249.67.57 - - [25/Jul/2015:04:49:41 -0500] "GET /BLA/resoluciones/AUTOS%202009/0527.pdf HTTP/1.1" 304 -
172.22.2.3 - - [25/Jul/2015:04:49:44 -0500] "POST /cumbredelclima/wp-admin/admin-ajax.php HTTP/1.1" 200 47
172.22.2.3 - - [25/Jul/2015:04:49:59 -0500] "POST /cumbredelclima/wp-admin/admin-ajax.php HTTP/1.1" 200 47
172.22.2.3 - - [25/Jul/2015:04:50:14 -0500] "POST /cumbredelclima/wp-admin/admin-ajax.php HTTP/1.1" 200 47
201.245.192.253 - - [25/Jul/2015:04:50:08 -0500] "POST /wp-admin/admin-ajax.php HTTP/1.1" 200 47
172.22.2.3 - - [25/Jul/2015:04:50:29 -0500] "POST /cumbredelclima/wp-admin/admin-ajax.php HTTP/1.1" 200 47
157.55.39.205 - - [25/Jul/2015:04:50:36 -0500] "GET /BLA/resoluciones/AUTOS%202014/3525.pdf HTTP/1.1" 200 115942
172.22.2.3 - - [25/Jul/2015:04:50:44 -0500] "POST /cumbredelclima/wp-admin/admin-ajax.php HTTP/1.1" 200 47
74.86.158.107 - - [25/Jul/2015:04:50:55 -0500] "HEAD / HTTP/1.1" 200 -
172.22.2.3 - - [25/Jul/2015:04:50:59 -0500] "POST /cumbredelclima/wp-admin/admin-ajax.php HTTP/1.1" 200 47
172.22.2.3 - - [25/Jul/2015:04:51:14 -0500] "POST /cumbredelclima/wp-admin/admin-ajax.php HTTP/1.1" 200 47
201.245.192.253 - - [25/Jul/2015:04:51:18 -0500] "GET /forest/session.jsp?a=0.5252668702308586 HTTP/1.1" 200 4
172.22.2.3 - - [25/Jul/2015:04:51:29 -0500] "POST /cumbredelclima/wp-admin/admin-ajax.php HTTP/1.1" 200 47
172.22.2.3 - - [25/Jul/2015:04:51:44 -0500] "POST /cumbredelclima/wp-admin/admin-ajax.php HTTP/1.1" 200 47
172.22.2.3 - - [25/Jul/2015:04:51:59 -0500] "POST /cumbredelclima/wp-admin/admin-ajax.php HTTP/1.1" 200 47
172.22.2.3 - - [25/Jul/2015:04:52:14 -0500] "POST /cumbredelclima/wp-admin/admin-ajax.php HTTP/1.1" 200 47
201.245.192.253 - - [25/Jul/2015:04:52:08 -0500] "POST /wp-admin/admin-ajax.php HTTP/1.1" 200 47
172.22.2.3 - - [25/Jul/2015:04:52:29 -0500] "POST /cumbredelclima/wp-admin/admin-ajax.php HTTP/1.1" 200 47
201.245.192.253 - - [25/Jul/2015:04:52:43 -0500] "GET /forest/session.jsp?a=0.46026085160112873 HTTP/1.1" 200 4
172.22.2.3 - - [25/Jul/2015:04:52:44 -0500] "POST /cumbredelclima/wp-admin/admin-ajax.php HTTP/1.1" 200 47
172.22.2.3 - - [25/Jul/2015:04:52:59 -0500] "POST /cumbredelclima/wp-admin/admin-ajax.php HTTP/1.1" 200 47
172.22.2.3 - - [25/Jul/2015:04:53:14 -0500] "POST /cumbredelclima/wp-admin/admin-ajax.php HTTP/1.1" 200 47
172.22.2.3 - - [25/Jul/2015:04:53:29 -0500] "POST /cumbredelclima/wp-admin/admin-ajax.php HTTP/1.1" 200 47
172.22.2.3 - - [25/Jul/2015:04:53:44 -0500] "POST /cumbredelclima/wp-admin/admin-ajax.php HTTP/1.1" 200 47
172.22.2.3 - - [25/Jul/2015:04:53:59 -0500] "POST /cumbredelclima/wp-admin/admin-ajax.php HTTP/1.1" 200 47
172.22.2.3 - - [25/Jul/2015:04:54:14 -0500] "POST /cumbredelclima/wp-admin/admin-ajax.php HTTP/1.1" 200 47
201.245.192.253 - - [25/Jul/2015:04:54:08 -0500] "POST /wp-admin/admin-ajax.php HTTP/1.1" 200 47
172.22.2.3 - - [25/Jul/2015:04:54:29 -0500] "POST /cumbredelclima/wp-admin/admin-ajax.php HTTP/1.1" 200 47
172.22.2.3 - - [25/Jul/2015:04:54:44 -0500] "POST /cumbredelclima/wp-admin/admin-ajax.php HTTP/1.1" 200 47
66.249.67.87 - - [25/Jul/2015:04:54:50 -0500] "GET /BLA/boletinlegal/jurisprudencia/analisis/Analisis%20Sentencia%20T-1077,%202%20corregida.doc HTTP/1.1" 304 -
172.22.2.3 - - [25/Jul/2015:04:54:59 -0500] "POST /cumbredelclima/wp-admin/admin-ajax.php HTTP/1.1" 200 47
66.249.67.93 - - [25/Jul/2015:04:55:10 -0500] "GET /POT-2013/Cartografia/28_USOS%20Y%20AREAS%20DE%20ACTIVIDAD.pdf HTTP/1.1" 304 -
157.55.39.205 - - [25/Jul/2015:04:55:13 -0500] "GET /dama/libreria/pdf/formularios/Informe_pruebas_de_bombeo.pdf HTTP/1.1" 404 1019
172.22.2.3 - - [25/Jul/2015:04:55:14 -0500] "POST /cumbredelclima/wp-admin/admin-ajax.php HTTP/1.1" 200 47
66.249.67.63 - - [25/Jul/2015:04:55:30 -0500] "GET /BLA/circulares/2-2011.pdf HTTP/1.1" 304 -
172.22.2.3 - - [25/Jul/2015:04:55:29 -0500] "POST /cumbredelclima/wp-admin/admin-ajax.php HTTP/1.1" 200 47
172.22.2.3 - - [25/Jul/2015:04:55:44 -0500] "POST /cumbredelclima/wp-admin/admin-ajax.php HTTP/1.1" 200 47
66.249.67.69 - - [25/Jul/2015:04:55:49 -0500] "GET /BLA/resoluciones/AUTOS%202012/2523.pdf HTTP/1.1" 304 -
74.86.158.107 - - [25/Jul/2015:04:55:55 -0500] "HEAD / HTTP/1.1" 200 -
172.22.2.3 - - [25/Jul/2015:04:55:59 -0500] "POST /cumbredelclima/wp-admin/admin-ajax.php HTTP/1.1" 200 47
66.249.67.63 - - [25/Jul/2015:04:56:09 -0500] "GET /BLA/resoluciones/RESOLUCIONES%202010/0319.pdf HTTP/1.1" 304 -
172.22.2.3 - - [25/Jul/2015:04:56:14 -0500] "POST /cumbredelclima/wp-admin/admin-ajax.php HTTP/1.1" 200 47
201.245.192.253 - - [25/Jul/2015:04:56:18 -0500] "GET /forest/session.jsp?a=0.16438680370085745 HTTP/1.1" 200 4
201.245.192.253 - - [25/Jul/2015:04:56:08 -0500] "POST /wp-admin/admin-ajax.php HTTP/1.1" 200 47
186.31.132.240 - - [25/Jul/2015:04:56:28 -0500] "GET /BLA/resoluciones/AUTOS%202013/1102.pdf HTTP/1.1" 200 3492169
186.31.132.240 - - [25/Jul/2015:04:56:28 -0500] "GET /favicon.ico HTTP/1.1" 200 7782
186.31.132.240 - - [25/Jul/2015:04:56:29 -0500] "GET /BLA/resoluciones/AUTOS%202013/1102.pdf HTTP/1.1" 206 32768
186.31.132.240 - - [25/Jul/2015:04:56:29 -0500] "GET /BLA/resoluciones/AUTOS%202013/1102.pdf HTTP/1.1" 206 3459401
66.249.67.63 - - [25/Jul/2015:04:56:29 -0500] "GET /BLA/resoluciones/RESOLUCIONES%202010/6491.pdf HTTP/1.1" 304 -
172.22.2.3 - - [25/Jul/2015:04:56:29 -0500] "POST /cumbredelclima/wp-admin/admin-ajax.php HTTP/1.1" 200 47
172.22.2.3 - - [25/Jul/2015:04:56:44 -0500] "POST /cumbredelclima/wp-admin/admin-ajax.php HTTP/1.1" 200 47
66.249.67.69 - - [25/Jul/2015:04:56:49 -0500] "GET /BLA/resoluciones/AUTOS%202010/4447.pdf HTTP/1.1" 304 -
172.22.2.3 - - [25/Jul/2015:04:56:59 -0500] "POST /cumbredelclima/wp-admin/admin-ajax.php HTTP/1.1" 200 47
180.76.15.135 - - [25/Jul/2015:04:57:10 -0500] "GET /SIG/Gestion%20Recursos%20Financieros/126PA02-PR25%20REGISTRO%20MOVIMIENTO%20Y%20CONTROL%20ALMACEN.pdf HTTP/1.1" 200 250965
172.22.2.3 - - [25/Jul/2015:04:57:14 -0500] "POST /cumbredelclima/wp-admin/admin-ajax.php HTTP/1.1" 200 47
66.249.67.63 - - [25/Jul/2015:04:57:29 -0500] "GET /BLA/resoluciones/AUTOS%202013/0622.pdf HTTP/1.1" 304 -
172.22.2.3 - - [25/Jul/2015:04:57:29 -0500] "POST /cumbredelclima/wp-admin/admin-ajax.php HTTP/1.1" 200 47
186.31.132.240 - - [25/Jul/2015:04:57:38 -0500] "GET /BLA/resoluciones/RESOLUCIONES%202008/4761.pdf HTTP/1.1" 200 209670
186.31.132.240 - - [25/Jul/2015:04:57:39 -0500] "GET /BLA/resoluciones/RESOLUCIONES%202008/4761.pdf HTTP/1.1" 200 209670
201.245.192.253 - - [25/Jul/2015:04:57:43 -0500] "GET /forest/session.jsp?a=0.915766965701442 HTTP/1.1" 200 4
172.22.2.3 - - [25/Jul/2015:04:57:44 -0500] "POST /cumbredelclima/wp-admin/admin-ajax.php HTTP/1.1" 200 47
172.22.2.3 - - [25/Jul/2015:04:57:59 -0500] "POST /cumbredelclima/wp-admin/admin-ajax.php HTTP/1.1" 200 47
66.249.67.98 - - [25/Jul/2015:04:58:09 -0500] "GET /intervencion-vaticano/ HTTP/1.1" 200 35210
172.22.2.3 - - [25/Jul/2015:04:58:14 -0500] "POST /cumbredelclima/wp-admin/admin-ajax.php HTTP/1.1" 200 47
201.245.192.253 - - [25/Jul/2015:04:58:08 -0500] "POST /wp-admin/admin-ajax.php HTTP/1.1" 200 47
172.22.2.3 - - [25/Jul/2015:04:58:29 -0500] "POST /cumbredelclima/wp-admin/admin-ajax.php HTTP/1.1" 200 47
172.22.2.3 - - [25/Jul/2015:04:58:44 -0500] "POST /cumbredelclima/wp-admin/admin-ajax.php HTTP/1.1" 200 47
66.249.67.69 - - [25/Jul/2015:04:58:49 -0500] "GET /BLA/resoluciones/RESOLUCIONES%202010/5762.pdf HTTP/1.1" 304 -
66.249.67.93 - - [25/Jul/2015:04:58:51 -0500] "GET /htdocs/counter/digits/indgph/ HTTP/1.1" 404 1019
172.22.2.3 - - [25/Jul/2015:04:58:59 -0500] "POST /cumbredelclima/wp-admin/admin-ajax.php HTTP/1.1" 200 47
172.22.2.3 - - [25/Jul/2015:04:59:14 -0500] "POST /cumbredelclima/wp-admin/admin-ajax.php HTTP/1.1" 200 47
172.22.2.3 - - [25/Jul/2015:04:59:29 -0500] "POST /cumbredelclima/wp-admin/admin-ajax.php HTTP/1.1" 200 47
66.249.67.69 - - [25/Jul/2015:04:59:42 -0500] "GET /BLA/resoluciones/AUTOS%202014/6465.pdf HTTP/1.1" 304 -
66.249.67.57 - - [25/Jul/2015:04:59:44 -0500] "GET /BLA/resoluciones/RESOLUCIONES%202007/RES%202007%202301%20AL%202400/RESOLUCION%202400%20DE%202007.pdf HTTP/1.1" 304 -
66.249.67.57 - - [25/Jul/2015:04:59:44 -0500] "GET /BLA/resoluciones/AUTOS%202014/3301.pdf HTTP/1.1" 304 -
172.22.2.3 - - [25/Jul/2015:04:59:45 -0500] "POST /cumbredelclima/wp-admin/admin-ajax.php HTTP/1.1" 200 47
66.249.67.81 - - [25/Jul/2015:04:59:46 -0500] "GET /BLA/boletinlegal/jurisprudencia.php HTTP/1.1" 200 12451
172.22.2.3 - - [25/Jul/2015:04:59:59 -0500] "POST /cumbredelclima/wp-admin/admin-ajax.php HTTP/1.1" 200 47
66.249.67.86 - - [25/Jul/2015:04:59:47 -0500] "GET /en-construccion/ HTTP/1.1" 200 30056
66.249.67.69 - - [25/Jul/2015:05:00:01 -0500] "GET /BLA/resoluciones/RESOLUCIONES%202009/4800.pdf HTTP/1.1" 304 -
66.249.67.69 - - [25/Jul/2015:05:00:01 -0500] "GET /BLA/resoluciones/AUTOS%202011/4157.pdf HTTP/1.1" 304 -
201.245.192.253 - - [25/Jul/2015:05:00:08 -0500] "POST /wp-admin/admin-ajax.php HTTP/1.1" 200 47
172.22.2.3 - - [25/Jul/2015:05:00:15 -0500] "POST /cumbredelclima/wp-admin/admin-ajax.php HTTP/1.1" 200 47
172.22.2.3 - - [25/Jul/2015:05:00:30 -0500] "POST /cumbredelclima/wp-admin/admin-ajax.php HTTP/1.1" 200 47
172.22.2.3 - - [25/Jul/2015:05:00:45 -0500] "POST /cumbredelclima/wp-admin/admin-ajax.php HTTP/1.1" 200 47
74.86.158.107 - - [25/Jul/2015:05:00:55 -0500] "HEAD / HTTP/1.1" 200 -
172.22.2.3 - - [25/Jul/2015:05:01:00 -0500] "POST /cumbredelclima/wp-admin/admin-ajax.php HTTP/1.1" 200 47
172.22.2.3 - - [25/Jul/2015:05:01:15 -0500] "POST /cumbredelclima/wp-admin/admin-ajax.php HTTP/1.1" 200 47
