186.30.77.148 - - [25/Jul/2015:07:21:39 -0500] "GET /forest/js/jquery/jquery.atmosphere.js HTTP/1.1" 200 103614
186.30.77.148 - - [25/Jul/2015:07:21:40 -0500] "GET /forest/session.jsp?a=0.41555940359830856 HTTP/1.1" 200 4
186.30.77.148 - - [25/Jul/2015:07:21:40 -0500] "GET /forest/actions/forms.getMappedValues?id=id_EnlaceConcejo17&value=1437152216047&codForm=DPC_ElaborarBorradorConsolidador&a=0.6004468612372875 HTTP/1.1" 200 26
172.22.2.3 - - [25/Jul/2015:07:21:48 -0500] "POST /cumbredelclima/wp-admin/admin-ajax.php HTTP/1.1" 200 23
66.249.64.101 - - [25/Jul/2015:07:21:54 -0500] "GET /BLA/resoluciones/AUTOS%202009/1679.pdf HTTP/1.1" 200 121769
172.22.2.3 - - [25/Jul/2015:07:22:03 -0500] "POST /cumbredelclima/wp-admin/admin-ajax.php HTTP/1.1" 200 23
172.22.2.3 - - [25/Jul/2015:07:22:18 -0500] "POST /cumbredelclima/wp-admin/admin-ajax.php HTTP/1.1" 200 23
201.245.192.253 - - [25/Jul/2015:07:22:08 -0500] "POST /wp-admin/admin-ajax.php HTTP/1.1" 200 23
181.61.185.98 - - [25/Jul/2015:07:22:34 -0500] "GET /videos/ArchivoSDA.flv HTTP/1.1" 200 31205279
172.22.2.3 - - [25/Jul/2015:07:22:33 -0500] "POST /cumbredelclima/wp-admin/admin-ajax.php HTTP/1.1" 200 23
66.249.64.101 - - [25/Jul/2015:07:22:34 -0500] "GET /BLA/resoluciones/RESOLUCIONES%202008/3121.pdf HTTP/1.1" 200 227524
201.245.192.253 - - [25/Jul/2015:07:22:44 -0500] "GET /forest/session.jsp?a=0.23943254539427028 HTTP/1.1" 200 4
157.55.39.182 - - [25/Jul/2015:07:22:48 -0500] "GET /BLA/resoluciones/AUTOS%202014/3668.pdf HTTP/1.1" 200 218577
172.22.2.3 - - [25/Jul/2015:07:22:48 -0500] "POST /cumbredelclima/wp-admin/admin-ajax.php HTTP/1.1" 200 23
68.180.230.190 - - [25/Jul/2015:07:23:00 -0500] "GET /BLA/boletinlegal/jurisprudencia/analisis/analisis%20sentencia%20C%20401%20de%202010.doc HTTP/1.1" 200 34816
172.22.2.3 - - [25/Jul/2015:07:23:03 -0500] "POST /cumbredelclima/wp-admin/admin-ajax.php HTTP/1.1" 200 23
66.249.64.248 - - [25/Jul/2015:07:23:15 -0500] "GET /ecodirectorio/files/res/languages/it/ HTTP/1.1" 200 3629
172.22.2.3 - - [25/Jul/2015:07:23:18 -0500] "POST /cumbredelclima/wp-admin/admin-ajax.php HTTP/1.1" 200 23
172.22.2.3 - - [25/Jul/2015:07:23:33 -0500] "POST /cumbredelclima/wp-admin/admin-ajax.php HTTP/1.1" 200 23
186.155.114.51 - - [25/Jul/2015:07:23:41 -0500] "GET /BLA/boletinlegal/js/jquery.scrollShow.js HTTP/1.1" 200 4586
186.155.114.51 - - [25/Jul/2015:07:23:41 -0500] "GET /galeria/galeria/jquery.fancybox.css?v=2.1.5 HTTP/1.1" 200 4895
186.155.114.51 - - [25/Jul/2015:07:23:41 -0500] "GET /galeria/galeria/jquery.fancybox.js?v=2.1.5 HTTP/1.1" 200 48706
172.22.2.3 - - [25/Jul/2015:07:23:48 -0500] "POST /cumbredelclima/wp-admin/admin-ajax.php HTTP/1.1" 200 23
66.249.64.96 - - [25/Jul/2015:07:23:56 -0500] "GET /BLA/resoluciones/RESOLUCIONES%202010/2918.pdf HTTP/1.1" 200 503553
172.22.2.3 - - [25/Jul/2015:07:24:03 -0500] "POST /cumbredelclima/wp-admin/admin-ajax.php HTTP/1.1" 200 23
186.155.114.51 - - [25/Jul/2015:07:24:08 -0500] "GET /BLA/boletinlegal/js/jquery.scrollShow.js HTTP/1.1" 304 -
186.155.114.51 - - [25/Jul/2015:07:24:08 -0500] "GET /galeria/galeria/jquery.fancybox.css?v=2.1.5 HTTP/1.1" 304 -
186.155.114.51 - - [25/Jul/2015:07:24:08 -0500] "GET /galeria/galeria/jquery.fancybox.js?v=2.1.5 HTTP/1.1" 304 -
172.22.2.3 - - [25/Jul/2015:07:24:18 -0500] "POST /cumbredelclima/wp-admin/admin-ajax.php HTTP/1.1" 200 23
201.245.192.253 - - [25/Jul/2015:07:24:08 -0500] "POST /wp-admin/admin-ajax.php HTTP/1.1" 200 23
172.22.2.3 - - [25/Jul/2015:07:24:33 -0500] "POST /cumbredelclima/wp-admin/admin-ajax.php HTTP/1.1" 200 23
220.181.108.177 - - [25/Jul/2015:07:24:35 -0500] "GET / HTTP/1.1" 200 10190
66.249.64.101 - - [25/Jul/2015:07:24:37 -0500] "GET /BLA/resoluciones/RESOLUCIONES%202008/3426.pdf HTTP/1.1" 200 255758
172.22.2.3 - - [25/Jul/2015:07:24:48 -0500] "POST /cumbredelclima/wp-admin/admin-ajax.php HTTP/1.1" 200 23
190.27.153.29 - - [25/Jul/2015:07:24:54 -0500] "GET /galeria/galeria/jquery.fancybox.css?v=2.1.5 HTTP/1.1" 200 4895
190.27.153.29 - - [25/Jul/2015:07:24:54 -0500] "GET /BLA/boletinlegal/js/jquery.scrollShow.js HTTP/1.1" 200 4586
190.27.153.29 - - [25/Jul/2015:07:24:54 -0500] "GET /galeria/galeria/jquery.fancybox.js?v=2.1.5 HTTP/1.1" 200 48706
181.63.181.42 - - [25/Jul/2015:07:24:57 -0500] "GET /forest/session.jsp?a=0.31562592438422143 HTTP/1.1" 200 4
190.27.153.29 - - [25/Jul/2015:07:24:57 -0500] "GET /BLA/boletinlegal/js/jquery.scrollShow.js HTTP/1.1" 304 -
190.27.153.29 - - [25/Jul/2015:07:24:57 -0500] "GET /galeria/galeria/jquery.fancybox.js?v=2.1.5 HTTP/1.1" 304 -
190.27.153.29 - - [25/Jul/2015:07:24:57 -0500] "GET /galeria/galeria/jquery.fancybox.css?v=2.1.5 HTTP/1.1" 304 -
190.27.153.29 - - [25/Jul/2015:07:24:58 -0500] "GET /BLA/boletinlegal/js/jquery.scrollShow.js HTTP/1.1" 304 -
190.27.153.29 - - [25/Jul/2015:07:24:58 -0500] "GET /galeria/galeria/jquery.fancybox.js?v=2.1.5 HTTP/1.1" 304 -
190.27.153.29 - - [25/Jul/2015:07:24:58 -0500] "GET /galeria/galeria/jquery.fancybox.css?v=2.1.5 HTTP/1.1" 304 -
172.22.2.3 - - [25/Jul/2015:07:25:03 -0500] "POST /cumbredelclima/wp-admin/admin-ajax.php HTTP/1.1" 200 23
66.249.79.120 - - [25/Jul/2015:07:25:18 -0500] "GET /BLA/resoluciones/RESOLUCIONES%202011/0809.pdf HTTP/1.1" 200 530466
172.22.2.3 - - [25/Jul/2015:07:25:18 -0500] "POST /cumbredelclima/wp-admin/admin-ajax.php HTTP/1.1" 200 23
181.54.205.24 - - [25/Jul/2015:07:25:25 -0500] "GET /galeria/galeria/jquery.fancybox.css?v=2.1.5 HTTP/1.1" 200 4895
181.54.205.24 - - [25/Jul/2015:07:25:25 -0500] "GET /galeria/carrusel/Carrusel/jquery.thumbnailScroller.css HTTP/1.1" 200 2066
181.54.205.24 - - [25/Jul/2015:07:25:25 -0500] "GET /BLA/boletinlegal/js/jquery.scrollShow.js HTTP/1.1" 200 4586
181.54.205.24 - - [25/Jul/2015:07:25:25 -0500] "GET /galeria/galeria/jquery.fancybox.js?v=2.1.5 HTTP/1.1" 200 48706
181.54.205.24 - - [25/Jul/2015:07:25:25 -0500] "GET /galeria/carrusel/Carrusel/jquery.thumbnailScroller.js HTTP/1.1" 200 8157
181.54.205.24 - - [25/Jul/2015:07:25:25 -0500] "GET /galeria/carrusel/Carrusel/jquery-ui-1.8.13.custom.min.js HTTP/1.1" 200 10800
181.54.205.24 - - [25/Jul/2015:07:25:27 -0500] "GET /galeria/nivo-slider/demo/demo.html HTTP/1.1" 200 5224
190.242.77.228 - - [25/Jul/2015:07:25:28 -0500] "GET /galeria/galeria/jquery.fancybox.css?v=2.1.5 HTTP/1.1" 200 4895
190.242.77.228 - - [25/Jul/2015:07:25:28 -0500] "GET /BLA/boletinlegal/js/jquery.scrollShow.js HTTP/1.1" 200 4586
190.242.77.228 - - [25/Jul/2015:07:25:28 -0500] "GET /galeria/galeria/jquery.fancybox.js?v=2.1.5 HTTP/1.1" 200 48706
181.54.205.24 - - [25/Jul/2015:07:25:30 -0500] "GET /galeria/nivo-slider/themes/default/default.css HTTP/1.1" 200 1569
181.54.205.24 - - [25/Jul/2015:07:25:30 -0500] "GET /galeria/nivo-slider/themes/pascal/pascal.css HTTP/1.1" 200 2258
181.54.205.24 - - [25/Jul/2015:07:25:30 -0500] "GET /galeria/nivo-slider/themes/orman/orman.css HTTP/1.1" 200 2152
181.54.205.24 - - [25/Jul/2015:07:25:30 -0500] "GET /galeria/nivo-slider/nivo-slider.css HTTP/1.1" 200 1507
181.54.205.24 - - [25/Jul/2015:07:25:30 -0500] "GET /galeria/nivo-slider/demo/style.css HTTP/1.1" 200 2222
181.54.205.24 - - [25/Jul/2015:07:25:30 -0500] "GET /galeria/nivo-slider/demo/scripts/jquery-1.7.1.min.js HTTP/1.1" 200 93868
181.54.205.24 - - [25/Jul/2015:07:25:30 -0500] "GET /galeria/nivo-slider/jquery.nivo.slider.pack.js HTTP/1.1" 200 11561
181.54.205.24 - - [25/Jul/2015:07:25:30 -0500] "GET /galeria/nivo-slider/demo/images/Rendicion-de-cuentas.jpg HTTP/1.1" 200 309079
181.54.205.24 - - [25/Jul/2015:07:25:30 -0500] "GET /galeria/nivo-slider/demo/images/4Simple_Slider.png HTTP/1.1" 200 11722
181.54.205.24 - - [25/Jul/2015:07:25:30 -0500] "GET /galeria/nivo-slider/themes/default/loading.gif HTTP/1.1" 200 1737
181.54.205.24 - - [25/Jul/2015:07:25:30 -0500] "GET /galeria/nivo-slider/demo/images/banner-llantas2.jpg HTTP/1.1" 200 204644
181.54.205.24 - - [25/Jul/2015:07:25:31 -0500] "GET /galeria/nivo-slider/demo/images/Semana-PYBA.jpg HTTP/1.1" 200 147360
181.54.205.24 - - [25/Jul/2015:07:25:31 -0500] "GET /galeria/nivo-slider/demo/images/PREDAcamp.jpg HTTP/1.1" 200 295358
172.22.2.3 - - [25/Jul/2015:07:25:33 -0500] "POST /cumbredelclima/wp-admin/admin-ajax.php HTTP/1.1" 200 23
181.54.205.24 - - [25/Jul/2015:07:25:35 -0500] "GET /galeria/nivo-slider/demo/images/VoluntariadoPYBA.jpg HTTP/1.1" 200 40647
181.54.205.24 - - [25/Jul/2015:07:25:36 -0500] "GET /galeria/nivo-slider/demo/images/9Signos.jpg HTTP/1.1" 200 81776
181.54.205.24 - - [25/Jul/2015:07:25:36 -0500] "GET /galeria/nivo-slider/demo/images/Comparendo-ambiental-Banner.jpg HTTP/1.1" 200 83731
66.249.64.29 - - [25/Jul/2015:07:25:24 -0500] "GET /robots.txt HTTP/1.1" 200 35
181.54.205.24 - - [25/Jul/2015:07:25:37 -0500] "GET /galeria/nivo-slider/demo/images/GAE-banner.jpg HTTP/1.1" 200 97556
66.249.64.24 - - [25/Jul/2015:07:25:37 -0500] "GET /nacionales/ HTTP/1.1" 200 29734
181.54.205.24 - - [25/Jul/2015:07:25:38 -0500] "GET /galeria/nivo-slider/demo/images/Banner-encuesta-de-percepscio.jpg HTTP/1.1" 200 201899
181.54.205.24 - - [25/Jul/2015:07:25:38 -0500] "GET /galeria/nivo-slider/demo/images/banner-Pacto-por-la-madera.jpg HTTP/1.1" 200 209966
181.54.205.24 - - [25/Jul/2015:07:25:38 -0500] "GET /galeria/nivo-slider/demo/images/acuerdo_569.jpg HTTP/1.1" 200 62670
181.54.205.24 - - [25/Jul/2015:07:25:39 -0500] "GET /galeria/nivo-slider/demo/images/Licitaciones-proyecto-paramo.jpg HTTP/1.1" 200 221877
181.54.205.24 - - [25/Jul/2015:07:25:40 -0500] "GET /galeria/nivo-slider/demo/images/Banner-decreto1299.jpg HTTP/1.1" 200 182613
181.54.205.24 - - [25/Jul/2015:07:25:41 -0500] "GET /galeria/nivo-slider/demo/images/Banner-Directorio.jpg HTTP/1.1" 200 182068
181.54.205.24 - - [25/Jul/2015:07:25:41 -0500] "GET /galeria/nivo-slider/demo/images/Ruta-vertimientos-01.jpg HTTP/1.1" 200 130151
181.54.205.24 - - [25/Jul/2015:07:25:42 -0500] "GET /galeria/nivo-slider/demo/images/bolsas-06.jpg HTTP/1.1" 200 90982
181.54.205.24 - - [25/Jul/2015:07:25:42 -0500] "GET /galeria/nivo-slider/demo/images/Conoce-los-humedales.jpg HTTP/1.1" 200 294036
181.54.205.24 - - [25/Jul/2015:07:25:42 -0500] "GET /galeria/nivo-slider/demo/images/ecolecta-Dic2014.png HTTP/1.1" 200 288593
83.51.117.22 - - [25/Jul/2015:07:25:43 -0500] "GET /BLA/resoluciones/RESOLUCIONES%202010/6906.pdf HTTP/1.1" 200 68675
83.51.117.22 - - [25/Jul/2015:07:25:43 -0500] "GET /favicon.ico HTTP/1.1" 200 7782
186.30.77.148 - - [25/Jul/2015:07:25:46 -0500] "GET /forest/actions/sgc.getPlantillaByInst?codForm=726&codInst=3207464 HTTP/1.1" 200 96437
181.54.205.24 - - [25/Jul/2015:07:25:48 -0500] "GET /galeria/nivo-slider/demo/images/Banner-Caracol-Africano.jpg HTTP/1.1" 200 331986
172.22.2.3 - - [25/Jul/2015:07:25:48 -0500] "POST /cumbredelclima/wp-admin/admin-ajax.php HTTP/1.1" 200 23
74.86.158.107 - - [25/Jul/2015:07:25:54 -0500] "HEAD / HTTP/1.1" 200 -
66.249.64.248 - - [25/Jul/2015:07:25:58 -0500] "GET /POT-2013/Cartografia/32_Altura%20para%20c%C3%A1lculo%20de%20edificabilidad%20predominante%20y%20aisl.pdf HTTP/1.1" 304 -
172.22.2.3 - - [25/Jul/2015:07:26:03 -0500] "POST /cumbredelclima/wp-admin/admin-ajax.php HTTP/1.1" 200 23
201.245.192.253 - - [25/Jul/2015:07:26:08 -0500] "POST /wp-admin/admin-ajax.php HTTP/1.1" 200 23
181.54.205.24 - - [25/Jul/2015:07:26:14 -0500] "GET /galeria/nivo-slider/themes/default/arrows.png HTTP/1.1" 200 824
181.54.205.24 - - [25/Jul/2015:07:26:14 -0500] "GET /galeria/nivo-slider/themes/default/bullets.png HTTP/1.1" 200 1281
172.22.2.3 - - [25/Jul/2015:07:26:18 -0500] "POST /cumbredelclima/wp-admin/admin-ajax.php HTTP/1.1" 200 23
201.245.192.253 - - [25/Jul/2015:07:26:19 -0500] "GET /forest/session.jsp?a=0.4566180961178189 HTTP/1.1" 200 4
190.242.77.228 - - [25/Jul/2015:07:26:25 -0500] "GET /galeria/galeria/jquery.fancybox.css?v=2.1.5 HTTP/1.1" 304 -
190.242.77.228 - - [25/Jul/2015:07:26:25 -0500] "GET /BLA/boletinlegal/js/jquery.scrollShow.js HTTP/1.1" 304 -
190.242.77.228 - - [25/Jul/2015:07:26:25 -0500] "GET /galeria/galeria/jquery.fancybox.js?v=2.1.5 HTTP/1.1" 304 -
172.22.2.3 - - [25/Jul/2015:07:26:33 -0500] "POST /cumbredelclima/wp-admin/admin-ajax.php HTTP/1.1" 200 23
42.156.136.63 - - [25/Jul/2015:07:26:34 -0500] "GET /robots.txt HTTP/1.1" 404 1019
157.55.39.183 - - [25/Jul/2015:07:26:35 -0500] "GET /galeria/nivo-slider/demo/demo.html HTTP/1.1" 200 5224
42.156.136.80 - - [25/Jul/2015:07:26:35 -0500] "GET /SIG/? HTTP/1.1" 200 4514
66.249.64.101 - - [25/Jul/2015:07:26:38 -0500] "GET /BLA/resoluciones/AUTOS%202009/0527.pdf HTTP/1.1" 304 -
66.249.64.243 - - [25/Jul/2015:07:26:39 -0500] "GET /POT-2013/Cartografia/28_USOS%20Y%20AREAS%20DE%20ACTIVIDAD.pdf HTTP/1.1" 304 -
186.30.77.148 - - [25/Jul/2015:07:26:40 -0500] "GET /forest/session.jsp?a=0.9276128280907869 HTTP/1.1" 200 4
172.22.2.3 - - [25/Jul/2015:07:26:48 -0500] "POST /cumbredelclima/wp-admin/admin-ajax.php HTTP/1.1" 200 23
186.30.77.148 - - [25/Jul/2015:07:26:54 -0500] "GET /forest/skins/gdocs-jar/popup/escritorio/subirborrador.jsp?form=DPC_ElaborarBorradorConsolidador&codTpl=726&codBorr=&a=0.015039080753922462 HTTP/1.1" 200 23286
190.159.149.251 - - [25/Jul/2015:07:26:54 -0500] "GET /BLA/boletinlegal/js/jquery.scrollShow.js HTTP/1.1" 200 4586
190.159.149.251 - - [25/Jul/2015:07:26:54 -0500] "GET /galeria/galeria/jquery.fancybox.css?v=2.1.5 HTTP/1.1" 200 4895
190.159.149.251 - - [25/Jul/2015:07:26:54 -0500] "GET /galeria/galeria/jquery.fancybox.js?v=2.1.5 HTTP/1.1" 200 48706
186.30.77.148 - - [25/Jul/2015:07:26:54 -0500] "GET /forest/json.do?query=borradoresByTpls&codInst=3207464&codTare=2320&firma=0&a=0.24444038327783346 HTTP/1.1" 200 193
186.30.77.148 - - [25/Jul/2015:07:26:54 -0500] "GET /forest/json.do?query=plantillasByTarea&codTare=2320&codInst=3207464&firma=0&a=0.08681960706599057 HTTP/1.1" 200 259
186.30.77.148 - - [25/Jul/2015:07:26:54 -0500] "GET /forest/json.do?query=terceroById&numTer=ATM006643&a=0.20199130289256573 HTTP/1.1" 200 633
186.30.77.148 - - [25/Jul/2015:07:26:55 -0500] "GET /forest/skins/gdocs-jar/img/top-search-icon.gif HTTP/1.1" 200 607
186.30.77.148 - - [25/Jul/2015:07:26:55 -0500] "GET /forest/img/lapiz.gif HTTP/1.1" 200 914
186.30.77.148 - - [25/Jul/2015:07:26:55 -0500] "GET /forest/img/historial.gif HTTP/1.1" 200 1341
186.30.77.148 - - [25/Jul/2015:07:26:55 -0500] "GET /forest/img/adduser.gif HTTP/1.1" 200 1249
186.30.77.148 - - [25/Jul/2015:07:26:55 -0500] "GET /forest/skins/gdocs-jar/img/expandido.gif HTTP/1.1" 200 190
186.30.77.148 - - [25/Jul/2015:07:26:55 -0500] "GET /forest/json.do?query=ultimoBorradorByTpl&codTpl=2021&codInst=3207464&a=0.733942711725831 HTTP/1.1" 200 20
186.30.77.148 - - [25/Jul/2015:07:26:55 -0500] "GET /forest/json.do?query=ultimoBorradorByTpl&codTpl=726&codInst=3207464&a=0.8584472557995468 HTTP/1.1" 200 2
186.84.178.182 - - [25/Jul/2015:07:27:00 -0500] "GET /BLA/boletinlegal/js/jquery.scrollShow.js HTTP/1.1" 304 -
186.84.178.182 - - [25/Jul/2015:07:27:00 -0500] "GET /galeria/galeria/jquery.fancybox.js?v=2.1.5 HTTP/1.1" 304 -
186.84.178.182 - - [25/Jul/2015:07:27:00 -0500] "GET /galeria/galeria/jquery.fancybox.css?v=2.1.5 HTTP/1.1" 304 -
190.159.149.251 - - [25/Jul/2015:07:27:00 -0500] "GET /galeria/galeria/jquery.fancybox.js?v=2.1.5 HTTP/1.1" 304 -
190.159.149.251 - - [25/Jul/2015:07:27:00 -0500] "GET /BLA/boletinlegal/js/jquery.scrollShow.js HTTP/1.1" 304 -
190.159.149.251 - - [25/Jul/2015:07:27:00 -0500] "GET /galeria/galeria/jquery.fancybox.css?v=2.1.5 HTTP/1.1" 304 -
172.22.2.3 - - [25/Jul/2015:07:27:03 -0500] "POST /cumbredelclima/wp-admin/admin-ajax.php HTTP/1.1" 200 23
180.76.15.134 - - [25/Jul/2015:07:27:09 -0500] "GET /POT-2013/Cartografia/30_PATRIMONIO_CULTURAL.pdf HTTP/1.1" 200 2804509
172.22.2.3 - - [25/Jul/2015:07:27:18 -0500] "POST /cumbredelclima/wp-admin/admin-ajax.php HTTP/1.1" 200 23
66.249.64.243 - - [25/Jul/2015:07:27:20 -0500] "GET /ecodirectorio/files/res/other/search.txt HTTP/1.1" 304 -
172.22.2.3 - - [25/Jul/2015:07:27:33 -0500] "POST /cumbredelclima/wp-admin/admin-ajax.php HTTP/1.1" 200 23
186.30.77.148 - - [25/Jul/2015:07:21:40 -0500] "GET /ForestMSG_SDA/channelAsync/template_word_18746198?X-Atmosphere-tracking-id=98d5ee16-7b7f-0c12-3db6-4b86288e55cb&X-Atmosphere-Framework=1.0.5&X-Atmosphere-Transport=long-polling&tabid=0.06480845692567527&X-Cache-Date=0&Content-Type=application/xml&_=1437827034603 HTTP/1.1" 200 8193
201.245.192.253 - - [25/Jul/2015:07:27:44 -0500] "GET /forest/session.jsp?a=0.45018254575131855 HTTP/1.1" 200 4
172.22.2.3 - - [25/Jul/2015:07:27:48 -0500] "POST /cumbredelclima/wp-admin/admin-ajax.php HTTP/1.1" 200 23
186.30.77.148 - - [25/Jul/2015:07:27:43 -0500] "POST /forest/usutareas.do?group_system_actual=3 HTTP/1.1" 200 196
186.30.77.148 - - [25/Jul/2015:07:28:03 -0500] "GET /forest/usutareas.do?group_system_actual=3&a=0.9510860075242817 HTTP/1.1" 200 122121
172.22.2.3 - - [25/Jul/2015:07:28:03 -0500] "POST /cumbredelclima/wp-admin/admin-ajax.php HTTP/1.1" 200 23
186.30.77.148 - - [25/Jul/2015:07:28:04 -0500] "GET /forest/actions/forms.getMappedValues?id=id_EnlaceConcejo17&value=1437152216047&codForm=DPC_ElaborarBorradorConsolidador&a=0.3310842604842037 HTTP/1.1" 200 26
186.30.77.148 - - [25/Jul/2015:07:28:04 -0500] "GET /forest/session.jsp?a=0.650435543153435 HTTP/1.1" 200 4
186.30.77.148 - - [25/Jul/2015:07:28:07 -0500] "POST /forest/usutareas.do? HTTP/1.1" 200 76
201.245.192.253 - - [25/Jul/2015:07:28:08 -0500] "POST /wp-admin/admin-ajax.php HTTP/1.1" 200 23
186.30.77.148 - - [25/Jul/2015:07:28:09 -0500] "GET /forest/usutareas.do?group_system_actual=3&a=0.37008620984852314 HTTP/1.1" 200 106880
186.30.77.148 - - [25/Jul/2015:07:28:10 -0500] "GET /forest/session.jsp?a=0.7190231040585786 HTTP/1.1" 200 4
190.26.66.135 - - [25/Jul/2015:07:28:12 -0500] "GET /BLA/boletinlegal/js/jquery.scrollShow.js HTTP/1.1" 200 4586
190.26.66.135 - - [25/Jul/2015:07:28:12 -0500] "GET /galeria/galeria/jquery.fancybox.js?v=2.1.5 HTTP/1.1" 200 48706
190.26.66.135 - - [25/Jul/2015:07:28:12 -0500] "GET /galeria/galeria/jquery.fancybox.css?v=2.1.5 HTTP/1.1" 200 4895
66.249.64.19 - - [25/Jul/2015:07:28:01 -0500] "GET /comunicados/ HTTP/1.1" 200 30956
172.22.2.3 - - [25/Jul/2015:07:28:18 -0500] "POST /cumbredelclima/wp-admin/admin-ajax.php HTTP/1.1" 200 23
186.30.77.148 - - [25/Jul/2015:07:28:19 -0500] "GET /forest/index2.jsp?_a=0.964518086053431 HTTP/1.1" 200 57098
186.30.77.148 - - [25/Jul/2015:07:28:20 -0500] "GET /forest/session.jsp?a=0.9793086827266961 HTTP/1.1" 200 4
186.30.77.148 - - [25/Jul/2015:07:28:22 -0500] "GET /forest/usutareas.do?group_system_actual=3&codTraEsc=18736887&_a=0.1055081109136391 HTTP/1.1" 200 106880
186.30.77.148 - - [25/Jul/2015:07:28:24 -0500] "GET /forest/session.jsp?a=0.7433063278440386 HTTP/1.1" 200 4
172.22.2.3 - - [25/Jul/2015:07:28:33 -0500] "POST /cumbredelclima/wp-admin/admin-ajax.php HTTP/1.1" 200 23
186.30.77.148 - - [25/Jul/2015:07:28:36 -0500] "POST /forest/usutareas.do? HTTP/1.1" 200 124
186.30.77.148 - - [25/Jul/2015:07:28:38 -0500] "GET /forest/usutareas.do?group_system_actual=3&a=0.8571025582496077 HTTP/1.1" 200 19579
186.30.77.148 - - [25/Jul/2015:07:28:38 -0500] "GET /forest/session.jsp?a=0.31314026075415313 HTTP/1.1" 200 4
186.30.77.148 - - [25/Jul/2015:07:28:40 -0500] "GET /forest/index2.jsp?_a=0.7612777044996619 HTTP/1.1" 200 54190
186.30.77.148 - - [25/Jul/2015:07:28:40 -0500] "GET /forest/session.jsp?a=0.5938413075637072 HTTP/1.1" 200 4
66.249.64.96 - - [25/Jul/2015:07:28:41 -0500] "GET /BLA/resoluciones/RESOLUCIONES%202013/0848.pdf HTTP/1.1" 304 -
186.30.77.148 - - [25/Jul/2015:07:28:48 -0500] "GET /forest/logout-redirect.jsp HTTP/1.1" 302 -
186.30.77.148 - - [25/Jul/2015:07:28:48 -0500] "GET /forest/login.do HTTP/1.1" 200 12815
172.22.2.3 - - [25/Jul/2015:07:28:48 -0500] "POST /cumbredelclima/wp-admin/admin-ajax.php HTTP/1.1" 200 23
172.22.2.3 - - [25/Jul/2015:07:29:03 -0500] "POST /cumbredelclima/wp-admin/admin-ajax.php HTTP/1.1" 200 23
172.22.2.3 - - [25/Jul/2015:07:29:18 -0500] "POST /cumbredelclima/wp-admin/admin-ajax.php HTTP/1.1" 200 23
66.249.64.96 - - [25/Jul/2015:07:29:22 -0500] "GET /BLA/resoluciones/RESOLUCIONES%202010/7252.pdf HTTP/1.1" 304 -
172.22.2.3 - - [25/Jul/2015:07:29:33 -0500] "POST /cumbredelclima/wp-admin/admin-ajax.php HTTP/1.1" 200 23
190.242.77.72 - - [25/Jul/2015:07:29:37 -0500] "GET /Autoliquidacion/TR%C3%81MITES%20AGUAS%20SUPERFICIALES/FORMULARIO%20NACIONAL%20SOLICITUD%20-Concesion%20Aguas%20Superficiales.pdf HTTP/1.1" 200 94522
190.242.77.72 - - [25/Jul/2015:07:29:37 -0500] "GET /Autoliquidacion/TR%C3%81MITES%20AGUAS%20SUPERFICIALES/FORMULARIO%20NACIONAL%20SOLICITUD%20-Concesion%20Aguas%20Superficiales.pdf HTTP/1.1" 200 94522
172.22.2.3 - - [25/Jul/2015:07:29:49 -0500] "POST /cumbredelclima/wp-admin/admin-ajax.php HTTP/1.1" 200 23
181.63.181.42 - - [25/Jul/2015:07:30:01 -0500] "GET /forest/session.jsp?a=0.5283941400703043 HTTP/1.1" 200 4
66.249.64.101 - - [25/Jul/2015:07:30:03 -0500] "GET /BLA/resoluciones/AUTOS%202012/2957.pdf HTTP/1.1" 304 -
172.22.2.3 - - [25/Jul/2015:07:30:04 -0500] "POST /cumbredelclima/wp-admin/admin-ajax.php HTTP/1.1" 200 23
172.22.2.3 - - [25/Jul/2015:07:30:19 -0500] "POST /cumbredelclima/wp-admin/admin-ajax.php HTTP/1.1" 200 23
201.245.192.253 - - [25/Jul/2015:07:30:08 -0500] "POST /wp-admin/admin-ajax.php HTTP/1.1" 200 23
66.249.64.29 - - [25/Jul/2015:07:30:26 -0500] "GET /nggallery/page/2 HTTP/1.1" 200 123270
172.22.2.3 - - [25/Jul/2015:07:30:34 -0500] "POST /cumbredelclima/wp-admin/admin-ajax.php HTTP/1.1" 200 23
172.22.2.3 - - [25/Jul/2015:07:30:49 -0500] "POST /cumbredelclima/wp-admin/admin-ajax.php HTTP/1.1" 200 23
74.86.158.107 - - [25/Jul/2015:07:30:54 -0500] "HEAD / HTTP/1.1" 200 -
66.249.64.96 - - [25/Jul/2015:07:30:56 -0500] "GET /galeria/galeria/fotos/9.jpg HTTP/1.1" 304 -
172.22.2.3 - - [25/Jul/2015:07:31:04 -0500] "POST /cumbredelclima/wp-admin/admin-ajax.php HTTP/1.1" 200 23
172.22.2.3 - - [25/Jul/2015:07:31:19 -0500] "POST /cumbredelclima/wp-admin/admin-ajax.php HTTP/1.1" 200 23
201.245.192.253 - - [25/Jul/2015:07:31:19 -0500] "GET /forest/session.jsp?a=0.4553707288907727 HTTP/1.1" 200 4
180.76.15.16 - - [25/Jul/2015:07:31:27 -0500] "GET / HTTP/1.1" 200 10190
190.143.31.136 - - [25/Jul/2015:07:31:27 -0500] "GET /BLA/boletinlegal/js/jquery.scrollShow.js HTTP/1.1" 200 4586
190.143.31.136 - - [25/Jul/2015:07:31:27 -0500] "GET /galeria/galeria/jquery.fancybox.js?v=2.1.5 HTTP/1.1" 200 48706
190.143.31.136 - - [25/Jul/2015:07:31:27 -0500] "GET /galeria/galeria/jquery.fancybox.css?v=2.1.5 HTTP/1.1" 200 4895
190.143.31.136 - - [25/Jul/2015:07:31:31 -0500] "GET /BLA/boletinlegal/js/jquery.scrollShow.js HTTP/1.1" 200 4586
190.143.31.136 - - [25/Jul/2015:07:31:31 -0500] "GET /galeria/galeria/jquery.fancybox.js?v=2.1.5 HTTP/1.1" 200 48706
190.143.31.136 - - [25/Jul/2015:07:31:31 -0500] "GET /galeria/galeria/jquery.fancybox.css?v=2.1.5 HTTP/1.1" 200 4895
172.22.2.3 - - [25/Jul/2015:07:31:34 -0500] "POST /cumbredelclima/wp-admin/admin-ajax.php HTTP/1.1" 200 23
172.22.2.3 - - [25/Jul/2015:07:31:49 -0500] "POST /cumbredelclima/wp-admin/admin-ajax.php HTTP/1.1" 200 23
190.27.5.181 - - [25/Jul/2015:07:31:55 -0500] "GET /galeria/galeria/jquery.fancybox.css?v=2.1.5 HTTP/1.1" 200 4895
180.76.15.29 - - [25/Jul/2015:07:31:55 -0500] "GET / HTTP/1.1" 200 10190
190.27.5.181 - - [25/Jul/2015:07:31:55 -0500] "GET /galeria/carrusel/Carrusel/jquery.thumbnailScroller.css HTTP/1.1" 200 2066
190.27.5.181 - - [25/Jul/2015:07:31:55 -0500] "GET /BLA/boletinlegal/js/jquery.scrollShow.js HTTP/1.1" 200 4586
190.27.5.181 - - [25/Jul/2015:07:31:55 -0500] "GET /galeria/galeria/jquery.fancybox.js?v=2.1.5 HTTP/1.1" 200 48706
190.27.5.181 - - [25/Jul/2015:07:31:55 -0500] "GET /galeria/carrusel/Carrusel/jquery-ui-1.8.13.custom.min.js HTTP/1.1" 200 10800
190.27.5.181 - - [25/Jul/2015:07:31:55 -0500] "GET /galeria/carrusel/Carrusel/jquery.thumbnailScroller.js HTTP/1.1" 200 8157
190.27.5.181 - - [25/Jul/2015:07:31:56 -0500] "GET /galeria/nivo-slider/demo/demo.html HTTP/1.1" 200 5224
190.27.5.181 - - [25/Jul/2015:07:31:57 -0500] "GET /galeria/nivo-slider/themes/default/default.css HTTP/1.1" 200 1569
190.27.5.181 - - [25/Jul/2015:07:31:57 -0500] "GET /galeria/nivo-slider/themes/orman/orman.css HTTP/1.1" 200 2152
190.27.5.181 - - [25/Jul/2015:07:31:57 -0500] "GET /galeria/nivo-slider/themes/pascal/pascal.css HTTP/1.1" 200 2258
190.27.5.181 - - [25/Jul/2015:07:31:57 -0500] "GET /galeria/nivo-slider/nivo-slider.css HTTP/1.1" 200 1507
190.27.5.181 - - [25/Jul/2015:07:31:57 -0500] "GET /galeria/nivo-slider/demo/style.css HTTP/1.1" 200 2222
190.27.5.181 - - [25/Jul/2015:07:31:57 -0500] "GET /galeria/nivo-slider/demo/images/Rendicion-de-cuentas.jpg HTTP/1.1" 200 309079
190.27.5.181 - - [25/Jul/2015:07:31:57 -0500] "GET /galeria/nivo-slider/demo/images/banner-llantas2.jpg HTTP/1.1" 200 204644
190.27.5.181 - - [25/Jul/2015:07:31:57 -0500] "GET /galeria/nivo-slider/demo/images/Semana-PYBA.jpg HTTP/1.1" 200 147360
190.27.5.181 - - [25/Jul/2015:07:31:57 -0500] "GET /galeria/nivo-slider/demo/scripts/jquery-1.7.1.min.js HTTP/1.1" 200 93868
190.27.5.181 - - [25/Jul/2015:07:31:57 -0500] "GET /galeria/nivo-slider/demo/images/PREDAcamp.jpg HTTP/1.1" 200 295358
190.27.5.181 - - [25/Jul/2015:07:31:57 -0500] "GET /galeria/nivo-slider/jquery.nivo.slider.pack.js HTTP/1.1" 200 11561
190.27.5.181 - - [25/Jul/2015:07:31:57 -0500] "GET /galeria/nivo-slider/demo/images/VoluntariadoPYBA.jpg HTTP/1.1" 200 40647
190.27.5.181 - - [25/Jul/2015:07:31:58 -0500] "GET /galeria/nivo-slider/demo/images/4Simple_Slider.png HTTP/1.1" 200 11722
190.27.5.181 - - [25/Jul/2015:07:31:58 -0500] "GET /galeria/nivo-slider/themes/default/loading.gif HTTP/1.1" 200 1737
190.27.5.181 - - [25/Jul/2015:07:31:58 -0500] "GET /galeria/nivo-slider/demo/images/9Signos.jpg HTTP/1.1" 200 81776
190.27.5.181 - - [25/Jul/2015:07:31:58 -0500] "GET /galeria/nivo-slider/demo/images/Comparendo-ambiental-Banner.jpg HTTP/1.1" 200 83731
190.27.5.181 - - [25/Jul/2015:07:31:58 -0500] "GET /galeria/nivo-slider/demo/images/GAE-banner.jpg HTTP/1.1" 200 97556
190.27.5.181 - - [25/Jul/2015:07:31:58 -0500] "GET /galeria/nivo-slider/demo/images/Banner-encuesta-de-percepscio.jpg HTTP/1.1" 200 201899
190.27.5.181 - - [25/Jul/2015:07:31:58 -0500] "GET /galeria/nivo-slider/demo/images/banner-Pacto-por-la-madera.jpg HTTP/1.1" 200 209966
190.27.5.181 - - [25/Jul/2015:07:31:58 -0500] "GET /galeria/nivo-slider/demo/images/acuerdo_569.jpg HTTP/1.1" 200 62670
190.27.5.181 - - [25/Jul/2015:07:31:58 -0500] "GET /galeria/nivo-slider/demo/images/Licitaciones-proyecto-paramo.jpg HTTP/1.1" 200 221877
190.27.5.181 - - [25/Jul/2015:07:31:59 -0500] "GET /galeria/nivo-slider/demo/images/Banner-decreto1299.jpg HTTP/1.1" 200 182613
190.27.5.181 - - [25/Jul/2015:07:31:59 -0500] "GET /galeria/nivo-slider/demo/images/Banner-Directorio.jpg HTTP/1.1" 200 182068
190.27.5.181 - - [25/Jul/2015:07:31:59 -0500] "GET /galeria/nivo-slider/demo/images/Ruta-vertimientos-01.jpg HTTP/1.1" 200 130151
190.27.5.181 - - [25/Jul/2015:07:31:59 -0500] "GET /galeria/nivo-slider/demo/images/bolsas-06.jpg HTTP/1.1" 200 90982
190.27.5.181 - - [25/Jul/2015:07:32:00 -0500] "GET /galeria/nivo-slider/demo/images/Conoce-los-humedales.jpg HTTP/1.1" 200 294036
190.27.5.181 - - [25/Jul/2015:07:32:00 -0500] "GET /galeria/nivo-slider/demo/images/ecolecta-Dic2014.png HTTP/1.1" 200 288593
190.27.5.181 - - [25/Jul/2015:07:32:00 -0500] "GET /galeria/nivo-slider/demo/images/Banner-Caracol-Africano.jpg HTTP/1.1" 200 331986
66.249.64.29 - - [25/Jul/2015:07:32:01 -0500] "GET /wp-content/uploads/2015/07/Manual_Protocolo_PDF.pdf HTTP/1.1" 304 -
190.143.31.136 - - [25/Jul/2015:07:32:02 -0500] "GET /galeria/galeria/jquery.fancybox.css?v=2.1.5 HTTP/1.1" 304 -
190.143.31.136 - - [25/Jul/2015:07:32:02 -0500] "GET /galeria/galeria/jquery.fancybox.js?v=2.1.5 HTTP/1.1" 304 -
172.22.2.3 - - [25/Jul/2015:07:32:04 -0500] "POST /cumbredelclima/wp-admin/admin-ajax.php HTTP/1.1" 200 23
190.27.5.181 - - [25/Jul/2015:07:32:06 -0500] "GET /galeria/nivo-slider/themes/default/arrows.png HTTP/1.1" 200 824
190.27.5.181 - - [25/Jul/2015:07:32:06 -0500] "GET /galeria/nivo-slider/themes/default/bullets.png HTTP/1.1" 200 1281
190.143.31.136 - - [25/Jul/2015:07:32:03 -0500] "GET /videos/CRRFFS.mp4 HTTP/1.1" 200 286784363
172.22.2.3 - - [25/Jul/2015:07:32:19 -0500] "POST /cumbredelclima/wp-admin/admin-ajax.php HTTP/1.1" 200 23
201.245.192.253 - - [25/Jul/2015:07:32:08 -0500] "POST /wp-admin/admin-ajax.php HTTP/1.1" 200 23
186.146.112.87 - - [25/Jul/2015:07:32:24 -0500] "GET /galeria/galeria/jquery.fancybox.css?v=2.1.5 HTTP/1.1" 200 4895
186.146.112.87 - - [25/Jul/2015:07:32:24 -0500] "GET /BLA/boletinlegal/js/jquery.scrollShow.js HTTP/1.1" 200 4586
186.146.112.87 - - [25/Jul/2015:07:32:24 -0500] "GET /galeria/galeria/jquery.fancybox.js?v=2.1.5 HTTP/1.1" 200 48706
186.146.112.87 - - [25/Jul/2015:07:32:28 -0500] "GET /galeria/galeria/jquery.fancybox.js?v=2.1.5 HTTP/1.1" 304 -
186.146.112.87 - - [25/Jul/2015:07:32:28 -0500] "GET /BLA/boletinlegal/js/jquery.scrollShow.js HTTP/1.1" 304 -
186.146.112.87 - - [25/Jul/2015:07:32:28 -0500] "GET /galeria/galeria/jquery.fancybox.css?v=2.1.5 HTTP/1.1" 304 -
172.22.2.3 - - [25/Jul/2015:07:32:34 -0500] "POST /cumbredelclima/wp-admin/admin-ajax.php HTTP/1.1" 200 23
201.245.192.253 - - [25/Jul/2015:07:32:44 -0500] "GET /forest/session.jsp?a=0.9720427386095336 HTTP/1.1" 200 4
172.22.2.3 - - [25/Jul/2015:07:32:49 -0500] "POST /cumbredelclima/wp-admin/admin-ajax.php HTTP/1.1" 200 23
172.22.2.3 - - [25/Jul/2015:07:33:04 -0500] "POST /cumbredelclima/wp-admin/admin-ajax.php HTTP/1.1" 200 23
181.63.181.42 - - [25/Jul/2015:07:33:08 -0500] "GET /forest/index2.jsp?a=0.7418291352998907 HTTP/1.1" 200 45498
181.63.181.42 - - [25/Jul/2015:07:33:11 -0500] "GET /forest/skins/gdocs-jar/css/forest.css?version=1503.161801 HTTP/1.1" 200 51
181.63.181.42 - - [25/Jul/2015:07:33:11 -0500] "GET /forest/skins/gdocs-jar/css/menu.css?version=1503.161801 HTTP/1.1" 200 4235
181.63.181.42 - - [25/Jul/2015:07:33:11 -0500] "GET /forest/skins/gdocs-jar/css/autocomplete.css?version=1503.161801 HTTP/1.1" 200 1620
181.63.181.42 - - [25/Jul/2015:07:33:11 -0500] "GET /forest/css/index.css?version=1503.161801 HTTP/1.1" 200 1900
181.63.181.42 - - [25/Jul/2015:07:33:11 -0500] "GET /forest/1ibre/jscalendar/calendar-win2k-1.css?version=1503.161801 HTTP/1.1" 200 5986
181.63.181.42 - - [25/Jul/2015:07:33:11 -0500] "GET /forest/skins/gdocs-jar/css/dialog.css?version=1503.161801 HTTP/1.1" 200 1430
181.63.181.42 - - [25/Jul/2015:07:33:11 -0500] "GET /forest/skins/gdocs-jar/css/forms.css?version=1503.161801 HTTP/1.1" 200 7180
181.63.181.42 - - [25/Jul/2015:07:33:11 -0500] "GET /forest/skins/gdocs-jar/css/tree.css HTTP/1.1" 200 223
181.63.181.42 - - [25/Jul/2015:07:33:11 -0500] "GET /forest/skins/gdocs-jar/css/autocomplete.css HTTP/1.1" 200 1620
181.63.181.42 - - [25/Jul/2015:07:33:12 -0500] "GET /forest/skins/gdocs-jar/js/autocompletar2.js?version=1503.161801 HTTP/1.1" 200 24595
181.63.181.42 - - [25/Jul/2015:07:33:12 -0500] "GET /forest/skins/gdocs-jar/js/xml_utilities.js?version=1503.161801 HTTP/1.1" 200 2433
181.63.181.42 - - [25/Jul/2015:07:33:11 -0500] "GET /forest/js/json3.js HTTP/1.1" 200 39592
181.63.181.42 - - [25/Jul/2015:07:33:12 -0500] "GET /forest/js/inicio.js?version=1503.161801 HTTP/1.1" 200 2303
181.63.181.42 - - [25/Jul/2015:07:33:12 -0500] "GET /forest/skins/gdocs-jar/js/misprocesos.js?version=1503.161801 HTTP/1.1" 200 5890
181.63.181.42 - - [25/Jul/2015:07:33:12 -0500] "GET /forest/img/spacer.gif HTTP/1.1" 200 43
181.63.181.42 - - [25/Jul/2015:07:33:13 -0500] "GET /forest/img/inicio.jpg HTTP/1.1" 200 897
181.63.181.42 - - [25/Jul/2015:07:33:13 -0500] "GET /forest/img/users/3.gif HTTP/1.1" 200 1513
181.63.181.42 - - [25/Jul/2015:07:33:11 -0500] "GET /forest/jsoptimized/gz/js/gdocsall-1503.161801.js HTTP/1.1" 200 99246
181.63.181.42 - - [25/Jul/2015:07:33:13 -0500] "GET /forest/img/users/5.gif HTTP/1.1" 200 1507
181.63.181.42 - - [25/Jul/2015:07:33:13 -0500] "GET /forest/img/users/7.gif HTTP/1.1" 200 1631
181.63.181.42 - - [25/Jul/2015:07:33:13 -0500] "GET /forest/img/download_large.gif HTTP/1.1" 200 203
181.63.181.42 - - [25/Jul/2015:07:33:13 -0500] "GET /forest/img/buscar.jpg HTTP/1.1" 200 736
181.63.181.42 - - [25/Jul/2015:07:33:13 -0500] "GET /forest/img/buscar_documentos.gif HTTP/1.1" 200 674
181.63.181.42 - - [25/Jul/2015:07:33:14 -0500] "GET /forest/img/buscar_procesos.gif HTTP/1.1" 200 158
181.63.181.42 - - [25/Jul/2015:07:33:14 -0500] "GET /forest/img/notify.gif HTTP/1.1" 200 746
181.63.181.42 - - [25/Jul/2015:07:33:14 -0500] "GET /forest/img/ayuda.gif HTTP/1.1" 200 716
181.63.181.42 - - [25/Jul/2015:07:33:14 -0500] "GET /forest/img/pantalla.gif HTTP/1.1" 200 1407
181.63.181.42 - - [25/Jul/2015:07:33:14 -0500] "GET /forest/img/salir3.gif HTTP/1.1" 200 1271
181.63.181.42 - - [25/Jul/2015:07:33:14 -0500] "GET /forest/img/panel/view_icon.gif HTTP/1.1" 200 681
181.63.181.42 - - [25/Jul/2015:07:33:14 -0500] "GET /forest/img/panel/menu/folder.png HTTP/1.1" 200 1382
181.63.181.42 - - [25/Jul/2015:07:33:14 -0500] "GET /forest/img/panel/menu/add.png HTTP/1.1" 200 4044
181.63.181.42 - - [25/Jul/2015:07:33:14 -0500] "GET /forest/img/panel/menu/hoy.png HTTP/1.1" 200 1215
181.63.181.42 - - [25/Jul/2015:07:33:14 -0500] "GET /forest/img/panel/menu/danger2.png HTTP/1.1" 200 1358
181.63.181.42 - - [25/Jul/2015:07:33:14 -0500] "GET /forest/img/instanciar.gif HTTP/1.1" 200 1589
181.63.181.42 - - [25/Jul/2015:07:33:14 -0500] "GET /forest/img/misdocumentos.gif HTTP/1.1" 200 545
181.63.181.42 - - [25/Jul/2015:07:33:14 -0500] "GET /forest/skins/gdocs-jar/img/icons/docx.gif HTTP/1.1" 200 1039
181.63.181.42 - - [25/Jul/2015:07:33:14 -0500] "GET /forest/img/mplogo.gif HTTP/1.1" 200 806
181.63.181.42 - - [25/Jul/2015:07:33:14 -0500] "GET /forest/img/base/bsc2_r1_c1.gif HTTP/1.1" 200 28640
181.63.181.42 - - [25/Jul/2015:07:33:14 -0500] "GET /forest/img/base/bsc2_r1_c2.gif HTTP/1.1" 200 269
181.63.181.42 - - [25/Jul/2015:07:33:14 -0500] "GET /forest/img/base/bsc2_r1_c3.gif HTTP/1.1" 200 3704
181.63.181.42 - - [25/Jul/2015:07:33:14 -0500] "GET /forest/img/fondo-barra.gif HTTP/1.1" 200 282
181.63.181.42 - - [25/Jul/2015:07:33:15 -0500] "GET /forest/session.jsp?a=0.01635625073686242 HTTP/1.1" 200 4
172.22.2.3 - - [25/Jul/2015:07:33:19 -0500] "POST /cumbredelclima/wp-admin/admin-ajax.php HTTP/1.1" 200 23
181.61.160.214 - - [25/Jul/2015:07:33:20 -0500] "GET /galeria/galeria/fotos/1GuaymaralTorcaP1.jpg HTTP/1.1" 200 9512
181.61.160.214 - - [25/Jul/2015:07:33:20 -0500] "GET /galeria/galeria/fotos/2GuaymaralTorcaP2.jpg HTTP/1.1" 200 7622
181.61.160.214 - - [25/Jul/2015:07:33:20 -0500] "GET /galeria/galeria/fotos/3GuaymaralTorcaP3.jpg HTTP/1.1" 200 8521
181.61.160.214 - - [25/Jul/2015:07:33:20 -0500] "GET /galeria/galeria/fotos/GuaymaralTorca4P.jpg HTTP/1.1" 200 33981
172.22.2.3 - - [25/Jul/2015:07:33:34 -0500] "POST /cumbredelclima/wp-admin/admin-ajax.php HTTP/1.1" 200 23
201.234.75.11 - - [25/Jul/2015:07:33:37 -0500] "GET /galeria/nivo-slider/demo/images/banner-conejera1.jpg HTTP/1.1" 304 -
181.63.181.42 - - [25/Jul/2015:07:21:28 -0500] "POST /forest/buscar.do? HTTP/1.1" 200 17080
172.22.2.3 - - [25/Jul/2015:07:33:49 -0500] "POST /cumbredelclima/wp-admin/admin-ajax.php HTTP/1.1" 200 23
172.22.2.3 - - [25/Jul/2015:07:34:04 -0500] "POST /cumbredelclima/wp-admin/admin-ajax.php HTTP/1.1" 200 23
186.30.77.148 - - [25/Jul/2015:07:28:04 -0500] "GET /ForestMSG_SDA/channelAsync/template_word_18746198?X-Atmosphere-tracking-id=99ee790b-2f13-8d77-6015-2df1bdfddd59&X-Atmosphere-Framework=1.0.5&X-Atmosphere-Transport=long-polling&tabid=0.9197733090259135&X-Cache-Date=0&Content-Type=application/xml&_=1437827418977 HTTP/1.1" 200 8193
181.234.101.154 - - [25/Jul/2015:07:34:05 -0500] "GET / HTTP/1.1" 200 123634
181.234.101.154 - - [25/Jul/2015:07:34:08 -0500] "GET /wp-content/plugins/content-views-query-and-display-post-page/assets/bootstrap/css/bootstrap.min.css?ver=3.3.0 HTTP/1.1" 200 50487
181.234.101.154 - - [25/Jul/2015:07:34:08 -0500] "GET /wp-content/plugins/gallery-video/style/videogallery-all.css?ver=4.2.2 HTTP/1.1" 200 -
181.234.101.154 - - [25/Jul/2015:07:34:08 -0500] "GET /wp-content/plugins/gallery-video/style/lightbox.css?ver=4.2.2 HTTP/1.1" 200 2821
181.234.101.154 - - [25/Jul/2015:07:34:08 -0500] "GET /wp-content/plugins/content-views-query-and-display-post-page/public/assets/css/public.css?ver=1.6.3.1 HTTP/1.1" 200 5199
181.234.101.154 - - [25/Jul/2015:07:34:08 -0500] "GET /wp-content/plugins/wp_logooos_plugin/css/logos.css?ver=4.2.2 HTTP/1.1" 200 13034
181.234.101.154 - - [25/Jul/2015:07:34:09 -0500] "GET /wp-content/plugins/gallery-video/style/style2-os.css?ver=4.2.2 HTTP/1.1" 200 1814
201.245.192.253 - - [25/Jul/2015:07:34:08 -0500] "POST /wp-admin/admin-ajax.php HTTP/1.1" 200 23
181.234.101.154 - - [25/Jul/2015:07:34:09 -0500] "GET /wp-content/themes/patti/css/prettyPhoto.css?ver=4.2.2 HTTP/1.1" 200 20154
181.234.101.154 - - [25/Jul/2015:07:34:09 -0500] "GET /wp-content/themes/patti/style.css?ver=4.2.2 HTTP/1.1" 200 88327
181.234.101.154 - - [25/Jul/2015:07:34:09 -0500] "GET /wp-content/themes/patti/framework/fonts/font-awesome/css/font-awesome.css?ver=4.2.2 HTTP/1.1" 200 21954
181.234.101.154 - - [25/Jul/2015:07:34:09 -0500] "GET /wp-content/themes/patti/css/superfish.css?ver=4.2.2 HTTP/1.1" 200 1153
181.234.101.154 - - [25/Jul/2015:07:34:09 -0500] "GET /wp-content/uploads/2015/06/parallax_bg01.png HTTP/1.1" 200 24560
181.234.101.154 - - [25/Jul/2015:07:34:10 -0500] "GET /wp-content/plugins/revslider/rs-plugin/css/settings.css?rev=4.6.0&ver=4.2.2 HTTP/1.1" 200 52798
181.234.101.154 - - [25/Jul/2015:07:34:10 -0500] "GET /wp-content/plugins/gallery-video/style/css/font-awesome.css?ver=4.2.2 HTTP/1.1" 200 31213
181.234.101.154 - - [25/Jul/2015:07:34:10 -0500] "GET /wp-content/themes/patti/css/owl.carousel.css?ver=4.2.2 HTTP/1.1" 200 5931
181.234.101.154 - - [25/Jul/2015:07:34:10 -0500] "GET /wp-content/plugins/contact-form-7/includes/css/styles.css?ver=4.1.2 HTTP/1.1" 200 1103
181.234.101.154 - - [25/Jul/2015:07:34:10 -0500] "GET /wp-content/themes/patti/css/extend-composer.css?ver=4.2.2 HTTP/1.1" 200 22872
181.234.101.154 - - [25/Jul/2015:07:34:10 -0500] "GET /wp-content/themes/patti/css/audioplayer.css?ver=4.2.2 HTTP/1.1" 200 8884
181.234.101.154 - - [25/Jul/2015:07:34:10 -0500] "GET /wp-content/themes/patti/css/responsive.css?ver=4.2.2 HTTP/1.1" 200 12294
181.234.101.154 - - [25/Jul/2015:07:34:10 -0500] "GET /wp-content/plugins/js_composer/assets/css/js_composer.css?ver=4.3.4 HTTP/1.1" 200 82454
181.234.101.154 - - [25/Jul/2015:07:34:10 -0500] "GET /wp-content/plugins/easy-logo-slider/css/style-admin.css?ver=4.2.2 HTTP/1.1" 200 5249
181.234.101.154 - - [25/Jul/2015:07:34:10 -0500] "GET /wp-content/uploads/js_composer/custom.css?ver=4.3.4 HTTP/1.1" 200 -
181.234.101.154 - - [25/Jul/2015:07:34:10 -0500] "GET /wp-content/plugins/js_composer/assets/lib/nivoslider/nivo-slider.css?ver=4.3.4 HTTP/1.1" 200 2058
181.234.101.154 - - [25/Jul/2015:07:34:10 -0500] "GET /wp-content/plugins/js_composer/assets/lib/nivoslider/themes/default/default.css?ver=4.3.4 HTTP/1.1" 200 2111
181.234.101.154 - - [25/Jul/2015:07:34:10 -0500] "GET /wp-content/plugins/easy-logo-slider/css/jcarouselresponsive.css?ver=4.2.2 HTTP/1.1" 200 2010
181.234.101.154 - - [25/Jul/2015:07:34:10 -0500] "GET /wp-includes/js/wp-emoji-release.min.js?ver=4.2.2 HTTP/1.1" 200 14596
181.234.101.154 - - [25/Jul/2015:07:34:10 -0500] "GET /wp-content/plugins/js_composer/assets/lib/prettyphoto/css/prettyPhoto.css?ver=4.3.4 HTTP/1.1" 200 19888
181.234.101.154 - - [25/Jul/2015:07:34:10 -0500] "GET /wp-content/plugins/gallery-video/style/colorbox-1.css HTTP/1.1" 200 3610
181.234.101.154 - - [25/Jul/2015:07:34:10 -0500] "GET /wp-includes/js/jquery/jquery-migrate.min.js?ver=1.2.1 HTTP/1.1" 200 7199
181.234.101.154 - - [25/Jul/2015:07:34:10 -0500] "GET /wp-content/plugins/revslider/rs-plugin/js/jquery.themepunch.revolution.min.js?rev=4.6.0&ver=4.2.2 HTTP/1.1" 200 111127
181.234.101.154 - - [25/Jul/2015:07:34:10 -0500] "GET /wp-content/themes/patti/js/jquery.queryloader2.js?ver=1.0 HTTP/1.1" 200 36527
181.234.101.154 - - [25/Jul/2015:07:34:10 -0500] "GET /wp-content/themes/patti/js/custom/custom-loader.js?ver=1.0 HTTP/1.1" 200 839
181.234.101.154 - - [25/Jul/2015:07:34:10 -0500] "GET /wp-includes/js/jquery/jquery.js?ver=1.11.2 HTTP/1.1" 200 95952
181.234.101.154 - - [25/Jul/2015:07:34:10 -0500] "GET /wp-content/plugins/revslider/rs-plugin/js/jquery.themepunch.tools.min.js?rev=4.6.0&ver=4.2.2 HTTP/1.1" 200 94880
181.234.101.154 - - [25/Jul/2015:07:34:10 -0500] "GET /wp-content/plugins/easy-logo-slider/js/jcarousel.responsive.js?ver=4.2.2 HTTP/1.1" 200 2331
181.234.101.154 - - [25/Jul/2015:07:34:10 -0500] "GET /wp-content/themes/patti/js/jquery.nav.js?ver=2.2.0 HTTP/1.1" 200 2827
181.234.101.154 - - [25/Jul/2015:07:34:10 -0500] "GET /wp-content/plugins/gallery-video/js/video_gallery-all.js?ver=4.2.2 HTTP/1.1" 200 1895
181.234.101.154 - - [25/Jul/2015:07:34:10 -0500] "GET /wp-content/themes/patti/js/custom/custom-responsive-nav.js?ver=4.2.2 HTTP/1.1" 200 1676
181.234.101.154 - - [25/Jul/2015:07:34:10 -0500] "GET /wp-content/plugins/easy-logo-slider/js/jquery.jcarousel.min.js?ver=4.2.2 HTTP/1.1" 200 17494
181.234.101.154 - - [25/Jul/2015:07:34:11 -0500] "GET /wp-content/themes/patti/js/scripts-top.js?ver=4.2.2 HTTP/1.1" 200 30885
181.234.101.154 - - [25/Jul/2015:07:34:11 -0500] "GET /wp-content/themes/patti/js/custom/custom-navscroll.js?ver=1.0 HTTP/1.1" 200 3051
181.234.101.154 - - [25/Jul/2015:07:34:11 -0500] "GET /wp-content/plugins/gallery-video/Front_end/js/youtube.lib.js HTTP/1.1" 200 717
181.234.101.154 - - [25/Jul/2015:07:34:11 -0500] "GET /wp-content/plugins/gallery-video/js/jquery.colorbox.js HTTP/1.1" 200 29816
181.234.101.154 - - [25/Jul/2015:07:34:11 -0500] "GET /wp-content/plugins/contact-form-7/includes/js/scripts.js?ver=4.1.2 HTTP/1.1" 200 11192
181.234.101.154 - - [25/Jul/2015:07:34:11 -0500] "GET /wp-content/plugins/content-views-query-and-display-post-page/assets/ie-fix/html5shiv.min.js?ver=3.7.0 HTTP/1.1" 200 2498
181.234.101.154 - - [25/Jul/2015:07:34:11 -0500] "GET /wp-content/plugins/gallery-video/js/jquery.hugeitmicro.min.js HTTP/1.1" 200 16137
181.234.101.154 - - [25/Jul/2015:07:34:11 -0500] "GET /wp-content/themes/patti/js/jquery.isotope.min.js?ver=1.0 HTTP/1.1" 200 16033
181.234.101.154 - - [25/Jul/2015:07:34:11 -0500] "GET /wp-content/plugins/wp_logooos_plugin/js/helper-plugins/jquery.touchSwipe.min.js HTTP/1.1" 200 4325
181.234.101.154 - - [25/Jul/2015:07:34:11 -0500] "GET /wp-content/plugins/contact-form-7/includes/js/jquery.form.min.js?ver=3.51.0-2014.06.20 HTTP/1.1" 200 15248
181.234.101.154 - - [25/Jul/2015:07:34:11 -0500] "GET /wp-content/plugins/content-views-query-and-display-post-page/public/assets/js/public.js?ver=1.6.3.1 HTTP/1.1" 200 6156
181.234.101.154 - - [25/Jul/2015:07:34:11 -0500] "GET /wp-content/themes/patti/js/jquery.lazyload.js?ver=1.9.3 HTTP/1.1" 200 4451
181.234.101.154 - - [25/Jul/2015:07:34:11 -0500] "GET /wp-content/plugins/wp_logooos_plugin/js/jquery.carouFredSel-6.2.1.js HTTP/1.1" 200 91090
181.234.101.154 - - [25/Jul/2015:07:34:11 -0500] "GET /wp-content/themes/patti/js/custom/custom-nav.js?ver=1.0 HTTP/1.1" 200 1940
181.234.101.154 - - [25/Jul/2015:07:34:11 -0500] "GET /wp-content/plugins/content-views-query-and-display-post-page/assets/ie-fix/respond.js?ver=1.4.2 HTTP/1.1" 200 8536
181.234.101.154 - - [25/Jul/2015:07:34:11 -0500] "GET /wp-content/themes/patti/js/custom/custom-isotope-portfolio.js?ver=1.0 HTTP/1.1" 200 5591
181.234.101.154 - - [25/Jul/2015:07:34:11 -0500] "GET /wp-content/themes/patti/js/retina.min.js?ver=4.2.2 HTTP/1.1" 200 2993
181.234.101.154 - - [25/Jul/2015:07:34:11 -0500] "GET /wp-content/plugins/wp_logooos_plugin/js/logos.js HTTP/1.1" 200 30152
181.234.101.154 - - [25/Jul/2015:07:34:11 -0500] "GET /wp-includes/js/jquery/ui/core.min.js?ver=1.11.4 HTTP/1.1" 200 3997
181.234.101.154 - - [25/Jul/2015:07:34:11 -0500] "GET /wp-includes/js/jquery/ui/tabs.min.js?ver=1.11.4 HTTP/1.1" 200 12110
181.234.101.154 - - [25/Jul/2015:07:34:11 -0500] "GET /wp-content/plugins/js_composer/assets/lib/prettyphoto/js/jquery.prettyPhoto.js?ver=4.3.4 HTTP/1.1" 200 22060
181.234.101.154 - - [25/Jul/2015:07:34:11 -0500] "GET /wp-content/themes/patti/js/custom/custom-parallax.js?ver=1.0 HTTP/1.1" 200 702
181.234.101.154 - - [25/Jul/2015:07:34:11 -0500] "GET /wp-content/plugins/js_composer/assets/lib/nivoslider/jquery.nivo.slider.pack.js?ver=4.3.4 HTTP/1.1" 200 12201
181.234.101.154 - - [25/Jul/2015:07:34:11 -0500] "GET /wp-content/themes/patti/js/custom/custom-social.js?ver=4.2.2 HTTP/1.1" 200 1789
181.234.101.154 - - [25/Jul/2015:07:34:11 -0500] "GET /wp-includes/js/comment-reply.min.js?ver=4.2.2 HTTP/1.1" 200 757
181.234.101.154 - - [25/Jul/2015:07:34:11 -0500] "GET /wp-content/themes/patti/js/custom/custom.js?ver=1.0 HTTP/1.1" 200 13920
181.234.101.154 - - [25/Jul/2015:07:34:11 -0500] "GET /wp-content/plugins/content-views-query-and-display-post-page/assets/bootstrap/js/bootstrap.min.js?ver=3.3.0 HTTP/1.1" 200 29165
181.234.101.154 - - [25/Jul/2015:07:34:11 -0500] "GET /wp-content/themes/patti/js/custom/custom-isotope-blog.js?ver=1.0 HTTP/1.1" 200 3289
181.234.101.154 - - [25/Jul/2015:07:34:11 -0500] "GET /wp-content/plugins/content-views-query-and-display-post-page/assets/bootstrap-paginator/bootstrap-paginator.min.js?ver=0.5 HTTP/1.1" 200 8777
181.234.101.154 - - [25/Jul/2015:07:34:11 -0500] "GET /wp-content/plugins/js_composer/assets/js/js_composer_front.js?ver=4.3.4 HTTP/1.1" 200 23901
181.234.101.154 - - [25/Jul/2015:07:34:11 -0500] "GET /wp-content/themes/patti/js/scripts-bottom.js?ver=4.2.2 HTTP/1.1" 200 28292
181.234.101.154 - - [25/Jul/2015:07:34:11 -0500] "GET /wp-content/themes/patti/js/hoverIntent.js?ver=r7 HTTP/1.1" 200 1116
181.234.101.154 - - [25/Jul/2015:07:34:11 -0500] "GET /wp-content/plugins/js_composer/assets/lib/jquery-ui-tabs-rotate/jquery-ui-tabs-rotate.js?ver=4.3.4 HTTP/1.1" 200 1784
181.234.101.154 - - [25/Jul/2015:07:34:11 -0500] "GET /wp-includes/js/jquery/ui/widget.min.js?ver=1.11.4 HTTP/1.1" 200 6908
181.234.101.154 - - [25/Jul/2015:07:34:12 -0500] "GET /wp-content/uploads/2015/07/recuadros-2.png HTTP/1.1" 200 69055
181.234.101.154 - - [25/Jul/2015:07:34:12 -0500] "GET /wp-content/plugins/revslider/images/transparent.png HTTP/1.1" 200 191
181.234.101.154 - - [25/Jul/2015:07:34:12 -0500] "GET /wp-content/uploads/2015/07/3.jpg HTTP/1.1" 200 83339
181.234.101.154 - - [25/Jul/2015:07:34:12 -0500] "GET /wp-content/uploads/2015/07/DOS.png HTTP/1.1" 200 31351
181.234.101.154 - - [25/Jul/2015:07:34:12 -0500] "GET /wp-content/uploads/2015/07/UNO.png HTTP/1.1" 200 79436
181.234.101.154 - - [25/Jul/2015:07:34:12 -0500] "GET /wp-content/uploads/2015/07/banner-invitacionvaticanopetro.jpg HTTP/1.1" 200 97001
181.234.101.154 - - [25/Jul/2015:07:34:12 -0500] "GET /wp-content/uploads/2015/07/TERCER.png HTTP/1.1" 200 36679
181.234.101.154 - - [25/Jul/2015:07:34:12 -0500] "GET /wp-content/uploads/2015/06/parallax_bg01.jpg HTTP/1.1" 200 56650
181.234.101.154 - - [25/Jul/2015:07:34:12 -0500] "GET /wp-content/themes/patti/framework/fonts/font-awesome/fontawesome-webfont.eot HTTP/1.1" 200 56006
181.234.101.154 - - [25/Jul/2015:07:34:12 -0500] "GET /wp-content/uploads/2015/07/logovamospa.png HTTP/1.1" 200 23492
181.234.101.154 - - [25/Jul/2015:07:34:12 -0500] "GET /wp-content/uploads/2015/07/imagencum.png HTTP/1.1" 200 248317
181.234.101.154 - - [25/Jul/2015:07:34:13 -0500] "GET /wp-content/uploads/2015/07/CUARTO.png HTTP/1.1" 200 107548
181.234.101.154 - - [25/Jul/2015:07:34:13 -0500] "GET /wp-content/uploads/2015/07/1.jpg HTTP/1.1" 200 44523
181.234.101.154 - - [25/Jul/2015:07:34:13 -0500] "GET /wp-content/uploads/2015/07/fondo1.jpg HTTP/1.1" 200 23989
181.234.101.154 - - [25/Jul/2015:07:34:13 -0500] "GET /wp-content/uploads/2015/07/cuadro-azulconverde.png HTTP/1.1" 200 10578
181.234.101.154 - - [25/Jul/2015:07:34:14 -0500] "GET /wp-content/themes/patti/framework/fonts/font-awesome/fontawesome-webfont.woff?v=4.2.0 HTTP/1.1" 200 65452
181.234.101.154 - - [25/Jul/2015:07:34:14 -0500] "GET /wp-content/plugins/js_composer/assets/lib/nivoslider/themes/default/loading.gif HTTP/1.1" 200 1737
181.234.101.154 - - [25/Jul/2015:07:34:14 -0500] "GET /wp-content/uploads/2015/06/Untitled-1.png HTTP/1.1" 200 7975
181.234.101.154 - - [25/Jul/2015:07:34:14 -0500] "GET /wp-content/uploads/2015/07/2.jpg HTTP/1.1" 200 103514
181.234.101.154 - - [25/Jul/2015:07:34:15 -0500] "GET /wp-content/uploads/2015/07/franja.jpg HTTP/1.1" 200 2303
181.234.101.154 - - [25/Jul/2015:07:34:15 -0500] "GET /wp-content/uploads/2015/07/logocambio.png HTTP/1.1" 200 13773
181.234.101.154 - - [25/Jul/2015:07:34:15 -0500] "GET /wp-content/uploads/2015/07/logos.png HTTP/1.1" 200 50210
181.234.101.154 - - [25/Jul/2015:07:34:15 -0500] "GET /wp-content/uploads/2015/07/textoinvita.png HTTP/1.1" 200 21517
181.234.101.154 - - [25/Jul/2015:07:34:15 -0500] "GET /wp-content/uploads/2015/07/gra-150x150.png HTTP/1.1" 200 21573
181.234.101.154 - - [25/Jul/2015:07:34:15 -0500] "GET /wp-content/uploads/2015/07/fecha-eventosolopng.png HTTP/1.1" 200 11033
181.234.101.154 - - [25/Jul/2015:07:34:15 -0500] "GET /wp-content/uploads/2015/07/logosolopng.png HTTP/1.1" 200 43825
181.234.101.154 - - [25/Jul/2015:07:34:15 -0500] "GET /wp-content/uploads/2015/07/noticias-vector-150x150.png HTTP/1.1" 200 22181
181.234.101.154 - - [25/Jul/2015:07:34:15 -0500] "GET /wp-content/uploads/2015/07/Torre-Centro-Archivo-500x320.jpg HTTP/1.1" 200 41388
181.234.101.154 - - [25/Jul/2015:07:34:15 -0500] "GET /wp-content/uploads/2015/07/Teleferico-500x320.jpg HTTP/1.1" 200 84467
181.234.101.154 - - [25/Jul/2015:07:34:15 -0500] "GET /wp-content/uploads/2015/07/ZONA-CHILE-500x320.jpg HTTP/1.1" 200 53635
181.234.101.154 - - [25/Jul/2015:07:34:15 -0500] "GET /wp-content/uploads/2015/07/documentos-de-interes-150x150.png HTTP/1.1" 200 20342
181.234.101.154 - - [25/Jul/2015:07:34:15 -0500] "GET /wp-content/uploads/2015/07/Usaquen-Sector-Financiero-500x320.jpg HTTP/1.1" 200 43100
181.234.101.154 - - [25/Jul/2015:07:34:15 -0500] "GET /wp-content/uploads/2015/07/Plaza-de-toros-500x320.jpg HTTP/1.1" 200 69183
