217.128.74.45 - - [28/Jul/2015:05:23:28 -0500] "GET /wp-content/uploads/2015/07/CUARTO.png HTTP/1.1" 200 107548
217.128.74.45 - - [28/Jul/2015:05:23:28 -0500] "GET /wp-content/plugins/revslider/images/transparent.png HTTP/1.1" 200 191
217.128.74.45 - - [28/Jul/2015:05:23:29 -0500] "GET /wp-content/uploads/2015/07/logos.png HTTP/1.1" 200 50210
217.128.74.45 - - [28/Jul/2015:05:23:29 -0500] "GET /wp-content/uploads/2015/07/DOS.png HTTP/1.1" 200 31351
217.128.74.45 - - [28/Jul/2015:05:23:29 -0500] "GET /wp-content/uploads/2015/07/comunicados-150x150.png HTTP/1.1" 200 28248
186.31.84.128 - - [28/Jul/2015:05:23:30 -0500] "GET /BLA/boletinlegal/js/jquery.scrollShow.js HTTP/1.1" 304 -
186.31.84.128 - - [28/Jul/2015:05:23:30 -0500] "GET /galeria/galeria/jquery.fancybox.js?v=2.1.5 HTTP/1.1" 304 -
217.128.74.45 - - [28/Jul/2015:05:23:30 -0500] "GET /wp-content/uploads/2015/07/gra-150x150.png HTTP/1.1" 200 21573
217.128.74.45 - - [28/Jul/2015:05:23:30 -0500] "GET /wp-content/uploads/2015/07/noticias-vector-150x150.png HTTP/1.1" 200 22181
217.128.74.45 - - [28/Jul/2015:05:23:30 -0500] "GET /wp-content/uploads/2015/07/ZONA-NORTE-500x320.jpg HTTP/1.1" 200 73391
217.128.74.45 - - [28/Jul/2015:05:23:30 -0500] "GET /wp-content/uploads/2015/07/fondo1.jpg HTTP/1.1" 200 23989
217.128.74.45 - - [28/Jul/2015:05:23:31 -0500] "GET /wp-content/uploads/2015/07/ZONA-CHILE-500x320.jpg HTTP/1.1" 200 53635
217.128.74.45 - - [28/Jul/2015:05:23:31 -0500] "GET /wp-content/uploads/2015/07/documentos-de-interes-150x150.png HTTP/1.1" 200 20342
217.128.74.45 - - [28/Jul/2015:05:23:31 -0500] "GET /wp-content/uploads/2015/07/ZONA-CALLE-93-500x320.jpg HTTP/1.1" 200 60489
217.128.74.45 - - [28/Jul/2015:05:23:32 -0500] "GET /wp-content/uploads/2015/07/Usaquen-Sector-Financiero-500x320.jpg HTTP/1.1" 200 43100
217.128.74.45 - - [28/Jul/2015:05:23:32 -0500] "GET /wp-content/uploads/2015/07/usaquen-500x320.jpg HTTP/1.1" 200 60614
127.0.0.1 - - [28/Jul/2015:05:23:33 -0500] "POST /wp-cron.php?doing_wp_cron=1438079013.4792830944061279296875 HTTP/1.0" 200 -
127.0.0.1 - - [28/Jul/2015:05:23:32 -0500] "POST /wp-admin/admin-ajax.php HTTP/1.1" 200 47
217.128.74.45 - - [28/Jul/2015:05:23:34 -0500] "GET /wp-content/uploads/2015/07/Teleferico-500x320.jpg HTTP/1.1" 200 84467
217.128.74.45 - - [28/Jul/2015:05:23:34 -0500] "GET /wp-content/uploads/2015/07/Transmilenio-500x320.jpg HTTP/1.1" 200 64638
186.31.84.128 - - [28/Jul/2015:05:23:34 -0500] "GET /galeria/galeria/jquery.fancybox.css?v=2.1.5 HTTP/1.1" 304 -
217.128.74.45 - - [28/Jul/2015:05:23:34 -0500] "GET /wp-content/uploads/2015/07/PLAZA-DE-BOLIVAR1-500x320.jpg HTTP/1.1" 200 55808
217.128.74.45 - - [28/Jul/2015:05:23:35 -0500] "GET /wp-content/uploads/2015/07/MALOKA-500x320.jpg HTTP/1.1" 200 51743
217.128.74.45 - - [28/Jul/2015:05:23:36 -0500] "GET /wp-content/uploads/2015/07/Jardin-Botanico2-500x320.jpg HTTP/1.1" 200 79916
217.128.74.45 - - [28/Jul/2015:05:23:37 -0500] "GET /wp-content/uploads/2015/07/Torre-Centro-Archivo-500x320.jpg HTTP/1.1" 200 41388
217.128.74.45 - - [28/Jul/2015:05:23:37 -0500] "GET /wp-content/uploads/2015/07/JardinBotanico-500x320.jpg HTTP/1.1" 200 71644
217.128.74.45 - - [28/Jul/2015:05:23:37 -0500] "GET /wp-content/uploads/2015/07/PANORAMICA-DE-BOGOTA-500x320.jpg HTTP/1.1" 200 46662
217.128.74.45 - - [28/Jul/2015:05:23:37 -0500] "GET /wp-content/uploads/2015/07/Plaza-de-toros-500x320.jpg HTTP/1.1" 200 69183
217.128.74.45 - - [28/Jul/2015:05:23:38 -0500] "GET /wp-content/uploads/2015/06/llantas-usadas-web.jpg HTTP/1.1" 200 37948
217.128.74.45 - - [28/Jul/2015:05:23:38 -0500] "GET /wp-content/uploads/2015/06/10-signos.jpg HTTP/1.1" 200 117006
217.128.74.45 - - [28/Jul/2015:05:23:38 -0500] "GET /wp-content/uploads/2015/06/Comparendo-ambiental-01.jpg HTTP/1.1" 200 279468
217.128.74.45 - - [28/Jul/2015:05:23:39 -0500] "GET /wp-content/uploads/2015/06/Banner-Caracol-Africano-01.jpg HTTP/1.1" 200 360987
217.128.74.45 - - [28/Jul/2015:05:23:39 -0500] "GET /wp-content/uploads/2015/06/alianza-madera.jpg HTTP/1.1" 200 40144
217.128.74.45 - - [28/Jul/2015:05:23:40 -0500] "GET /wp-content/uploads/2015/07/organiza.1png.png HTTP/1.1" 200 13934
217.128.74.45 - - [28/Jul/2015:05:23:40 -0500] "GET /wp-content/uploads/2015/07/organiza2.png HTTP/1.1" 200 18295
217.128.74.45 - - [28/Jul/2015:05:23:40 -0500] "GET /wp-content/uploads/2015/07/organiza3.png HTTP/1.1" 200 10795
217.128.74.45 - - [28/Jul/2015:05:23:41 -0500] "GET /wp-content/uploads/2015/07/organiza5.png HTTP/1.1" 200 10074
217.128.74.45 - - [28/Jul/2015:05:23:41 -0500] "GET /wp-content/uploads/2015/07/organiza4.png HTTP/1.1" 200 13858
217.128.74.45 - - [28/Jul/2015:05:23:41 -0500] "GET /wp-content/uploads/2015/07/invita11.png HTTP/1.1" 200 18660
201.245.192.253 - - [28/Jul/2015:05:23:42 -0500] "GET /forest/session.jsp?a=0.9453336214833008 HTTP/1.1" 200 4
217.128.74.45 - - [28/Jul/2015:05:23:42 -0500] "GET /wp-content/uploads/2015/07/apoya.png HTTP/1.1" 200 15112
217.128.74.45 - - [28/Jul/2015:05:23:42 -0500] "GET /wp-content/uploads/2015/07/invita31.png HTTP/1.1" 200 15298
217.128.74.45 - - [28/Jul/2015:05:23:42 -0500] "GET /wp-content/uploads/2015/07/apoya2.png HTTP/1.1" 200 19925
217.128.74.45 - - [28/Jul/2015:05:23:43 -0500] "GET /wp-content/uploads/2015/07/apoya3.png HTTP/1.1" 200 16355
217.128.74.45 - - [28/Jul/2015:05:23:43 -0500] "GET /wp-content/uploads/2015/07/apoya5.png HTTP/1.1" 200 12685
217.128.74.45 - - [28/Jul/2015:05:23:43 -0500] "GET /wp-content/uploads/2015/07/apoya4.png HTTP/1.1" 200 25607
217.128.74.45 - - [28/Jul/2015:05:23:43 -0500] "GET /wp-content/uploads/2015/07/organiza6.png HTTP/1.1" 200 11772
217.128.74.45 - - [28/Jul/2015:05:23:43 -0500] "GET /wp-content/uploads/2015/07/invita21.png HTTP/1.1" 200 9732
217.128.74.45 - - [28/Jul/2015:05:23:44 -0500] "GET /wp-content/uploads/2015/07/apoya6.png HTTP/1.1" 200 17211
217.128.74.45 - - [28/Jul/2015:05:23:44 -0500] "GET /wp-content/plugins/gallery-video/Front_images/arrows/arrows.simple.png HTTP/1.1" 200 1914
217.128.74.45 - - [28/Jul/2015:05:23:44 -0500] "GET /wp-content/plugins/js_composer/assets/lib/nivoslider/themes/default/loading.gif HTTP/1.1" 200 1737
217.128.74.45 - - [28/Jul/2015:05:23:44 -0500] "GET /wp-content/plugins/gallery-video/images/overlay.png HTTP/1.1" 200 182
217.128.74.45 - - [28/Jul/2015:05:23:44 -0500] "GET /wp-content/uploads/2015/07/apoya7.png HTTP/1.1" 200 16505
217.128.74.45 - - [28/Jul/2015:05:23:45 -0500] "GET /wp-content/plugins/wp_logooos_plugin/images/next.png HTTP/1.1" 200 50104
217.128.74.45 - - [28/Jul/2015:05:23:45 -0500] "GET /wp-content/plugins/js_composer/assets/lib/nivoslider/themes/default/bullets.png HTTP/1.1" 200 1281
217.128.74.45 - - [28/Jul/2015:05:23:45 -0500] "GET /wp-content/plugins/wp_logooos_plugin/images/prev.png HTTP/1.1" 200 49044
217.128.74.45 - - [28/Jul/2015:05:23:46 -0500] "GET /wp-content/uploads/2015/07/banner-invitacionvaticanopetro.jpg HTTP/1.1" 200 97001
217.128.74.45 - - [28/Jul/2015:05:23:47 -0500] "GET /wp-content/plugins/js_composer/assets/lib/nivoslider/themes/default/arrows.png HTTP/1.1" 200 824
74.86.158.107 - - [28/Jul/2015:05:23:47 -0500] "HEAD / HTTP/1.1" 200 -
217.128.74.45 - - [28/Jul/2015:05:23:50 -0500] "GET /wp-content/uploads/2015/07/apoya8.png HTTP/1.1" 200 13048
217.128.74.45 - - [28/Jul/2015:05:23:53 -0500] "GET /favicon.ico HTTP/1.1" 200 -
188.165.15.94 - - [28/Jul/2015:05:24:00 -0500] "GET /BLA/resoluciones/RESOLUCIONES%202002/RES%202002%201151-1200/20021171.tif HTTP/1.1" 200 65866
181.61.33.21 - - [28/Jul/2015:05:24:08 -0500] "GET /galeria/galeria/jquery.fancybox.css?v=2.1.5 HTTP/1.1" 200 4895
181.61.33.21 - - [28/Jul/2015:05:24:08 -0500] "GET /BLA/boletinlegal/js/jquery.scrollShow.js HTTP/1.1" 200 4586
181.61.33.21 - - [28/Jul/2015:05:24:08 -0500] "GET /galeria/galeria/jquery.fancybox.js?v=2.1.5 HTTP/1.1" 200 48706
66.249.64.101 - - [28/Jul/2015:05:24:16 -0500] "GET /BLA/resoluciones/RESOLUCIONES%202008/1115.pdf HTTP/1.1" 200 110058
180.76.15.160 - - [28/Jul/2015:05:24:21 -0500] "GET /phpold/requirenew3.php?id=2093&user= HTTP/1.1" 404 1019
66.249.64.101 - - [28/Jul/2015:05:24:32 -0500] "GET /BLA/resoluciones/RESOLUCIONES%202010/4714.pdf HTTP/1.1" 200 650074
66.249.64.96 - - [28/Jul/2015:05:24:40 -0500] "GET /BLA/resoluciones/RESOLUCIONES%202009/2282.pdf HTTP/1.1" 200 379908
66.249.64.96 - - [28/Jul/2015:05:24:57 -0500] "GET /BLA/resoluciones/RESOLUCIONES%202008/4969.pdf HTTP/1.1" 200 214615
201.245.192.253 - - [28/Jul/2015:05:24:58 -0500] "GET /galeria/nivo-slider/demo/demo.html HTTP/1.1" 200 4912
201.245.192.253 - - [28/Jul/2015:05:24:58 -0500] "GET /galeria/nivo-slider/demo/images/Rendicion-de-cuentas.jpg HTTP/1.1" 304 -
201.245.192.253 - - [28/Jul/2015:05:24:59 -0500] "GET /galeria/nivo-slider/demo/images/PREDAcamp.jpg HTTP/1.1" 304 -
201.245.192.253 - - [28/Jul/2015:05:24:59 -0500] "GET /galeria/nivo-slider/demo/images/Semana-PYBA.jpg HTTP/1.1" 304 -
201.245.192.253 - - [28/Jul/2015:05:24:59 -0500] "GET /galeria/nivo-slider/demo/images/Cambio-Climatico-Paramos.jpg HTTP/1.1" 200 262430
201.245.192.253 - - [28/Jul/2015:05:24:59 -0500] "GET /galeria/nivo-slider/demo/images/VoluntariadoPYBA.jpg HTTP/1.1" 304 -
201.245.192.253 - - [28/Jul/2015:05:24:59 -0500] "GET /galeria/nivo-slider/demo/images/GAE-banner.jpg HTTP/1.1" 304 -
201.245.192.253 - - [28/Jul/2015:05:24:59 -0500] "GET /galeria/nivo-slider/demo/images/banner-Pacto-por-la-madera.jpg HTTP/1.1" 304 -
201.245.192.253 - - [28/Jul/2015:05:24:59 -0500] "GET /galeria/nivo-slider/demo/images/Conoce-los-humedales.jpg HTTP/1.1" 304 -
201.245.192.253 - - [28/Jul/2015:05:24:59 -0500] "GET /galeria/nivo-slider/demo/images/Banner-Directorio.jpg HTTP/1.1" 304 -
66.249.64.106 - - [28/Jul/2015:05:25:03 -0500] "GET /BLA/resoluciones/RESOLUCIONES%202012/1307.pdf HTTP/1.1" 304 -
66.249.64.96 - - [28/Jul/2015:05:25:27 -0500] "GET /BLA/resoluciones/RESOLUCIONES%202010/6810.pdf HTTP/1.1" 304 -
127.0.0.1 - - [28/Jul/2015:05:25:32 -0500] "POST /wp-admin/admin-ajax.php HTTP/1.1" 200 47
66.249.64.101 - - [28/Jul/2015:05:25:50 -0500] "GET /BLA/resoluciones/RESOLUCIONES%202013/0468.pdf HTTP/1.1" 304 -
201.245.192.253 - - [28/Jul/2015:05:25:56 -0500] "GET /forest/session.jsp?a=0.8643840220070037 HTTP/1.1" 200 4
66.249.64.101 - - [28/Jul/2015:05:26:13 -0500] "GET /BLA/resoluciones/RESOLUCIONES%202012/1725.pdf HTTP/1.1" 304 -
66.249.64.96 - - [28/Jul/2015:05:26:36 -0500] "GET /BLA/resoluciones/RESOLUCIONES%202014/1460.pdf HTTP/1.1" 304 -
66.249.64.101 - - [28/Jul/2015:05:26:36 -0500] "GET /BLA/resoluciones/AUTOS%202008/1739.pdf HTTP/1.1" 200 205740
66.249.64.106 - - [28/Jul/2015:05:26:37 -0500] "GET /BLA/resoluciones/AUTOS%202011/2105.pdf HTTP/1.1" 304 -
66.249.64.96 - - [28/Jul/2015:05:26:38 -0500] "GET /galeria/nivo-slider/demo/images/ HTTP/1.1" 200 177256
66.249.64.101 - - [28/Jul/2015:05:26:40 -0500] "GET /BLA/resoluciones/RESOLUCIONES%202010/4175.pdf HTTP/1.1" 304 -
66.249.64.96 - - [28/Jul/2015:05:26:41 -0500] "GET /BLA/resoluciones/RESOLUCIONES%202010/7471.pdf HTTP/1.1" 304 -
66.249.64.101 - - [28/Jul/2015:05:26:44 -0500] "GET /BLA/resoluciones/AUTOS%202012/1690.pdf HTTP/1.1" 304 -
66.249.64.106 - - [28/Jul/2015:05:27:09 -0500] "GET /BLA/resoluciones/RESOLUCIONES%202008/3809.pdf HTTP/1.1" 200 405531
66.249.64.96 - - [28/Jul/2015:05:27:11 -0500] "GET /Autoliquidacion/dlf/xls.gif HTTP/1.1" 304 -
127.0.0.1 - - [28/Jul/2015:05:27:32 -0500] "POST /wp-admin/admin-ajax.php HTTP/1.1" 200 47
188.165.15.94 - - [28/Jul/2015:05:27:40 -0500] "GET /BLA/resoluciones/RESOLUCIONES%202005/RES%202005%202351-2400/00002382.tif HTTP/1.1" 200 114784
66.249.64.101 - - [28/Jul/2015:05:28:14 -0500] "GET /BLA/resoluciones/RESOLUCIONES%202010/3555.pdf HTTP/1.1" 200 551191
201.245.192.253 - - [28/Jul/2015:05:28:42 -0500] "GET /forest/session.jsp?a=0.19114031346800575 HTTP/1.1" 200 4
74.86.158.107 - - [28/Jul/2015:05:28:47 -0500] "HEAD / HTTP/1.1" 200 -
186.28.150.195 - - [28/Jul/2015:05:28:48 -0500] "GET /galeria/galeria/jquery.fancybox.js?v=2.1.5 HTTP/1.1" 200 48706
186.28.150.195 - - [28/Jul/2015:05:28:48 -0500] "GET /galeria/galeria/jquery.fancybox.css?v=2.1.5 HTTP/1.1" 200 4895
186.28.150.195 - - [28/Jul/2015:05:28:48 -0500] "GET /BLA/boletinlegal/js/jquery.scrollShow.js HTTP/1.1" 200 4586
190.142.84.27 - - [28/Jul/2015:05:29:16 -0500] "GET /BLA/resoluciones/AUTOS%202011/2404.pdf HTTP/1.1" 200 163725
190.142.84.27 - - [28/Jul/2015:05:29:17 -0500] "GET /BLA/resoluciones/AUTOS%202011/2404.pdf HTTP/1.1" 200 163725
127.0.0.1 - - [28/Jul/2015:05:29:32 -0500] "POST /wp-admin/admin-ajax.php HTTP/1.1" 200 47
66.249.64.106 - - [28/Jul/2015:05:29:47 -0500] "GET /BLA/resoluciones/dlf/styles.css HTTP/1.1" 200 3049
188.165.15.94 - - [28/Jul/2015:05:30:13 -0500] "GET /BLA/resoluciones/RESOLUCIONES%202006/RES%202006%201201-1250/00001202.tif HTTP/1.1" 200 159790
188.165.15.94 - - [28/Jul/2015:05:30:17 -0500] "GET /BLA/resoluciones/AUTOS%202006/AUTOS%202006%20501-600/00000589.tif HTTP/1.1" 200 161116
201.245.192.253 - - [28/Jul/2015:05:30:56 -0500] "GET /forest/session.jsp?a=0.024901649246697466 HTTP/1.1" 200 4
201.239.15.148 - - [28/Jul/2015:05:31:05 -0500] "GET /galeria/galeria/jquery.fancybox.css?v=2.1.5 HTTP/1.1" 200 4895
201.239.15.148 - - [28/Jul/2015:05:31:05 -0500] "GET /galeria/galeria/jquery.fancybox.js?v=2.1.5 HTTP/1.1" 200 48706
201.239.15.148 - - [28/Jul/2015:05:31:05 -0500] "GET /BLA/boletinlegal/js/jquery.scrollShow.js HTTP/1.1" 200 4586
201.239.15.148 - - [28/Jul/2015:05:31:13 -0500] "GET /BLA/boletinlegal/js/jquery.scrollShow.js HTTP/1.1" 304 -
201.239.15.148 - - [28/Jul/2015:05:31:13 -0500] "GET /galeria/galeria/jquery.fancybox.css?v=2.1.5 HTTP/1.1" 304 -
201.239.15.148 - - [28/Jul/2015:05:31:13 -0500] "GET /galeria/galeria/jquery.fancybox.js?v=2.1.5 HTTP/1.1" 304 -
188.165.15.94 - - [28/Jul/2015:05:31:20 -0500] "GET /BLA/resoluciones/index.php?dir=RESOLUCIONES%202005/RES%202005%202951-3000/&sort=date&order=desc HTTP/1.1" 200 11936
186.28.149.56 - - [28/Jul/2015:05:31:23 -0500] "GET /galeria/galeria/jquery.fancybox.css?v=2.1.5 HTTP/1.1" 200 4895
186.28.149.56 - - [28/Jul/2015:05:31:23 -0500] "GET /BLA/boletinlegal/js/jquery.scrollShow.js HTTP/1.1" 200 4586
186.28.149.56 - - [28/Jul/2015:05:31:23 -0500] "GET /galeria/galeria/jquery.fancybox.js?v=2.1.5 HTTP/1.1" 200 48706
190.26.24.62 - - [28/Jul/2015:05:31:27 -0500] "GET /galeria/galeria/jquery.fancybox.css?v=2.1.5 HTTP/1.1" 200 4895
190.26.24.62 - - [28/Jul/2015:05:31:27 -0500] "GET /galeria/galeria/jquery.fancybox.js?v=2.1.5 HTTP/1.1" 200 48706
190.26.24.62 - - [28/Jul/2015:05:31:27 -0500] "GET /BLA/boletinlegal/js/jquery.scrollShow.js HTTP/1.1" 200 4586
66.249.64.19 - - [28/Jul/2015:05:31:28 -0500] "GET /favicon.ico HTTP/1.1" 200 -
66.249.64.101 - - [28/Jul/2015:05:31:31 -0500] "GET /autoliquidacion/Grupo%20Forestal%20-%20Industria%20de%20la%20Madera/Lista%20de%20chequeo%20-%20Certificaci%C3%B3n.pdf HTTP/1.1" 200 49858
127.0.0.1 - - [28/Jul/2015:05:31:32 -0500] "POST /wp-admin/admin-ajax.php HTTP/1.1" 200 47
190.26.24.62 - - [28/Jul/2015:05:31:52 -0500] "GET /galeria/galeria/jquery.fancybox.css?v=2.1.5 HTTP/1.1" 304 -
190.26.24.62 - - [28/Jul/2015:05:31:52 -0500] "GET /galeria/galeria/jquery.fancybox.js?v=2.1.5 HTTP/1.1" 304 -
190.26.24.62 - - [28/Jul/2015:05:31:52 -0500] "GET /BLA/boletinlegal/js/jquery.scrollShow.js HTTP/1.1" 304 -
188.165.15.94 - - [28/Jul/2015:05:31:57 -0500] "GET /BLA/resoluciones/RESOLUCIONES%202004/RES%202004%201751-1800/00001770.tif HTTP/1.1" 200 145234
188.165.15.94 - - [28/Jul/2015:05:31:58 -0500] "GET /BLA/resoluciones/AUTOS%202006/AUTOS%202006%201801-%201900/00001877.tif HTTP/1.1" 200 215282
66.249.64.96 - - [28/Jul/2015:05:32:22 -0500] "GET /BLA/resoluciones/AUTOS%202007/2881.pdf HTTP/1.1" 200 93276
66.249.64.106 - - [28/Jul/2015:05:32:32 -0500] "GET /BLA/resoluciones/RESOLUCIONES%202009/7027.pdf HTTP/1.1" 200 726069
66.249.64.96 - - [28/Jul/2015:05:32:36 -0500] "GET /BLA/resoluciones/RESOLUCIONES%202009/0449.pdf HTTP/1.1" 200 956422
66.249.64.96 - - [28/Jul/2015:05:33:04 -0500] "GET /BLA/resoluciones/RESOLUCIONES%202008/0241.pdf HTTP/1.1" 200 765732
188.165.15.94 - - [28/Jul/2015:05:33:21 -0500] "GET /BLA/resoluciones/RESOLUCIONES%202006/RES%202006%201051-1100/00001072.tif HTTP/1.1" 200 165948
127.0.0.1 - - [28/Jul/2015:05:33:32 -0500] "POST /wp-admin/admin-ajax.php HTTP/1.1" 200 47
66.249.64.101 - - [28/Jul/2015:05:33:40 -0500] "GET /m/BLA/resoluciones/RESOLUCIONES%202009/3813.pdf HTTP/1.1" 404 1018
201.245.192.253 - - [28/Jul/2015:05:33:42 -0500] "GET /forest/session.jsp?a=0.04941172416713291 HTTP/1.1" 200 4
66.249.64.96 - - [28/Jul/2015:05:33:47 -0500] "GET /BLA/resoluciones/RESOLUCIONES%202009/1198.pdf HTTP/1.1" 200 402964
74.86.158.107 - - [28/Jul/2015:05:33:47 -0500] "HEAD / HTTP/1.1" 200 -
66.249.64.106 - - [28/Jul/2015:05:33:55 -0500] "GET /BLA/resoluciones/RESOLUCIONES%202009/4348.pdf HTTP/1.1" 200 400140
217.128.74.45 - - [28/Jul/2015:05:33:59 -0500] "GET / HTTP/1.1" 200 124973
217.128.74.45 - - [28/Jul/2015:05:34:01 -0500] "GET /wp-content/themes/patti/framework/fonts/font-awesome/fontawesome-webfont.woff?v=4.2.0 HTTP/1.1" 206 1
217.128.74.45 - - [28/Jul/2015:05:34:02 -0500] "GET /wp-content/themes/patti/framework/fonts/font-awesome/fontawesome-webfont.woff?v=4.2.0 HTTP/1.1" 206 62795
217.128.74.45 - - [28/Jul/2015:05:34:02 -0500] "GET /wp-content/themes/patti/framework/fonts/font-awesome/fontawesome-webfont.ttf?v=4.2.0 HTTP/1.1" 206 1
217.128.74.45 - - [28/Jul/2015:05:34:02 -0500] "GET /wp-content/themes/patti/framework/fonts/font-awesome/fontawesome-webfont.ttf?v=4.2.0 HTTP/1.1" 206 110995
217.128.74.45 - - [28/Jul/2015:05:34:03 -0500] "GET /favicon.ico HTTP/1.1" 200 -
217.128.74.45 - - [28/Jul/2015:05:34:03 -0500] "GET /prensa-y-documentos-de-interes/ HTTP/1.1" 200 31999
66.249.64.106 - - [28/Jul/2015:05:34:04 -0500] "GET /BLA/resoluciones/RESOLUCIONES%202009/0027.pdf HTTP/1.1" 200 239863
217.128.74.45 - - [28/Jul/2015:05:34:05 -0500] "GET /wp-content/themes/patti/images/grey.gif HTTP/1.1" 200 42
217.128.74.45 - - [28/Jul/2015:05:34:08 -0500] "GET /wp-content/themes/patti/framework/fonts/font-awesome/fontawesome-webfont.woff?v=4.2.0 HTTP/1.1" 206 1
217.128.74.45 - - [28/Jul/2015:05:34:09 -0500] "GET /wp-content/themes/patti/framework/fonts/font-awesome/fontawesome-webfont.woff?v=4.2.0 HTTP/1.1" 206 62795
217.128.74.45 - - [28/Jul/2015:05:34:15 -0500] "GET /favicon.ico HTTP/1.1" 200 -
188.165.15.94 - - [28/Jul/2015:05:34:23 -0500] "GET /BLA/resoluciones/RESOLUCIONES%202004/RES%202004%201351-1400/00001351.tif HTTP/1.1" 200 95870
217.128.74.45 - - [28/Jul/2015:05:34:25 -0500] "GET /wp-content/plugins/wp_logooos_plugin/images/arrow.png HTTP/1.1" 200 47718
217.128.74.45 - - [28/Jul/2015:05:34:39 -0500] "GET /favicon.ico HTTP/1.1" 200 -
217.128.74.45 - - [28/Jul/2015:05:34:43 -0500] "GET /en-construccion/ HTTP/1.1" 200 30044
217.128.74.45 - - [28/Jul/2015:05:34:51 -0500] "GET /favicon.ico HTTP/1.1" 200 -
127.0.0.1 - - [28/Jul/2015:05:35:32 -0500] "POST /wp-admin/admin-ajax.php HTTP/1.1" 200 47
66.249.64.101 - - [28/Jul/2015:05:35:38 -0500] "GET /catalogoisis/imagenes/aceptar1.gif HTTP/1.1" 304 -
66.249.64.106 - - [28/Jul/2015:05:35:40 -0500] "GET /BLA/resoluciones/RESOLUCIONES%202009/6308.pdf HTTP/1.1" 200 106688
188.165.15.94 - - [28/Jul/2015:05:35:49 -0500] "GET /BLA/resoluciones/RESOLUCIONES%202002/RES%202002%201601-1650/20021615.tif HTTP/1.1" 200 118090
201.245.192.253 - - [28/Jul/2015:05:35:56 -0500] "GET /forest/session.jsp?a=0.4410726404199463 HTTP/1.1" 200 4
201.221.122.2 - - [28/Jul/2015:05:36:03 -0500] "GET /BLA/resoluciones/RESOLUCIONES%202009/3199.pdf HTTP/1.1" 200 338998
66.249.64.96 - - [28/Jul/2015:05:36:20 -0500] "GET /BLA/resoluciones/RESOLUCIONES%202009/4663.pdf HTTP/1.1" 304 -
66.249.64.101 - - [28/Jul/2015:05:36:24 -0500] "GET /BLA/resoluciones/RESOLUCIONES%202012/1556.pdf HTTP/1.1" 304 -
66.249.64.96 - - [28/Jul/2015:05:36:56 -0500] "GET /BLA/resoluciones/RESOLUCIONES%202007/RES%202007%204001%20AL%204100/RESOLUCION%204078%20DE%202007.pdf HTTP/1.1" 200 132015
188.165.15.94 - - [28/Jul/2015:05:37:10 -0500] "GET /BLA/resoluciones/RESOLUCIONES%202003/RES%202003%201851--1900/20031883.tif HTTP/1.1" 200 81384
127.0.0.1 - - [28/Jul/2015:05:37:32 -0500] "POST /wp-admin/admin-ajax.php HTTP/1.1" 200 47
188.165.15.94 - - [28/Jul/2015:05:37:51 -0500] "GET /BLA/resoluciones/RESOLUCIONES%202003/RES%202003%20951-1000/1000.tif HTTP/1.1" 200 183000
66.249.64.101 - - [28/Jul/2015:05:38:21 -0500] "GET /BLA/resoluciones/AUTOS%202014/1201.pdf HTTP/1.1" 200 343747
66.249.64.106 - - [28/Jul/2015:05:38:25 -0500] "GET /BLA/resoluciones/RESOLUCIONES%202008/2636.pdf HTTP/1.1" 200 69056
201.245.192.253 - - [28/Jul/2015:05:38:42 -0500] "GET /forest/session.jsp?a=0.21562487947672337 HTTP/1.1" 200 4
74.86.158.107 - - [28/Jul/2015:05:38:47 -0500] "HEAD / HTTP/1.1" 200 -
66.249.64.96 - - [28/Jul/2015:05:39:18 -0500] "GET /BLA/resoluciones/RESOLUCIONES%202009/3216.pdf HTTP/1.1" 200 492684
127.0.0.1 - - [28/Jul/2015:05:39:33 -0500] "POST /wp-cron.php?doing_wp_cron=1438079973.4113690853118896484375 HTTP/1.0" 200 -
127.0.0.1 - - [28/Jul/2015:05:39:32 -0500] "POST /wp-admin/admin-ajax.php HTTP/1.1" 200 47
181.56.47.86 - - [28/Jul/2015:05:39:47 -0500] "GET /BLA/boletinlegal/js/jquery.scrollShow.js HTTP/1.1" 200 4586
181.56.47.86 - - [28/Jul/2015:05:39:47 -0500] "GET /galeria/galeria/jquery.fancybox.js?v=2.1.5 HTTP/1.1" 200 48706
181.56.47.86 - - [28/Jul/2015:05:39:47 -0500] "GET /galeria/galeria/jquery.fancybox.css?v=2.1.5 HTTP/1.1" 200 4895
66.249.64.101 - - [28/Jul/2015:05:39:55 -0500] "GET /BLA/resoluciones/RESOLUCIONES%202009/9599.pdf HTTP/1.1" 200 358909
66.249.64.106 - - [28/Jul/2015:05:40:00 -0500] "GET /catalogoisis/imagenes/br3c2.gif HTTP/1.1" 304 -
66.249.64.101 - - [28/Jul/2015:05:40:14 -0500] "GET /BLA/resoluciones/RESOLUCIONES%202008/3375.pdf HTTP/1.1" 200 233808
201.245.192.253 - - [28/Jul/2015:05:40:56 -0500] "GET /forest/session.jsp?a=0.23871934869794975 HTTP/1.1" 200 4
181.56.47.86 - - [28/Jul/2015:05:40:58 -0500] "GET /galeria/galeria/jquery.fancybox.css?v=2.1.5 HTTP/1.1" 304 -
181.56.47.86 - - [28/Jul/2015:05:40:58 -0500] "GET /BLA/boletinlegal/js/jquery.scrollShow.js HTTP/1.1" 304 -
181.56.47.86 - - [28/Jul/2015:05:40:58 -0500] "GET /galeria/galeria/jquery.fancybox.js?v=2.1.5 HTTP/1.1" 304 -
191.148.245.172 - - [28/Jul/2015:05:41:17 -0500] "GET /BLA/resoluciones/RESOLUCIONES%202007/RES%202007%203701%20AL%203800/RESOLUCION%203746%20%20DE%202007.pdf HTTP/1.1" 200 245252
66.249.64.101 - - [28/Jul/2015:05:41:29 -0500] "GET /BLA/resoluciones/RESOLUCIONES%202010/6809.pdf HTTP/1.1" 304 -
66.249.64.101 - - [28/Jul/2015:05:41:32 -0500] "GET /BLA/resoluciones/RESOLUCIONES%202009/4664.pdf HTTP/1.1" 200 761637
127.0.0.1 - - [28/Jul/2015:05:41:32 -0500] "POST /wp-admin/admin-ajax.php HTTP/1.1" 200 47
66.249.64.96 - - [28/Jul/2015:05:41:53 -0500] "GET /BLA/resoluciones/RESOLUCIONES%202008/2580.pdf HTTP/1.1" 304 -
180.76.15.141 - - [28/Jul/2015:05:42:09 -0500] "GET / HTTP/1.1" 200 10190
66.249.64.101 - - [28/Jul/2015:05:43:04 -0500] "GET /BLA/resoluciones/RESOLUCIONES%202010/3041.pdf HTTP/1.1" 200 360768
180.76.15.12 - - [28/Jul/2015:05:43:05 -0500] "GET / HTTP/1.1" 200 10190
186.145.145.2 - - [28/Jul/2015:05:43:15 -0500] "GET /galeria/galeria/jquery.fancybox.js?v=2.1.5 HTTP/1.1" 200 48706
186.145.145.2 - - [28/Jul/2015:05:43:15 -0500] "GET /galeria/galeria/jquery.fancybox.css?v=2.1.5 HTTP/1.1" 200 4895
186.145.145.2 - - [28/Jul/2015:05:43:15 -0500] "GET /galeria/carrusel/Carrusel/jquery.thumbnailScroller.css HTTP/1.1" 200 2066
186.145.145.2 - - [28/Jul/2015:05:43:15 -0500] "GET /BLA/boletinlegal/js/jquery.scrollShow.js HTTP/1.1" 200 4586
186.145.145.2 - - [28/Jul/2015:05:43:15 -0500] "GET /galeria/carrusel/Carrusel/jquery-ui-1.8.13.custom.min.js HTTP/1.1" 200 10800
186.145.145.2 - - [28/Jul/2015:05:43:15 -0500] "GET /galeria/carrusel/Carrusel/jquery.thumbnailScroller.js HTTP/1.1" 200 8157
186.145.145.2 - - [28/Jul/2015:05:43:18 -0500] "GET /galeria/nivo-slider/demo/demo.html HTTP/1.1" 200 4912
186.145.145.2 - - [28/Jul/2015:05:43:18 -0500] "GET /galeria/nivo-slider/themes/default/default.css HTTP/1.1" 200 1569
186.145.145.2 - - [28/Jul/2015:05:43:18 -0500] "GET /galeria/nivo-slider/themes/pascal/pascal.css HTTP/1.1" 200 2258
186.145.145.2 - - [28/Jul/2015:05:43:18 -0500] "GET /galeria/nivo-slider/demo/style.css HTTP/1.1" 200 2222
186.145.145.2 - - [28/Jul/2015:05:43:18 -0500] "GET /galeria/nivo-slider/nivo-slider.css HTTP/1.1" 200 1507
186.145.145.2 - - [28/Jul/2015:05:43:18 -0500] "GET /galeria/nivo-slider/themes/orman/orman.css HTTP/1.1" 200 2152
186.145.145.2 - - [28/Jul/2015:05:43:18 -0500] "GET /galeria/nivo-slider/demo/scripts/jquery-1.7.1.min.js HTTP/1.1" 200 93868
186.145.145.2 - - [28/Jul/2015:05:43:18 -0500] "GET /galeria/nivo-slider/jquery.nivo.slider.pack.js HTTP/1.1" 200 11561
186.145.145.2 - - [28/Jul/2015:05:43:18 -0500] "GET /galeria/nivo-slider/demo/images/VoluntariadoPYBA.jpg HTTP/1.1" 200 40647
186.145.145.2 - - [28/Jul/2015:05:43:18 -0500] "GET /galeria/nivo-slider/demo/images/Rendicion-de-cuentas.jpg HTTP/1.1" 200 309079
186.145.145.2 - - [28/Jul/2015:05:43:18 -0500] "GET /galeria/nivo-slider/demo/images/Semana-PYBA.jpg HTTP/1.1" 200 147360
186.145.145.2 - - [28/Jul/2015:05:43:18 -0500] "GET /galeria/nivo-slider/demo/images/Cambio-Climatico-Paramos.jpg HTTP/1.1" 200 262430
186.145.145.2 - - [28/Jul/2015:05:43:18 -0500] "GET /galeria/nivo-slider/demo/images/banner-llantas2.jpg HTTP/1.1" 200 204644
186.145.145.2 - - [28/Jul/2015:05:43:18 -0500] "GET /galeria/nivo-slider/demo/images/PREDAcamp.jpg HTTP/1.1" 200 295358
186.145.145.2 - - [28/Jul/2015:05:43:18 -0500] "GET /galeria/nivo-slider/demo/images/9Signos.jpg HTTP/1.1" 200 81776
186.145.145.2 - - [28/Jul/2015:05:43:19 -0500] "GET /galeria/nivo-slider/demo/images/Comparendo-ambiental-Banner.jpg HTTP/1.1" 200 83731
186.145.145.2 - - [28/Jul/2015:05:43:19 -0500] "GET /galeria/nivo-slider/demo/images/GAE-banner.jpg HTTP/1.1" 200 97556
186.145.145.2 - - [28/Jul/2015:05:43:19 -0500] "GET /galeria/nivo-slider/demo/images/Banner-encuesta-de-percepscio.jpg HTTP/1.1" 200 201899
186.145.145.2 - - [28/Jul/2015:05:43:19 -0500] "GET /galeria/nivo-slider/demo/images/banner-Pacto-por-la-madera.jpg HTTP/1.1" 200 209966
186.145.145.2 - - [28/Jul/2015:05:43:19 -0500] "GET /galeria/nivo-slider/demo/images/acuerdo_569.jpg HTTP/1.1" 200 62670
186.145.145.2 - - [28/Jul/2015:05:43:19 -0500] "GET /galeria/nivo-slider/demo/images/Banner-Directorio.jpg HTTP/1.1" 200 182068
186.145.145.2 - - [28/Jul/2015:05:43:19 -0500] "GET /galeria/nivo-slider/demo/images/Ruta-vertimientos-01.jpg HTTP/1.1" 200 130151
186.145.145.2 - - [28/Jul/2015:05:43:19 -0500] "GET /galeria/nivo-slider/demo/images/bolsas-06.jpg HTTP/1.1" 200 90982
186.145.145.2 - - [28/Jul/2015:05:43:19 -0500] "GET /galeria/nivo-slider/demo/images/Conoce-los-humedales.jpg HTTP/1.1" 200 294036
186.145.145.2 - - [28/Jul/2015:05:43:20 -0500] "GET /galeria/nivo-slider/demo/images/ecolecta-Dic2014.png HTTP/1.1" 200 288593
186.145.145.2 - - [28/Jul/2015:05:43:20 -0500] "GET /galeria/nivo-slider/demo/images/Banner-Caracol-Africano.jpg HTTP/1.1" 200 331986
186.145.145.2 - - [28/Jul/2015:05:43:21 -0500] "GET /galeria/nivo-slider/demo/images/4Simple_Slider.png HTTP/1.1" 200 11722
186.145.145.2 - - [28/Jul/2015:05:43:21 -0500] "GET /galeria/nivo-slider/themes/default/loading.gif HTTP/1.1" 200 1737
186.145.145.2 - - [28/Jul/2015:05:43:22 -0500] "GET /galeria/nivo-slider/themes/default/arrows.png HTTP/1.1" 200 824
186.145.145.2 - - [28/Jul/2015:05:43:22 -0500] "GET /galeria/nivo-slider/themes/default/bullets.png HTTP/1.1" 200 1281
107.167.109.200 - - [28/Jul/2015:05:43:29 -0500] "GET /BLA/boletinlegal/js/jquery.scrollShow.js HTTP/1.1" 200 4586
107.167.109.200 - - [28/Jul/2015:05:43:30 -0500] "GET /galeria/galeria/jquery.fancybox.js?v=2.1.5 HTTP/1.1" 200 48706
107.167.109.200 - - [28/Jul/2015:05:43:30 -0500] "GET /galeria/galeria/jquery.fancybox.css?v=2.1.5 HTTP/1.1" 200 4895
127.0.0.1 - - [28/Jul/2015:05:43:32 -0500] "POST /wp-admin/admin-ajax.php HTTP/1.1" 200 47
107.167.109.200 - - [28/Jul/2015:05:43:33 -0500] "GET /BLA/boletinlegal/js/jquery.scrollShow.js HTTP/1.1" 200 4586
107.167.109.200 - - [28/Jul/2015:05:43:33 -0500] "GET /galeria/galeria/jquery.fancybox.js?v=2.1.5 HTTP/1.1" 200 48706
107.167.109.200 - - [28/Jul/2015:05:43:33 -0500] "GET /galeria/galeria/jquery.fancybox.css?v=2.1.5 HTTP/1.1" 200 4895
201.245.192.253 - - [28/Jul/2015:05:43:42 -0500] "GET /forest/session.jsp?a=0.7386561877010637 HTTP/1.1" 200 4
74.86.158.107 - - [28/Jul/2015:05:43:47 -0500] "HEAD / HTTP/1.1" 200 -
66.249.64.101 - - [28/Jul/2015:05:43:55 -0500] "GET /BLA/resoluciones/RESOLUCIONES%202008/1671.pdf HTTP/1.1" 200 155068
66.249.64.101 - - [28/Jul/2015:05:44:11 -0500] "GET /catalogoisis/imagenes/limpiar1.gif HTTP/1.1" 304 -
66.249.64.106 - - [28/Jul/2015:05:44:18 -0500] "GET /BLA/resoluciones/RESOLUCIONES%202009/6589.pdf HTTP/1.1" 200 511851
66.249.64.106 - - [28/Jul/2015:05:44:28 -0500] "GET /BLA/resoluciones/RESOLUCIONES%202009/4866.pdf HTTP/1.1" 200 649988
66.249.64.101 - - [28/Jul/2015:05:44:40 -0500] "GET /BLA/resoluciones/RESOLUCIONES%202011/4788.pdf HTTP/1.1" 304 -
66.249.64.106 - - [28/Jul/2015:05:45:15 -0500] "GET /BLA/resoluciones/RESOLUCIONES%202009/4361.pdf HTTP/1.1" 304 -
127.0.0.1 - - [28/Jul/2015:05:45:32 -0500] "POST /wp-admin/admin-ajax.php HTTP/1.1" 200 47
201.245.192.253 - - [28/Jul/2015:05:45:56 -0500] "GET /forest/session.jsp?a=0.8276498562141924 HTTP/1.1" 200 4
188.165.15.94 - - [28/Jul/2015:05:46:00 -0500] "GET /BLA/resoluciones/RESOLUCIONES%202003/RES%202003%201951-2000/00001980.tif HTTP/1.1" 200 107074
66.249.64.96 - - [28/Jul/2015:05:46:07 -0500] "GET /BLA/resoluciones/RESOLUCIONES%202009/3304.pdf HTTP/1.1" 200 715722
66.249.64.253 - - [28/Jul/2015:05:46:20 -0500] "GET /BLA/boletinlegal/jurisprudencia/analisis/analisis%20C-595-2010.doc HTTP/1.1" 304 -
186.30.156.175 - - [28/Jul/2015:05:46:48 -0500] "GET /BLA/boletinlegal/js/jquery.scrollShow.js HTTP/1.1" 200 4586
186.30.156.175 - - [28/Jul/2015:05:46:48 -0500] "GET /galeria/galeria/jquery.fancybox.js?v=2.1.5 HTTP/1.1" 200 48706
186.30.156.175 - - [28/Jul/2015:05:46:48 -0500] "GET /galeria/galeria/jquery.fancybox.css?v=2.1.5 HTTP/1.1" 200 4895
188.165.15.94 - - [28/Jul/2015:05:46:54 -0500] "GET /BLA/resoluciones/RESOLUCIONES%202004/RES%202004%201251-1300/00001286.tif HTTP/1.1" 200 178412
127.0.0.1 - - [28/Jul/2015:05:47:32 -0500] "POST /wp-admin/admin-ajax.php HTTP/1.1" 200 47
157.55.39.205 - - [28/Jul/2015:05:48:16 -0500] "GET /BLA/resoluciones/AUTOS%202014/4027.pdf HTTP/1.1" 200 495451
186.155.139.174 - - [28/Jul/2015:05:48:32 -0500] "GET /galeria/nivo-slider/demo/demo.html HTTP/1.1" 200 4912
66.249.64.101 - - [28/Jul/2015:05:48:33 -0500] "GET /galeria/galeria/fotos/Capellania3P.jpg HTTP/1.1" 304 -
186.155.139.174 - - [28/Jul/2015:05:48:35 -0500] "GET /galeria/nivo-slider/demo/images/Rendicion-de-cuentas.jpg HTTP/1.1" 206 1
186.155.139.174 - - [28/Jul/2015:05:48:35 -0500] "GET /galeria/nivo-slider/demo/images/PREDAcamp.jpg HTTP/1.1" 206 1
186.155.139.174 - - [28/Jul/2015:05:48:35 -0500] "GET /galeria/nivo-slider/demo/images/Semana-PYBA.jpg HTTP/1.1" 206 1
186.155.139.174 - - [28/Jul/2015:05:48:35 -0500] "GET /galeria/nivo-slider/demo/images/Cambio-Climatico-Paramos.jpg HTTP/1.1" 200 262430
186.155.139.174 - - [28/Jul/2015:05:48:36 -0500] "GET /galeria/nivo-slider/demo/images/Semana-PYBA.jpg HTTP/1.1" 206 57610
186.155.139.174 - - [28/Jul/2015:05:48:36 -0500] "GET /galeria/nivo-slider/demo/images/PREDAcamp.jpg HTTP/1.1" 206 51696
186.155.139.174 - - [28/Jul/2015:05:48:36 -0500] "GET /galeria/nivo-slider/demo/images/GAE-banner.jpg HTTP/1.1" 200 97556
186.155.139.174 - - [28/Jul/2015:05:48:36 -0500] "GET /galeria/nivo-slider/demo/images/Rendicion-de-cuentas.jpg HTTP/1.1" 206 29117
186.155.139.174 - - [28/Jul/2015:05:48:36 -0500] "GET /galeria/nivo-slider/demo/images/Banner-encuesta-de-percepscio.jpg HTTP/1.1" 206 1
186.155.139.174 - - [28/Jul/2015:05:48:36 -0500] "GET /galeria/nivo-slider/demo/images/Banner-encuesta-de-percepscio.jpg HTTP/1.1" 206 123765
186.155.139.174 - - [28/Jul/2015:05:48:37 -0500] "GET /galeria/nivo-slider/demo/images/banner-Pacto-por-la-madera.jpg HTTP/1.1" 206 1
186.155.139.174 - - [28/Jul/2015:05:48:37 -0500] "GET /galeria/nivo-slider/demo/images/banner-Pacto-por-la-madera.jpg HTTP/1.1" 206 188461
186.155.139.174 - - [28/Jul/2015:05:48:38 -0500] "GET /galeria/nivo-slider/demo/images/acuerdo_569.jpg HTTP/1.1" 200 62670
186.155.139.174 - - [28/Jul/2015:05:48:38 -0500] "GET /galeria/nivo-slider/demo/images/Banner-Directorio.jpg HTTP/1.1" 200 182068
186.155.139.174 - - [28/Jul/2015:05:48:38 -0500] "GET /galeria/nivo-slider/demo/images/Ruta-vertimientos-01.jpg HTTP/1.1" 200 130151
186.155.139.174 - - [28/Jul/2015:05:48:39 -0500] "GET /galeria/nivo-slider/demo/images/bolsas-06.jpg HTTP/1.1" 200 90982
186.155.139.174 - - [28/Jul/2015:05:48:39 -0500] "GET /galeria/nivo-slider/demo/images/Conoce-los-humedales.jpg HTTP/1.1" 200 294036
186.155.139.174 - - [28/Jul/2015:05:48:41 -0500] "GET /galeria/nivo-slider/demo/images/ecolecta-Dic2014.png HTTP/1.1" 200 288593
201.245.192.253 - - [28/Jul/2015:05:48:42 -0500] "GET /forest/session.jsp?a=0.8110260530736539 HTTP/1.1" 200 4
186.155.139.174 - - [28/Jul/2015:05:48:43 -0500] "GET /galeria/nivo-slider/demo/images/Banner-Caracol-Africano.jpg HTTP/1.1" 200 331986
188.165.15.94 - - [28/Jul/2015:05:48:45 -0500] "GET /BLA/resoluciones/RESOLUCIONES%202005/RES%202005%20751-800/00000782.tif HTTP/1.1" 200 144676
74.86.158.107 - - [28/Jul/2015:05:48:47 -0500] "HEAD / HTTP/1.1" 200 -
186.155.139.174 - - [28/Jul/2015:05:48:59 -0500] "GET /galeria/nivo-slider/themes/default/arrows.png HTTP/1.1" 200 824
186.155.139.174 - - [28/Jul/2015:05:48:59 -0500] "GET /galeria/nivo-slider/themes/default/bullets.png HTTP/1.1" 200 1281
66.249.64.106 - - [28/Jul/2015:05:49:21 -0500] "GET /BLA/resoluciones/RESOLUCIONES%202009/1619.pdf HTTP/1.1" 200 640886
127.0.0.1 - - [28/Jul/2015:05:49:32 -0500] "POST /wp-admin/admin-ajax.php HTTP/1.1" 200 47
66.249.64.106 - - [28/Jul/2015:05:49:39 -0500] "GET /BLA/resoluciones/RESOLUCIONES%202012/1344.pdf HTTP/1.1" 200 924785
66.249.64.101 - - [28/Jul/2015:05:49:47 -0500] "GET /BLA/resoluciones/RESOLUCIONES%202008/5653.pdf HTTP/1.1" 200 243236
188.165.15.94 - - [28/Jul/2015:05:50:44 -0500] "GET /BLA/resoluciones/RESOLUCIONES%202005/RES%202005%20401-450/INDEX.DAT HTTP/1.1" 200 2000
201.245.192.253 - - [28/Jul/2015:05:50:56 -0500] "GET /forest/session.jsp?a=0.8660545260892455 HTTP/1.1" 200 4
66.249.64.253 - - [28/Jul/2015:05:51:27 -0500] "GET /Anexos%20estudio%20Organizacional%20SDA/ANEXO%20No.%203-%20CONTRATACI%C3%93N%20%20OPS%C2%B4s%202008-2012/CONTRATOS%20SDA%202012%20POR%20DEPENDENCIA.xls HTTP/1.1" 304 -
66.249.64.106 - - [28/Jul/2015:05:51:31 -0500] "GET /BLA/resoluciones/RESOLUCIONES%202009/8265.pdf HTTP/1.1" 200 286533
127.0.0.1 - - [28/Jul/2015:05:51:32 -0500] "POST /wp-admin/admin-ajax.php HTTP/1.1" 200 47
186.155.139.174 - - [28/Jul/2015:05:51:38 -0500] "GET /videos/ArchivoSDA.flv HTTP/1.1" 206 1
186.155.139.174 - - [28/Jul/2015:05:51:39 -0500] "GET /videos/ArchivoSDA.flv HTTP/1.1" 206 5979435
66.249.64.96 - - [28/Jul/2015:05:51:50 -0500] "GET /BLA/resoluciones/AUTOS%202013/1593.pdf HTTP/1.1" 304 -
206.53.226.251 - - [28/Jul/2015:05:52:07 -0500] "GET /galeria/galeria/jquery.fancybox.css?v=2.1.5 HTTP/1.1" 304 -
66.249.64.101 - - [28/Jul/2015:05:52:13 -0500] "GET /BLA/resoluciones/RESOLUCIONES%202007/RES%202007%202001%20AL%202100/RESOLUCION%202080%20DE%202007.pdf HTTP/1.1" 304 -
66.249.64.106 - - [28/Jul/2015:05:52:42 -0500] "GET /galeria/galeria/fotos/Capellania2P.jpg HTTP/1.1" 304 -
190.24.134.65 - - [28/Jul/2015:05:52:48 -0500] "GET /galeria/nivo-slider/demo/images/Rendicion-de-cuentas.jpg HTTP/1.0" 200 309079
190.24.134.65 - - [28/Jul/2015:05:52:48 -0500] "GET /galeria/nivo-slider/demo/images/banner-llantas2.jpg HTTP/1.0" 200 204644
190.24.134.65 - - [28/Jul/2015:05:52:48 -0500] "GET /galeria/nivo-slider/demo/images/Semana-PYBA.jpg HTTP/1.0" 200 147360
190.24.134.65 - - [28/Jul/2015:05:52:48 -0500] "GET /galeria/nivo-slider/demo/images/PREDAcamp.jpg HTTP/1.0" 200 295358
190.24.134.65 - - [28/Jul/2015:05:52:48 -0500] "GET /galeria/nivo-slider/demo/images/VoluntariadoPYBA.jpg HTTP/1.0" 200 40647
190.24.134.65 - - [28/Jul/2015:05:52:48 -0500] "GET /galeria/nivo-slider/demo/images/9Signos.jpg HTTP/1.0" 200 81776
190.24.134.65 - - [28/Jul/2015:05:52:48 -0500] "GET /galeria/nivo-slider/demo/images/4Simple_Slider.png HTTP/1.0" 200 11722
190.24.134.65 - - [28/Jul/2015:05:52:48 -0500] "GET /galeria/nivo-slider/demo/images/Comparendo-ambiental-Banner.jpg HTTP/1.0" 200 83731
190.24.134.65 - - [28/Jul/2015:05:52:48 -0500] "GET /galeria/nivo-slider/demo/images/GAE-banner.jpg HTTP/1.0" 200 97556
66.249.64.106 - - [28/Jul/2015:05:52:53 -0500] "GET /BLA/resoluciones/RESOLUCIONES%202010/4827.pdf HTTP/1.1" 200 754269
127.0.0.1 - - [28/Jul/2015:05:53:33 -0500] "POST /wp-cron.php?doing_wp_cron=1438080813.4416449069976806640625 HTTP/1.0" 200 -
127.0.0.1 - - [28/Jul/2015:05:53:32 -0500] "POST /wp-admin/admin-ajax.php HTTP/1.1" 200 47
201.245.192.253 - - [28/Jul/2015:05:53:42 -0500] "GET /forest/session.jsp?a=0.29784134177513744 HTTP/1.1" 200 4
66.249.64.96 - - [28/Jul/2015:05:53:45 -0500] "GET /BLA/resoluciones/RESOLUCIONES%202008/0461.pdf HTTP/1.1" 200 183543
74.86.158.107 - - [28/Jul/2015:05:53:47 -0500] "HEAD / HTTP/1.1" 200 -
181.49.13.126 - - [28/Jul/2015:05:54:19 -0500] "GET /BLA/boletinlegal/js/jquery.scrollShow.js HTTP/1.1" 200 4586
181.49.13.126 - - [28/Jul/2015:05:54:19 -0500] "GET /galeria/galeria/jquery.fancybox.js?v=2.1.5 HTTP/1.1" 200 48706
181.49.13.126 - - [28/Jul/2015:05:54:19 -0500] "GET /galeria/galeria/jquery.fancybox.css?v=2.1.5 HTTP/1.1" 200 4895
181.49.13.126 - - [28/Jul/2015:05:54:19 -0500] "GET /galeria/carrusel/Carrusel/jquery.thumbnailScroller.css HTTP/1.1" 200 2066
181.49.13.126 - - [28/Jul/2015:05:54:19 -0500] "GET /galeria/carrusel/Carrusel/jquery.thumbnailScroller.js HTTP/1.1" 200 8157
181.49.13.126 - - [28/Jul/2015:05:54:19 -0500] "GET /galeria/carrusel/Carrusel/jquery-ui-1.8.13.custom.min.js HTTP/1.1" 200 10800
181.49.13.126 - - [28/Jul/2015:05:54:21 -0500] "GET /galeria/nivo-slider/demo/demo.html HTTP/1.1" 200 4912
181.49.13.126 - - [28/Jul/2015:05:54:22 -0500] "GET /galeria/nivo-slider/themes/pascal/pascal.css HTTP/1.1" 200 2258
181.49.13.126 - - [28/Jul/2015:05:54:22 -0500] "GET /galeria/nivo-slider/themes/default/default.css HTTP/1.1" 200 1569
181.49.13.126 - - [28/Jul/2015:05:54:22 -0500] "GET /galeria/nivo-slider/themes/orman/orman.css HTTP/1.1" 200 2152
181.49.13.126 - - [28/Jul/2015:05:54:22 -0500] "GET /galeria/nivo-slider/nivo-slider.css HTTP/1.1" 200 1507
181.49.13.126 - - [28/Jul/2015:05:54:22 -0500] "GET /galeria/nivo-slider/demo/style.css HTTP/1.1" 200 2222
181.49.13.126 - - [28/Jul/2015:05:54:22 -0500] "GET /galeria/nivo-slider/demo/images/Rendicion-de-cuentas.jpg HTTP/1.1" 200 309079
181.49.13.126 - - [28/Jul/2015:05:54:22 -0500] "GET /galeria/nivo-slider/demo/images/PREDAcamp.jpg HTTP/1.1" 200 295358
181.49.13.126 - - [28/Jul/2015:05:54:22 -0500] "GET /galeria/nivo-slider/demo/images/Semana-PYBA.jpg HTTP/1.1" 200 147360
181.49.13.126 - - [28/Jul/2015:05:54:22 -0500] "GET /galeria/nivo-slider/demo/images/VoluntariadoPYBA.jpg HTTP/1.1" 200 40647
181.49.13.126 - - [28/Jul/2015:05:54:22 -0500] "GET /galeria/nivo-slider/demo/images/Cambio-Climatico-Paramos.jpg HTTP/1.1" 200 262430
181.49.13.126 - - [28/Jul/2015:05:54:22 -0500] "GET /galeria/nivo-slider/demo/images/banner-llantas2.jpg HTTP/1.1" 200 204644
181.49.13.126 - - [28/Jul/2015:05:54:22 -0500] "GET /galeria/nivo-slider/demo/images/9Signos.jpg HTTP/1.1" 200 81776
181.49.13.126 - - [28/Jul/2015:05:54:23 -0500] "GET /galeria/nivo-slider/demo/images/Comparendo-ambiental-Banner.jpg HTTP/1.1" 200 83731
181.49.13.126 - - [28/Jul/2015:05:54:23 -0500] "GET /galeria/nivo-slider/demo/images/GAE-banner.jpg HTTP/1.1" 200 97556
181.49.13.126 - - [28/Jul/2015:05:54:24 -0500] "GET /galeria/nivo-slider/demo/images/Banner-encuesta-de-percepscio.jpg HTTP/1.1" 200 201899
181.49.13.126 - - [28/Jul/2015:05:54:24 -0500] "GET /galeria/nivo-slider/demo/images/banner-Pacto-por-la-madera.jpg HTTP/1.1" 200 209966
181.49.13.126 - - [28/Jul/2015:05:54:25 -0500] "GET /galeria/nivo-slider/demo/images/acuerdo_569.jpg HTTP/1.1" 200 62670
181.49.13.126 - - [28/Jul/2015:05:54:25 -0500] "GET /galeria/nivo-slider/demo/images/Banner-Directorio.jpg HTTP/1.1" 200 182068
181.49.13.126 - - [28/Jul/2015:05:54:25 -0500] "GET /galeria/nivo-slider/demo/images/Ruta-vertimientos-01.jpg HTTP/1.1" 200 130151
181.49.13.126 - - [28/Jul/2015:05:54:26 -0500] "GET /galeria/nivo-slider/demo/images/bolsas-06.jpg HTTP/1.1" 200 90982
181.49.13.126 - - [28/Jul/2015:05:54:26 -0500] "GET /galeria/nivo-slider/demo/images/Conoce-los-humedales.jpg HTTP/1.1" 200 294036
181.49.13.126 - - [28/Jul/2015:05:54:26 -0500] "GET /galeria/nivo-slider/demo/images/ecolecta-Dic2014.png HTTP/1.1" 200 288593
181.49.13.126 - - [28/Jul/2015:05:54:26 -0500] "GET /galeria/nivo-slider/demo/images/Banner-Caracol-Africano.jpg HTTP/1.1" 200 331986
181.49.13.126 - - [28/Jul/2015:05:54:27 -0500] "GET /galeria/nivo-slider/demo/scripts/jquery-1.7.1.min.js HTTP/1.1" 200 93868
181.49.13.126 - - [28/Jul/2015:05:54:27 -0500] "GET /galeria/nivo-slider/jquery.nivo.slider.pack.js HTTP/1.1" 200 11561
181.49.13.126 - - [28/Jul/2015:05:54:27 -0500] "GET /galeria/nivo-slider/demo/images/4Simple_Slider.png HTTP/1.1" 200 11722
181.49.13.126 - - [28/Jul/2015:05:54:27 -0500] "GET /galeria/nivo-slider/themes/default/loading.gif HTTP/1.1" 200 1737
181.49.13.126 - - [28/Jul/2015:05:54:29 -0500] "GET /galeria/nivo-slider/themes/default/arrows.png HTTP/1.1" 200 824
181.49.13.126 - - [28/Jul/2015:05:54:29 -0500] "GET /galeria/nivo-slider/themes/default/bullets.png HTTP/1.1" 200 1281
66.249.64.96 - - [28/Jul/2015:05:54:40 -0500] "GET /BLA/resoluciones/RESOLUCIONES%202011/5202.pdf HTTP/1.1" 304 -
66.249.64.96 - - [28/Jul/2015:05:55:18 -0500] "GET /BLA/resoluciones/RESOLUCIONES%202010/5757.pdf HTTP/1.1" 304 -
127.0.0.1 - - [28/Jul/2015:05:55:32 -0500] "POST /wp-admin/admin-ajax.php HTTP/1.1" 200 47
188.165.15.94 - - [28/Jul/2015:05:55:37 -0500] "GET /BLA/resoluciones/AUTOS%202006/AUTOS%202006%201301-1400/00001321.tif HTTP/1.1" 200 205374
201.245.192.253 - - [28/Jul/2015:05:55:56 -0500] "GET /forest/session.jsp?a=0.1827421921828114 HTTP/1.1" 200 4
66.249.64.101 - - [28/Jul/2015:05:55:57 -0500] "GET /mobile/BLA/resoluciones/RESOLUCIONES%202007/RES%202007%201401%20AL%201500/RESOLUCION%201407%20DE%202007.pdf HTTP/1.1" 404 1018
66.249.64.243 - - [28/Jul/2015:05:56:04 -0500] "GET / HTTP/1.1" 200 10190
188.165.15.94 - - [28/Jul/2015:05:56:11 -0500] "GET /BLA/resoluciones/RESOLUCIONES%202006/RES%202006%202351-2400/00002354.tif HTTP/1.1" 200 184908
66.249.64.101 - - [28/Jul/2015:05:56:21 -0500] "GET /BLA/resoluciones/AUTOS%202008/0520.pdf HTTP/1.1" 304 -
188.165.15.94 - - [28/Jul/2015:05:56:37 -0500] "GET /BLA/resoluciones/RESOLUCIONES%202004/RES%202004%201251-1300/00001272.tif HTTP/1.1" 200 106648
66.249.64.96 - - [28/Jul/2015:05:56:22 -0500] "GET /BLA/boletinlegal/ HTTP/1.1" 200 51011
66.249.64.96 - - [28/Jul/2015:05:57:08 -0500] "GET /BLA/resoluciones/RESOLUCIONES%202011/0170.pdf HTTP/1.1" 200 778562
66.249.64.29 - - [28/Jul/2015:05:57:10 -0500] "GET /wp-content/uploads/2015/07/cabezote-de-noticias2.jpg HTTP/1.1" 304 -
66.249.64.106 - - [28/Jul/2015:05:57:10 -0500] "GET /BLA/resoluciones/RESOLUCIONES%202014/3687.pdf HTTP/1.1" 304 -
66.249.64.96 - - [28/Jul/2015:05:57:11 -0500] "GET /BLA/resoluciones/RESOLUCIONES%202012/1114.pdf HTTP/1.1" 304 -
66.249.64.106 - - [28/Jul/2015:05:57:11 -0500] "GET /BLA/resoluciones/AUTOS%202012/0096.pdf HTTP/1.1" 304 -
66.249.64.101 - - [28/Jul/2015:05:57:12 -0500] "GET /autoliquidacion/TR%C3%81MITES%20MINER%C3%8DA/126PM04-PR39-M-A6-V5.0%20Terminos%20de%20referencia%20PMRRA[1].doc HTTP/1.1" 304 -
186.0.49.202 - - [28/Jul/2015:05:57:20 -0500] "GET /videos/galeria-fotografica/index21.html? HTTP/1.1" 200 1967
186.0.49.202 - - [28/Jul/2015:05:57:20 -0500] "GET /videos/galeria-fotografica/js/jquery-flickr-gallery/jquery-flickr-gallery.js HTTP/1.1" 200 9050
186.0.49.202 - - [28/Jul/2015:05:57:20 -0500] "GET /videos/galeria-fotografica/js/jquery-flickr-gallery/jquery-flickr.css HTTP/1.1" 200 711
186.0.49.202 - - [28/Jul/2015:05:57:23 -0500] "GET /videos/galeria-fotografica/js/jquery-flickr-gallery/loader.gif HTTP/1.1" 200 2129
127.0.0.1 - - [28/Jul/2015:05:57:32 -0500] "POST /wp-admin/admin-ajax.php HTTP/1.1" 200 47
66.249.64.101 - - [28/Jul/2015:05:58:38 -0500] "GET /BLA/resoluciones/RESOLUCIONES%202008/0687.pdf HTTP/1.1" 200 19213
201.245.192.253 - - [28/Jul/2015:05:58:42 -0500] "GET /forest/session.jsp?a=0.9261615027289737 HTTP/1.1" 200 4
74.86.158.107 - - [28/Jul/2015:05:58:47 -0500] "HEAD / HTTP/1.1" 200 -
188.165.15.94 - - [28/Jul/2015:05:59:06 -0500] "GET /BLA/resoluciones/RESOLUCIONES%202002/RES%202002%201451-1500/20021493.tif HTTP/1.1" 200 52342
188.165.15.94 - - [28/Jul/2015:05:59:24 -0500] "GET /BLA/resoluciones/index.php?dir=RESOLUCIONES+2007%2FRES+2007+4301+AL+4352%2F HTTP/1.1" 200 14905
127.0.0.1 - - [28/Jul/2015:05:59:32 -0500] "POST /wp-admin/admin-ajax.php HTTP/1.1" 200 47
188.165.15.94 - - [28/Jul/2015:06:00:31 -0500] "GET /BLA/resoluciones/RESOLUCIONES%202005/RES%202005%202451-2500/00002491.tif HTTP/1.1" 200 149424
201.245.192.253 - - [28/Jul/2015:06:00:56 -0500] "GET /forest/session.jsp?a=0.468894190627004 HTTP/1.1" 200 4
186.146.244.14 - - [28/Jul/2015:06:01:01 -0500] "GET /galeria/galeria/jquery.fancybox.js?v=2.1.5 HTTP/1.1" 200 48706
186.146.244.14 - - [28/Jul/2015:06:01:01 -0500] "GET /galeria/galeria/jquery.fancybox.css?v=2.1.5 HTTP/1.1" 200 4895
186.146.244.14 - - [28/Jul/2015:06:01:01 -0500] "GET /BLA/boletinlegal/js/jquery.scrollShow.js HTTP/1.1" 200 4586
186.155.50.84 - - [28/Jul/2015:06:01:05 -0500] "GET /BLA/boletinlegal/js/jquery.scrollShow.js HTTP/1.1" 200 4586
186.155.50.84 - - [28/Jul/2015:06:01:05 -0500] "GET /galeria/galeria/jquery.fancybox.js?v=2.1.5 HTTP/1.1" 200 48706
186.155.50.84 - - [28/Jul/2015:06:01:05 -0500] "GET /galeria/galeria/jquery.fancybox.css?v=2.1.5 HTTP/1.1" 200 4895
186.155.50.84 - - [28/Jul/2015:06:01:05 -0500] "GET /galeria/carrusel/Carrusel/jquery.thumbnailScroller.css HTTP/1.1" 200 2066
186.155.50.84 - - [28/Jul/2015:06:01:05 -0500] "GET /galeria/carrusel/Carrusel/jquery-ui-1.8.13.custom.min.js HTTP/1.1" 200 10800
186.155.50.84 - - [28/Jul/2015:06:01:05 -0500] "GET /galeria/carrusel/Carrusel/jquery.thumbnailScroller.js HTTP/1.1" 200 8157
167.0.252.131 - - [28/Jul/2015:06:01:05 -0500] "GET /portalsiaccapacitaciones/Soportes%20Capacitaciones%202014/0127.%20Presentaci%C3%B3n%20Taller%20Compras%20Sostenibles%2010,%2012%20y%2015-12-14.pdf HTTP/1.1" 404 1255
167.0.252.131 - - [28/Jul/2015:06:01:06 -0500] "GET /favicon.ico HTTP/1.1" 200 7782
186.155.50.84 - - [28/Jul/2015:06:01:06 -0500] "GET /galeria/nivo-slider/demo/demo.html HTTP/1.1" 200 4912
167.0.252.131 - - [28/Jul/2015:06:01:07 -0500] "GET /portalsiaccapacitaciones/Soportes%20Capacitaciones%202014/0127.%20Presentaci%C3%B3n%20Taller%20Compras%20Sostenibles%2010,%2012%20y%2015-12-14.pdf HTTP/1.1" 404 1019
186.155.50.84 - - [28/Jul/2015:06:01:07 -0500] "GET /galeria/nivo-slider/themes/default/default.css HTTP/1.1" 200 1569
186.155.50.84 - - [28/Jul/2015:06:01:07 -0500] "GET /galeria/nivo-slider/themes/pascal/pascal.css HTTP/1.1" 200 2258
186.155.50.84 - - [28/Jul/2015:06:01:07 -0500] "GET /galeria/nivo-slider/themes/orman/orman.css HTTP/1.1" 200 2152
186.155.50.84 - - [28/Jul/2015:06:01:07 -0500] "GET /galeria/nivo-slider/nivo-slider.css HTTP/1.1" 200 1507
186.155.50.84 - - [28/Jul/2015:06:01:07 -0500] "GET /galeria/nivo-slider/demo/style.css HTTP/1.1" 200 2222
186.155.50.84 - - [28/Jul/2015:06:01:07 -0500] "GET /galeria/nivo-slider/demo/scripts/jquery-1.7.1.min.js HTTP/1.1" 200 93868
186.155.50.84 - - [28/Jul/2015:06:01:07 -0500] "GET /galeria/nivo-slider/jquery.nivo.slider.pack.js HTTP/1.1" 200 11561
167.0.252.131 - - [28/Jul/2015:06:01:07 -0500] "GET /portalsiaccapacitaciones/Soportes%20Capacitaciones%202014/0127.%20Presentaci%C3%B3n%20Taller%20Compras%20Sostenibles%2010,%2012%20y%2015-12-14.pdf HTTP/1.1" 404 1019
186.155.50.84 - - [28/Jul/2015:06:01:07 -0500] "GET /galeria/nivo-slider/demo/images/Rendicion-de-cuentas.jpg HTTP/1.1" 200 309079
186.155.50.84 - - [28/Jul/2015:06:01:07 -0500] "GET /galeria/nivo-slider/demo/images/PREDAcamp.jpg HTTP/1.1" 200 295358
186.155.50.84 - - [28/Jul/2015:06:01:07 -0500] "GET /galeria/nivo-slider/demo/images/Semana-PYBA.jpg HTTP/1.1" 200 147360
186.155.50.84 - - [28/Jul/2015:06:01:07 -0500] "GET /galeria/nivo-slider/demo/images/VoluntariadoPYBA.jpg HTTP/1.1" 200 40647
186.155.50.84 - - [28/Jul/2015:06:01:07 -0500] "GET /galeria/nivo-slider/demo/images/Cambio-Climatico-Paramos.jpg HTTP/1.1" 200 262430
186.155.50.84 - - [28/Jul/2015:06:01:07 -0500] "GET /galeria/nivo-slider/demo/images/banner-llantas2.jpg HTTP/1.1" 200 204644
186.155.50.84 - - [28/Jul/2015:06:01:07 -0500] "GET /galeria/nivo-slider/demo/images/Comparendo-ambiental-Banner.jpg HTTP/1.1" 200 83731
186.155.50.84 - - [28/Jul/2015:06:01:07 -0500] "GET /galeria/nivo-slider/demo/images/GAE-banner.jpg HTTP/1.1" 200 97556
186.155.50.84 - - [28/Jul/2015:06:01:07 -0500] "GET /galeria/nivo-slider/demo/images/9Signos.jpg HTTP/1.1" 200 81776
186.155.50.84 - - [28/Jul/2015:06:01:08 -0500] "GET /galeria/nivo-slider/demo/images/Ruta-vertimientos-01.jpg HTTP/1.1" 200 130151
186.155.50.84 - - [28/Jul/2015:06:01:09 -0500] "GET /galeria/nivo-slider/demo/images/4Simple_Slider.png HTTP/1.1" 200 11722
186.155.50.84 - - [28/Jul/2015:06:01:07 -0500] "GET /galeria/nivo-slider/demo/images/Banner-encuesta-de-percepscio.jpg HTTP/1.1" 200 201899
186.155.50.84 - - [28/Jul/2015:06:01:09 -0500] "GET /galeria/nivo-slider/demo/images/bolsas-06.jpg HTTP/1.1" 200 90982
186.155.50.84 - - [28/Jul/2015:06:01:07 -0500] "GET /galeria/nivo-slider/demo/images/acuerdo_569.jpg HTTP/1.1" 200 62670
186.155.50.84 - - [28/Jul/2015:06:01:09 -0500] "GET /galeria/nivo-slider/demo/images/ecolecta-Dic2014.png HTTP/1.1" 200 288593
