186.80.4.176 - - [28/Jul/2015:00:54:27 -0500] "GET /BLA/resoluciones/RESOLUCIONES%202010/4742.pdf HTTP/1.1" 200 484121
186.80.4.176 - - [28/Jul/2015:00:54:28 -0500] "GET /BLA/resoluciones/RESOLUCIONES%202010/4742.pdf HTTP/1.1" 200 484121
74.86.158.107 - - [28/Jul/2015:00:54:40 -0500] "HEAD / HTTP/1.1" 200 -
181.56.193.251 - - [28/Jul/2015:00:55:29 -0500] "GET /forest/buscar.do?type=procesos HTTP/1.1" 200 85049
181.56.193.251 - - [28/Jul/2015:00:55:30 -0500] "GET /forest/json.do?query=usersByDep&coddep=7105 HTTP/1.1" 200 188
181.56.193.251 - - [28/Jul/2015:00:55:30 -0500] "GET /forest/json.do?query=versionListadas HTTP/1.1" 200 15
181.56.193.251 - - [28/Jul/2015:00:55:30 -0500] "GET /forest/json.do?query=usersByDep&coddep=7105 HTTP/1.1" 200 188
181.56.193.251 - - [28/Jul/2015:00:55:30 -0500] "GET /forest/json.do?query=procesIniciales HTTP/1.1" 200 11297
181.56.193.251 - - [28/Jul/2015:00:55:30 -0500] "GET /forest/json.do?query=bpmnIniciales HTTP/1.1" 200 1095
181.56.193.251 - - [28/Jul/2015:00:55:32 -0500] "POST /forest/buscar.do? HTTP/1.1" 200 5835
127.0.0.1 - - [28/Jul/2015:00:55:32 -0500] "POST /wp-admin/admin-ajax.php HTTP/1.1" 200 47
186.80.4.176 - - [28/Jul/2015:00:55:44 -0500] "GET /BLA/resoluciones/RESOLUCIONES%202010/4742.pdf HTTP/1.1" 200 484121
186.80.4.176 - - [28/Jul/2015:00:55:45 -0500] "GET /BLA/resoluciones/RESOLUCIONES%202010/4742.pdf HTTP/1.1" 200 484121
201.245.192.253 - - [28/Jul/2015:00:55:54 -0500] "GET /forest/session.jsp?a=0.731449650266453 HTTP/1.1" 200 4
181.56.193.251 - - [28/Jul/2015:00:56:22 -0500] "GET /forest/skins/gdocs-jar/popup/popup.jsp?width=1100&height=500&title=Buscar%20procesos&uri=/forest/buscar.do%3Ftype%3Dprocesos&name=undefined&_a=0.6480585385579616&a=0.6778885067906231 HTTP/1.1" 200 1296
181.56.193.251 - - [28/Jul/2015:00:56:22 -0500] "GET /forest/buscar.do?type=procesos HTTP/1.1" 200 85049
181.56.193.251 - - [28/Jul/2015:00:56:23 -0500] "GET /forest/json.do?query=usersByDep&coddep=7105 HTTP/1.1" 200 188
181.56.193.251 - - [28/Jul/2015:00:56:23 -0500] "GET /forest/json.do?query=versionListadas HTTP/1.1" 200 15
181.56.193.251 - - [28/Jul/2015:00:56:23 -0500] "GET /forest/json.do?query=usersByDep&coddep=7105 HTTP/1.1" 200 188
181.56.193.251 - - [28/Jul/2015:00:56:23 -0500] "GET /forest/json.do?query=procesIniciales HTTP/1.1" 200 11297
181.56.193.251 - - [28/Jul/2015:00:56:23 -0500] "GET /forest/json.do?query=bpmnIniciales HTTP/1.1" 200 1095
181.56.193.251 - - [28/Jul/2015:00:56:27 -0500] "POST /forest/buscar.do? HTTP/1.1" 200 5159
181.56.193.251 - - [28/Jul/2015:00:56:46 -0500] "GET /forest/buscar.do?type=procesos HTTP/1.1" 200 85049
181.56.193.251 - - [28/Jul/2015:00:56:43 -0500] "GET /forest/buscar.do?type=procesos HTTP/1.1" 200 18158
181.56.193.251 - - [28/Jul/2015:00:56:47 -0500] "GET /forest/json.do?query=usersByDep&coddep=7105 HTTP/1.1" 200 188
181.56.193.251 - - [28/Jul/2015:00:56:47 -0500] "GET /forest/json.do?query=versionListadas HTTP/1.1" 200 15
181.56.193.251 - - [28/Jul/2015:00:56:47 -0500] "GET /forest/json.do?query=usersByDep&coddep=7105 HTTP/1.1" 200 188
181.56.193.251 - - [28/Jul/2015:00:56:47 -0500] "GET /forest/json.do?query=procesIniciales HTTP/1.1" 200 11297
181.56.193.251 - - [28/Jul/2015:00:56:47 -0500] "GET /forest/json.do?query=bpmnIniciales HTTP/1.1" 200 1095
181.56.193.251 - - [28/Jul/2015:00:56:50 -0500] "POST /forest/buscar.do? HTTP/1.1" 200 5169
181.56.193.251 - - [28/Jul/2015:00:56:05 -0500] "GET /forest/buscar.do?type=procesos HTTP/1.1" 200 85049
181.56.193.251 - - [28/Jul/2015:00:57:06 -0500] "GET /forest/buscar.do?type=procesos HTTP/1.1" 200 85049
181.56.193.251 - - [28/Jul/2015:00:57:06 -0500] "GET /forest/json.do?query=usersByDep&coddep=7105 HTTP/1.1" 200 188
181.56.193.251 - - [28/Jul/2015:00:57:06 -0500] "GET /forest/json.do?query=versionListadas HTTP/1.1" 200 15
181.56.193.251 - - [28/Jul/2015:00:57:06 -0500] "GET /forest/json.do?query=usersByDep&coddep=7105 HTTP/1.1" 200 188
181.56.193.251 - - [28/Jul/2015:00:57:07 -0500] "GET /forest/json.do?query=procesIniciales HTTP/1.1" 200 11297
181.56.193.251 - - [28/Jul/2015:00:57:07 -0500] "GET /forest/json.do?query=bpmnIniciales HTTP/1.1" 200 1095
181.56.193.251 - - [28/Jul/2015:00:57:09 -0500] "POST /forest/buscar.do? HTTP/1.1" 200 5789
181.56.193.251 - - [28/Jul/2015:00:57:17 -0500] "GET /forest/buscar.do?type=procesos HTTP/1.1" 200 85049
181.56.193.251 - - [28/Jul/2015:00:57:17 -0500] "GET /forest/json.do?query=usersByDep&coddep=7105 HTTP/1.1" 200 188
181.56.193.251 - - [28/Jul/2015:00:57:18 -0500] "GET /forest/json.do?query=versionListadas HTTP/1.1" 200 15
181.56.193.251 - - [28/Jul/2015:00:57:18 -0500] "GET /forest/json.do?query=usersByDep&coddep=7105 HTTP/1.1" 200 188
181.56.193.251 - - [28/Jul/2015:00:57:18 -0500] "GET /forest/json.do?query=procesIniciales HTTP/1.1" 200 11297
181.56.193.251 - - [28/Jul/2015:00:57:18 -0500] "GET /forest/json.do?query=bpmnIniciales HTTP/1.1" 200 1095
181.56.193.251 - - [28/Jul/2015:00:57:20 -0500] "POST /forest/buscar.do? HTTP/1.1" 200 5784
181.56.193.251 - - [28/Jul/2015:00:57:29 -0500] "GET /forest/skins/gdocs-jar/popup/popup.jsp?width=900&height=600&title=Informaci%F3n%20de%20proceso&uri=/forest/system/process.jsp%3FnumPro%3D2653069&name=undefined&_a=0.4802345922216773&a=0.6362076085060835 HTTP/1.1" 200 1312
181.56.193.251 - - [28/Jul/2015:00:57:29 -0500] "GET /forest/system/process.jsp?numPro=2653069 HTTP/1.1" 200 92303
127.0.0.1 - - [28/Jul/2015:00:57:32 -0500] "POST /wp-admin/admin-ajax.php HTTP/1.1" 200 47
188.165.15.94 - - [28/Jul/2015:00:58:01 -0500] "GET /BLA/resoluciones/RESOLUCIONES%202005/RES%202005%202901-2950/00002942.tif HTTP/1.1" 200 64086
66.249.64.101 - - [28/Jul/2015:00:58:04 -0500] "GET /BLA/resoluciones/RESOLUCIONES%202003/RES%202003%201751-1800/20031797.tif HTTP/1.1" 304 -
201.245.192.253 - - [28/Jul/2015:00:58:40 -0500] "GET /forest/session.jsp?a=0.4335855646636618 HTTP/1.1" 200 4
66.249.64.96 - - [28/Jul/2015:00:59:20 -0500] "GET /BLA/resoluciones/RESOLUCIONES%202008/1418.pdf HTTP/1.1" 200 319884
66.249.64.29 - - [28/Jul/2015:00:59:23 -0500] "GET /sitemap_index.xml HTTP/1.1" 200 1082
127.0.0.1 - - [28/Jul/2015:00:59:32 -0500] "POST /wp-admin/admin-ajax.php HTTP/1.1" 200 47
74.86.158.107 - - [28/Jul/2015:00:59:40 -0500] "HEAD / HTTP/1.1" 200 -
66.249.64.101 - - [28/Jul/2015:00:59:44 -0500] "GET /BLA/resoluciones/RESOLUCIONES%202008/3786.pdf HTTP/1.1" 200 376534
66.249.64.96 - - [28/Jul/2015:01:00:07 -0500] "GET /BLA/resoluciones/RESOLUCIONES%202011/2532.pdf HTTP/1.1" 200 498174
66.249.64.96 - - [28/Jul/2015:01:00:30 -0500] "GET /BLA/resoluciones/RESOLUCIONES%202013/0200.pdf HTTP/1.1" 200 2106482
66.249.64.101 - - [28/Jul/2015:01:00:53 -0500] "GET /BLA/resoluciones/RESOLUCIONES%202013/0059.pdf HTTP/1.1" 200 4862298
201.245.192.253 - - [28/Jul/2015:01:00:54 -0500] "GET /forest/session.jsp?a=0.8182138123003655 HTTP/1.1" 200 4
66.249.64.96 - - [28/Jul/2015:01:01:16 -0500] "GET /BLA/resoluciones/RESOLUCIONES%202008/5142.pdf HTTP/1.1" 304 -
127.0.0.1 - - [28/Jul/2015:01:01:32 -0500] "POST /wp-admin/admin-ajax.php HTTP/1.1" 200 47
66.249.64.106 - - [28/Jul/2015:01:01:39 -0500] "GET /BLA/resoluciones/RESOLUCIONES%202013/1197.pdf HTTP/1.1" 304 -
167.0.186.103 - - [28/Jul/2015:01:01:43 -0500] "GET /BLA/boletinlegal/js/jquery.scrollShow.js HTTP/1.1" 200 4586
167.0.186.103 - - [28/Jul/2015:01:01:43 -0500] "GET /galeria/galeria/jquery.fancybox.js?v=2.1.5 HTTP/1.1" 200 48706
167.0.186.103 - - [28/Jul/2015:01:01:44 -0500] "GET /galeria/galeria/jquery.fancybox.css?v=2.1.5 HTTP/1.1" 200 4895
66.249.64.19 - - [28/Jul/2015:01:02:06 -0500] "GET /author-sitemap.xml HTTP/1.1" 404 28385
66.249.64.101 - - [28/Jul/2015:01:02:20 -0500] "GET /BLA/resoluciones/RESOLUCIONES%202003/RES%202003%201751-1800/20031800.tif HTTP/1.1" 304 -
66.249.64.29 - - [28/Jul/2015:01:02:32 -0500] "GET /post_tag-sitemap.xml HTTP/1.1" 404 28385
88.198.233.69 - - [28/Jul/2015:01:02:40 -0500] "GET / HTTP/1.1" 200 10190
127.0.0.1 - - [28/Jul/2015:01:03:32 -0500] "POST /wp-admin/admin-ajax.php HTTP/1.1" 200 47
66.249.64.19 - - [28/Jul/2015:01:03:38 -0500] "GET /portfolio_cats-sitemap.xml HTTP/1.1" 404 28385
201.245.192.253 - - [28/Jul/2015:01:03:40 -0500] "GET /forest/session.jsp?a=0.11425881729169862 HTTP/1.1" 200 4
74.86.158.107 - - [28/Jul/2015:01:04:40 -0500] "HEAD / HTTP/1.1" 200 -
191.108.157.73 - - [28/Jul/2015:01:04:41 -0500] "GET /forest/ HTTP/1.1" 200 110036
191.108.157.73 - - [28/Jul/2015:01:04:42 -0500] "GET /forest/session.jsp?a=0.1267237721476704 HTTP/1.1" 200 4
191.108.157.73 - - [28/Jul/2015:01:04:43 -0500] "GET /forest/img/forestIcon.gif?version=1503.161801 HTTP/1.1" 200 573
191.108.157.73 - - [28/Jul/2015:01:05:01 -0500] "GET /forest/skins/gdocs-jar/popup/popup.jsp?width=1100&height=500&title=Buscar%20procesos&uri=/forest/buscar.do%3Ftype%3Dprocesos&name=undefined&_a=0.5671521569602191&a=0.5451082813087851 HTTP/1.1" 200 1296
191.108.157.73 - - [28/Jul/2015:01:05:02 -0500] "GET /forest/buscar.do?type=procesos HTTP/1.1" 200 85049
191.108.157.73 - - [28/Jul/2015:01:05:03 -0500] "GET /forest/json.do?query=usersByDep&coddep=7105 HTTP/1.1" 200 188
191.108.157.73 - - [28/Jul/2015:01:05:03 -0500] "GET /forest/json.do?query=versionListadas HTTP/1.1" 200 15
191.108.157.73 - - [28/Jul/2015:01:05:03 -0500] "GET /forest/json.do?query=usersByDep&coddep=7105 HTTP/1.1" 200 188
191.108.157.73 - - [28/Jul/2015:01:05:03 -0500] "GET /forest/json.do?query=procesIniciales HTTP/1.1" 200 11297
191.108.157.73 - - [28/Jul/2015:01:05:03 -0500] "GET /forest/json.do?query=bpmnIniciales HTTP/1.1" 200 1095
191.108.157.73 - - [28/Jul/2015:01:05:06 -0500] "POST /forest/buscar.do HTTP/1.1" 200 5784
191.108.157.73 - - [28/Jul/2015:01:05:11 -0500] "GET /forest/skins/gdocs-jar/popup/popup.jsp?width=900&height=600&title=Informaci%F3n%20de%20proceso&uri=/forest/system/process.jsp%3FnumPro%3D2653069&name=undefined&_a=0.3988307958934456&a=0.8559961500577629 HTTP/1.1" 200 1312
191.108.157.73 - - [28/Jul/2015:01:05:11 -0500] "GET /forest/system/process.jsp?numPro=2653069 HTTP/1.1" 200 92303
191.108.157.73 - - [28/Jul/2015:01:05:16 -0500] "GET /forest/skins/gdocs-jar/popup/popup.jsp?width=900&height=600&title=Informaci%F3n%20de%20la%20instancia&uri=/forest/system/instance.jsp%3FcodInst%3D2847919&name=undefined&_a=0.5652236887253821&a=0.08113720291294158 HTTP/1.1" 200 1319
191.108.157.73 - - [28/Jul/2015:01:05:16 -0500] "GET /forest/system/instance.jsp?codInst=2847919 HTTP/1.1" 200 145826
186.30.8.72 - - [28/Jul/2015:01:05:18 -0500] "GET /galeria/galeria/jquery.fancybox.css?v=2.1.5 HTTP/1.1" 200 4895
186.30.8.72 - - [28/Jul/2015:01:05:18 -0500] "GET /BLA/boletinlegal/js/jquery.scrollShow.js HTTP/1.1" 200 4586
186.30.8.72 - - [28/Jul/2015:01:05:18 -0500] "GET /galeria/galeria/jquery.fancybox.js?v=2.1.5 HTTP/1.1" 200 48706
66.249.64.19 - - [28/Jul/2015:01:05:21 -0500] "GET /category-sitemap.xml HTTP/1.1" 404 28385
191.108.157.73 - - [28/Jul/2015:01:05:02 -0500] "GET /forest/buscar.do?type=procesos HTTP/1.1" 200 14695
191.108.157.73 - - [28/Jul/2015:01:05:11 -0500] "GET /forest/system/process.jsp?numPro=2653069 HTTP/1.1" 200 14695
127.0.0.1 - - [28/Jul/2015:01:05:32 -0500] "POST /wp-admin/admin-ajax.php HTTP/1.1" 200 47
201.245.192.253 - - [28/Jul/2015:01:05:54 -0500] "GET /forest/session.jsp?a=0.8431980860621074 HTTP/1.1" 200 4
186.30.8.72 - - [28/Jul/2015:01:05:55 -0500] "GET /galeria/galeria/jquery.fancybox.css?v=2.1.5 HTTP/1.1" 304 -
186.30.8.72 - - [28/Jul/2015:01:05:55 -0500] "GET /BLA/boletinlegal/js/jquery.scrollShow.js HTTP/1.1" 304 -
186.30.8.72 - - [28/Jul/2015:01:05:55 -0500] "GET /galeria/galeria/jquery.fancybox.js?v=2.1.5 HTTP/1.1" 304 -
191.108.157.73 - - [28/Jul/2015:01:05:59 -0500] "GET /forest/buscar.do?type=procesos HTTP/1.1" 200 85049
191.108.157.73 - - [28/Jul/2015:01:06:00 -0500] "GET /forest/json.do?query=usersByDep&coddep=7105 HTTP/1.1" 200 188
191.108.157.73 - - [28/Jul/2015:01:06:00 -0500] "GET /forest/json.do?query=versionListadas HTTP/1.1" 200 15
191.108.157.73 - - [28/Jul/2015:01:06:00 -0500] "GET /forest/json.do?query=usersByDep&coddep=7105 HTTP/1.1" 200 188
191.108.157.73 - - [28/Jul/2015:01:06:00 -0500] "GET /forest/json.do?query=procesIniciales HTTP/1.1" 200 11297
191.108.157.73 - - [28/Jul/2015:01:06:01 -0500] "GET /forest/json.do?query=bpmnIniciales HTTP/1.1" 200 1095
191.108.157.73 - - [28/Jul/2015:01:06:03 -0500] "POST /forest/buscar.do? HTTP/1.1" 200 5229
66.249.64.101 - - [28/Jul/2015:01:06:20 -0500] "GET /CertificadoAportes/Certificado%20CC-35461187-34218787.pdf HTTP/1.1" 404 1018
66.249.64.96 - - [28/Jul/2015:01:06:20 -0500] "GET /BLA/resoluciones/RESOLUCIONES%202007/RES%202007%201401%20AL%201500/RESOLUCION%201402%20DE%202007.pdf HTTP/1.1" 304 -
191.108.157.73 - - [28/Jul/2015:01:06:22 -0500] "GET /forest/buscar.do?type=procesos HTTP/1.1" 200 85049
180.76.15.145 - - [28/Jul/2015:01:06:23 -0500] "GET /SIG/ECS/126PM04-PR95.pdf HTTP/1.1" 200 4200358
191.108.157.73 - - [28/Jul/2015:01:06:24 -0500] "GET /forest/json.do?query=usersByDep&coddep=7105 HTTP/1.1" 200 188
191.108.157.73 - - [28/Jul/2015:01:06:24 -0500] "GET /forest/json.do?query=versionListadas HTTP/1.1" 200 15
191.108.157.73 - - [28/Jul/2015:01:06:25 -0500] "GET /forest/json.do?query=usersByDep&coddep=7105 HTTP/1.1" 200 188
191.108.157.73 - - [28/Jul/2015:01:06:25 -0500] "GET /forest/json.do?query=procesIniciales HTTP/1.1" 200 11297
191.108.157.73 - - [28/Jul/2015:01:06:25 -0500] "GET /forest/json.do?query=bpmnIniciales HTTP/1.1" 200 1095
191.108.157.73 - - [28/Jul/2015:01:06:28 -0500] "POST /forest/buscar.do? HTTP/1.1" 200 5810
66.249.64.96 - - [28/Jul/2015:01:06:34 -0500] "GET /BLA/resoluciones/RESOLUCIONES%202003/RES%202003%201751-1800/20031770.tif HTTP/1.1" 304 -
191.108.157.73 - - [28/Jul/2015:01:06:59 -0500] "GET /forest/buscar.do?type=procesos HTTP/1.1" 200 85049
191.108.157.73 - - [28/Jul/2015:01:07:04 -0500] "GET /forest/json.do?query=usersByDep&coddep=7105 HTTP/1.1" 200 188
191.108.157.73 - - [28/Jul/2015:01:07:04 -0500] "GET /forest/json.do?query=versionListadas HTTP/1.1" 200 15
191.108.157.73 - - [28/Jul/2015:01:07:04 -0500] "GET /forest/json.do?query=usersByDep&coddep=7105 HTTP/1.1" 200 188
191.108.157.73 - - [28/Jul/2015:01:07:04 -0500] "GET /forest/json.do?query=procesIniciales HTTP/1.1" 200 11297
191.108.157.73 - - [28/Jul/2015:01:07:05 -0500] "GET /forest/json.do?query=bpmnIniciales HTTP/1.1" 200 1095
191.108.157.73 - - [28/Jul/2015:01:07:10 -0500] "POST /forest/buscar.do? HTTP/1.1" 200 5170
69.164.111.198 - - [28/Jul/2015:01:07:16 -0500] "GET /galeria/galeria/jquery.fancybox.js?v=2.1.5 HTTP/1.0" 200 48706
69.164.111.198 - - [28/Jul/2015:01:07:18 -0500] "GET /BLA/boletinlegal/js/jquery.scrollShow.js HTTP/1.0" 200 4586
191.108.157.73 - - [28/Jul/2015:01:07:24 -0500] "GET /forest/buscar.do?type=procesos HTTP/1.1" 200 85049
191.108.157.73 - - [28/Jul/2015:01:07:25 -0500] "GET /forest/json.do?query=usersByDep&coddep=7105 HTTP/1.1" 200 188
191.108.157.73 - - [28/Jul/2015:01:07:25 -0500] "GET /forest/json.do?query=versionListadas HTTP/1.1" 200 15
191.108.157.73 - - [28/Jul/2015:01:07:26 -0500] "GET /forest/json.do?query=usersByDep&coddep=7105 HTTP/1.1" 200 188
191.108.157.73 - - [28/Jul/2015:01:07:26 -0500] "GET /forest/json.do?query=procesIniciales HTTP/1.1" 200 11297
191.108.157.73 - - [28/Jul/2015:01:07:27 -0500] "GET /forest/json.do?query=bpmnIniciales HTTP/1.1" 200 1095
191.108.157.73 - - [28/Jul/2015:01:07:30 -0500] "POST /forest/buscar.do HTTP/1.1" 200 5846
127.0.0.1 - - [28/Jul/2015:01:07:32 -0500] "POST /wp-admin/admin-ajax.php HTTP/1.1" 200 47
191.108.157.73 - - [28/Jul/2015:01:07:33 -0500] "GET /forest/skins/gdocs-jar/popup/popup.jsp?width=900&height=600&title=Informaci%F3n%20de%20proceso&uri=/forest/system/process.jsp%3FnumPro%3D3065521&name=undefined&_a=0.9471077884081751&a=0.1952617601491511 HTTP/1.1" 200 1312
191.108.157.73 - - [28/Jul/2015:01:07:34 -0500] "GET /forest/system/process.jsp?numPro=3065521 HTTP/1.1" 200 98258
69.164.111.198 - - [28/Jul/2015:01:07:53 -0500] "GET /galeria/carrusel/Carrusel/jquery.thumbnailScroller.js HTTP/1.0" 200 8157
191.108.157.73 - - [28/Jul/2015:01:07:34 -0500] "GET /forest/system/process.jsp?numPro=3065521 HTTP/1.1" 200 16178
190.255.40.77 - - [28/Jul/2015:01:08:01 -0500] "GET /galeria/galeria/jquery.fancybox.css?v=2.1.5 HTTP/1.1" 200 4895
190.255.40.77 - - [28/Jul/2015:01:08:01 -0500] "GET /galeria/galeria/jquery.fancybox.js?v=2.1.5 HTTP/1.1" 200 48706
190.255.40.77 - - [28/Jul/2015:01:08:01 -0500] "GET /BLA/boletinlegal/js/jquery.scrollShow.js HTTP/1.1" 200 4586
69.164.111.198 - - [28/Jul/2015:01:08:04 -0500] "GET /galeria/carrusel/Carrusel/jquery-ui-1.8.13.custom.min.js HTTP/1.0" 200 10800
190.255.40.77 - - [28/Jul/2015:01:08:07 -0500] "GET /galeria/galeria/jquery.fancybox.css?v=2.1.5 HTTP/1.1" 304 -
190.255.40.77 - - [28/Jul/2015:01:08:07 -0500] "GET /BLA/boletinlegal/js/jquery.scrollShow.js HTTP/1.1" 304 -
190.255.40.77 - - [28/Jul/2015:01:08:07 -0500] "GET /galeria/galeria/jquery.fancybox.js?v=2.1.5 HTTP/1.1" 304 -
69.164.111.198 - - [28/Jul/2015:01:08:18 -0500] "GET /galeria/nivo-slider/demo/demo.html HTTP/1.0" 200 4912
69.164.111.198 - - [28/Jul/2015:01:08:31 -0500] "GET /galeria/carrusel/Carrusel/jquery.thumbnailScroller.css HTTP/1.0" 200 2066
191.108.157.73 - - [28/Jul/2015:01:08:32 -0500] "GET /forest/buscar.do?type=procesos HTTP/1.1" 200 85049
191.108.157.73 - - [28/Jul/2015:01:08:36 -0500] "GET /forest/json.do?query=usersByDep&coddep=7105 HTTP/1.1" 200 188
191.108.157.73 - - [28/Jul/2015:01:08:36 -0500] "GET /forest/json.do?query=versionListadas HTTP/1.1" 200 15
191.108.157.73 - - [28/Jul/2015:01:08:36 -0500] "GET /forest/json.do?query=usersByDep&coddep=7105 HTTP/1.1" 200 188
191.108.157.73 - - [28/Jul/2015:01:08:37 -0500] "GET /forest/json.do?query=procesIniciales HTTP/1.1" 200 11297
191.108.157.73 - - [28/Jul/2015:01:08:37 -0500] "GET /forest/json.do?query=bpmnIniciales HTTP/1.1" 200 1095
191.108.157.73 - - [28/Jul/2015:01:08:39 -0500] "POST /forest/buscar.do? HTTP/1.1" 200 5159
201.245.192.253 - - [28/Jul/2015:01:08:40 -0500] "GET /forest/session.jsp?a=0.17337123492812068 HTTP/1.1" 200 4
191.108.157.73 - - [28/Jul/2015:01:08:48 -0500] "GET /forest/buscar.do?type=procesos HTTP/1.1" 200 85049
191.108.157.73 - - [28/Jul/2015:01:08:51 -0500] "GET /forest/json.do?query=usersByDep&coddep=7105 HTTP/1.1" 200 188
191.108.157.73 - - [28/Jul/2015:01:08:51 -0500] "GET /forest/json.do?query=versionListadas HTTP/1.1" 200 15
191.108.157.73 - - [28/Jul/2015:01:08:51 -0500] "GET /forest/json.do?query=usersByDep&coddep=7105 HTTP/1.1" 200 188
191.108.157.73 - - [28/Jul/2015:01:08:51 -0500] "GET /forest/json.do?query=procesIniciales HTTP/1.1" 200 11297
191.108.157.73 - - [28/Jul/2015:01:08:53 -0500] "GET /forest/json.do?query=bpmnIniciales HTTP/1.1" 200 1095
69.164.111.198 - - [28/Jul/2015:01:08:54 -0500] "GET /galeria/galeria/jquery.fancybox.css?v=2.1.5 HTTP/1.0" 200 4895
191.108.157.73 - - [28/Jul/2015:01:08:57 -0500] "POST /forest/buscar.do? HTTP/1.1" 200 5823
191.108.157.73 - - [28/Jul/2015:01:09:17 -0500] "GET /forest/buscar.do?type=procesos HTTP/1.1" 200 85049
191.108.157.73 - - [28/Jul/2015:01:09:18 -0500] "GET /forest/json.do?query=usersByDep&coddep=7105 HTTP/1.1" 200 188
191.108.157.73 - - [28/Jul/2015:01:09:18 -0500] "GET /forest/json.do?query=versionListadas HTTP/1.1" 200 15
191.108.157.73 - - [28/Jul/2015:01:09:19 -0500] "GET /forest/json.do?query=usersByDep&coddep=7105 HTTP/1.1" 200 188
191.108.157.73 - - [28/Jul/2015:01:09:20 -0500] "GET /forest/json.do?query=procesIniciales HTTP/1.1" 200 11297
191.108.157.73 - - [28/Jul/2015:01:09:20 -0500] "GET /forest/json.do?query=bpmnIniciales HTTP/1.1" 200 1095
191.108.157.73 - - [28/Jul/2015:01:09:24 -0500] "POST /forest/buscar.do? HTTP/1.1" 200 5813
186.113.10.143 - - [28/Jul/2015:01:09:32 -0500] "GET /galeria/nivo-slider/demo/images/capacitaciones-de-ecourbanismo.jpg HTTP/1.1" 304 -
127.0.0.1 - - [28/Jul/2015:01:09:33 -0500] "POST /wp-cron.php?doing_wp_cron=1438063773.4175150394439697265625 HTTP/1.0" 200 -
127.0.0.1 - - [28/Jul/2015:01:09:32 -0500] "POST /wp-admin/admin-ajax.php HTTP/1.1" 200 47
191.108.157.73 - - [28/Jul/2015:01:09:39 -0500] "GET /forest/buscar.do?type=procesos HTTP/1.1" 200 85049
74.86.158.107 - - [28/Jul/2015:01:09:40 -0500] "HEAD / HTTP/1.1" 200 -
191.108.157.73 - - [28/Jul/2015:01:09:43 -0500] "GET /forest/session.jsp?a=0.6444830312393606 HTTP/1.1" 200 4
191.108.157.73 - - [28/Jul/2015:01:09:44 -0500] "GET /forest/json.do?query=usersByDep&coddep=7105 HTTP/1.1" 200 188
191.108.157.73 - - [28/Jul/2015:01:09:44 -0500] "GET /forest/json.do?query=versionListadas HTTP/1.1" 200 15
191.108.157.73 - - [28/Jul/2015:01:09:44 -0500] "GET /forest/json.do?query=usersByDep&coddep=7105 HTTP/1.1" 200 188
191.108.157.73 - - [28/Jul/2015:01:09:44 -0500] "GET /forest/json.do?query=procesIniciales HTTP/1.1" 200 11297
191.108.157.73 - - [28/Jul/2015:01:09:45 -0500] "GET /forest/json.do?query=bpmnIniciales HTTP/1.1" 200 1095
191.108.157.73 - - [28/Jul/2015:01:09:49 -0500] "POST /forest/buscar.do? HTTP/1.1" 200 5150
191.108.157.73 - - [28/Jul/2015:01:10:00 -0500] "GET /forest/buscar.do?type=procesos HTTP/1.1" 200 85049
191.108.157.73 - - [28/Jul/2015:01:10:02 -0500] "GET /forest/json.do?query=usersByDep&coddep=7105 HTTP/1.1" 200 188
191.108.157.73 - - [28/Jul/2015:01:10:02 -0500] "GET /forest/json.do?query=versionListadas HTTP/1.1" 200 15
191.108.157.73 - - [28/Jul/2015:01:10:03 -0500] "GET /forest/json.do?query=usersByDep&coddep=7105 HTTP/1.1" 200 188
191.108.157.73 - - [28/Jul/2015:01:10:03 -0500] "GET /forest/json.do?query=procesIniciales HTTP/1.1" 200 11297
191.108.157.73 - - [28/Jul/2015:01:10:05 -0500] "GET /forest/json.do?query=bpmnIniciales HTTP/1.1" 200 1095
191.108.157.73 - - [28/Jul/2015:01:10:09 -0500] "POST /forest/buscar.do? HTTP/1.1" 200 5772
180.76.15.8 - - [28/Jul/2015:01:10:10 -0500] "GET / HTTP/1.1" 200 10190
191.108.157.73 - - [28/Jul/2015:01:10:31 -0500] "GET /forest/buscar.do?type=procesos HTTP/1.1" 200 85049
191.108.157.73 - - [28/Jul/2015:01:10:32 -0500] "GET /forest/json.do?query=usersByDep&coddep=7105 HTTP/1.1" 200 188
191.108.157.73 - - [28/Jul/2015:01:10:33 -0500] "GET /forest/json.do?query=versionListadas HTTP/1.1" 200 15
191.108.157.73 - - [28/Jul/2015:01:10:33 -0500] "GET /forest/json.do?query=usersByDep&coddep=7105 HTTP/1.1" 200 188
191.108.157.73 - - [28/Jul/2015:01:10:33 -0500] "GET /forest/json.do?query=procesIniciales HTTP/1.1" 200 11297
191.108.157.73 - - [28/Jul/2015:01:10:35 -0500] "GET /forest/json.do?query=bpmnIniciales HTTP/1.1" 200 1095
191.108.157.73 - - [28/Jul/2015:01:10:40 -0500] "POST /forest/buscar.do HTTP/1.1" 200 5189
66.249.64.96 - - [28/Jul/2015:01:10:53 -0500] "GET /BLA/resoluciones/RESOLUCIONES%202005/RES%202005%202801-2850/00002818.tif HTTP/1.1" 304 -
201.245.192.253 - - [28/Jul/2015:01:10:54 -0500] "GET /forest/session.jsp?a=0.9044026109710658 HTTP/1.1" 200 4
191.108.157.73 - - [28/Jul/2015:01:10:55 -0500] "GET /forest/buscar.do?type=procesos HTTP/1.1" 200 85049
191.108.157.73 - - [28/Jul/2015:01:11:02 -0500] "GET /forest/json.do?query=usersByDep&coddep=7105 HTTP/1.1" 200 188
191.108.157.73 - - [28/Jul/2015:01:11:02 -0500] "GET /forest/json.do?query=versionListadas HTTP/1.1" 200 15
191.108.157.73 - - [28/Jul/2015:01:11:02 -0500] "GET /forest/json.do?query=usersByDep&coddep=7105 HTTP/1.1" 200 188
191.108.157.73 - - [28/Jul/2015:01:11:02 -0500] "GET /forest/json.do?query=procesIniciales HTTP/1.1" 200 11297
191.108.157.73 - - [28/Jul/2015:01:11:02 -0500] "GET /forest/json.do?query=bpmnIniciales HTTP/1.1" 200 1095
191.108.157.73 - - [28/Jul/2015:01:11:05 -0500] "POST /forest/buscar.do HTTP/1.1" 200 5169
180.76.15.154 - - [28/Jul/2015:01:11:09 -0500] "GET / HTTP/1.1" 200 10190
191.108.157.73 - - [28/Jul/2015:01:11:18 -0500] "GET /forest/buscar.do?type=procesos HTTP/1.1" 200 85049
191.108.157.73 - - [28/Jul/2015:01:11:20 -0500] "GET /forest/json.do?query=usersByDep&coddep=7105 HTTP/1.1" 200 188
191.108.157.73 - - [28/Jul/2015:01:11:20 -0500] "GET /forest/json.do?query=versionListadas HTTP/1.1" 200 15
191.108.157.73 - - [28/Jul/2015:01:11:21 -0500] "GET /forest/json.do?query=usersByDep&coddep=7105 HTTP/1.1" 200 188
191.108.157.73 - - [28/Jul/2015:01:11:21 -0500] "GET /forest/json.do?query=procesIniciales HTTP/1.1" 200 11297
191.108.157.73 - - [28/Jul/2015:01:11:23 -0500] "GET /forest/json.do?query=bpmnIniciales HTTP/1.1" 200 1095
66.249.64.106 - - [28/Jul/2015:01:11:25 -0500] "GET /BLA/resoluciones/AUTOS%202009/2149.pdf HTTP/1.1" 200 93639
191.108.157.73 - - [28/Jul/2015:01:11:26 -0500] "POST /forest/buscar.do? HTTP/1.1" 200 5162
127.0.0.1 - - [28/Jul/2015:01:11:32 -0500] "POST /wp-admin/admin-ajax.php HTTP/1.1" 200 47
66.249.64.96 - - [28/Jul/2015:01:11:48 -0500] "GET /BLA/resoluciones/RESOLUCIONES%202013/0301.pdf HTTP/1.1" 200 2285072
66.249.64.101 - - [28/Jul/2015:01:12:11 -0500] "GET /BLA/resoluciones/RESOLUCIONES%202007/RES%202007%201001%20AL%201100/RESOLUCION%201006%20DE%202007.pdf HTTP/1.1" 304 -
191.108.157.73 - - [28/Jul/2015:01:12:14 -0500] "GET /forest/skins/gdocs-jar/popup/popup.jsp?width=1100&height=500&title=Buscar%20procesos&uri=/forest/buscar.do%3Ftype%3Dprocesos&name=undefined&_a=0.44004350807517767&a=0.8080422233324498 HTTP/1.1" 200 1296
191.108.157.73 - - [28/Jul/2015:01:12:15 -0500] "GET /forest/buscar.do?type=procesos HTTP/1.1" 200 85049
191.108.157.73 - - [28/Jul/2015:01:12:16 -0500] "GET /forest/json.do?query=usersByDep&coddep=7105 HTTP/1.1" 200 188
191.108.157.73 - - [28/Jul/2015:01:12:16 -0500] "GET /forest/json.do?query=versionListadas HTTP/1.1" 200 15
191.108.157.73 - - [28/Jul/2015:01:12:16 -0500] "GET /forest/json.do?query=usersByDep&coddep=7105 HTTP/1.1" 200 188
191.108.157.73 - - [28/Jul/2015:01:12:16 -0500] "GET /forest/json.do?query=procesIniciales HTTP/1.1" 200 11297
191.108.157.73 - - [28/Jul/2015:01:12:16 -0500] "GET /forest/json.do?query=bpmnIniciales HTTP/1.1" 200 1095
191.108.157.73 - - [28/Jul/2015:01:12:20 -0500] "POST /forest/buscar.do HTTP/1.1" 200 5162
191.108.157.73 - - [28/Jul/2015:01:12:32 -0500] "GET /forest/buscar.do?type=procesos HTTP/1.1" 200 85049
191.108.157.73 - - [28/Jul/2015:01:12:34 -0500] "GET /forest/json.do?query=usersByDep&coddep=7105 HTTP/1.1" 200 188
191.108.157.73 - - [28/Jul/2015:01:12:34 -0500] "GET /forest/json.do?query=versionListadas HTTP/1.1" 200 15
191.108.157.73 - - [28/Jul/2015:01:12:15 -0500] "GET /forest/buscar.do?type=procesos HTTP/1.1" 200 18159
66.249.64.106 - - [28/Jul/2015:01:12:34 -0500] "GET /BLA/resoluciones/RESOLUCIONES%202011/0233.pdf HTTP/1.1" 304 -
191.108.157.73 - - [28/Jul/2015:01:12:35 -0500] "GET /forest/json.do?query=usersByDep&coddep=7105 HTTP/1.1" 200 188
191.108.157.73 - - [28/Jul/2015:01:12:35 -0500] "GET /forest/json.do?query=procesIniciales HTTP/1.1" 200 11297
191.108.157.73 - - [28/Jul/2015:01:12:36 -0500] "GET /forest/json.do?query=bpmnIniciales HTTP/1.1" 200 1095
191.108.157.73 - - [28/Jul/2015:01:12:40 -0500] "POST /forest/buscar.do? HTTP/1.1" 200 5252
191.108.157.73 - - [28/Jul/2015:01:12:52 -0500] "GET /forest/buscar.do?type=procesos HTTP/1.1" 200 85049
191.108.157.73 - - [28/Jul/2015:01:12:53 -0500] "GET /forest/json.do?query=usersByDep&coddep=7105 HTTP/1.1" 200 188
191.108.157.73 - - [28/Jul/2015:01:12:53 -0500] "GET /forest/json.do?query=versionListadas HTTP/1.1" 200 15
191.108.157.73 - - [28/Jul/2015:01:12:54 -0500] "GET /forest/json.do?query=usersByDep&coddep=7105 HTTP/1.1" 200 188
191.108.157.73 - - [28/Jul/2015:01:12:54 -0500] "GET /forest/json.do?query=procesIniciales HTTP/1.1" 200 11297
191.108.157.73 - - [28/Jul/2015:01:12:55 -0500] "GET /forest/json.do?query=bpmnIniciales HTTP/1.1" 200 1095
66.249.64.96 - - [28/Jul/2015:01:12:58 -0500] "GET /BLA/resoluciones/AUTOS%202012/2170.pdf HTTP/1.1" 304 -
191.108.157.73 - - [28/Jul/2015:01:13:00 -0500] "POST /forest/buscar.do HTTP/1.1" 200 5233
191.108.157.73 - - [28/Jul/2015:01:13:13 -0500] "GET /forest/buscar.do?type=procesos HTTP/1.1" 200 85049
191.108.157.73 - - [28/Jul/2015:01:13:20 -0500] "GET /forest/json.do?query=usersByDep&coddep=7105 HTTP/1.1" 200 188
191.108.157.73 - - [28/Jul/2015:01:13:20 -0500] "GET /forest/json.do?query=versionListadas HTTP/1.1" 200 15
191.108.157.73 - - [28/Jul/2015:01:13:20 -0500] "GET /forest/json.do?query=usersByDep&coddep=7105 HTTP/1.1" 200 188
191.108.157.73 - - [28/Jul/2015:01:13:21 -0500] "GET /forest/json.do?query=procesIniciales HTTP/1.1" 200 11297
191.108.157.73 - - [28/Jul/2015:01:13:22 -0500] "GET /forest/json.do?query=bpmnIniciales HTTP/1.1" 200 1095
191.108.157.73 - - [28/Jul/2015:01:13:25 -0500] "POST /forest/buscar.do HTTP/1.1" 200 5168
127.0.0.1 - - [28/Jul/2015:01:13:32 -0500] "POST /wp-admin/admin-ajax.php HTTP/1.1" 200 47
191.108.157.73 - - [28/Jul/2015:01:13:37 -0500] "GET /forest/buscar.do?type=procesos HTTP/1.1" 200 85049
191.108.157.73 - - [28/Jul/2015:01:13:38 -0500] "GET /forest/json.do?query=usersByDep&coddep=7105 HTTP/1.1" 200 188
191.108.157.73 - - [28/Jul/2015:01:13:38 -0500] "GET /forest/json.do?query=versionListadas HTTP/1.1" 200 15
191.108.157.73 - - [28/Jul/2015:01:13:38 -0500] "GET /forest/json.do?query=usersByDep&coddep=7105 HTTP/1.1" 200 188
191.108.157.73 - - [28/Jul/2015:01:13:38 -0500] "GET /forest/json.do?query=procesIniciales HTTP/1.1" 200 11297
191.108.157.73 - - [28/Jul/2015:01:13:39 -0500] "GET /forest/json.do?query=bpmnIniciales HTTP/1.1" 200 1095
201.245.192.253 - - [28/Jul/2015:01:13:40 -0500] "GET /forest/session.jsp?a=0.43552023459433586 HTTP/1.1" 200 4
191.108.157.73 - - [28/Jul/2015:01:13:42 -0500] "POST /forest/buscar.do? HTTP/1.1" 200 5149
191.108.157.73 - - [28/Jul/2015:01:13:52 -0500] "GET /forest/skins/gdocs-jar/popup/popup.jsp?width=900&height=600&title=Informaci%F3n%20de%20proceso&uri=/forest/system/process.jsp%3FnumPro%3D2966899&name=undefined&_a=0.8870753182563931&a=0.08902268833480775 HTTP/1.1" 200 1312
191.108.157.73 - - [28/Jul/2015:01:13:52 -0500] "GET /forest/system/process.jsp?numPro=2966899 HTTP/1.1" 200 171033
191.108.157.73 - - [28/Jul/2015:01:13:52 -0500] "GET /forest/system/process.jsp?numPro=2966899 HTTP/1.1" 200 18159
191.108.157.73 - - [28/Jul/2015:01:14:12 -0500] "GET /forest/buscar.do?type=procesos HTTP/1.1" 200 85049
191.108.157.73 - - [28/Jul/2015:01:14:18 -0500] "GET /forest/json.do?query=usersByDep&coddep=7105 HTTP/1.1" 200 188
191.108.157.73 - - [28/Jul/2015:01:14:19 -0500] "GET /forest/json.do?query=versionListadas HTTP/1.1" 200 15
191.108.157.73 - - [28/Jul/2015:01:14:19 -0500] "GET /forest/json.do?query=usersByDep&coddep=7105 HTTP/1.1" 200 188
191.108.157.73 - - [28/Jul/2015:01:14:20 -0500] "GET /forest/json.do?query=procesIniciales HTTP/1.1" 200 11297
186.80.4.176 - - [28/Jul/2015:01:14:20 -0500] "GET /BLA/resoluciones/RESOLUCIONES%202010/4742.pdf HTTP/1.1" 200 484121
186.80.4.176 - - [28/Jul/2015:01:14:22 -0500] "GET /BLA/resoluciones/RESOLUCIONES%202010/4742.pdf HTTP/1.1" 200 484121
191.108.157.73 - - [28/Jul/2015:01:14:22 -0500] "GET /forest/json.do?query=bpmnIniciales HTTP/1.1" 200 1095
186.80.4.176 - - [28/Jul/2015:01:14:24 -0500] "GET /BLA/resoluciones/RESOLUCIONES%202010/4742.pdf HTTP/1.1" 200 484121
186.80.4.176 - - [28/Jul/2015:01:14:25 -0500] "GET /BLA/resoluciones/RESOLUCIONES%202010/4742.pdf HTTP/1.1" 200 484121
191.108.157.73 - - [28/Jul/2015:01:14:27 -0500] "POST /forest/buscar.do? HTTP/1.1" 200 5177
74.86.158.107 - - [28/Jul/2015:01:14:40 -0500] "HEAD / HTTP/1.1" 200 -
66.249.64.96 - - [28/Jul/2015:01:14:41 -0500] "GET /BLA/resoluciones/AUTOS%202008/3045.pdf HTTP/1.1" 200 59167
191.108.157.73 - - [28/Jul/2015:01:14:41 -0500] "GET /forest/buscar.do?type=procesos HTTP/1.1" 200 85049
191.108.157.73 - - [28/Jul/2015:01:14:44 -0500] "GET /forest/session.jsp?a=0.27060989243909717 HTTP/1.1" 200 4
191.108.157.73 - - [28/Jul/2015:01:14:45 -0500] "GET /forest/json.do?query=usersByDep&coddep=7105 HTTP/1.1" 200 188
191.108.157.73 - - [28/Jul/2015:01:14:45 -0500] "GET /forest/json.do?query=versionListadas HTTP/1.1" 200 15
191.108.157.73 - - [28/Jul/2015:01:14:46 -0500] "GET /forest/json.do?query=usersByDep&coddep=7105 HTTP/1.1" 200 188
191.108.157.73 - - [28/Jul/2015:01:14:46 -0500] "GET /forest/json.do?query=procesIniciales HTTP/1.1" 200 11297
191.108.157.73 - - [28/Jul/2015:01:14:47 -0500] "GET /forest/json.do?query=bpmnIniciales HTTP/1.1" 200 1095
186.80.4.176 - - [28/Jul/2015:01:14:51 -0500] "GET /BLA/resoluciones/RESOLUCIONES%202010/4742.pdf HTTP/1.1" 200 484121
191.108.157.73 - - [28/Jul/2015:01:14:51 -0500] "POST /forest/buscar.do? HTTP/1.1" 200 5152
186.80.4.176 - - [28/Jul/2015:01:14:51 -0500] "GET /BLA/resoluciones/RESOLUCIONES%202010/4742.pdf HTTP/1.1" 200 484121
66.249.64.96 - - [28/Jul/2015:01:15:07 -0500] "GET /BLA/resoluciones/RESOLUCIONES%202003/RES%202003%201751-1800/20031794.tif HTTP/1.1" 304 -
186.80.4.176 - - [28/Jul/2015:01:15:07 -0500] "GET /BLA/resoluciones/RESOLUCIONES%202010/4742.pdf HTTP/1.1" 200 484121
186.80.4.176 - - [28/Jul/2015:01:15:08 -0500] "GET /BLA/resoluciones/RESOLUCIONES%202010/4742.pdf HTTP/1.1" 200 484121
191.108.157.73 - - [28/Jul/2015:01:15:21 -0500] "GET /forest/buscar.do?type=procesos HTTP/1.1" 200 85049
191.108.157.73 - - [28/Jul/2015:01:15:24 -0500] "GET /forest/json.do?query=usersByDep&coddep=7105 HTTP/1.1" 200 188
191.108.157.73 - - [28/Jul/2015:01:15:24 -0500] "GET /forest/json.do?query=versionListadas HTTP/1.1" 200 15
191.108.157.73 - - [28/Jul/2015:01:15:25 -0500] "GET /forest/json.do?query=usersByDep&coddep=7105 HTTP/1.1" 200 188
191.108.157.73 - - [28/Jul/2015:01:15:25 -0500] "GET /forest/json.do?query=procesIniciales HTTP/1.1" 200 11297
191.108.157.73 - - [28/Jul/2015:01:15:27 -0500] "GET /forest/json.do?query=bpmnIniciales HTTP/1.1" 200 1095
191.108.157.73 - - [28/Jul/2015:01:15:32 -0500] "POST /forest/buscar.do? HTTP/1.1" 200 5152
127.0.0.1 - - [28/Jul/2015:01:15:32 -0500] "POST /wp-admin/admin-ajax.php HTTP/1.1" 200 47
191.108.157.73 - - [28/Jul/2015:01:15:45 -0500] "GET /forest/buscar.do?type=procesos HTTP/1.1" 200 85049
191.108.157.73 - - [28/Jul/2015:01:15:51 -0500] "GET /forest/json.do?query=usersByDep&coddep=7105 HTTP/1.1" 200 188
191.108.157.73 - - [28/Jul/2015:01:15:51 -0500] "GET /forest/json.do?query=versionListadas HTTP/1.1" 200 15
191.108.157.73 - - [28/Jul/2015:01:15:52 -0500] "GET /forest/json.do?query=usersByDep&coddep=7105 HTTP/1.1" 200 188
191.108.157.73 - - [28/Jul/2015:01:15:52 -0500] "GET /forest/json.do?query=procesIniciales HTTP/1.1" 200 11297
191.108.157.73 - - [28/Jul/2015:01:15:53 -0500] "GET /forest/json.do?query=bpmnIniciales HTTP/1.1" 200 1095
201.245.192.253 - - [28/Jul/2015:01:15:54 -0500] "GET /forest/session.jsp?a=0.8870724527059517 HTTP/1.1" 200 4
191.108.157.73 - - [28/Jul/2015:01:15:57 -0500] "POST /forest/buscar.do? HTTP/1.1" 200 5170
66.249.64.243 - - [28/Jul/2015:01:15:18 -0500] "GET /BLA/boletinlegal/index.php HTTP/1.1" 200 51011
66.249.64.248 - - [28/Jul/2015:01:16:20 -0500] "GET /vallashop/gh2.php?ac=shell HTTP/1.1" 404 1019
66.249.64.248 - - [28/Jul/2015:01:16:20 -0500] "GET /portalsiaccapacitaciones/Soportes%20Capacitaciones%202014/0117.%20Presentaci%C3%B3n%20PUEAA%20EAB-ESP%2025-11-14.pdf HTTP/1.1" 404 1019
66.249.64.203 - - [28/Jul/2015:01:16:21 -0500] "GET / HTTP/1.1" 200 124987
191.108.157.73 - - [28/Jul/2015:01:16:32 -0500] "GET /forest/buscar.do?type=procesos HTTP/1.1" 200 85049
191.108.157.73 - - [28/Jul/2015:01:16:39 -0500] "GET /forest/json.do?query=usersByDep&coddep=7105 HTTP/1.1" 200 188
191.108.157.73 - - [28/Jul/2015:01:16:39 -0500] "GET /forest/json.do?query=versionListadas HTTP/1.1" 200 15
191.108.157.73 - - [28/Jul/2015:01:16:39 -0500] "GET /forest/json.do?query=usersByDep&coddep=7105 HTTP/1.1" 200 188
191.108.157.73 - - [28/Jul/2015:01:16:40 -0500] "GET /forest/json.do?query=procesIniciales HTTP/1.1" 200 11297
191.108.157.73 - - [28/Jul/2015:01:16:40 -0500] "GET /forest/json.do?query=bpmnIniciales HTTP/1.1" 200 1095
191.108.157.73 - - [28/Jul/2015:01:16:43 -0500] "POST /forest/buscar.do HTTP/1.1" 200 5346
191.108.157.73 - - [28/Jul/2015:01:16:49 -0500] "GET /forest/skins/gdocs-jar/popup/popup.jsp?width=900&height=600&title=Informaci%F3n%20de%20proceso&uri=/forest/system/process.jsp%3FnumPro%3D2965662&name=undefined&_a=0.9310519916471094&a=0.8253826256841421 HTTP/1.1" 200 1312
191.108.157.73 - - [28/Jul/2015:01:16:50 -0500] "GET /forest/system/process.jsp?numPro=2965662 HTTP/1.1" 200 70488
66.249.64.106 - - [28/Jul/2015:01:16:22 -0500] "GET /BLA/boletinlegal/ HTTP/1.1" 200 51011
66.249.64.96 - - [28/Jul/2015:01:17:06 -0500] "GET /manual_funciones_Listado/2.%20Subsecretar%C3%ADa%20General%20y%20de%20Control%20Disciplinario/Auxiliar%20Administrativo%20407-09.pdf HTTP/1.1" 404 1018
66.249.64.96 - - [28/Jul/2015:01:17:07 -0500] "GET /BLA/resoluciones/AUTOS%202008/0520.pdf HTTP/1.1" 304 -
66.249.64.243 - - [28/Jul/2015:01:17:07 -0500] "GET /POT-2013/index.php?dir=Cartografia%2F HTTP/1.1" 200 11465
191.108.157.73 - - [28/Jul/2015:01:16:49 -0500] "GET /forest/system/process.jsp?numPro=2965662 HTTP/1.1" 200 18159
66.249.64.96 - - [28/Jul/2015:01:17:14 -0500] "GET /BLA/resoluciones/RESOLUCIONES%202014/1998.pdf HTTP/1.1" 304 -
191.108.157.73 - - [28/Jul/2015:01:17:22 -0500] "GET /forest/buscar.do?type=procesos HTTP/1.1" 200 85049
191.108.157.73 - - [28/Jul/2015:01:17:24 -0500] "GET /forest/json.do?query=usersByDep&coddep=7105 HTTP/1.1" 200 188
191.108.157.73 - - [28/Jul/2015:01:17:24 -0500] "GET /forest/json.do?query=versionListadas HTTP/1.1" 200 15
191.108.157.73 - - [28/Jul/2015:01:17:25 -0500] "GET /forest/json.do?query=usersByDep&coddep=7105 HTTP/1.1" 200 188
191.108.157.73 - - [28/Jul/2015:01:17:25 -0500] "GET /forest/json.do?query=procesIniciales HTTP/1.1" 200 11297
191.108.157.73 - - [28/Jul/2015:01:17:28 -0500] "GET /forest/json.do?query=bpmnIniciales HTTP/1.1" 200 1095
191.108.157.73 - - [28/Jul/2015:01:17:32 -0500] "POST /forest/buscar.do? HTTP/1.1" 200 6470
127.0.0.1 - - [28/Jul/2015:01:17:32 -0500] "POST /wp-admin/admin-ajax.php HTTP/1.1" 200 47
191.108.157.73 - - [28/Jul/2015:01:17:43 -0500] "GET /forest/skins/gdocs-jar/popup/popup.jsp?width=900&height=600&title=Informaci%F3n%20de%20proceso&uri=/forest/system/process.jsp%3FnumPro%3D3062241&name=undefined&_a=0.8290205881930888&a=0.2775508677586913 HTTP/1.1" 200 1312
191.108.157.73 - - [28/Jul/2015:01:17:44 -0500] "GET /forest/system/process.jsp?numPro=3062241 HTTP/1.1" 200 88333
188.165.15.94 - - [28/Jul/2015:01:17:50 -0500] "GET /BLA/resoluciones/RESOLUCIONES%202005/RES%202005%202101-2150/00002120.tif HTTP/1.1" 200 125022
191.108.157.73 - - [28/Jul/2015:01:17:54 -0500] "GET /forest/documentos/2123210/2015EE130837.docx HTTP/1.1" 200 145818
191.108.157.73 - - [28/Jul/2015:01:17:44 -0500] "GET /forest/system/process.jsp?numPro=3062241 HTTP/1.1" 200 14690
188.165.15.94 - - [28/Jul/2015:01:18:07 -0500] "GET /BLA/resoluciones/index.php?dir=RESOLUCIONES%202004/RES%202004%201051-1100/&sort=name&order=desc HTTP/1.1" 200 12163
201.245.192.253 - - [28/Jul/2015:01:18:40 -0500] "GET /forest/session.jsp?a=0.114289343599418 HTTP/1.1" 200 4
107.167.108.79 - - [28/Jul/2015:01:18:55 -0500] "GET /BLA/boletinlegal/js/jquery.scrollShow.js HTTP/1.1" 200 4586
107.167.108.79 - - [28/Jul/2015:01:18:55 -0500] "GET /galeria/galeria/jquery.fancybox.js?v=2.1.5 HTTP/1.1" 200 48706
107.167.108.79 - - [28/Jul/2015:01:18:56 -0500] "GET /galeria/galeria/jquery.fancybox.css?v=2.1.5 HTTP/1.1" 200 4895
107.167.108.79 - - [28/Jul/2015:01:18:59 -0500] "GET /BLA/boletinlegal/js/jquery.scrollShow.js HTTP/1.1" 200 4586
107.167.108.79 - - [28/Jul/2015:01:18:59 -0500] "GET /galeria/galeria/jquery.fancybox.js?v=2.1.5 HTTP/1.1" 200 48706
107.167.108.79 - - [28/Jul/2015:01:18:59 -0500] "GET /galeria/galeria/jquery.fancybox.css?v=2.1.5 HTTP/1.1" 200 4895
191.108.157.73 - - [28/Jul/2015:01:19:22 -0500] "GET /forest/buscar.do?type=procesos HTTP/1.1" 200 85049
191.108.157.73 - - [28/Jul/2015:01:19:23 -0500] "GET /forest/json.do?query=usersByDep&coddep=7105 HTTP/1.1" 200 188
191.108.157.73 - - [28/Jul/2015:01:19:23 -0500] "GET /forest/json.do?query=versionListadas HTTP/1.1" 200 15
191.108.157.73 - - [28/Jul/2015:01:19:23 -0500] "GET /forest/json.do?query=usersByDep&coddep=7105 HTTP/1.1" 200 188
191.108.157.73 - - [28/Jul/2015:01:19:23 -0500] "GET /forest/json.do?query=procesIniciales HTTP/1.1" 200 11297
191.108.157.73 - - [28/Jul/2015:01:19:25 -0500] "GET /forest/json.do?query=bpmnIniciales HTTP/1.1" 200 1095
66.249.64.96 - - [28/Jul/2015:01:19:25 -0500] "GET /BLA/resoluciones/RESOLUCIONES%202003/RES%202003%201751-1800/20031793.tif HTTP/1.1" 304 -
191.108.157.73 - - [28/Jul/2015:01:19:31 -0500] "POST /forest/buscar.do? HTTP/1.1" 200 5237
127.0.0.1 - - [28/Jul/2015:01:19:32 -0500] "POST /wp-admin/admin-ajax.php HTTP/1.1" 200 47
191.108.157.73 - - [28/Jul/2015:01:19:35 -0500] "GET /forest/skins/gdocs-jar/popup/popup.jsp?width=900&height=600&title=Informaci%F3n%20de%20proceso&uri=/forest/system/process.jsp%3FnumPro%3D3013484&name=undefined&_a=0.3123989312443882&a=0.5255570022854954 HTTP/1.1" 200 1312
191.108.157.73 - - [28/Jul/2015:01:19:36 -0500] "GET /forest/system/process.jsp?numPro=3013484 HTTP/1.1" 200 186261
74.86.158.107 - - [28/Jul/2015:01:19:40 -0500] "HEAD / HTTP/1.1" 200 -
191.108.157.73 - - [28/Jul/2015:01:19:45 -0500] "GET /forest/session.jsp?a=0.6300684125162661 HTTP/1.1" 200 4
191.108.157.73 - - [28/Jul/2015:01:19:35 -0500] "GET /forest/system/process.jsp?numPro=3013484 HTTP/1.1" 200 18149
188.165.15.94 - - [28/Jul/2015:01:19:58 -0500] "GET /BLA/resoluciones/AUTOS%202006/AUTOS%202006%20301-400/00000381.tif HTTP/1.1" 200 116944
188.165.15.94 - - [28/Jul/2015:01:20:23 -0500] "GET /BLA/resoluciones/RESOLUCIONES%202006/RES%202006%20651-700/00000653.tif HTTP/1.1" 200 313610
131.253.25.194 - - [28/Jul/2015:01:20:34 -0500] "GET /galeria/galeria/jquery.fancybox.js?v=2.1.5 HTTP/1.1" 200 48706
191.108.157.73 - - [28/Jul/2015:01:20:46 -0500] "GET /forest/buscar.do?type=procesos HTTP/1.1" 200 85049
191.108.157.73 - - [28/Jul/2015:01:20:52 -0500] "GET /forest/json.do?query=usersByDep&coddep=7105 HTTP/1.1" 200 188
191.108.157.73 - - [28/Jul/2015:01:20:52 -0500] "GET /forest/json.do?query=usersByDep&coddep=7105 HTTP/1.1" 200 188
191.108.157.73 - - [28/Jul/2015:01:20:52 -0500] "GET /forest/json.do?query=versionListadas HTTP/1.1" 200 15
191.108.157.73 - - [28/Jul/2015:01:20:52 -0500] "GET /forest/json.do?query=procesIniciales HTTP/1.1" 200 11297
191.108.157.73 - - [28/Jul/2015:01:20:52 -0500] "GET /forest/json.do?query=bpmnIniciales HTTP/1.1" 200 1095
191.108.157.73 - - [28/Jul/2015:01:20:54 -0500] "POST /forest/buscar.do HTTP/1.1" 200 5137
201.245.192.253 - - [28/Jul/2015:01:20:54 -0500] "GET /forest/session.jsp?a=0.1270264768494359 HTTP/1.1" 200 4
186.145.85.78 - - [28/Jul/2015:01:21:09 -0500] "GET /galeria/galeria/jquery.fancybox.css?v=2.1.5 HTTP/1.1" 200 4895
186.145.85.78 - - [28/Jul/2015:01:21:09 -0500] "GET /BLA/boletinlegal/js/jquery.scrollShow.js HTTP/1.1" 200 4586
186.145.85.78 - - [28/Jul/2015:01:21:09 -0500] "GET /galeria/galeria/jquery.fancybox.js?v=2.1.5 HTTP/1.1" 200 48706
191.108.157.73 - - [28/Jul/2015:01:21:13 -0500] "GET /forest/buscar.do?type=procesos HTTP/1.1" 200 85049
191.108.157.73 - - [28/Jul/2015:01:21:15 -0500] "GET /forest/json.do?query=usersByDep&coddep=7105 HTTP/1.1" 200 188
191.108.157.73 - - [28/Jul/2015:01:21:15 -0500] "GET /forest/json.do?query=versionListadas HTTP/1.1" 200 15
191.108.157.73 - - [28/Jul/2015:01:21:16 -0500] "GET /forest/json.do?query=usersByDep&coddep=7105 HTTP/1.1" 200 188
191.108.157.73 - - [28/Jul/2015:01:21:16 -0500] "GET /forest/json.do?query=procesIniciales HTTP/1.1" 200 11297
191.108.157.73 - - [28/Jul/2015:01:21:19 -0500] "GET /forest/json.do?query=bpmnIniciales HTTP/1.1" 200 1095
180.76.15.155 - - [28/Jul/2015:01:21:23 -0500] "GET /NotiCI/ HTTP/1.1" 404 1019
191.108.157.73 - - [28/Jul/2015:01:21:25 -0500] "POST /forest/buscar.do HTTP/1.1" 200 5138
186.145.85.78 - - [28/Jul/2015:01:21:31 -0500] "GET /galeria/galeria/jquery.fancybox.css?v=2.1.5 HTTP/1.1" 304 -
186.145.85.78 - - [28/Jul/2015:01:21:31 -0500] "GET /BLA/boletinlegal/js/jquery.scrollShow.js HTTP/1.1" 304 -
186.145.85.78 - - [28/Jul/2015:01:21:31 -0500] "GET /galeria/galeria/jquery.fancybox.js?v=2.1.5 HTTP/1.1" 304 -
127.0.0.1 - - [28/Jul/2015:01:21:32 -0500] "POST /wp-admin/admin-ajax.php HTTP/1.1" 200 47
200.119.50.199 - - [28/Jul/2015:01:21:42 -0500] "GET /BLA/resoluciones/RESOLUCIONES%202008/2795.pdf HTTP/1.1" 200 157700
200.119.50.199 - - [28/Jul/2015:01:21:43 -0500] "GET /BLA/resoluciones/RESOLUCIONES%202008/2795.pdf HTTP/1.1" 200 157700
191.108.157.73 - - [28/Jul/2015:01:21:48 -0500] "GET /forest/buscar.do?type=procesos HTTP/1.1" 200 85049
191.108.157.73 - - [28/Jul/2015:01:21:52 -0500] "GET /forest/json.do?query=usersByDep&coddep=7105 HTTP/1.1" 200 188
191.108.157.73 - - [28/Jul/2015:01:21:52 -0500] "GET /forest/json.do?query=versionListadas HTTP/1.1" 200 15
191.108.157.73 - - [28/Jul/2015:01:21:53 -0500] "GET /forest/json.do?query=usersByDep&coddep=7105 HTTP/1.1" 200 188
191.108.157.73 - - [28/Jul/2015:01:21:53 -0500] "GET /forest/json.do?query=procesIniciales HTTP/1.1" 200 11297
191.108.157.73 - - [28/Jul/2015:01:21:54 -0500] "GET /forest/json.do?query=bpmnIniciales HTTP/1.1" 200 1095
191.108.157.73 - - [28/Jul/2015:01:21:58 -0500] "POST /forest/buscar.do? HTTP/1.1" 200 5178
189.112.106.129 - - [28/Jul/2015:01:22:06 -0500] "GET /galeria/galeria/jquery.fancybox.css?v=2.1.5 HTTP/1.1" 200 4895
189.112.106.129 - - [28/Jul/2015:01:22:06 -0500] "GET /BLA/boletinlegal/js/jquery.scrollShow.js HTTP/1.1" 200 4586
189.112.106.129 - - [28/Jul/2015:01:22:06 -0500] "GET /galeria/galeria/jquery.fancybox.js?v=2.1.5 HTTP/1.1" 200 48706
191.108.157.73 - - [28/Jul/2015:01:22:14 -0500] "GET /forest/buscar.do?type=procesos HTTP/1.1" 200 85049
188.165.15.94 - - [28/Jul/2015:01:22:17 -0500] "GET /BLA/resoluciones/RESOLUCIONES%202005/RES%202005%202451-2500/00002453.tif HTTP/1.1" 200 330066
191.108.157.73 - - [28/Jul/2015:01:22:18 -0500] "GET /forest/json.do?query=usersByDep&coddep=7105 HTTP/1.1" 200 188
191.108.157.73 - - [28/Jul/2015:01:22:18 -0500] "GET /forest/json.do?query=versionListadas HTTP/1.1" 200 15
191.108.157.73 - - [28/Jul/2015:01:22:19 -0500] "GET /forest/json.do?query=usersByDep&coddep=7105 HTTP/1.1" 200 188
191.108.157.73 - - [28/Jul/2015:01:22:19 -0500] "GET /forest/json.do?query=procesIniciales HTTP/1.1" 200 11297
191.108.157.73 - - [28/Jul/2015:01:22:20 -0500] "GET /forest/json.do?query=bpmnIniciales HTTP/1.1" 200 1095
191.108.157.73 - - [28/Jul/2015:01:22:26 -0500] "POST /forest/buscar.do HTTP/1.1" 200 5897
191.108.157.73 - - [28/Jul/2015:01:22:32 -0500] "GET /forest/skins/gdocs-jar/popup/popup.jsp?width=900&height=600&title=Informaci%F3n%20de%20proceso&uri=/forest/system/process.jsp%3FnumPro%3D3092637&name=undefined&_a=0.2330825875978917&a=0.5697453019674867 HTTP/1.1" 200 1312
191.108.157.73 - - [28/Jul/2015:01:22:32 -0500] "GET /forest/system/process.jsp?numPro=3092637 HTTP/1.1" 200 118348
188.165.15.94 - - [28/Jul/2015:01:22:46 -0500] "GET /BLA/resoluciones/RESOLUCIONES%202003/RES%202003%201801-1850/20031802.tif HTTP/1.1" 200 45932
188.165.15.94 - - [28/Jul/2015:01:22:48 -0500] "GET /BLA/resoluciones/RESOLUCIONES%202004/RES%202004%20651-700/00000662.tif HTTP/1.1" 200 296154
191.108.157.73 - - [28/Jul/2015:01:22:32 -0500] "GET /forest/system/process.jsp?numPro=3092637 HTTP/1.1" 200 18159
141.212.122.147 - - [28/Jul/2015:01:23:14 -0500] "GET /x HTTP/1.1" 400 946
127.0.0.1 - - [28/Jul/2015:01:23:33 -0500] "POST /wp-cron.php?doing_wp_cron=1438064613.4321908950805664062500 HTTP/1.0" 200 -
127.0.0.1 - - [28/Jul/2015:01:23:32 -0500] "POST /wp-admin/admin-ajax.php HTTP/1.1" 200 47
66.249.64.96 - - [28/Jul/2015:01:23:39 -0500] "GET /BLA/resoluciones/RESOLUCIONES%202003/RES%202003%201751-1800/20031764.tif HTTP/1.1" 304 -
201.245.192.253 - - [28/Jul/2015:01:23:40 -0500] "GET /forest/session.jsp?a=0.9258409188881808 HTTP/1.1" 200 4
191.108.157.73 - - [28/Jul/2015:01:23:49 -0500] "GET /forest/buscar.do?type=procesos HTTP/1.1" 200 85049
191.108.157.73 - - [28/Jul/2015:01:23:53 -0500] "GET /forest/json.do?query=usersByDep&coddep=7105 HTTP/1.1" 200 188
191.108.157.73 - - [28/Jul/2015:01:23:53 -0500] "GET /forest/json.do?query=versionListadas HTTP/1.1" 200 15
191.108.157.73 - - [28/Jul/2015:01:23:54 -0500] "GET /forest/json.do?query=usersByDep&coddep=7105 HTTP/1.1" 200 188
191.108.157.73 - - [28/Jul/2015:01:23:54 -0500] "GET /forest/json.do?query=procesIniciales HTTP/1.1" 200 11297
191.108.157.73 - - [28/Jul/2015:01:23:54 -0500] "GET /forest/json.do?query=bpmnIniciales HTTP/1.1" 200 1095
191.108.157.73 - - [28/Jul/2015:01:23:56 -0500] "POST /forest/buscar.do? HTTP/1.1" 200 5161
188.165.15.94 - - [28/Jul/2015:01:24:13 -0500] "GET /BLA/resoluciones/RESOLUCIONES%202004/RES%202004%201401-1450/00001416.tif HTTP/1.1" 200 132658
191.108.157.73 - - [28/Jul/2015:01:24:20 -0500] "GET /forest/buscar.do?type=procesos HTTP/1.1" 200 85049
191.108.157.73 - - [28/Jul/2015:01:24:23 -0500] "GET /forest/json.do?query=usersByDep&coddep=7105 HTTP/1.1" 200 188
191.108.157.73 - - [28/Jul/2015:01:24:23 -0500] "GET /forest/json.do?query=versionListadas HTTP/1.1" 200 15
191.108.157.73 - - [28/Jul/2015:01:24:24 -0500] "GET /forest/json.do?query=usersByDep&coddep=7105 HTTP/1.1" 200 188
191.108.157.73 - - [28/Jul/2015:01:24:24 -0500] "GET /forest/json.do?query=procesIniciales HTTP/1.1" 200 11297
191.108.157.73 - - [28/Jul/2015:01:24:25 -0500] "GET /forest/json.do?query=bpmnIniciales HTTP/1.1" 200 1095
191.108.157.73 - - [28/Jul/2015:01:24:30 -0500] "POST /forest/buscar.do? HTTP/1.1" 200 5160
74.86.158.107 - - [28/Jul/2015:01:24:40 -0500] "HEAD / HTTP/1.1" 200 -
191.108.157.73 - - [28/Jul/2015:01:24:46 -0500] "GET /forest/session.jsp?a=0.344094215426594 HTTP/1.1" 200 4
191.108.157.73 - - [28/Jul/2015:01:24:53 -0500] "GET /forest/buscar.do?type=procesos HTTP/1.1" 200 85049
191.108.157.73 - - [28/Jul/2015:01:24:54 -0500] "GET /forest/json.do?query=usersByDep&coddep=7105 HTTP/1.1" 200 188
191.108.157.73 - - [28/Jul/2015:01:24:55 -0500] "GET /forest/json.do?query=usersByDep&coddep=7105 HTTP/1.1" 200 188
191.108.157.73 - - [28/Jul/2015:01:24:55 -0500] "GET /forest/json.do?query=versionListadas HTTP/1.1" 200 15
