191.108.157.73 - - [28/Jul/2015:01:24:56 -0500] "GET /forest/json.do?query=procesIniciales HTTP/1.1" 200 11297
191.108.157.73 - - [28/Jul/2015:01:24:57 -0500] "GET /forest/json.do?query=bpmnIniciales HTTP/1.1" 200 1095
191.108.157.73 - - [28/Jul/2015:01:25:03 -0500] "POST /forest/buscar.do HTTP/1.1" 200 5161
188.165.15.94 - - [28/Jul/2015:01:25:11 -0500] "GET /BLA/resoluciones/RESOLUCIONES%202005/RES%202005%201151-1200/00001175.tif HTTP/1.1" 200 192396
191.108.157.73 - - [28/Jul/2015:01:25:18 -0500] "GET /forest/buscar.do?type=procesos HTTP/1.1" 200 85049
191.108.157.73 - - [28/Jul/2015:01:25:22 -0500] "GET /forest/json.do?query=usersByDep&coddep=7105 HTTP/1.1" 200 188
191.108.157.73 - - [28/Jul/2015:01:25:22 -0500] "GET /forest/json.do?query=versionListadas HTTP/1.1" 200 15
191.108.157.73 - - [28/Jul/2015:01:25:22 -0500] "GET /forest/json.do?query=usersByDep&coddep=7105 HTTP/1.1" 200 188
191.108.157.73 - - [28/Jul/2015:01:25:22 -0500] "GET /forest/json.do?query=procesIniciales HTTP/1.1" 200 11297
191.108.157.73 - - [28/Jul/2015:01:25:23 -0500] "GET /forest/json.do?query=bpmnIniciales HTTP/1.1" 200 1095
127.0.0.1 - - [28/Jul/2015:01:25:32 -0500] "POST /wp-admin/admin-ajax.php HTTP/1.1" 200 47
191.108.157.73 - - [28/Jul/2015:01:25:34 -0500] "POST /forest/buscar.do HTTP/1.1" 200 5151
191.108.157.73 - - [28/Jul/2015:01:25:47 -0500] "GET /forest/buscar.do?type=procesos HTTP/1.1" 200 85049
191.108.157.73 - - [28/Jul/2015:01:25:47 -0500] "GET /forest/json.do?query=usersByDep&coddep=7105 HTTP/1.1" 200 188
191.108.157.73 - - [28/Jul/2015:01:25:48 -0500] "GET /forest/json.do?query=versionListadas HTTP/1.1" 200 15
191.108.157.73 - - [28/Jul/2015:01:25:48 -0500] "GET /forest/json.do?query=usersByDep&coddep=7105 HTTP/1.1" 200 188
191.108.157.73 - - [28/Jul/2015:01:25:48 -0500] "GET /forest/json.do?query=procesIniciales HTTP/1.1" 200 11297
191.108.157.73 - - [28/Jul/2015:01:25:48 -0500] "GET /forest/json.do?query=bpmnIniciales HTTP/1.1" 200 1095
191.108.157.73 - - [28/Jul/2015:01:25:51 -0500] "POST /forest/buscar.do HTTP/1.1" 200 5255
201.245.192.253 - - [28/Jul/2015:01:25:54 -0500] "GET /forest/session.jsp?a=0.8890235454535491 HTTP/1.1" 200 4
191.108.157.73 - - [28/Jul/2015:01:26:30 -0500] "GET /forest/buscar.do?type=procesos HTTP/1.1" 200 85049
191.108.157.73 - - [28/Jul/2015:01:26:32 -0500] "GET /forest/json.do?query=usersByDep&coddep=7105 HTTP/1.1" 200 188
191.108.157.73 - - [28/Jul/2015:01:26:32 -0500] "GET /forest/json.do?query=versionListadas HTTP/1.1" 200 15
191.108.157.73 - - [28/Jul/2015:01:26:33 -0500] "GET /forest/json.do?query=usersByDep&coddep=7105 HTTP/1.1" 200 188
191.108.157.73 - - [28/Jul/2015:01:26:33 -0500] "GET /forest/json.do?query=procesIniciales HTTP/1.1" 200 11297
191.108.157.73 - - [28/Jul/2015:01:26:35 -0500] "GET /forest/json.do?query=bpmnIniciales HTTP/1.1" 200 1095
191.108.157.73 - - [28/Jul/2015:01:26:41 -0500] "POST /forest/buscar.do? HTTP/1.1" 200 5197
191.108.157.73 - - [28/Jul/2015:01:26:58 -0500] "GET /forest/buscar.do?type=procesos HTTP/1.1" 200 85049
191.108.157.73 - - [28/Jul/2015:01:27:00 -0500] "GET /forest/json.do?query=usersByDep&coddep=7105 HTTP/1.1" 200 188
191.108.157.73 - - [28/Jul/2015:01:27:00 -0500] "GET /forest/json.do?query=versionListadas HTTP/1.1" 200 15
191.108.157.73 - - [28/Jul/2015:01:27:01 -0500] "GET /forest/json.do?query=usersByDep&coddep=7105 HTTP/1.1" 200 188
191.108.157.73 - - [28/Jul/2015:01:27:01 -0500] "GET /forest/json.do?query=procesIniciales HTTP/1.1" 200 11297
191.108.157.73 - - [28/Jul/2015:01:27:02 -0500] "GET /forest/json.do?query=bpmnIniciales HTTP/1.1" 200 1095
191.108.157.73 - - [28/Jul/2015:01:27:07 -0500] "POST /forest/buscar.do? HTTP/1.1" 200 5813
157.55.39.151 - - [28/Jul/2015:01:27:23 -0500] "GET /galeria/galeria/jquery.fancybox.js?v=2.1.5 HTTP/1.1" 200 48706
191.108.157.73 - - [28/Jul/2015:01:27:33 -0500] "GET /forest/buscar.do?type=procesos HTTP/1.1" 200 85049
127.0.0.1 - - [28/Jul/2015:01:27:32 -0500] "POST /wp-admin/admin-ajax.php HTTP/1.1" 200 47
191.108.157.73 - - [28/Jul/2015:01:27:34 -0500] "GET /forest/json.do?query=usersByDep&coddep=7105 HTTP/1.1" 200 188
191.108.157.73 - - [28/Jul/2015:01:27:34 -0500] "GET /forest/json.do?query=versionListadas HTTP/1.1" 200 15
191.108.157.73 - - [28/Jul/2015:01:27:35 -0500] "GET /forest/json.do?query=procesIniciales HTTP/1.1" 200 11297
191.108.157.73 - - [28/Jul/2015:01:27:35 -0500] "GET /forest/json.do?query=usersByDep&coddep=7105 HTTP/1.1" 200 188
191.108.157.73 - - [28/Jul/2015:01:27:35 -0500] "GET /forest/json.do?query=bpmnIniciales HTTP/1.1" 200 1095
188.165.15.94 - - [28/Jul/2015:01:27:37 -0500] "GET /BLA/resoluciones/RESOLUCIONES%202005/RES%202005%201401-1450/00001407.tif HTTP/1.1" 200 106394
191.108.157.73 - - [28/Jul/2015:01:27:38 -0500] "POST /forest/buscar.do? HTTP/1.1" 200 5162
188.165.15.94 - - [28/Jul/2015:01:27:40 -0500] "GET /BLA/resoluciones/RESOLUCIONES%202002/RES%202002%201801-1850/20021830.tif HTTP/1.1" 200 226442
191.108.157.73 - - [28/Jul/2015:01:27:48 -0500] "GET /forest/skins/gdocs-jar/popup/popup.jsp?width=900&height=600&title=Informaci%F3n%20de%20proceso&uri=/forest/system/process.jsp%3FnumPro%3D3106342&name=undefined&_a=0.02180076390504837&a=0.9602733717765659 HTTP/1.1" 200 1312
191.108.157.73 - - [28/Jul/2015:01:27:49 -0500] "GET /forest/system/process.jsp?numPro=3106342 HTTP/1.1" 200 95135
66.249.64.101 - - [28/Jul/2015:01:27:58 -0500] "GET /BLA/resoluciones/RESOLUCIONES%202003/RES%202003%201751-1800/20031779.tif HTTP/1.1" 304 -
188.165.15.94 - - [28/Jul/2015:01:27:59 -0500] "GET /BLA/resoluciones/RESOLUCIONES%202004/RES%202004%202101-2150/00002150.tif HTTP/1.1" 200 109776
191.108.157.73 - - [28/Jul/2015:01:27:49 -0500] "GET /forest/system/process.jsp?numPro=3106342 HTTP/1.1" 200 26578
66.249.64.106 - - [28/Jul/2015:01:28:19 -0500] "GET /Autoliquidacion/TR%C3%81MITES%20AGUAS%20SUPERFICIALES/FORMULARIO%20NACIONAL%20SOLICITUD%20-Concesion%20Aguas%20Superficiales.pdf HTTP/1.1" 304 -
191.108.157.73 - - [28/Jul/2015:01:28:24 -0500] "GET /forest/buscar.do?type=procesos HTTP/1.1" 200 85049
191.108.157.73 - - [28/Jul/2015:01:28:26 -0500] "GET /forest/json.do?query=usersByDep&coddep=7105 HTTP/1.1" 200 188
191.108.157.73 - - [28/Jul/2015:01:28:26 -0500] "GET /forest/json.do?query=versionListadas HTTP/1.1" 200 15
191.108.157.73 - - [28/Jul/2015:01:28:26 -0500] "GET /forest/json.do?query=usersByDep&coddep=7105 HTTP/1.1" 200 188
191.108.157.73 - - [28/Jul/2015:01:28:26 -0500] "GET /forest/json.do?query=procesIniciales HTTP/1.1" 200 11297
191.108.157.73 - - [28/Jul/2015:01:28:27 -0500] "GET /forest/json.do?query=bpmnIniciales HTTP/1.1" 200 1095
191.108.157.73 - - [28/Jul/2015:01:28:33 -0500] "POST /forest/buscar.do HTTP/1.1" 200 5182
201.245.192.253 - - [28/Jul/2015:01:28:40 -0500] "GET /forest/session.jsp?a=0.13644446845862845 HTTP/1.1" 200 4
191.108.157.73 - - [28/Jul/2015:01:28:44 -0500] "GET /forest/buscar.do?type=procesos HTTP/1.1" 200 85049
191.108.157.73 - - [28/Jul/2015:01:28:45 -0500] "GET /forest/json.do?query=usersByDep&coddep=7105 HTTP/1.1" 200 188
191.108.157.73 - - [28/Jul/2015:01:28:45 -0500] "GET /forest/json.do?query=versionListadas HTTP/1.1" 200 15
191.108.157.73 - - [28/Jul/2015:01:28:45 -0500] "GET /forest/json.do?query=usersByDep&coddep=7105 HTTP/1.1" 200 188
191.108.157.73 - - [28/Jul/2015:01:28:45 -0500] "GET /forest/json.do?query=procesIniciales HTTP/1.1" 200 11297
191.108.157.73 - - [28/Jul/2015:01:28:45 -0500] "GET /forest/json.do?query=bpmnIniciales HTTP/1.1" 200 1095
191.108.157.73 - - [28/Jul/2015:01:28:49 -0500] "POST /forest/buscar.do HTTP/1.1" 200 5162
191.108.157.73 - - [28/Jul/2015:01:28:52 -0500] "GET /forest/skins/gdocs-jar/popup/popup.jsp?width=900&height=600&title=Informaci%F3n%20de%20proceso&uri=/forest/system/process.jsp%3FnumPro%3D3107867&name=undefined&_a=0.6040084804408252&a=0.45461455732584 HTTP/1.1" 200 1312
191.108.157.73 - - [28/Jul/2015:01:28:53 -0500] "GET /forest/system/process.jsp?numPro=3107867 HTTP/1.1" 200 117359
191.108.157.73 - - [28/Jul/2015:01:28:53 -0500] "GET /forest/system/process.jsp?numPro=3107867 HTTP/1.1" 200 18149
188.165.15.94 - - [28/Jul/2015:01:29:16 -0500] "GET /BLA/resoluciones/RESOLUCIONES%202005/RES%202005%202101-2150/00002114.tif HTTP/1.1" 200 611636
188.165.15.94 - - [28/Jul/2015:01:29:22 -0500] "GET /BLA/resoluciones/RESOLUCIONES%202006/RES%202006%20901-950/00000931.tif HTTP/1.1" 200 43752
127.0.0.1 - - [28/Jul/2015:01:29:32 -0500] "POST /wp-admin/admin-ajax.php HTTP/1.1" 200 47
74.86.158.107 - - [28/Jul/2015:01:29:40 -0500] "HEAD / HTTP/1.1" 200 -
191.108.157.73 - - [28/Jul/2015:01:29:50 -0500] "GET /forest/session.jsp?a=0.6961705037392676 HTTP/1.1" 200 4
191.108.157.73 - - [28/Jul/2015:01:30:44 -0500] "GET /forest/buscar.do?type=procesos HTTP/1.1" 200 85049
191.108.157.73 - - [28/Jul/2015:01:30:49 -0500] "GET /forest/json.do?query=usersByDep&coddep=7105 HTTP/1.1" 200 188
191.108.157.73 - - [28/Jul/2015:01:30:50 -0500] "GET /forest/json.do?query=versionListadas HTTP/1.1" 200 15
191.108.157.73 - - [28/Jul/2015:01:30:50 -0500] "GET /forest/json.do?query=usersByDep&coddep=7105 HTTP/1.1" 200 188
191.108.157.73 - - [28/Jul/2015:01:30:50 -0500] "GET /forest/json.do?query=procesIniciales HTTP/1.1" 200 11297
191.108.157.73 - - [28/Jul/2015:01:30:54 -0500] "GET /forest/json.do?query=bpmnIniciales HTTP/1.1" 200 1095
201.245.192.253 - - [28/Jul/2015:01:30:54 -0500] "GET /forest/session.jsp?a=0.2884416591468375 HTTP/1.1" 200 4
104.182.6.231 - - [28/Jul/2015:01:30:55 -0500] "GET /webdav/x32.php?host=104.49.212.251&time=1&port=80 HTTP/1.1" 404 1018
191.108.157.73 - - [28/Jul/2015:01:31:00 -0500] "POST /forest/buscar.do HTTP/1.1" 200 5232
191.108.157.73 - - [28/Jul/2015:01:31:08 -0500] "GET /forest/skins/gdocs-jar/popup/popup.jsp?width=900&height=600&title=Informaci%F3n%20de%20proceso&uri=/forest/system/process.jsp%3FnumPro%3D3003981&name=undefined&_a=0.015932289185002446&a=0.41260506049729884 HTTP/1.1" 200 1312
191.108.157.73 - - [28/Jul/2015:01:31:09 -0500] "GET /forest/system/process.jsp?numPro=3003981 HTTP/1.1" 200 155842
188.165.15.94 - - [28/Jul/2015:01:31:27 -0500] "GET /BLA/resoluciones/RESOLUCIONES%202006/RES%202006%20501-550/00000538.tif HTTP/1.1" 200 38258
191.108.157.73 - - [28/Jul/2015:01:31:09 -0500] "GET /forest/system/process.jsp?numPro=3003981 HTTP/1.1" 200 18149
127.0.0.1 - - [28/Jul/2015:01:31:32 -0500] "POST /wp-admin/admin-ajax.php HTTP/1.1" 200 47
66.249.64.106 - - [28/Jul/2015:01:32:14 -0500] "GET /BLA/resoluciones/RESOLUCIONES%202003/RES%202003%201751-1800/20031752.tif HTTP/1.1" 304 -
181.62.225.161 - - [28/Jul/2015:01:32:23 -0500] "GET /galeria/galeria/jquery.fancybox.css?v=2.1.5 HTTP/1.1" 200 4895
181.62.225.161 - - [28/Jul/2015:01:32:23 -0500] "GET /BLA/boletinlegal/js/jquery.scrollShow.js HTTP/1.1" 200 4586
181.62.225.161 - - [28/Jul/2015:01:32:23 -0500] "GET /galeria/galeria/jquery.fancybox.js?v=2.1.5 HTTP/1.1" 200 48706
181.62.225.161 - - [28/Jul/2015:01:32:27 -0500] "GET /galeria/galeria/jquery.fancybox.css?v=2.1.5 HTTP/1.1" 304 -
181.62.225.161 - - [28/Jul/2015:01:32:27 -0500] "GET /BLA/boletinlegal/js/jquery.scrollShow.js HTTP/1.1" 304 -
181.62.225.161 - - [28/Jul/2015:01:32:27 -0500] "GET /galeria/galeria/jquery.fancybox.js?v=2.1.5 HTTP/1.1" 304 -
66.249.64.96 - - [28/Jul/2015:01:33:22 -0500] "GET /BLA/resoluciones/Resoluciones%202011/6416.pdf HTTP/1.1" 304 -
127.0.0.1 - - [28/Jul/2015:01:33:32 -0500] "POST /wp-admin/admin-ajax.php HTTP/1.1" 200 47
201.245.192.253 - - [28/Jul/2015:01:33:40 -0500] "GET /forest/session.jsp?a=0.5510040763786065 HTTP/1.1" 200 4
66.249.64.24 - - [28/Jul/2015:01:33:45 -0500] "GET /registro/ HTTP/1.1" 200 29830
66.249.64.106 - - [28/Jul/2015:01:34:08 -0500] "GET /BLA/resoluciones/RESOLUCIONES%202011/0810.pdf HTTP/1.1" 304 -
74.86.158.107 - - [28/Jul/2015:01:34:40 -0500] "HEAD / HTTP/1.1" 200 -
66.249.64.29 - - [28/Jul/2015:01:34:41 -0500] "GET /que-hacer-en-bogota/ HTTP/1.1" 200 43577
66.249.64.29 - - [28/Jul/2015:01:35:12 -0500] "GET /prensa-y-documentos-de-interes/ HTTP/1.1" 200 31999
127.0.0.1 - - [28/Jul/2015:01:35:32 -0500] "POST /wp-admin/admin-ajax.php HTTP/1.1" 200 47
201.245.192.253 - - [28/Jul/2015:01:35:54 -0500] "GET /forest/session.jsp?a=0.10002467165110629 HTTP/1.1" 200 4
66.249.64.101 - - [28/Jul/2015:01:35:59 -0500] "GET /BLA/resoluciones/RESOLUCIONES%202012/1114.pdf HTTP/1.1" 304 -
180.76.15.142 - - [28/Jul/2015:01:36:23 -0500] "GET /SIG/Gestion%20Recursos%20Financieros/126PA02-PR21%20RELACION%20DE%20AUTORIZACION.pdf HTTP/1.1" 200 272934
66.249.64.101 - - [28/Jul/2015:01:36:28 -0500] "GET /BLA/resoluciones/RESOLUCIONES%202003/RES%202003%201751-1800/20031757.tif HTTP/1.1" 304 -
188.165.15.94 - - [28/Jul/2015:01:37:25 -0500] "GET /BLA/resoluciones/index.php?dir=RESOLUCIONES%202006/RES%202006%202001-2050/&sort=size&order=asc HTTP/1.1" 200 12363
127.0.0.1 - - [28/Jul/2015:01:37:32 -0500] "POST /wp-admin/admin-ajax.php HTTP/1.1" 200 47
188.165.15.94 - - [28/Jul/2015:01:37:34 -0500] "GET /BLA/resoluciones/RESOLUCIONES%202005/RES%202005%202701%20-2750/00002713.tif HTTP/1.1" 200 478408
188.165.15.94 - - [28/Jul/2015:01:38:02 -0500] "GET /BLA/resoluciones/RESOLUCIONES%202002/RES%202002%201901-1950/20021913.tif HTTP/1.1" 200 50178
188.165.15.94 - - [28/Jul/2015:01:38:34 -0500] "GET /BLA/resoluciones/RESOLUCIONES%202004/RES%202004%202151-2200/00002162.tif HTTP/1.1" 200 211810
201.245.192.253 - - [28/Jul/2015:01:38:40 -0500] "GET /forest/session.jsp?a=0.37345929846332193 HTTP/1.1" 200 4
188.165.15.94 - - [28/Jul/2015:01:38:53 -0500] "GET /BLA/resoluciones/RESOLUCIONES%202004/RES%202004%20851-900/00000864.tif HTTP/1.1" 200 86840
66.249.64.101 - - [28/Jul/2015:01:39:09 -0500] "GET /BLA/resoluciones/RESOLUCIONES%202010/4175.pdf HTTP/1.1" 304 -
127.0.0.1 - - [28/Jul/2015:01:39:33 -0500] "POST /wp-cron.php?doing_wp_cron=1438065573.3964769840240478515625 HTTP/1.0" 200 -
127.0.0.1 - - [28/Jul/2015:01:39:32 -0500] "POST /wp-admin/admin-ajax.php HTTP/1.1" 200 47
74.86.158.107 - - [28/Jul/2015:01:39:40 -0500] "HEAD / HTTP/1.1" 200 -
188.165.15.94 - - [28/Jul/2015:01:39:59 -0500] "GET /BLA/resoluciones/RESOLUCIONES%202005/RES%202005%202151-2200/00002162.tif HTTP/1.1" 200 61716
66.249.64.101 - - [28/Jul/2015:01:40:20 -0500] "GET /BLA/resoluciones/RESOLUCIONES%202007/RES%202007%202201%20AL%202300/RESOLUCION%202297%20DE%202007.pdf HTTP/1.1" 304 -
66.249.64.106 - - [28/Jul/2015:01:40:47 -0500] "GET /BLA/resoluciones/RESOLUCIONES%202003/RES%202003%201751-1800/20031753.tif HTTP/1.1" 304 -
201.245.192.253 - - [28/Jul/2015:01:40:54 -0500] "GET /forest/session.jsp?a=0.49447230801464903 HTTP/1.1" 200 4
127.0.0.1 - - [28/Jul/2015:01:41:32 -0500] "POST /wp-admin/admin-ajax.php HTTP/1.1" 200 47
188.165.15.94 - - [28/Jul/2015:01:42:04 -0500] "GET /BLA/resoluciones/RESOLUCIONES%202006/RES%202006%20151-200/00000179.tif HTTP/1.1" 200 230380
180.76.15.151 - - [28/Jul/2015:01:43:30 -0500] "GET / HTTP/1.1" 200 10190
127.0.0.1 - - [28/Jul/2015:01:43:32 -0500] "POST /wp-admin/admin-ajax.php HTTP/1.1" 200 47
201.245.192.253 - - [28/Jul/2015:01:43:40 -0500] "GET /forest/session.jsp?a=0.7931817679127767 HTTP/1.1" 200 4
66.249.64.96 - - [28/Jul/2015:01:44:09 -0500] "GET /BLA/resoluciones/RESOLUCIONES%202007/RES%202007%20401%20AL%20500/RESOLUCION%200461%20DE%202007.pdf HTTP/1.1" 200 2735937
180.76.15.5 - - [28/Jul/2015:01:44:13 -0500] "GET / HTTP/1.1" 200 10190
74.86.158.107 - - [28/Jul/2015:01:44:40 -0500] "HEAD / HTTP/1.1" 200 -
66.249.64.96 - - [28/Jul/2015:01:45:00 -0500] "GET /BLA/resoluciones/RESOLUCIONES%202003/RES%202003%201751-1800/20031766.tif HTTP/1.1" 304 -
66.249.64.253 - - [28/Jul/2015:01:45:21 -0500] "GET /BLA/boletinlegal/jurisprudencia/analisis/Analisis%20jurisprudencial%20Sentencia%20C-366-11.doc HTTP/1.1" 304 -
127.0.0.1 - - [28/Jul/2015:01:45:32 -0500] "POST /wp-admin/admin-ajax.php HTTP/1.1" 200 47
188.165.15.94 - - [28/Jul/2015:01:45:42 -0500] "GET /BLA/resoluciones/AUTOS%202006/AUTOS%202006%20501-600/00000536.tif HTTP/1.1" 200 33642
91.200.12.116 - - [28/Jul/2015:01:45:43 -0500] "GET /BLA/circulares/5-2011.pdf HTTP/1.0" 200 431796
91.200.12.116 - - [28/Jul/2015:01:45:43 -0500] "GET /BLA/circulares/5-2011.pdf HTTP/1.0" 200 431796
91.200.12.116 - - [28/Jul/2015:01:45:44 -0500] "GET /BLA/circulares/5-2011.pdf HTTP/1.0" 200 431796
66.249.64.253 - - [28/Jul/2015:01:45:44 -0500] "GET /BLA/boletinlegal/jurisprudencia/analisis/Analisis%20Jurisprudencia%20Sent%202000-00005-01.doc HTTP/1.1" 304 -
91.200.12.116 - - [28/Jul/2015:01:45:45 -0500] "GET / HTTP/1.0" 200 10190
91.200.12.116 - - [28/Jul/2015:01:45:46 -0500] "GET / HTTP/1.0" 200 10190
91.200.12.116 - - [28/Jul/2015:01:45:47 -0500] "GET / HTTP/1.0" 200 10190
201.245.192.253 - - [28/Jul/2015:01:45:54 -0500] "GET /forest/session.jsp?a=0.8961355947679042 HTTP/1.1" 200 4
66.249.64.106 - - [28/Jul/2015:01:46:07 -0500] "GET /BLA/resoluciones/RESOLUCIONES%202007/RES%202007%202901%20AL%203000/RESOLUCION%202906%20DE%202007.pdf HTTP/1.1" 304 -
127.0.0.1 - - [28/Jul/2015:01:47:32 -0500] "POST /wp-admin/admin-ajax.php HTTP/1.1" 200 47
201.245.192.253 - - [28/Jul/2015:01:48:40 -0500] "GET /forest/session.jsp?a=0.32554475874071964 HTTP/1.1" 200 4
66.249.64.101 - - [28/Jul/2015:01:49:20 -0500] "GET /BLA/resoluciones/RESOLUCIONES%202003/RES%202003%201751-1800/20031780.tif HTTP/1.1" 304 -
127.0.0.1 - - [28/Jul/2015:01:49:32 -0500] "POST /wp-admin/admin-ajax.php HTTP/1.1" 200 47
74.86.158.107 - - [28/Jul/2015:01:49:40 -0500] "HEAD / HTTP/1.1" 200 -
66.249.64.101 - - [28/Jul/2015:01:49:40 -0500] "GET /BLA/resoluciones/AUTOS%202012/0153.pdf HTTP/1.1" 304 -
201.234.75.11 - - [28/Jul/2015:01:49:55 -0500] "GET /StormSDA/stormWeb/presentacion.html HTTP/1.1" 304 -
157.55.39.68 - - [28/Jul/2015:01:50:16 -0500] "GET /POT-2013/Cartografia/04_Inundacion_V1_2013.pdf HTTP/1.1" 200 4942126
66.249.64.96 - - [28/Jul/2015:01:50:18 -0500] "GET /BLA/resoluciones/AUTOS%202012/2511.pdf HTTP/1.1" 304 -
201.245.192.253 - - [28/Jul/2015:01:50:54 -0500] "GET /forest/session.jsp?a=0.3777840003574068 HTTP/1.1" 200 4
66.249.64.19 - - [28/Jul/2015:01:51:05 -0500] "GET /estrategia-internacional/ HTTP/1.1" 200 42525
127.0.0.1 - - [28/Jul/2015:01:51:32 -0500] "POST /wp-admin/admin-ajax.php HTTP/1.1" 200 47
66.249.64.106 - - [28/Jul/2015:01:52:19 -0500] "GET /BLA/resoluciones/AUTOS%202013/0219.pdf HTTP/1.1" 304 -
66.249.64.29 - - [28/Jul/2015:01:52:19 -0500] "GET /wp-content/uploads/2015/07/Manual_Protocolo_PDF.pdf HTTP/1.1" 304 -
66.249.64.96 - - [28/Jul/2015:01:52:22 -0500] "GET /BLA/resoluciones/RESOLUCIONES%202013/1297.pdf HTTP/1.1" 304 -
66.249.64.106 - - [28/Jul/2015:01:52:25 -0500] "GET /BLA/resoluciones/RESOLUCIONES%202013/1223.pdf HTTP/1.1" 304 -
66.249.64.101 - - [28/Jul/2015:01:52:25 -0500] "GET /BLA/resoluciones/RESOLUCIONES%202007/RES%202007%203201%20AL%203300/RESOLUCION%203257%20DE%202007.pdf HTTP/1.1" 304 -
66.249.64.96 - - [28/Jul/2015:01:52:26 -0500] "GET /BLA/resoluciones/RESOLUCIONES%202012/1391.pdf HTTP/1.1" 304 -
66.249.64.96 - - [28/Jul/2015:01:52:27 -0500] "GET /BLA/resoluciones/AUTOS%202013/0174.pdf HTTP/1.1" 304 -
66.249.64.101 - - [28/Jul/2015:01:53:33 -0500] "GET /BLA/resoluciones/RESOLUCIONES%202003/RES%202003%201751-1800/20031784.tif HTTP/1.1" 304 -
127.0.0.1 - - [28/Jul/2015:01:53:33 -0500] "POST /wp-cron.php?doing_wp_cron=1438066413.4111518859863281250000 HTTP/1.0" 200 -
127.0.0.1 - - [28/Jul/2015:01:53:32 -0500] "POST /wp-admin/admin-ajax.php HTTP/1.1" 200 47
201.245.192.253 - - [28/Jul/2015:01:53:40 -0500] "GET /forest/session.jsp?a=0.2619033157611135 HTTP/1.1" 200 4
74.86.158.107 - - [28/Jul/2015:01:54:39 -0500] "HEAD / HTTP/1.1" 200 -
91.200.12.116 - - [28/Jul/2015:01:55:10 -0500] "GET /BLA/circulares/5-2011.pdf HTTP/1.0" 200 431796
91.200.12.116 - - [28/Jul/2015:01:55:11 -0500] "GET /BLA/circulares/5-2011.pdf HTTP/1.0" 200 431796
91.200.12.116 - - [28/Jul/2015:01:55:13 -0500] "GET / HTTP/1.0" 200 10190
91.200.12.116 - - [28/Jul/2015:01:55:14 -0500] "GET / HTTP/1.0" 200 10190
127.0.0.1 - - [28/Jul/2015:01:55:32 -0500] "POST /wp-admin/admin-ajax.php HTTP/1.1" 200 47
201.245.192.253 - - [28/Jul/2015:01:55:54 -0500] "GET /forest/session.jsp?a=0.10627662330730958 HTTP/1.1" 200 4
188.165.15.94 - - [28/Jul/2015:01:55:55 -0500] "GET /BLA/resoluciones/RESOLUCIONES%202004/RES%202004%202151-2200/00002154.tif HTTP/1.1" 200 465972
91.200.12.116 - - [28/Jul/2015:01:56:54 -0500] "GET /BLA/circulares/5-2011.pdf HTTP/1.0" 200 431796
91.200.12.116 - - [28/Jul/2015:01:56:57 -0500] "GET / HTTP/1.0" 200 10190
127.0.0.1 - - [28/Jul/2015:01:57:32 -0500] "POST /wp-admin/admin-ajax.php HTTP/1.1" 200 47
66.249.64.106 - - [28/Jul/2015:01:57:52 -0500] "GET /BLA/resoluciones/RESOLUCIONES%202003/RES%202003%201751-1800/20031795.tif HTTP/1.1" 304 -
188.165.15.94 - - [28/Jul/2015:01:58:25 -0500] "GET /BLA/resoluciones/index.php?dir=RESOLUCIONES%202005/RES%202005%20%201651-1700/&sort=size&order=asc HTTP/1.1" 200 12423
188.165.15.94 - - [28/Jul/2015:01:58:26 -0500] "GET /BLA/resoluciones/RESOLUCIONES%202002/RES%202002%20851-900/00000859.tif HTTP/1.1" 200 79158
201.245.192.253 - - [28/Jul/2015:01:58:40 -0500] "GET /forest/session.jsp?a=0.41643984602017836 HTTP/1.1" 200 4
186.80.165.66 - - [28/Jul/2015:01:59:04 -0500] "GET /galeria/galeria/jquery.fancybox.css?v=2.1.5 HTTP/1.1" 200 4895
186.80.165.66 - - [28/Jul/2015:01:59:04 -0500] "GET /BLA/boletinlegal/js/jquery.scrollShow.js HTTP/1.1" 200 4586
186.80.165.66 - - [28/Jul/2015:01:59:05 -0500] "GET /galeria/galeria/jquery.fancybox.js?v=2.1.5 HTTP/1.1" 200 48706
127.0.0.1 - - [28/Jul/2015:01:59:32 -0500] "POST /wp-admin/admin-ajax.php HTTP/1.1" 200 47
188.165.15.94 - - [28/Jul/2015:01:59:33 -0500] "GET /BLA/resoluciones/RESOLUCIONES%202002/RES%202002%20301-350/00000331.tif HTTP/1.1" 200 140860
74.86.158.107 - - [28/Jul/2015:01:59:39 -0500] "HEAD / HTTP/1.1" 200 -
186.80.165.66 - - [28/Jul/2015:01:59:53 -0500] "GET /galeria/galeria/jquery.fancybox.css?v=2.1.5 HTTP/1.1" 304 -
186.80.165.66 - - [28/Jul/2015:01:59:53 -0500] "GET /BLA/boletinlegal/js/jquery.scrollShow.js HTTP/1.1" 304 -
186.80.165.66 - - [28/Jul/2015:01:59:53 -0500] "GET /galeria/galeria/jquery.fancybox.js?v=2.1.5 HTTP/1.1" 304 -
201.245.192.253 - - [28/Jul/2015:02:00:55 -0500] "GET /forest/session.jsp?a=0.5120295671140994 HTTP/1.1" 200 4
188.165.15.94 - - [28/Jul/2015:02:01:27 -0500] "GET /BLA/resoluciones/RESOLUCIONES%202005/RES%202005%202251-2300/00002295.tif HTTP/1.1" 200 207648
127.0.0.1 - - [28/Jul/2015:02:01:32 -0500] "POST /wp-admin/admin-ajax.php HTTP/1.1" 200 47
66.249.64.243 - - [28/Jul/2015:02:02:08 -0500] "GET /huelladecarbono/imagenes_descargas/avatar.jpg HTTP/1.1" 304 -
66.249.64.253 - - [28/Jul/2015:02:02:19 -0500] "GET /BLA/ HTTP/1.1" 200 538
88.198.233.69 - - [28/Jul/2015:02:02:40 -0500] "GET / HTTP/1.1" 200 10190
188.165.15.94 - - [28/Jul/2015:02:02:51 -0500] "GET /BLA/resoluciones/RESOLUCIONES%202005/RES%202005%20%201701-1750/00001739.tif HTTP/1.1" 200 220696
66.249.64.101 - - [28/Jul/2015:02:03:23 -0500] "GET /BLA/resoluciones/RESOLUCIONES%202007/RES%202007%201001%20AL%201100/RESOLUCION%201053%20DE%202007.pdf HTTP/1.1" 200 366059
127.0.0.1 - - [28/Jul/2015:02:03:32 -0500] "POST /wp-admin/admin-ajax.php HTTP/1.1" 200 47
201.245.192.253 - - [28/Jul/2015:02:03:40 -0500] "GET /forest/session.jsp?a=0.18706696457779393 HTTP/1.1" 200 4
66.249.64.101 - - [28/Jul/2015:02:03:52 -0500] "GET /BLA/resoluciones/AUTOS%202007/1739.pdf HTTP/1.1" 200 35758
188.165.15.94 - - [28/Jul/2015:02:03:56 -0500] "GET /BLA/resoluciones/RESOLUCIONES%202002/RES%202002%201001-1050/2002RES1010.tif HTTP/1.1" 200 320862
188.165.15.94 - - [28/Jul/2015:02:04:05 -0500] "GET /BLA/resoluciones/index.php?dir=RESOLUCIONES+2006%2FRES+2006+1801-1850%2F HTTP/1.1" 200 12357
66.249.64.101 - - [28/Jul/2015:02:04:29 -0500] "GET /BLA/resoluciones/RESOLUCIONES%202010/1846.pdf HTTP/1.1" 200 373300
74.86.158.107 - - [28/Jul/2015:02:04:39 -0500] "HEAD / HTTP/1.1" 200 -
66.249.64.101 - - [28/Jul/2015:02:05:32 -0500] "GET /BLA/resoluciones/RESOLUCIONES%202009/6100.pdf HTTP/1.1" 200 180472
127.0.0.1 - - [28/Jul/2015:02:05:32 -0500] "POST /wp-admin/admin-ajax.php HTTP/1.1" 200 47
201.245.192.253 - - [28/Jul/2015:02:05:55 -0500] "GET /forest/session.jsp?a=0.84132302223091 HTTP/1.1" 200 4
66.249.64.101 - - [28/Jul/2015:02:06:05 -0500] "GET /BLA/resoluciones/RESOLUCIONES%202010/0605.pdf HTTP/1.1" 200 515095
66.249.64.248 - - [28/Jul/2015:02:06:22 -0500] "GET /huelladecarbono/imagenes_descargas/wallpaper-cel.jpg HTTP/1.1" 304 -
180.76.15.159 - - [28/Jul/2015:02:06:23 -0500] "GET /BLA/boletinlegal/Directivas/2011/Directiva%20No.%2010%20del%2028%20de%20Septiembre%20de%202011.pdf HTTP/1.1" 200 465887
66.249.64.96 - - [28/Jul/2015:02:07:19 -0500] "GET /resoluciones/RESOLUCIONES%202009/9299.pdf HTTP/1.1" 404 1018
127.0.0.1 - - [28/Jul/2015:02:07:32 -0500] "POST /wp-admin/admin-ajax.php HTTP/1.1" 200 47
66.249.64.106 - - [28/Jul/2015:02:07:43 -0500] "GET /BLA/resoluciones/RESOLUCIONES%202014/5704.pdf HTTP/1.1" 200 3092942
188.165.15.94 - - [28/Jul/2015:02:08:23 -0500] "GET /BLA/resoluciones/RESOLUCIONES%202002/RES%202002%201751-1800/20021773.tif HTTP/1.1" 200 81510
201.245.192.253 - - [28/Jul/2015:02:08:40 -0500] "GET /forest/session.jsp?a=0.9145414496615439 HTTP/1.1" 200 4
66.249.64.96 - - [28/Jul/2015:02:09:10 -0500] "GET /BLA/resoluciones/RESOLUCIONES%202009/4691.pdf HTTP/1.1" 200 657026
66.249.64.106 - - [28/Jul/2015:02:09:16 -0500] "GET /BLA/resoluciones/RESOLUCIONES%202008/4480.pdf HTTP/1.1" 200 159586
127.0.0.1 - - [28/Jul/2015:02:09:33 -0500] "POST /wp-cron.php?doing_wp_cron=1438067373.4056379795074462890625 HTTP/1.0" 200 -
127.0.0.1 - - [28/Jul/2015:02:09:32 -0500] "POST /wp-admin/admin-ajax.php HTTP/1.1" 200 47
66.249.64.96 - - [28/Jul/2015:02:09:37 -0500] "GET /BLA/resoluciones/RESOLUCIONES%202009/2528.pdf HTTP/1.1" 200 485524
66.249.64.106 - - [28/Jul/2015:02:09:38 -0500] "GET /autoliquidacion/Grupo%20Forestal%20-%20Industria%20de%20la%20Madera/Instructivo%20para%20Diligenciamiento%20Formulario%20Relaci%C3%B3n%20de.pdf HTTP/1.1" 404 1018
74.86.158.107 - - [28/Jul/2015:02:09:39 -0500] "HEAD / HTTP/1.1" 200 -
66.249.64.106 - - [28/Jul/2015:02:09:40 -0500] "GET /BLA/resoluciones/AUTOS%202009/2730.pdf HTTP/1.1" 200 103382
66.249.64.106 - - [28/Jul/2015:02:09:56 -0500] "GET /BLA/resoluciones/RESOLUCIONES%202009/8234.pdf HTTP/1.1" 200 342419
66.249.64.96 - - [28/Jul/2015:02:10:06 -0500] "GET /BLA/resoluciones/RESOLUCIONES%202007/RES%202007%201401%20AL%201500/RESOLUCION%201407%20DE%202007.pdf HTTP/1.1" 304 -
66.249.64.248 - - [28/Jul/2015:02:10:41 -0500] "GET /huelladecarbono/imagenes_descargas/fondo%20pantalla%20carbonoNO.jpg HTTP/1.1" 304 -
66.249.64.96 - - [28/Jul/2015:02:10:53 -0500] "GET /BLA/resoluciones/AUTOS%202011/0188.pdf HTTP/1.1" 304 -
201.245.192.253 - - [28/Jul/2015:02:10:55 -0500] "GET /forest/session.jsp?a=0.6888669942884363 HTTP/1.1" 200 4
66.249.64.96 - - [28/Jul/2015:02:10:56 -0500] "GET /BLA/resoluciones/RESOLUCIONES%202009/2448.pdf HTTP/1.1" 200 325626
127.0.0.1 - - [28/Jul/2015:02:11:32 -0500] "POST /wp-admin/admin-ajax.php HTTP/1.1" 200 47
66.249.64.101 - - [28/Jul/2015:02:11:50 -0500] "GET /manual_funciones_Listado/index.php?dir=2.5.%20Direcci%F3n%20de%20Gesti%F3n%20Corporativa/&sort=size&order=asc HTTP/1.1" 404 1018
188.165.15.94 - - [28/Jul/2015:02:11:51 -0500] "GET /BLA/resoluciones/RESOLUCIONES%202003/RES%202003%20851-900/860.tif HTTP/1.1" 200 576008
127.0.0.1 - - [28/Jul/2015:02:13:32 -0500] "POST /wp-admin/admin-ajax.php HTTP/1.1" 200 47
66.249.64.101 - - [28/Jul/2015:02:13:37 -0500] "GET /BLA/resoluciones/RESOLUCIONES%202008/1652.pdf HTTP/1.1" 200 279966
201.245.192.253 - - [28/Jul/2015:02:13:40 -0500] "GET /forest/session.jsp?a=0.9462502620060229 HTTP/1.1" 200 4
66.249.64.19 - - [28/Jul/2015:02:14:14 -0500] "GET / HTTP/1.1" 200 124988
74.86.158.107 - - [28/Jul/2015:02:14:39 -0500] "HEAD / HTTP/1.1" 200 -
66.249.64.243 - - [28/Jul/2015:02:14:19 -0500] "GET /BLA/boletinlegal/index.php HTTP/1.1" 200 51011
66.249.64.101 - - [28/Jul/2015:02:15:01 -0500] "GET /galeria/nivo-slider/demo/images/GAE-banner.jpg HTTP/1.1" 304 -
66.249.64.96 - - [28/Jul/2015:02:15:01 -0500] "GET /BLA/resoluciones/RESOLUCIONES%202007/RES%202007%202501%20AL%202600/RESOLUCION%202551%20DE%202007.pdf HTTP/1.1" 304 -
66.249.64.96 - - [28/Jul/2015:02:15:02 -0500] "GET /BLA/resoluciones/AUTOS%202012/2170.pdf HTTP/1.1" 304 -
66.249.64.101 - - [28/Jul/2015:02:15:02 -0500] "GET /BLA/resoluciones/RESOLUCIONES%202008/2847.pdf HTTP/1.1" 200 265773
66.249.64.101 - - [28/Jul/2015:02:15:03 -0500] "GET /BLA/resoluciones/RESOLUCIONES%202013/0003.pdf HTTP/1.1" 304 -
66.249.64.101 - - [28/Jul/2015:02:15:03 -0500] "GET /BLA/resoluciones/RESOLUCIONES%202013/0466.pdf HTTP/1.1" 304 -
66.249.64.96 - - [28/Jul/2015:02:15:04 -0500] "GET /BLA/resoluciones/RESOLUCIONES%202013/0074%20.pdf HTTP/1.1" 304 -
188.165.15.94 - - [28/Jul/2015:02:15:14 -0500] "GET /BLA/resoluciones/AUTOS%202006/AUTOS%202006%20401-500/00000474.tif HTTP/1.1" 200 47454
127.0.0.1 - - [28/Jul/2015:02:15:32 -0500] "POST /wp-admin/admin-ajax.php HTTP/1.1" 200 47
201.245.192.253 - - [28/Jul/2015:02:15:55 -0500] "GET /forest/session.jsp?a=0.4718343492013133 HTTP/1.1" 200 4
188.165.15.94 - - [28/Jul/2015:02:17:02 -0500] "GET /BLA/resoluciones/RESOLUCIONES%202006/RES%202006%201901-1950/00001946.tif HTTP/1.1" 200 399926
188.165.15.94 - - [28/Jul/2015:02:17:04 -0500] "GET /BLA/resoluciones/AUTOS%202006/AUTOS%202006%201301-1400/00001345.tif HTTP/1.1" 200 285270
66.249.64.106 - - [28/Jul/2015:02:17:21 -0500] "GET /BLA/resoluciones/RESOLUCIONES%202008/2000.pdf HTTP/1.1" 200 235203
127.0.0.1 - - [28/Jul/2015:02:17:26 -0500] "POST /plugins/update-check/1.1/ HTTP/1.0" 404 1021
127.0.0.1 - - [28/Jul/2015:02:17:26 -0500] "POST /themes/update-check/1.1/ HTTP/1.0" 404 1021
127.0.0.1 - - [28/Jul/2015:02:17:26 -0500] "POST /core/version-check/1.7/?version=4.2.2&php=5.5.15&locale=es_ES&mysql=5.6.20&local_package=&blogs=1&users=2&multisite_enabled=0 HTTP/1.0" 404 1021
127.0.0.1 - - [28/Jul/2015:02:17:26 -0500] "POST /themes/update-check/1.1/ HTTP/1.0" 404 1021
127.0.0.1 - - [28/Jul/2015:02:17:26 -0500] "POST /plugins/update-check/1.1/ HTTP/1.0" 404 1021
127.0.0.1 - - [28/Jul/2015:02:17:25 -0500] "POST /wp-cron.php?doing_wp_cron=1438067845.4000670909881591796875 HTTP/1.0" 200 -
66.249.64.19 - - [28/Jul/2015:02:17:24 -0500] "GET / HTTP/1.1" 200 124988
127.0.0.1 - - [28/Jul/2015:02:17:32 -0500] "POST /wp-admin/admin-ajax.php HTTP/1.1" 200 47
68.180.230.228 - - [28/Jul/2015:02:17:35 -0500] "GET /ecour/ecoba.htm HTTP/1.1" 404 1019
188.165.15.94 - - [28/Jul/2015:02:18:20 -0500] "GET /BLA/resoluciones/RESOLUCIONES%202002/RES%202002%201601-1650/20021625.tif HTTP/1.1" 200 113980
201.245.192.253 - - [28/Jul/2015:02:18:40 -0500] "GET /forest/session.jsp?a=0.4785892890499769 HTTP/1.1" 200 4
188.165.15.94 - - [28/Jul/2015:02:19:11 -0500] "GET /BLA/resoluciones/RESOLUCIONES%202003/RES%202003%201351-1400/20031380.tif HTTP/1.1" 200 161284
66.249.64.96 - - [28/Jul/2015:02:19:13 -0500] "GET /BLA/resoluciones/RESOLUCIONES%202005/RES%202005%202801-2850/00002816.tif HTTP/1.1" 304 -
127.0.0.1 - - [28/Jul/2015:02:19:32 -0500] "POST /wp-admin/admin-ajax.php HTTP/1.1" 200 47
180.76.15.146 - - [28/Jul/2015:02:20:22 -0500] "GET /StormSDA/nsjars/LoadInfok.jar HTTP/1.1" 200 12353
157.55.39.237 - - [28/Jul/2015:02:20:32 -0500] "GET /dama/libreria/pdf/ecosistemas/restauracion/1_ar33.pdf HTTP/1.1" 404 1019
201.245.192.253 - - [28/Jul/2015:02:20:55 -0500] "GET /forest/session.jsp?a=0.6504863065120384 HTTP/1.1" 200 4
180.76.15.155 - - [28/Jul/2015:02:21:23 -0500] "GET /nrc/Inicio.php HTTP/1.1" 404 1019
127.0.0.1 - - [28/Jul/2015:02:21:32 -0500] "POST /wp-admin/admin-ajax.php HTTP/1.1" 200 47
188.165.15.94 - - [28/Jul/2015:02:22:45 -0500] "GET /BLA/resoluciones/RESOLUCIONES%202004/RES%202004%201851-1900/INDEX.DAT HTTP/1.1" 200 2000
188.165.15.94 - - [28/Jul/2015:02:22:55 -0500] "GET /BLA/resoluciones/RESOLUCIONES%202006/RES%202006%20201-250/00000210.tif HTTP/1.1" 200 40050
66.249.64.101 - - [28/Jul/2015:02:23:27 -0500] "GET /galeria/galeria/fotos/Pacto_Madera3P.jpg HTTP/1.1" 304 -
127.0.0.1 - - [28/Jul/2015:02:23:33 -0500] "POST /wp-cron.php?doing_wp_cron=1438068213.3891139030456542968750 HTTP/1.0" 200 -
127.0.0.1 - - [28/Jul/2015:02:23:32 -0500] "POST /wp-admin/admin-ajax.php HTTP/1.1" 200 47
201.245.192.253 - - [28/Jul/2015:02:23:40 -0500] "GET /forest/session.jsp?a=0.0009749349227676785 HTTP/1.1" 200 4
74.86.158.107 - - [28/Jul/2015:02:23:48 -0500] "HEAD / HTTP/1.1" 200 -
188.165.15.94 - - [28/Jul/2015:02:23:51 -0500] "GET /BLA/resoluciones/AUTOS%202006/AUTOS%202006%201201-1300/00001243.tif HTTP/1.1" 200 180710
66.249.64.96 - - [28/Jul/2015:02:24:19 -0500] "GET /BLA/resoluciones/AUTOS%202011/0731.pdf HTTP/1.1" 200 110554
100.43.91.27 - - [28/Jul/2015:02:25:21 -0500] "GET /robots.txt HTTP/1.1" 404 1015
5.255.253.63 - - [28/Jul/2015:02:25:23 -0500] "GET / HTTP/1.1" 200 10190
127.0.0.1 - - [28/Jul/2015:02:25:32 -0500] "POST /wp-admin/admin-ajax.php HTTP/1.1" 200 47
188.165.15.94 - - [28/Jul/2015:02:25:49 -0500] "GET /BLA/resoluciones/RESOLUCIONES%202005/RES%202005%201301-1350/00001304.tif HTTP/1.1" 200 107000
201.245.192.253 - - [28/Jul/2015:02:25:55 -0500] "GET /forest/session.jsp?a=0.6302827824942571 HTTP/1.1" 200 4
188.165.15.94 - - [28/Jul/2015:02:26:55 -0500] "GET /BLA/resoluciones/RESOLUCIONES%202005/RES%202005%202951-3000/00002988.tif HTTP/1.1" 200 216520
127.0.0.1 - - [28/Jul/2015:02:27:32 -0500] "POST /wp-admin/admin-ajax.php HTTP/1.1" 200 47
66.249.64.101 - - [28/Jul/2015:02:27:46 -0500] "GET /galeria/galeria/fotos/Pacto_Madera1P.jpg HTTP/1.1" 304 -
201.245.192.253 - - [28/Jul/2015:02:28:41 -0500] "GET /forest/session.jsp?a=0.28604516461035234 HTTP/1.1" 200 4
74.86.158.107 - - [28/Jul/2015:02:28:48 -0500] "HEAD / HTTP/1.1" 200 -
127.0.0.1 - - [28/Jul/2015:02:29:32 -0500] "POST /wp-admin/admin-ajax.php HTTP/1.1" 200 47
66.249.64.96 - - [28/Jul/2015:02:29:40 -0500] "GET /BLA/resoluciones/RESOLUCIONES%202011/1363.pdf HTTP/1.1" 200 64909
66.249.64.69 - - [28/Jul/2015:02:30:27 -0500] "GET /robots.txt HTTP/1.1" 200 35
66.249.64.64 - - [28/Jul/2015:02:30:28 -0500] "GET / HTTP/1.1" 200 124973
66.249.64.208 - - [28/Jul/2015:02:30:50 -0500] "GET / HTTP/1.1" 200 124987
201.245.192.253 - - [28/Jul/2015:02:30:55 -0500] "GET /forest/session.jsp?a=0.9559175508620019 HTTP/1.1" 200 4
127.0.0.1 - - [28/Jul/2015:02:31:32 -0500] "POST /wp-admin/admin-ajax.php HTTP/1.1" 200 47
66.249.64.101 - - [28/Jul/2015:02:31:13 -0500] "GET /BLA/boletinlegal/ HTTP/1.1" 200 51011
66.249.64.106 - - [28/Jul/2015:02:32:02 -0500] "GET /BLA/resoluciones/RESOLUCIONES%202005/RES%202005%201001-1050/00001047.tif HTTP/1.1" 304 -
127.0.0.1 - - [28/Jul/2015:02:33:32 -0500] "POST /wp-admin/admin-ajax.php HTTP/1.1" 200 47
201.245.192.253 - - [28/Jul/2015:02:33:41 -0500] "GET /forest/session.jsp?a=0.18157327683468172 HTTP/1.1" 200 4
74.86.158.107 - - [28/Jul/2015:02:33:48 -0500] "HEAD / HTTP/1.1" 200 -
127.0.0.1 - - [28/Jul/2015:02:35:32 -0500] "POST /wp-admin/admin-ajax.php HTTP/1.1" 200 47
201.245.192.253 - - [28/Jul/2015:02:35:55 -0500] "GET /forest/session.jsp?a=0.33395498503087784 HTTP/1.1" 200 4
66.249.64.96 - - [28/Jul/2015:02:36:16 -0500] "GET /galeria/galeria/fotos/humedal-Burro4G.jpg HTTP/1.1" 304 -
180.76.15.12 - - [28/Jul/2015:02:37:03 -0500] "GET / HTTP/1.1" 200 10190
127.0.0.1 - - [28/Jul/2015:02:37:32 -0500] "POST /wp-admin/admin-ajax.php HTTP/1.1" 200 47
66.249.64.96 - - [28/Jul/2015:02:38:26 -0500] "GET /BLA/resoluciones/RESOLUCIONES%202012/0848.pdf HTTP/1.1" 200 238220
201.245.192.253 - - [28/Jul/2015:02:38:41 -0500] "GET /forest/session.jsp?a=0.4033128139531872 HTTP/1.1" 200 4
74.86.158.107 - - [28/Jul/2015:02:38:48 -0500] "HEAD / HTTP/1.1" 200 -
66.249.64.106 - - [28/Jul/2015:02:39:11 -0500] "GET /galeria/galeria/jquery.fancybox.css?v=2.1.5 HTTP/1.1" 200 4895
66.249.64.101 - - [28/Jul/2015:02:39:12 -0500] "GET /galeria/galeria/jquery.fancybox.js?v=2.1.5 HTTP/1.1" 200 48706
127.0.0.1 - - [28/Jul/2015:02:39:33 -0500] "POST /wp-cron.php?doing_wp_cron=1438069173.3533999919891357421875 HTTP/1.0" 200 -
127.0.0.1 - - [28/Jul/2015:02:39:32 -0500] "POST /wp-admin/admin-ajax.php HTTP/1.1" 200 47
66.249.64.106 - - [28/Jul/2015:02:40:35 -0500] "GET /galeria/galeria/fotos/humedal-Burro2G.jpg HTTP/1.1" 304 -
201.245.192.253 - - [28/Jul/2015:02:40:55 -0500] "GET /forest/session.jsp?a=0.7861051801097886 HTTP/1.1" 200 4
188.165.15.94 - - [28/Jul/2015:02:40:56 -0500] "GET /BLA/resoluciones/RESOLUCIONES%202004/RES%202004%202351-2401/00002386.tif HTTP/1.1" 200 144582
66.249.64.101 - - [28/Jul/2015:02:40:58 -0500] "GET /BLA/resoluciones/RESOLUCIONES%202009/1942.pdf HTTP/1.1" 200 467795
71.237.46.165 - - [28/Jul/2015:02:41:08 -0500] "PUT /webdav/masschecker.php HTTP/1.1" 405 938
188.165.15.94 - - [28/Jul/2015:02:41:11 -0500] "GET /BLA/resoluciones/RESOLUCIONES%202002/RES%202002%20951-1000/00000954.tif HTTP/1.1" 200 91308
127.0.0.1 - - [28/Jul/2015:02:41:32 -0500] "POST /wp-admin/admin-ajax.php HTTP/1.1" 200 47
188.165.15.94 - - [28/Jul/2015:02:41:33 -0500] "GET /BLA/resoluciones/RESOLUCIONES%202003/RES%202003%201701-1750/20031716.tif HTTP/1.1" 200 83432
66.249.64.96 - - [28/Jul/2015:02:41:58 -0500] "GET /BLA/boletinlegal/js/jquery.scrollShow.js HTTP/1.1" 200 4586
188.165.15.94 - - [28/Jul/2015:02:42:07 -0500] "GET /BLA/resoluciones/RESOLUCIONES%202006/RES%202006%20901-950/00000920.tif HTTP/1.1" 200 159158
188.165.15.94 - - [28/Jul/2015:02:43:09 -0500] "GET /BLA/resoluciones/RESOLUCIONES%202005/RES%202005%201201-1250/00001211.tif HTTP/1.1" 200 249332
127.0.0.1 - - [28/Jul/2015:02:43:32 -0500] "POST /wp-admin/admin-ajax.php HTTP/1.1" 200 47
188.165.15.94 - - [28/Jul/2015:02:43:34 -0500] "GET /BLA/resoluciones/RESOLUCIONES%202004/RES%202004%201501-1550/00001538.tif HTTP/1.1" 200 126934
201.245.192.253 - - [28/Jul/2015:02:43:41 -0500] "GET /forest/session.jsp?a=0.4462048103550217 HTTP/1.1" 200 4
74.86.158.107 - - [28/Jul/2015:02:43:48 -0500] "HEAD / HTTP/1.1" 200 -
66.249.64.96 - - [28/Jul/2015:02:44:48 -0500] "GET /BLA/resoluciones/RESOLUCIONES%202005/RES%202005%201001-1050/00001034.tif HTTP/1.1" 304 -
66.249.64.106 - - [28/Jul/2015:02:45:04 -0500] "GET /BLA/resoluciones/RESOLUCIONES%202009/4531.pdf HTTP/1.1" 200 109464
81.33.167.98 - - [28/Jul/2015:02:45:20 -0500] "GET /BLA/boletinlegal/js/jquery.scrollShow.js HTTP/1.1" 200 4586
81.33.167.98 - - [28/Jul/2015:02:45:20 -0500] "GET /galeria/galeria/jquery.fancybox.js?v=2.1.5 HTTP/1.1" 200 48706
81.33.167.98 - - [28/Jul/2015:02:45:20 -0500] "GET /galeria/galeria/jquery.fancybox.css?v=2.1.5 HTTP/1.1" 200 4895
81.33.167.98 - - [28/Jul/2015:02:45:25 -0500] "GET /BLA/boletinlegal/js/jquery.scrollShow.js HTTP/1.1" 304 -
81.33.167.98 - - [28/Jul/2015:02:45:25 -0500] "GET /galeria/galeria/jquery.fancybox.js?v=2.1.5 HTTP/1.1" 304 -
81.33.167.98 - - [28/Jul/2015:02:45:25 -0500] "GET /galeria/galeria/jquery.fancybox.css?v=2.1.5 HTTP/1.1" 304 -
66.249.64.29 - - [28/Jul/2015:02:45:27 -0500] "GET /prensa-y-documentos-de-interes/ HTTP/1.1" 200 31999
127.0.0.1 - - [28/Jul/2015:02:45:32 -0500] "POST /wp-admin/admin-ajax.php HTTP/1.1" 200 47
66.249.64.24 - - [28/Jul/2015:02:45:50 -0500] "GET /registro/ HTTP/1.1" 200 29830
201.245.192.253 - - [28/Jul/2015:02:45:55 -0500] "GET /forest/session.jsp?a=0.014311641782662088 HTTP/1.1" 200 4
66.249.64.248 - - [28/Jul/2015:02:46:14 -0500] "GET /Anexos%20estudio%20Organizacional%20SDA/ANEXO%20No.%203-%20CONTRATACI%C3%93N%20%20OPS%C2%B4s%202008-2012/CONTRATOS%20SDA%202011%20POR%20DEPENDENCIA.xls HTTP/1.1" 304 -
66.249.64.106 - - [28/Jul/2015:02:46:20 -0500] "GET /BLA/resoluciones/Resoluciones%202011/6416.pdf HTTP/1.1" 304 -
66.249.64.101 - - [28/Jul/2015:02:46:20 -0500] "GET /BLA/resoluciones/RESOLUCIONES%202013/1197.pdf HTTP/1.1" 304 -
66.249.64.243 - - [28/Jul/2015:02:46:21 -0500] "GET /POT-2013/index.php?dir=Cartografia%2F HTTP/1.1" 200 11465
66.249.64.106 - - [28/Jul/2015:02:46:21 -0500] "GET /BLA/resoluciones/RESOLUCIONES%202009/3813.pdf HTTP/1.1" 304 -
66.249.64.101 - - [28/Jul/2015:02:46:25 -0500] "GET /BLA/resoluciones/AUTOS%202012/2511.pdf HTTP/1.1" 304 -
66.249.64.19 - - [28/Jul/2015:02:46:25 -0500] "GET /wp-content/uploads/2015/06/segundo-comunicado.pdf HTTP/1.1" 304 -
66.249.64.101 - - [28/Jul/2015:02:46:36 -0500] "GET /BLA/resoluciones/RESOLUCIONES%202009/0415.pdf HTTP/1.1" 200 193896
188.165.15.94 - - [28/Jul/2015:02:46:36 -0500] "GET /BLA/resoluciones/RESOLUCIONES%202003/RES%202003%201551-1601/20031599.tif HTTP/1.1" 200 275780
188.165.15.94 - - [28/Jul/2015:02:47:05 -0500] "GET /BLA/resoluciones/RESOLUCIONES%202002/RES%202002%201351-1400/20021383.tif HTTP/1.1" 200 40110
127.0.0.1 - - [28/Jul/2015:02:47:32 -0500] "POST /wp-admin/admin-ajax.php HTTP/1.1" 200 47
66.249.64.106 - - [28/Jul/2015:02:47:39 -0500] "GET /BLA/resoluciones/AUTOS%202010/0531.pdf HTTP/1.1" 304 -
186.146.114.39 - - [28/Jul/2015:02:48:15 -0500] "GET /BLA/boletinlegal/jurisprudencia/analisis/Analisis%20Sentencia%20T-1077,%202%20corregida.doc HTTP/1.1" 200 47616
188.165.15.94 - - [28/Jul/2015:02:48:35 -0500] "GET /autoliquidacion/ HTTP/1.1" 200 6375
201.245.192.253 - - [28/Jul/2015:02:48:41 -0500] "GET /forest/session.jsp?a=0.4848205552316176 HTTP/1.1" 200 4
74.86.158.107 - - [28/Jul/2015:02:48:48 -0500] "HEAD / HTTP/1.1" 200 -
66.249.64.101 - - [28/Jul/2015:02:49:07 -0500] "GET /galeria/galeria/fotos/Pacto_Madera4P.jpg HTTP/1.1" 304 -
188.165.15.94 - - [28/Jul/2015:02:49:20 -0500] "GET /BLA/resoluciones/RESOLUCIONES%202002/RES%202002%20151-200/2002RES151.tif HTTP/1.1" 200 76684
127.0.0.1 - - [28/Jul/2015:02:49:32 -0500] "POST /wp-admin/admin-ajax.php HTTP/1.1" 200 47
188.165.15.94 - - [28/Jul/2015:02:50:05 -0500] "GET /BLA/resoluciones/RESOLUCIONES%202006/RES%202006%20%202901-2950/00002929.tif HTTP/1.1" 200 121792
201.245.192.253 - - [28/Jul/2015:02:50:55 -0500] "GET /forest/session.jsp?a=0.302125471719501 HTTP/1.1" 200 4
127.0.0.1 - - [28/Jul/2015:02:51:32 -0500] "POST /wp-admin/admin-ajax.php HTTP/1.1" 200 47
66.249.64.106 - - [28/Jul/2015:02:51:35 -0500] "GET /BLA/resoluciones/RESOLUCIONES%202009/0913.pdf HTTP/1.1" 200 470109
66.249.64.96 - - [28/Jul/2015:02:53:20 -0500] "GET /galeria/galeria/fotos/Pacto_Madera2P.jpg HTTP/1.1" 304 -
127.0.0.1 - - [28/Jul/2015:02:53:33 -0500] "POST /wp-cron.php?doing_wp_cron=1438070013.3680748939514160156250 HTTP/1.0" 200 -
127.0.0.1 - - [28/Jul/2015:02:53:32 -0500] "POST /wp-admin/admin-ajax.php HTTP/1.1" 200 47
201.245.192.253 - - [28/Jul/2015:02:53:41 -0500] "GET /forest/session.jsp?a=0.5278290962397773 HTTP/1.1" 200 4
74.86.158.107 - - [28/Jul/2015:02:53:48 -0500] "HEAD / HTTP/1.1" 200 -
127.0.0.1 - - [28/Jul/2015:02:55:32 -0500] "POST /wp-admin/admin-ajax.php HTTP/1.1" 200 47
188.165.15.94 - - [28/Jul/2015:02:55:43 -0500] "GET /BLA/resoluciones/RESOLUCIONES%202004/RES%202004%20251-300/00000258.tif HTTP/1.1" 200 52704
201.245.192.253 - - [28/Jul/2015:02:55:55 -0500] "GET /forest/session.jsp?a=0.2656614461296972 HTTP/1.1" 200 4
188.165.15.94 - - [28/Jul/2015:02:56:12 -0500] "GET /BLA/resoluciones/RESOLUCIONES%202003/RES%202003%201401-1450/20031429.tif HTTP/1.1" 200 106284
66.249.64.96 - - [28/Jul/2015:02:56:20 -0500] "GET /BLA/resoluciones/AUTOS%202013/0817.pdf HTTP/1.1" 304 -
188.165.15.94 - - [28/Jul/2015:02:56:22 -0500] "GET /BLA/resoluciones/RESOLUCIONES%202006/RES%202006%201451-1500/00001484.tif HTTP/1.1" 200 772346
66.249.64.106 - - [28/Jul/2015:02:57:08 -0500] "GET /BLA/resoluciones/AUTOS%202012/0153.pdf HTTP/1.1" 304 -
66.249.64.96 - - [28/Jul/2015:02:57:12 -0500] "GET /BLA/resoluciones/RESOLUCIONES%202014/3163.pdf HTTP/1.1" 304 -
127.0.0.1 - - [28/Jul/2015:02:57:32 -0500] "POST /wp-admin/admin-ajax.php HTTP/1.1" 200 47
66.249.64.96 - - [28/Jul/2015:02:57:39 -0500] "GET /BLA/resoluciones/RESOLUCIONES%202009/1951.pdf HTTP/1.1" 200 596189
66.249.64.101 - - [28/Jul/2015:02:57:41 -0500] "GET /galeria/nivo-slider/demo/images/Banner-Directorio.jpg HTTP/1.1" 304 -
201.245.192.253 - - [28/Jul/2015:02:58:41 -0500] "GET /forest/session.jsp?a=0.09448967274059605 HTTP/1.1" 200 4
74.86.158.107 - - [28/Jul/2015:02:58:48 -0500] "HEAD / HTTP/1.1" 200 -
181.131.3.168 - - [28/Jul/2015:02:59:11 -0500] "GET /galeria/galeria/jquery.fancybox.css?v=2.1.5 HTTP/1.1" 200 4895
181.131.3.168 - - [28/Jul/2015:02:59:12 -0500] "GET /BLA/boletinlegal/js/jquery.scrollShow.js HTTP/1.1" 200 4586
181.131.3.168 - - [28/Jul/2015:02:59:12 -0500] "GET /galeria/galeria/jquery.fancybox.js?v=2.1.5 HTTP/1.1" 200 48706
181.131.3.168 - - [28/Jul/2015:02:59:20 -0500] "GET /galeria/galeria/jquery.fancybox.css?v=2.1.5 HTTP/1.1" 304 -
181.131.3.168 - - [28/Jul/2015:02:59:20 -0500] "GET /BLA/boletinlegal/js/jquery.scrollShow.js HTTP/1.1" 304 -
181.131.3.168 - - [28/Jul/2015:02:59:20 -0500] "GET /galeria/galeria/jquery.fancybox.js?v=2.1.5 HTTP/1.1" 304 -
127.0.0.1 - - [28/Jul/2015:02:59:32 -0500] "POST /wp-admin/admin-ajax.php HTTP/1.1" 200 47
65.55.218.43 - - [28/Jul/2015:02:59:46 -0500] "GET /BLA/boletinlegal/js/jquery.scrollShow.js HTTP/1.1" 200 4586
131.253.24.143 - - [28/Jul/2015:02:59:46 -0500] "GET /galeria/galeria/jquery.fancybox.js?v=2.1.5 HTTP/1.1" 200 48706
65.55.218.43 - - [28/Jul/2015:02:59:46 -0500] "GET /galeria/galeria/jquery.fancybox.css?v=2.1.5 HTTP/1.1" 200 4895
131.253.24.138 - - [28/Jul/2015:03:00:08 -0500] "GET /BLA/boletinlegal/js/jquery.scrollShow.js HTTP/1.1" 200 4586
65.55.212.72 - - [28/Jul/2015:03:00:08 -0500] "GET /galeria/galeria/jquery.fancybox.js?v=2.1.5 HTTP/1.1" 200 48706
131.253.24.138 - - [28/Jul/2015:03:00:09 -0500] "GET /galeria/galeria/jquery.fancybox.css?v=2.1.5 HTTP/1.1" 200 4895
201.245.192.253 - - [28/Jul/2015:03:00:55 -0500] "GET /forest/session.jsp?a=0.3202186630131769 HTTP/1.1" 200 4
188.165.15.94 - - [28/Jul/2015:03:01:20 -0500] "GET /BLA/resoluciones/RESOLUCIONES%202005/RES%202005%20%201651-1700/00001657.tif HTTP/1.1" 200 65954
127.0.0.1 - - [28/Jul/2015:03:01:32 -0500] "POST /wp-admin/admin-ajax.php HTTP/1.1" 200 47
66.249.64.96 - - [28/Jul/2015:03:01:56 -0500] "GET /BLA/resoluciones/RESOLUCIONES%202005/RES%202005%201001-1050/00001001.tif HTTP/1.1" 304 -
188.165.15.94 - - [28/Jul/2015:03:02:27 -0500] "GET /BLA/resoluciones/RESOLUCIONES%202005/RES%202005%2051-100/00000100.tif HTTP/1.1" 200 6314
88.198.233.69 - - [28/Jul/2015:03:02:40 -0500] "GET / HTTP/1.1" 200 10190
127.0.0.1 - - [28/Jul/2015:03:03:32 -0500] "POST /wp-admin/admin-ajax.php HTTP/1.1" 200 47
201.245.192.253 - - [28/Jul/2015:03:03:41 -0500] "GET /forest/session.jsp?a=0.20812516306773576 HTTP/1.1" 200 4
74.86.158.107 - - [28/Jul/2015:03:03:48 -0500] "HEAD / HTTP/1.1" 200 -
157.55.39.145 - - [28/Jul/2015:03:04:08 -0500] "GET /galeria/nivo-slider/demo/demo.html HTTP/1.1" 200 4912
188.165.15.94 - - [28/Jul/2015:03:04:17 -0500] "GET /BLA/resoluciones/RESOLUCIONES%202004/RES%202004%20301-350/00000343.tif HTTP/1.1" 200 137494
66.249.64.96 - - [28/Jul/2015:03:04:39 -0500] "GET /BLA/resoluciones/RESOLUCIONES%202013/0372.pdf HTTP/1.1" 304 -
66.249.64.106 - - [28/Jul/2015:03:04:44 -0500] "GET /BLA/resoluciones/RESOLUCIONES%202009/1917.pdf HTTP/1.1" 200 432692
66.249.64.106 - - [28/Jul/2015:03:05:03 -0500] "GET /BLA/resoluciones/RESOLUCIONES%202010/4484.pdf HTTP/1.1" 304 -
188.165.15.94 - - [28/Jul/2015:03:05:12 -0500] "GET /BLA/resoluciones/RESOLUCIONES%202006/RES%202006%202701-2750/00002749.tif HTTP/1.1" 200 209622
66.249.64.96 - - [28/Jul/2015:03:05:26 -0500] "GET /BLA/resoluciones/RESOLUCIONES%202014/2872.pdf HTTP/1.1" 304 -
127.0.0.1 - - [28/Jul/2015:03:05:32 -0500] "POST /wp-admin/admin-ajax.php HTTP/1.1" 200 47
66.249.64.106 - - [28/Jul/2015:03:05:49 -0500] "GET /BLA/resoluciones/Notificaciones/AUTOS%202014/5643.doc HTTP/1.1" 304 -
201.245.192.253 - - [28/Jul/2015:03:05:55 -0500] "GET /forest/session.jsp?a=0.9993315929234213 HTTP/1.1" 200 4
66.249.64.101 - - [28/Jul/2015:03:05:57 -0500] "GET /BLA/resoluciones/RESOLUCIONES%202013/1002.pdf HTTP/1.1" 200 643053
66.249.64.106 - - [28/Jul/2015:03:06:09 -0500] "GET /BLA/resoluciones/RESOLUCIONES%202003/RES%202003%201301-1350/20031336.tif HTTP/1.1" 200 225056
66.249.64.96 - - [28/Jul/2015:03:06:19 -0500] "GET /BLA/resoluciones/RESOLUCIONES%202007/RES%202007%203701%20AL%203800/RESOLUCION%203799%20DE%202007.pdf HTTP/1.1" 200 301498
66.249.64.96 - - [28/Jul/2015:03:06:19 -0500] "GET /BLA/resoluciones/RESOLUCIONES%202009/7799.pdf HTTP/1.1" 200 490573
66.249.64.248 - - [28/Jul/2015:03:06:20 -0500] "GET /Autoliquidacion/index.php?dir=Solicitudes+relacionadas+con+calidad+del+aire+auditiva+y+visual%2FEvaluaci%F3n+certificado+de+Intensidad+Auditiva%2F HTTP/1.1" 200 2823
66.249.64.106 - - [28/Jul/2015:03:06:21 -0500] "GET /BLA/resoluciones/RESOLUCIONES%202011/0810.pdf HTTP/1.1" 304 -
66.249.64.101 - - [28/Jul/2015:03:06:23 -0500] "GET /BLA/resoluciones/AUTOS%202013/0324.pdf HTTP/1.1" 304 -
66.249.64.96 - - [28/Jul/2015:03:06:23 -0500] "GET /BLA/resoluciones/RESOLUCIONES%202013/0594.pdf HTTP/1.1" 304 -
66.249.64.101 - - [28/Jul/2015:03:06:26 -0500] "GET /BLA/resoluciones/RESOLUCIONES%202009/2276.pdf HTTP/1.1" 200 400441
98.130.0.140 - - [28/Jul/2015:03:07:04 -0500] "GET /wp-admin/ HTTP/1.1" 404 1018
188.165.15.94 - - [28/Jul/2015:03:07:15 -0500] "GET /BLA/resoluciones/RESOLUCIONES%202005/RES%202005%201901-1950/00001916.tif HTTP/1.1" 200 134328
127.0.0.1 - - [28/Jul/2015:03:07:32 -0500] "POST /wp-admin/admin-ajax.php HTTP/1.1" 200 47
188.165.15.94 - - [28/Jul/2015:03:07:43 -0500] "GET /BLA/resoluciones/RESOLUCIONES%202004/RES%202004%201801-1850/00001806.tif HTTP/1.1" 200 126474
188.165.15.94 - - [28/Jul/2015:03:08:12 -0500] "GET /BLA/resoluciones/RESOLUCIONES%202006/RES%202006%20%203001-3054/00003034.tif HTTP/1.1" 200 69578
201.245.192.253 - - [28/Jul/2015:03:08:41 -0500] "GET /forest/session.jsp?a=0.558121132258615 HTTP/1.1" 200 4
74.86.158.107 - - [28/Jul/2015:03:08:48 -0500] "HEAD / HTTP/1.1" 200 -
66.249.64.96 - - [28/Jul/2015:03:09:12 -0500] "GET /BLA/resoluciones/AUTOS%202010/3312.pdf HTTP/1.1" 200 1516864
188.165.15.94 - - [28/Jul/2015:03:09:17 -0500] "GET /BLA/resoluciones/RESOLUCIONES%202006/RES%202006%20601-650/00000644.tif HTTP/1.1" 200 63290
127.0.0.1 - - [28/Jul/2015:03:09:33 -0500] "POST /wp-cron.php?doing_wp_cron=1438070973.3937621116638183593750 HTTP/1.0" 200 -
127.0.0.1 - - [28/Jul/2015:03:09:32 -0500] "POST /wp-admin/admin-ajax.php HTTP/1.1" 200 47
