190.242.72.100 - - [28/Jul/2015:03:09:35 -0500] "GET /BLA/resoluciones/RESOLUCIONES%202013/0780.pdf HTTP/1.1" 200 3186838
66.249.64.96 - - [28/Jul/2015:03:09:49 -0500] "GET /autoliquidacion/Grupo%20Forestal%20-%20Industria%20de%20la%20Madera/Solicitud%20de%20Registro%20del%20Libro%20de%20operaciones.pdf HTTP/1.1" 404 1018
185.49.14.190 - - [28/Jul/2015:03:10:17 -0500] "GET http://testp1.piwo.pila.pl/testproxy.php HTTP/1.1" 404 1107
66.249.64.101 - - [28/Jul/2015:03:10:18 -0500] "GET /BLA/resoluciones/RESOLUCIONES%202013/2596.pdf HTTP/1.1" 304 -
66.249.64.106 - - [28/Jul/2015:03:10:25 -0500] "GET /BLA/resoluciones/AUTOS%202013/0359.pdf HTTP/1.1" 304 -
66.249.64.106 - - [28/Jul/2015:03:10:29 -0500] "GET /BLA/boletinlegal/images/img_1.jpg HTTP/1.1" 304 -
201.245.192.253 - - [28/Jul/2015:03:10:55 -0500] "GET /forest/session.jsp?a=0.47936030122718654 HTTP/1.1" 200 4
188.165.15.94 - - [28/Jul/2015:03:11:03 -0500] "GET /BLA/resoluciones/RESOLUCIONES%202002/RES%202002%201601-1650/20021621.tif HTTP/1.1" 200 100522
127.0.0.1 - - [28/Jul/2015:03:11:32 -0500] "POST /wp-admin/admin-ajax.php HTTP/1.1" 200 47
188.165.15.94 - - [28/Jul/2015:03:12:04 -0500] "GET /BLA/resoluciones/RESOLUCIONES%202005/RES%202005%202001-2050/00002021.tif HTTP/1.1" 200 70646
66.249.64.106 - - [28/Jul/2015:03:13:00 -0500] "GET /BLA/resoluciones/RESOLUCIONES%202009/0312.pdf HTTP/1.1" 200 231534
188.165.15.94 - - [28/Jul/2015:03:13:28 -0500] "GET /BLA/resoluciones/RESOLUCIONES%202001/2001%201550-1607.tif HTTP/1.1" 200 3610490
127.0.0.1 - - [28/Jul/2015:03:13:32 -0500] "POST /wp-admin/admin-ajax.php HTTP/1.1" 200 47
201.245.192.253 - - [28/Jul/2015:03:13:41 -0500] "GET /forest/session.jsp?a=0.9571526107241164 HTTP/1.1" 200 4
74.86.158.107 - - [28/Jul/2015:03:13:48 -0500] "HEAD / HTTP/1.1" 200 -
66.249.64.96 - - [28/Jul/2015:03:14:42 -0500] "GET /BLA/boletinlegal/images/img_3.jpg HTTP/1.1" 304 -
180.76.15.155 - - [28/Jul/2015:03:14:42 -0500] "GET /StormSDA/storm_silv/OpenRemote.jar HTTP/1.1" 200 11535
127.0.0.1 - - [28/Jul/2015:03:15:32 -0500] "POST /wp-admin/admin-ajax.php HTTP/1.1" 200 47
201.245.192.253 - - [28/Jul/2015:03:15:55 -0500] "GET /forest/session.jsp?a=0.8085094807076604 HTTP/1.1" 200 4
188.165.15.94 - - [28/Jul/2015:03:16:12 -0500] "GET /BLA/resoluciones/index.php?dir=RESOLUCIONES%202006/RES%202006%20%203001-3054/&sort=name&order=desc HTTP/1.1" 200 13209
98.130.0.140 - - [28/Jul/2015:03:16:13 -0500] "GET /test/wp-admin/ HTTP/1.1" 404 1018
127.0.0.1 - - [28/Jul/2015:03:17:32 -0500] "POST /wp-admin/admin-ajax.php HTTP/1.1" 200 47
68.180.230.190 - - [28/Jul/2015:03:17:56 -0500] "GET /BLA/boletinlegal/jurisprudencia.php HTTP/1.1" 200 12451
66.249.64.106 - - [28/Jul/2015:03:18:19 -0500] "GET /BLA/resoluciones/RESOLUCIONES%202009/3301.pdf HTTP/1.1" 200 645686
71.237.46.165 - - [28/Jul/2015:03:18:20 -0500] "PUT /webdav/masschecker.php HTTP/1.1" 405 938
66.249.64.96 - - [28/Jul/2015:03:18:20 -0500] "GET /BLA/resoluciones/RESOLUCIONES%202012/0195.pdf HTTP/1.1" 304 -
66.249.64.106 - - [28/Jul/2015:03:18:21 -0500] "GET /BLA/resoluciones/RESOLUCIONES%202009/5129.pdf HTTP/1.1" 200 768163
66.249.64.96 - - [28/Jul/2015:03:18:22 -0500] "GET /BLA/resoluciones/AUTOS%202008/0520.pdf HTTP/1.1" 304 -
66.249.64.96 - - [28/Jul/2015:03:18:23 -0500] "GET /BLA/resoluciones/RESOLUCIONES%202012/1114.pdf HTTP/1.1" 304 -
66.249.64.106 - - [28/Jul/2015:03:18:23 -0500] "GET /BLA/resoluciones/RESOLUCIONES%202013/0466.pdf HTTP/1.1" 304 -
66.249.64.96 - - [28/Jul/2015:03:18:27 -0500] "GET /BLA/resoluciones/RESOLUCIONES%202007/RES%202007%201401%20AL%201500/RESOLUCION%201402%20DE%202007.pdf HTTP/1.1" 304 -
188.165.15.94 - - [28/Jul/2015:03:18:30 -0500] "GET /BLA/resoluciones/index.php?dir=RESOLUCIONES%202002/RES%202002%20501-550/&sort=date&order=asc HTTP/1.1" 200 12029
66.249.64.96 - - [28/Jul/2015:03:18:30 -0500] "GET /BLA/resoluciones/AUTOS%202013/3091.pdf HTTP/1.1" 304 -
201.245.192.253 - - [28/Jul/2015:03:18:41 -0500] "GET /forest/session.jsp?a=0.7367581237107275 HTTP/1.1" 200 4
74.86.158.107 - - [28/Jul/2015:03:18:48 -0500] "HEAD / HTTP/1.1" 200 -
66.249.64.106 - - [28/Jul/2015:03:19:02 -0500] "GET /galeria/galeria/fotos/GuaymaralTorca2G.jpg HTTP/1.1" 304 -
127.0.0.1 - - [28/Jul/2015:03:19:32 -0500] "POST /wp-admin/admin-ajax.php HTTP/1.1" 200 47
188.165.15.94 - - [28/Jul/2015:03:19:43 -0500] "GET /BLA/resoluciones/RESOLUCIONES%202006/RES%202006%202001-2050/00002041.tif HTTP/1.1" 200 197570
201.245.192.253 - - [28/Jul/2015:03:20:55 -0500] "GET /forest/session.jsp?a=0.1903812165019252 HTTP/1.1" 200 4
127.0.0.1 - - [28/Jul/2015:03:21:32 -0500] "POST /wp-admin/admin-ajax.php HTTP/1.1" 200 47
66.249.64.106 - - [28/Jul/2015:03:21:49 -0500] "GET /BLA/resoluciones/AUTOS%202012/2170.pdf HTTP/1.1" 304 -
188.165.15.94 - - [28/Jul/2015:03:22:46 -0500] "GET /BLA/resoluciones/RESOLUCIONES%202006/RES%202006%20851-900/00000854.tif HTTP/1.1" 200 112952
188.165.15.94 - - [28/Jul/2015:03:22:54 -0500] "GET /BLA/resoluciones/RESOLUCIONES%202004/RES%202004%202251-2300/00002270.tif HTTP/1.1" 200 117644
66.249.64.19 - - [28/Jul/2015:03:23:14 -0500] "GET /wp-content/uploads/2015/06/Gustavo-Petro-Alcalde-de-Bogota2-150x150.jpg HTTP/1.1" 304 -
127.0.0.1 - - [28/Jul/2015:03:23:33 -0500] "POST /wp-cron.php?doing_wp_cron=1438071813.3938369750976562500000 HTTP/1.0" 200 -
127.0.0.1 - - [28/Jul/2015:03:23:32 -0500] "POST /wp-admin/admin-ajax.php HTTP/1.1" 200 47
201.245.192.253 - - [28/Jul/2015:03:23:41 -0500] "GET /forest/session.jsp?a=0.9427977346589816 HTTP/1.1" 200 4
74.86.158.107 - - [28/Jul/2015:03:23:48 -0500] "HEAD / HTTP/1.1" 200 -
98.130.0.140 - - [28/Jul/2015:03:25:11 -0500] "GET /wordpress/wp-admin/ HTTP/1.1" 404 1018
127.0.0.1 - - [28/Jul/2015:03:25:32 -0500] "POST /wp-admin/admin-ajax.php HTTP/1.1" 200 47
188.165.15.241 - - [28/Jul/2015:03:25:53 -0500] "GET /porla/porla2.htm HTTP/1.1" 404 1019
201.245.192.253 - - [28/Jul/2015:03:25:55 -0500] "GET /forest/session.jsp?a=0.25362646518543586 HTTP/1.1" 200 4
188.165.15.94 - - [28/Jul/2015:03:26:14 -0500] "GET /BLA/resoluciones/RESOLUCIONES%202004/RES%202004%202301-2350/00002303.tif HTTP/1.1" 200 106232
188.165.15.94 - - [28/Jul/2015:03:26:36 -0500] "GET /BLA/resoluciones/index.php?dir=RESOLUCIONES%202005/RES%202005%201301-1350/&sort=size&order=desc HTTP/1.1" 200 12343
188.165.15.94 - - [28/Jul/2015:03:27:10 -0500] "GET /BLA/resoluciones/RESOLUCIONES%202002/RES%202002%20801-850/00000801.tif HTTP/1.1" 200 82498
188.165.15.94 - - [28/Jul/2015:03:27:20 -0500] "GET /BLA/resoluciones/RESOLUCIONES%202002/RES%202002%20151-200/2002RES186.tif HTTP/1.1" 200 71612
127.0.0.1 - - [28/Jul/2015:03:27:32 -0500] "POST /wp-admin/admin-ajax.php HTTP/1.1" 200 47
66.249.64.19 - - [28/Jul/2015:03:27:34 -0500] "GET /wp-content/uploads/2015/06/Gustavo-Petro-Alcalde-de-Bogota_1-150x150.jpg HTTP/1.1" 304 -
188.165.15.94 - - [28/Jul/2015:03:28:04 -0500] "GET /BLA/resoluciones/RESOLUCIONES%202003/RES%202003%201551-1601/20031563.tif HTTP/1.1" 200 163968
66.249.64.106 - - [28/Jul/2015:03:28:19 -0500] "GET /BLA/resoluciones/RESOLUCIONES%202014/1460.pdf HTTP/1.1" 304 -
66.249.64.106 - - [28/Jul/2015:03:28:19 -0500] "GET /sia/ HTTP/1.1" 304 -
188.165.15.94 - - [28/Jul/2015:03:28:28 -0500] "GET /BLA/resoluciones/RESOLUCIONES%202002/RES%202002%201701-1750/20021733.tif HTTP/1.1" 200 41546
201.245.192.253 - - [28/Jul/2015:03:28:41 -0500] "GET /forest/session.jsp?a=0.9952568353512816 HTTP/1.1" 200 4
74.86.158.107 - - [28/Jul/2015:03:28:48 -0500] "HEAD / HTTP/1.1" 200 -
188.165.15.94 - - [28/Jul/2015:03:29:27 -0500] "GET /BLA/resoluciones/RESOLUCIONES%202005/RES%202005%203051-3100/00003064.tif HTTP/1.1" 200 60270
127.0.0.1 - - [28/Jul/2015:03:29:32 -0500] "POST /wp-admin/admin-ajax.php HTTP/1.1" 200 47
188.165.15.94 - - [28/Jul/2015:03:30:29 -0500] "GET /BLA/resoluciones/RESOLUCIONES%202004/RES%202004%20301-350/00000340.tif HTTP/1.1" 200 171144
201.245.192.253 - - [28/Jul/2015:03:30:55 -0500] "GET /forest/session.jsp?a=0.6742647554600765 HTTP/1.1" 200 4
78.226.117.244 - - [28/Jul/2015:03:31:02 -0500] "GET /webdav/x32.php?host=%20176.150.163.107&time=60&port=80 HTTP/1.1" 404 1018
78.226.117.244 - - [28/Jul/2015:03:31:02 -0500] "GET /webdav/x32.php?host=%20176.150.163.107&time=60&port=80 HTTP/1.1" 404 1018
127.0.0.1 - - [28/Jul/2015:03:31:32 -0500] "POST /wp-admin/admin-ajax.php HTTP/1.1" 200 47
207.46.13.68 - - [28/Jul/2015:03:31:42 -0500] "GET /dama/libreria/pdf/ecosistemas/restauracion/1_ar15.pdf HTTP/1.1" 404 1019
66.249.64.19 - - [28/Jul/2015:03:31:50 -0500] "GET /wp-content/uploads/2015/06/Gustavo-Petro-Alcalde-de-Bogota2-685x1024.jpg HTTP/1.1" 304 -
188.165.15.94 - - [28/Jul/2015:03:32:31 -0500] "GET /BLA/resoluciones/RESOLUCIONES%202003/RES%202003%201301-1350/20031322.tif HTTP/1.1" 200 85604
188.165.15.94 - - [28/Jul/2015:03:32:35 -0500] "GET /BLA/resoluciones/RESOLUCIONES%202006/RES%202006%20801-850/00000841.tif HTTP/1.1" 200 228014
188.165.15.94 - - [28/Jul/2015:03:32:35 -0500] "GET /BLA/resoluciones/RESOLUCIONES%202005/RES%202005%20%201651-1700/00001686.tif HTTP/1.1" 200 137690
188.165.15.94 - - [28/Jul/2015:03:33:14 -0500] "GET /BLA/resoluciones/AUTOS%202006/AUTOS%202006%202201%20-%202300/00002244.tif HTTP/1.1" 200 71724
66.249.64.106 - - [28/Jul/2015:03:33:14 -0500] "GET /BLA/resoluciones/AUTOS%202012/2957.pdf HTTP/1.1" 200 1861325
127.0.0.1 - - [28/Jul/2015:03:33:32 -0500] "POST /wp-admin/admin-ajax.php HTTP/1.1" 200 47
201.245.192.253 - - [28/Jul/2015:03:33:41 -0500] "GET /forest/session.jsp?a=0.7386816589496574 HTTP/1.1" 200 4
74.86.158.107 - - [28/Jul/2015:03:33:48 -0500] "HEAD / HTTP/1.1" 200 -
180.76.15.147 - - [28/Jul/2015:03:34:38 -0500] "GET /POT-2013/Cartografia/Anexo01_Sistema_Hidrico.pdf HTTP/1.1" 200 5860035
66.249.64.106 - - [28/Jul/2015:03:34:45 -0500] "GET /galeria/nivo-slider/demo/images/ HTTP/1.1" 200 177256
66.249.64.96 - - [28/Jul/2015:03:35:08 -0500] "GET /BLA/resoluciones/RESOLUCIONES%202013/0468.pdf HTTP/1.1" 304 -
66.249.64.243 - - [28/Jul/2015:03:35:32 -0500] "GET /Autoliquidacion/index.php?dir=Grupo%20Forestal%20-%20Industria%20de%20la%20Madera/&sort=date&order=asc HTTP/1.1" 200 7255
188.165.15.94 - - [28/Jul/2015:03:35:33 -0500] "GET /BLA/resoluciones/RESOLUCIONES%202005/RES%202005%20251-300/INDEX.DAT HTTP/1.1" 200 2000
127.0.0.1 - - [28/Jul/2015:03:35:32 -0500] "POST /wp-admin/admin-ajax.php HTTP/1.1" 200 47
98.130.0.140 - - [28/Jul/2015:03:35:35 -0500] "GET /blog/wp-admin/ HTTP/1.1" 404 1018
66.249.64.106 - - [28/Jul/2015:03:35:46 -0500] "GET /BLA/resoluciones/RESOLUCIONES%202008/3531.pdf HTTP/1.1" 200 198625
66.249.64.106 - - [28/Jul/2015:03:35:55 -0500] "GET /BLA/resoluciones/RESOLUCIONES%202007/RES%202007%202901%20AL%203000/RESOLUCION%202906%20DE%202007.pdf HTTP/1.1" 304 -
201.245.192.253 - - [28/Jul/2015:03:35:55 -0500] "GET /forest/session.jsp?a=0.3992227917829302 HTTP/1.1" 200 4
188.165.15.94 - - [28/Jul/2015:03:36:03 -0500] "GET /BLA/resoluciones/RESOLUCIONES%202003/RES%202003%20501-550/519.tif HTTP/1.1" 200 240504
66.249.64.156 - - [28/Jul/2015:03:36:03 -0500] "GET /wp-content/uploads/2015/06/parallax_bg01.png HTTP/1.1" 304 -
101.108.249.183 - - [28/Jul/2015:03:36:05 -0500] "GET /Ringing.at.your.dorbell! HTTP/1.0" 404 1193
101.108.249.183 - - [28/Jul/2015:03:36:06 -0500] "GET / HTTP/1.0" 200 10190
101.108.249.183 - - [28/Jul/2015:03:36:07 -0500] "GET / HTTP/1.1" 200 10190
101.108.249.183 - - [28/Jul/2015:03:36:08 -0500] "GET /Diagnostics.asp HTTP/1.0" 404 1019
101.108.249.183 - - [28/Jul/2015:03:36:08 -0500] "GET / HTTP/1.0" 200 10190
101.108.249.183 - - [28/Jul/2015:03:36:09 -0500] "GET / HTTP/1.0" 200 10190
101.108.249.183 - - [28/Jul/2015:03:36:10 -0500] "GET / HTTP/1.0" 200 10190
188.165.15.94 - - [28/Jul/2015:03:37:12 -0500] "GET /BLA/resoluciones/index.php?dir=AUTOS+2006%2FAUTOS+2006+801-900%2F HTTP/1.1" 200 21775
127.0.0.1 - - [28/Jul/2015:03:37:32 -0500] "POST /wp-admin/admin-ajax.php HTTP/1.1" 200 47
201.245.192.253 - - [28/Jul/2015:03:38:41 -0500] "GET /forest/session.jsp?a=0.7913786973700824 HTTP/1.1" 200 4
74.86.158.107 - - [28/Jul/2015:03:38:48 -0500] "HEAD / HTTP/1.1" 200 -
157.55.39.151 - - [28/Jul/2015:03:39:33 -0500] "GET /galeria/nivo-slider/demo/demo.html HTTP/1.1" 200 4912
127.0.0.1 - - [28/Jul/2015:03:39:33 -0500] "POST /wp-cron.php?doing_wp_cron=1438072773.4039230346679687500000 HTTP/1.0" 200 -
127.0.0.1 - - [28/Jul/2015:03:39:32 -0500] "POST /wp-admin/admin-ajax.php HTTP/1.1" 200 47
188.165.15.94 - - [28/Jul/2015:03:40:48 -0500] "GET /BLA/resoluciones/RESOLUCIONES%202005/RES%202005%202901-2950/00002916.tif HTTP/1.1" 200 36546
201.245.192.253 - - [28/Jul/2015:03:40:55 -0500] "GET /forest/session.jsp?a=0.5409308815113885 HTTP/1.1" 200 4
66.249.64.96 - - [28/Jul/2015:03:40:20 -0500] "GET /BLA/boletinlegal/ HTTP/1.1" 200 51011
66.249.64.29 - - [28/Jul/2015:03:41:10 -0500] "GET /wp-content/uploads/2015/06/Gustavo-Petro-Alcalde-de-Bogota_1-675x1024.jpg HTTP/1.1" 304 -
66.249.64.96 - - [28/Jul/2015:03:41:10 -0500] "GET /BLA/resoluciones/RESOLUCIONES%202008/0026.pdf HTTP/1.1" 304 -
188.165.15.94 - - [28/Jul/2015:03:41:11 -0500] "GET /BLA/resoluciones/RESOLUCIONES%202003/RES%202003%201401-1450/20031434.tif HTTP/1.1" 200 65492
127.0.0.1 - - [28/Jul/2015:03:41:32 -0500] "POST /wp-admin/admin-ajax.php HTTP/1.1" 200 47
66.249.64.64 - - [28/Jul/2015:03:41:39 -0500] "GET / HTTP/1.1" 200 124973
188.165.15.94 - - [28/Jul/2015:03:41:44 -0500] "GET /BLA/resoluciones/RESOLUCIONES%202004/RES%202004%20251-300/00000264.tif HTTP/1.1" 200 288158
188.165.15.94 - - [28/Jul/2015:03:41:45 -0500] "GET /BLA/resoluciones/RESOLUCIONES%202003/RES%202003%20901-950/931.tif HTTP/1.1" 200 571756
66.249.64.24 - - [28/Jul/2015:03:42:09 -0500] "GET /wp-content/uploads/2015/07/Brochure-Espa%C3%83%C2%B1ol.pdf HTTP/1.1" 200 2871101
66.249.64.208 - - [28/Jul/2015:03:42:37 -0500] "GET / HTTP/1.1" 200 124973
188.165.15.94 - - [28/Jul/2015:03:42:39 -0500] "GET /BLA/resoluciones/RESOLUCIONES%202006/RES%202006%20551-600/00000597.tif HTTP/1.1" 200 338500
181.134.96.153 - - [28/Jul/2015:03:42:57 -0500] "GET /BLA/resoluciones/RESOLUCIONES%202011/2841.pdf HTTP/1.1" 200 406282
181.134.96.153 - - [28/Jul/2015:03:42:59 -0500] "GET /BLA/resoluciones/RESOLUCIONES%202011/2841.pdf HTTP/1.1" 200 406282
66.249.64.96 - - [28/Jul/2015:03:43:06 -0500] "GET /BLA/resoluciones/RESOLUCIONES%202012/1230.pdf HTTP/1.1" 304 -
127.0.0.1 - - [28/Jul/2015:03:43:32 -0500] "POST /wp-admin/admin-ajax.php HTTP/1.1" 200 47
66.249.64.101 - - [28/Jul/2015:03:43:34 -0500] "GET /BLA/resoluciones/RESOLUCIONES%202013/0074%20.pdf HTTP/1.1" 304 -
201.245.192.253 - - [28/Jul/2015:03:43:41 -0500] "GET /forest/session.jsp?a=0.6903003347958071 HTTP/1.1" 200 4
74.86.158.107 - - [28/Jul/2015:03:43:48 -0500] "HEAD / HTTP/1.1" 200 -
66.249.64.96 - - [28/Jul/2015:03:44:02 -0500] "GET /BLA/resoluciones/RESOLUCIONES%202009/4663.pdf HTTP/1.1" 304 -
66.249.64.101 - - [28/Jul/2015:03:44:30 -0500] "GET /BLA/resoluciones/RESOLUCIONES%202008/2279.pdf HTTP/1.1" 200 194332
98.130.0.140 - - [28/Jul/2015:03:44:44 -0500] "GET /wp/wp-admin/ HTTP/1.1" 404 1018
66.249.64.29 - - [28/Jul/2015:03:44:58 -0500] "GET /wp-content/uploads/2015/07/boton-comunicados.png HTTP/1.1" 304 -
188.165.15.94 - - [28/Jul/2015:03:45:22 -0500] "GET /BLA/resoluciones/index.php?dir=RESOLUCIONES%202006/RES%202006%202401-2450/&sort=size&order=desc HTTP/1.1" 200 12369
66.249.64.96 - - [28/Jul/2015:03:45:25 -0500] "GET /BLA/resoluciones/RESOLUCIONES%202013/1002.pdf HTTP/1.1" 304 -
127.0.0.1 - - [28/Jul/2015:03:45:32 -0500] "POST /wp-admin/admin-ajax.php HTTP/1.1" 200 47
188.165.15.94 - - [28/Jul/2015:03:45:50 -0500] "GET /BLA/resoluciones/index.php?dir=RESOLUCIONES%202006/RES%202006%20551-600/&sort=size&order=desc HTTP/1.1" 200 12249
201.245.192.253 - - [28/Jul/2015:03:45:55 -0500] "GET /forest/session.jsp?a=0.8419576769740934 HTTP/1.1" 200 4
181.133.4.87 - - [28/Jul/2015:03:46:01 -0500] "GET /BLA/boletinlegal/js/jquery.scrollShow.js HTTP/1.1" 200 4586
181.133.4.87 - - [28/Jul/2015:03:46:01 -0500] "GET /galeria/galeria/jquery.fancybox.js?v=2.1.5 HTTP/1.1" 200 48706
181.133.4.87 - - [28/Jul/2015:03:46:01 -0500] "GET /galeria/galeria/jquery.fancybox.css?v=2.1.5 HTTP/1.1" 200 4895
181.133.4.87 - - [28/Jul/2015:03:46:09 -0500] "GET /BLA/boletinlegal/js/jquery.scrollShow.js HTTP/1.1" 304 -
181.133.4.87 - - [28/Jul/2015:03:46:09 -0500] "GET /galeria/galeria/jquery.fancybox.css?v=2.1.5 HTTP/1.1" 304 -
181.133.4.87 - - [28/Jul/2015:03:46:09 -0500] "GET /galeria/galeria/jquery.fancybox.js?v=2.1.5 HTTP/1.1" 304 -
188.165.15.94 - - [28/Jul/2015:03:46:27 -0500] "GET /BLA/resoluciones/RESOLUCIONES%202002/RES%202002%201051-1100/00001063.tif HTTP/1.1" 200 37390
188.165.15.94 - - [28/Jul/2015:03:47:19 -0500] "GET /BLA/resoluciones/RESOLUCIONES%202005/RES%202005%20201-250/00000240.tif HTTP/1.1" 200 120970
127.0.0.1 - - [28/Jul/2015:03:47:32 -0500] "POST /wp-admin/admin-ajax.php HTTP/1.1" 200 47
188.165.15.94 - - [28/Jul/2015:03:48:10 -0500] "GET /BLA/resoluciones/RESOLUCIONES%202004/RES%202004%202151-2200/00002196.tif HTTP/1.1" 200 164150
201.245.192.253 - - [28/Jul/2015:03:48:41 -0500] "GET /forest/session.jsp?a=0.1710876768006131 HTTP/1.1" 200 4
74.86.158.107 - - [28/Jul/2015:03:48:48 -0500] "HEAD / HTTP/1.1" 200 -
188.165.15.94 - - [28/Jul/2015:03:48:55 -0500] "GET /BLA/resoluciones/AUTOS%202006/AUTOS%202006%20501-600/00000573.tif HTTP/1.1" 200 56830
66.249.64.96 - - [28/Jul/2015:03:48:55 -0500] "GET /BLA/resoluciones/dlf/folder.png HTTP/1.1" 304 -
66.249.64.106 - - [28/Jul/2015:03:48:59 -0500] "GET /BLA/resoluciones/RESOLUCIONES%202012/1168.pdf HTTP/1.1" 200 1795780
188.165.15.94 - - [28/Jul/2015:03:49:11 -0500] "GET /BLA/resoluciones/RESOLUCIONES%202002/RES%202002%201351-1400/20021385.tif HTTP/1.1" 200 40004
127.0.0.1 - - [28/Jul/2015:03:49:32 -0500] "POST /wp-admin/admin-ajax.php HTTP/1.1" 200 47
66.249.64.96 - - [28/Jul/2015:03:50:05 -0500] "GET /BLA/resoluciones/RESOLUCIONES%202009/0096.pdf HTTP/1.1" 200 164897
66.249.64.101 - - [28/Jul/2015:03:50:19 -0500] "GET /BLA/resoluciones/AUTOS%202013/0944.pdf HTTP/1.1" 304 -
66.249.64.24 - - [28/Jul/2015:03:50:20 -0500] "GET /robots.txt HTTP/1.1" 200 35
66.249.64.24 - - [28/Jul/2015:03:50:20 -0500] "GET /que-hacer-en-bogota/ HTTP/1.1" 200 43563
66.249.64.19 - - [28/Jul/2015:03:50:22 -0500] "GET /prensa-y-documentos-de-interes/ HTTP/1.1" 200 31999
66.249.64.101 - - [28/Jul/2015:03:50:23 -0500] "GET /BLA/resoluciones/RESOLUCIONES%202014/1564.pdf HTTP/1.1" 304 -
66.249.64.101 - - [28/Jul/2015:03:50:23 -0500] "GET /autoliquidacion/TR%C3%81MITES%20VERTIMIENTOS/PERMISOS%20DE%20VERTIMIENTOS/ANEXO%20%205.%20%20MATRIZ%20PAR%C3%81METRSO%20ACTIVDADES%20PRODUCTIVAS.xls HTTP/1.1" 304 -
66.249.64.101 - - [28/Jul/2015:03:50:24 -0500] "GET /BLA/resoluciones/RESOLUCIONES%202009/4230.pdf HTTP/1.1" 304 -
66.249.64.96 - - [28/Jul/2015:03:50:24 -0500] "GET /stormWeb/ HTTP/1.1" 200 12126
188.165.15.94 - - [28/Jul/2015:03:50:28 -0500] "GET /BLA/resoluciones/RESOLUCIONES%202006/RES%202006%202301-2350/00002341.tif HTTP/1.1" 200 244624
37.163.198.228 - - [28/Jul/2015:03:50:28 -0500] "GET /galeria/nivo-slider/demo/images/Rendicion-de-cuentas.jpg HTTP/1.1" 304 -
66.249.64.106 - - [28/Jul/2015:03:50:33 -0500] "GET /stormWeb/js/Logic_CryptoAPI.js HTTP/1.1" 200 13725
201.245.192.253 - - [28/Jul/2015:03:50:55 -0500] "GET /forest/session.jsp?a=0.11390972748308448 HTTP/1.1" 200 4
80.102.181.117 - - [28/Jul/2015:03:51:23 -0500] "GET /BLA/boletinlegal/js/jquery.scrollShow.js HTTP/1.1" 200 4586
80.102.181.117 - - [28/Jul/2015:03:51:23 -0500] "GET /galeria/galeria/jquery.fancybox.js?v=2.1.5 HTTP/1.1" 200 48706
80.102.181.117 - - [28/Jul/2015:03:51:24 -0500] "GET /galeria/galeria/jquery.fancybox.js?v=2.1.5 HTTP/1.1" 200 48706
80.102.181.117 - - [28/Jul/2015:03:51:24 -0500] "GET /BLA/boletinlegal/js/jquery.scrollShow.js HTTP/1.1" 200 4586
80.102.181.117 - - [28/Jul/2015:03:51:24 -0500] "GET /galeria/galeria/jquery.fancybox.css?v=2.1.5 HTTP/1.1" 200 4895
127.0.0.1 - - [28/Jul/2015:03:51:32 -0500] "POST /wp-admin/admin-ajax.php HTTP/1.1" 200 47
180.76.15.16 - - [28/Jul/2015:03:51:34 -0500] "GET / HTTP/1.1" 200 124987
180.76.15.146 - - [28/Jul/2015:03:52:49 -0500] "GET / HTTP/1.1" 200 124987
66.249.64.106 - - [28/Jul/2015:03:53:08 -0500] "GET /galeria/galeria/fotos/Humedal-Tibanica2P.jpg HTTP/1.1" 304 -
98.130.0.140 - - [28/Jul/2015:03:53:27 -0500] "GET /old/wp-admin/ HTTP/1.1" 404 1018
127.0.0.1 - - [28/Jul/2015:03:53:33 -0500] "POST /wp-cron.php?doing_wp_cron=1438073613.4185988903045654296875 HTTP/1.0" 200 -
127.0.0.1 - - [28/Jul/2015:03:53:32 -0500] "POST /wp-admin/admin-ajax.php HTTP/1.1" 200 47
201.245.192.253 - - [28/Jul/2015:03:53:41 -0500] "GET /forest/session.jsp?a=0.7869105564361911 HTTP/1.1" 200 4
74.86.158.107 - - [28/Jul/2015:03:53:48 -0500] "HEAD / HTTP/1.1" 200 -
66.249.64.96 - - [28/Jul/2015:03:54:20 -0500] "GET /BLA/resoluciones/Resoluciones%202011/6416.pdf HTTP/1.1" 304 -
201.234.75.11 - - [28/Jul/2015:03:54:35 -0500] "GET /galeria/nivo-slider/demo/images/Rendicion-de-cuentas.jpg HTTP/1.1" 304 -
188.165.15.94 - - [28/Jul/2015:03:55:26 -0500] "GET /BLA/resoluciones/RESOLUCIONES%202006/RES%202006%20801-850/00000833.tif HTTP/1.1" 200 183542
127.0.0.1 - - [28/Jul/2015:03:55:32 -0500] "POST /wp-admin/admin-ajax.php HTTP/1.1" 200 47
201.245.192.253 - - [28/Jul/2015:03:55:55 -0500] "GET /forest/session.jsp?a=0.1277274530058562 HTTP/1.1" 200 4
191.66.168.138 - - [28/Jul/2015:03:56:06 -0500] "GET /BLA/boletinlegal/js/jquery.scrollShow.js HTTP/1.1" 200 4586
191.66.168.138 - - [28/Jul/2015:03:56:06 -0500] "GET /galeria/galeria/jquery.fancybox.css?v=2.1.5 HTTP/1.1" 200 4895
191.66.168.138 - - [28/Jul/2015:03:56:06 -0500] "GET /galeria/galeria/jquery.fancybox.js?v=2.1.5 HTTP/1.1" 200 48706
188.165.15.94 - - [28/Jul/2015:03:56:10 -0500] "GET /BLA/resoluciones/index.php?dir=RESOLUCIONES%202011/&sort=size&order=desc HTTP/1.1" 200 683162
191.66.168.138 - - [28/Jul/2015:03:56:13 -0500] "GET /galeria/galeria/jquery.fancybox.css?v=2.1.5 HTTP/1.1" 304 -
191.66.168.138 - - [28/Jul/2015:03:56:13 -0500] "GET /BLA/boletinlegal/js/jquery.scrollShow.js HTTP/1.1" 304 -
191.66.168.138 - - [28/Jul/2015:03:56:13 -0500] "GET /galeria/galeria/jquery.fancybox.js?v=2.1.5 HTTP/1.1" 304 -
188.165.15.94 - - [28/Jul/2015:03:56:36 -0500] "GET /BLA/resoluciones/RESOLUCIONES%202004/RES%202004%202051-2100/00002077.tif HTTP/1.1" 200 142948
66.249.64.29 - - [28/Jul/2015:03:57:28 -0500] "GET /wp-content/uploads/2015/07/recuadro_1.jpg HTTP/1.1" 304 -
127.0.0.1 - - [28/Jul/2015:03:57:32 -0500] "POST /wp-admin/admin-ajax.php HTTP/1.1" 200 47
188.165.15.94 - - [28/Jul/2015:03:57:49 -0500] "GET /BLA/resoluciones/index.php?dir=AUTOS%202006/AUTOS%202006%201401%20-%201500/&sort=name&order=desc HTTP/1.1" 200 13544
201.245.192.253 - - [28/Jul/2015:03:58:41 -0500] "GET /forest/session.jsp?a=0.29590488541418025 HTTP/1.1" 200 4
74.86.158.107 - - [28/Jul/2015:03:58:48 -0500] "HEAD / HTTP/1.1" 200 -
188.165.15.94 - - [28/Jul/2015:03:58:50 -0500] "GET /BLA/resoluciones/RESOLUCIONES%202004/RES%202004%20151-200/00000165.tif HTTP/1.1" 200 98790
188.165.15.94 - - [28/Jul/2015:03:59:01 -0500] "GET /BLA/resoluciones/RESOLUCIONES%202002/RES%202002%201851-1900/20021878.tif HTTP/1.1" 200 136086
127.0.0.1 - - [28/Jul/2015:03:59:32 -0500] "POST /wp-admin/admin-ajax.php HTTP/1.1" 200 47
66.249.64.19 - - [28/Jul/2015:03:59:34 -0500] "GET /wp-content/uploads/2015/07/Brochure-Franc%C3%83%C2%A9s.pdf HTTP/1.1" 200 2813882
66.249.64.106 - - [28/Jul/2015:04:00:19 -0500] "GET /BLA/resoluciones/AUTOS%202008/0834.pdf HTTP/1.1" 200 96866
66.249.64.101 - - [28/Jul/2015:04:00:19 -0500] "GET /BLA/resoluciones/RESOLUCIONES%202011/0436.pdf HTTP/1.1" 200 70519
66.249.64.96 - - [28/Jul/2015:04:00:22 -0500] "GET /BLA/resoluciones/RESOLUCIONES%202009/8359.pdf HTTP/1.1" 304 -
66.249.64.248 - - [28/Jul/2015:04:00:25 -0500] "GET /POT-2013/index.php?dir=Cartografia%2F HTTP/1.1" 200 11465
66.249.64.243 - - [28/Jul/2015:04:00:29 -0500] "GET /BLA/boletinlegal/jurisprudencia/analisis/Analisis%20Sentencia%20T-1077,%202%20corregida.doc HTTP/1.1" 304 -
66.249.64.101 - - [28/Jul/2015:04:00:32 -0500] "GET /BLA/circulares/5.pdf HTTP/1.1" 304 -
201.245.192.253 - - [28/Jul/2015:04:00:55 -0500] "GET /forest/session.jsp?a=0.0717895826164785 HTTP/1.1" 200 4
66.249.64.106 - - [28/Jul/2015:04:01:03 -0500] "GET /BLA/resoluciones/RESOLUCIONES%202007/RES%202007%202101%20AL%202200/RESOLUCION%202116%20DE%202007.pdf HTTP/1.1" 304 -
188.165.15.94 - - [28/Jul/2015:04:01:21 -0500] "GET /BLA/resoluciones/RESOLUCIONES%202004/RES%202004%20101-150/00000147.tif HTTP/1.1" 200 93574
127.0.0.1 - - [28/Jul/2015:04:01:32 -0500] "POST /wp-admin/admin-ajax.php HTTP/1.1" 200 47
66.249.64.19 - - [28/Jul/2015:04:01:45 -0500] "GET /wp-content/uploads/2015/07/logosolopng.png HTTP/1.1" 304 -
66.249.64.243 - - [28/Jul/2015:04:01:48 -0500] "GET /PruebasSTORM/StormSDA_pruebas/userFiles/user_files/listas/192.xml HTTP/1.1" 200 194
66.249.64.106 - - [28/Jul/2015:04:02:16 -0500] "GET /BLA/resoluciones/RESOLUCIONES%202009/4459.pdf HTTP/1.1" 200 537933
88.198.233.69 - - [28/Jul/2015:04:02:40 -0500] "GET / HTTP/1.1" 200 10190
66.249.64.106 - - [28/Jul/2015:04:02:53 -0500] "GET /galeria/nivo-slider/nivo-slider.css HTTP/1.1" 200 1507
66.249.64.106 - - [28/Jul/2015:04:02:53 -0500] "GET /galeria/nivo-slider/demo/style.css HTTP/1.1" 200 2222
66.249.64.106 - - [28/Jul/2015:04:02:56 -0500] "GET /galeria/nivo-slider/demo/scripts/jquery-1.7.1.min.js HTTP/1.1" 200 93868
66.249.64.101 - - [28/Jul/2015:04:02:59 -0500] "GET /galeria/nivo-slider/themes/pascal/pascal.css HTTP/1.1" 200 2258
66.249.64.101 - - [28/Jul/2015:04:03:02 -0500] "GET /galeria/nivo-slider/themes/orman/orman.css HTTP/1.1" 200 2152
66.249.64.101 - - [28/Jul/2015:04:03:05 -0500] "GET /galeria/nivo-slider/themes/default/default.css HTTP/1.1" 200 1569
66.249.64.101 - - [28/Jul/2015:04:03:07 -0500] "GET /galeria/nivo-slider/jquery.nivo.slider.pack.js HTTP/1.1" 200 11561
127.0.0.1 - - [28/Jul/2015:04:03:32 -0500] "POST /wp-admin/admin-ajax.php HTTP/1.1" 200 47
201.245.192.253 - - [28/Jul/2015:04:03:41 -0500] "GET /forest/session.jsp?a=0.934394341198374 HTTP/1.1" 200 4
66.249.64.96 - - [28/Jul/2015:04:03:47 -0500] "GET /BLA/resoluciones/RESOLUCIONES%202008/1403.pdf HTTP/1.1" 200 175205
74.86.158.107 - - [28/Jul/2015:04:03:48 -0500] "HEAD / HTTP/1.1" 200 -
181.61.39.176 - - [28/Jul/2015:04:04:03 -0500] "GET /galeria/galeria/jquery.fancybox.js?v=2.1.5 HTTP/1.1" 200 48706
181.61.39.176 - - [28/Jul/2015:04:04:03 -0500] "GET /galeria/galeria/jquery.fancybox.css?v=2.1.5 HTTP/1.1" 200 4895
181.61.39.176 - - [28/Jul/2015:04:04:03 -0500] "GET /BLA/boletinlegal/js/jquery.scrollShow.js HTTP/1.1" 200 4586
181.61.39.176 - - [28/Jul/2015:04:04:08 -0500] "GET /galeria/galeria/jquery.fancybox.css?v=2.1.5 HTTP/1.1" 304 -
181.61.39.176 - - [28/Jul/2015:04:04:08 -0500] "GET /BLA/boletinlegal/js/jquery.scrollShow.js HTTP/1.1" 304 -
181.61.39.176 - - [28/Jul/2015:04:04:08 -0500] "GET /galeria/galeria/jquery.fancybox.js?v=2.1.5 HTTP/1.1" 304 -
180.76.15.136 - - [28/Jul/2015:04:04:49 -0500] "GET /SIG/ECS/126PM04-PR40.pdf HTTP/1.1" 200 3165945
127.0.0.1 - - [28/Jul/2015:04:05:32 -0500] "POST /wp-admin/admin-ajax.php HTTP/1.1" 200 47
201.245.192.253 - - [28/Jul/2015:04:05:55 -0500] "GET /forest/session.jsp?a=0.46626498599700394 HTTP/1.1" 200 4
66.249.64.101 - - [28/Jul/2015:04:05:57 -0500] "GET /galeria/galeria/fotos/Jaboque2G.jpg HTTP/1.1" 304 -
157.55.39.205 - - [28/Jul/2015:04:06:07 -0500] "GET /galeria/nivo-slider/demo/demo.html HTTP/1.1" 200 4912
188.165.15.94 - - [28/Jul/2015:04:06:36 -0500] "GET /BLA/resoluciones/RESOLUCIONES%202006/RES%202006%202401-2450/00002404.tif HTTP/1.1" 200 301130
188.165.15.94 - - [28/Jul/2015:04:07:03 -0500] "GET /BLA/resoluciones/RESOLUCIONES%202006/RES%202006%20101-150/INDEX.DAT HTTP/1.1" 200 2000
66.249.64.96 - - [28/Jul/2015:04:07:33 -0500] "GET /autoliquidacion/Grupo%20Forestal%20-%20Industria%20de%20la%20Madera/Lista%20de%20chequeo%20-%20Verificaci%C3%B3n%20de%20permisos%20CITIES%20y%20NO%20CITIES.pdf HTTP/1.1" 200 76606
127.0.0.1 - - [28/Jul/2015:04:07:32 -0500] "POST /wp-admin/admin-ajax.php HTTP/1.1" 200 47
66.249.64.106 - - [28/Jul/2015:04:07:49 -0500] "GET /BLA/resoluciones/RESOLUCIONES%202008/4709.pdf HTTP/1.1" 200 256782
66.249.64.106 - - [28/Jul/2015:04:08:04 -0500] "GET /BLA/resoluciones/RESOLUCIONES%202008/4123.pdf HTTP/1.1" 200 600542
201.245.192.253 - - [28/Jul/2015:04:08:41 -0500] "GET /forest/session.jsp?a=0.29677024350105063 HTTP/1.1" 200 4
74.86.158.107 - - [28/Jul/2015:04:08:48 -0500] "HEAD / HTTP/1.1" 200 -
188.165.15.94 - - [28/Jul/2015:04:09:17 -0500] "GET /BLA/resoluciones/RESOLUCIONES%202005/RES%202005%201201-1250/00001202.tif HTTP/1.1" 200 135818
127.0.0.1 - - [28/Jul/2015:04:09:33 -0500] "POST /wp-cron.php?doing_wp_cron=1438074573.4442849159240722656250 HTTP/1.0" 200 -
127.0.0.1 - - [28/Jul/2015:04:09:32 -0500] "POST /wp-admin/admin-ajax.php HTTP/1.1" 200 47
188.165.15.94 - - [28/Jul/2015:04:09:50 -0500] "GET /BLA/resoluciones/RESOLUCIONES%202004/RES%202004%201701-1750/00001715.tif HTTP/1.1" 200 58754
66.249.64.96 - - [28/Jul/2015:04:10:17 -0500] "GET /galeria/galeria/fotos/Huemdal-Cordoba3G.jpg HTTP/1.1" 304 -
66.249.64.96 - - [28/Jul/2015:04:10:19 -0500] "GET /BLA/resoluciones/RESOLUCIONES%202009/3957.pdf HTTP/1.1" 304 -
66.249.64.248 - - [28/Jul/2015:04:10:20 -0500] "GET /Anexos%20estudio%20Organizacional%20SDA/ANEXO%20No.%203-%20CONTRATACI%C3%93N%20%20OPS%C2%B4s%202008-2012/CONTRATOS%20SDA%202011%20POR%20DEPENDENCIA.xls HTTP/1.1" 304 -
66.249.64.106 - - [28/Jul/2015:04:10:24 -0500] "GET /BLA/resoluciones/RESOLUCIONES%202010/0417.pdf HTTP/1.1" 304 -
66.249.64.96 - - [28/Jul/2015:04:10:27 -0500] "GET /BLA/resoluciones/RESOLUCIONES%202009/6374.pdf HTTP/1.1" 200 523191
201.245.192.253 - - [28/Jul/2015:04:10:55 -0500] "GET /forest/session.jsp?a=0.7207971661402769 HTTP/1.1" 200 4
66.249.64.29 - - [28/Jul/2015:04:11:18 -0500] "GET /wp-content/uploads/2015/07/Brochure-Ingl%C3%83%C2%A9s.pdf HTTP/1.1" 200 2829819
127.0.0.1 - - [28/Jul/2015:04:11:32 -0500] "POST /wp-admin/admin-ajax.php HTTP/1.1" 200 47
66.249.64.96 - - [28/Jul/2015:04:11:34 -0500] "GET /BLA/resoluciones/RESOLUCIONES%202009/9427.pdf HTTP/1.1" 200 427056
66.249.64.101 - - [28/Jul/2015:04:11:58 -0500] "GET /BLA/resoluciones/RESOLUCIONES%202009/1906.pdf HTTP/1.1" 200 800587
188.165.15.94 - - [28/Jul/2015:04:11:59 -0500] "GET /BLA/resoluciones/RESOLUCIONES%202004/RES%202004%201251-1300/00001257.tif HTTP/1.1" 200 140430
127.0.0.1 - - [28/Jul/2015:04:13:32 -0500] "POST /wp-admin/admin-ajax.php HTTP/1.1" 200 47
201.245.192.253 - - [28/Jul/2015:04:13:41 -0500] "GET /forest/session.jsp?a=0.8384710410744428 HTTP/1.1" 200 4
74.86.158.107 - - [28/Jul/2015:04:13:48 -0500] "HEAD / HTTP/1.1" 200 -
66.249.64.101 - - [28/Jul/2015:04:14:28 -0500] "GET /BLA/resoluciones/RESOLUCIONES%202008/2911.pdf HTTP/1.1" 200 220420
66.249.64.106 - - [28/Jul/2015:04:14:29 -0500] "GET /galeria/galeria/fotos/Huemdal-Cordoba1G.jpg HTTP/1.1" 304 -
66.249.64.106 - - [28/Jul/2015:04:14:48 -0500] "GET /BLA/resoluciones/RESOLUCIONES%202010/4163.pdf HTTP/1.1" 200 755623
66.249.64.96 - - [28/Jul/2015:04:14:50 -0500] "GET /BLA/resoluciones/RESOLUCIONES%202010/2219.pdf HTTP/1.1" 200 493648
66.249.64.101 - - [28/Jul/2015:04:15:01 -0500] "GET /BLA/resoluciones/RESOLUCIONES%202008/4351.pdf HTTP/1.1" 200 588953
66.249.64.96 - - [28/Jul/2015:04:15:15 -0500] "GET /BLA/resoluciones/RESOLUCIONES%202008/1048.pdf HTTP/1.1" 200 333013
127.0.0.1 - - [28/Jul/2015:04:15:32 -0500] "POST /wp-admin/admin-ajax.php HTTP/1.1" 200 47
188.165.15.94 - - [28/Jul/2015:04:15:48 -0500] "GET /BLA/resoluciones/RESOLUCIONES%202002/RES%202002%201151-1200/20021162.tif HTTP/1.1" 200 39084
201.245.192.253 - - [28/Jul/2015:04:15:55 -0500] "GET /forest/session.jsp?a=0.007279550141831459 HTTP/1.1" 200 4
188.165.15.94 - - [28/Jul/2015:04:16:34 -0500] "GET /BLA/resoluciones/RESOLUCIONES%202006/RES%202006%201751-1800/00001754.tif HTTP/1.1" 200 155234
127.0.0.1 - - [28/Jul/2015:04:17:32 -0500] "POST /wp-admin/admin-ajax.php HTTP/1.1" 200 47
190.9.202.94 - - [28/Jul/2015:04:18:29 -0500] "GET /galeria/galeria/jquery.fancybox.js?v=2.1.5 HTTP/1.1" 200 48706
190.9.202.94 - - [28/Jul/2015:04:18:29 -0500] "GET /BLA/boletinlegal/js/jquery.scrollShow.js HTTP/1.1" 200 4586
190.9.202.94 - - [28/Jul/2015:04:18:29 -0500] "GET /galeria/galeria/jquery.fancybox.css?v=2.1.5 HTTP/1.1" 200 4895
190.9.202.94 - - [28/Jul/2015:04:18:29 -0500] "GET /galeria/carrusel/Carrusel/jquery.thumbnailScroller.css HTTP/1.1" 200 2066
190.9.202.94 - - [28/Jul/2015:04:18:29 -0500] "GET /galeria/carrusel/Carrusel/jquery-ui-1.8.13.custom.min.js HTTP/1.1" 200 10800
190.9.202.94 - - [28/Jul/2015:04:18:29 -0500] "GET /galeria/carrusel/Carrusel/jquery.thumbnailScroller.js HTTP/1.1" 200 8157
190.9.202.94 - - [28/Jul/2015:04:18:30 -0500] "GET /galeria/nivo-slider/demo/demo.html HTTP/1.1" 200 4912
190.9.202.94 - - [28/Jul/2015:04:18:33 -0500] "GET /galeria/nivo-slider/themes/default/default.css HTTP/1.1" 200 1569
190.9.202.94 - - [28/Jul/2015:04:18:33 -0500] "GET /galeria/nivo-slider/themes/orman/orman.css HTTP/1.1" 200 2152
190.9.202.94 - - [28/Jul/2015:04:18:33 -0500] "GET /galeria/nivo-slider/themes/pascal/pascal.css HTTP/1.1" 200 2258
190.9.202.94 - - [28/Jul/2015:04:18:33 -0500] "GET /galeria/nivo-slider/nivo-slider.css HTTP/1.1" 200 1507
190.9.202.94 - - [28/Jul/2015:04:18:33 -0500] "GET /galeria/nivo-slider/demo/scripts/jquery-1.7.1.min.js HTTP/1.1" 200 93868
190.9.202.94 - - [28/Jul/2015:04:18:33 -0500] "GET /galeria/nivo-slider/demo/style.css HTTP/1.1" 200 2222
190.9.202.94 - - [28/Jul/2015:04:18:33 -0500] "GET /galeria/nivo-slider/jquery.nivo.slider.pack.js HTTP/1.1" 200 11561
190.9.202.94 - - [28/Jul/2015:04:18:33 -0500] "GET /galeria/nivo-slider/demo/images/PREDAcamp.jpg HTTP/1.1" 200 295358
190.9.202.94 - - [28/Jul/2015:04:18:33 -0500] "GET /galeria/nivo-slider/demo/images/Rendicion-de-cuentas.jpg HTTP/1.1" 200 309079
190.9.202.94 - - [28/Jul/2015:04:18:33 -0500] "GET /galeria/nivo-slider/demo/images/Semana-PYBA.jpg HTTP/1.1" 200 147360
190.9.202.94 - - [28/Jul/2015:04:18:33 -0500] "GET /galeria/nivo-slider/demo/images/VoluntariadoPYBA.jpg HTTP/1.1" 200 40647
190.9.202.94 - - [28/Jul/2015:04:18:33 -0500] "GET /galeria/nivo-slider/demo/images/Cambio-Climatico-Paramos.jpg HTTP/1.1" 200 262430
190.9.202.94 - - [28/Jul/2015:04:18:34 -0500] "GET /galeria/nivo-slider/demo/images/banner-llantas2.jpg HTTP/1.1" 200 204644
190.9.202.94 - - [28/Jul/2015:04:18:34 -0500] "GET /galeria/nivo-slider/demo/images/4Simple_Slider.png HTTP/1.1" 200 11722
190.9.202.94 - - [28/Jul/2015:04:18:34 -0500] "GET /galeria/nivo-slider/themes/default/loading.gif HTTP/1.1" 200 1737
190.9.202.94 - - [28/Jul/2015:04:18:34 -0500] "GET /galeria/nivo-slider/demo/images/9Signos.jpg HTTP/1.1" 200 81776
190.9.202.94 - - [28/Jul/2015:04:18:34 -0500] "GET /galeria/nivo-slider/demo/images/Comparendo-ambiental-Banner.jpg HTTP/1.1" 200 83731
190.9.202.94 - - [28/Jul/2015:04:18:34 -0500] "GET /galeria/nivo-slider/demo/images/GAE-banner.jpg HTTP/1.1" 200 97556
190.9.202.94 - - [28/Jul/2015:04:18:34 -0500] "GET /galeria/nivo-slider/demo/images/Banner-encuesta-de-percepscio.jpg HTTP/1.1" 200 201899
190.9.202.94 - - [28/Jul/2015:04:18:34 -0500] "GET /galeria/nivo-slider/demo/images/GAE-banner.jpg HTTP/1.1" 206 1
190.9.202.94 - - [28/Jul/2015:04:18:34 -0500] "GET /galeria/nivo-slider/demo/images/Banner-encuesta-de-percepscio.jpg HTTP/1.1" 206 1
190.9.202.94 - - [28/Jul/2015:04:18:34 -0500] "GET /galeria/nivo-slider/demo/images/GAE-banner.jpg HTTP/1.1" 206 75729
190.9.202.94 - - [28/Jul/2015:04:18:34 -0500] "GET /galeria/nivo-slider/demo/images/Banner-encuesta-de-percepscio.jpg HTTP/1.1" 206 200873
190.9.202.94 - - [28/Jul/2015:04:18:34 -0500] "GET /galeria/nivo-slider/demo/images/banner-Pacto-por-la-madera.jpg HTTP/1.1" 200 209966
190.9.202.94 - - [28/Jul/2015:04:18:35 -0500] "GET /galeria/nivo-slider/demo/images/acuerdo_569.jpg HTTP/1.1" 200 62670
190.9.202.94 - - [28/Jul/2015:04:18:35 -0500] "GET /galeria/nivo-slider/demo/images/Banner-Directorio.jpg HTTP/1.1" 200 182068
190.9.202.94 - - [28/Jul/2015:04:18:35 -0500] "GET /galeria/nivo-slider/demo/images/Ruta-vertimientos-01.jpg HTTP/1.1" 200 130151
190.9.202.94 - - [28/Jul/2015:04:18:35 -0500] "GET /galeria/nivo-slider/demo/images/bolsas-06.jpg HTTP/1.1" 200 90982
190.9.202.94 - - [28/Jul/2015:04:18:35 -0500] "GET /galeria/nivo-slider/demo/images/Conoce-los-humedales.jpg HTTP/1.1" 200 294036
190.9.202.94 - - [28/Jul/2015:04:18:35 -0500] "GET /galeria/nivo-slider/demo/images/ecolecta-Dic2014.png HTTP/1.1" 200 288593
190.9.202.94 - - [28/Jul/2015:04:18:35 -0500] "GET /galeria/nivo-slider/demo/images/Banner-Caracol-Africano.jpg HTTP/1.1" 200 331986
190.9.202.94 - - [28/Jul/2015:04:18:36 -0500] "GET /galeria/nivo-slider/themes/default/arrows.png HTTP/1.1" 200 824
190.9.202.94 - - [28/Jul/2015:04:18:36 -0500] "GET /galeria/nivo-slider/themes/default/bullets.png HTTP/1.1" 200 1281
201.245.192.253 - - [28/Jul/2015:04:18:41 -0500] "GET /forest/session.jsp?a=0.9226475300354213 HTTP/1.1" 200 4
74.86.158.107 - - [28/Jul/2015:04:18:48 -0500] "HEAD / HTTP/1.1" 200 -
66.249.64.106 - - [28/Jul/2015:04:18:50 -0500] "GET /galeria/galeria/fotos/Huemdal-Cordoba2G.jpg HTTP/1.1" 304 -
127.0.0.1 - - [28/Jul/2015:04:19:32 -0500] "POST /wp-admin/admin-ajax.php HTTP/1.1" 200 47
66.249.64.96 - - [28/Jul/2015:04:20:14 -0500] "GET /BLA/resoluciones/RESOLUCIONES%202009/7812.pdf HTTP/1.1" 200 530975
141.212.122.122 - - [28/Jul/2015:04:20:19 -0500] "GET /x HTTP/1.1" 400 946
190.9.202.94 - - [28/Jul/2015:04:20:24 -0500] "GET /BLA/boletinlegal/js/jquery.scrollShow.js HTTP/1.1" 304 -
190.9.202.94 - - [28/Jul/2015:04:20:24 -0500] "GET /galeria/galeria/jquery.fancybox.css?v=2.1.5 HTTP/1.1" 304 -
190.9.202.94 - - [28/Jul/2015:04:20:24 -0500] "GET /galeria/galeria/jquery.fancybox.js?v=2.1.5 HTTP/1.1" 304 -
190.9.202.94 - - [28/Jul/2015:04:20:36 -0500] "GET /catalogoisis/Css/Busqueda.css HTTP/1.1" 200 1995
190.9.202.94 - - [28/Jul/2015:04:20:36 -0500] "GET /catalogoisis/Js/AceptarLimpiar.js HTTP/1.1" 200 331
190.9.202.94 - - [28/Jul/2015:04:20:36 -0500] "GET /catalogoisis/Js/Cookies.js HTTP/1.1" 200 1369
190.9.202.94 - - [28/Jul/2015:04:20:36 -0500] "GET /catalogoisis/Js/CriterioCombinada.js HTTP/1.1" 200 1843
190.9.202.94 - - [28/Jul/2015:04:20:36 -0500] "GET /catalogoisis/Js/LimpiarCombinada.js HTTP/1.1" 200 207
190.9.202.94 - - [28/Jul/2015:04:20:36 -0500] "GET /catalogoisis/Js/Remote.js HTTP/1.1" 200 436
190.9.202.94 - - [28/Jul/2015:04:20:36 -0500] "GET /catalogoisis/Js/Go.js HTTP/1.1" 200 364
190.9.202.94 - - [28/Jul/2015:04:20:37 -0500] "GET /catalogoisis/Js/Numero.js HTTP/1.1" 200 398
190.9.202.94 - - [28/Jul/2015:04:20:37 -0500] "GET /catalogoisis/Js/Enter.js HTTP/1.1" 200 1208
190.9.202.94 - - [28/Jul/2015:04:20:36 -0500] "GET /catalogoisis/ HTTP/1.1" 200 8575
190.9.202.94 - - [28/Jul/2015:04:20:37 -0500] "GET /catalogoisis/imagenes/Turnbo1.gif HTTP/1.1" 200 227
190.9.202.94 - - [28/Jul/2015:04:20:37 -0500] "GET /catalogoisis/imagenes/br1c3.gif HTTP/1.1" 200 302
190.9.202.94 - - [28/Jul/2015:04:20:37 -0500] "GET /catalogoisis/imagenes/aceptar1.gif HTTP/1.1" 200 604
190.9.202.94 - - [28/Jul/2015:04:20:37 -0500] "GET /catalogoisis/imagenes/br1c1.gif HTTP/1.1" 200 172
190.9.202.94 - - [28/Jul/2015:04:20:37 -0500] "GET /catalogoisis/imagenes/limpiar1.gif HTTP/1.1" 200 606
190.9.202.94 - - [28/Jul/2015:04:20:37 -0500] "GET /catalogoisis/imagenes/Header.gif HTTP/1.1" 200 14509
190.9.202.94 - - [28/Jul/2015:04:20:37 -0500] "GET /catalogoisis/imagenes/br3c1.gif HTTP/1.1" 200 177
190.9.202.94 - - [28/Jul/2015:04:20:37 -0500] "GET /catalogoisis/imagenes/br2c2.gif HTTP/1.1" 200 302
190.9.202.94 - - [28/Jul/2015:04:20:37 -0500] "GET /catalogoisis/imagenes/br1c2.gif HTTP/1.1" 200 297
190.9.202.94 - - [28/Jul/2015:04:20:37 -0500] "GET /catalogoisis/imagenes/br2c1.gif HTTP/1.1" 200 297
190.9.202.94 - - [28/Jul/2015:04:20:37 -0500] "GET /catalogoisis/imagenes/br2c3.gif HTTP/1.1" 200 416
190.9.202.94 - - [28/Jul/2015:04:20:37 -0500] "GET /catalogoisis/imagenes/br3c2.gif HTTP/1.1" 200 285
190.9.202.94 - - [28/Jul/2015:04:20:37 -0500] "GET /catalogoisis/imagenes/br3c3.gif HTTP/1.1" 200 186
190.9.202.94 - - [28/Jul/2015:04:20:37 -0500] "GET /favicon.ico HTTP/1.1" 200 7782
201.245.192.253 - - [28/Jul/2015:04:20:55 -0500] "GET /forest/session.jsp?a=0.11655856834207223 HTTP/1.1" 200 4
190.9.202.94 - - [28/Jul/2015:04:20:58 -0500] "POST /catalogoisis/comb.php HTTP/1.1" 200 4381
190.9.202.94 - - [28/Jul/2015:04:20:59 -0500] "GET /catalogoisis/Js/Marcados.js HTTP/1.1" 200 1327
190.9.202.94 - - [28/Jul/2015:04:20:59 -0500] "GET /catalogoisis/Css/Pft.css HTTP/1.1" 200 3933
190.9.202.94 - - [28/Jul/2015:04:20:59 -0500] "GET /catalogoisis/imagenes/back.gif HTTP/1.1" 200 666
190.9.202.94 - - [28/Jul/2015:04:20:59 -0500] "GET /catalogoisis/imagenes/home.gif HTTP/1.1" 200 923
190.9.202.94 - - [28/Jul/2015:04:20:59 -0500] "GET /catalogoisis/imagenes/up.gif HTTP/1.1" 200 669
190.9.202.94 - - [28/Jul/2015:04:20:59 -0500] "GET /catalogoisis/imagenes/correo.gif HTTP/1.1" 200 525
190.9.202.94 - - [28/Jul/2015:04:20:59 -0500] "GET /catalogoisis/imagenes/selecc.gif HTTP/1.1" 200 784
190.9.202.94 - - [28/Jul/2015:04:20:59 -0500] "GET /catalogoisis/imagenes/print.gif HTTP/1.1" 200 916
190.9.202.94 - - [28/Jul/2015:04:20:59 -0500] "GET /catalogoisis/imagenes/fonest4.gif HTTP/1.1" 404 1402
66.249.64.96 - - [28/Jul/2015:04:21:07 -0500] "GET /BLA/resoluciones/RESOLUCIONES%202008/5070.pdf HTTP/1.1" 200 413438
188.165.15.94 - - [28/Jul/2015:04:21:13 -0500] "GET /BLA/resoluciones/RESOLUCIONES%202006/RES%202006%201251-1300/00001261.tif HTTP/1.1" 200 183600
127.0.0.1 - - [28/Jul/2015:04:21:32 -0500] "POST /wp-admin/admin-ajax.php HTTP/1.1" 200 47
66.249.64.96 - - [28/Jul/2015:04:21:55 -0500] "GET /BLA/resoluciones/AUTOS%202007/3757.pdf HTTP/1.1" 200 325147
66.249.64.253 - - [28/Jul/2015:04:22:18 -0500] "GET /BLA/boletinlegal/jurisprudencia/analisis/SENTENCIA%20C-703%20DE%202010.xls HTTP/1.1" 304 -
66.249.64.96 - - [28/Jul/2015:04:22:19 -0500] "GET /BLA/resoluciones/AUTOS%202011/3701.pdf HTTP/1.1" 200 323681
66.249.64.96 - - [28/Jul/2015:04:22:22 -0500] "GET /BLA/resoluciones/RESOLUCIONES%202014/1941.pdf HTTP/1.1" 304 -
66.249.64.106 - - [28/Jul/2015:04:22:23 -0500] "GET /BLA/resoluciones/RESOLUCIONES%202011/0233.pdf HTTP/1.1" 304 -
188.165.15.94 - - [28/Jul/2015:04:22:24 -0500] "GET /BLA/resoluciones/RESOLUCIONES%202002/RES%202002%2001-50/2002RES9.tif HTTP/1.1" 200 113464
188.165.15.94 - - [28/Jul/2015:04:22:37 -0500] "GET /BLA/resoluciones/RESOLUCIONES%202006/RES%202006%20%202851-2900/00002885.tif HTTP/1.1" 200 37312
188.165.15.94 - - [28/Jul/2015:04:22:53 -0500] "GET /BLA/resoluciones/RESOLUCIONES%202002/RES%202002%201051-1100/00001085.tif HTTP/1.1" 200 103732
66.249.64.96 - - [28/Jul/2015:04:23:02 -0500] "GET /galeria/galeria/fotos/Huemdal-Cordoba2P.jpg HTTP/1.1" 304 -
66.249.64.101 - - [28/Jul/2015:04:23:19 -0500] "GET /BLA/resoluciones/RESOLUCIONES%202009/5911.pdf HTTP/1.1" 200 549987
127.0.0.1 - - [28/Jul/2015:04:23:33 -0500] "POST /wp-cron.php?doing_wp_cron=1438075413.4443600177764892578125 HTTP/1.0" 200 -
127.0.0.1 - - [28/Jul/2015:04:23:32 -0500] "POST /wp-admin/admin-ajax.php HTTP/1.1" 200 47
188.165.15.94 - - [28/Jul/2015:04:23:34 -0500] "GET /BLA/resoluciones/RESOLUCIONES%202005/RES%202005%202801-2850/00002827.tif HTTP/1.1" 200 332142
186.158.137.188 - - [28/Jul/2015:04:23:39 -0500] "GET /BLA/boletinlegal/js/jquery.scrollShow.js HTTP/1.1" 200 4586
186.158.137.188 - - [28/Jul/2015:04:23:41 -0500] "GET /galeria/galeria/jquery.fancybox.js?v=2.1.5 HTTP/1.1" 200 48706
201.245.192.253 - - [28/Jul/2015:04:23:41 -0500] "GET /forest/session.jsp?a=0.8477510060723941 HTTP/1.1" 200 4
186.158.137.188 - - [28/Jul/2015:04:23:44 -0500] "GET /galeria/galeria/jquery.fancybox.css?v=2.1.5 HTTP/1.1" 200 4895
74.86.158.107 - - [28/Jul/2015:04:23:48 -0500] "HEAD / HTTP/1.1" 200 -
66.249.64.106 - - [28/Jul/2015:04:23:50 -0500] "GET /BLA/resoluciones/RESOLUCIONES%202009/7779.pdf HTTP/1.1" 200 493989
66.249.64.106 - - [28/Jul/2015:04:24:03 -0500] "GET /BLA/resoluciones/RESOLUCIONES%202008/2578.pdf HTTP/1.1" 200 234680
188.165.15.94 - - [28/Jul/2015:04:24:12 -0500] "GET /BLA/resoluciones/RESOLUCIONES%202005/RES%202005%202701%20-2750/00002748.tif HTTP/1.1" 200 78486
66.249.64.106 - - [28/Jul/2015:04:24:31 -0500] "GET /BLA/resoluciones/RESOLUCIONES%202009/3273.pdf HTTP/1.1" 200 593007
66.249.64.106 - - [28/Jul/2015:04:24:42 -0500] "GET /BLA/resoluciones/RESOLUCIONES%202007/RES%202007%202601%20AL%202700/RESOLUCION%202646%20DE%202007.pdf HTTP/1.1" 304 -
186.158.137.188 - - [28/Jul/2015:04:25:20 -0500] "GET /galeria/nivo-slider/demo/demo.html HTTP/1.1" 200 4912
186.158.137.188 - - [28/Jul/2015:04:25:20 -0500] "GET /galeria/carrusel/Carrusel/jquery.thumbnailScroller.css HTTP/1.1" 200 2066
127.0.0.1 - - [28/Jul/2015:04:25:32 -0500] "POST /wp-admin/admin-ajax.php HTTP/1.1" 200 47
66.249.64.101 - - [28/Jul/2015:04:25:37 -0500] "GET /BLA/resoluciones/RESOLUCIONES%202008/5087.pdf HTTP/1.1" 200 224464
188.165.15.94 - - [28/Jul/2015:04:25:52 -0500] "GET /BLA/resoluciones/RESOLUCIONES%202006/RES%202006%20%202851-2900/00002886.tif HTTP/1.1" 200 36214
66.249.64.96 - - [28/Jul/2015:04:25:53 -0500] "GET /BLA/resoluciones/RESOLUCIONES%202008/5732.pdf HTTP/1.1" 200 249669
201.245.192.253 - - [28/Jul/2015:04:25:55 -0500] "GET /forest/session.jsp?a=0.276947658166686 HTTP/1.1" 200 4
66.249.64.96 - - [28/Jul/2015:04:27:23 -0500] "GET /galeria/galeria/fotos/Huemdal-Cordoba3P.jpg HTTP/1.1" 304 -
127.0.0.1 - - [28/Jul/2015:04:27:32 -0500] "POST /wp-admin/admin-ajax.php HTTP/1.1" 200 47
213.37.131.172 - - [28/Jul/2015:04:27:56 -0500] "GET /BLA/boletinlegal/js/jquery.scrollShow.js HTTP/1.1" 200 4586
213.37.131.172 - - [28/Jul/2015:04:27:56 -0500] "GET /galeria/galeria/jquery.fancybox.css?v=2.1.5 HTTP/1.1" 200 4895
213.37.131.172 - - [28/Jul/2015:04:27:56 -0500] "GET /galeria/galeria/jquery.fancybox.js?v=2.1.5 HTTP/1.1" 200 48706
213.37.131.172 - - [28/Jul/2015:04:28:05 -0500] "GET /BLA/boletinlegal/js/jquery.scrollShow.js HTTP/1.1" 200 4586
213.37.131.172 - - [28/Jul/2015:04:28:05 -0500] "GET /galeria/galeria/jquery.fancybox.css?v=2.1.5 HTTP/1.1" 200 4895
213.37.131.172 - - [28/Jul/2015:04:28:05 -0500] "GET /galeria/galeria/jquery.fancybox.js?v=2.1.5 HTTP/1.1" 200 48706
188.165.15.94 - - [28/Jul/2015:04:28:27 -0500] "GET /BLA/resoluciones/RESOLUCIONES%202003/RES%202003%201051-1100/1085.tif HTTP/1.1" 200 140412
201.245.192.253 - - [28/Jul/2015:04:28:41 -0500] "GET /forest/session.jsp?a=0.8859660361743315 HTTP/1.1" 200 4
74.86.158.107 - - [28/Jul/2015:04:28:48 -0500] "HEAD / HTTP/1.1" 200 -
127.0.0.1 - - [28/Jul/2015:04:29:32 -0500] "POST /wp-admin/admin-ajax.php HTTP/1.1" 200 47
66.249.64.106 - - [28/Jul/2015:04:29:42 -0500] "GET /BLA/resoluciones/RESOLUCIONES%202013/0372.pdf HTTP/1.1" 304 -
66.249.64.96 - - [28/Jul/2015:04:29:57 -0500] "GET /BLA/resoluciones/AUTOS%202007/2564.pdf HTTP/1.1" 200 45644
201.245.192.253 - - [28/Jul/2015:04:30:55 -0500] "GET /forest/session.jsp?a=0.3648487173561632 HTTP/1.1" 200 4
188.165.15.94 - - [28/Jul/2015:04:31:04 -0500] "GET /BLA/resoluciones/index.php?dir=RESOLUCIONES%202004/RES%202004%201751-1800/&sort=size&order=asc HTTP/1.1" 200 12363
127.0.0.1 - - [28/Jul/2015:04:31:32 -0500] "POST /wp-admin/admin-ajax.php HTTP/1.1" 200 47
66.249.64.96 - - [28/Jul/2015:04:31:39 -0500] "GET /galeria/galeria/fotos/Huemdal-Cordoba1P.jpg HTTP/1.1" 304 -
190.158.211.45 - - [28/Jul/2015:04:31:05 -0500] "GET /BLA/boletinlegal/ HTTP/1.1" 200 51011
190.158.211.45 - - [28/Jul/2015:04:31:49 -0500] "GET /BLA/boletinlegal/images/img_1.jpg HTTP/1.1" 200 8067
190.158.211.45 - - [28/Jul/2015:04:31:49 -0500] "GET /BLA/boletinlegal/images/symbol5.gif HTTP/1.1" 200 2857
190.158.211.45 - - [28/Jul/2015:04:31:49 -0500] "GET /BLA/boletinlegal/images/img_3.jpg HTTP/1.1" 200 1841
190.158.211.45 - - [28/Jul/2015:04:31:50 -0500] "GET /BLA/boletinlegal/images/People.png HTTP/1.1" 200 45676
190.158.211.45 - - [28/Jul/2015:04:31:50 -0500] "GET /BLA/boletinlegal/images/group.png HTTP/1.1" 200 47853
188.165.15.94 - - [28/Jul/2015:04:32:10 -0500] "GET /BLA/resoluciones/RESOLUCIONES%202005/RES%202005%202401-2450/00002408.tif HTTP/1.1" 200 198464
66.249.64.96 - - [28/Jul/2015:04:32:19 -0500] "GET /BLA/resoluciones/Notificaciones/AUTOS%202014/4048.doc HTTP/1.1" 304 -
188.165.15.94 - - [28/Jul/2015:04:32:24 -0500] "GET /BLA/resoluciones/AUTOS%202006/AUTOS%202006%20901-1000/00000920.tif HTTP/1.1" 200 55552
66.249.64.253 - - [28/Jul/2015:04:33:18 -0500] "GET /portalsiaccapacitaciones/Soportes%20Capacitaciones%202013/0046.%20Presentaci%C3%B3n%20Campa%C3%B1a%20Recolecci%C3%B3n%20RESPEL%2003-10-2013.pdf HTTP/1.1" 404 1019
127.0.0.1 - - [28/Jul/2015:04:33:32 -0500] "POST /wp-admin/admin-ajax.php HTTP/1.1" 200 47
201.245.192.253 - - [28/Jul/2015:04:33:41 -0500] "GET /forest/session.jsp?a=0.3349343970186893 HTTP/1.1" 200 4
74.86.158.107 - - [28/Jul/2015:04:33:48 -0500] "HEAD / HTTP/1.1" 200 -
66.249.64.101 - - [28/Jul/2015:04:34:31 -0500] "GET /BLA/resoluciones/RESOLUCIONES%202008/0394.pdf HTTP/1.1" 200 265292
157.55.39.237 - - [28/Jul/2015:04:34:35 -0500] "GET /robots.txt HTTP/1.1" 404 1019
157.55.39.237 - - [28/Jul/2015:04:34:42 -0500] "GET /dama/libreria/pdf/ecosistemas/restauracion/1_ar35.pdf HTTP/1.1" 404 1019
188.165.15.94 - - [28/Jul/2015:04:34:42 -0500] "GET /BLA/resoluciones/RESOLUCIONES%202004/RES%202004%20351-400/00000372.tif HTTP/1.1" 200 488622
66.249.64.101 - - [28/Jul/2015:04:34:47 -0500] "GET /BLA/resoluciones/RESOLUCIONES%202009/9076.pdf HTTP/1.1" 200 510147
190.158.211.45 - - [28/Jul/2015:04:34:54 -0500] "GET /BLA/boletinlegal/actos.php HTTP/1.1" 200 7574
190.158.211.45 - - [28/Jul/2015:04:35:10 -0500] "GET /BLA/boletinlegal/consulta_actos.php?tipo=autos&no=0571&usuario=&sector=&fecha=2013&resuelve= HTTP/1.1" 200 623
190.158.211.45 - - [28/Jul/2015:04:35:15 -0500] "GET /BLA/boletinlegal/consulta_actos.php?tipo=autos&no=0571&usuario=&sector=&fecha=2013&resuelve= HTTP/1.1" 200 623
190.158.211.45 - - [28/Jul/2015:04:35:16 -0500] "GET /BLA/boletinlegal/consulta_actos.php?tipo=autos&no=0571&usuario=&sector=&fecha=2013&resuelve= HTTP/1.1" 200 623
