190.68.207.235 - - [25/Aug/2015:03:02:26 -0500] "POST /forms/lservlet;jsessionid=ac16012b30d61be5f47ab6024f4fbe268602d4e82aaa.e3iSbxaKaheRe38Ka34Oa3eLbxf0n6jAmljGr5XDqQLvpAe HTTP/1.1" 200 2
190.68.207.235 - - [25/Aug/2015:03:02:27 -0500] "POST /forms/lservlet;jsessionid=ac16012b30d61be5f47ab6024f4fbe268602d4e82aaa.e3iSbxaKaheRe38Ka34Oa3eLbxf0n6jAmljGr5XDqQLvpAe HTTP/1.1" 200 2
190.68.207.235 - - [25/Aug/2015:03:02:27 -0500] "POST /forms/lservlet;jsessionid=ac16012b30d61be5f47ab6024f4fbe268602d4e82aaa.e3iSbxaKaheRe38Ka34Oa3eLbxf0n6jAmljGr5XDqQLvpAe HTTP/1.1" 200 3230
190.68.207.235 - - [25/Aug/2015:03:02:28 -0500] "POST /forms/lservlet;jsessionid=ac16012b30d61be5f47ab6024f4fbe268602d4e82aaa.e3iSbxaKaheRe38Ka34Oa3eLbxf0n6jAmljGr5XDqQLvpAe HTTP/1.1" 200 2
190.68.207.235 - - [25/Aug/2015:03:02:49 -0500] "POST /forms/lservlet;jsessionid=ac16012b30d61be5f47ab6024f4fbe268602d4e82aaa.e3iSbxaKaheRe38Ka34Oa3eLbxf0n6jAmljGr5XDqQLvpAe HTTP/1.1" 200 2468
190.68.207.235 - - [25/Aug/2015:03:02:51 -0500] "POST /forms/lservlet;jsessionid=ac16012b30d61be5f47ab6024f4fbe268602d4e82aaa.e3iSbxaKaheRe38Ka34Oa3eLbxf0n6jAmljGr5XDqQLvpAe HTTP/1.1" 200 49
66.249.64.101 - - [25/Aug/2015:03:02:55 -0500] "GET /BLA/resoluciones/RESOLUCIONES%202008/3468.pdf HTTP/1.1" 200 447952
190.68.207.235 - - [25/Aug/2015:03:03:04 -0500] "POST /forms/lservlet;jsessionid=ac16012b30d61be5f47ab6024f4fbe268602d4e82aaa.e3iSbxaKaheRe38Ka34Oa3eLbxf0n6jAmljGr5XDqQLvpAe HTTP/1.1" 200 24
190.68.207.235 - - [25/Aug/2015:03:03:04 -0500] "POST /forms/lservlet;jsessionid=ac16012b30d61be5f47ab6024f4fbe268602d4e82aaa.e3iSbxaKaheRe38Ka34Oa3eLbxf0n6jAmljGr5XDqQLvpAe HTTP/1.1" 200 4018
66.249.64.248 - - [25/Aug/2015:03:03:05 -0500] "GET /BLA/boletinlegal/Directivas/2009/Directiva%20No.%20del%2023%20de%20Diciembre%20de%202009.pdf HTTP/1.1" 304 -
190.68.207.235 - - [25/Aug/2015:03:03:05 -0500] "POST /forms/lservlet;jsessionid=ac16012b30d61be5f47ab6024f4fbe268602d4e82aaa.e3iSbxaKaheRe38Ka34Oa3eLbxf0n6jAmljGr5XDqQLvpAe HTTP/1.1" 200 20
66.249.64.96 - - [25/Aug/2015:03:03:05 -0500] "GET /BLA/resoluciones/RESOLUCIONES%202011/0868.pdf HTTP/1.1" 304 -
190.68.207.235 - - [25/Aug/2015:03:03:08 -0500] "POST /forms/lservlet;jsessionid=ac16012b30d61be5f47ab6024f4fbe268602d4e82aaa.e3iSbxaKaheRe38Ka34Oa3eLbxf0n6jAmljGr5XDqQLvpAe HTTP/1.1" 200 2
190.68.207.235 - - [25/Aug/2015:03:03:09 -0500] "POST /forms/lservlet;jsessionid=ac16012b30d61be5f47ab6024f4fbe268602d4e82aaa.e3iSbxaKaheRe38Ka34Oa3eLbxf0n6jAmljGr5XDqQLvpAe HTTP/1.1" 200 3429
190.68.207.235 - - [25/Aug/2015:03:03:10 -0500] "POST /forms/lservlet;jsessionid=ac16012b30d61be5f47ab6024f4fbe268602d4e82aaa.e3iSbxaKaheRe38Ka34Oa3eLbxf0n6jAmljGr5XDqQLvpAe HTTP/1.1" 200 2
190.68.207.235 - - [25/Aug/2015:03:03:11 -0500] "POST /forms/lservlet;jsessionid=ac16012b30d61be5f47ab6024f4fbe268602d4e82aaa.e3iSbxaKaheRe38Ka34Oa3eLbxf0n6jAmljGr5XDqQLvpAe HTTP/1.1" 200 2
190.68.207.235 - - [25/Aug/2015:03:03:11 -0500] "POST /forms/lservlet;jsessionid=ac16012b30d61be5f47ab6024f4fbe268602d4e82aaa.e3iSbxaKaheRe38Ka34Oa3eLbxf0n6jAmljGr5XDqQLvpAe HTTP/1.1" 200 2228
190.68.207.235 - - [25/Aug/2015:03:03:11 -0500] "POST /forms/lservlet;jsessionid=ac16012b30d61be5f47ab6024f4fbe268602d4e82aaa.e3iSbxaKaheRe38Ka34Oa3eLbxf0n6jAmljGr5XDqQLvpAe HTTP/1.1" 200 10
190.68.207.235 - - [25/Aug/2015:03:03:13 -0500] "POST /forms/lservlet;jsessionid=ac16012b30d61be5f47ab6024f4fbe268602d4e82aaa.e3iSbxaKaheRe38Ka34Oa3eLbxf0n6jAmljGr5XDqQLvpAe HTTP/1.1" 200 2
190.68.207.235 - - [25/Aug/2015:03:03:13 -0500] "POST /forms/lservlet;jsessionid=ac16012b30d61be5f47ab6024f4fbe268602d4e82aaa.e3iSbxaKaheRe38Ka34Oa3eLbxf0n6jAmljGr5XDqQLvpAe HTTP/1.1" 200 3174
190.68.207.235 - - [25/Aug/2015:03:03:14 -0500] "POST /forms/lservlet;jsessionid=ac16012b30d61be5f47ab6024f4fbe268602d4e82aaa.e3iSbxaKaheRe38Ka34Oa3eLbxf0n6jAmljGr5XDqQLvpAe HTTP/1.1" 200 2
190.68.207.235 - - [25/Aug/2015:03:03:15 -0500] "POST /forms/lservlet;jsessionid=ac16012b30d61be5f47ab6024f4fbe268602d4e82aaa.e3iSbxaKaheRe38Ka34Oa3eLbxf0n6jAmljGr5XDqQLvpAe HTTP/1.1" 200 2383
190.68.207.235 - - [25/Aug/2015:03:03:16 -0500] "POST /forms/lservlet;jsessionid=ac16012b30d61be5f47ab6024f4fbe268602d4e82aaa.e3iSbxaKaheRe38Ka34Oa3eLbxf0n6jAmljGr5XDqQLvpAe HTTP/1.1" 200 49
66.249.64.101 - - [25/Aug/2015:03:03:37 -0500] "GET /BLA/resoluciones/RESOLUCIONES%202007/RES%202007%202701%20AL%202800/RESOLUCION%202784%20DE%202007.pdf HTTP/1.1" 304 -
190.68.207.235 - - [25/Aug/2015:03:03:39 -0500] "POST /forms/lservlet;jsessionid=ac16012b30d61be5f47ab6024f4fbe268602d4e82aaa.e3iSbxaKaheRe38Ka34Oa3eLbxf0n6jAmljGr5XDqQLvpAe HTTP/1.1" 200 24
190.68.207.235 - - [25/Aug/2015:03:03:39 -0500] "POST /forms/lservlet;jsessionid=ac16012b30d61be5f47ab6024f4fbe268602d4e82aaa.e3iSbxaKaheRe38Ka34Oa3eLbxf0n6jAmljGr5XDqQLvpAe HTTP/1.1" 200 592
190.68.207.235 - - [25/Aug/2015:03:03:40 -0500] "POST /forms/lservlet;jsessionid=ac16012b30d61be5f47ab6024f4fbe268602d4e82aaa.e3iSbxaKaheRe38Ka34Oa3eLbxf0n6jAmljGr5XDqQLvpAe HTTP/1.1" 200 20
190.68.207.235 - - [25/Aug/2015:03:03:41 -0500] "POST /forms/lservlet;jsessionid=ac16012b30d61be5f47ab6024f4fbe268602d4e82aaa.e3iSbxaKaheRe38Ka34Oa3eLbxf0n6jAmljGr5XDqQLvpAe HTTP/1.1" 200 426
190.68.207.235 - - [25/Aug/2015:03:04:07 -0500] "POST /forms/lservlet;jsessionid=ac16012b30d61be5f47ab6024f4fbe268602d4e82aaa.e3iSbxaKaheRe38Ka34Oa3eLbxf0n6jAmljGr5XDqQLvpAe HTTP/1.1" 200 52
74.86.158.107 - - [25/Aug/2015:03:04:16 -0500] "HEAD / HTTP/1.1" 200 -
190.68.207.235 - - [25/Aug/2015:03:04:19 -0500] "POST /forms/lservlet;jsessionid=ac16012b30d61be5f47ab6024f4fbe268602d4e82aaa.e3iSbxaKaheRe38Ka34Oa3eLbxf0n6jAmljGr5XDqQLvpAe HTTP/1.1" 200 24
190.68.207.235 - - [25/Aug/2015:03:04:20 -0500] "POST /forms/lservlet;jsessionid=ac16012b30d61be5f47ab6024f4fbe268602d4e82aaa.e3iSbxaKaheRe38Ka34Oa3eLbxf0n6jAmljGr5XDqQLvpAe HTTP/1.1" 200 530
190.68.207.235 - - [25/Aug/2015:03:04:20 -0500] "POST /forms/lservlet;jsessionid=ac16012b30d61be5f47ab6024f4fbe268602d4e82aaa.e3iSbxaKaheRe38Ka34Oa3eLbxf0n6jAmljGr5XDqQLvpAe HTTP/1.1" 200 20
190.68.207.235 - - [25/Aug/2015:03:04:25 -0500] "POST /forms/lservlet;jsessionid=ac16012b30d61be5f47ab6024f4fbe268602d4e82aaa.e3iSbxaKaheRe38Ka34Oa3eLbxf0n6jAmljGr5XDqQLvpAe HTTP/1.1" 200 60
190.68.207.235 - - [25/Aug/2015:03:04:26 -0500] "POST /forms/lservlet;jsessionid=ac16012b30d61be5f47ab6024f4fbe268602d4e82aaa.e3iSbxaKaheRe38Ka34Oa3eLbxf0n6jAmljGr5XDqQLvpAe HTTP/1.1" 200 24
190.68.207.235 - - [25/Aug/2015:03:04:28 -0500] "POST /forms/lservlet;jsessionid=ac16012b30d61be5f47ab6024f4fbe268602d4e82aaa.e3iSbxaKaheRe38Ka34Oa3eLbxf0n6jAmljGr5XDqQLvpAe HTTP/1.1" 200 475
190.68.207.235 - - [25/Aug/2015:03:04:30 -0500] "POST /forms/lservlet;jsessionid=ac16012b30d61be5f47ab6024f4fbe268602d4e82aaa.e3iSbxaKaheRe38Ka34Oa3eLbxf0n6jAmljGr5XDqQLvpAe HTTP/1.1" 200 52
190.68.207.235 - - [25/Aug/2015:03:04:38 -0500] "POST /forms/lservlet;jsessionid=ac16012b30d61be5f47ab6024f4fbe268602d4e82aaa.e3iSbxaKaheRe38Ka34Oa3eLbxf0n6jAmljGr5XDqQLvpAe HTTP/1.1" 200 24
190.68.207.235 - - [25/Aug/2015:03:04:38 -0500] "POST /forms/lservlet;jsessionid=ac16012b30d61be5f47ab6024f4fbe268602d4e82aaa.e3iSbxaKaheRe38Ka34Oa3eLbxf0n6jAmljGr5XDqQLvpAe HTTP/1.1" 200 530
190.68.207.235 - - [25/Aug/2015:03:04:38 -0500] "POST /forms/lservlet;jsessionid=ac16012b30d61be5f47ab6024f4fbe268602d4e82aaa.e3iSbxaKaheRe38Ka34Oa3eLbxf0n6jAmljGr5XDqQLvpAe HTTP/1.1" 200 20
190.68.207.235 - - [25/Aug/2015:03:04:40 -0500] "POST /forms/lservlet;jsessionid=ac16012b30d61be5f47ab6024f4fbe268602d4e82aaa.e3iSbxaKaheRe38Ka34Oa3eLbxf0n6jAmljGr5XDqQLvpAe HTTP/1.1" 200 426
190.68.207.235 - - [25/Aug/2015:03:04:42 -0500] "POST /forms/lservlet;jsessionid=ac16012b30d61be5f47ab6024f4fbe268602d4e82aaa.e3iSbxaKaheRe38Ka34Oa3eLbxf0n6jAmljGr5XDqQLvpAe HTTP/1.1" 200 52
190.68.207.235 - - [25/Aug/2015:03:04:48 -0500] "POST /forms/lservlet;jsessionid=ac16012b30d61be5f47ab6024f4fbe268602d4e82aaa.e3iSbxaKaheRe38Ka34Oa3eLbxf0n6jAmljGr5XDqQLvpAe HTTP/1.1" 200 24
190.68.207.235 - - [25/Aug/2015:03:04:49 -0500] "POST /forms/lservlet;jsessionid=ac16012b30d61be5f47ab6024f4fbe268602d4e82aaa.e3iSbxaKaheRe38Ka34Oa3eLbxf0n6jAmljGr5XDqQLvpAe HTTP/1.1" 200 530
190.68.207.235 - - [25/Aug/2015:03:04:49 -0500] "POST /forms/lservlet;jsessionid=ac16012b30d61be5f47ab6024f4fbe268602d4e82aaa.e3iSbxaKaheRe38Ka34Oa3eLbxf0n6jAmljGr5XDqQLvpAe HTTP/1.1" 200 20
190.68.207.235 - - [25/Aug/2015:03:04:50 -0500] "POST /forms/lservlet;jsessionid=ac16012b30d61be5f47ab6024f4fbe268602d4e82aaa.e3iSbxaKaheRe38Ka34Oa3eLbxf0n6jAmljGr5XDqQLvpAe HTTP/1.1" 200 426
190.68.207.235 - - [25/Aug/2015:03:05:14 -0500] "POST /forms/lservlet;jsessionid=ac16012b30d61be5f47ab6024f4fbe268602d4e82aaa.e3iSbxaKaheRe38Ka34Oa3eLbxf0n6jAmljGr5XDqQLvpAe HTTP/1.1" 200 52
190.68.207.235 - - [25/Aug/2015:03:05:27 -0500] "POST /forms/lservlet;jsessionid=ac16012b30d61be5f47ab6024f4fbe268602d4e82aaa.e3iSbxaKaheRe38Ka34Oa3eLbxf0n6jAmljGr5XDqQLvpAe HTTP/1.1" 200 24
190.68.207.235 - - [25/Aug/2015:03:05:27 -0500] "POST /forms/lservlet;jsessionid=ac16012b30d61be5f47ab6024f4fbe268602d4e82aaa.e3iSbxaKaheRe38Ka34Oa3eLbxf0n6jAmljGr5XDqQLvpAe HTTP/1.1" 200 530
190.68.207.235 - - [25/Aug/2015:03:05:27 -0500] "POST /forms/lservlet;jsessionid=ac16012b30d61be5f47ab6024f4fbe268602d4e82aaa.e3iSbxaKaheRe38Ka34Oa3eLbxf0n6jAmljGr5XDqQLvpAe HTTP/1.1" 200 20
190.68.207.235 - - [25/Aug/2015:03:05:29 -0500] "POST /forms/lservlet;jsessionid=ac16012b30d61be5f47ab6024f4fbe268602d4e82aaa.e3iSbxaKaheRe38Ka34Oa3eLbxf0n6jAmljGr5XDqQLvpAe HTTP/1.1" 200 426
66.249.64.106 - - [25/Aug/2015:03:05:43 -0500] "GET /Residuos/impresion/images/page33_thumbnail.jpg HTTP/1.1" 200 6917
190.68.207.235 - - [25/Aug/2015:03:05:56 -0500] "POST /forms/lservlet;jsessionid=ac16012b30d61be5f47ab6024f4fbe268602d4e82aaa.e3iSbxaKaheRe38Ka34Oa3eLbxf0n6jAmljGr5XDqQLvpAe HTTP/1.1" 200 208
190.68.207.235 - - [25/Aug/2015:03:05:57 -0500] "POST /forms/lservlet;jsessionid=ac16012b30d61be5f47ab6024f4fbe268602d4e82aaa.e3iSbxaKaheRe38Ka34Oa3eLbxf0n6jAmljGr5XDqQLvpAe HTTP/1.1" 200 52
66.249.64.96 - - [25/Aug/2015:03:06:05 -0500] "GET /BLA/resoluciones/AUTOS%202013/0460.pdf HTTP/1.1" 304 -
190.68.207.235 - - [25/Aug/2015:03:06:07 -0500] "POST /forms/lservlet;jsessionid=ac16012b30d61be5f47ab6024f4fbe268602d4e82aaa.e3iSbxaKaheRe38Ka34Oa3eLbxf0n6jAmljGr5XDqQLvpAe HTTP/1.1" 200 24
190.68.207.235 - - [25/Aug/2015:03:06:07 -0500] "POST /forms/lservlet;jsessionid=ac16012b30d61be5f47ab6024f4fbe268602d4e82aaa.e3iSbxaKaheRe38Ka34Oa3eLbxf0n6jAmljGr5XDqQLvpAe HTTP/1.1" 200 14
190.68.207.235 - - [25/Aug/2015:03:06:08 -0500] "POST /forms/lservlet;jsessionid=ac16012b30d61be5f47ab6024f4fbe268602d4e82aaa.e3iSbxaKaheRe38Ka34Oa3eLbxf0n6jAmljGr5XDqQLvpAe HTTP/1.1" 200 4161
190.68.207.235 - - [25/Aug/2015:03:06:09 -0500] "POST /forms/lservlet;jsessionid=ac16012b30d61be5f47ab6024f4fbe268602d4e82aaa.e3iSbxaKaheRe38Ka34Oa3eLbxf0n6jAmljGr5XDqQLvpAe HTTP/1.1" 200 20
190.68.207.235 - - [25/Aug/2015:03:06:12 -0500] "POST /forms/lservlet;jsessionid=ac16012b30d61be5f47ab6024f4fbe268602d4e82aaa.e3iSbxaKaheRe38Ka34Oa3eLbxf0n6jAmljGr5XDqQLvpAe HTTP/1.1" 200 2
190.68.207.235 - - [25/Aug/2015:03:06:13 -0500] "POST /forms/lservlet;jsessionid=ac16012b30d61be5f47ab6024f4fbe268602d4e82aaa.e3iSbxaKaheRe38Ka34Oa3eLbxf0n6jAmljGr5XDqQLvpAe HTTP/1.1" 200 14
190.68.207.235 - - [25/Aug/2015:03:06:14 -0500] "POST /forms/lservlet;jsessionid=ac16012b30d61be5f47ab6024f4fbe268602d4e82aaa.e3iSbxaKaheRe38Ka34Oa3eLbxf0n6jAmljGr5XDqQLvpAe HTTP/1.1" 200 130
190.68.207.235 - - [25/Aug/2015:03:06:14 -0500] "POST /forms/lservlet;jsessionid=ac16012b30d61be5f47ab6024f4fbe268602d4e82aaa.e3iSbxaKaheRe38Ka34Oa3eLbxf0n6jAmljGr5XDqQLvpAe HTTP/1.1" 200 2
190.156.119.194 - - [25/Aug/2015:03:06:23 -0500] "GET /galeria/galeria/jquery.fancybox.css?v=2.1.5 HTTP/1.1" 200 4895
190.156.119.194 - - [25/Aug/2015:03:06:23 -0500] "GET /galeria/galeria/jquery.fancybox.js?v=2.1.5 HTTP/1.1" 200 48706
190.156.119.194 - - [25/Aug/2015:03:06:23 -0500] "GET /BLA/boletinlegal/js/jquery.scrollShow.js HTTP/1.1" 200 4586
190.68.207.235 - - [25/Aug/2015:03:06:15 -0500] "GET /reports/rwservlet/getjobid359165?server=rep_srvapsda HTTP/1.1" 200 1135051
190.68.207.235 - - [25/Aug/2015:03:06:27 -0500] "POST /forms/lservlet;jsessionid=ac16012b30d61be5f47ab6024f4fbe268602d4e82aaa.e3iSbxaKaheRe38Ka34Oa3eLbxf0n6jAmljGr5XDqQLvpAe HTTP/1.1" 200 2
190.156.119.194 - - [25/Aug/2015:03:06:28 -0500] "GET /galeria/galeria/jquery.fancybox.css?v=2.1.5 HTTP/1.1" 304 -
190.156.119.194 - - [25/Aug/2015:03:06:28 -0500] "GET /BLA/boletinlegal/js/jquery.scrollShow.js HTTP/1.1" 304 -
190.156.119.194 - - [25/Aug/2015:03:06:28 -0500] "GET /galeria/galeria/jquery.fancybox.js?v=2.1.5 HTTP/1.1" 304 -
190.68.207.235 - - [25/Aug/2015:03:06:42 -0500] "POST /forms/lservlet;jsessionid=ac16012b30d61be5f47ab6024f4fbe268602d4e82aaa.e3iSbxaKaheRe38Ka34Oa3eLbxf0n6jAmljGr5XDqQLvpAe HTTP/1.1" 200 2
190.68.207.235 - - [25/Aug/2015:03:06:42 -0500] "POST /forms/lservlet;jsessionid=ac16012b30d61be5f47ab6024f4fbe268602d4e82aaa.e3iSbxaKaheRe38Ka34Oa3eLbxf0n6jAmljGr5XDqQLvpAe HTTP/1.1" 200 3110
190.68.207.235 - - [25/Aug/2015:03:06:44 -0500] "POST /forms/lservlet;jsessionid=ac16012b30d61be5f47ab6024f4fbe268602d4e82aaa.e3iSbxaKaheRe38Ka34Oa3eLbxf0n6jAmljGr5XDqQLvpAe HTTP/1.1" 200 2
190.68.207.235 - - [25/Aug/2015:03:06:46 -0500] "POST /forms/lservlet;jsessionid=ac16012b30d61be5f47ab6024f4fbe268602d4e82aaa.e3iSbxaKaheRe38Ka34Oa3eLbxf0n6jAmljGr5XDqQLvpAe HTTP/1.1" 200 2
190.68.207.235 - - [25/Aug/2015:03:06:46 -0500] "POST /forms/lservlet;jsessionid=ac16012b30d61be5f47ab6024f4fbe268602d4e82aaa.e3iSbxaKaheRe38Ka34Oa3eLbxf0n6jAmljGr5XDqQLvpAe HTTP/1.1" 200 78
190.68.207.235 - - [25/Aug/2015:03:06:47 -0500] "POST /forms/lservlet;jsessionid=ac16012b30d61be5f47ab6024f4fbe268602d4e82aaa.e3iSbxaKaheRe38Ka34Oa3eLbxf0n6jAmljGr5XDqQLvpAe HTTP/1.1" 200 2
190.68.207.235 - - [25/Aug/2015:03:06:50 -0500] "POST /forms/lservlet;jsessionid=ac16012b30d61be5f47ab6024f4fbe268602d4e82aaa.e3iSbxaKaheRe38Ka34Oa3eLbxf0n6jAmljGr5XDqQLvpAe HTTP/1.1" 200 2
190.68.207.235 - - [25/Aug/2015:03:06:50 -0500] "POST /forms/lservlet;jsessionid=ac16012b30d61be5f47ab6024f4fbe268602d4e82aaa.e3iSbxaKaheRe38Ka34Oa3eLbxf0n6jAmljGr5XDqQLvpAe HTTP/1.1" 200 3043
190.68.207.235 - - [25/Aug/2015:03:06:52 -0500] "POST /forms/lservlet;jsessionid=ac16012b30d61be5f47ab6024f4fbe268602d4e82aaa.e3iSbxaKaheRe38Ka34Oa3eLbxf0n6jAmljGr5XDqQLvpAe HTTP/1.1" 200 2
190.68.207.235 - - [25/Aug/2015:03:06:53 -0500] "POST /forms/lservlet;jsessionid=ac16012b30d61be5f47ab6024f4fbe268602d4e82aaa.e3iSbxaKaheRe38Ka34Oa3eLbxf0n6jAmljGr5XDqQLvpAe HTTP/1.1" 200 2
190.68.207.235 - - [25/Aug/2015:03:06:53 -0500] "POST /forms/lservlet;jsessionid=ac16012b30d61be5f47ab6024f4fbe268602d4e82aaa.e3iSbxaKaheRe38Ka34Oa3eLbxf0n6jAmljGr5XDqQLvpAe HTTP/1.1" 200 2263
190.68.207.235 - - [25/Aug/2015:03:06:53 -0500] "POST /forms/lservlet;jsessionid=ac16012b30d61be5f47ab6024f4fbe268602d4e82aaa.e3iSbxaKaheRe38Ka34Oa3eLbxf0n6jAmljGr5XDqQLvpAe HTTP/1.1" 200 10
66.249.64.96 - - [25/Aug/2015:03:06:54 -0500] "GET /BLA/resoluciones/RESOLUCIONES%202007/RES%202007%203101%20AL%203200/RESOLUCION%203145%20DE%202007.pdf HTTP/1.1" 200 206933
190.68.207.235 - - [25/Aug/2015:03:06:55 -0500] "POST /forms/lservlet;jsessionid=ac16012b30d61be5f47ab6024f4fbe268602d4e82aaa.e3iSbxaKaheRe38Ka34Oa3eLbxf0n6jAmljGr5XDqQLvpAe HTTP/1.1" 200 2
190.68.207.235 - - [25/Aug/2015:03:06:55 -0500] "POST /forms/lservlet;jsessionid=ac16012b30d61be5f47ab6024f4fbe268602d4e82aaa.e3iSbxaKaheRe38Ka34Oa3eLbxf0n6jAmljGr5XDqQLvpAe HTTP/1.1" 200 3136
190.68.207.235 - - [25/Aug/2015:03:06:56 -0500] "POST /forms/lservlet;jsessionid=ac16012b30d61be5f47ab6024f4fbe268602d4e82aaa.e3iSbxaKaheRe38Ka34Oa3eLbxf0n6jAmljGr5XDqQLvpAe HTTP/1.1" 200 2
190.68.207.235 - - [25/Aug/2015:03:06:57 -0500] "POST /forms/lservlet;jsessionid=ac16012b30d61be5f47ab6024f4fbe268602d4e82aaa.e3iSbxaKaheRe38Ka34Oa3eLbxf0n6jAmljGr5XDqQLvpAe HTTP/1.1" 200 2429
190.68.207.235 - - [25/Aug/2015:03:06:58 -0500] "POST /forms/lservlet;jsessionid=ac16012b30d61be5f47ab6024f4fbe268602d4e82aaa.e3iSbxaKaheRe38Ka34Oa3eLbxf0n6jAmljGr5XDqQLvpAe HTTP/1.1" 200 49
190.68.207.235 - - [25/Aug/2015:03:07:11 -0500] "POST /forms/lservlet;jsessionid=ac16012b30d61be5f47ab6024f4fbe268602d4e82aaa.e3iSbxaKaheRe38Ka34Oa3eLbxf0n6jAmljGr5XDqQLvpAe HTTP/1.1" 200 24
190.68.207.235 - - [25/Aug/2015:03:07:11 -0500] "POST /forms/lservlet;jsessionid=ac16012b30d61be5f47ab6024f4fbe268602d4e82aaa.e3iSbxaKaheRe38Ka34Oa3eLbxf0n6jAmljGr5XDqQLvpAe HTTP/1.1" 200 4196
190.68.207.235 - - [25/Aug/2015:03:07:12 -0500] "POST /forms/lservlet;jsessionid=ac16012b30d61be5f47ab6024f4fbe268602d4e82aaa.e3iSbxaKaheRe38Ka34Oa3eLbxf0n6jAmljGr5XDqQLvpAe HTTP/1.1" 200 20
190.68.207.235 - - [25/Aug/2015:03:07:14 -0500] "POST /forms/lservlet;jsessionid=ac16012b30d61be5f47ab6024f4fbe268602d4e82aaa.e3iSbxaKaheRe38Ka34Oa3eLbxf0n6jAmljGr5XDqQLvpAe HTTP/1.1" 200 2
190.68.207.235 - - [25/Aug/2015:03:07:15 -0500] "POST /forms/lservlet;jsessionid=ac16012b30d61be5f47ab6024f4fbe268602d4e82aaa.e3iSbxaKaheRe38Ka34Oa3eLbxf0n6jAmljGr5XDqQLvpAe HTTP/1.1" 200 2141
190.68.207.235 - - [25/Aug/2015:03:07:15 -0500] "POST /forms/lservlet;jsessionid=ac16012b30d61be5f47ab6024f4fbe268602d4e82aaa.e3iSbxaKaheRe38Ka34Oa3eLbxf0n6jAmljGr5XDqQLvpAe HTTP/1.1" 200 10
181.60.134.122 - - [25/Aug/2015:03:07:22 -0500] "GET /forest/session.jsp?a=0.2729419369716197 HTTP/1.1" 200 4
190.68.207.235 - - [25/Aug/2015:03:07:30 -0500] "POST /forms/lservlet;jsessionid=ac16012b30d61be5f47ab6024f4fbe268602d4e82aaa.e3iSbxaKaheRe38Ka34Oa3eLbxf0n6jAmljGr5XDqQLvpAe HTTP/1.1" 200 546
190.68.207.235 - - [25/Aug/2015:03:07:32 -0500] "POST /forms/lservlet;jsessionid=ac16012b30d61be5f47ab6024f4fbe268602d4e82aaa.e3iSbxaKaheRe38Ka34Oa3eLbxf0n6jAmljGr5XDqQLvpAe HTTP/1.1" 200 49
190.68.207.235 - - [25/Aug/2015:03:07:52 -0500] "POST /forms/lservlet;jsessionid=ac16012b30d61be5f47ab6024f4fbe268602d4e82aaa.e3iSbxaKaheRe38Ka34Oa3eLbxf0n6jAmljGr5XDqQLvpAe HTTP/1.1" 200 24
190.68.207.235 - - [25/Aug/2015:03:07:52 -0500] "POST /forms/lservlet;jsessionid=ac16012b30d61be5f47ab6024f4fbe268602d4e82aaa.e3iSbxaKaheRe38Ka34Oa3eLbxf0n6jAmljGr5XDqQLvpAe HTTP/1.1" 200 3227
190.68.207.235 - - [25/Aug/2015:03:07:53 -0500] "POST /forms/lservlet;jsessionid=ac16012b30d61be5f47ab6024f4fbe268602d4e82aaa.e3iSbxaKaheRe38Ka34Oa3eLbxf0n6jAmljGr5XDqQLvpAe HTTP/1.1" 200 20
190.68.207.235 - - [25/Aug/2015:03:08:08 -0500] "POST /forms/lservlet;jsessionid=ac16012b30d61be5f47ab6024f4fbe268602d4e82aaa.e3iSbxaKaheRe38Ka34Oa3eLbxf0n6jAmljGr5XDqQLvpAe HTTP/1.1" 200 2
190.68.207.235 - - [25/Aug/2015:03:08:08 -0500] "POST /forms/lservlet;jsessionid=ac16012b30d61be5f47ab6024f4fbe268602d4e82aaa.e3iSbxaKaheRe38Ka34Oa3eLbxf0n6jAmljGr5XDqQLvpAe HTTP/1.1" 200 2129
190.68.207.235 - - [25/Aug/2015:03:08:09 -0500] "POST /forms/lservlet;jsessionid=ac16012b30d61be5f47ab6024f4fbe268602d4e82aaa.e3iSbxaKaheRe38Ka34Oa3eLbxf0n6jAmljGr5XDqQLvpAe HTTP/1.1" 200 10
190.68.207.235 - - [25/Aug/2015:03:08:10 -0500] "POST /forms/lservlet;jsessionid=ac16012b30d61be5f47ab6024f4fbe268602d4e82aaa.e3iSbxaKaheRe38Ka34Oa3eLbxf0n6jAmljGr5XDqQLvpAe HTTP/1.1" 200 546
190.68.207.235 - - [25/Aug/2015:03:08:30 -0500] "POST /forms/lservlet;jsessionid=ac16012b30d61be5f47ab6024f4fbe268602d4e82aaa.e3iSbxaKaheRe38Ka34Oa3eLbxf0n6jAmljGr5XDqQLvpAe HTTP/1.1" 200 2
190.68.207.235 - - [25/Aug/2015:03:08:31 -0500] "POST /forms/lservlet;jsessionid=ac16012b30d61be5f47ab6024f4fbe268602d4e82aaa.e3iSbxaKaheRe38Ka34Oa3eLbxf0n6jAmljGr5XDqQLvpAe HTTP/1.1" 200 49
190.68.207.235 - - [25/Aug/2015:03:08:42 -0500] "POST /forms/lservlet;jsessionid=ac16012b30d61be5f47ab6024f4fbe268602d4e82aaa.e3iSbxaKaheRe38Ka34Oa3eLbxf0n6jAmljGr5XDqQLvpAe HTTP/1.1" 200 24
190.68.207.235 - - [25/Aug/2015:03:08:42 -0500] "POST /forms/lservlet;jsessionid=ac16012b30d61be5f47ab6024f4fbe268602d4e82aaa.e3iSbxaKaheRe38Ka34Oa3eLbxf0n6jAmljGr5XDqQLvpAe HTTP/1.1" 200 592
190.68.207.235 - - [25/Aug/2015:03:08:42 -0500] "POST /forms/lservlet;jsessionid=ac16012b30d61be5f47ab6024f4fbe268602d4e82aaa.e3iSbxaKaheRe38Ka34Oa3eLbxf0n6jAmljGr5XDqQLvpAe HTTP/1.1" 200 20
190.68.207.235 - - [25/Aug/2015:03:08:44 -0500] "POST /forms/lservlet;jsessionid=ac16012b30d61be5f47ab6024f4fbe268602d4e82aaa.e3iSbxaKaheRe38Ka34Oa3eLbxf0n6jAmljGr5XDqQLvpAe HTTP/1.1" 200 426
190.68.207.235 - - [25/Aug/2015:03:08:45 -0500] "POST /forms/lservlet;jsessionid=ac16012b30d61be5f47ab6024f4fbe268602d4e82aaa.e3iSbxaKaheRe38Ka34Oa3eLbxf0n6jAmljGr5XDqQLvpAe HTTP/1.1" 200 52
190.68.207.235 - - [25/Aug/2015:03:08:56 -0500] "POST /forms/lservlet;jsessionid=ac16012b30d61be5f47ab6024f4fbe268602d4e82aaa.e3iSbxaKaheRe38Ka34Oa3eLbxf0n6jAmljGr5XDqQLvpAe HTTP/1.1" 200 24
190.68.207.235 - - [25/Aug/2015:03:08:56 -0500] "POST /forms/lservlet;jsessionid=ac16012b30d61be5f47ab6024f4fbe268602d4e82aaa.e3iSbxaKaheRe38Ka34Oa3eLbxf0n6jAmljGr5XDqQLvpAe HTTP/1.1" 200 530
190.68.207.235 - - [25/Aug/2015:03:08:57 -0500] "POST /forms/lservlet;jsessionid=ac16012b30d61be5f47ab6024f4fbe268602d4e82aaa.e3iSbxaKaheRe38Ka34Oa3eLbxf0n6jAmljGr5XDqQLvpAe HTTP/1.1" 200 20
66.249.64.96 - - [25/Aug/2015:03:09:15 -0500] "GET /BLA/resoluciones/RESOLUCIONES%202010/5801.pdf HTTP/1.1" 200 79050
74.86.158.107 - - [25/Aug/2015:03:09:16 -0500] "HEAD / HTTP/1.1" 200 -
180.76.15.13 - - [25/Aug/2015:03:09:17 -0500] "GET /POT-2013/Cartografia/Anexo01_Sistema_Hidrico.pdf HTTP/1.1" 200 5860035
66.249.64.253 - - [25/Aug/2015:03:09:19 -0500] "GET /BLA/boletinlegal/Circulares/2010/Circular%2005%20de%208%20de%20septiembre%20de%202010.pdf HTTP/1.1" 304 -
190.68.207.235 - - [25/Aug/2015:03:10:31 -0500] "POST /forms/lservlet;jsessionid=ac16012b30d61be5f47ab6024f4fbe268602d4e82aaa.e3iSbxaKaheRe38Ka34Oa3eLbxf0n6jAmljGr5XDqQLvpAe HTTP/1.1" 200 2
66.249.64.101 - - [25/Aug/2015:03:10:51 -0500] "GET /BLA/resoluciones/RESOLUCIONES%202011/4678.pdf HTTP/1.1" 200 556632
66.249.64.253 - - [25/Aug/2015:03:11:17 -0500] "GET /ecodirectorio/files/res/thumbnails/thumb_14.png HTTP/1.1" 200 14918
66.249.64.96 - - [25/Aug/2015:03:11:27 -0500] "GET /Residuos/impresion/images/page27_thumbnail.jpg HTTP/1.1" 200 11712
157.55.39.240 - - [25/Aug/2015:03:11:46 -0500] "GET /robots.txt HTTP/1.1" 404 1019
181.60.134.122 - - [25/Aug/2015:03:12:22 -0500] "GET /forest/session.jsp?a=0.5255549210123718 HTTP/1.1" 200 4
190.68.207.235 - - [25/Aug/2015:03:12:31 -0500] "POST /forms/lservlet;jsessionid=ac16012b30d61be5f47ab6024f4fbe268602d4e82aaa.e3iSbxaKaheRe38Ka34Oa3eLbxf0n6jAmljGr5XDqQLvpAe HTTP/1.1" 200 2
74.86.158.107 - - [25/Aug/2015:03:14:16 -0500] "HEAD / HTTP/1.1" 200 -
190.68.207.235 - - [25/Aug/2015:03:14:34 -0500] "POST /forms/lservlet;jsessionid=ac16012b30d61be5f47ab6024f4fbe268602d4e82aaa.e3iSbxaKaheRe38Ka34Oa3eLbxf0n6jAmljGr5XDqQLvpAe HTTP/1.1" 200 2
66.249.64.106 - - [25/Aug/2015:03:14:46 -0500] "GET /BLA/resoluciones/RESOLUCIONES%202011/1495.pdf HTTP/1.1" 200 71215
157.55.39.143 - - [25/Aug/2015:03:15:07 -0500] "GET /pot/pot10.htm HTTP/1.1" 404 1015
66.249.64.101 - - [25/Aug/2015:03:15:25 -0500] "GET /BLA/resoluciones/AUTOS%202009/1553.pdf HTTP/1.1" 200 112042
66.249.64.96 - - [25/Aug/2015:03:15:26 -0500] "GET /BLA/resoluciones/RESOLUCIONES%202007/RES%202007%201401%20AL%201500/RESOLUCION%201482%20DE%202007.pdf HTTP/1.1" 200 276182
66.249.64.106 - - [25/Aug/2015:03:16:10 -0500] "GET /BLA/resoluciones/RESOLUCIONES%202011/0912.pdf HTTP/1.1" 304 -
190.68.207.235 - - [25/Aug/2015:03:16:35 -0500] "POST /forms/lservlet;jsessionid=ac16012b30d61be5f47ab6024f4fbe268602d4e82aaa.e3iSbxaKaheRe38Ka34Oa3eLbxf0n6jAmljGr5XDqQLvpAe HTTP/1.1" 200 2
66.249.64.101 - - [25/Aug/2015:03:17:11 -0500] "GET /Residuos/impresion/images/page24_thumbnail.jpg HTTP/1.1" 200 11663
66.249.64.101 - - [25/Aug/2015:03:17:11 -0500] "GET /BLA/resoluciones/RESOLUCIONES%202005/RES%202005%201851-1900/00001874.tif HTTP/1.1" 200 80846
176.31.7.206 - - [25/Aug/2015:03:17:50 -0500] "GET / HTTP/1.1" 200 10190
66.249.64.106 - - [25/Aug/2015:03:18:35 -0500] "GET /BLA/resoluciones/RESOLUCIONES%202009/5029.pdf HTTP/1.1" 200 655985
190.68.207.235 - - [25/Aug/2015:03:18:38 -0500] "POST /forms/lservlet;jsessionid=ac16012b30d61be5f47ab6024f4fbe268602d4e82aaa.e3iSbxaKaheRe38Ka34Oa3eLbxf0n6jAmljGr5XDqQLvpAe HTTP/1.1" 200 2
66.249.64.101 - - [25/Aug/2015:03:18:44 -0500] "GET /BLA/resoluciones/RESOLUCIONES%202009/5292.pdf HTTP/1.1" 200 518035
190.68.207.235 - - [25/Aug/2015:03:19:02 -0500] "POST /forms/lservlet;jsessionid=ac16012b30d61be5f47ab6024f4fbe268602d4e82aaa.e3iSbxaKaheRe38Ka34Oa3eLbxf0n6jAmljGr5XDqQLvpAe HTTP/1.1" 200 426
66.249.64.106 - - [25/Aug/2015:03:19:08 -0500] "GET /BLA/resoluciones/RESOLUCIONES%202009/1013.pdf HTTP/1.1" 304 -
190.68.207.235 - - [25/Aug/2015:03:19:08 -0500] "POST /forms/lservlet;jsessionid=ac16012b30d61be5f47ab6024f4fbe268602d4e82aaa.e3iSbxaKaheRe38Ka34Oa3eLbxf0n6jAmljGr5XDqQLvpAe HTTP/1.1" 200 52
190.68.207.235 - - [25/Aug/2015:03:19:13 -0500] "POST /forms/lservlet;jsessionid=ac16012b30d61be5f47ab6024f4fbe268602d4e82aaa.e3iSbxaKaheRe38Ka34Oa3eLbxf0n6jAmljGr5XDqQLvpAe HTTP/1.1" 200 62
74.86.158.107 - - [25/Aug/2015:03:19:16 -0500] "HEAD / HTTP/1.1" 200 -
190.68.207.235 - - [25/Aug/2015:03:19:23 -0500] "POST /forms/lservlet;jsessionid=ac16012b30d61be5f47ab6024f4fbe268602d4e82aaa.e3iSbxaKaheRe38Ka34Oa3eLbxf0n6jAmljGr5XDqQLvpAe HTTP/1.1" 200 24
190.68.207.235 - - [25/Aug/2015:03:19:23 -0500] "POST /forms/lservlet;jsessionid=ac16012b30d61be5f47ab6024f4fbe268602d4e82aaa.e3iSbxaKaheRe38Ka34Oa3eLbxf0n6jAmljGr5XDqQLvpAe HTTP/1.1" 200 14
190.68.207.235 - - [25/Aug/2015:03:19:24 -0500] "POST /forms/lservlet;jsessionid=ac16012b30d61be5f47ab6024f4fbe268602d4e82aaa.e3iSbxaKaheRe38Ka34Oa3eLbxf0n6jAmljGr5XDqQLvpAe HTTP/1.1" 200 4143
190.68.207.235 - - [25/Aug/2015:03:19:25 -0500] "POST /forms/lservlet;jsessionid=ac16012b30d61be5f47ab6024f4fbe268602d4e82aaa.e3iSbxaKaheRe38Ka34Oa3eLbxf0n6jAmljGr5XDqQLvpAe HTTP/1.1" 200 20
190.68.207.235 - - [25/Aug/2015:03:19:34 -0500] "POST /forms/lservlet;jsessionid=ac16012b30d61be5f47ab6024f4fbe268602d4e82aaa.e3iSbxaKaheRe38Ka34Oa3eLbxf0n6jAmljGr5XDqQLvpAe HTTP/1.1" 200 2
190.68.207.235 - - [25/Aug/2015:03:19:34 -0500] "POST /forms/lservlet;jsessionid=ac16012b30d61be5f47ab6024f4fbe268602d4e82aaa.e3iSbxaKaheRe38Ka34Oa3eLbxf0n6jAmljGr5XDqQLvpAe HTTP/1.1" 200 2839
190.68.207.235 - - [25/Aug/2015:03:19:35 -0500] "POST /forms/lservlet;jsessionid=ac16012b30d61be5f47ab6024f4fbe268602d4e82aaa.e3iSbxaKaheRe38Ka34Oa3eLbxf0n6jAmljGr5XDqQLvpAe HTTP/1.1" 200 2
123.125.71.16 - - [25/Aug/2015:03:19:37 -0500] "GET / HTTP/1.1" 200 10190
190.68.207.235 - - [25/Aug/2015:03:19:44 -0500] "POST /forms/lservlet;jsessionid=ac16012b30d61be5f47ab6024f4fbe268602d4e82aaa.e3iSbxaKaheRe38Ka34Oa3eLbxf0n6jAmljGr5XDqQLvpAe HTTP/1.1" 200 2
190.68.207.235 - - [25/Aug/2015:03:19:44 -0500] "POST /forms/lservlet;jsessionid=ac16012b30d61be5f47ab6024f4fbe268602d4e82aaa.e3iSbxaKaheRe38Ka34Oa3eLbxf0n6jAmljGr5XDqQLvpAe HTTP/1.1" 200 14
190.68.207.235 - - [25/Aug/2015:03:19:46 -0500] "POST /forms/lservlet;jsessionid=ac16012b30d61be5f47ab6024f4fbe268602d4e82aaa.e3iSbxaKaheRe38Ka34Oa3eLbxf0n6jAmljGr5XDqQLvpAe HTTP/1.1" 200 78
190.68.207.235 - - [25/Aug/2015:03:19:46 -0500] "POST /forms/lservlet;jsessionid=ac16012b30d61be5f47ab6024f4fbe268602d4e82aaa.e3iSbxaKaheRe38Ka34Oa3eLbxf0n6jAmljGr5XDqQLvpAe HTTP/1.1" 200 2
190.68.207.235 - - [25/Aug/2015:03:19:56 -0500] "POST /forms/lservlet;jsessionid=ac16012b30d61be5f47ab6024f4fbe268602d4e82aaa.e3iSbxaKaheRe38Ka34Oa3eLbxf0n6jAmljGr5XDqQLvpAe HTTP/1.1" 200 2
190.68.207.235 - - [25/Aug/2015:03:19:57 -0500] "POST /forms/lservlet;jsessionid=ac16012b30d61be5f47ab6024f4fbe268602d4e82aaa.e3iSbxaKaheRe38Ka34Oa3eLbxf0n6jAmljGr5XDqQLvpAe HTTP/1.1" 200 2363
190.68.207.235 - - [25/Aug/2015:03:19:58 -0500] "POST /forms/lservlet;jsessionid=ac16012b30d61be5f47ab6024f4fbe268602d4e82aaa.e3iSbxaKaheRe38Ka34Oa3eLbxf0n6jAmljGr5XDqQLvpAe HTTP/1.1" 200 2
190.68.207.235 - - [25/Aug/2015:03:19:58 -0500] "POST /forms/lservlet;jsessionid=ac16012b30d61be5f47ab6024f4fbe268602d4e82aaa.e3iSbxaKaheRe38Ka34Oa3eLbxf0n6jAmljGr5XDqQLvpAe HTTP/1.1" 200 2
190.68.207.235 - - [25/Aug/2015:03:19:58 -0500] "POST /forms/lservlet;jsessionid=ac16012b30d61be5f47ab6024f4fbe268602d4e82aaa.e3iSbxaKaheRe38Ka34Oa3eLbxf0n6jAmljGr5XDqQLvpAe HTTP/1.1" 200 3032
190.68.207.235 - - [25/Aug/2015:03:19:59 -0500] "POST /forms/lservlet;jsessionid=ac16012b30d61be5f47ab6024f4fbe268602d4e82aaa.e3iSbxaKaheRe38Ka34Oa3eLbxf0n6jAmljGr5XDqQLvpAe HTTP/1.1" 200 2
190.68.207.235 - - [25/Aug/2015:03:20:00 -0500] "POST /forms/lservlet;jsessionid=ac16012b30d61be5f47ab6024f4fbe268602d4e82aaa.e3iSbxaKaheRe38Ka34Oa3eLbxf0n6jAmljGr5XDqQLvpAe HTTP/1.1" 200 2
190.68.207.235 - - [25/Aug/2015:03:20:00 -0500] "POST /forms/lservlet;jsessionid=ac16012b30d61be5f47ab6024f4fbe268602d4e82aaa.e3iSbxaKaheRe38Ka34Oa3eLbxf0n6jAmljGr5XDqQLvpAe HTTP/1.1" 200 4719
190.68.207.235 - - [25/Aug/2015:03:20:01 -0500] "POST /forms/lservlet;jsessionid=ac16012b30d61be5f47ab6024f4fbe268602d4e82aaa.e3iSbxaKaheRe38Ka34Oa3eLbxf0n6jAmljGr5XDqQLvpAe HTTP/1.1" 200 2
190.68.207.235 - - [25/Aug/2015:03:20:03 -0500] "POST /forms/lservlet;jsessionid=ac16012b30d61be5f47ab6024f4fbe268602d4e82aaa.e3iSbxaKaheRe38Ka34Oa3eLbxf0n6jAmljGr5XDqQLvpAe HTTP/1.1" 200 2
190.68.207.235 - - [25/Aug/2015:03:20:03 -0500] "POST /forms/lservlet;jsessionid=ac16012b30d61be5f47ab6024f4fbe268602d4e82aaa.e3iSbxaKaheRe38Ka34Oa3eLbxf0n6jAmljGr5XDqQLvpAe HTTP/1.1" 200 4112
190.68.207.235 - - [25/Aug/2015:03:20:07 -0500] "POST /forms/lservlet;jsessionid=ac16012b30d61be5f47ab6024f4fbe268602d4e82aaa.e3iSbxaKaheRe38Ka34Oa3eLbxf0n6jAmljGr5XDqQLvpAe HTTP/1.1" 200 2
190.68.207.235 - - [25/Aug/2015:03:20:20 -0500] "POST /forms/lservlet;jsessionid=ac16012b30d61be5f47ab6024f4fbe268602d4e82aaa.e3iSbxaKaheRe38Ka34Oa3eLbxf0n6jAmljGr5XDqQLvpAe HTTP/1.1" 200 2
190.68.207.235 - - [25/Aug/2015:03:20:20 -0500] "POST /forms/lservlet;jsessionid=ac16012b30d61be5f47ab6024f4fbe268602d4e82aaa.e3iSbxaKaheRe38Ka34Oa3eLbxf0n6jAmljGr5XDqQLvpAe HTTP/1.1" 200 90
190.68.207.235 - - [25/Aug/2015:03:20:21 -0500] "POST /forms/lservlet;jsessionid=ac16012b30d61be5f47ab6024f4fbe268602d4e82aaa.e3iSbxaKaheRe38Ka34Oa3eLbxf0n6jAmljGr5XDqQLvpAe HTTP/1.1" 200 2
190.68.207.235 - - [25/Aug/2015:03:20:22 -0500] "POST /forms/lservlet;jsessionid=ac16012b30d61be5f47ab6024f4fbe268602d4e82aaa.e3iSbxaKaheRe38Ka34Oa3eLbxf0n6jAmljGr5XDqQLvpAe HTTP/1.1" 200 2
190.68.207.235 - - [25/Aug/2015:03:20:26 -0500] "POST /forms/lservlet;jsessionid=ac16012b30d61be5f47ab6024f4fbe268602d4e82aaa.e3iSbxaKaheRe38Ka34Oa3eLbxf0n6jAmljGr5XDqQLvpAe HTTP/1.1" 200 28
190.68.207.235 - - [25/Aug/2015:03:20:28 -0500] "POST /forms/lservlet;jsessionid=ac16012b30d61be5f47ab6024f4fbe268602d4e82aaa.e3iSbxaKaheRe38Ka34Oa3eLbxf0n6jAmljGr5XDqQLvpAe HTTP/1.1" 200 113
190.68.207.235 - - [25/Aug/2015:03:20:28 -0500] "POST /forms/lservlet;jsessionid=ac16012b30d61be5f47ab6024f4fbe268602d4e82aaa.e3iSbxaKaheRe38Ka34Oa3eLbxf0n6jAmljGr5XDqQLvpAe HTTP/1.1" 200 2
190.68.207.235 - - [25/Aug/2015:03:20:30 -0500] "POST /forms/lservlet;jsessionid=ac16012b30d61be5f47ab6024f4fbe268602d4e82aaa.e3iSbxaKaheRe38Ka34Oa3eLbxf0n6jAmljGr5XDqQLvpAe HTTP/1.1" 200 185
190.68.207.235 - - [25/Aug/2015:03:20:30 -0500] "GET /imagenes/listval.gif HTTP/1.1" 200 905
190.68.207.235 - - [25/Aug/2015:03:20:31 -0500] "POST /forms/lservlet;jsessionid=ac16012b30d61be5f47ab6024f4fbe268602d4e82aaa.e3iSbxaKaheRe38Ka34Oa3eLbxf0n6jAmljGr5XDqQLvpAe HTTP/1.1" 200 7
190.68.207.235 - - [25/Aug/2015:03:20:31 -0500] "POST /forms/lservlet;jsessionid=ac16012b30d61be5f47ab6024f4fbe268602d4e82aaa.e3iSbxaKaheRe38Ka34Oa3eLbxf0n6jAmljGr5XDqQLvpAe HTTP/1.1" 200 143
190.68.207.235 - - [25/Aug/2015:03:20:32 -0500] "POST /forms/lservlet;jsessionid=ac16012b30d61be5f47ab6024f4fbe268602d4e82aaa.e3iSbxaKaheRe38Ka34Oa3eLbxf0n6jAmljGr5XDqQLvpAe HTTP/1.1" 200 7
190.68.207.235 - - [25/Aug/2015:03:20:33 -0500] "POST /forms/lservlet;jsessionid=ac16012b30d61be5f47ab6024f4fbe268602d4e82aaa.e3iSbxaKaheRe38Ka34Oa3eLbxf0n6jAmljGr5XDqQLvpAe HTTP/1.1" 200 177
190.68.207.235 - - [25/Aug/2015:03:20:33 -0500] "GET /imagenes/listval.gif HTTP/1.1" 200 905
190.68.207.235 - - [25/Aug/2015:03:20:33 -0500] "POST /forms/lservlet;jsessionid=ac16012b30d61be5f47ab6024f4fbe268602d4e82aaa.e3iSbxaKaheRe38Ka34Oa3eLbxf0n6jAmljGr5XDqQLvpAe HTTP/1.1" 200 11
190.68.207.235 - - [25/Aug/2015:03:20:35 -0500] "POST /forms/lservlet;jsessionid=ac16012b30d61be5f47ab6024f4fbe268602d4e82aaa.e3iSbxaKaheRe38Ka34Oa3eLbxf0n6jAmljGr5XDqQLvpAe HTTP/1.1" 200 128
190.68.207.235 - - [25/Aug/2015:03:20:35 -0500] "POST /forms/lservlet;jsessionid=ac16012b30d61be5f47ab6024f4fbe268602d4e82aaa.e3iSbxaKaheRe38Ka34Oa3eLbxf0n6jAmljGr5XDqQLvpAe HTTP/1.1" 200 7
190.68.207.235 - - [25/Aug/2015:03:20:36 -0500] "POST /forms/lservlet;jsessionid=ac16012b30d61be5f47ab6024f4fbe268602d4e82aaa.e3iSbxaKaheRe38Ka34Oa3eLbxf0n6jAmljGr5XDqQLvpAe HTTP/1.1" 200 185
190.68.207.235 - - [25/Aug/2015:03:20:36 -0500] "POST /forms/lservlet;jsessionid=ac16012b30d61be5f47ab6024f4fbe268602d4e82aaa.e3iSbxaKaheRe38Ka34Oa3eLbxf0n6jAmljGr5XDqQLvpAe HTTP/1.1" 200 7
190.68.207.235 - - [25/Aug/2015:03:20:38 -0500] "POST /forms/lservlet;jsessionid=ac16012b30d61be5f47ab6024f4fbe268602d4e82aaa.e3iSbxaKaheRe38Ka34Oa3eLbxf0n6jAmljGr5XDqQLvpAe HTTP/1.1" 200 2
157.55.39.240 - - [25/Aug/2015:03:21:02 -0500] "GET /newsecs/gams4.htm HTTP/1.1" 404 1019
157.55.39.240 - - [25/Aug/2015:03:21:13 -0500] "GET /Autoliquidacion/TR%C3%81MITES%20AGUAS%20SUBTERR%C3%81NEAS/formato%20toma%20de%20niveles.doc HTTP/1.1" 200 713728
66.249.64.96 - - [25/Aug/2015:03:21:45 -0500] "GET /BLA/resoluciones/RESOLUCIONES%202011/2264.pdf HTTP/1.1" 200 748220
190.68.207.235 - - [25/Aug/2015:03:22:38 -0500] "POST /forms/lservlet;jsessionid=ac16012b30d61be5f47ab6024f4fbe268602d4e82aaa.e3iSbxaKaheRe38Ka34Oa3eLbxf0n6jAmljGr5XDqQLvpAe HTTP/1.1" 200 2
66.249.64.106 - - [25/Aug/2015:03:22:40 -0500] "GET /BLA/resoluciones/RESOLUCIONES%202009/3560.pdf HTTP/1.1" 200 705598
66.249.64.106 - - [25/Aug/2015:03:22:55 -0500] "GET /Residuos/impresion/images/page26_thumbnail.jpg HTTP/1.1" 200 10881
74.86.158.107 - - [25/Aug/2015:03:24:16 -0500] "HEAD / HTTP/1.1" 200 -
180.76.15.156 - - [25/Aug/2015:03:24:17 -0500] "GET /SIG/ECS/126PM04-PR94.pdf HTTP/1.1" 200 4156368
190.68.207.235 - - [25/Aug/2015:03:24:39 -0500] "POST /forms/lservlet;jsessionid=ac16012b30d61be5f47ab6024f4fbe268602d4e82aaa.e3iSbxaKaheRe38Ka34Oa3eLbxf0n6jAmljGr5XDqQLvpAe HTTP/1.1" 200 2
66.249.64.253 - - [25/Aug/2015:03:24:55 -0500] "GET /Autoliquidacion/index.php?dir=Solicitudes+relacionadas+con+calidad+del+aire+auditiva+y+visual%2FEvaluaci%F3n+certificado+de+Intensidad+Auditiva%2F HTTP/1.1" 200 2823
66.249.64.101 - - [25/Aug/2015:03:24:58 -0500] "GET /BLA/resoluciones/RESOLUCIONES%202007/RES%202007%204001%20AL%204100/RESOLUCION%204061%20DE%202007.pdf HTTP/1.1" 200 272173
66.249.64.101 - - [25/Aug/2015:03:24:58 -0500] "GET /BLA/resoluciones/RESOLUCIONES%202009/4230.pdf HTTP/1.1" 304 -
66.249.64.106 - - [25/Aug/2015:03:24:59 -0500] "GET /BLA/resoluciones/AUTOS%202011/2208.pdf HTTP/1.1" 304 -
66.249.64.96 - - [25/Aug/2015:03:26:38 -0500] "GET /BLA/resoluciones/RESOLUCIONES%202009/5462.pdf HTTP/1.1" 200 296570
190.68.207.235 - - [25/Aug/2015:03:26:39 -0500] "POST /forms/lservlet;jsessionid=ac16012b30d61be5f47ab6024f4fbe268602d4e82aaa.e3iSbxaKaheRe38Ka34Oa3eLbxf0n6jAmljGr5XDqQLvpAe HTTP/1.1" 200 2
201.234.75.11 - - [25/Aug/2015:03:27:15 -0500] "GET /galeria/nivo-slider/demo/images/Rendicion-de-cuentas.jpg HTTP/1.1" 304 -
66.249.64.96 - - [25/Aug/2015:03:27:55 -0500] "GET /BLA/resoluciones/RESOLUCIONES%202013/0524.pdf HTTP/1.1" 304 -
66.249.64.106 - - [25/Aug/2015:03:27:59 -0500] "GET /BLA/resoluciones/AUTOS%202013/2934.pdf HTTP/1.1" 200 426248
66.249.64.101 - - [25/Aug/2015:03:28:21 -0500] "GET /BLA/resoluciones/AUTOS%202007/3756.pdf HTTP/1.1" 200 50200
66.249.64.96 - - [25/Aug/2015:03:28:39 -0500] "GET /Residuos/impresion/images/page15_thumbnail.jpg HTTP/1.1" 200 5005
190.68.207.235 - - [25/Aug/2015:03:28:39 -0500] "POST /forms/lservlet;jsessionid=ac16012b30d61be5f47ab6024f4fbe268602d4e82aaa.e3iSbxaKaheRe38Ka34Oa3eLbxf0n6jAmljGr5XDqQLvpAe HTTP/1.1" 200 2
180.76.15.149 - - [25/Aug/2015:03:28:43 -0500] "GET / HTTP/1.1" 200 10190
66.249.64.96 - - [25/Aug/2015:03:28:50 -0500] "GET /BLA/resoluciones/AUTOS%202012/2170.pdf HTTP/1.1" 304 -
180.76.15.138 - - [25/Aug/2015:03:29:00 -0500] "GET / HTTP/1.1" 200 10190
74.86.158.107 - - [25/Aug/2015:03:29:16 -0500] "HEAD / HTTP/1.1" 200 -
66.249.64.106 - - [25/Aug/2015:03:29:53 -0500] "GET /BLA/resoluciones/AUTOS%202012/0533.pdf HTTP/1.1" 200 697006
66.249.64.106 - - [25/Aug/2015:03:30:09 -0500] "GET /BLA/resoluciones/RESOLUCIONES%202009/8618.pdf HTTP/1.1" 200 114152
66.249.64.106 - - [25/Aug/2015:03:30:12 -0500] "GET /BLA/resoluciones/Notificaciones/AUTOS%202012/3408.doc HTTP/1.1" 200 230912
66.249.64.96 - - [25/Aug/2015:03:30:35 -0500] "GET /BLA/resoluciones/RESOLUCIONES%202011/2606.pdf HTTP/1.1" 200 385448
190.68.207.235 - - [25/Aug/2015:03:30:40 -0500] "POST /forms/lservlet;jsessionid=ac16012b30d61be5f47ab6024f4fbe268602d4e82aaa.e3iSbxaKaheRe38Ka34Oa3eLbxf0n6jAmljGr5XDqQLvpAe HTTP/1.1" 200 2
66.249.64.96 - - [25/Aug/2015:03:30:55 -0500] "GET /BLA/resoluciones/RESOLUCIONES%202010/3646.pdf HTTP/1.1" 200 726839
66.249.64.96 - - [25/Aug/2015:03:30:56 -0500] "GET /BLA/resoluciones/AUTOS%202013/0607.pdf HTTP/1.1" 304 -
66.249.64.106 - - [25/Aug/2015:03:31:10 -0500] "GET /BLA/resoluciones/RESOLUCIONES%202008/5502.pdf HTTP/1.1" 200 217230
66.249.64.106 - - [25/Aug/2015:03:31:28 -0500] "GET /BLA/resoluciones/AUTOS%202013/2008.pdf HTTP/1.1" 304 -
66.249.64.96 - - [25/Aug/2015:03:32:13 -0500] "GET /BLA/resoluciones/RESOLUCIONES%202009/4684.pdf HTTP/1.1" 200 744638
66.249.64.106 - - [25/Aug/2015:03:32:30 -0500] "GET /BLA/resoluciones/RESOLUCIONES%202009/9642.pdf HTTP/1.1" 200 557597
190.68.207.235 - - [25/Aug/2015:03:32:43 -0500] "POST /forms/lservlet;jsessionid=ac16012b30d61be5f47ab6024f4fbe268602d4e82aaa.e3iSbxaKaheRe38Ka34Oa3eLbxf0n6jAmljGr5XDqQLvpAe HTTP/1.1" 200 2
66.249.64.106 - - [25/Aug/2015:03:33:40 -0500] "GET /BLA/resoluciones/RESOLUCIONES%202009/7109.pdf HTTP/1.1" 200 169768
66.249.64.101 - - [25/Aug/2015:03:33:48 -0500] "GET /BLA/resoluciones/RESOLUCIONES%202008/3303.pdf HTTP/1.1" 200 223144
66.249.64.106 - - [25/Aug/2015:03:33:55 -0500] "GET /BLA/resoluciones/RESOLUCIONES%202010/3351.pdf HTTP/1.1" 200 518001
74.86.158.107 - - [25/Aug/2015:03:34:16 -0500] "HEAD / HTTP/1.1" 200 -
66.249.64.101 - - [25/Aug/2015:03:34:23 -0500] "GET /Residuos/impresion/images/page17_thumbnail.jpg HTTP/1.1" 200 9069
66.249.64.101 - - [25/Aug/2015:03:34:30 -0500] "GET /BLA/resoluciones/RESOLUCIONES%202009/9106.pdf HTTP/1.1" 200 418660
66.249.64.248 - - [25/Aug/2015:03:34:33 -0500] "GET /BLA/boletinlegal/Directivas/2011/Directiva%20No.%208%20del%2020%20de%20Septiembre%20de%202011.pdf HTTP/1.1" 200 727150
190.68.207.235 - - [25/Aug/2015:03:34:46 -0500] "POST /forms/lservlet;jsessionid=ac16012b30d61be5f47ab6024f4fbe268602d4e82aaa.e3iSbxaKaheRe38Ka34Oa3eLbxf0n6jAmljGr5XDqQLvpAe HTTP/1.1" 200 2
66.249.64.101 - - [25/Aug/2015:03:35:32 -0500] "GET /BLA/resoluciones/RESOLUCIONES%202005/RES%202005%201851-1900/00001873.tif HTTP/1.1" 200 62946
66.249.64.106 - - [25/Aug/2015:03:35:59 -0500] "GET /BLA/resoluciones/Autos%202008/1005.pdf HTTP/1.1" 200 77248
66.249.64.248 - - [25/Aug/2015:03:36:14 -0500] "GET /htdocs/formas/fmf.pdf HTTP/1.1" 404 1019
66.249.64.96 - - [25/Aug/2015:03:36:30 -0500] "GET /BLA/resoluciones/RESOLUCIONES%202009/4389.pdf HTTP/1.1" 200 66610
131.253.24.154 - - [25/Aug/2015:03:36:40 -0500] "GET /BLA/boletinlegal/js/jquery.scrollShow.js HTTP/1.1" 200 4586
65.55.212.79 - - [25/Aug/2015:03:36:40 -0500] "GET /galeria/galeria/jquery.fancybox.js?v=2.1.5 HTTP/1.1" 200 48706
131.253.24.154 - - [25/Aug/2015:03:36:40 -0500] "GET /galeria/galeria/jquery.fancybox.css?v=2.1.5 HTTP/1.1" 200 4895
190.68.207.235 - - [25/Aug/2015:03:36:47 -0500] "POST /forms/lservlet;jsessionid=ac16012b30d61be5f47ab6024f4fbe268602d4e82aaa.e3iSbxaKaheRe38Ka34Oa3eLbxf0n6jAmljGr5XDqQLvpAe HTTP/1.1" 200 2
66.249.64.106 - - [25/Aug/2015:03:36:56 -0500] "GET /BLA/resoluciones/AUTOS%202013/1951.pdf HTTP/1.1" 304 -
66.249.64.101 - - [25/Aug/2015:03:36:57 -0500] "GET /BLA/resoluciones/AUTOS%202013/1951.pdf HTTP/1.1" 304 -
66.249.64.243 - - [25/Aug/2015:03:37:00 -0500] "GET / HTTP/1.1" 200 10190
66.249.64.101 - - [25/Aug/2015:03:37:16 -0500] "GET /ial/transporte/03.pdf HTTP/1.1" 404 1018
66.249.64.101 - - [25/Aug/2015:03:37:37 -0500] "GET /BLA/resoluciones/RESOLUCIONES%202007/RES%202007%203601%20AL%203700/RESOLUCION%203674%20DE%202007.pdf HTTP/1.1" 304 -
66.249.64.96 - - [25/Aug/2015:03:37:38 -0500] "GET /BLA/resoluciones/RESOLUCIONES%202009/3941.pdf HTTP/1.1" 200 998968
66.249.64.106 - - [25/Aug/2015:03:38:13 -0500] "GET /BLA/resoluciones/RESOLUCIONES%202009/1610.pdf HTTP/1.1" 200 659368
66.249.64.101 - - [25/Aug/2015:03:38:19 -0500] "GET /BLA/resoluciones/RESOLUCIONES%202009/4795.pdf HTTP/1.1" 200 357830
66.249.64.106 - - [25/Aug/2015:03:38:27 -0500] "GET /BLA/resoluciones/RESOLUCIONES%202008/3784.pdf HTTP/1.1" 200 650040
66.249.64.101 - - [25/Aug/2015:03:38:29 -0500] "GET /BLA/resoluciones/RESOLUCIONES%202008/0608.pdf HTTP/1.1" 200 326495
190.68.207.235 - - [25/Aug/2015:03:38:47 -0500] "POST /forms/lservlet;jsessionid=ac16012b30d61be5f47ab6024f4fbe268602d4e82aaa.e3iSbxaKaheRe38Ka34Oa3eLbxf0n6jAmljGr5XDqQLvpAe HTTP/1.1" 200 2
74.86.158.107 - - [25/Aug/2015:03:39:16 -0500] "HEAD / HTTP/1.1" 200 -
66.249.64.96 - - [25/Aug/2015:03:39:29 -0500] "GET /BLA/resoluciones/RESOLUCIONES%202009/3545.pdf HTTP/1.1" 200 635915
66.249.64.96 - - [25/Aug/2015:03:39:56 -0500] "GET /BLA/resoluciones/RESOLUCIONES%202007/RES%202007%202401%20AL%202500/RESOLUCION%202407%20DE%202007.pdf HTTP/1.1" 200 1336184
66.249.64.101 - - [25/Aug/2015:03:40:00 -0500] "GET /BLA/resoluciones/RESOLUCIONES%202009/8562.pdf HTTP/1.1" 304 -
66.249.64.253 - - [25/Aug/2015:03:40:05 -0500] "GET /ecodirectorio/files/res/thumbnails/thumb_53.png HTTP/1.1" 200 17063
66.249.64.101 - - [25/Aug/2015:03:40:10 -0500] "GET /Residuos/impresion/images/page11_thumbnail.jpg HTTP/1.1" 200 15522
66.249.64.106 - - [25/Aug/2015:03:40:36 -0500] "GET /autoliquidacion/Solicitud%20de%20expedici%C3%83%C2%B3n%20de%20certificados%20de%20estado%20de%20conservaci%C3%83%C2%B3n%20ambiental%20(CECA)/FORMULARIO%20DE%20SOLICITUD%20DE%20CECA.pdf HTTP/1.1" 404 1018
190.68.207.235 - - [25/Aug/2015:03:40:47 -0500] "POST /forms/lservlet;jsessionid=ac16012b30d61be5f47ab6024f4fbe268602d4e82aaa.e3iSbxaKaheRe38Ka34Oa3eLbxf0n6jAmljGr5XDqQLvpAe HTTP/1.1" 200 2
66.249.64.96 - - [25/Aug/2015:03:41:02 -0500] "GET /planesacc/pdf/ambiental/faunaseguim.pdf HTTP/1.1" 404 1018
66.249.64.96 - - [25/Aug/2015:03:41:10 -0500] "GET /BLA/resoluciones/RESOLUCIONES%202009/2847.pdf HTTP/1.1" 200 535421
131.253.26.247 - - [25/Aug/2015:03:41:16 -0500] "GET /BLA/boletinlegal/js/jquery.scrollShow.js HTTP/1.1" 200 4586
131.253.26.233 - - [25/Aug/2015:03:41:16 -0500] "GET /galeria/galeria/jquery.fancybox.js?v=2.1.5 HTTP/1.1" 200 48706
131.253.26.247 - - [25/Aug/2015:03:41:16 -0500] "GET /galeria/galeria/jquery.fancybox.css?v=2.1.5 HTTP/1.1" 200 4895
66.249.64.106 - - [25/Aug/2015:03:41:34 -0500] "GET /BLA/resoluciones/RESOLUCIONES%202009/7062.pdf HTTP/1.1" 200 354430
66.249.64.106 - - [25/Aug/2015:03:41:41 -0500] "GET /BLA/resoluciones/RESOLUCIONES%202015/0995.pdf HTTP/1.1" 200 6388920
66.249.64.248 - - [25/Aug/2015:03:42:07 -0500] "GET /BLA/boletinlegal/Circulares/2012/Circular%20No.%2016%20del%2022%20de%20octubre%20de%202012.pdf HTTP/1.1" 200 381186
66.249.64.106 - - [25/Aug/2015:03:42:13 -0500] "GET /BLA/resoluciones/RESOLUCIONES%202008/5631.pdf HTTP/1.1" 200 461652
66.249.64.106 - - [25/Aug/2015:03:42:27 -0500] "GET /BLA/resoluciones/RESOLUCIONES%202009/9633.pdf HTTP/1.1" 200 901204
190.68.207.235 - - [25/Aug/2015:03:42:48 -0500] "POST /forms/lservlet;jsessionid=ac16012b30d61be5f47ab6024f4fbe268602d4e82aaa.e3iSbxaKaheRe38Ka34Oa3eLbxf0n6jAmljGr5XDqQLvpAe HTTP/1.1" 200 2
66.249.64.101 - - [25/Aug/2015:03:43:05 -0500] "GET /BLA/resoluciones/AUTOS%202011/5917.pdf HTTP/1.1" 304 -
66.249.64.96 - - [25/Aug/2015:03:43:09 -0500] "GET /BLA/resoluciones/AUTOS%202008/0519.pdf HTTP/1.1" 304 -
66.249.64.101 - - [25/Aug/2015:03:43:10 -0500] "GET /Residuos/impresion/files/guia_impresion-lit.pdf HTTP/1.1" 304 -
186.28.88.128 - - [25/Aug/2015:03:43:16 -0500] "GET /BLA/boletinlegal/js/jquery.scrollShow.js HTTP/1.1" 200 4586
186.28.88.128 - - [25/Aug/2015:03:43:16 -0500] "GET /galeria/galeria/jquery.fancybox.js?v=2.1.5 HTTP/1.1" 200 48706
186.28.88.128 - - [25/Aug/2015:03:43:17 -0500] "GET /galeria/galeria/jquery.fancybox.css?v=2.1.5 HTTP/1.1" 200 4895
220.181.108.110 - - [25/Aug/2015:03:43:21 -0500] "GET /POT-2013/memoria%20justificativa/ANEXOS_2,3,4.pdf HTTP/1.1" 200 617731
186.28.88.128 - - [25/Aug/2015:03:43:23 -0500] "GET /galeria/galeria/jquery.fancybox.css?v=2.1.5 HTTP/1.1" 304 -
186.28.88.128 - - [25/Aug/2015:03:43:23 -0500] "GET /BLA/boletinlegal/js/jquery.scrollShow.js HTTP/1.1" 304 -
186.28.88.128 - - [25/Aug/2015:03:43:23 -0500] "GET /galeria/galeria/jquery.fancybox.js?v=2.1.5 HTTP/1.1" 304 -
74.86.158.107 - - [25/Aug/2015:03:44:16 -0500] "HEAD / HTTP/1.1" 200 -
66.249.64.96 - - [25/Aug/2015:03:44:44 -0500] "GET /BLA/resoluciones/RESOLUCIONES%202009/7264.pdf HTTP/1.1" 200 294789
190.68.207.235 - - [25/Aug/2015:03:44:48 -0500] "POST /forms/lservlet;jsessionid=ac16012b30d61be5f47ab6024f4fbe268602d4e82aaa.e3iSbxaKaheRe38Ka34Oa3eLbxf0n6jAmljGr5XDqQLvpAe HTTP/1.1" 200 2
66.249.64.248 - - [25/Aug/2015:03:44:56 -0500] "GET /BLA/boletinlegal/Circulares/2011/Circular%20No.%203%20del%2016%20de%20Junio%20de%202011.pdf HTTP/1.1" 200 346378
190.68.207.235 - - [25/Aug/2015:03:45:06 -0500] "POST /forms/lservlet;jsessionid=ac16012b30d61be5f47ab6024f4fbe268602d4e82aaa.e3iSbxaKaheRe38Ka34Oa3eLbxf0n6jAmljGr5XDqQLvpAe HTTP/1.1" 200 149
190.68.207.235 - - [25/Aug/2015:03:45:06 -0500] "POST /forms/lservlet;jsessionid=ac16012b30d61be5f47ab6024f4fbe268602d4e82aaa.e3iSbxaKaheRe38Ka34Oa3eLbxf0n6jAmljGr5XDqQLvpAe HTTP/1.1" 200 7
66.249.64.96 - - [25/Aug/2015:03:45:25 -0500] "GET /BLA/resoluciones/RESOLUCIONES%202009/4758.pdf HTTP/1.1" 200 598511
66.249.64.106 - - [25/Aug/2015:03:45:38 -0500] "GET /BLA/resoluciones/RESOLUCIONES%202009/9689.pdf HTTP/1.1" 200 315052
66.249.64.101 - - [25/Aug/2015:03:45:50 -0500] "GET /Residuos/impresion/images/page19_thumbnail.jpg HTTP/1.1" 200 8285
66.249.64.106 - - [25/Aug/2015:03:46:04 -0500] "GET /BLA/resoluciones/AUTOS%202008/3203.pdf HTTP/1.1" 304 -
66.249.64.106 - - [25/Aug/2015:03:46:09 -0500] "GET /BLA/resoluciones/AUTOS%202014/3259.pdf HTTP/1.1" 304 -
66.249.64.101 - - [25/Aug/2015:03:46:09 -0500] "GET /BLA/resoluciones/RESOLUCIONES%202007/RES%202007%203701%20AL%203800/RESOLUCION%203794%20DE%202007.pdf HTTP/1.1" 304 -
66.249.64.248 - - [25/Aug/2015:03:46:21 -0500] "GET /POT-2013/memoria%20justificativa/ANEXO_1.pdf HTTP/1.1" 200 3808179
66.249.64.101 - - [25/Aug/2015:03:46:26 -0500] "GET /BLA/resoluciones/AUTOS%202012/0641.pdf HTTP/1.1" 200 216108
186.84.145.246 - - [25/Aug/2015:03:46:44 -0500] "GET /galeria/mapa/3MapaBogot%C3%A1.jpg HTTP/1.1" 200 688183
190.68.207.235 - - [25/Aug/2015:03:46:49 -0500] "POST /forms/lservlet;jsessionid=ac16012b30d61be5f47ab6024f4fbe268602d4e82aaa.e3iSbxaKaheRe38Ka34Oa3eLbxf0n6jAmljGr5XDqQLvpAe HTTP/1.1" 200 2
66.249.64.106 - - [25/Aug/2015:03:47:15 -0500] "GET /BLA/resoluciones/AUTOS%202008/0519.pdf HTTP/1.1" 304 -
93.188.164.210 - - [25/Aug/2015:03:47:39 -0500] "GET / HTTP/1.1" 200 10190
190.68.207.235 - - [25/Aug/2015:03:48:49 -0500] "POST /forms/lservlet;jsessionid=ac16012b30d61be5f47ab6024f4fbe268602d4e82aaa.e3iSbxaKaheRe38Ka34Oa3eLbxf0n6jAmljGr5XDqQLvpAe HTTP/1.1" 200 2
66.249.64.101 - - [25/Aug/2015:03:49:15 -0500] "GET /BLA/resoluciones/RESOLUCIONES%202009/1552.pdf HTTP/1.1" 304 -
74.86.158.107 - - [25/Aug/2015:03:49:16 -0500] "HEAD / HTTP/1.1" 200 -
66.249.64.101 - - [25/Aug/2015:03:49:17 -0500] "GET /BLA/resoluciones/AUTOS%202014/2503.pdf HTTP/1.1" 200 570380
66.249.64.101 - - [25/Aug/2015:03:49:48 -0500] "GET /BLA/resoluciones/AUTOS%202008/0634.pdf HTTP/1.1" 304 -
66.249.64.106 - - [25/Aug/2015:03:50:20 -0500] "GET /BLA/resoluciones/AUTOS%202012/0058.pdf HTTP/1.1" 200 286056
181.56.65.28 - - [25/Aug/2015:03:50:44 -0500] "GET /BLA/resoluciones/RESOLUCIONES%202014/2879.pdf HTTP/1.1" 200 308308
181.56.65.28 - - [25/Aug/2015:03:50:45 -0500] "GET /favicon.ico HTTP/1.1" 200 7782
190.68.207.235 - - [25/Aug/2015:03:50:49 -0500] "POST /forms/lservlet;jsessionid=ac16012b30d61be5f47ab6024f4fbe268602d4e82aaa.e3iSbxaKaheRe38Ka34Oa3eLbxf0n6jAmljGr5XDqQLvpAe HTTP/1.1" 200 2
66.249.64.243 - - [25/Aug/2015:03:51:14 -0500] "GET /ecodirectorio/files/res/languages/pl/magazine.xml HTTP/1.1" 200 521
66.249.64.96 - - [25/Aug/2015:03:51:35 -0500] "GET /Residuos/impresion/images/page12_thumbnail.jpg HTTP/1.1" 200 4633
66.249.64.101 - - [25/Aug/2015:03:52:15 -0500] "GET /BLA/resoluciones/RESOLUCIONES%202007/RES%202007%204001%20AL%204100/RESOLUCION%204048%20DE%202007.pdf HTTP/1.1" 304 -
66.249.64.106 - - [25/Aug/2015:03:52:15 -0500] "GET /BLA/resoluciones/RESOLUCIONES%202011/1415.pdf HTTP/1.1" 200 71815
190.156.218.240 - - [25/Aug/2015:03:52:35 -0500] "GET /BLA/resoluciones/RESOLUCIONES%202007/RES%202007%201501%20AL%201600/RESOLUCION%201549%20DE%202007.pdf HTTP/1.1" 200 1077382
190.156.218.240 - - [25/Aug/2015:03:52:36 -0500] "GET /favicon.ico HTTP/1.1" 200 7782
190.156.218.240 - - [25/Aug/2015:03:52:36 -0500] "GET /BLA/resoluciones/RESOLUCIONES%202007/RES%202007%201501%20AL%201600/RESOLUCION%201549%20DE%202007.pdf HTTP/1.1" 206 32768
190.156.218.240 - - [25/Aug/2015:03:52:36 -0500] "GET /BLA/resoluciones/RESOLUCIONES%202007/RES%202007%201501%20AL%201600/RESOLUCION%201549%20DE%202007.pdf HTTP/1.1" 206 1044614
190.68.207.235 - - [25/Aug/2015:03:52:49 -0500] "POST /forms/lservlet;jsessionid=ac16012b30d61be5f47ab6024f4fbe268602d4e82aaa.e3iSbxaKaheRe38Ka34Oa3eLbxf0n6jAmljGr5XDqQLvpAe HTTP/1.1" 200 2
66.249.64.248 - - [25/Aug/2015:03:53:22 -0500] "GET /BLA/boletinlegal/Directivas/2014/Directiva%20No.%203%20del%2020%20de%20Mayo%20de%202014.pdf HTTP/1.1" 304 -
66.249.64.101 - - [25/Aug/2015:03:54:15 -0500] "GET /BLA/resoluciones/RESOLUCIONES%202007/RES%202007%20101%20AL%20200/RESOLUCION%200124%20%20DE%202007.pdf HTTP/1.1" 200 392554
