200.119.49.206 - - [25/Aug/2015:04:45:13 -0500] "GET /galeria/nivo-slider/demo/images/banner-llantas2.jpg HTTP/1.1" 200 204644
200.119.49.206 - - [25/Aug/2015:04:45:14 -0500] "GET /galeria/nivo-slider/demo/images/9Signos.jpg HTTP/1.1" 200 81776
200.119.49.206 - - [25/Aug/2015:04:45:15 -0500] "GET /galeria/nivo-slider/demo/images/Comparendo-ambiental-Banner.jpg HTTP/1.1" 200 83731
200.119.49.206 - - [25/Aug/2015:04:45:16 -0500] "GET /galeria/nivo-slider/demo/images/GAE-banner.jpg HTTP/1.1" 200 97556
200.119.49.206 - - [25/Aug/2015:04:45:17 -0500] "GET /galeria/nivo-slider/demo/images/Banner-encuesta-de-percepscio.jpg HTTP/1.1" 200 201899
200.119.49.206 - - [25/Aug/2015:04:45:17 -0500] "GET /galeria/nivo-slider/demo/images/banner-Pacto-por-la-madera.jpg HTTP/1.1" 200 209966
200.119.49.206 - - [25/Aug/2015:04:45:18 -0500] "GET /galeria/nivo-slider/demo/images/acuerdo_569.jpg HTTP/1.1" 200 62670
200.119.49.206 - - [25/Aug/2015:04:45:18 -0500] "GET /galeria/nivo-slider/demo/images/Banner-Directorio.jpg HTTP/1.1" 200 182068
200.119.49.206 - - [25/Aug/2015:04:45:19 -0500] "GET /galeria/nivo-slider/demo/images/Ruta-vertimientos-01.jpg HTTP/1.1" 200 130151
200.119.49.206 - - [25/Aug/2015:04:45:20 -0500] "GET /galeria/nivo-slider/demo/images/bolsas-06.jpg HTTP/1.1" 200 90982
200.119.49.206 - - [25/Aug/2015:04:45:20 -0500] "GET /galeria/nivo-slider/demo/images/Conoce-los-humedales.jpg HTTP/1.1" 200 294036
200.119.49.206 - - [25/Aug/2015:04:45:21 -0500] "GET /galeria/nivo-slider/demo/images/ecolecta-Dic2014.png HTTP/1.1" 200 288593
200.119.49.206 - - [25/Aug/2015:04:45:22 -0500] "GET /galeria/nivo-slider/demo/images/Banner-Caracol-Africano.jpg HTTP/1.1" 200 331986
200.119.49.206 - - [25/Aug/2015:04:45:23 -0500] "GET /galeria/nivo-slider/demo/scripts/jquery-1.7.1.min.js HTTP/1.1" 200 93868
200.119.49.206 - - [25/Aug/2015:04:45:24 -0500] "GET /galeria/nivo-slider/jquery.nivo.slider.pack.js HTTP/1.1" 200 11561
186.81.100.8 - - [25/Aug/2015:04:45:27 -0500] "GET /BLA/boletinlegal/js/jquery.scrollShow.js HTTP/1.1" 200 4586
186.81.100.8 - - [25/Aug/2015:04:45:27 -0500] "GET /galeria/galeria/jquery.fancybox.js?v=2.1.5 HTTP/1.1" 200 48706
186.81.100.8 - - [25/Aug/2015:04:45:27 -0500] "GET /galeria/galeria/jquery.fancybox.css?v=2.1.5 HTTP/1.1" 200 4895
186.81.100.8 - - [25/Aug/2015:04:45:27 -0500] "GET /galeria/carrusel/Carrusel/jquery.thumbnailScroller.css HTTP/1.1" 200 2066
186.81.100.8 - - [25/Aug/2015:04:45:27 -0500] "GET /galeria/carrusel/Carrusel/jquery-ui-1.8.13.custom.min.js HTTP/1.1" 200 10800
186.81.100.8 - - [25/Aug/2015:04:45:27 -0500] "GET /galeria/carrusel/Carrusel/jquery.thumbnailScroller.js HTTP/1.1" 200 8157
200.119.49.206 - - [25/Aug/2015:04:45:27 -0500] "GET /galeria/nivo-slider/demo/images/4Simple_Slider.png HTTP/1.1" 200 11722
200.119.49.206 - - [25/Aug/2015:04:45:27 -0500] "GET /galeria/nivo-slider/themes/default/loading.gif HTTP/1.1" 200 1737
200.119.49.206 - - [25/Aug/2015:04:45:29 -0500] "GET /galeria/nivo-slider/themes/default/bullets.png HTTP/1.1" 200 1281
200.119.49.206 - - [25/Aug/2015:04:45:29 -0500] "GET /galeria/nivo-slider/themes/default/arrows.png HTTP/1.1" 200 824
186.81.100.8 - - [25/Aug/2015:04:45:31 -0500] "GET /galeria/nivo-slider/demo/demo.html HTTP/1.1" 200 5195
186.81.100.8 - - [25/Aug/2015:04:45:31 -0500] "GET /galeria/nivo-slider/themes/default/default.css HTTP/1.1" 200 1569
186.81.100.8 - - [25/Aug/2015:04:45:31 -0500] "GET /galeria/nivo-slider/themes/pascal/pascal.css HTTP/1.1" 200 2258
186.81.100.8 - - [25/Aug/2015:04:45:31 -0500] "GET /galeria/nivo-slider/themes/orman/orman.css HTTP/1.1" 200 2152
186.81.100.8 - - [25/Aug/2015:04:45:31 -0500] "GET /galeria/nivo-slider/nivo-slider.css HTTP/1.1" 200 1507
186.81.100.8 - - [25/Aug/2015:04:45:31 -0500] "GET /galeria/nivo-slider/demo/style.css HTTP/1.1" 200 2222
186.81.100.8 - - [25/Aug/2015:04:45:31 -0500] "GET /galeria/nivo-slider/demo/scripts/jquery-1.7.1.min.js HTTP/1.1" 200 93868
186.81.100.8 - - [25/Aug/2015:04:45:31 -0500] "GET /galeria/nivo-slider/jquery.nivo.slider.pack.js HTTP/1.1" 200 11561
186.81.100.8 - - [25/Aug/2015:04:45:32 -0500] "GET /galeria/nivo-slider/demo/images/rendicion-de-cuentas-7-agosto.jpg HTTP/1.1" 200 149701
186.81.100.8 - - [25/Aug/2015:04:45:32 -0500] "GET /galeria/nivo-slider/demo/images/Banner-ecolecta2015.jpg HTTP/1.1" 200 219133
186.81.100.8 - - [25/Aug/2015:04:45:32 -0500] "GET /galeria/nivo-slider/demo/images/PREDAcamp.jpg HTTP/1.1" 200 295358
186.81.100.8 - - [25/Aug/2015:04:45:32 -0500] "GET /galeria/nivo-slider/demo/images/Semana-PYBA.jpg HTTP/1.1" 200 103786
186.81.100.8 - - [25/Aug/2015:04:45:32 -0500] "GET /galeria/nivo-slider/demo/images/4Simple_Slider.png HTTP/1.1" 200 11722
186.81.100.8 - - [25/Aug/2015:04:45:33 -0500] "GET /galeria/nivo-slider/themes/default/loading.gif HTTP/1.1" 200 1737
186.81.100.8 - - [25/Aug/2015:04:45:33 -0500] "GET /galeria/nivo-slider/demo/images/VoluntariadoPYBA.jpg HTTP/1.1" 200 40647
186.81.100.8 - - [25/Aug/2015:04:45:33 -0500] "GET /galeria/nivo-slider/demo/images/Cambio-Climatico-Cerros.jpg HTTP/1.1" 200 273652
186.81.100.8 - - [25/Aug/2015:04:45:33 -0500] "GET /galeria/nivo-slider/demo/images/Banner-TL.jpg HTTP/1.1" 200 158976
186.81.100.8 - - [25/Aug/2015:04:45:33 -0500] "GET /galeria/nivo-slider/demo/images/banner-llantas2.jpg HTTP/1.1" 200 204644
186.81.100.8 - - [25/Aug/2015:04:45:33 -0500] "GET /galeria/nivo-slider/demo/images/9Signos.jpg HTTP/1.1" 200 81776
186.81.100.8 - - [25/Aug/2015:04:45:34 -0500] "GET /galeria/nivo-slider/demo/images/Comparendo-ambiental-Banner.jpg HTTP/1.1" 200 83731
66.249.64.248 - - [25/Aug/2015:04:45:34 -0500] "GET /Metadatos_final_2014/Punto_Capt_Agua_Subte.xml HTTP/1.1" 200 32896
186.81.100.8 - - [25/Aug/2015:04:45:35 -0500] "GET /galeria/nivo-slider/demo/images/GAE-banner.jpg HTTP/1.1" 200 97556
186.81.100.8 - - [25/Aug/2015:04:45:35 -0500] "GET /galeria/nivo-slider/demo/images/Banner-encuesta-de-percepscio.jpg HTTP/1.1" 200 201899
186.81.100.8 - - [25/Aug/2015:04:45:35 -0500] "GET /galeria/nivo-slider/demo/images/banner-Pacto-por-la-madera.jpg HTTP/1.1" 200 209966
186.81.100.8 - - [25/Aug/2015:04:45:35 -0500] "GET /galeria/nivo-slider/demo/images/acuerdo_569.jpg HTTP/1.1" 200 62670
186.81.100.8 - - [25/Aug/2015:04:45:35 -0500] "GET /galeria/nivo-slider/demo/images/Banner-Directorio.jpg HTTP/1.1" 200 182068
186.81.100.8 - - [25/Aug/2015:04:45:36 -0500] "GET /galeria/nivo-slider/demo/images/Ruta-vertimientos-01.jpg HTTP/1.1" 200 130151
186.81.100.8 - - [25/Aug/2015:04:45:36 -0500] "GET /galeria/nivo-slider/demo/images/bolsas-06.jpg HTTP/1.1" 200 90982
186.81.100.8 - - [25/Aug/2015:04:45:36 -0500] "GET /galeria/nivo-slider/demo/images/Conoce-los-humedales.jpg HTTP/1.1" 200 294036
186.81.100.8 - - [25/Aug/2015:04:45:37 -0500] "GET /galeria/nivo-slider/demo/images/ecolecta-Dic2014.png HTTP/1.1" 200 288593
186.81.100.8 - - [25/Aug/2015:04:45:37 -0500] "GET /galeria/nivo-slider/demo/images/Banner-Caracol-Africano.jpg HTTP/1.1" 200 331986
186.81.100.8 - - [25/Aug/2015:04:45:39 -0500] "GET /galeria/nivo-slider/themes/default/bullets.png HTTP/1.1" 200 1281
186.81.100.8 - - [25/Aug/2015:04:45:39 -0500] "GET /galeria/nivo-slider/themes/default/arrows.png HTTP/1.1" 200 824
181.55.242.241 - - [25/Aug/2015:04:46:01 -0500] "GET /forest/session.jsp?a=0.27353570982813835 HTTP/1.1" 200 4
54.80.170.97 - - [25/Aug/2015:04:46:14 -0500] "GET /BLA/boletinlegal/js/jquery.scrollShow.js HTTP/1.1" 200 4586
54.80.170.97 - - [25/Aug/2015:04:46:14 -0500] "GET /galeria/galeria/jquery.fancybox.js?v=2.1.5 HTTP/1.1" 200 48706
54.80.170.97 - - [25/Aug/2015:04:46:14 -0500] "GET /galeria/galeria/jquery.fancybox.css?v=2.1.5 HTTP/1.1" 200 4895
200.119.49.206 - - [25/Aug/2015:04:46:58 -0500] "GET /galeria/galeria/jquery.fancybox.css?v=2.1.5 HTTP/1.1" 304 -
200.119.49.206 - - [25/Aug/2015:04:46:58 -0500] "GET /BLA/boletinlegal/js/jquery.scrollShow.js HTTP/1.1" 304 -
200.119.49.206 - - [25/Aug/2015:04:46:58 -0500] "GET /galeria/galeria/jquery.fancybox.js?v=2.1.5 HTTP/1.1" 304 -
190.68.207.235 - - [25/Aug/2015:04:46:59 -0500] "POST /forms/lservlet;jsessionid=ac16012b30d61be5f47ab6024f4fbe268602d4e82aaa.e3iSbxaKaheRe38Ka34Oa3eLbxf0n6jAmljGr5XDqQLvpAe HTTP/1.1" 200 2
66.249.64.106 - - [25/Aug/2015:04:47:05 -0500] "GET /BLA/resoluciones/RESOLUCIONES%202014/1330.pdf HTTP/1.1" 200 809526
217.126.71.163 - - [25/Aug/2015:04:47:09 -0500] "GET /galeria/galeria/jquery.fancybox.css?v=2.1.5 HTTP/1.1" 200 4895
217.126.71.163 - - [25/Aug/2015:04:47:09 -0500] "GET /BLA/boletinlegal/js/jquery.scrollShow.js HTTP/1.1" 200 4586
217.126.71.163 - - [25/Aug/2015:04:47:09 -0500] "GET /galeria/galeria/jquery.fancybox.js?v=2.1.5 HTTP/1.1" 200 48706
217.126.71.163 - - [25/Aug/2015:04:47:16 -0500] "GET /BLA/boletinlegal/js/jquery.scrollShow.js HTTP/1.1" 304 -
217.126.71.163 - - [25/Aug/2015:04:47:16 -0500] "GET /galeria/galeria/jquery.fancybox.css?v=2.1.5 HTTP/1.1" 304 -
217.126.71.163 - - [25/Aug/2015:04:47:16 -0500] "GET /galeria/galeria/jquery.fancybox.js?v=2.1.5 HTTP/1.1" 304 -
93.188.164.210 - - [25/Aug/2015:04:47:40 -0500] "GET / HTTP/1.1" 200 10190
181.55.242.241 - - [25/Aug/2015:04:48:48 -0500] "GET /forest/usutareas.do?_a=0.8606409498024732&group_system_actual=3 HTTP/1.1" 200 143587
181.55.242.241 - - [25/Aug/2015:04:48:48 -0500] "GET /forest/session.jsp?a=0.8666616624686867 HTTP/1.1" 200 4
181.55.242.241 - - [25/Aug/2015:04:48:49 -0500] "GET /forest/actions/forms.getMappedValues?id=idruido201&value=1439505759700&codForm=Revision_Ct&a=0.002532104728743434 HTTP/1.1" 200 84
66.249.64.106 - - [25/Aug/2015:04:48:49 -0500] "GET /BLA/resoluciones/RESOLUCIONES%202009/7472.pdf HTTP/1.1" 200 68564
66.249.64.106 - - [25/Aug/2015:04:48:54 -0500] "GET /Residuos/impresion/images/page22_thumbnail.jpg HTTP/1.1" 200 11002
181.55.242.241 - - [25/Aug/2015:04:48:51 -0500] "GET /forest/usudocumentos.do?_a=0.6325777131132782&group_system_actual=3 HTTP/1.1" 200 158358
181.55.242.241 - - [25/Aug/2015:04:48:56 -0500] "GET /forest/session.jsp?a=0.44599906960502267 HTTP/1.1" 200 4
190.68.207.235 - - [25/Aug/2015:04:48:59 -0500] "POST /forms/lservlet;jsessionid=ac16012b30d61be5f47ab6024f4fbe268602d4e82aaa.e3iSbxaKaheRe38Ka34Oa3eLbxf0n6jAmljGr5XDqQLvpAe HTTP/1.1" 200 2
74.86.158.107 - - [25/Aug/2015:04:49:16 -0500] "HEAD / HTTP/1.1" 200 -
66.249.64.96 - - [25/Aug/2015:04:49:33 -0500] "GET /BLA/resoluciones/RESOLUCIONES%202009/8219.pdf HTTP/1.1" 200 638508
220.181.108.149 - - [25/Aug/2015:04:50:01 -0500] "GET /POT-2013/index.php?dir=DTS%2F HTTP/1.1" 200 1771
66.249.64.101 - - [25/Aug/2015:04:50:04 -0500] "GET /BLA/resoluciones/RESOLUCIONES%202007/RES%202007%20901%20AL%201000/RESOLUCION%200913%20DE%202007.pdf HTTP/1.1" 200 682140
66.249.64.101 - - [25/Aug/2015:04:50:07 -0500] "GET /BLA/resoluciones/AUTOS%202010/0809.pdf HTTP/1.1" 304 -
123.125.71.86 - - [25/Aug/2015:04:50:10 -0500] "GET /POT-2013/dlf/styles.css HTTP/1.1" 200 3045
181.55.242.241 - - [25/Aug/2015:04:49:46 -0500] "GET /forest/documentos/2088897/2015ER96524.pdf HTTP/1.1" 200 7292803
190.68.207.235 - - [25/Aug/2015:04:51:00 -0500] "POST /forms/lservlet;jsessionid=ac16012b30d61be5f47ab6024f4fbe268602d4e82aaa.e3iSbxaKaheRe38Ka34Oa3eLbxf0n6jAmljGr5XDqQLvpAe HTTP/1.1" 200 2
181.55.242.241 - - [25/Aug/2015:04:50:52 -0500] "GET /forest/documentos/2117560/2015ER125187.pdf HTTP/1.1" 200 8183740
66.249.64.101 - - [25/Aug/2015:04:51:22 -0500] "GET /portel_dama/libreria/pdf/varios2006/IGA2004.pdf HTTP/1.1" 404 1018
66.249.64.96 - - [25/Aug/2015:04:51:38 -0500] "GET /BLA/resoluciones/RESOLUCIONES%202009/0583.pdf HTTP/1.1" 200 357991
181.55.242.241 - - [25/Aug/2015:04:51:50 -0500] "GET /forest/documentos/2066133/2015EE73760.docx HTTP/1.1" 200 168448
66.249.64.96 - - [25/Aug/2015:04:51:54 -0500] "GET /htdocs/formas/ver1.pdf HTTP/1.1" 404 1018
180.76.15.13 - - [25/Aug/2015:04:52:52 -0500] "GET /SIG/ECS/126PM04-PR37.pdf HTTP/1.1" 200 1977576
190.68.207.235 - - [25/Aug/2015:04:53:00 -0500] "POST /forms/lservlet;jsessionid=ac16012b30d61be5f47ab6024f4fbe268602d4e82aaa.e3iSbxaKaheRe38Ka34Oa3eLbxf0n6jAmljGr5XDqQLvpAe HTTP/1.1" 200 2
66.249.64.106 - - [25/Aug/2015:04:53:11 -0500] "GET /BLA/resoluciones/RESOLUCIONES%202003/RES%202003%20201-250/2003RES226.tif HTTP/1.1" 200 94720
66.249.64.243 - - [25/Aug/2015:04:53:14 -0500] "GET /Anexos%20estudio%20Organizacional%20SDA/ANEXO%20No.%203-%20CONTRATACI%C3%93N%20%20OPS%C2%B4s%202008-2012/CONTRATOS%20SDA%202011%20POR%20DEPENDENCIA.xls HTTP/1.1" 304 -
66.249.64.101 - - [25/Aug/2015:04:53:18 -0500] "GET /BLA/resoluciones/RESOLUCIONES%202012/0867.pdf HTTP/1.1" 304 -
181.55.242.241 - - [25/Aug/2015:04:53:15 -0500] "GET /forest/documentos/1984170/2014ER213766.pdf HTTP/1.1" 200 4004943
66.249.64.101 - - [25/Aug/2015:04:53:28 -0500] "GET /BLA/resoluciones/RESOLUCIONES%202008/3020.pdf HTTP/1.1" 200 677077
181.55.242.241 - - [25/Aug/2015:04:53:56 -0500] "GET /forest/session.jsp?a=0.12195271207019687 HTTP/1.1" 200 4
181.55.242.241 - - [25/Aug/2015:04:54:07 -0500] "GET /forest/documentos/1996122/2015EE03748.docx HTTP/1.1" 200 168921
74.86.158.107 - - [25/Aug/2015:04:54:16 -0500] "HEAD / HTTP/1.1" 200 -
181.55.242.241 - - [25/Aug/2015:04:54:24 -0500] "GET /forest/documentos/1996122/2015EE03748.docx HTTP/1.1" 200 168921
66.249.64.96 - - [25/Aug/2015:04:54:39 -0500] "GET /Residuos/impresion/images/page25_thumbnail.jpg HTTP/1.1" 200 10930
181.55.242.241 - - [25/Aug/2015:04:54:52 -0500] "GET /forest/usudocumentos.do?p7z=2051228&a=0.84950553602539&a=0.5647591811139137 HTTP/1.1" 200 2574
190.68.207.235 - - [25/Aug/2015:04:55:01 -0500] "POST /forms/lservlet;jsessionid=ac16012b30d61be5f47ab6024f4fbe268602d4e82aaa.e3iSbxaKaheRe38Ka34Oa3eLbxf0n6jAmljGr5XDqQLvpAe HTTP/1.1" 200 2
181.55.242.241 - - [25/Aug/2015:04:55:00 -0500] "GET /forest/documentos/2051228/2015IE58855.p7z:claro/Doc%20Numeraci%C3%B3n.docx HTTP/1.1" 200 132937
181.55.242.241 - - [25/Aug/2015:04:56:01 -0500] "GET /forest/usutareas.do?_a=0.8258816560264677&group_system_actual=3 HTTP/1.1" 200 143587
181.55.242.241 - - [25/Aug/2015:04:56:01 -0500] "GET /forest/session.jsp?a=0.3298938237130642 HTTP/1.1" 200 4
181.55.242.241 - - [25/Aug/2015:04:56:02 -0500] "GET /forest/actions/forms.getMappedValues?id=idruido201&value=1439505759700&codForm=Revision_Ct&a=0.9760145442560315 HTTP/1.1" 200 84
180.76.15.22 - - [25/Aug/2015:04:56:02 -0500] "GET / HTTP/1.1" 302 296
181.55.242.241 - - [25/Aug/2015:04:56:09 -0500] "GET /forest/actions/forms.getList?codForm=Revision_Ct&id=field17&text=m HTTP/1.1" 200 1240
181.55.242.241 - - [25/Aug/2015:04:56:09 -0500] "GET /forest/actions/forms.getList?codForm=Revision_Ct&id=field17&text=ma HTTP/1.1" 200 1256
181.55.242.241 - - [25/Aug/2015:04:56:10 -0500] "GET /forest/actions/forms.getList?codForm=Revision_Ct&id=field17&text=man HTTP/1.1" 200 1260
181.55.242.241 - - [25/Aug/2015:04:56:10 -0500] "GET /forest/actions/forms.getList?codForm=Revision_Ct&id=field17&text=manr HTTP/1.1" 200 137
181.55.242.241 - - [25/Aug/2015:04:56:11 -0500] "GET /forest/actions/forms.getList?codForm=Revision_Ct&id=field17&text=manri HTTP/1.1" 200 137
66.249.64.96 - - [25/Aug/2015:04:56:15 -0500] "GET /BLA/resoluciones/RESOLUCIONES%202011/5341.pdf HTTP/1.1" 200 986864
181.55.242.241 - - [25/Aug/2015:04:56:15 -0500] "GET /forest/actions/forms.getList?codForm=Revision_Ct&id=field17&text=Edgar%20Andres%20Ramirez%20Manrique%20 HTTP/1.1" 200 2
66.249.64.96 - - [25/Aug/2015:04:56:16 -0500] "GET /BLA/resoluciones/AUTOS%202011/5759.pdf HTTP/1.1" 304 -
181.55.242.241 - - [25/Aug/2015:04:56:17 -0500] "GET /forest/actions/forms.getList?codForm=Revision_Ct&id=field17&text=Manrique%20 HTTP/1.1" 200 71
181.55.242.241 - - [25/Aug/2015:04:56:27 -0500] "POST /forest/usutareas.do? HTTP/1.1" 200 76
190.68.207.235 - - [25/Aug/2015:04:57:01 -0500] "POST /forms/lservlet;jsessionid=ac16012b30d61be5f47ab6024f4fbe268602d4e82aaa.e3iSbxaKaheRe38Ka34Oa3eLbxf0n6jAmljGr5XDqQLvpAe HTTP/1.1" 200 2
181.55.242.241 - - [25/Aug/2015:04:57:12 -0500] "GET /forest/usutareas.do?group_system_actual=3&a=0.6084462432190776 HTTP/1.1" 200 19561
181.55.242.241 - - [25/Aug/2015:04:57:12 -0500] "GET /forest/session.jsp?a=0.8124789751600474 HTTP/1.1" 200 4
180.76.15.150 - - [25/Aug/2015:04:57:20 -0500] "GET / HTTP/1.1" 302 296
66.249.64.96 - - [25/Aug/2015:04:57:27 -0500] "GET /BLA/resoluciones/AUTOS%202012/1687.pdf HTTP/1.1" 200 389346
201.245.192.253 - - [25/Aug/2015:04:57:37 -0500] "GET /galeria/nivo-slider/demo/demo.html HTTP/1.1" 304 -
201.245.192.253 - - [25/Aug/2015:04:57:39 -0500] "GET /galeria/nivo-slider/demo/images/rendicion-de-cuentas-7-agosto.jpg HTTP/1.1" 304 -
66.249.64.96 - - [25/Aug/2015:04:58:46 -0500] "GET /BLA/resoluciones/RESOLUCIONES%202009/0917.pdf HTTP/1.1" 200 267413
207.46.13.77 - - [25/Aug/2015:04:58:49 -0500] "GET /ial/presentaciones/pte2/criterios.pdf HTTP/1.1" 404 1015
181.55.242.241 - - [25/Aug/2015:04:58:57 -0500] "GET /forest/index2.jsp?_a=0.0009683063253760338 HTTP/1.1" 200 75086
181.55.242.241 - - [25/Aug/2015:04:58:58 -0500] "GET /forest/session.jsp?a=0.09124674461781979 HTTP/1.1" 200 4
190.68.207.235 - - [25/Aug/2015:04:59:01 -0500] "POST /forms/lservlet;jsessionid=ac16012b30d61be5f47ab6024f4fbe268602d4e82aaa.e3iSbxaKaheRe38Ka34Oa3eLbxf0n6jAmljGr5XDqQLvpAe HTTP/1.1" 200 2
190.234.102.69 - - [25/Aug/2015:04:59:03 -0500] "GET /galeria/galeria/jquery.fancybox.css?v=2.1.5 HTTP/1.1" 200 4895
190.234.102.69 - - [25/Aug/2015:04:59:03 -0500] "GET /BLA/boletinlegal/js/jquery.scrollShow.js HTTP/1.1" 200 4586
190.234.102.69 - - [25/Aug/2015:04:59:03 -0500] "GET /galeria/galeria/jquery.fancybox.js?v=2.1.5 HTTP/1.1" 200 48706
66.249.64.101 - - [25/Aug/2015:04:59:03 -0500] "GET /BLA/resoluciones/RESOLUCIONES%202008/3272.pdf HTTP/1.1" 200 365594
66.249.64.96 - - [25/Aug/2015:04:59:15 -0500] "GET /BLA/resoluciones/RESOLUCIONES%202010/5887.pdf HTTP/1.1" 304 -
74.86.158.107 - - [25/Aug/2015:04:59:16 -0500] "HEAD / HTTP/1.1" 200 -
190.234.102.69 - - [25/Aug/2015:04:59:18 -0500] "GET /BLA/boletinlegal/js/jquery.scrollShow.js HTTP/1.1" 304 -
190.234.102.69 - - [25/Aug/2015:04:59:19 -0500] "GET /galeria/galeria/jquery.fancybox.css?v=2.1.5 HTTP/1.1" 304 -
190.234.102.69 - - [25/Aug/2015:04:59:19 -0500] "GET /galeria/galeria/jquery.fancybox.js?v=2.1.5 HTTP/1.1" 304 -
66.249.64.106 - - [25/Aug/2015:04:59:19 -0500] "GET /BLA/resoluciones/RESOLUCIONES%202013/0184.pdf HTTP/1.1" 304 -
181.55.242.241 - - [25/Aug/2015:05:00:06 -0500] "GET /forest/skins/gdocs-jar/popup/popup.jsp?width=1100&height=500&title=Buscar%20procesos&uri=/forest/buscar.do%3Ftype%3Dprocesos&name=undefined&_a=0.19265783531591296&a=0.6393114931415766 HTTP/1.1" 200 1296
181.55.242.241 - - [25/Aug/2015:05:00:06 -0500] "GET /forest/buscar.do?type=procesos HTTP/1.1" 200 18159
181.55.242.241 - - [25/Aug/2015:05:00:06 -0500] "GET /forest/buscar.do?type=procesos HTTP/1.1" 200 85058
181.55.242.241 - - [25/Aug/2015:05:00:06 -0500] "GET /forest/json.do?query=usersByDep&coddep=221 HTTP/1.1" 200 3635
181.55.242.241 - - [25/Aug/2015:05:00:06 -0500] "GET /forest/json.do?query=versionListadas HTTP/1.1" 200 29
181.55.242.241 - - [25/Aug/2015:05:00:06 -0500] "GET /forest/json.do?query=usersByDep&coddep=221 HTTP/1.1" 200 3635
181.55.242.241 - - [25/Aug/2015:05:00:06 -0500] "GET /forest/json.do?query=procesIniciales HTTP/1.1" 200 11629
181.55.242.241 - - [25/Aug/2015:05:00:06 -0500] "GET /forest/json.do?query=bpmnIniciales HTTP/1.1" 200 1483
181.55.242.241 - - [25/Aug/2015:05:00:15 -0500] "GET /forest/skins/gdocs-jar/popup/popup.jsp?width=1100&height=500&title=Buscar%20documentos&uri=/forest/buscar.do%3Ftype%3Ddocumentos&name=undefined&_a=0.5866560745052993&a=0.5594498477876186 HTTP/1.1" 200 1300
181.55.242.241 - - [25/Aug/2015:05:00:15 -0500] "GET /forest/buscar.do?type=documentos HTTP/1.1" 200 18159
181.55.242.241 - - [25/Aug/2015:05:00:15 -0500] "GET /forest/buscar.do?type=documentos HTTP/1.1" 200 85086
181.55.242.241 - - [25/Aug/2015:05:00:16 -0500] "GET /forest/json.do?query=usersByDep&coddep=221 HTTP/1.1" 200 3635
181.55.242.241 - - [25/Aug/2015:05:00:16 -0500] "GET /forest/json.do?query=versionListadas HTTP/1.1" 200 29
181.55.242.241 - - [25/Aug/2015:05:00:16 -0500] "GET /forest/json.do?query=usersByDep&coddep=221 HTTP/1.1" 200 3635
181.55.242.241 - - [25/Aug/2015:05:00:16 -0500] "GET /forest/json.do?query=procesIniciales HTTP/1.1" 200 11629
181.55.242.241 - - [25/Aug/2015:05:00:16 -0500] "GET /forest/json.do?query=bpmnIniciales HTTP/1.1" 200 1483
181.55.242.241 - - [25/Aug/2015:05:00:21 -0500] "POST /forest/buscar.do? HTTP/1.1" 200 5879
66.249.64.101 - - [25/Aug/2015:05:00:23 -0500] "GET /Residuos/impresion/images/page30_thumbnail.jpg HTTP/1.1" 200 11072
190.68.207.235 - - [25/Aug/2015:05:01:01 -0500] "POST /forms/lservlet;jsessionid=ac16012b30d61be5f47ab6024f4fbe268602d4e82aaa.e3iSbxaKaheRe38Ka34Oa3eLbxf0n6jAmljGr5XDqQLvpAe HTTP/1.1" 200 2
190.84.172.193 - - [25/Aug/2015:05:01:18 -0500] "GET /galeria/galeria/jquery.fancybox.css?v=2.1.5 HTTP/1.1" 200 4895
190.84.172.193 - - [25/Aug/2015:05:01:18 -0500] "GET /BLA/boletinlegal/js/jquery.scrollShow.js HTTP/1.1" 200 4586
190.84.172.193 - - [25/Aug/2015:05:01:18 -0500] "GET /galeria/galeria/jquery.fancybox.js?v=2.1.5 HTTP/1.1" 200 48706
66.249.64.106 - - [25/Aug/2015:05:01:24 -0500] "GET /BLA/resoluciones/RESOLUCIONES%202011/3117.pdf HTTP/1.1" 200 252247
190.84.172.193 - - [25/Aug/2015:05:01:40 -0500] "GET /galeria/galeria/jquery.fancybox.js?v=2.1.5 HTTP/1.1" 304 -
190.84.172.193 - - [25/Aug/2015:05:01:40 -0500] "GET /BLA/boletinlegal/js/jquery.scrollShow.js HTTP/1.1" 304 -
190.84.172.193 - - [25/Aug/2015:05:01:40 -0500] "GET /galeria/galeria/jquery.fancybox.css?v=2.1.5 HTTP/1.1" 304 -
186.113.10.143 - - [25/Aug/2015:05:02:21 -0500] "GET /galeria/nivo-slider/demo/images/Banner-ecolecta2015.jpg HTTP/1.1" 304 -
66.249.64.106 - - [25/Aug/2015:05:02:24 -0500] "GET /BLA/resoluciones/RESOLUCIONES%202012/1297.pdf HTTP/1.1" 304 -
190.68.207.235 - - [25/Aug/2015:05:03:02 -0500] "POST /forms/lservlet;jsessionid=ac16012b30d61be5f47ab6024f4fbe268602d4e82aaa.e3iSbxaKaheRe38Ka34Oa3eLbxf0n6jAmljGr5XDqQLvpAe HTTP/1.1" 200 2
181.55.242.241 - - [25/Aug/2015:05:03:58 -0500] "GET /forest/session.jsp?a=0.01320039015263319 HTTP/1.1" 200 4
74.86.158.107 - - [25/Aug/2015:05:04:16 -0500] "HEAD / HTTP/1.1" 200 -
190.68.207.235 - - [25/Aug/2015:05:05:02 -0500] "POST /forms/lservlet;jsessionid=ac16012b30d61be5f47ab6024f4fbe268602d4e82aaa.e3iSbxaKaheRe38Ka34Oa3eLbxf0n6jAmljGr5XDqQLvpAe HTTP/1.1" 200 2
66.249.64.96 - - [25/Aug/2015:05:05:19 -0500] "GET /BLA/resoluciones/RESOLUCIONES%202007/RES%202007%202201%20AL%202300/RESOLUCION%202290%20DE%202007.pdf HTTP/1.1" 200 1053960
66.249.64.101 - - [25/Aug/2015:05:05:29 -0500] "GET /BLA/resoluciones/AUTOS%202011/1418.pdf HTTP/1.1" 304 -
66.249.64.106 - - [25/Aug/2015:05:06:06 -0500] "GET /Residuos/impresion/images/page36_thumbnail.jpg HTTP/1.1" 200 7831
66.249.64.243 - - [25/Aug/2015:05:06:29 -0500] "GET /ecodirectorio/files/res/thumbnails/thumb_73.png HTTP/1.1" 200 10672
66.249.64.243 - - [25/Aug/2015:05:07:01 -0500] "GET /ecodirectorio/files/res/languages/pl/share.xml HTTP/1.1" 200 677
190.68.207.235 - - [25/Aug/2015:05:07:02 -0500] "POST /forms/lservlet;jsessionid=ac16012b30d61be5f47ab6024f4fbe268602d4e82aaa.e3iSbxaKaheRe38Ka34Oa3eLbxf0n6jAmljGr5XDqQLvpAe HTTP/1.1" 200 2
180.76.15.31 - - [25/Aug/2015:05:07:52 -0500] "GET /BLA/boletinlegal/circulares/2012IE017270.pdf HTTP/1.1" 200 233051
66.249.64.96 - - [25/Aug/2015:05:08:24 -0500] "GET /BLA/resoluciones/AUTOS%202013/0553.pdf HTTP/1.1" 200 1534935
66.249.64.101 - - [25/Aug/2015:05:08:27 -0500] "GET /BLA/resoluciones/RESOLUCIONES%202009/5465.pdf HTTP/1.1" 200 525575
190.68.207.235 - - [25/Aug/2015:05:09:02 -0500] "POST /forms/lservlet;jsessionid=ac16012b30d61be5f47ab6024f4fbe268602d4e82aaa.e3iSbxaKaheRe38Ka34Oa3eLbxf0n6jAmljGr5XDqQLvpAe HTTP/1.1" 200 2
74.86.158.107 - - [25/Aug/2015:05:09:16 -0500] "HEAD / HTTP/1.1" 200 -
66.249.64.96 - - [25/Aug/2015:05:09:18 -0500] "GET /BLA/resoluciones/AUTOS%202010/2523.pdf HTTP/1.1" 200 151309
190.68.207.235 - - [25/Aug/2015:05:11:03 -0500] "POST /forms/lservlet;jsessionid=ac16012b30d61be5f47ab6024f4fbe268602d4e82aaa.e3iSbxaKaheRe38Ka34Oa3eLbxf0n6jAmljGr5XDqQLvpAe HTTP/1.1" 200 2
66.249.64.96 - - [25/Aug/2015:05:11:25 -0500] "GET /BLA/resoluciones/RESOLUCIONES%202010/7644.pdf HTTP/1.1" 200 97769
66.249.64.96 - - [25/Aug/2015:05:11:28 -0500] "GET /Autoliquidacion/Solicitud%20de%20Licencia%20Ambiental/Solicitud%20de%20licencia%20ambiental.....pdf HTTP/1.1" 304 -
66.249.64.101 - - [25/Aug/2015:05:11:28 -0500] "GET /Autoliquidacion/Solicitud%20de%20Licencia%20Ambiental/Solicitud%20de%20licencia%20ambiental.....pdf HTTP/1.1" 304 -
66.249.64.106 - - [25/Aug/2015:05:11:51 -0500] "GET /Residuos/cosmeticos/images/page30_thumbnail.jpg HTTP/1.1" 304 -
190.68.207.235 - - [25/Aug/2015:05:13:03 -0500] "POST /forms/lservlet;jsessionid=ac16012b30d61be5f47ab6024f4fbe268602d4e82aaa.e3iSbxaKaheRe38Ka34Oa3eLbxf0n6jAmljGr5XDqQLvpAe HTTP/1.1" 200 2
66.249.64.101 - - [25/Aug/2015:05:13:12 -0500] "GET /BLA/resoluciones/RESOLUCIONES%202006/RES%202006%202651-2700/00002659.tif HTTP/1.1" 200 194908
66.249.64.101 - - [25/Aug/2015:05:13:13 -0500] "GET /BLA/resoluciones/RESOLUCIONES%202009/7186.pdf HTTP/1.1" 200 1315292
123.125.71.60 - - [25/Aug/2015:05:13:18 -0500] "GET / HTTP/1.1" 200 10190
190.66.122.97 - - [25/Aug/2015:05:13:34 -0500] "GET /BLA/resoluciones/RESOLUCIONES%202014/2883.pdf HTTP/1.1" 200 4264416
190.66.122.97 - - [25/Aug/2015:05:13:35 -0500] "GET /BLA/resoluciones/RESOLUCIONES%202014/2883.pdf HTTP/1.1" 206 65536
190.66.122.97 - - [25/Aug/2015:05:13:35 -0500] "GET /BLA/resoluciones/RESOLUCIONES%202014/2883.pdf HTTP/1.1" 206 4576
190.66.122.97 - - [25/Aug/2015:05:13:36 -0500] "GET /BLA/resoluciones/RESOLUCIONES%202014/2883.pdf HTTP/1.1" 206 65536
190.66.122.97 - - [25/Aug/2015:05:13:37 -0500] "GET /BLA/resoluciones/RESOLUCIONES%202014/2883.pdf HTTP/1.1" 206 65536
190.66.122.97 - - [25/Aug/2015:05:13:37 -0500] "GET /BLA/resoluciones/RESOLUCIONES%202014/2883.pdf HTTP/1.1" 206 65536
190.66.122.97 - - [25/Aug/2015:05:13:37 -0500] "GET /BLA/resoluciones/RESOLUCIONES%202014/2883.pdf HTTP/1.1" 206 65536
190.66.122.97 - - [25/Aug/2015:05:13:38 -0500] "GET /BLA/resoluciones/RESOLUCIONES%202014/2883.pdf HTTP/1.1" 206 65536
190.66.122.97 - - [25/Aug/2015:05:13:38 -0500] "GET /BLA/resoluciones/RESOLUCIONES%202014/2883.pdf HTTP/1.1" 206 65536
190.66.122.97 - - [25/Aug/2015:05:13:38 -0500] "GET /BLA/resoluciones/RESOLUCIONES%202014/2883.pdf HTTP/1.1" 206 65536
190.66.122.97 - - [25/Aug/2015:05:13:38 -0500] "GET /BLA/resoluciones/RESOLUCIONES%202014/2883.pdf HTTP/1.1" 206 65536
190.66.122.97 - - [25/Aug/2015:05:13:38 -0500] "GET /BLA/resoluciones/RESOLUCIONES%202014/2883.pdf HTTP/1.1" 206 65536
190.66.122.97 - - [25/Aug/2015:05:13:38 -0500] "GET /BLA/resoluciones/RESOLUCIONES%202014/2883.pdf HTTP/1.1" 206 65536
190.66.122.97 - - [25/Aug/2015:05:13:38 -0500] "GET /BLA/resoluciones/RESOLUCIONES%202014/2883.pdf HTTP/1.1" 206 65536
190.66.122.97 - - [25/Aug/2015:05:13:38 -0500] "GET /BLA/resoluciones/RESOLUCIONES%202014/2883.pdf HTTP/1.1" 206 65536
190.66.122.97 - - [25/Aug/2015:05:13:38 -0500] "GET /BLA/resoluciones/RESOLUCIONES%202014/2883.pdf HTTP/1.1" 206 65536
190.66.122.97 - - [25/Aug/2015:05:13:39 -0500] "GET /BLA/resoluciones/RESOLUCIONES%202014/2883.pdf HTTP/1.1" 206 65536
190.66.122.97 - - [25/Aug/2015:05:13:39 -0500] "GET /BLA/resoluciones/RESOLUCIONES%202014/2883.pdf HTTP/1.1" 206 65536
190.66.122.97 - - [25/Aug/2015:05:13:39 -0500] "GET /BLA/resoluciones/RESOLUCIONES%202014/2883.pdf HTTP/1.1" 206 65536
190.66.122.97 - - [25/Aug/2015:05:13:39 -0500] "GET /BLA/resoluciones/RESOLUCIONES%202014/2883.pdf HTTP/1.1" 206 65536
190.66.122.97 - - [25/Aug/2015:05:13:39 -0500] "GET /BLA/resoluciones/RESOLUCIONES%202014/2883.pdf HTTP/1.1" 206 65536
190.66.122.97 - - [25/Aug/2015:05:13:39 -0500] "GET /BLA/resoluciones/RESOLUCIONES%202014/2883.pdf HTTP/1.1" 206 65536
190.66.122.97 - - [25/Aug/2015:05:13:39 -0500] "GET /BLA/resoluciones/RESOLUCIONES%202014/2883.pdf HTTP/1.1" 206 65536
190.66.122.97 - - [25/Aug/2015:05:13:39 -0500] "GET /BLA/resoluciones/RESOLUCIONES%202014/2883.pdf HTTP/1.1" 206 65536
190.66.122.97 - - [25/Aug/2015:05:13:39 -0500] "GET /BLA/resoluciones/RESOLUCIONES%202014/2883.pdf HTTP/1.1" 206 65536
190.66.122.97 - - [25/Aug/2015:05:13:40 -0500] "GET /BLA/resoluciones/RESOLUCIONES%202014/2883.pdf HTTP/1.1" 206 65536
190.66.122.97 - - [25/Aug/2015:05:13:40 -0500] "GET /BLA/resoluciones/RESOLUCIONES%202014/2883.pdf HTTP/1.1" 206 65536
190.66.122.97 - - [25/Aug/2015:05:13:40 -0500] "GET /BLA/resoluciones/RESOLUCIONES%202014/2883.pdf HTTP/1.1" 206 65536
190.66.122.97 - - [25/Aug/2015:05:13:40 -0500] "GET /BLA/resoluciones/RESOLUCIONES%202014/2883.pdf HTTP/1.1" 206 65536
190.66.122.97 - - [25/Aug/2015:05:13:40 -0500] "GET /BLA/resoluciones/RESOLUCIONES%202014/2883.pdf HTTP/1.1" 206 65536
190.66.122.97 - - [25/Aug/2015:05:14:01 -0500] "GET /galeria/galeria/jquery.fancybox.css?v=2.1.5 HTTP/1.1" 200 4895
190.66.122.97 - - [25/Aug/2015:05:14:01 -0500] "GET /BLA/boletinlegal/js/jquery.scrollShow.js HTTP/1.1" 200 4586
190.66.122.97 - - [25/Aug/2015:05:14:01 -0500] "GET /galeria/galeria/jquery.fancybox.js?v=2.1.5 HTTP/1.1" 200 48706
190.66.122.97 - - [25/Aug/2015:05:14:09 -0500] "GET /BLA/boletinlegal/js/jquery.scrollShow.js HTTP/1.1" 200 4586
190.66.122.97 - - [25/Aug/2015:05:14:09 -0500] "GET /galeria/galeria/jquery.fancybox.js?v=2.1.5 HTTP/1.1" 200 48706
190.66.122.97 - - [25/Aug/2015:05:14:09 -0500] "GET /galeria/galeria/jquery.fancybox.css?v=2.1.5 HTTP/1.1" 200 4895
181.55.242.241 - - [25/Aug/2015:05:14:10 -0500] "GET /forest/session.jsp?a=0.12923263711854815 HTTP/1.1" 200 4
74.86.158.107 - - [25/Aug/2015:05:14:16 -0500] "HEAD / HTTP/1.1" 200 -
66.249.64.101 - - [25/Aug/2015:05:14:35 -0500] "GET /BLA/resoluciones/AUTOS%202014/4306.pdf HTTP/1.1" 304 -
66.249.64.106 - - [25/Aug/2015:05:14:39 -0500] "GET /BLA/resoluciones/AUTOS%202008/1599.pdf HTTP/1.1" 200 140804
190.68.207.235 - - [25/Aug/2015:05:15:03 -0500] "POST /forms/lservlet;jsessionid=ac16012b30d61be5f47ab6024f4fbe268602d4e82aaa.e3iSbxaKaheRe38Ka34Oa3eLbxf0n6jAmljGr5XDqQLvpAe HTTP/1.1" 200 2
181.55.242.241 - - [25/Aug/2015:05:15:03 -0500] "GET /isolucionsda/ HTTP/1.1" 200 739
181.55.242.241 - - [25/Aug/2015:05:15:31 -0500] "GET /videos/ArchivoSDA.flv HTTP/1.1" 200 31205279
181.55.242.241 - - [25/Aug/2015:05:16:10 -0500] "GET /forest/usutareas.do?group_system_actual=3&codTraEsc=18948201&_a=0.3359729084492301 HTTP/1.1" 200 148679
181.55.242.241 - - [25/Aug/2015:05:16:11 -0500] "GET /forest/session.jsp?a=0.18426972976885736 HTTP/1.1" 200 4
181.55.242.241 - - [25/Aug/2015:05:16:12 -0500] "GET /forest/actions/forms.getMappedValues?id=idruido201&value=1439227307337&codForm=Revision_Ct&a=0.3810467482544482 HTTP/1.1" 200 81
181.55.242.241 - - [25/Aug/2015:05:16:21 -0500] "GET /forest/borrador/1942304/Concepto%20Tecnico.docx HTTP/1.1" 200 58594
190.68.207.235 - - [25/Aug/2015:05:17:03 -0500] "POST /forms/lservlet;jsessionid=ac16012b30d61be5f47ab6024f4fbe268602d4e82aaa.e3iSbxaKaheRe38Ka34Oa3eLbxf0n6jAmljGr5XDqQLvpAe HTTP/1.1" 200 2
66.249.64.96 - - [25/Aug/2015:05:17:12 -0500] "GET /BLA/resoluciones/RESOLUCIONES%202009/3065.pdf HTTP/1.1" 200 470301
66.249.64.96 - - [25/Aug/2015:05:17:39 -0500] "GET /Residuos/cosmeticos/images/page26_thumbnail.jpg HTTP/1.1" 304 -
176.31.7.206 - - [25/Aug/2015:05:17:40 -0500] "GET / HTTP/1.1" 200 10190
66.249.64.101 - - [25/Aug/2015:05:17:44 -0500] "GET /BLA/resoluciones/RESOLUCIONES%202009/6299.pdf HTTP/1.1" 200 344251
190.68.207.235 - - [25/Aug/2015:05:19:03 -0500] "POST /forms/lservlet;jsessionid=ac16012b30d61be5f47ab6024f4fbe268602d4e82aaa.e3iSbxaKaheRe38Ka34Oa3eLbxf0n6jAmljGr5XDqQLvpAe HTTP/1.1" 200 2
74.86.158.107 - - [25/Aug/2015:05:19:16 -0500] "HEAD / HTTP/1.1" 200 -
180.76.15.19 - - [25/Aug/2015:05:20:49 -0500] "GET /StormSDA/storm_silv/?C=D;O=A HTTP/1.1" 200 5784
66.249.64.106 - - [25/Aug/2015:05:20:54 -0500] "GET /BLA/resoluciones/RESOLUCIONES%202010/7169.pdf HTTP/1.1" 200 67467
190.68.207.235 - - [25/Aug/2015:05:21:03 -0500] "POST /forms/lservlet;jsessionid=ac16012b30d61be5f47ab6024f4fbe268602d4e82aaa.e3iSbxaKaheRe38Ka34Oa3eLbxf0n6jAmljGr5XDqQLvpAe HTTP/1.1" 200 2
66.249.64.106 - - [25/Aug/2015:05:21:09 -0500] "GET /BLA/resoluciones/AUTOS%202014/1539.pdf HTTP/1.1" 200 346488
181.55.242.241 - - [25/Aug/2015:05:21:12 -0500] "GET /forest/session.jsp?a=0.24661503033712506 HTTP/1.1" 200 4
181.55.242.241 - - [25/Aug/2015:05:21:20 -0500] "GET /forest/skins/gdocs-jar/img/icons/doc.gif HTTP/1.1" 200 140
181.55.242.241 - - [25/Aug/2015:05:21:15 -0500] "GET /forest/usudocumentos.do?_a=0.5290887258015573&group_system_actual=3 HTTP/1.1" 200 169217
181.55.242.241 - - [25/Aug/2015:05:21:20 -0500] "GET /forest/session.jsp?a=0.6470565607305616 HTTP/1.1" 200 4
181.55.242.241 - - [25/Aug/2015:05:21:54 -0500] "GET /forest/documentos/1655373/2013IE066624.doc HTTP/1.1" 200 246272
220.181.108.161 - - [25/Aug/2015:05:22:31 -0500] "GET / HTTP/1.1" 200 10190
190.68.207.235 - - [25/Aug/2015:05:23:03 -0500] "POST /forms/lservlet;jsessionid=ac16012b30d61be5f47ab6024f4fbe268602d4e82aaa.e3iSbxaKaheRe38Ka34Oa3eLbxf0n6jAmljGr5XDqQLvpAe HTTP/1.1" 200 2
181.55.242.241 - - [25/Aug/2015:05:23:07 -0500] "GET /forest/usudocumentos.do?p7z=1689075&a=0.462708747247234&a=0.7945982683449984 HTTP/1.1" 200 2563
181.55.242.241 - - [25/Aug/2015:05:23:09 -0500] "GET /forest/documentos/1689075/2013IE100326.p7z:claro/Informe%20Tecnico.doc HTTP/1.1" 200 279040
66.249.64.101 - - [25/Aug/2015:05:23:16 -0500] "GET /Residuos/cosmeticos/images/page33_thumbnail.jpg HTTP/1.1" 304 -
190.159.15.158 - - [25/Aug/2015:05:23:50 -0500] "GET /BLA/boletinlegal/js/jquery.scrollShow.js HTTP/1.1" 200 4586
190.159.15.158 - - [25/Aug/2015:05:23:50 -0500] "GET /galeria/galeria/jquery.fancybox.js?v=2.1.5 HTTP/1.1" 200 48706
190.159.15.158 - - [25/Aug/2015:05:23:50 -0500] "GET /galeria/galeria/jquery.fancybox.css?v=2.1.5 HTTP/1.1" 200 4895
190.159.15.158 - - [25/Aug/2015:05:23:54 -0500] "GET /BLA/boletinlegal/js/jquery.scrollShow.js HTTP/1.1" 304 -
190.159.15.158 - - [25/Aug/2015:05:23:54 -0500] "GET /galeria/galeria/jquery.fancybox.js?v=2.1.5 HTTP/1.1" 304 -
190.159.15.158 - - [25/Aug/2015:05:23:54 -0500] "GET /galeria/galeria/jquery.fancybox.css?v=2.1.5 HTTP/1.1" 304 -
66.249.64.96 - - [25/Aug/2015:05:23:55 -0500] "GET /BLA/resoluciones/RESOLUCIONES%202009/6501.pdf HTTP/1.1" 200 430849
74.86.158.107 - - [25/Aug/2015:05:24:16 -0500] "HEAD / HTTP/1.1" 200 -
190.68.207.235 - - [25/Aug/2015:05:25:03 -0500] "POST /forms/lservlet;jsessionid=ac16012b30d61be5f47ab6024f4fbe268602d4e82aaa.e3iSbxaKaheRe38Ka34Oa3eLbxf0n6jAmljGr5XDqQLvpAe HTTP/1.1" 200 2
66.249.64.106 - - [25/Aug/2015:05:25:03 -0500] "GET /BLA/resoluciones/RESOLUCIONES%202007/RES%202007%20901%20AL%201000/RESOLUCION%200940%20DE%202007.pdf HTTP/1.1" 200 221093
186.28.72.50 - - [25/Aug/2015:05:25:39 -0500] "GET /BLA/resoluciones/RESOLUCIONES%202011/0958.pdf HTTP/1.1" 200 77145
186.28.72.50 - - [25/Aug/2015:05:25:39 -0500] "GET /favicon.ico HTTP/1.1" 200 7782
186.28.72.50 - - [25/Aug/2015:05:25:39 -0500] "GET /BLA/resoluciones/RESOLUCIONES%202011/0958.pdf HTTP/1.1" 206 32768
186.28.72.50 - - [25/Aug/2015:05:25:40 -0500] "GET /BLA/resoluciones/RESOLUCIONES%202011/0958.pdf HTTP/1.1" 206 44377
181.55.242.241 - - [25/Aug/2015:05:26:21 -0500] "GET /forest/session.jsp?a=0.5161547451280057 HTTP/1.1" 200 4
66.249.64.106 - - [25/Aug/2015:05:26:55 -0500] "GET /BLA/resoluciones/AUTOS%202014/6261.pdf HTTP/1.1" 304 -
66.249.64.96 - - [25/Aug/2015:05:26:56 -0500] "GET /BLA/resoluciones/RESOLUCIONES%202011/0979.pdf HTTP/1.1" 304 -
66.249.64.96 - - [25/Aug/2015:05:26:56 -0500] "GET /BLA/resoluciones/RESOLUCIONES%202009/6083.pdf HTTP/1.1" 304 -
190.68.207.235 - - [25/Aug/2015:05:27:03 -0500] "POST /forms/lservlet;jsessionid=ac16012b30d61be5f47ab6024f4fbe268602d4e82aaa.e3iSbxaKaheRe38Ka34Oa3eLbxf0n6jAmljGr5XDqQLvpAe HTTP/1.1" 200 2
66.249.64.248 - - [25/Aug/2015:05:27:03 -0500] "GET / HTTP/1.1" 200 10190
186.28.73.194 - - [25/Aug/2015:05:27:50 -0500] "GET /galeria/galeria/jquery.fancybox.css?v=2.1.5 HTTP/1.1" 200 4895
186.28.73.194 - - [25/Aug/2015:05:27:50 -0500] "GET /BLA/boletinlegal/js/jquery.scrollShow.js HTTP/1.1" 200 4586
186.28.73.194 - - [25/Aug/2015:05:27:50 -0500] "GET /galeria/galeria/jquery.fancybox.js?v=2.1.5 HTTP/1.1" 200 48706
66.249.64.106 - - [25/Aug/2015:05:28:32 -0500] "GET /BLA/resoluciones/AUTOS%202013/0114.pdf HTTP/1.1" 200 1157714
66.249.64.106 - - [25/Aug/2015:05:28:56 -0500] "GET /Residuos/cosmeticos/images/page52_thumbnail.jpg HTTP/1.1" 304 -
66.249.64.101 - - [25/Aug/2015:05:29:03 -0500] "GET /BLA/resoluciones/RESOLUCIONES%202007/RES%202007%203401%20AL%203500/RESOLUCION%203475%20DE%202007.pdf HTTP/1.1" 200 1174268
190.68.207.235 - - [25/Aug/2015:05:29:03 -0500] "POST /forms/lservlet;jsessionid=ac16012b30d61be5f47ab6024f4fbe268602d4e82aaa.e3iSbxaKaheRe38Ka34Oa3eLbxf0n6jAmljGr5XDqQLvpAe HTTP/1.1" 200 2
74.86.158.107 - - [25/Aug/2015:05:29:16 -0500] "HEAD / HTTP/1.1" 200 -
190.158.107.59 - - [25/Aug/2015:05:29:49 -0500] "GET /galeria/galeria/jquery.fancybox.js?v=2.1.5 HTTP/1.1" 200 48706
190.158.107.59 - - [25/Aug/2015:05:29:49 -0500] "GET /galeria/galeria/jquery.fancybox.css?v=2.1.5 HTTP/1.1" 200 4895
190.158.107.59 - - [25/Aug/2015:05:29:49 -0500] "GET /BLA/boletinlegal/js/jquery.scrollShow.js HTTP/1.1" 200 4586
66.249.64.96 - - [25/Aug/2015:05:29:54 -0500] "GET /BLA/resoluciones/RESOLUCIONES%202007/RES%202007%202401%20AL%202500/RESOLUCION%202419%20DE%202007.pdf HTTP/1.1" 304 -
190.158.107.59 - - [25/Aug/2015:05:29:54 -0500] "GET /galeria/galeria/jquery.fancybox.css?v=2.1.5 HTTP/1.1" 304 -
190.158.107.59 - - [25/Aug/2015:05:29:54 -0500] "GET /BLA/boletinlegal/js/jquery.scrollShow.js HTTP/1.1" 304 -
190.158.107.59 - - [25/Aug/2015:05:29:54 -0500] "GET /galeria/galeria/jquery.fancybox.js?v=2.1.5 HTTP/1.1" 304 -
190.158.107.59 - - [25/Aug/2015:05:29:55 -0500] "GET /BLA/boletinlegal/js/jquery.scrollShow.js HTTP/1.1" 304 -
66.249.64.96 - - [25/Aug/2015:05:29:57 -0500] "GET /BLA/resoluciones/RESOLUCIONES%202012/1375.pdf HTTP/1.1" 200 709873
190.68.207.235 - - [25/Aug/2015:05:31:04 -0500] "POST /forms/lservlet;jsessionid=ac16012b30d61be5f47ab6024f4fbe268602d4e82aaa.e3iSbxaKaheRe38Ka34Oa3eLbxf0n6jAmljGr5XDqQLvpAe HTTP/1.1" 200 2
190.68.207.235 - - [25/Aug/2015:05:31:05 -0500] "POST /forms/lservlet;jsessionid=ac16012b30d61be5f47ab6024f4fbe268602d4e82aaa.e3iSbxaKaheRe38Ka34Oa3eLbxf0n6jAmljGr5XDqQLvpAe HTTP/1.1" 200 1068
190.68.207.235 - - [25/Aug/2015:05:31:05 -0500] "GET /imagenes/listval.gif HTTP/1.1" 200 905
190.68.207.235 - - [25/Aug/2015:05:31:07 -0500] "POST /forms/lservlet;jsessionid=ac16012b30d61be5f47ab6024f4fbe268602d4e82aaa.e3iSbxaKaheRe38Ka34Oa3eLbxf0n6jAmljGr5XDqQLvpAe HTTP/1.1" 200 893
190.68.207.235 - - [25/Aug/2015:05:31:07 -0500] "POST /forms/lservlet;jsessionid=ac16012b30d61be5f47ab6024f4fbe268602d4e82aaa.e3iSbxaKaheRe38Ka34Oa3eLbxf0n6jAmljGr5XDqQLvpAe HTTP/1.1" 200 2015
190.68.207.235 - - [25/Aug/2015:05:31:08 -0500] "POST /forms/lservlet;jsessionid=ac16012b30d61be5f47ab6024f4fbe268602d4e82aaa.e3iSbxaKaheRe38Ka34Oa3eLbxf0n6jAmljGr5XDqQLvpAe HTTP/1.1" 200 78
190.68.207.235 - - [25/Aug/2015:05:31:11 -0500] "POST /forms/lservlet;jsessionid=ac16012b30d61be5f47ab6024f4fbe268602d4e82aaa.e3iSbxaKaheRe38Ka34Oa3eLbxf0n6jAmljGr5XDqQLvpAe HTTP/1.1" 200 34761
190.68.207.235 - - [25/Aug/2015:05:31:12 -0500] "GET /imagenes/listval.gif HTTP/1.1" 200 905
190.68.207.235 - - [25/Aug/2015:05:31:12 -0500] "GET /imagenes/rt_pset.gif HTTP/1.1" 200 914
190.68.207.235 - - [25/Aug/2015:05:31:13 -0500] "POST /forms/lservlet;jsessionid=ac16012b30d61be5f47ab6024f4fbe268602d4e82aaa.e3iSbxaKaheRe38Ka34Oa3eLbxf0n6jAmljGr5XDqQLvpAe HTTP/1.1" 200 7
190.68.207.235 - - [25/Aug/2015:05:31:13 -0500] "POST /forms/lservlet;jsessionid=ac16012b30d61be5f47ab6024f4fbe268602d4e82aaa.e3iSbxaKaheRe38Ka34Oa3eLbxf0n6jAmljGr5XDqQLvpAe HTTP/1.1" 200 34
190.68.207.235 - - [25/Aug/2015:05:31:13 -0500] "POST /forms/lservlet;jsessionid=ac16012b30d61be5f47ab6024f4fbe268602d4e82aaa.e3iSbxaKaheRe38Ka34Oa3eLbxf0n6jAmljGr5XDqQLvpAe HTTP/1.1" 200 2
190.68.207.235 - - [25/Aug/2015:05:31:13 -0500] "POST /forms/lservlet;jsessionid=ac16012b30d61be5f47ab6024f4fbe268602d4e82aaa.e3iSbxaKaheRe38Ka34Oa3eLbxf0n6jAmljGr5XDqQLvpAe HTTP/1.1" 200 610
190.68.207.235 - - [25/Aug/2015:05:31:15 -0500] "POST /forms/lservlet;jsessionid=ac16012b30d61be5f47ab6024f4fbe268602d4e82aaa.e3iSbxaKaheRe38Ka34Oa3eLbxf0n6jAmljGr5XDqQLvpAe HTTP/1.1" 200 210
190.68.207.235 - - [25/Aug/2015:05:31:16 -0500] "POST /forms/lservlet;jsessionid=ac16012b30d61be5f47ab6024f4fbe268602d4e82aaa.e3iSbxaKaheRe38Ka34Oa3eLbxf0n6jAmljGr5XDqQLvpAe HTTP/1.1" 200 51
190.158.107.59 - - [25/Aug/2015:05:31:28 -0500] "GET /galeria/galeria/jquery.fancybox.js?v=2.1.5 HTTP/1.1" 304 -
190.158.107.59 - - [25/Aug/2015:05:31:28 -0500] "GET /galeria/galeria/jquery.fancybox.css?v=2.1.5 HTTP/1.1" 304 -
190.158.107.59 - - [25/Aug/2015:05:31:29 -0500] "GET /galeria/galeria/jquery.fancybox.js?v=2.1.5 HTTP/1.1" 304 -
190.158.107.59 - - [25/Aug/2015:05:31:29 -0500] "GET /galeria/galeria/jquery.fancybox.css?v=2.1.5 HTTP/1.1" 304 -
190.158.107.59 - - [25/Aug/2015:05:31:29 -0500] "GET /autoliquidacion HTTP/1.1" 301 310
190.158.107.59 - - [25/Aug/2015:05:31:29 -0500] "GET /autoliquidacion/ HTTP/1.1" 200 6375
190.158.107.59 - - [25/Aug/2015:05:31:29 -0500] "GET /autoliquidacion/dlf/styles.css HTTP/1.1" 200 3045
190.158.107.59 - - [25/Aug/2015:05:31:29 -0500] "GET /autoliquidacion/dlf/bg.gif HTTP/1.1" 200 54
190.158.107.59 - - [25/Aug/2015:05:31:31 -0500] "GET /autoliquidacion/dlf/folder.png HTTP/1.1" 200 410
190.158.107.59 - - [25/Aug/2015:05:31:33 -0500] "GET /BLA/boletinlegal/js/jquery.scrollShow.js HTTP/1.1" 304 -
190.158.107.59 - - [25/Aug/2015:05:31:33 -0500] "GET /galeria/galeria/jquery.fancybox.js?v=2.1.5 HTTP/1.1" 304 -
190.158.107.59 - - [25/Aug/2015:05:31:33 -0500] "GET /galeria/galeria/jquery.fancybox.css?v=2.1.5 HTTP/1.1" 304 -
190.158.107.59 - - [25/Aug/2015:05:31:33 -0500] "GET /galeria/galeria/jquery.fancybox.js?v=2.1.5 HTTP/1.1" 304 -
190.158.107.59 - - [25/Aug/2015:05:31:33 -0500] "GET /galeria/galeria/jquery.fancybox.css?v=2.1.5 HTTP/1.1" 304 -
190.158.107.59 - - [25/Aug/2015:05:31:34 -0500] "GET /autoliquidacion HTTP/1.1" 301 310
190.158.107.59 - - [25/Aug/2015:05:31:34 -0500] "GET /autoliquidacion/ HTTP/1.1" 200 6375
190.158.107.59 - - [25/Aug/2015:05:31:34 -0500] "GET /autoliquidacion/dlf/styles.css HTTP/1.1" 304 -
190.158.107.59 - - [25/Aug/2015:05:31:34 -0500] "GET /autoliquidacion/dlf/folder.png HTTP/1.1" 304 -
190.68.207.235 - - [25/Aug/2015:05:31:43 -0500] "POST /forms/lservlet;jsessionid=ac16012b30d61be5f47ab6024f4fbe268602d4e82aaa.e3iSbxaKaheRe38Ka34Oa3eLbxf0n6jAmljGr5XDqQLvpAe HTTP/1.1" 200 26
190.68.207.235 - - [25/Aug/2015:05:31:44 -0500] "POST /forms/lservlet;jsessionid=ac16012b30d61be5f47ab6024f4fbe268602d4e82aaa.e3iSbxaKaheRe38Ka34Oa3eLbxf0n6jAmljGr5XDqQLvpAe HTTP/1.1" 200 5479
190.68.207.235 - - [25/Aug/2015:05:31:45 -0500] "POST /forms/lservlet;jsessionid=ac16012b30d61be5f47ab6024f4fbe268602d4e82aaa.e3iSbxaKaheRe38Ka34Oa3eLbxf0n6jAmljGr5XDqQLvpAe HTTP/1.1" 200 20
190.68.207.235 - - [25/Aug/2015:05:31:50 -0500] "POST /forms/lservlet;jsessionid=ac16012b30d61be5f47ab6024f4fbe268602d4e82aaa.e3iSbxaKaheRe38Ka34Oa3eLbxf0n6jAmljGr5XDqQLvpAe HTTP/1.1" 200 2
190.158.107.59 - - [25/Aug/2015:05:31:50 -0500] "GET /autoliquidacion/index.php?dir=Grupo+Forestal+-+Silvicultura%2F HTTP/1.1" 200 5087
190.158.107.59 - - [25/Aug/2015:05:31:51 -0500] "GET /autoliquidacion/dlf/dirup.png HTTP/1.1" 200 644
190.68.207.235 - - [25/Aug/2015:05:31:51 -0500] "POST /forms/lservlet;jsessionid=ac16012b30d61be5f47ab6024f4fbe268602d4e82aaa.e3iSbxaKaheRe38Ka34Oa3eLbxf0n6jAmljGr5XDqQLvpAe HTTP/1.1" 200 2423
190.158.107.59 - - [25/Aug/2015:05:31:51 -0500] "GET /autoliquidacion/dlf/xls.gif HTTP/1.1" 200 636
190.158.107.59 - - [25/Aug/2015:05:31:51 -0500] "GET /autoliquidacion/dlf/unknown.png HTTP/1.1" 200 266
190.158.107.59 - - [25/Aug/2015:05:31:51 -0500] "GET /autoliquidacion/dlf/html.gif HTTP/1.1" 200 632
190.68.207.235 - - [25/Aug/2015:05:31:51 -0500] "POST /forms/lservlet;jsessionid=ac16012b30d61be5f47ab6024f4fbe268602d4e82aaa.e3iSbxaKaheRe38Ka34Oa3eLbxf0n6jAmljGr5XDqQLvpAe HTTP/1.1" 200 10
190.68.207.235 - - [25/Aug/2015:05:31:52 -0500] "POST /forms/lservlet;jsessionid=ac16012b30d61be5f47ab6024f4fbe268602d4e82aaa.e3iSbxaKaheRe38Ka34Oa3eLbxf0n6jAmljGr5XDqQLvpAe HTTP/1.1" 200 2
190.68.207.235 - - [25/Aug/2015:05:31:52 -0500] "POST /forms/lservlet;jsessionid=ac16012b30d61be5f47ab6024f4fbe268602d4e82aaa.e3iSbxaKaheRe38Ka34Oa3eLbxf0n6jAmljGr5XDqQLvpAe HTTP/1.1" 200 3188
190.68.207.235 - - [25/Aug/2015:05:31:53 -0500] "POST /forms/lservlet;jsessionid=ac16012b30d61be5f47ab6024f4fbe268602d4e82aaa.e3iSbxaKaheRe38Ka34Oa3eLbxf0n6jAmljGr5XDqQLvpAe HTTP/1.1" 200 2
190.68.207.235 - - [25/Aug/2015:05:31:54 -0500] "POST /forms/lservlet;jsessionid=ac16012b30d61be5f47ab6024f4fbe268602d4e82aaa.e3iSbxaKaheRe38Ka34Oa3eLbxf0n6jAmljGr5XDqQLvpAe HTTP/1.1" 200 2
190.68.207.235 - - [25/Aug/2015:05:31:54 -0500] "POST /forms/lservlet;jsessionid=ac16012b30d61be5f47ab6024f4fbe268602d4e82aaa.e3iSbxaKaheRe38Ka34Oa3eLbxf0n6jAmljGr5XDqQLvpAe HTTP/1.1" 200 38
190.68.207.235 - - [25/Aug/2015:05:31:54 -0500] "POST /forms/lservlet;jsessionid=ac16012b30d61be5f47ab6024f4fbe268602d4e82aaa.e3iSbxaKaheRe38Ka34Oa3eLbxf0n6jAmljGr5XDqQLvpAe HTTP/1.1" 200 2
190.66.122.97 - - [25/Aug/2015:05:32:09 -0500] "GET /galeria/galeria/jquery.fancybox.js?v=2.1.5 HTTP/1.1" 304 -
190.66.122.97 - - [25/Aug/2015:05:32:09 -0500] "GET /galeria/galeria/jquery.fancybox.css?v=2.1.5 HTTP/1.1" 304 -
190.66.122.97 - - [25/Aug/2015:05:32:17 -0500] "GET /galeria/galeria/jquery.fancybox.js?v=2.1.5 HTTP/1.1" 304 -
190.66.122.97 - - [25/Aug/2015:05:32:17 -0500] "GET /galeria/galeria/jquery.fancybox.css?v=2.1.5 HTTP/1.1" 304 -
200.118.81.122 - - [25/Aug/2015:05:32:53 -0500] "GET /BLA/boletinlegal/js/jquery.scrollShow.js HTTP/1.1" 200 4586
200.118.81.122 - - [25/Aug/2015:05:32:53 -0500] "GET /galeria/galeria/jquery.fancybox.js?v=2.1.5 HTTP/1.1" 200 48706
200.118.81.122 - - [25/Aug/2015:05:32:54 -0500] "GET /galeria/galeria/jquery.fancybox.css?v=2.1.5 HTTP/1.1" 200 4895
200.118.81.122 - - [25/Aug/2015:05:32:54 -0500] "GET /galeria/carrusel/Carrusel/jquery.thumbnailScroller.css HTTP/1.1" 200 2066
66.249.64.101 - - [25/Aug/2015:05:32:54 -0500] "GET /BLA/resoluciones/RESOLUCIONES%202008/4303.pdf HTTP/1.1" 200 484962
200.118.81.122 - - [25/Aug/2015:05:32:54 -0500] "GET /galeria/carrusel/Carrusel/jquery-ui-1.8.13.custom.min.js HTTP/1.1" 200 10800
200.118.81.122 - - [25/Aug/2015:05:32:55 -0500] "GET /galeria/carrusel/Carrusel/jquery.thumbnailScroller.js HTTP/1.1" 200 8157
66.249.64.106 - - [25/Aug/2015:05:32:57 -0500] "GET /BLA/resoluciones/AUTOS%202007/1433.pdf HTTP/1.1" 200 101439
200.118.81.122 - - [25/Aug/2015:05:32:58 -0500] "GET /galeria/nivo-slider/demo/demo.html HTTP/1.1" 200 5195
200.118.81.122 - - [25/Aug/2015:05:32:58 -0500] "GET /galeria/nivo-slider/themes/default/default.css HTTP/1.1" 200 1569
200.118.81.122 - - [25/Aug/2015:05:32:58 -0500] "GET /galeria/nivo-slider/themes/pascal/pascal.css HTTP/1.1" 200 2258
200.118.81.122 - - [25/Aug/2015:05:32:58 -0500] "GET /galeria/nivo-slider/themes/orman/orman.css HTTP/1.1" 200 2152
200.118.81.122 - - [25/Aug/2015:05:32:58 -0500] "GET /galeria/nivo-slider/nivo-slider.css HTTP/1.1" 200 1507
200.118.81.122 - - [25/Aug/2015:05:32:58 -0500] "GET /galeria/nivo-slider/demo/style.css HTTP/1.1" 200 2222
200.118.81.122 - - [25/Aug/2015:05:32:58 -0500] "GET /galeria/nivo-slider/demo/images/rendicion-de-cuentas-7-agosto.jpg HTTP/1.1" 200 149701
200.118.81.122 - - [25/Aug/2015:05:32:58 -0500] "GET /galeria/nivo-slider/demo/images/PREDAcamp.jpg HTTP/1.1" 200 295358
200.118.81.122 - - [25/Aug/2015:05:32:58 -0500] "GET /galeria/nivo-slider/demo/images/Semana-PYBA.jpg HTTP/1.1" 200 103786
200.118.81.122 - - [25/Aug/2015:05:32:58 -0500] "GET /galeria/nivo-slider/demo/images/Banner-ecolecta2015.jpg HTTP/1.1" 200 219133
200.118.81.122 - - [25/Aug/2015:05:32:58 -0500] "GET /galeria/nivo-slider/demo/images/VoluntariadoPYBA.jpg HTTP/1.1" 200 40647
200.118.81.122 - - [25/Aug/2015:05:32:59 -0500] "GET /galeria/nivo-slider/demo/images/Cambio-Climatico-Cerros.jpg HTTP/1.1" 200 273652
200.118.81.122 - - [25/Aug/2015:05:32:59 -0500] "GET /galeria/nivo-slider/demo/images/Banner-TL.jpg HTTP/1.1" 200 158976
200.118.81.122 - - [25/Aug/2015:05:33:00 -0500] "GET /galeria/nivo-slider/demo/images/banner-llantas2.jpg HTTP/1.1" 200 204644
200.118.81.122 - - [25/Aug/2015:05:33:00 -0500] "GET /galeria/nivo-slider/demo/images/9Signos.jpg HTTP/1.1" 200 81776
200.118.81.122 - - [25/Aug/2015:05:33:00 -0500] "GET /galeria/nivo-slider/demo/images/Comparendo-ambiental-Banner.jpg HTTP/1.1" 200 83731
200.118.81.122 - - [25/Aug/2015:05:33:01 -0500] "GET /galeria/nivo-slider/demo/images/GAE-banner.jpg HTTP/1.1" 200 97556
200.118.81.122 - - [25/Aug/2015:05:33:01 -0500] "GET /galeria/nivo-slider/demo/images/Banner-encuesta-de-percepscio.jpg HTTP/1.1" 200 201899
200.118.81.122 - - [25/Aug/2015:05:33:01 -0500] "GET /galeria/nivo-slider/demo/images/banner-Pacto-por-la-madera.jpg HTTP/1.1" 200 209966
200.118.81.122 - - [25/Aug/2015:05:33:01 -0500] "GET /galeria/nivo-slider/demo/images/4Simple_Slider.png HTTP/1.1" 200 11722
200.118.81.122 - - [25/Aug/2015:05:33:01 -0500] "GET /galeria/nivo-slider/themes/default/loading.gif HTTP/1.1" 200 1737
200.118.81.122 - - [25/Aug/2015:05:33:01 -0500] "GET /galeria/nivo-slider/demo/images/acuerdo_569.jpg HTTP/1.1" 200 62670
200.118.81.122 - - [25/Aug/2015:05:33:01 -0500] "GET /galeria/nivo-slider/demo/images/Banner-Directorio.jpg HTTP/1.1" 200 182068
200.118.81.122 - - [25/Aug/2015:05:33:02 -0500] "GET /galeria/nivo-slider/demo/images/Ruta-vertimientos-01.jpg HTTP/1.1" 200 130151
200.118.81.122 - - [25/Aug/2015:05:33:02 -0500] "GET /galeria/nivo-slider/demo/images/bolsas-06.jpg HTTP/1.1" 200 90982
200.118.81.122 - - [25/Aug/2015:05:33:02 -0500] "GET /galeria/nivo-slider/demo/scripts/jquery-1.7.1.min.js HTTP/1.1" 200 93868
200.118.81.122 - - [25/Aug/2015:05:33:02 -0500] "GET /galeria/nivo-slider/jquery.nivo.slider.pack.js HTTP/1.1" 200 11561
