186.83.16.228 - - [25/Dec/2015:20:55:54 -0500] "GET /BLA/boletinlegal/images/pdf.gif HTTP/1.1" 304 -
40.77.167.20 - - [25/Dec/2015:20:55:56 -0500] "GET /robots.txt HTTP/1.1" 404 1019
40.77.167.20 - - [25/Dec/2015:20:56:02 -0500] "GET /BLA/boletinlegal/Circulares/2013/Circular%20No.%208%20del%201%20de%20Noviembre%20de%202013.pdf HTTP/1.1" 200 385156
66.249.64.96 - - [25/Dec/2015:20:56:04 -0500] "GET /BLA/resoluciones/RESOLUCIONES%202010/4791.pdf HTTP/1.1" 304 -
181.50.77.217 - - [25/Dec/2015:20:56:15 -0500] "POST /forms/lservlet;jsessionid=ac16012b30d7756c08981be84208a5aa839d62b4bd05.e3iSbxaKaheRe38KbN0Rb34Mc3j0n6jAmljGr5XDqQLvpAe HTTP/1.1" 200 2
66.249.64.96 - - [25/Dec/2015:20:57:00 -0500] "GET /BLA/resoluciones/RESOLUCIONES%202014/2609.pdf HTTP/1.1" 200 396101
69.162.124.233 - - [25/Dec/2015:20:57:27 -0500] "HEAD / HTTP/1.1" 200 -
157.55.39.181 - - [25/Dec/2015:20:57:52 -0500] "GET /robots.txt HTTP/1.1" 404 1019
157.55.39.181 - - [25/Dec/2015:20:57:55 -0500] "GET /BLA/boletinlegal/Circulares/2010/Circular%2005%20de%208%20de%20septiembre%20de%202010.pdf HTTP/1.1" 200 2146608
66.249.64.96 - - [25/Dec/2015:20:57:55 -0500] "GET /BLA/resoluciones/RESOLUCIONES%202010/0610.pdf HTTP/1.1" 200 509571
66.249.64.101 - - [25/Dec/2015:20:57:56 -0500] "GET /BLA/resoluciones/RESOLUCIONES%202009/7892.pdf HTTP/1.1" 200 430290
181.50.77.217 - - [25/Dec/2015:20:58:15 -0500] "POST /forms/lservlet;jsessionid=ac16012b30d7756c08981be84208a5aa839d62b4bd05.e3iSbxaKaheRe38KbN0Rb34Mc3j0n6jAmljGr5XDqQLvpAe HTTP/1.1" 200 2
66.249.64.96 - - [25/Dec/2015:20:58:50 -0500] "GET /BLA/resoluciones/AUTOS%202014/6470.pdf HTTP/1.1" 200 445647
66.249.64.106 - - [25/Dec/2015:20:59:46 -0500] "GET /BLA/resoluciones/RESOLUCIONES%202010/0416.pdf HTTP/1.1" 304 -
181.50.77.217 - - [25/Dec/2015:21:00:15 -0500] "POST /forms/lservlet;jsessionid=ac16012b30d7756c08981be84208a5aa839d62b4bd05.e3iSbxaKaheRe38KbN0Rb34Mc3j0n6jAmljGr5XDqQLvpAe HTTP/1.1" 200 2
66.249.64.96 - - [25/Dec/2015:21:00:41 -0500] "GET /BLA/resoluciones/RESOLUCIONES%202010/7438.pdf HTTP/1.1" 304 -
186.0.70.177 - - [25/Dec/2015:21:01:22 -0500] "GET /BLA/resoluciones/RESOLUCIONES%202011/5156.pdf HTTP/1.1" 200 515521
186.0.70.177 - - [25/Dec/2015:21:01:23 -0500] "GET /favicon.ico HTTP/1.1" 200 7782
66.249.64.106 - - [25/Dec/2015:21:01:27 -0500] "GET /BLA/resoluciones/RESOLUCIONES%202007/RES%202007%204301%20AL%204352/RESOLUCION%204307%20DE%202007.pdf HTTP/1.1" 200 673783
66.249.64.101 - - [25/Dec/2015:21:01:36 -0500] "GET /BLA/resoluciones/RESOLUCIONES%202013/1117.pdf HTTP/1.1" 304 -
181.50.77.217 - - [25/Dec/2015:21:02:20 -0500] "POST /forms/lservlet;jsessionid=ac16012b30d7756c08981be84208a5aa839d62b4bd05.e3iSbxaKaheRe38KbN0Rb34Mc3j0n6jAmljGr5XDqQLvpAe HTTP/1.1" 200 2
69.162.124.233 - - [25/Dec/2015:21:02:27 -0500] "HEAD / HTTP/1.1" 200 -
66.249.64.96 - - [25/Dec/2015:21:02:31 -0500] "GET /BLA/resoluciones/AUTOS%202007/3726.pdf HTTP/1.1" 200 272467
66.249.64.243 - - [25/Dec/2015:21:03:26 -0500] "GET /phpold/reqpot.php HTTP/1.1" 404 1019
181.50.77.217 - - [25/Dec/2015:21:04:21 -0500] "POST /forms/lservlet;jsessionid=ac16012b30d7756c08981be84208a5aa839d62b4bd05.e3iSbxaKaheRe38KbN0Rb34Mc3j0n6jAmljGr5XDqQLvpAe HTTP/1.1" 200 2
66.249.64.248 - - [25/Dec/2015:21:04:22 -0500] "GET /portalsiaccapacitaciones/Soportes%20Capacitaciones%202013/0049.%20ADOPCI%C3%93N%20DEL%20PROGRAMA%20DE%20ECOCOCONDUCCION%20EN%20PICA%2017-10-2013.pdf HTTP/1.1" 404 1019
66.249.64.96 - - [25/Dec/2015:21:04:58 -0500] "GET /BLA/resoluciones/RESOLUCIONES%202011/2135.pdf HTTP/1.1" 200 253490
66.249.64.106 - - [25/Dec/2015:21:05:17 -0500] "GET /BLA/resoluciones/RESOLUCIONES%202010/2274.pdf HTTP/1.1" 200 490505
66.249.64.96 - - [25/Dec/2015:21:05:51 -0500] "GET /galeria/nivo-slider/demo/images/9Signos.jpg HTTP/1.1" 304 -
66.249.64.101 - - [25/Dec/2015:21:06:12 -0500] "GET /BLA/resoluciones/AUTOS%202009/0274.pdf HTTP/1.1" 200 102943
127.0.0.1 - - [25/Dec/2015:21:06:20 -0500] "POST /core/version-check/1.7/?version=4.2.2&php=5.5.15&locale=es_ES&mysql=5.6.20&local_package=&blogs=1&users=108&multisite_enabled=0 HTTP/1.0" 404 1021
127.0.0.1 - - [25/Dec/2015:21:06:20 -0500] "POST /plugins/update-check/1.1/ HTTP/1.0" 404 1021
127.0.0.1 - - [25/Dec/2015:21:06:20 -0500] "POST /themes/update-check/1.1/ HTTP/1.0" 404 1021
181.50.77.217 - - [25/Dec/2015:21:06:21 -0500] "POST /forms/lservlet;jsessionid=ac16012b30d7756c08981be84208a5aa839d62b4bd05.e3iSbxaKaheRe38KbN0Rb34Mc3j0n6jAmljGr5XDqQLvpAe HTTP/1.1" 200 2
66.249.88.228 - - [25/Dec/2015:21:06:25 -0500] "GET /galeria/galeria/jquery.fancybox.css?v=2.1.5 HTTP/1.1" 200 4895
66.249.88.233 - - [25/Dec/2015:21:06:25 -0500] "GET /galeria/galeria/jquery.fancybox.css?v=2.1.5 HTTP/1.1" 200 4895
66.249.88.228 - - [25/Dec/2015:21:06:26 -0500] "GET /BLA/boletinlegal/js/jquery.scrollShow.js HTTP/1.1" 200 4586
66.249.88.233 - - [25/Dec/2015:21:06:26 -0500] "GET /galeria/galeria/jquery.fancybox.js?v=2.1.5 HTTP/1.1" 200 48706
66.249.88.233 - - [25/Dec/2015:21:06:26 -0500] "GET /BLA/boletinlegal/js/jquery.scrollShow.js HTTP/1.1" 200 4586
66.249.88.223 - - [25/Dec/2015:21:06:26 -0500] "GET /galeria/galeria/jquery.fancybox.js?v=2.1.5 HTTP/1.1" 200 48706
66.249.64.101 - - [25/Dec/2015:21:07:07 -0500] "GET /BLA/resoluciones/RESOLUCIONES%202009/3350.pdf HTTP/1.1" 304 -
69.162.124.233 - - [25/Dec/2015:21:07:27 -0500] "HEAD / HTTP/1.1" 200 -
187.205.197.82 - - [25/Dec/2015:21:07:32 -0500] "GET /galeria/galeria/jquery.fancybox.css?v=2.1.5 HTTP/1.1" 200 4895
187.205.197.82 - - [25/Dec/2015:21:07:34 -0500] "GET /BLA/boletinlegal/js/jquery.scrollShow.js HTTP/1.1" 200 4586
187.205.197.82 - - [25/Dec/2015:21:07:35 -0500] "GET /galeria/galeria/jquery.fancybox.js?v=2.1.5 HTTP/1.1" 200 48706
66.249.88.223 - - [25/Dec/2015:21:07:48 -0500] "GET /BLA/boletinlegal/js/jquery.scrollShow.js HTTP/1.1" 200 4586
66.249.88.228 - - [25/Dec/2015:21:07:48 -0500] "GET /galeria/galeria/jquery.fancybox.js?v=2.1.5 HTTP/1.1" 200 48706
66.249.88.223 - - [25/Dec/2015:21:07:51 -0500] "GET /galeria/galeria/jquery.fancybox.css?v=2.1.5 HTTP/1.1" 200 4895
66.249.88.228 - - [25/Dec/2015:21:07:51 -0500] "GET /BLA/boletinlegal/images/pdf.gif HTTP/1.1" 200 567
66.249.88.233 - - [25/Dec/2015:21:07:51 -0500] "GET /BLA/boletinlegal/images/video.png HTTP/1.1" 200 57565
66.249.64.96 - - [25/Dec/2015:21:08:03 -0500] "GET /BLA/resoluciones/AUTOS%202012/2664.pdf HTTP/1.1" 200 319696
66.249.88.228 - - [25/Dec/2015:21:08:07 -0500] "GET /BLA/boletinlegal/js/jquery.scrollShow.js HTTP/1.1" 304 -
66.249.88.223 - - [25/Dec/2015:21:08:07 -0500] "GET /galeria/galeria/jquery.fancybox.css?v=2.1.5 HTTP/1.1" 304 -
66.249.88.228 - - [25/Dec/2015:21:08:07 -0500] "GET /galeria/galeria/jquery.fancybox.js?v=2.1.5 HTTP/1.1" 304 -
66.249.88.223 - - [25/Dec/2015:21:08:07 -0500] "GET /BLA/boletinlegal/images/pdf.gif HTTP/1.1" 304 -
66.249.88.233 - - [25/Dec/2015:21:08:07 -0500] "GET /BLA/boletinlegal/images/video.png HTTP/1.1" 304 -
181.50.77.217 - - [25/Dec/2015:21:08:21 -0500] "POST /forms/lservlet;jsessionid=ac16012b30d7756c08981be84208a5aa839d62b4bd05.e3iSbxaKaheRe38KbN0Rb34Mc3j0n6jAmljGr5XDqQLvpAe HTTP/1.1" 200 2
66.249.64.101 - - [25/Dec/2015:21:08:27 -0500] "GET /BLA/resoluciones/RESOLUCIONES%202013/1165.pdf HTTP/1.1" 200 327196
66.249.64.106 - - [25/Dec/2015:21:08:58 -0500] "GET /BLA/resoluciones/RESOLUCIONES%202009/9515.pdf HTTP/1.1" 200 502025
66.249.64.101 - - [25/Dec/2015:21:09:53 -0500] "GET /BLA/resoluciones/RESOLUCIONES%202010/0695.pdf HTTP/1.1" 200 103588
190.66.75.185 - - [25/Dec/2015:21:10:06 -0500] "GET /galeria/galeria/jquery.fancybox.css?v=2.1.5 HTTP/1.1" 200 4895
190.66.75.185 - - [25/Dec/2015:21:10:06 -0500] "GET /BLA/boletinlegal/js/jquery.scrollShow.js HTTP/1.1" 200 4586
190.66.75.185 - - [25/Dec/2015:21:10:06 -0500] "GET /galeria/galeria/jquery.fancybox.js?v=2.1.5 HTTP/1.1" 200 48706
181.50.77.217 - - [25/Dec/2015:21:10:21 -0500] "POST /forms/lservlet;jsessionid=ac16012b30d7756c08981be84208a5aa839d62b4bd05.e3iSbxaKaheRe38KbN0Rb34Mc3j0n6jAmljGr5XDqQLvpAe HTTP/1.1" 200 2
190.66.75.185 - - [25/Dec/2015:21:10:32 -0500] "GET /galeria/galeria/jquery.fancybox.css?v=2.1.5 HTTP/1.1" 304 -
190.66.75.185 - - [25/Dec/2015:21:10:32 -0500] "GET /BLA/boletinlegal/js/jquery.scrollShow.js HTTP/1.1" 304 -
190.66.75.185 - - [25/Dec/2015:21:10:32 -0500] "GET /galeria/galeria/jquery.fancybox.js?v=2.1.5 HTTP/1.1" 304 -
152.201.58.199 - - [25/Dec/2015:21:10:37 -0500] "GET /Anexos%20estudio%20Organizacional%20SDA/ANEXO%20No.%203-%20CONTRATACI%C3%93N%20%20OPS%C2%B4s%202008-2012/CONTRATOS%20SDA%202012%20POR%20DEPENDENCIA.xls HTTP/1.1" 200 269824
152.201.58.199 - - [25/Dec/2015:21:10:40 -0500] "GET /Anexos%20estudio%20Organizacional%20SDA/ANEXO%20No.%203-%20CONTRATACI%C3%93N%20%20OPS%C2%B4s%202008-2012/CONTRATOS%20SDA%202012%20POR%20DEPENDENCIA.xls HTTP/1.1" 200 269824
66.249.64.238 - - [25/Dec/2015:21:10:48 -0500] "GET /ecodirectorio/files/res/pages/page_0030.swf HTTP/1.1" 200 152787
207.46.13.5 - - [25/Dec/2015:21:10:52 -0500] "GET /contactenos/ HTTP/1.1" 301 336
186.31.220.194 - - [25/Dec/2015:21:10:54 -0500] "GET /galeria/galeria/jquery.fancybox.css?v=2.1.5 HTTP/1.1" 200 4895
186.31.220.194 - - [25/Dec/2015:21:10:54 -0500] "GET /BLA/boletinlegal/js/jquery.scrollShow.js HTTP/1.1" 200 4586
186.31.220.194 - - [25/Dec/2015:21:10:54 -0500] "GET /galeria/galeria/jquery.fancybox.js?v=2.1.5 HTTP/1.1" 200 48706
186.31.220.194 - - [25/Dec/2015:21:11:07 -0500] "GET /BLA/boletinlegal/js/jquery.scrollShow.js HTTP/1.1" 304 -
186.31.220.194 - - [25/Dec/2015:21:11:07 -0500] "GET /galeria/galeria/jquery.fancybox.js?v=2.1.5 HTTP/1.1" 304 -
186.31.220.194 - - [25/Dec/2015:21:11:07 -0500] "GET /galeria/galeria/jquery.fancybox.css?v=2.1.5 HTTP/1.1" 304 -
167.0.215.166 - - [25/Dec/2015:21:11:17 -0500] "GET /galeria/galeria/jquery.fancybox.css?v=2.1.5 HTTP/1.1" 200 4895
167.0.215.166 - - [25/Dec/2015:21:11:17 -0500] "GET /BLA/boletinlegal/js/jquery.scrollShow.js HTTP/1.1" 200 4586
167.0.215.166 - - [25/Dec/2015:21:11:17 -0500] "GET /galeria/galeria/jquery.fancybox.js?v=2.1.5 HTTP/1.1" 200 48706
167.0.215.166 - - [25/Dec/2015:21:11:22 -0500] "GET /BLA/boletinlegal/js/jquery.scrollShow.js HTTP/1.1" 304 -
167.0.215.166 - - [25/Dec/2015:21:11:22 -0500] "GET /galeria/galeria/jquery.fancybox.js?v=2.1.5 HTTP/1.1" 304 -
167.0.215.166 - - [25/Dec/2015:21:11:22 -0500] "GET /galeria/galeria/jquery.fancybox.css?v=2.1.5 HTTP/1.1" 304 -
201.234.75.11 - - [25/Dec/2015:21:11:30 -0500] "GET /galeria/nivo-slider/demo/images/jardinvertiSDA2.jpg HTTP/1.1" 304 -
66.249.64.101 - - [25/Dec/2015:21:11:43 -0500] "GET /BLA/resoluciones/RESOLUCIONES%202008/5241.pdf HTTP/1.1" 200 331583
66.249.64.106 - - [25/Dec/2015:21:11:58 -0500] "GET /BLA/resoluciones/RESOLUCIONES%202011/0119.pdf HTTP/1.1" 200 309936
190.157.243.167 - - [25/Dec/2015:21:12:16 -0500] "GET /galeria/galeria/jquery.fancybox.js?v=2.1.5 HTTP/1.1" 200 48706
190.157.243.167 - - [25/Dec/2015:21:12:16 -0500] "GET /BLA/boletinlegal/js/jquery.scrollShow.js HTTP/1.1" 200 4586
190.157.243.167 - - [25/Dec/2015:21:12:16 -0500] "GET /galeria/galeria/jquery.fancybox.css?v=2.1.5 HTTP/1.1" 200 4895
181.50.77.217 - - [25/Dec/2015:21:12:21 -0500] "POST /forms/lservlet;jsessionid=ac16012b30d7756c08981be84208a5aa839d62b4bd05.e3iSbxaKaheRe38KbN0Rb34Mc3j0n6jAmljGr5XDqQLvpAe HTTP/1.1" 200 2
190.157.243.167 - - [25/Dec/2015:21:12:22 -0500] "GET /galeria/galeria/jquery.fancybox.js?v=2.1.5 HTTP/1.1" 304 -
190.157.243.167 - - [25/Dec/2015:21:12:22 -0500] "GET /galeria/galeria/jquery.fancybox.css?v=2.1.5 HTTP/1.1" 304 -
190.157.243.167 - - [25/Dec/2015:21:12:22 -0500] "GET /BLA/boletinlegal/js/jquery.scrollShow.js HTTP/1.1" 304 -
69.162.124.233 - - [25/Dec/2015:21:12:27 -0500] "HEAD / HTTP/1.1" 200 -
66.249.64.96 - - [25/Dec/2015:21:13:34 -0500] "GET /BLA/resoluciones/AUTOS%202014/6730.pdf HTTP/1.1" 200 258309
201.234.75.11 - - [25/Dec/2015:21:13:38 -0500] "GET /galeria/nivo-slider/demo/images/caballos2a.jpg HTTP/1.1" 304 -
207.46.13.121 - - [25/Dec/2015:21:13:57 -0500] "GET /robots.txt HTTP/1.1" 404 1018
181.50.77.217 - - [25/Dec/2015:21:14:21 -0500] "POST /forms/lservlet;jsessionid=ac16012b30d7756c08981be84208a5aa839d62b4bd05.e3iSbxaKaheRe38KbN0Rb34Mc3j0n6jAmljGr5XDqQLvpAe HTTP/1.1" 200 2
207.46.13.121 - - [25/Dec/2015:21:14:22 -0500] "GET /huelladecarbono/estilos.css HTTP/1.1" 200 4034
66.249.64.101 - - [25/Dec/2015:21:14:29 -0500] "GET /BLA/resoluciones/AUTOS%202011/3646.pdf HTTP/1.1" 200 298369
190.69.219.185 - - [25/Dec/2015:21:15:03 -0500] "GET /galeria/galeria/jquery.fancybox.css?v=2.1.5 HTTP/1.1" 200 4895
190.69.219.185 - - [25/Dec/2015:21:15:03 -0500] "GET /galeria/carrusel/Carrusel/jquery.thumbnailScroller.css HTTP/1.1" 200 2066
190.69.219.185 - - [25/Dec/2015:21:15:03 -0500] "GET /BLA/boletinlegal/js/jquery.scrollShow.js HTTP/1.1" 200 4586
190.69.219.185 - - [25/Dec/2015:21:15:03 -0500] "GET /galeria/galeria/jquery.fancybox.js?v=2.1.5 HTTP/1.1" 200 48706
190.69.219.185 - - [25/Dec/2015:21:15:03 -0500] "GET /galeria/carrusel/Carrusel/jquery-ui-1.8.13.custom.min.js HTTP/1.1" 200 10800
190.69.219.185 - - [25/Dec/2015:21:15:03 -0500] "GET /galeria/carrusel/Carrusel/jquery.thumbnailScroller.js HTTP/1.1" 200 8157
190.69.219.185 - - [25/Dec/2015:21:15:06 -0500] "GET /galeria/nivo-slider/demo/demo.html HTTP/1.1" 200 4456
190.69.219.185 - - [25/Dec/2015:21:15:07 -0500] "GET /galeria/nivo-slider/themes/pascal/pascal.css HTTP/1.1" 200 2258
190.69.219.185 - - [25/Dec/2015:21:15:07 -0500] "GET /galeria/nivo-slider/nivo-slider.css HTTP/1.1" 200 1507
190.69.219.185 - - [25/Dec/2015:21:15:07 -0500] "GET /galeria/nivo-slider/demo/style.css HTTP/1.1" 200 2222
190.69.219.185 - - [25/Dec/2015:21:15:07 -0500] "GET /galeria/nivo-slider/jquery.nivo.slider.pack.js HTTP/1.1" 200 11561
190.69.219.185 - - [25/Dec/2015:21:15:07 -0500] "GET /galeria/nivo-slider/demo/scripts/jquery-1.7.1.min.js HTTP/1.1" 200 93868
190.69.219.185 - - [25/Dec/2015:21:15:07 -0500] "GET /galeria/nivo-slider/themes/default/default.css HTTP/1.1" 200 1569
190.69.219.185 - - [25/Dec/2015:21:15:07 -0500] "GET /galeria/nivo-slider/themes/orman/orman.css HTTP/1.1" 200 2152
190.69.219.185 - - [25/Dec/2015:21:15:08 -0500] "GET /galeria/nivo-slider/demo/images/ambientales.jpg HTTP/1.1" 200 397233
190.69.219.185 - - [25/Dec/2015:21:15:08 -0500] "GET /galeria/nivo-slider/demo/images/4Simple_Slider.png HTTP/1.1" 200 11722
190.69.219.185 - - [25/Dec/2015:21:15:08 -0500] "GET /galeria/nivo-slider/themes/default/loading.gif HTTP/1.1" 200 1737
190.69.219.185 - - [25/Dec/2015:21:15:08 -0500] "GET /galeria/nivo-slider/demo/images/Programacion-navidena.jpg HTTP/1.1" 200 316038
190.69.219.185 - - [25/Dec/2015:21:15:08 -0500] "GET /galeria/nivo-slider/demo/images/2Banner-encuestaSDA.jpg HTTP/1.1" 200 208228
190.69.219.185 - - [25/Dec/2015:21:15:10 -0500] "GET /galeria/nivo-slider/demo/images/ABC-Plan-de-contigencia.jpg HTTP/1.1" 200 401853
190.69.219.185 - - [25/Dec/2015:21:15:10 -0500] "GET /galeria/nivo-slider/demo/images/banner-llantas2015.jpg HTTP/1.1" 200 185615
190.69.219.185 - - [25/Dec/2015:21:15:14 -0500] "GET /galeria/nivo-slider/demo/images/caminata-ecologica.jpg HTTP/1.1" 200 161069
190.69.219.185 - - [25/Dec/2015:21:15:15 -0500] "GET /galeria/nivo-slider/demo/images/Banner-ahorro-de-agua.jpg HTTP/1.1" 200 149141
190.69.219.185 - - [25/Dec/2015:21:15:15 -0500] "GET /galeria/nivo-slider/demo/images/Cmapana-onestidad.jpg HTTP/1.1" 200 141638
190.69.219.185 - - [25/Dec/2015:21:15:15 -0500] "GET /galeria/nivo-slider/demo/images/PREDAcamp.jpg HTTP/1.1" 200 295358
190.69.219.185 - - [25/Dec/2015:21:15:15 -0500] "GET /galeria/nivo-slider/demo/images/banner-llantas2.jpg HTTP/1.1" 200 204644
190.69.219.185 - - [25/Dec/2015:21:15:15 -0500] "GET /galeria/nivo-slider/demo/images/9Signos.jpg HTTP/1.1" 200 81776
190.69.219.185 - - [25/Dec/2015:21:15:16 -0500] "GET /galeria/nivo-slider/demo/images/Ruta-vertimientos-01.jpg HTTP/1.1" 200 130151
190.69.219.185 - - [25/Dec/2015:21:15:16 -0500] "GET /galeria/nivo-slider/demo/images/bolsas-06.jpg HTTP/1.1" 200 90982
190.69.219.185 - - [25/Dec/2015:21:15:16 -0500] "GET /galeria/nivo-slider/demo/images/Conoce-los-humedales.jpg HTTP/1.1" 200 294036
190.69.219.185 - - [25/Dec/2015:21:15:17 -0500] "GET /galeria/nivo-slider/demo/images/ecolecta-Dic2014.png HTTP/1.1" 200 288593
190.69.219.185 - - [25/Dec/2015:21:15:21 -0500] "GET /galeria/nivo-slider/themes/default/arrows.png HTTP/1.1" 200 824
190.69.219.185 - - [25/Dec/2015:21:15:21 -0500] "GET /galeria/nivo-slider/themes/default/bullets.png HTTP/1.1" 200 1281
66.249.64.106 - - [25/Dec/2015:21:15:24 -0500] "GET /BLA/resoluciones/RESOLUCIONES%202009/0987.pdf HTTP/1.1" 200 60426
66.249.64.96 - - [25/Dec/2015:21:15:29 -0500] "GET /BLA/resoluciones/RESOLUCIONES%202009/9818.pdf HTTP/1.1" 200 513463
66.249.64.106 - - [25/Dec/2015:21:15:38 -0500] "GET /BLA/resoluciones/RESOLUCIONES%202009/2633.pdf HTTP/1.1" 200 1253948
66.249.64.243 - - [25/Dec/2015:21:16:20 -0500] "GET /portalsiaccapacitaciones/Soportes%20Capacitaciones%202014/0100.%20Presentaci%C3%B3n%20Registros%20Acopiador%20Primario%20y%20Generador%20RESPEL%2016-09-14.pdf HTTP/1.1" 404 1019
181.50.77.217 - - [25/Dec/2015:21:16:22 -0500] "POST /forms/lservlet;jsessionid=ac16012b30d7756c08981be84208a5aa839d62b4bd05.e3iSbxaKaheRe38KbN0Rb34Mc3j0n6jAmljGr5XDqQLvpAe HTTP/1.1" 200 2
66.249.64.96 - - [25/Dec/2015:21:17:15 -0500] "GET /BLA/resoluciones/AUTOS%202008/0570.pdf HTTP/1.1" 200 91024
69.162.124.233 - - [25/Dec/2015:21:17:27 -0500] "HEAD / HTTP/1.1" 200 -
66.249.64.101 - - [25/Dec/2015:21:18:10 -0500] "GET /BLA/resoluciones/AUTOS%202011/2943.pdf HTTP/1.1" 200 495983
180.76.15.163 - - [25/Dec/2015:21:18:06 -0500] "GET /BLA/resoluciones/index.php?dir=RESOLUCIONES%202007/RES%202007%20601%20AL%20700/&sort=name&order=asc HTTP/1.1" 200 26655
181.50.77.217 - - [25/Dec/2015:21:18:22 -0500] "POST /forms/lservlet;jsessionid=ac16012b30d7756c08981be84208a5aa839d62b4bd05.e3iSbxaKaheRe38KbN0Rb34Mc3j0n6jAmljGr5XDqQLvpAe HTTP/1.1" 200 2
66.249.64.101 - - [25/Dec/2015:21:18:58 -0500] "GET /BLA/resoluciones/RESOLUCIONES%202009/6590.pdf HTTP/1.1" 200 597512
66.249.64.101 - - [25/Dec/2015:21:19:05 -0500] "GET /BLA/resoluciones/AUTOS%202015/2173.pdf HTTP/1.1" 200 811619
201.234.75.11 - - [25/Dec/2015:21:19:16 -0500] "GET /galeria/nivo-slider/themes/default/arrows.png HTTP/1.1" 304 -
180.76.15.8 - - [25/Dec/2015:21:19:17 -0500] "GET / HTTP/1.1" 200 10190
180.76.15.24 - - [25/Dec/2015:21:19:35 -0500] "GET / HTTP/1.1" 200 10190
66.249.64.96 - - [25/Dec/2015:21:20:01 -0500] "GET /BLA/resoluciones/AUTOS%202011/2443.pdf HTTP/1.1" 200 148559
181.50.77.217 - - [25/Dec/2015:21:20:22 -0500] "POST /forms/lservlet;jsessionid=ac16012b30d7756c08981be84208a5aa839d62b4bd05.e3iSbxaKaheRe38KbN0Rb34Mc3j0n6jAmljGr5XDqQLvpAe HTTP/1.1" 200 2
66.249.64.248 - - [25/Dec/2015:21:20:56 -0500] "GET /PORTAL_SIAC/swf/Residuos/lavanderias/lavanderias.swf?pageNumber= HTTP/1.1" 200 400858
66.249.64.101 - - [25/Dec/2015:21:21:51 -0500] "GET /BLA/resoluciones/RESOLUCIONES%202007/RES%202007%203001%20AL%203100/RESOLUCION%203096%20%20DE%202007.pdf HTTP/1.1" 304 -
190.27.190.67 - - [25/Dec/2015:21:21:52 -0500] "GET /galeria/galeria/jquery.fancybox.css?v=2.1.5 HTTP/1.1" 200 4895
190.27.190.67 - - [25/Dec/2015:21:21:52 -0500] "GET /BLA/boletinlegal/js/jquery.scrollShow.js HTTP/1.1" 200 4586
190.27.190.67 - - [25/Dec/2015:21:21:52 -0500] "GET /galeria/galeria/jquery.fancybox.js?v=2.1.5 HTTP/1.1" 200 48706
190.27.190.67 - - [25/Dec/2015:21:21:59 -0500] "GET /galeria/galeria/jquery.fancybox.js?v=2.1.5 HTTP/1.1" 304 -
190.27.190.67 - - [25/Dec/2015:21:21:59 -0500] "GET /BLA/boletinlegal/js/jquery.scrollShow.js HTTP/1.1" 304 -
190.27.190.67 - - [25/Dec/2015:21:21:59 -0500] "GET /galeria/galeria/jquery.fancybox.css?v=2.1.5 HTTP/1.1" 304 -
114.78.39.180 - - [25/Dec/2015:21:22:09 -0500] "GET /BLA/boletinlegal/js/jquery.scrollShow.js HTTP/1.1" 200 4586
114.78.39.180 - - [25/Dec/2015:21:22:09 -0500] "GET /galeria/galeria/jquery.fancybox.js?v=2.1.5 HTTP/1.1" 200 48706
114.78.39.180 - - [25/Dec/2015:21:22:09 -0500] "GET /galeria/galeria/jquery.fancybox.css?v=2.1.5 HTTP/1.1" 200 4895
181.50.77.217 - - [25/Dec/2015:21:22:22 -0500] "POST /forms/lservlet;jsessionid=ac16012b30d7756c08981be84208a5aa839d62b4bd05.e3iSbxaKaheRe38KbN0Rb34Mc3j0n6jAmljGr5XDqQLvpAe HTTP/1.1" 200 2
186.31.147.117 - - [25/Dec/2015:21:22:23 -0500] "GET /BLA/boletinlegal/js/jquery.scrollShow.js HTTP/1.1" 200 4586
186.31.147.117 - - [25/Dec/2015:21:22:23 -0500] "GET /galeria/galeria/jquery.fancybox.js?v=2.1.5 HTTP/1.1" 200 48706
186.31.147.117 - - [25/Dec/2015:21:22:23 -0500] "GET /galeria/galeria/jquery.fancybox.css?v=2.1.5 HTTP/1.1" 200 4895
69.162.124.233 - - [25/Dec/2015:21:22:27 -0500] "HEAD / HTTP/1.1" 200 -
66.249.64.248 - - [25/Dec/2015:21:22:28 -0500] "GET /Anexos%20estudio%20Organizacional%20SDA/ANEXO%20No.%204%20-%20ENCUESTA%20DE%20AN%C3%81LISIS%20ORGANIZACIONAL/Encuesta%20Oficina%20Asesora%20de%20Comunicaciones.doc HTTP/1.1" 200 502784
114.78.39.180 - - [25/Dec/2015:21:22:28 -0500] "GET /BLA/boletinlegal/js/jquery.scrollShow.js HTTP/1.1" 200 4586
114.78.39.180 - - [25/Dec/2015:21:22:28 -0500] "GET /galeria/galeria/jquery.fancybox.css?v=2.1.5 HTTP/1.1" 200 4895
114.78.39.180 - - [25/Dec/2015:21:22:28 -0500] "GET /galeria/galeria/jquery.fancybox.js?v=2.1.5 HTTP/1.1" 200 48706
66.249.64.96 - - [25/Dec/2015:21:22:29 -0500] "GET /BLA/resoluciones/RESOLUCIONES%202010/0303.pdf HTTP/1.1" 200 328028
66.249.64.96 - - [25/Dec/2015:21:22:46 -0500] "GET /BLA/resoluciones/AUTOS%202008/2656.pdf HTTP/1.1" 200 66127
186.31.147.117 - - [25/Dec/2015:21:22:49 -0500] "GET /BLA/boletinlegal/js/jquery.scrollShow.js HTTP/1.1" 304 -
186.31.147.117 - - [25/Dec/2015:21:22:49 -0500] "GET /galeria/galeria/jquery.fancybox.js?v=2.1.5 HTTP/1.1" 304 -
186.31.147.117 - - [25/Dec/2015:21:22:50 -0500] "GET /galeria/galeria/jquery.fancybox.css?v=2.1.5 HTTP/1.1" 304 -
66.249.64.243 - - [25/Dec/2015:21:23:24 -0500] "GET /PORTAL_SIAC/swf/Residuos/lavanderias/lavanderias.swf?pageNumber= HTTP/1.1" 200 400858
66.249.64.96 - - [25/Dec/2015:21:23:42 -0500] "GET /BLA/resoluciones/AUTOS%202014/6437.pdf HTTP/1.1" 304 -
217.69.143.62 - - [25/Dec/2015:21:24:07 -0500] "GET /robots.txt HTTP/1.0" 301 334
217.69.143.63 - - [25/Dec/2015:21:24:09 -0500] "GET / HTTP/1.1" 301 324
181.50.77.217 - - [25/Dec/2015:21:24:22 -0500] "POST /forms/lservlet;jsessionid=ac16012b30d7756c08981be84208a5aa839d62b4bd05.e3iSbxaKaheRe38KbN0Rb34Mc3j0n6jAmljGr5XDqQLvpAe HTTP/1.1" 200 2
66.249.64.106 - - [25/Dec/2015:21:24:37 -0500] "GET /BLA/resoluciones/RESOLUCIONES%202010/0392.pdf HTTP/1.1" 304 -
66.249.64.106 - - [25/Dec/2015:21:25:32 -0500] "GET /BLA/resoluciones/RESOLUCIONES%202008/4253.pdf HTTP/1.1" 200 639800
40.77.167.20 - - [25/Dec/2015:21:25:36 -0500] "GET /robots.txt HTTP/1.1" 404 1019
40.77.167.20 - - [25/Dec/2015:21:25:38 -0500] "GET /dama/libreria/php/2006/restauracion/33_publi/xtras/rondas.pdf HTTP/1.1" 404 1019
66.249.64.101 - - [25/Dec/2015:21:26:00 -0500] "GET /BLA/resoluciones/AUTOS%202014/4185.pdf HTTP/1.1" 200 299361
181.50.77.217 - - [25/Dec/2015:21:26:22 -0500] "POST /forms/lservlet;jsessionid=ac16012b30d7756c08981be84208a5aa839d62b4bd05.e3iSbxaKaheRe38KbN0Rb34Mc3j0n6jAmljGr5XDqQLvpAe HTTP/1.1" 200 2
66.249.64.96 - - [25/Dec/2015:21:26:27 -0500] "GET /BLA/resoluciones/RESOLUCIONES%202007/RES%202007%201401%20AL%201500/RESOLUCION%201405%20DE%202007.pdf HTTP/1.1" 304 -
66.249.64.96 - - [25/Dec/2015:21:27:20 -0500] "GET /galeria/nivo-slider/demo/images/banner-llantas2.jpg HTTP/1.1" 304 -
190.27.127.108 - - [25/Dec/2015:21:27:21 -0500] "GET /BLA/boletinlegal/js/jquery.scrollShow.js HTTP/1.1" 200 4586
190.27.127.108 - - [25/Dec/2015:21:27:21 -0500] "GET /galeria/galeria/jquery.fancybox.js?v=2.1.5 HTTP/1.1" 200 48706
190.27.127.108 - - [25/Dec/2015:21:27:21 -0500] "GET /galeria/galeria/jquery.fancybox.css?v=2.1.5 HTTP/1.1" 200 4895
190.27.127.108 - - [25/Dec/2015:21:27:21 -0500] "GET /galeria/carrusel/Carrusel/jquery.thumbnailScroller.css HTTP/1.1" 200 2066
190.27.127.108 - - [25/Dec/2015:21:27:21 -0500] "GET /galeria/carrusel/Carrusel/jquery-ui-1.8.13.custom.min.js HTTP/1.1" 200 10800
190.27.127.108 - - [25/Dec/2015:21:27:21 -0500] "GET /galeria/carrusel/Carrusel/jquery.thumbnailScroller.js HTTP/1.1" 200 8157
66.249.64.101 - - [25/Dec/2015:21:27:23 -0500] "GET /BLA/resoluciones/AUTOS%202013/1061.pdf HTTP/1.1" 200 1338121
190.27.127.108 - - [25/Dec/2015:21:27:26 -0500] "GET /galeria/nivo-slider/demo/demo.html HTTP/1.1" 200 4456
190.27.127.108 - - [25/Dec/2015:21:27:26 -0500] "GET /galeria/nivo-slider/themes/default/default.css HTTP/1.1" 200 1569
190.27.127.108 - - [25/Dec/2015:21:27:26 -0500] "GET /galeria/nivo-slider/themes/pascal/pascal.css HTTP/1.1" 200 2258
190.27.127.108 - - [25/Dec/2015:21:27:26 -0500] "GET /galeria/nivo-slider/themes/orman/orman.css HTTP/1.1" 200 2152
190.27.127.108 - - [25/Dec/2015:21:27:26 -0500] "GET /galeria/nivo-slider/nivo-slider.css HTTP/1.1" 200 1507
190.27.127.108 - - [25/Dec/2015:21:27:26 -0500] "GET /galeria/nivo-slider/demo/style.css HTTP/1.1" 200 2222
190.27.127.108 - - [25/Dec/2015:21:27:26 -0500] "GET /galeria/nivo-slider/demo/images/ambientales.jpg HTTP/1.1" 200 397233
190.27.127.108 - - [25/Dec/2015:21:27:27 -0500] "GET /galeria/nivo-slider/demo/images/2Banner-encuestaSDA.jpg HTTP/1.1" 200 208228
190.27.127.108 - - [25/Dec/2015:21:27:27 -0500] "GET /galeria/nivo-slider/demo/images/ABC-Plan-de-contigencia.jpg HTTP/1.1" 200 401853
190.27.127.108 - - [25/Dec/2015:21:27:27 -0500] "GET /galeria/nivo-slider/demo/images/Programacion-navidena.jpg HTTP/1.1" 200 316038
190.27.127.108 - - [25/Dec/2015:21:27:27 -0500] "GET /galeria/nivo-slider/demo/images/banner-llantas2015.jpg HTTP/1.1" 200 185615
190.27.127.108 - - [25/Dec/2015:21:27:27 -0500] "GET /galeria/nivo-slider/demo/images/caminata-ecologica.jpg HTTP/1.1" 200 161069
69.162.124.233 - - [25/Dec/2015:21:27:27 -0500] "HEAD / HTTP/1.1" 200 -
190.27.127.108 - - [25/Dec/2015:21:27:28 -0500] "GET /galeria/nivo-slider/demo/images/Banner-ahorro-de-agua.jpg HTTP/1.1" 200 149141
190.27.127.108 - - [25/Dec/2015:21:27:30 -0500] "GET /galeria/nivo-slider/demo/images/Cmapana-onestidad.jpg HTTP/1.1" 200 141638
190.27.127.108 - - [25/Dec/2015:21:27:31 -0500] "GET /galeria/nivo-slider/demo/images/PREDAcamp.jpg HTTP/1.1" 200 295358
190.27.127.108 - - [25/Dec/2015:21:27:31 -0500] "GET /galeria/nivo-slider/demo/images/banner-llantas2.jpg HTTP/1.1" 200 204644
190.27.127.108 - - [25/Dec/2015:21:27:32 -0500] "GET /galeria/nivo-slider/demo/images/9Signos.jpg HTTP/1.1" 200 81776
190.27.127.108 - - [25/Dec/2015:21:27:33 -0500] "GET /galeria/nivo-slider/demo/images/Ruta-vertimientos-01.jpg HTTP/1.1" 200 130151
190.27.127.108 - - [25/Dec/2015:21:27:34 -0500] "GET /galeria/nivo-slider/demo/images/bolsas-06.jpg HTTP/1.1" 200 90982
190.27.127.108 - - [25/Dec/2015:21:27:34 -0500] "GET /galeria/nivo-slider/demo/images/Conoce-los-humedales.jpg HTTP/1.1" 200 294036
190.27.127.108 - - [25/Dec/2015:21:27:34 -0500] "GET /galeria/nivo-slider/demo/images/ecolecta-Dic2014.png HTTP/1.1" 200 288593
190.27.127.108 - - [25/Dec/2015:21:27:39 -0500] "GET /galeria/nivo-slider/demo/images/4Simple_Slider.png HTTP/1.1" 200 11722
190.27.127.108 - - [25/Dec/2015:21:27:40 -0500] "GET /galeria/nivo-slider/themes/default/loading.gif HTTP/1.1" 200 1737
190.27.127.108 - - [25/Dec/2015:21:27:40 -0500] "GET /galeria/nivo-slider/demo/scripts/jquery-1.7.1.min.js HTTP/1.1" 200 93868
190.27.127.108 - - [25/Dec/2015:21:27:40 -0500] "GET /galeria/nivo-slider/jquery.nivo.slider.pack.js HTTP/1.1" 200 11561
190.27.127.108 - - [25/Dec/2015:21:27:42 -0500] "GET /galeria/nivo-slider/themes/default/arrows.png HTTP/1.1" 200 824
190.27.127.108 - - [25/Dec/2015:21:27:42 -0500] "GET /galeria/nivo-slider/themes/default/bullets.png HTTP/1.1" 200 1281
201.234.75.11 - - [25/Dec/2015:21:27:50 -0500] "GET /galeria/nivo-slider/demo/images/Plan-Quinquenal.jpg HTTP/1.1" 304 -
66.249.64.106 - - [25/Dec/2015:21:27:57 -0500] "GET /galeria/galeria/jquery.fancybox.css?v=2.1.5 HTTP/1.1" 200 4895
64.233.172.243 - - [25/Dec/2015:21:28:01 -0500] "GET /galeria/galeria/jquery.fancybox.css?v=2.1.5 HTTP/1.1" 200 4895
64.233.172.235 - - [25/Dec/2015:21:28:01 -0500] "GET /galeria/galeria/jquery.fancybox.js?v=2.1.5 HTTP/1.1" 200 48706
64.233.172.243 - - [25/Dec/2015:21:28:01 -0500] "GET /BLA/boletinlegal/js/jquery.scrollShow.js HTTP/1.1" 200 4586
64.233.172.227 - - [25/Dec/2015:21:28:06 -0500] "GET /BLA/boletinlegal/js/jquery.scrollShow.js HTTP/1.1" 304 -
64.233.172.227 - - [25/Dec/2015:21:28:06 -0500] "GET /galeria/galeria/jquery.fancybox.css?v=2.1.5 HTTP/1.1" 304 -
64.233.172.227 - - [25/Dec/2015:21:28:06 -0500] "GET /galeria/galeria/jquery.fancybox.js?v=2.1.5 HTTP/1.1" 304 -
66.249.64.96 - - [25/Dec/2015:21:28:18 -0500] "GET /BLA/resoluciones/RESOLUCIONES%202010/0720.pdf HTTP/1.1" 200 103792
181.50.77.217 - - [25/Dec/2015:21:28:22 -0500] "POST /forms/lservlet;jsessionid=ac16012b30d7756c08981be84208a5aa839d62b4bd05.e3iSbxaKaheRe38KbN0Rb34Mc3j0n6jAmljGr5XDqQLvpAe HTTP/1.1" 200 2
107.167.105.190 - - [25/Dec/2015:21:28:37 -0500] "GET /BLA/boletinlegal/js/jquery.scrollShow.js HTTP/1.1" 200 4586
107.167.105.190 - - [25/Dec/2015:21:28:37 -0500] "GET /galeria/galeria/jquery.fancybox.js?v=2.1.5 HTTP/1.1" 200 48706
107.167.105.190 - - [25/Dec/2015:21:28:37 -0500] "GET /galeria/galeria/jquery.fancybox.css?v=2.1.5 HTTP/1.1" 200 4895
107.167.105.190 - - [25/Dec/2015:21:28:44 -0500] "GET /BLA/boletinlegal/js/jquery.scrollShow.js HTTP/1.1" 200 4586
107.167.105.190 - - [25/Dec/2015:21:28:44 -0500] "GET /galeria/galeria/jquery.fancybox.js?v=2.1.5 HTTP/1.1" 200 48706
107.167.105.190 - - [25/Dec/2015:21:28:44 -0500] "GET /galeria/galeria/jquery.fancybox.css?v=2.1.5 HTTP/1.1" 200 4895
190.27.127.108 - - [25/Dec/2015:21:28:44 -0500] "GET /galeria/galeria/jquery.fancybox.css?v=2.1.5 HTTP/1.1" 304 -
190.27.127.108 - - [25/Dec/2015:21:28:44 -0500] "GET /BLA/boletinlegal/js/jquery.scrollShow.js HTTP/1.1" 304 -
190.27.127.108 - - [25/Dec/2015:21:28:44 -0500] "GET /galeria/galeria/jquery.fancybox.js?v=2.1.5 HTTP/1.1" 304 -
186.145.123.30 - - [25/Dec/2015:21:28:50 -0500] "GET /galeria/galeria/fotos/mirador4G.jpg HTTP/1.1" 200 159827
186.145.123.30 - - [25/Dec/2015:21:28:59 -0500] "GET /galeria/galeria/fotos/mirador3G.jpg HTTP/1.1" 200 131992
66.249.64.101 - - [25/Dec/2015:21:29:13 -0500] "GET /BLA/resoluciones/AUTOS%202007/1868.pdf HTTP/1.1" 200 211757
66.249.64.96 - - [25/Dec/2015:21:29:29 -0500] "GET /BLA/resoluciones/RESOLUCIONES%202014/2584.pdf HTTP/1.1" 200 281525
66.249.64.106 - - [25/Dec/2015:21:30:08 -0500] "GET /BLA/resoluciones/AUTOS%202012/0477.pdf HTTP/1.1" 200 362384
181.141.47.219 - - [25/Dec/2015:21:30:10 -0500] "GET / HTTP/1.1" 200 10190
181.141.47.219 - - [25/Dec/2015:21:30:11 -0500] "GET /apple-touch-icon-precomposed.png HTTP/1.1" 404 1121
181.141.47.219 - - [25/Dec/2015:21:30:11 -0500] "GET /apple-touch-icon.png HTTP/1.1" 404 1121
181.141.47.219 - - [25/Dec/2015:21:30:11 -0500] "GET /apple-touch-icon-precomposed.png HTTP/1.1" 404 1121
181.141.47.219 - - [25/Dec/2015:21:30:11 -0500] "GET /apple-touch-icon.png HTTP/1.1" 404 1121
181.50.77.217 - - [25/Dec/2015:21:30:22 -0500] "POST /forms/lservlet;jsessionid=ac16012b30d7756c08981be84208a5aa839d62b4bd05.e3iSbxaKaheRe38KbN0Rb34Mc3j0n6jAmljGr5XDqQLvpAe HTTP/1.1" 200 2
66.249.64.106 - - [25/Dec/2015:21:31:04 -0500] "GET /BLA/resoluciones/RESOLUCIONES%202010/5333.pdf HTTP/1.1" 200 324137
66.249.64.96 - - [25/Dec/2015:21:31:59 -0500] "GET /BLA/resoluciones/AUTOS%202011/4380.pdf HTTP/1.1" 200 192942
207.46.13.120 - - [25/Dec/2015:21:32:00 -0500] "GET /robots.txt HTTP/1.1" 301 334
181.50.77.217 - - [25/Dec/2015:21:32:22 -0500] "POST /forms/lservlet;jsessionid=ac16012b30d7756c08981be84208a5aa839d62b4bd05.e3iSbxaKaheRe38KbN0Rb34Mc3j0n6jAmljGr5XDqQLvpAe HTTP/1.1" 200 2
69.162.124.233 - - [25/Dec/2015:21:32:27 -0500] "HEAD / HTTP/1.1" 200 -
66.249.64.96 - - [25/Dec/2015:21:32:54 -0500] "GET /BLA/resoluciones/AUTOS%202011/3368.pdf HTTP/1.1" 200 373236
66.249.64.106 - - [25/Dec/2015:21:33:00 -0500] "GET /BLA/resoluciones/RESOLUCIONES%202008/2642.pdf HTTP/1.1" 200 197782
66.249.64.96 - - [25/Dec/2015:21:33:49 -0500] "GET /BLA/resoluciones/RESOLUCIONES%202014/1511.pdf HTTP/1.1" 304 -
207.46.13.120 - - [25/Dec/2015:21:34:01 -0500] "GET / HTTP/1.1" 301 324
207.46.13.120 - - [25/Dec/2015:21:34:01 -0500] "GET /bienvenido-a-bogota/ HTTP/1.1" 301 344
207.46.13.120 - - [25/Dec/2015:21:34:01 -0500] "GET /antecedentes-cumbre-2012/ HTTP/1.1" 301 349
190.158.13.127 - - [25/Dec/2015:21:34:23 -0500] "GET /BLA/resoluciones/RESOLUCIONES%202010/7484.pdf HTTP/1.1" 200 286402
181.50.77.217 - - [25/Dec/2015:21:34:23 -0500] "POST /forms/lservlet;jsessionid=ac16012b30d7756c08981be84208a5aa839d62b4bd05.e3iSbxaKaheRe38KbN0Rb34Mc3j0n6jAmljGr5XDqQLvpAe HTTP/1.1" 200 2
190.158.13.127 - - [25/Dec/2015:21:34:23 -0500] "GET /favicon.ico HTTP/1.1" 200 7782
66.249.64.106 - - [25/Dec/2015:21:34:45 -0500] "GET /BLA/resoluciones/RESOLUCIONES%202011/0201.pdf HTTP/1.1" 304 -
157.55.39.15 - - [25/Dec/2015:21:35:26 -0500] "GET /robots.txt HTTP/1.1" 301 334
66.249.64.243 - - [25/Dec/2015:21:35:40 -0500] "GET /SIG/Gestion%20Recursos%20Financieros/126PA02-PR17%20CONCILIACION%20OPERACIONES%20RECIPROCAS.pdf HTTP/1.1" 304 -
181.50.77.217 - - [25/Dec/2015:21:36:24 -0500] "POST /forms/lservlet;jsessionid=ac16012b30d7756c08981be84208a5aa839d62b4bd05.e3iSbxaKaheRe38KbN0Rb34Mc3j0n6jAmljGr5XDqQLvpAe HTTP/1.1" 200 2
66.249.64.106 - - [25/Dec/2015:21:36:29 -0500] "GET /BLA/resoluciones/AUTOS%202008/1446.pdf HTTP/1.1" 200 518754
66.249.64.96 - - [25/Dec/2015:21:36:35 -0500] "GET /BLA/resoluciones/RESOLUCIONES%202013/0361.pdf HTTP/1.1" 304 -
157.55.39.15 - - [25/Dec/2015:21:36:53 -0500] "GET /noticias/ HTTP/1.1" 301 333
69.162.124.233 - - [25/Dec/2015:21:37:27 -0500] "HEAD / HTTP/1.1" 200 -
66.249.64.101 - - [25/Dec/2015:21:37:30 -0500] "GET /BLA/resoluciones/AUTOS%202014/5789.pdf HTTP/1.1" 304 -
181.54.162.244 - - [25/Dec/2015:21:37:45 -0500] "GET /BLA/boletinlegal/js/jquery.scrollShow.js HTTP/1.1" 200 4586
181.54.162.244 - - [25/Dec/2015:21:37:45 -0500] "GET /galeria/galeria/jquery.fancybox.js?v=2.1.5 HTTP/1.1" 200 48706
181.54.162.244 - - [25/Dec/2015:21:37:46 -0500] "GET /galeria/galeria/jquery.fancybox.css?v=2.1.5 HTTP/1.1" 200 4895
181.50.77.217 - - [25/Dec/2015:21:38:25 -0500] "POST /forms/lservlet;jsessionid=ac16012b30d7756c08981be84208a5aa839d62b4bd05.e3iSbxaKaheRe38KbN0Rb34Mc3j0n6jAmljGr5XDqQLvpAe HTTP/1.1" 200 2
66.249.64.106 - - [25/Dec/2015:21:38:25 -0500] "GET /BLA/resoluciones/RESOLUCIONES%202011/6097.pdf HTTP/1.1" 304 -
181.54.162.244 - - [25/Dec/2015:21:38:30 -0500] "GET /galeria/galeria/jquery.fancybox.css?v=2.1.5 HTTP/1.1" 304 -
181.54.162.244 - - [25/Dec/2015:21:38:30 -0500] "GET /BLA/boletinlegal/js/jquery.scrollShow.js HTTP/1.1" 304 -
181.54.162.244 - - [25/Dec/2015:21:38:30 -0500] "GET /galeria/galeria/jquery.fancybox.js?v=2.1.5 HTTP/1.1" 304 -
66.249.64.101 - - [25/Dec/2015:21:39:21 -0500] "GET /BLA/resoluciones/RESOLUCIONES%202012/1297.pdf HTTP/1.1" 304 -
66.249.64.96 - - [25/Dec/2015:21:40:01 -0500] "GET /BLA/resoluciones/AUTOS%202013/1326.pdf HTTP/1.1" 200 1790917
66.249.64.101 - - [25/Dec/2015:21:40:16 -0500] "GET /BLA/resoluciones/RESOLUCIONES%202007/RES%202007%203601%20AL%203700/RESOLUCION%203662%20DE%202007.pdf HTTP/1.1" 304 -
181.50.77.217 - - [25/Dec/2015:21:40:25 -0500] "POST /forms/lservlet;jsessionid=ac16012b30d7756c08981be84208a5aa839d62b4bd05.e3iSbxaKaheRe38KbN0Rb34Mc3j0n6jAmljGr5XDqQLvpAe HTTP/1.1" 200 2
66.249.64.106 - - [25/Dec/2015:21:41:11 -0500] "GET /BLA/resoluciones/RESOLUCIONES%202012/1854.pdf HTTP/1.1" 304 -
66.249.66.184 - - [25/Dec/2015:21:42:07 -0500] "GET / HTTP/1.1" 301 324
157.55.39.211 - - [25/Dec/2015:21:42:08 -0500] "GET /robots.txt HTTP/1.1" 404 1019
181.50.77.217 - - [25/Dec/2015:21:42:25 -0500] "POST /forms/lservlet;jsessionid=ac16012b30d7756c08981be84208a5aa839d62b4bd05.e3iSbxaKaheRe38KbN0Rb34Mc3j0n6jAmljGr5XDqQLvpAe HTTP/1.1" 200 2
69.162.124.233 - - [25/Dec/2015:21:42:27 -0500] "HEAD / HTTP/1.1" 200 -
157.55.39.211 - - [25/Dec/2015:21:42:34 -0500] "GET /ecodirectorio/? HTTP/1.1" 200 4751
66.249.64.248 - - [25/Dec/2015:21:43:02 -0500] "GET / HTTP/1.1" 200 10190
66.249.64.101 - - [25/Dec/2015:21:43:31 -0500] "GET /BLA/resoluciones/AUTOS%202008/1428.pdf HTTP/1.1" 200 171517
66.249.64.106 - - [25/Dec/2015:21:43:57 -0500] "GET /BLA/resoluciones/RESOLUCIONES%202013/0936.pdf HTTP/1.1" 304 -
181.50.77.217 - - [25/Dec/2015:21:44:26 -0500] "POST /forms/lservlet;jsessionid=ac16012b30d7756c08981be84208a5aa839d62b4bd05.e3iSbxaKaheRe38KbN0Rb34Mc3j0n6jAmljGr5XDqQLvpAe HTTP/1.1" 200 2
66.249.64.96 - - [25/Dec/2015:21:44:52 -0500] "GET /BLA/resoluciones/RESOLUCIONES%202010/7222.pdf HTTP/1.1" 200 452175
152.201.25.73 - - [25/Dec/2015:21:45:23 -0500] "GET /videos/galeria-cronicas/playlist.htm HTTP/1.1" 200 8986
152.201.25.73 - - [25/Dec/2015:21:45:23 -0500] "GET /videos/galeria-cronicas/skin/blue.monday/jplayer.blue.monday.css HTTP/1.1" 200 12518
152.201.25.73 - - [25/Dec/2015:21:45:23 -0500] "GET /videos/galeria-cronicas/js/jquery.jplayer.min.js HTTP/1.1" 200 43668
152.201.25.73 - - [25/Dec/2015:21:45:23 -0500] "GET /videos/galeria-cronicas/js/jplayer.playlist.min.js HTTP/1.1" 200 8608
152.201.25.73 - - [25/Dec/2015:21:45:25 -0500] "GET /videos/galeria-cronicas/skin/blue.monday/jplayer.blue.monday.jpg HTTP/1.1" 200 23189
152.201.25.73 - - [25/Dec/2015:21:45:25 -0500] "GET /videos/galeria-cronicas/skin/blue.monday/jplayer.blue.monday.video.play.png HTTP/1.1" 200 14424
152.201.25.73 - - [25/Dec/2015:21:45:26 -0500] "GET /videos/galeria-cronicas/cronicas/NuestraGente20.mp4video.mp4 HTTP/1.1" 206 2
181.50.77.217 - - [25/Dec/2015:21:46:26 -0500] "POST /forms/lservlet;jsessionid=ac16012b30d7756c08981be84208a5aa839d62b4bd05.e3iSbxaKaheRe38KbN0Rb34Mc3j0n6jAmljGr5XDqQLvpAe HTTP/1.1" 200 2
66.249.64.106 - - [25/Dec/2015:21:46:43 -0500] "GET /BLA/resoluciones/RESOLUCIONES%202007/RES%202007%201201%20AL%201300/RESOLUCION%201294%20DE%202007.pdf HTTP/1.1" 200 826373
66.249.64.101 - - [25/Dec/2015:21:47:00 -0500] "GET /BLA/resoluciones/RESOLUCIONES%202009/7154.pdf HTTP/1.1" 200 486517
66.249.88.223 - - [25/Dec/2015:21:47:12 -0500] "GET /BLA/boletinlegal/js/jquery.scrollShow.js HTTP/1.1" 200 4586
66.249.88.233 - - [25/Dec/2015:21:47:12 -0500] "GET /galeria/galeria/jquery.fancybox.css?v=2.1.5 HTTP/1.1" 200 4895
66.249.88.233 - - [25/Dec/2015:21:47:13 -0500] "GET /galeria/galeria/jquery.fancybox.js?v=2.1.5 HTTP/1.1" 200 48706
66.249.88.223 - - [25/Dec/2015:21:47:17 -0500] "GET /BLA/boletinlegal/js/jquery.scrollShow.js HTTP/1.1" 304 -
66.249.88.223 - - [25/Dec/2015:21:47:17 -0500] "GET /galeria/galeria/jquery.fancybox.css?v=2.1.5 HTTP/1.1" 304 -
66.249.88.228 - - [25/Dec/2015:21:47:17 -0500] "GET /galeria/galeria/jquery.fancybox.js?v=2.1.5 HTTP/1.1" 304 -
69.162.124.233 - - [25/Dec/2015:21:47:27 -0500] "HEAD / HTTP/1.1" 200 -
66.249.64.106 - - [25/Dec/2015:21:47:38 -0500] "GET /BLA/resoluciones/RESOLUCIONES%202007/RES%202007%202601%20AL%202700/RESOLUCION%202628%20DE%202007.pdf HTTP/1.1" 200 200416
181.50.77.217 - - [25/Dec/2015:21:48:26 -0500] "POST /forms/lservlet;jsessionid=ac16012b30d7756c08981be84208a5aa839d62b4bd05.e3iSbxaKaheRe38KbN0Rb34Mc3j0n6jAmljGr5XDqQLvpAe HTTP/1.1" 200 2
66.249.64.106 - - [25/Dec/2015:21:48:33 -0500] "GET /BLA/resoluciones/index.php?dir=Notificaciones%2F HTTP/1.1" 200 4330
66.249.64.101 - - [25/Dec/2015:21:48:42 -0500] "GET /galeria/nivo-slider/demo/images/Banner-ahorro-de-agua.jpg HTTP/1.1" 304 -
176.144.106.8 - - [25/Dec/2015:21:49:00 -0500] "GET /webdav/x32.php?host=185.81.156.16&time=755&port=80 HTTP/1.1" 404 1018
66.249.64.96 - - [25/Dec/2015:21:49:28 -0500] "GET /BLA/resoluciones/RESOLUCIONES%202010/2845.pdf HTTP/1.1" 200 860673
66.249.64.106 - - [25/Dec/2015:21:50:24 -0500] "GET /BLA/resoluciones/RESOLUCIONES%202008/1734.pdf HTTP/1.1" 200 348646
181.50.77.217 - - [25/Dec/2015:21:50:29 -0500] "POST /forms/lservlet;jsessionid=ac16012b30d7756c08981be84208a5aa839d62b4bd05.e3iSbxaKaheRe38KbN0Rb34Mc3j0n6jAmljGr5XDqQLvpAe HTTP/1.1" 200 2
66.249.64.101 - - [25/Dec/2015:21:50:32 -0500] "GET /BLA/resoluciones/RESOLUCIONES%202007/RES%202007%20401%20AL%20500/RESOLUCION%200408%20DE%202007.pdf HTTP/1.1" 200 800563
201.234.75.11 - - [25/Dec/2015:21:50:50 -0500] "GET /galeria/nivo-slider/demo/images/premioPNUD.jpg HTTP/1.1" 304 -
66.249.64.238 - - [25/Dec/2015:21:51:19 -0500] "GET /Autoliquidacion/index.php?dir=TR%C1MITES%20ACEITES-RESIDUOS-ESTACIONES/&sort=size&order=asc HTTP/1.1" 200 2822
66.249.64.96 - - [25/Dec/2015:21:52:14 -0500] "GET /BLA/resoluciones/RESOLUCIONES%202007/RES%202007%20601%20AL%20700/RESOLUCION%200656%20DE%202007.pdf HTTP/1.1" 200 660191
201.244.118.207 - - [25/Dec/2015:21:52:25 -0500] "GET /BLA/boletinlegal/js/jquery.scrollShow.js HTTP/1.1" 200 4586
201.244.118.207 - - [25/Dec/2015:21:52:25 -0500] "GET /galeria/galeria/jquery.fancybox.css?v=2.1.5 HTTP/1.1" 200 4895
201.244.118.207 - - [25/Dec/2015:21:52:25 -0500] "GET /galeria/galeria/jquery.fancybox.js?v=2.1.5 HTTP/1.1" 200 48706
69.162.124.233 - - [25/Dec/2015:21:52:27 -0500] "HEAD / HTTP/1.1" 200 -
181.50.77.217 - - [25/Dec/2015:21:52:29 -0500] "POST /forms/lservlet;jsessionid=ac16012b30d7756c08981be84208a5aa839d62b4bd05.e3iSbxaKaheRe38KbN0Rb34Mc3j0n6jAmljGr5XDqQLvpAe HTTP/1.1" 200 2
201.244.118.207 - - [25/Dec/2015:21:52:47 -0500] "GET /galeria/galeria/jquery.fancybox.css?v=2.1.5 HTTP/1.1" 304 -
201.244.118.207 - - [25/Dec/2015:21:52:47 -0500] "GET /BLA/boletinlegal/js/jquery.scrollShow.js HTTP/1.1" 304 -
201.244.118.207 - - [25/Dec/2015:21:52:47 -0500] "GET /galeria/galeria/jquery.fancybox.js?v=2.1.5 HTTP/1.1" 304 -
201.245.192.253 - - [25/Dec/2015:21:53:07 -0500] "GET /BLA/boletinlegal/js/jquery.scrollShow.js HTTP/1.1" 200 4586
201.245.192.253 - - [25/Dec/2015:21:53:07 -0500] "GET /galeria/carrusel/Carrusel/jquery.thumbnailScroller.css HTTP/1.1" 200 2066
201.245.192.253 - - [25/Dec/2015:21:53:07 -0500] "GET /galeria/carrusel/Carrusel/jquery-ui-1.8.13.custom.min.js HTTP/1.1" 200 10800
201.245.192.253 - - [25/Dec/2015:21:53:07 -0500] "GET /galeria/carrusel/Carrusel/jquery.thumbnailScroller.js HTTP/1.1" 200 8157
66.249.64.106 - - [25/Dec/2015:21:53:09 -0500] "GET /BLA/resoluciones/RESOLUCIONES%202014/0032.pdf HTTP/1.1" 200 1076422
201.245.192.253 - - [25/Dec/2015:21:53:11 -0500] "GET /galeria/nivo-slider/demo/demo.html HTTP/1.1" 200 4456
201.245.192.253 - - [25/Dec/2015:21:53:15 -0500] "GET /galeria/nivo-slider/themes/pascal/pascal.css HTTP/1.1" 200 2258
201.245.192.253 - - [25/Dec/2015:21:53:15 -0500] "GET /galeria/nivo-slider/themes/default/default.css HTTP/1.1" 200 1569
201.245.192.253 - - [25/Dec/2015:21:53:15 -0500] "GET /galeria/nivo-slider/nivo-slider.css HTTP/1.1" 200 1507
201.245.192.253 - - [25/Dec/2015:21:53:15 -0500] "GET /galeria/nivo-slider/themes/orman/orman.css HTTP/1.1" 200 2152
201.245.192.253 - - [25/Dec/2015:21:53:15 -0500] "GET /galeria/nivo-slider/demo/style.css HTTP/1.1" 200 2222
201.245.192.253 - - [25/Dec/2015:21:53:15 -0500] "GET /galeria/nivo-slider/demo/images/ambientales.jpg HTTP/1.1" 200 397233
201.245.192.253 - - [25/Dec/2015:21:53:15 -0500] "GET /galeria/nivo-slider/demo/images/ABC-Plan-de-contigencia.jpg HTTP/1.1" 200 401853
201.245.192.253 - - [25/Dec/2015:21:53:15 -0500] "GET /galeria/nivo-slider/demo/images/banner-llantas2015.jpg HTTP/1.1" 200 185615
201.245.192.253 - - [25/Dec/2015:21:53:15 -0500] "GET /galeria/nivo-slider/demo/images/caminata-ecologica.jpg HTTP/1.1" 200 161069
201.245.192.253 - - [25/Dec/2015:21:53:15 -0500] "GET /galeria/nivo-slider/demo/images/2Banner-encuestaSDA.jpg HTTP/1.1" 304 -
201.245.192.253 - - [25/Dec/2015:21:53:15 -0500] "GET /galeria/nivo-slider/demo/images/Programacion-navidena.jpg HTTP/1.1" 304 -
201.245.192.253 - - [25/Dec/2015:21:53:15 -0500] "GET /galeria/nivo-slider/jquery.nivo.slider.pack.js HTTP/1.1" 200 11561
201.245.192.253 - - [25/Dec/2015:21:53:15 -0500] "GET /galeria/nivo-slider/demo/scripts/jquery-1.7.1.min.js HTTP/1.1" 200 93868
201.245.192.253 - - [25/Dec/2015:21:53:16 -0500] "GET /galeria/nivo-slider/demo/images/Banner-ahorro-de-agua.jpg HTTP/1.1" 200 149141
201.245.192.253 - - [25/Dec/2015:21:53:16 -0500] "GET /galeria/nivo-slider/demo/images/Cmapana-onestidad.jpg HTTP/1.1" 200 141638
201.245.192.253 - - [25/Dec/2015:21:53:18 -0500] "GET /galeria/nivo-slider/demo/images/PREDAcamp.jpg HTTP/1.1" 200 295358
201.245.192.253 - - [25/Dec/2015:21:53:18 -0500] "GET /galeria/nivo-slider/demo/images/banner-llantas2.jpg HTTP/1.1" 200 204644
201.245.192.253 - - [25/Dec/2015:21:53:19 -0500] "GET /galeria/nivo-slider/demo/images/4Simple_Slider.png HTTP/1.1" 200 11722
201.245.192.253 - - [25/Dec/2015:21:53:19 -0500] "GET /galeria/nivo-slider/themes/default/loading.gif HTTP/1.1" 200 1737
201.245.192.253 - - [25/Dec/2015:21:53:19 -0500] "GET /galeria/nivo-slider/demo/images/9Signos.jpg HTTP/1.1" 200 81776
201.245.192.253 - - [25/Dec/2015:21:53:22 -0500] "GET /galeria/nivo-slider/demo/images/Ruta-vertimientos-01.jpg HTTP/1.1" 200 130151
201.245.192.253 - - [25/Dec/2015:21:53:22 -0500] "GET /galeria/nivo-slider/demo/images/bolsas-06.jpg HTTP/1.1" 200 90982
201.245.192.253 - - [25/Dec/2015:21:53:22 -0500] "GET /galeria/nivo-slider/demo/images/Conoce-los-humedales.jpg HTTP/1.1" 200 294036
201.245.192.253 - - [25/Dec/2015:21:53:22 -0500] "GET /galeria/nivo-slider/demo/images/ecolecta-Dic2014.png HTTP/1.1" 200 288593
201.245.192.253 - - [25/Dec/2015:21:53:27 -0500] "GET /galeria/nivo-slider/themes/default/arrows.png HTTP/1.1" 200 824
201.245.192.253 - - [25/Dec/2015:21:53:27 -0500] "GET /galeria/nivo-slider/themes/default/bullets.png HTTP/1.1" 200 1281
66.249.64.96 - - [25/Dec/2015:21:54:02 -0500] "GET /BLA/resoluciones/RESOLUCIONES%202007/RES%202007%20201%20AL%20300/RESOLUCION%200282%20DE%202007.pdf HTTP/1.1" 200 517285
66.249.64.101 - - [25/Dec/2015:21:54:05 -0500] "GET /BLA/resoluciones/AUTOS%202014/6488.pdf HTTP/1.1" 200 566526
181.50.77.217 - - [25/Dec/2015:21:54:29 -0500] "POST /forms/lservlet;jsessionid=ac16012b30d7756c08981be84208a5aa839d62b4bd05.e3iSbxaKaheRe38KbN0Rb34Mc3j0n6jAmljGr5XDqQLvpAe HTTP/1.1" 200 2
157.55.39.145 - - [25/Dec/2015:21:54:47 -0500] "GET /robots.txt HTTP/1.1" 404 1019
66.249.64.96 - - [25/Dec/2015:21:55:00 -0500] "GET /BLA/resoluciones/RESOLUCIONES%202007/RES%202007%203401%20AL%203500/RESOLUCION%203436%20DE%202007.pdf HTTP/1.1" 200 791783
66.249.64.106 - - [25/Dec/2015:21:55:55 -0500] "GET /BLA/resoluciones/AUTOS%202014/3615.pdf HTTP/1.1" 200 2359610
157.55.39.145 - - [25/Dec/2015:21:56:00 -0500] "GET /pga/ane2.doc HTTP/1.1" 404 1019
176.144.106.8 - - [25/Dec/2015:21:56:16 -0500] "GET /webdav/x32.php?host=185.81.156.16&time=60&port=80 HTTP/1.1" 404 1018
181.50.77.217 - - [25/Dec/2015:21:56:29 -0500] "POST /forms/lservlet;jsessionid=ac16012b30d7756c08981be84208a5aa839d62b4bd05.e3iSbxaKaheRe38KbN0Rb34Mc3j0n6jAmljGr5XDqQLvpAe HTTP/1.1" 200 2
66.249.64.101 - - [25/Dec/2015:21:56:50 -0500] "GET /BLA/resoluciones/RESOLUCIONES%202010/5827.pdf HTTP/1.1" 200 2163164
190.157.84.21 - - [25/Dec/2015:21:57:07 -0500] "GET /galeria/galeria/fotos/mirador4G.jpg HTTP/1.1" 200 159827
69.162.124.233 - - [25/Dec/2015:21:57:27 -0500] "HEAD / HTTP/1.1" 200 -
66.249.64.101 - - [25/Dec/2015:21:57:31 -0500] "GET /BLA/resoluciones/RESOLUCIONES%202009/7793.pdf HTTP/1.1" 200 536068
66.249.64.96 - - [25/Dec/2015:21:57:46 -0500] "GET /BLA/resoluciones/RESOLUCIONES%202010/6918.pdf HTTP/1.1" 200 1281285
190.157.189.26 - - [25/Dec/2015:21:57:52 -0500] "GET /galeria/galeria/jquery.fancybox.js?v=2.1.5 HTTP/1.1" 200 48706
190.157.189.26 - - [25/Dec/2015:21:57:52 -0500] "GET /BLA/boletinlegal/js/jquery.scrollShow.js HTTP/1.1" 200 4586
190.157.189.26 - - [25/Dec/2015:21:57:52 -0500] "GET /galeria/galeria/jquery.fancybox.css?v=2.1.5 HTTP/1.1" 200 4895
190.157.189.26 - - [25/Dec/2015:21:57:56 -0500] "GET /BLA/boletinlegal/js/jquery.scrollShow.js HTTP/1.1" 304 -
190.157.189.26 - - [25/Dec/2015:21:57:56 -0500] "GET /galeria/galeria/jquery.fancybox.css?v=2.1.5 HTTP/1.1" 304 -
190.157.189.26 - - [25/Dec/2015:21:57:56 -0500] "GET /galeria/galeria/jquery.fancybox.js?v=2.1.5 HTTP/1.1" 304 -
181.50.77.217 - - [25/Dec/2015:21:58:29 -0500] "POST /forms/lservlet;jsessionid=ac16012b30d7756c08981be84208a5aa839d62b4bd05.e3iSbxaKaheRe38KbN0Rb34Mc3j0n6jAmljGr5XDqQLvpAe HTTP/1.1" 200 2
181.63.8.174 - - [25/Dec/2015:21:58:39 -0500] "GET /galeria/galeria/fotos/Humedal-la-Isla1G.jpg HTTP/1.1" 200 216243
66.249.64.96 - - [25/Dec/2015:21:58:41 -0500] "GET /BLA/resoluciones/AUTOS%202012/2509.pdf HTTP/1.1" 200 1294014
66.249.64.96 - - [25/Dec/2015:21:59:36 -0500] "GET /BLA/resoluciones/AUTOS%202013/0091.pdf HTTP/1.1" 200 1387916
190.157.84.21 - - [25/Dec/2015:22:00:14 -0500] "GET /galeria/galeria/jquery.fancybox.css?v=2.1.5 HTTP/1.1" 200 4895
190.157.84.21 - - [25/Dec/2015:22:00:14 -0500] "GET /galeria/carrusel/Carrusel/jquery.thumbnailScroller.css HTTP/1.1" 200 2066
190.157.84.21 - - [25/Dec/2015:22:00:14 -0500] "GET /galeria/carrusel/Carrusel/jquery.thumbnailScroller.js HTTP/1.1" 200 8157
190.157.84.21 - - [25/Dec/2015:22:00:14 -0500] "GET /galeria/galeria/jquery.fancybox.js?v=2.1.5 HTTP/1.1" 200 48706
190.157.84.21 - - [25/Dec/2015:22:00:14 -0500] "GET /galeria/carrusel/Carrusel/jquery-ui-1.8.13.custom.min.js HTTP/1.1" 200 10800
190.157.84.21 - - [25/Dec/2015:22:00:14 -0500] "GET /BLA/boletinlegal/js/jquery.scrollShow.js HTTP/1.1" 200 4586
190.157.84.21 - - [25/Dec/2015:22:00:17 -0500] "GET /galeria/nivo-slider/demo/demo.html HTTP/1.1" 200 4456
201.234.75.11 - - [25/Dec/2015:22:00:18 -0500] "GET /galeria/nivo-slider/themes/orman/orman.css HTTP/1.1" 304 -
190.157.84.21 - - [25/Dec/2015:22:00:19 -0500] "GET /galeria/nivo-slider/themes/default/default.css HTTP/1.1" 200 1569
190.157.84.21 - - [25/Dec/2015:22:00:19 -0500] "GET /galeria/nivo-slider/demo/images/ambientales.jpg HTTP/1.1" 200 397233
190.157.84.21 - - [25/Dec/2015:22:00:19 -0500] "GET /galeria/nivo-slider/nivo-slider.css HTTP/1.1" 200 1507
190.157.84.21 - - [25/Dec/2015:22:00:19 -0500] "GET /galeria/nivo-slider/demo/style.css HTTP/1.1" 200 2222
190.157.84.21 - - [25/Dec/2015:22:00:19 -0500] "GET /galeria/nivo-slider/themes/pascal/pascal.css HTTP/1.1" 200 2258
