163.172.64.188 - - [21/Jan/2017:16:04:17 -0500] "GET /BLA/resoluciones/AUTOS%202006/AUTOS%202006%201201-1300/00001275.tif HTTP/1.1" 200 201906
66.249.64.51 - - [21/Jan/2017:16:04:22 -0500] "GET /BLA/resoluciones/AUTOS%202015/0652.pdf HTTP/1.1" 200 567810
66.249.64.51 - - [21/Jan/2017:16:04:25 -0500] "GET /BLA/resoluciones/AUTOS%202013/2168.pdf HTTP/1.1" 200 671416
200.118.60.63 - - [21/Jan/2017:16:04:30 -0500] "GET /galeria/galeria/jquery.fancybox.css?v=2.1.5 HTTP/1.1" 200 4895
66.249.64.51 - - [21/Jan/2017:16:04:34 -0500] "GET /BLA/resoluciones/AUTOS%202015/0006.pdf HTTP/1.1" 200 502992
66.249.64.55 - - [21/Jan/2017:16:04:44 -0500] "GET /BLA/resoluciones/AUTOS%202014/4363.pdf HTTP/1.1" 200 522547
163.172.66.17 - - [21/Jan/2017:16:04:45 -0500] "GET /BLA/resoluciones/RESOLUCIONES%202006/RES%202006%202551-2600/00002594.tif HTTP/1.1" 200 64406
69.63.188.114 - - [21/Jan/2017:16:04:53 -0500] "GET /galeria/nivo-slider/demo/images/ecolecta2016.jpg HTTP/1.1" 200 147170
66.249.64.53 - - [21/Jan/2017:16:04:56 -0500] "GET /BLA/resoluciones/AUTOS%202015/4012.pdf HTTP/1.1" 200 463521
66.249.64.51 - - [21/Jan/2017:16:05:04 -0500] "GET /resoluciones/RESOLUCIONES%202009/4846.pdf HTTP/1.1" 404 1018
66.249.64.53 - - [21/Jan/2017:16:05:07 -0500] "GET /BLA/resoluciones/AUTOS%202015/0556.pdf HTTP/1.1" 200 523064
66.249.64.53 - - [21/Jan/2017:16:05:19 -0500] "GET /BLA/resoluciones/AUTOS%202011/5972.pdf HTTP/1.1" 200 2641077
66.249.64.53 - - [21/Jan/2017:16:05:30 -0500] "GET /BLA/resoluciones/AUTOS%202014/5452.pdf HTTP/1.1" 200 590135
157.55.39.243 - - [21/Jan/2017:16:05:38 -0500] "GET /BLA/boletinlegal/actos.php HTTP/1.1" 200 8698
66.249.64.51 - - [21/Jan/2017:16:05:42 -0500] "GET /BLA/resoluciones/AUTOS%202014/7298.pdf HTTP/1.1" 200 762618
181.54.127.225 - - [21/Jan/2017:16:05:42 -0500] "GET /galeria/galeria/jquery.fancybox.css?v=2.1.5 HTTP/1.1" 200 4895
181.54.127.225 - - [21/Jan/2017:16:05:42 -0500] "GET /galeria/galeria/jquery.fancybox.js?v=2.1.5 HTTP/1.1" 200 48706
181.54.127.225 - - [21/Jan/2017:16:05:42 -0500] "GET /BLA/boletinlegal/js/jquery.scrollShow.js HTTP/1.1" 200 4586
66.249.88.1 - - [21/Jan/2017:16:05:47 -0500] "GET /galeria/galeria/jquery.fancybox.js?v=2.1.5 HTTP/1.1" 304 -
181.54.127.225 - - [21/Jan/2017:16:05:47 -0500] "GET /BLA/boletinlegal/js/jquery.scrollShow.js HTTP/1.1" 304 -
181.54.127.225 - - [21/Jan/2017:16:05:47 -0500] "GET /galeria/galeria/jquery.fancybox.css?v=2.1.5 HTTP/1.1" 200 4895
66.249.64.51 - - [21/Jan/2017:16:05:51 -0500] "GET /BLA/resoluciones/RESOLUCIONES%202010/6295.pdf HTTP/1.1" 200 514364
66.249.64.51 - - [21/Jan/2017:16:06:04 -0500] "GET /BLA/resoluciones/AUTOS%202014/7362.pdf HTTP/1.1" 200 537615
69.162.124.232 - - [21/Jan/2017:16:06:05 -0500] "HEAD / HTTP/1.1" 200 -
192.168.175.104 - - [21/Jan/2017:16:06:19 -0500] "GET / HTTP/1.1" 200 9990
157.55.39.44 - - [21/Jan/2017:16:06:21 -0500] "GET /BLA/boletinlegal/niceforms-default.css HTTP/1.1" 200 6694
157.55.39.44 - - [21/Jan/2017:16:06:21 -0500] "GET /BLA/boletinlegal/niceforms.js HTTP/1.1" 200 22876
66.249.64.51 - - [21/Jan/2017:16:06:50 -0500] "GET /BLA/resoluciones/AUTOS%202010/0123.pdf HTTP/1.1" 200 271876
192.168.175.104 - - [21/Jan/2017:16:06:53 -0500] "GET / HTTP/1.1" 200 9990
66.249.64.51 - - [21/Jan/2017:16:07:13 -0500] "GET /BLA/resoluciones/AUTOS%202010/1693.pdf HTTP/1.1" 200 119963
192.168.175.104 - - [21/Jan/2017:16:07:35 -0500] "GET / HTTP/1.0" 200 9990
69.162.124.233 - - [21/Jan/2017:16:07:41 -0500] "HEAD / HTTP/1.1" 200 -
163.172.65.119 - - [21/Jan/2017:16:07:51 -0500] "GET /BLA/resoluciones/AUTOS%202006/AUTOS%202006%201201-1300/00001227.tif HTTP/1.1" 200 61908
190.157.204.221 - - [21/Jan/2017:16:07:57 -0500] "GET /BLA/boletinlegal/js/jquery.scrollShow.js HTTP/1.1" 200 4586
190.157.204.221 - - [21/Jan/2017:16:07:57 -0500] "GET /galeria/galeria/jquery.fancybox.css?v=2.1.5 HTTP/1.1" 200 4895
190.157.204.221 - - [21/Jan/2017:16:07:57 -0500] "GET /galeria/galeria/jquery.fancybox.js?v=2.1.5 HTTP/1.1" 200 48706
190.157.204.221 - - [21/Jan/2017:16:08:01 -0500] "GET /galeria/galeria/jquery.fancybox.css?v=2.1.5 HTTP/1.1" 304 -
190.157.204.221 - - [21/Jan/2017:16:08:01 -0500] "GET /BLA/boletinlegal/js/jquery.scrollShow.js HTTP/1.1" 304 -
190.157.204.221 - - [21/Jan/2017:16:08:01 -0500] "GET /galeria/galeria/jquery.fancybox.js?v=2.1.5 HTTP/1.1" 304 -
163.172.66.118 - - [21/Jan/2017:16:08:15 -0500] "GET /BLA/resoluciones/RESOLUCIONES%202005/RES%202005%20701-750/00000723.tif HTTP/1.1" 200 246538
190.26.20.121 - - [21/Jan/2017:16:08:15 -0500] "GET /BLA/boletinlegal/js/jquery.scrollShow.js HTTP/1.1" 200 4586
190.26.20.121 - - [21/Jan/2017:16:08:15 -0500] "GET /galeria/galeria/jquery.fancybox.js?v=2.1.5 HTTP/1.1" 200 48706
190.26.20.121 - - [21/Jan/2017:16:08:15 -0500] "GET /galeria/galeria/jquery.fancybox.css?v=2.1.5 HTTP/1.1" 200 4895
190.26.20.121 - - [21/Jan/2017:16:08:21 -0500] "GET /BLA/boletinlegal/js/jquery.scrollShow.js HTTP/1.1" 304 -
190.26.20.121 - - [21/Jan/2017:16:08:21 -0500] "GET /galeria/galeria/jquery.fancybox.js?v=2.1.5 HTTP/1.1" 304 -
190.26.20.121 - - [21/Jan/2017:16:08:21 -0500] "GET /galeria/galeria/jquery.fancybox.css?v=2.1.5 HTTP/1.1" 304 -
66.249.64.51 - - [21/Jan/2017:16:08:33 -0500] "GET /BLA/resoluciones/RESOLUCIONES%202010/7836.pdf HTTP/1.1" 200 461808
181.63.189.175 - - [21/Jan/2017:16:08:53 -0500] "GET /BLA/resoluciones/Notificaciones/AUTOS%202014/2103.doc HTTP/1.1" 200 261632
181.63.189.175 - - [21/Jan/2017:16:08:54 -0500] "GET /BLA/resoluciones/Notificaciones/AUTOS%202014/3940.doc HTTP/1.1" 200 140288
186.82.143.31 - - [21/Jan/2017:16:09:14 -0500] "GET /IsolucionSDA/Session.asp HTTP/1.1" 200 6278
186.82.143.31 - - [21/Jan/2017:16:09:15 -0500] "GET /IsolucionSDA/SesionExpira.asp HTTP/1.1" 200 7310
186.82.143.31 - - [21/Jan/2017:16:09:15 -0500] "GET /IsolucionSDA/SesionNeutra.asp HTTP/1.1" 200 243
66.249.88.4 - - [21/Jan/2017:16:09:28 -0500] "GET /BLA/resoluciones/RESOLUCIONES%202017/0036.pdf HTTP/1.1" 200 316923
186.30.35.236 - - [21/Jan/2017:16:09:28 -0500] "GET /BLA/boletinlegal/js/jquery.scrollShow.js HTTP/1.1" 200 4586
186.30.35.236 - - [21/Jan/2017:16:09:28 -0500] "GET /galeria/galeria/jquery.fancybox.js?v=2.1.5 HTTP/1.1" 200 48706
66.249.88.7 - - [21/Jan/2017:16:09:28 -0500] "GET /favicon.ico HTTP/1.1" 200 7782
181.63.189.175 - - [21/Jan/2017:16:09:29 -0500] "HEAD /BLA/resoluciones/Notificaciones/AUTOS%202014/2103.doc HTTP/1.1" 200 -
181.63.189.175 - - [21/Jan/2017:16:09:29 -0500] "HEAD /BLA/resoluciones/Notificaciones/AUTOS%202014/2103.doc HTTP/1.1" 200 -
181.63.189.175 - - [21/Jan/2017:16:09:29 -0500] "GET /BLA/resoluciones/Notificaciones/AUTOS%202014/2103.doc HTTP/1.1" 200 261632
186.30.35.236 - - [21/Jan/2017:16:09:30 -0500] "GET /galeria/galeria/jquery.fancybox.css?v=2.1.5 HTTP/1.1" 200 4895
181.63.189.175 - - [21/Jan/2017:16:09:34 -0500] "HEAD /BLA/resoluciones/Notificaciones/AUTOS%202014/3940.doc HTTP/1.1" 200 -
181.63.189.175 - - [21/Jan/2017:16:09:34 -0500] "HEAD /BLA/resoluciones/Notificaciones/AUTOS%202014/3940.doc HTTP/1.1" 200 -
181.63.189.175 - - [21/Jan/2017:16:09:34 -0500] "GET /BLA/resoluciones/Notificaciones/AUTOS%202014/3940.doc HTTP/1.1" 200 140288
201.245.192.253 - - [21/Jan/2017:16:09:43 -0500] "GET /BLA/resoluciones/AUTOS%202015/3736.pdf HTTP/1.1" 200 561368
186.30.35.236 - - [21/Jan/2017:16:09:46 -0500] "GET /BLA/boletinlegal/js/jquery.scrollShow.js HTTP/1.1" 304 -
186.30.35.236 - - [21/Jan/2017:16:09:47 -0500] "GET /galeria/galeria/jquery.fancybox.js?v=2.1.5 HTTP/1.1" 304 -
186.30.35.236 - - [21/Jan/2017:16:09:50 -0500] "GET /galeria/galeria/jquery.fancybox.css?v=2.1.5 HTTP/1.1" 304 -
66.249.64.51 - - [21/Jan/2017:16:10:04 -0500] "GET /BLA/resoluciones/AUTOS%202015/2280.pdf HTTP/1.1" 200 631161
66.249.64.51 - - [21/Jan/2017:16:10:18 -0500] "GET /BLA/resoluciones/RESOLUCIONES%202007/RES%202007%20201%20AL%20300/RESOLUCION%200273%20DE%202007.pdf HTTP/1.1" 200 309577
66.249.64.51 - - [21/Jan/2017:16:10:27 -0500] "GET /BLA/resoluciones/RESOLUCIONES%202009/5483.pdf HTTP/1.1" 200 522347
66.249.64.55 - - [21/Jan/2017:16:10:38 -0500] "GET /BLA/resoluciones/RESOLUCIONES%202009/8781.pdf HTTP/1.1" 200 112595
66.249.64.55 - - [21/Jan/2017:16:10:41 -0500] "GET /galeria/galeria/fotos/mico1P.jpg HTTP/1.1" 200 28110
201.245.192.253 - - [21/Jan/2017:16:10:54 -0500] "GET /BLA/resoluciones/RESOLUCIONES%202013/0852.pdf HTTP/1.1" 200 3113900
201.245.192.253 - - [21/Jan/2017:16:10:55 -0500] "GET /BLA/resoluciones/RESOLUCIONES%202013/0852.pdf HTTP/1.1" 206 2825094
69.162.124.232 - - [21/Jan/2017:16:11:05 -0500] "HEAD / HTTP/1.1" 200 -
201.245.192.253 - - [21/Jan/2017:16:11:06 -0500] "GET /BLA/resoluciones/RESOLUCIONES%202013/0852.pdf HTTP/1.1" 206 289792
66.249.64.53 - - [21/Jan/2017:16:11:12 -0500] "GET /BLA/resoluciones/RESOLUCIONES%202008/0855.pdf HTTP/1.1" 200 334667
186.82.143.31 - - [21/Jan/2017:16:11:15 -0500] "GET /IsolucionSDA/SesionTermina.asp HTTP/1.1" 200 388
186.82.143.31 - - [21/Jan/2017:16:11:15 -0500] "GET /IsolucionSDA/Errores/SesionExpirada.asp? HTTP/1.1" 200 6598
192.168.175.104 - - [21/Jan/2017:16:11:16 -0500] "GET / HTTP/1.1" 200 9990
181.54.127.225 - - [21/Jan/2017:16:11:21 -0500] "GET /galeria/galeria/jquery.fancybox.css?v=2.1.5 HTTP/1.1" 200 4895
181.54.127.225 - - [21/Jan/2017:16:11:21 -0500] "GET /BLA/boletinlegal/js/jquery.scrollShow.js HTTP/1.1" 200 4586
181.54.127.225 - - [21/Jan/2017:16:11:21 -0500] "GET /galeria/galeria/jquery.fancybox.js?v=2.1.5 HTTP/1.1" 200 48706
181.54.127.225 - - [21/Jan/2017:16:11:24 -0500] "GET /BLA/boletinlegal/js/jquery.scrollShow.js HTTP/1.1" 304 -
181.54.127.225 - - [21/Jan/2017:16:11:24 -0500] "GET /galeria/galeria/jquery.fancybox.js?v=2.1.5 HTTP/1.1" 304 -
181.54.127.225 - - [21/Jan/2017:16:11:24 -0500] "GET /galeria/galeria/jquery.fancybox.css?v=2.1.5 HTTP/1.1" 304 -
181.62.16.69 - - [21/Jan/2017:16:11:36 -0500] "GET /galeria/nivo-slider/demo/demo.html HTTP/1.1" 304 -
181.62.16.69 - - [21/Jan/2017:16:11:36 -0500] "GET /galeria/nivo-slider/demo/images/banner%20web%20condecoraci%C3%B3n%20Augusto%20Angel-01-min.jpg HTTP/1.1" 304 -
192.168.175.104 - - [21/Jan/2017:16:11:51 -0500] "GET / HTTP/1.1" 200 9990
66.249.64.51 - - [21/Jan/2017:16:12:09 -0500] "GET /BLA/resoluciones/RESOLUCIONES%202009/2171.pdf HTTP/1.1" 200 3985126
152.172.109.84 - - [21/Jan/2017:16:12:31 -0500] "GET /galeria/galeria/jquery.fancybox.css?v=2.1.5 HTTP/1.1" 200 4895
152.172.109.84 - - [21/Jan/2017:16:12:31 -0500] "GET /BLA/boletinlegal/js/jquery.scrollShow.js HTTP/1.1" 200 4586
152.172.109.84 - - [21/Jan/2017:16:12:31 -0500] "GET /galeria/galeria/jquery.fancybox.js?v=2.1.5 HTTP/1.1" 200 48706
192.168.175.104 - - [21/Jan/2017:16:12:34 -0500] "GET / HTTP/1.0" 200 9990
69.162.124.233 - - [21/Jan/2017:16:12:41 -0500] "HEAD / HTTP/1.1" 200 -
66.249.64.51 - - [21/Jan/2017:16:12:44 -0500] "GET /BLA/resoluciones/RESOLUCIONES%202009/3857.pdf HTTP/1.1" 200 119174
152.172.109.84 - - [21/Jan/2017:16:12:44 -0500] "GET /galeria/galeria/jquery.fancybox.js?v=2.1.5 HTTP/1.1" 304 -
152.172.109.84 - - [21/Jan/2017:16:12:44 -0500] "GET /BLA/boletinlegal/js/jquery.scrollShow.js HTTP/1.1" 304 -
152.172.109.84 - - [21/Jan/2017:16:12:44 -0500] "GET /galeria/galeria/jquery.fancybox.css?v=2.1.5 HTTP/1.1" 304 -
66.249.64.53 - - [21/Jan/2017:16:12:55 -0500] "GET /BLA/resoluciones/AUTOS%202011/5833.pdf HTTP/1.1" 200 163844
200.10.154.66 - - [21/Jan/2017:16:13:00 -0500] "GET /galeria/galeria/fotos/juan-amarillo4G.jpg HTTP/1.1" 200 202445
66.249.64.51 - - [21/Jan/2017:16:13:07 -0500] "GET /BLA/resoluciones/RESOLUCIONES%202010/6409.pdf HTTP/1.1" 200 182477
207.46.13.37 - - [21/Jan/2017:16:13:07 -0500] "GET /BLA/boletinlegal/js/ajax_actos.js HTTP/1.1" 200 1322
66.249.64.53 - - [21/Jan/2017:16:13:41 -0500] "GET /BLA/resoluciones/AUTOS%202011/3703.pdf HTTP/1.1" 200 166941
152.202.8.144 - - [21/Jan/2017:16:13:45 -0500] "GET /BLA/boletinlegal/js/jquery.scrollShow.js HTTP/1.1" 200 4586
66.249.88.4 - - [21/Jan/2017:16:13:46 -0500] "GET /galeria/galeria/jquery.fancybox.css?v=2.1.5 HTTP/1.1" 200 4895
66.249.88.7 - - [21/Jan/2017:16:13:46 -0500] "GET /galeria/galeria/jquery.fancybox.js?v=2.1.5 HTTP/1.1" 200 48706
152.202.8.144 - - [21/Jan/2017:16:13:46 -0500] "GET /BLA/boletinlegal/js/jquery.scrollShow.js HTTP/1.1" 200 4586
152.202.8.144 - - [21/Jan/2017:16:13:46 -0500] "GET /galeria/carrusel/Carrusel/jquery.thumbnailScroller.css HTTP/1.1" 200 2066
152.202.8.144 - - [21/Jan/2017:16:13:46 -0500] "GET /galeria/carrusel/Carrusel/jquery-ui-1.8.13.custom.min.js HTTP/1.1" 200 10800
152.202.8.144 - - [21/Jan/2017:16:13:47 -0500] "GET /galeria/carrusel/Carrusel/jquery.thumbnailScroller.js HTTP/1.1" 200 8157
152.202.8.144 - - [21/Jan/2017:16:13:48 -0500] "GET /galeria/nivo-slider/demo/demo.html HTTP/1.1" 200 3690
66.249.88.7 - - [21/Jan/2017:16:13:49 -0500] "GET /galeria/nivo-slider/themes/pascal/pascal.css HTTP/1.1" 200 2258
66.249.88.4 - - [21/Jan/2017:16:13:49 -0500] "GET /galeria/nivo-slider/demo/images/pieza%20webtinguas.jpg HTTP/1.1" 200 175651
66.249.88.7 - - [21/Jan/2017:16:13:49 -0500] "GET /galeria/nivo-slider/themes/orman/orman.css HTTP/1.1" 200 2152
152.202.8.144 - - [21/Jan/2017:16:13:49 -0500] "GET /galeria/nivo-slider/themes/default/default.css HTTP/1.1" 200 1569
66.249.88.1 - - [21/Jan/2017:16:13:49 -0500] "GET /galeria/nivo-slider/demo/images/bannerwebincendiosforestales.jpg HTTP/1.1" 200 162859
66.249.88.4 - - [21/Jan/2017:16:13:49 -0500] "GET /galeria/nivo-slider/demo/style.css HTTP/1.1" 200 2222
66.249.88.1 - - [21/Jan/2017:16:13:49 -0500] "GET /galeria/nivo-slider/nivo-slider.css HTTP/1.1" 200 1507
66.249.88.1 - - [21/Jan/2017:16:13:49 -0500] "GET /galeria/nivo-slider/demo/images/bannersilvicultura.jpg HTTP/1.1" 200 173023
66.249.88.4 - - [21/Jan/2017:16:13:49 -0500] "GET /galeria/nivo-slider/demo/images/BANNERARBOLES.jpg HTTP/1.1" 200 227630
66.249.88.7 - - [21/Jan/2017:16:13:49 -0500] "GET /galeria/nivo-slider/demo/images/bolsas-06.jpg HTTP/1.1" 200 210950
66.249.88.1 - - [21/Jan/2017:16:13:49 -0500] "GET /galeria/nivo-slider/demo/images/bannergestionambiental2.jpg HTTP/1.1" 200 245647
66.249.88.4 - - [21/Jan/2017:16:13:49 -0500] "GET /galeria/nivo-slider/demo/images/vegetal.jpg HTTP/1.1" 200 216080
152.202.8.144 - - [21/Jan/2017:16:13:49 -0500] "GET /galeria/nivo-slider/demo/images/banner%20web%20condecoraci%C3%B3n%20Augusto%20Angel-01-min.jpg HTTP/1.1" 200 196851
152.202.8.144 - - [21/Jan/2017:16:13:49 -0500] "GET /galeria/nivo-slider/demo/images/banner%20encuesta%20sda2-web3.jpg HTTP/1.1" 200 111668
152.202.8.144 - - [21/Jan/2017:16:13:49 -0500] "GET /galeria/nivo-slider/demo/scripts/jquery-1.7.1.min.js HTTP/1.1" 200 93868
152.202.8.144 - - [21/Jan/2017:16:13:49 -0500] "GET /galeria/nivo-slider/demo/images/bannerinvitaci%C3%B3nacaminatasecologicas2.jpg HTTP/1.1" 200 513253
152.202.8.144 - - [21/Jan/2017:16:13:50 -0500] "GET /galeria/nivo-slider/jquery.nivo.slider.pack.js HTTP/1.1" 200 11561
152.202.8.144 - - [21/Jan/2017:16:13:50 -0500] "GET /galeria/nivo-slider/demo/images/Ruta-vertimientos-01.jpg HTTP/1.1" 200 130151
152.202.8.144 - - [21/Jan/2017:16:13:50 -0500] "GET /galeria/nivo-slider/demo/images/ACOPIADORESYGESTORES.jpg HTTP/1.1" 200 118791
152.202.8.144 - - [21/Jan/2017:16:13:51 -0500] "GET /galeria/nivo-slider/themes/default/loading.gif HTTP/1.1" 200 1737
152.202.8.144 - - [21/Jan/2017:16:13:51 -0500] "GET /galeria/nivo-slider/demo/images/4Simple_Slider.png HTTP/1.1" 200 11722
66.249.64.51 - - [21/Jan/2017:16:13:52 -0500] "GET /BLA/resoluciones/AUTOS%202007/3472.pdf HTTP/1.1" 200 152895
66.249.88.1 - - [21/Jan/2017:16:14:00 -0500] "GET /galeria/nivo-slider/themes/default/bullets.png HTTP/1.1" 200 1281
66.249.88.4 - - [21/Jan/2017:16:14:00 -0500] "GET /galeria/nivo-slider/themes/default/arrows.png HTTP/1.1" 200 824
66.249.64.51 - - [21/Jan/2017:16:14:15 -0500] "GET /BLA/resoluciones/RESOLUCIONES%202009/8283.pdf HTTP/1.1" 200 80397
66.249.64.51 - - [21/Jan/2017:16:14:25 -0500] "GET /BLA/resoluciones/RESOLUCIONES%202007/RES%202007%201001%20AL%201100/RESOLUCION%201059%20DE%202007.pdf HTTP/1.1" 200 314074
66.249.88.7 - - [21/Jan/2017:16:14:31 -0500] "GET /BLA/boletinlegal/js/jquery.scrollShow.js HTTP/1.1" 200 4586
66.249.88.7 - - [21/Jan/2017:16:14:36 -0500] "GET /BLA/boletinlegal/js/jquery.scrollShow.js HTTP/1.1" 304 -
66.249.88.1 - - [21/Jan/2017:16:14:36 -0500] "GET /galeria/galeria/jquery.fancybox.js?v=2.1.5 HTTP/1.1" 304 -
66.249.88.4 - - [21/Jan/2017:16:14:36 -0500] "GET /galeria/galeria/jquery.fancybox.css?v=2.1.5 HTTP/1.1" 304 -
66.249.64.55 - - [21/Jan/2017:16:14:38 -0500] "GET /BLA/resoluciones/RESOLUCIONES%202008/5059.pdf HTTP/1.1" 200 235678
66.249.64.53 - - [21/Jan/2017:16:15:01 -0500] "GET /videos/galeria-cronicas/popcorn/ HTTP/1.1" 200 1030
66.249.64.51 - - [21/Jan/2017:16:15:23 -0500] "GET /videos/galeria-cronicas/skin/pink.flag/ HTTP/1.1" 200 1746
161.10.14.184 - - [21/Jan/2017:16:15:25 -0500] "GET /galeria/galeria/jquery.fancybox.css?v=2.1.5 HTTP/1.1" 200 4895
161.10.14.184 - - [21/Jan/2017:16:15:25 -0500] "GET /galeria/galeria/jquery.fancybox.js?v=2.1.5 HTTP/1.1" 200 48706
161.10.14.184 - - [21/Jan/2017:16:15:25 -0500] "GET /BLA/boletinlegal/js/jquery.scrollShow.js HTTP/1.1" 200 4586
161.10.14.184 - - [21/Jan/2017:16:15:29 -0500] "GET /BLA/boletinlegal/js/jquery.scrollShow.js HTTP/1.1" 304 -
161.10.14.184 - - [21/Jan/2017:16:15:29 -0500] "GET /galeria/galeria/jquery.fancybox.js?v=2.1.5 HTTP/1.1" 304 -
161.10.14.184 - - [21/Jan/2017:16:15:29 -0500] "GET /galeria/galeria/jquery.fancybox.css?v=2.1.5 HTTP/1.1" 304 -
66.249.64.59 - - [21/Jan/2017:16:15:46 -0500] "GET /Anexos%20estudio%20Organizacional%20SDA/index.php?dir=ANEXO+No.+8+-+MATRICES+DE+REGISTRO+Y+DE+SALIDA+MEDICI%D3N+CARGAS+LABORALES+SDA%2F5.+Direcci%F3n+de+Gesti%F3n%2F HTTP/1.1" 200 2931
181.63.189.175 - - [21/Jan/2017:16:15:57 -0500] "GET /BLA/resoluciones/Notificaciones/AUTOS%202014/3940.doc HTTP/1.1" 206 1
181.63.189.175 - - [21/Jan/2017:16:15:57 -0500] "GET /BLA/resoluciones/Notificaciones/AUTOS%202014/3940.doc HTTP/1.1" 206 139103
192.168.175.104 - - [21/Jan/2017:16:16:15 -0500] "GET / HTTP/1.1" 200 9990
181.136.145.169 - - [21/Jan/2017:16:16:16 -0500] "GET /galeria/galeria/jquery.fancybox.js?v=2.1.5 HTTP/1.1" 200 48706
181.136.145.169 - - [21/Jan/2017:16:16:16 -0500] "GET /galeria/galeria/jquery.fancybox.css?v=2.1.5 HTTP/1.1" 200 4895
181.136.145.169 - - [21/Jan/2017:16:16:17 -0500] "GET /galeria/juegos/ear/ HTTP/1.1" 200 1093
181.136.145.169 - - [21/Jan/2017:16:16:18 -0500] "GET /galeria/juegos/ear/EARI.swf HTTP/1.1" 200 526915
181.136.145.169 - - [21/Jan/2017:16:16:18 -0500] "GET /galeria/juegos/ear/objects/Smacking-DJ_Dinky-10082_hifi.mp3 HTTP/1.1" 200 27712
181.136.145.169 - - [21/Jan/2017:16:16:19 -0500] "GET /galeria/juegos/ear/SkinUnderPlaySeekStop.swf HTTP/1.1" 404 1284
181.136.145.169 - - [21/Jan/2017:16:16:19 -0500] "GET /galeria/juegos/ear/cab_ear.flv HTTP/1.1" 200 2172365
66.249.64.51 - - [21/Jan/2017:16:16:23 -0500] "GET /BLA/resoluciones/AUTOS%202014/4118.pdf HTTP/1.1" 200 522946
186.154.126.235 - - [21/Jan/2017:16:16:27 -0500] "GET /galeria/carrusel/Carrusel/jquery.thumbnailScroller.css HTTP/1.1" 200 2066
186.154.126.235 - - [21/Jan/2017:16:16:27 -0500] "GET /galeria/carrusel/Carrusel/jquery-ui-1.8.13.custom.min.js HTTP/1.1" 200 10800
192.168.175.104 - - [21/Jan/2017:16:16:49 -0500] "GET / HTTP/1.1" 200 9990
186.82.143.31 - - [21/Jan/2017:16:16:49 -0500] "GET /IsolucionSDA/ControlDeInicio.asp HTTP/1.1" 200 739
186.82.143.31 - - [21/Jan/2017:16:16:50 -0500] "GET /IsolucionSDA/IdentificaUsuario.asp?Pagina1=FrameSetGeneral.asp& HTTP/1.1" 200 5090
66.249.64.51 - - [21/Jan/2017:16:16:55 -0500] "GET /BLA/resoluciones/AUTOS%202010/4366.pdf HTTP/1.1" 200 154760
186.82.143.31 - - [21/Jan/2017:16:16:56 -0500] "POST /IsolucionSDA/IdentificaUsuario.asp?Pagina1=FrameSetGeneral.asp& HTTP/1.1" 302 173
186.82.143.31 - - [21/Jan/2017:16:16:56 -0500] "GET /IsolucionSDA/FrameSetGeneral.asp?Pagina1=FrameSetGeneral.asp& HTTP/1.1" 200 6485
186.82.143.31 - - [21/Jan/2017:16:16:56 -0500] "GET /IsolucionSDA/Encabezado.asp?Pagina1=FrameSetGeneral.asp&&Pagina=MagazinHome.asp HTTP/1.1" 200 15521
186.82.143.31 - - [21/Jan/2017:16:16:56 -0500] "GET /IsolucionSDA/BarraTitulos.asp?Pagina1=FrameSetGeneral.asp&&Pagina=MagazinHome.asp HTTP/1.1" 200 6844
186.82.143.31 - - [21/Jan/2017:16:16:56 -0500] "GET /IsolucionSDA/BarraFavoritos.asp HTTP/1.1" 200 911
186.82.143.31 - - [21/Jan/2017:16:16:56 -0500] "GET /IsolucionSDA/Session.asp?Continue=1 HTTP/1.1" 200 6195
186.82.143.31 - - [21/Jan/2017:16:16:57 -0500] "GET /IsolucionSDA/TareasSFRedirect.asp HTTP/1.1" 302 195
186.82.143.31 - - [21/Jan/2017:16:16:56 -0500] "GET /IsolucionSDA/MagazinHome.asp HTTP/1.1" 200 39215
186.82.143.31 - - [21/Jan/2017:16:16:57 -0500] "GET /IsolucionSDA/g/Bgr_Destacado3399CC.jpg HTTP/1.1" 404 5233
186.82.143.31 - - [21/Jan/2017:16:16:58 -0500] "GET /IsolucionSDA/FrameSetGeneral.asp?Pagina=Menu.asp&IdModulo=4 HTTP/1.1" 200 6455
186.82.143.31 - - [21/Jan/2017:16:16:58 -0500] "GET /IsolucionSDA/Encabezado.asp?Pagina=Menu.asp&IdModulo=4 HTTP/1.1" 200 15522
186.82.143.31 - - [21/Jan/2017:16:16:58 -0500] "GET /IsolucionSDA/BarraTitulos.asp?Pagina=Menu.asp&IdModulo=4 HTTP/1.1" 200 6857
186.82.143.31 - - [21/Jan/2017:16:16:58 -0500] "GET /IsolucionSDA/BarraFavoritos.asp HTTP/1.1" 200 911
186.82.143.31 - - [21/Jan/2017:16:16:58 -0500] "GET /IsolucionSDA/Session.asp?Continue=1 HTTP/1.1" 200 6195
186.82.143.31 - - [21/Jan/2017:16:16:58 -0500] "GET /IsolucionSDA/Menu.asp?Pagina=Menu.asp&IdModulo=4 HTTP/1.1" 200 17869
186.82.143.31 - - [21/Jan/2017:16:16:57 -0500] "GET /IsolucionSDA/Login.aspx?TARGET=SFContainerFiltrado.aspx&number=52555670515770674565 HTTP/1.1" 302 886
186.82.143.31 - - [21/Jan/2017:16:17:11 -0500] "GET /IsolucionSDA/FrameSetGeneral.asp?Pagina=Administracion/CatalogoGlosario.asp HTTP/1.1" 200 6530
186.82.143.31 - - [21/Jan/2017:16:17:11 -0500] "GET /IsolucionSDA/Encabezado.asp?Pagina=Administracion/CatalogoGlosario.asp HTTP/1.1" 200 15497
186.82.143.31 - - [21/Jan/2017:16:17:11 -0500] "GET /IsolucionSDA/BarraTitulos.asp?Pagina=Administracion/CatalogoGlosario.asp HTTP/1.1" 200 6857
186.82.143.31 - - [21/Jan/2017:16:17:11 -0500] "GET /IsolucionSDA/BarraFavoritos.asp HTTP/1.1" 200 911
186.82.143.31 - - [21/Jan/2017:16:17:11 -0500] "GET /IsolucionSDA/Session.asp?Continue=1 HTTP/1.1" 200 6195
186.82.143.31 - - [21/Jan/2017:16:17:11 -0500] "GET /IsolucionSDA/Administracion/CatalogoGlosario.asp?Pagina=Administracion/CatalogoGlosario.asp HTTP/1.1" 200 81165
66.249.64.37 - - [21/Jan/2017:16:17:30 -0500] "GET /robots.txt HTTP/1.1" 404 1019
192.168.175.104 - - [21/Jan/2017:16:17:32 -0500] "GET / HTTP/1.0" 200 9990
181.57.27.213 - - [21/Jan/2017:16:17:34 -0500] "GET /BLA/boletinlegal/js/jquery.scrollShow.js HTTP/1.1" 200 4586
181.57.27.213 - - [21/Jan/2017:16:17:34 -0500] "GET /galeria/galeria/jquery.fancybox.js?v=2.1.5 HTTP/1.1" 200 48706
181.57.27.213 - - [21/Jan/2017:16:17:35 -0500] "GET /galeria/galeria/jquery.fancybox.css?v=2.1.5 HTTP/1.1" 200 4895
69.162.124.233 - - [21/Jan/2017:16:17:41 -0500] "HEAD / HTTP/1.1" 200 -
181.57.27.213 - - [21/Jan/2017:16:17:44 -0500] "GET /galeria/galeria/jquery.fancybox.css?v=2.1.5 HTTP/1.1" 304 -
181.57.27.213 - - [21/Jan/2017:16:17:44 -0500] "GET /BLA/boletinlegal/js/jquery.scrollShow.js HTTP/1.1" 304 -
181.57.27.213 - - [21/Jan/2017:16:17:44 -0500] "GET /galeria/galeria/jquery.fancybox.js?v=2.1.5 HTTP/1.1" 304 -
66.249.64.51 - - [21/Jan/2017:16:17:52 -0500] "GET /BLA/resoluciones/AUTOS%202010/2360.pdf HTTP/1.1" 200 86140
186.82.143.31 - - [21/Jan/2017:16:17:54 -0500] "POST /IsolucionSDA/Administracion/CatalogoGlosario.asp HTTP/1.1" 200 81481
186.82.143.31 - - [21/Jan/2017:16:17:55 -0500] "GET /IsolucionSDA/Administracion/CatalogoGlosario.asp?Letra=TODO&CodCategoriaFiltro= HTTP/1.1" 200 613923
66.249.88.4 - - [21/Jan/2017:16:17:59 -0500] "-" 408 -
66.249.88.4 - - [21/Jan/2017:16:17:59 -0500] "-" 408 -
66.249.88.4 - - [21/Jan/2017:16:17:59 -0500] "-" 408 -
66.249.88.7 - - [21/Jan/2017:16:18:13 -0500] "-" 408 -
66.249.88.7 - - [21/Jan/2017:16:18:13 -0500] "-" 408 -
66.249.88.1 - - [21/Jan/2017:16:18:13 -0500] "-" 408 -
66.249.64.51 - - [21/Jan/2017:16:18:30 -0500] "GET /BLA/resoluciones/AUTOS%202011/1815.pdf HTTP/1.1" 200 153171
163.172.65.194 - - [21/Jan/2017:16:18:36 -0500] "GET /BLA/resoluciones/RESOLUCIONES%202004/RES%202004%202151-2200/00002199.tif HTTP/1.1" 200 300796
66.249.64.53 - - [21/Jan/2017:16:18:37 -0500] "GET /BLA/resoluciones/RESOLUCIONES%202016/1289.pdf HTTP/1.1" 200 619364
66.249.64.53 - - [21/Jan/2017:16:18:49 -0500] "GET /BLA/resoluciones/RESOLUCIONES%202016/1226.pdf HTTP/1.1" 200 640684
195.133.147.6 - - [21/Jan/2017:16:19:05 -0500] "HEAD / HTTP/1.1" 200 -
194.87.234.246 - - [21/Jan/2017:16:19:08 -0500] "HEAD / HTTP/1.1" 200 -
201.175.133.115 - - [21/Jan/2017:16:19:27 -0500] "GET /galeria/galeria/jquery.fancybox.css?v=2.1.5 HTTP/1.1" 200 4895
201.175.133.115 - - [21/Jan/2017:16:19:27 -0500] "GET /BLA/boletinlegal/js/jquery.scrollShow.js HTTP/1.1" 200 4586
201.175.133.115 - - [21/Jan/2017:16:19:27 -0500] "GET /galeria/galeria/jquery.fancybox.js?v=2.1.5 HTTP/1.1" 200 48706
201.175.133.115 - - [21/Jan/2017:16:19:51 -0500] "GET /galeria/galeria/jquery.fancybox.js?v=2.1.5 HTTP/1.1" 304 -
201.175.133.115 - - [21/Jan/2017:16:19:51 -0500] "GET /BLA/boletinlegal/js/jquery.scrollShow.js HTTP/1.1" 304 -
201.175.133.115 - - [21/Jan/2017:16:19:51 -0500] "GET /galeria/galeria/jquery.fancybox.css?v=2.1.5 HTTP/1.1" 304 -
66.249.64.51 - - [21/Jan/2017:16:19:57 -0500] "GET /BLA/resoluciones/AUTOS%202009/0021.pdf HTTP/1.1" 200 186346
66.249.64.59 - - [21/Jan/2017:16:20:16 -0500] "GET /galeria/carrusel/Carrusel/prevArrow.png HTTP/1.1" 200 1066
190.126.251.20 - - [21/Jan/2017:16:20:42 -0500] "GET /galeria/galeria/jquery.fancybox.css?v=2.1.5 HTTP/1.1" 200 4895
190.126.251.20 - - [21/Jan/2017:16:20:42 -0500] "GET /BLA/boletinlegal/js/jquery.scrollShow.js HTTP/1.1" 200 4586
190.126.251.20 - - [21/Jan/2017:16:20:42 -0500] "GET /galeria/galeria/jquery.fancybox.js?v=2.1.5 HTTP/1.1" 200 48706
190.126.251.20 - - [21/Jan/2017:16:20:51 -0500] "GET /BLA/boletinlegal/js/jquery.scrollShow.js HTTP/1.1" 304 -
190.126.251.20 - - [21/Jan/2017:16:20:51 -0500] "GET /galeria/galeria/jquery.fancybox.js?v=2.1.5 HTTP/1.1" 304 -
190.126.251.20 - - [21/Jan/2017:16:20:51 -0500] "GET /galeria/galeria/jquery.fancybox.css?v=2.1.5 HTTP/1.1" 304 -
192.168.175.104 - - [21/Jan/2017:16:21:13 -0500] "GET / HTTP/1.1" 200 9990
66.249.64.51 - - [21/Jan/2017:16:21:21 -0500] "GET /galeria/galeria/fotos/cusumbo4P.jpg HTTP/1.1" 200 34990
66.249.64.51 - - [21/Jan/2017:16:21:33 -0500] "GET /BLA/resoluciones/RESOLUCIONES%202007/RES%202007%201001%20AL%201100/RESOLUCION%201062%20DE%202007.pdf HTTP/1.1" 200 76205
192.168.175.104 - - [21/Jan/2017:16:21:48 -0500] "GET / HTTP/1.1" 200 9990
190.152.233.2 - - [21/Jan/2017:16:21:49 -0500] "-" 408 -
69.162.124.232 - - [21/Jan/2017:16:21:50 -0500] "HEAD / HTTP/1.1" 200 -
192.168.175.104 - - [21/Jan/2017:16:22:30 -0500] "GET / HTTP/1.0" 200 9990
186.145.184.82 - - [21/Jan/2017:16:22:31 -0500] "-" 408 -
186.145.184.82 - - [21/Jan/2017:16:22:31 -0500] "-" 408 -
186.145.184.82 - - [21/Jan/2017:16:22:31 -0500] "-" 408 -
186.145.184.82 - - [21/Jan/2017:16:22:31 -0500] "-" 408 -
186.145.184.82 - - [21/Jan/2017:16:22:31 -0500] "-" 408 -
69.162.124.233 - - [21/Jan/2017:16:22:39 -0500] "HEAD / HTTP/1.1" 200 -
163.172.66.155 - - [21/Jan/2017:16:22:48 -0500] "GET /BLA/resoluciones/index.php?dir=RESOLUCIONES%202003/RES%202003%20801-850/&sort=size&order=asc HTTP/1.1" 200 11308
181.61.251.141 - - [21/Jan/2017:16:23:15 -0500] "GET /BLA/boletinlegal/js/jquery.scrollShow.js HTTP/1.1" 200 4586
181.61.251.141 - - [21/Jan/2017:16:23:16 -0500] "GET /galeria/galeria/jquery.fancybox.js?v=2.1.5 HTTP/1.1" 200 48706
181.61.251.141 - - [21/Jan/2017:16:23:16 -0500] "GET /galeria/galeria/jquery.fancybox.css?v=2.1.5 HTTP/1.1" 200 4895
66.249.64.51 - - [21/Jan/2017:16:23:33 -0500] "GET /BLA/resoluciones/AUTOS%202007/3248.pdf HTTP/1.1" 200 100777
181.232.76.215 - - [21/Jan/2017:16:23:48 -0500] "GET /galeria/galeria/jquery.fancybox.css?v=2.1.5 HTTP/1.1" 200 4895
181.232.76.215 - - [21/Jan/2017:16:23:48 -0500] "GET /BLA/boletinlegal/js/jquery.scrollShow.js HTTP/1.1" 200 4586
181.232.76.215 - - [21/Jan/2017:16:23:48 -0500] "GET /galeria/galeria/jquery.fancybox.js?v=2.1.5 HTTP/1.1" 200 48706
163.172.66.161 - - [21/Jan/2017:16:23:50 -0500] "GET /BLA/resoluciones/RESOLUCIONES%202006/RES%202006%201051-1100/00001089.tif HTTP/1.1" 200 220370
190.63.150.243 - - [21/Jan/2017:16:23:54 -0500] "GET /galeria/galeria/jquery.fancybox.css?v=2.1.5 HTTP/1.1" 200 4895
190.63.150.243 - - [21/Jan/2017:16:23:54 -0500] "GET /BLA/boletinlegal/js/jquery.scrollShow.js HTTP/1.1" 200 4586
190.63.150.243 - - [21/Jan/2017:16:23:55 -0500] "GET /galeria/galeria/jquery.fancybox.js?v=2.1.5 HTTP/1.1" 200 48706
186.82.143.31 - - [21/Jan/2017:16:24:15 -0500] "POST /IsolucionSDA/Administracion/CatalogoGlosario.asp HTTP/1.1" 200 81709
190.63.150.243 - - [21/Jan/2017:16:24:15 -0500] "GET /galeria/galeria/jquery.fancybox.css?v=2.1.5 HTTP/1.1" 304 -
181.232.76.215 - - [21/Jan/2017:16:24:15 -0500] "GET /galeria/galeria/jquery.fancybox.css?v=2.1.5 HTTP/1.1" 304 -
181.232.76.215 - - [21/Jan/2017:16:24:15 -0500] "GET /BLA/boletinlegal/js/jquery.scrollShow.js HTTP/1.1" 304 -
181.232.76.215 - - [21/Jan/2017:16:24:15 -0500] "GET /galeria/galeria/jquery.fancybox.js?v=2.1.5 HTTP/1.1" 304 -
190.63.150.243 - - [21/Jan/2017:16:24:16 -0500] "GET /galeria/galeria/jquery.fancybox.js?v=2.1.5 HTTP/1.1" 304 -
190.63.150.243 - - [21/Jan/2017:16:24:16 -0500] "GET /BLA/boletinlegal/js/jquery.scrollShow.js HTTP/1.1" 304 -
66.249.64.43 - - [21/Jan/2017:16:24:23 -0500] "GET /portel_dama/libreria/php/2006/restauracion/22_proye/xtras_in/4.pdf HTTP/1.1" 404 1019
66.249.88.153 - - [21/Jan/2017:16:24:33 -0500] "GET /BLA/boletinlegal/js/jquery.scrollShow.js HTTP/1.1" 200 4586
66.249.88.155 - - [21/Jan/2017:16:24:33 -0500] "GET /galeria/galeria/jquery.fancybox.js?v=2.1.5 HTTP/1.1" 200 48706
66.249.88.153 - - [21/Jan/2017:16:24:33 -0500] "GET /galeria/galeria/jquery.fancybox.css?v=2.1.5 HTTP/1.1" 200 4895
66.249.88.7 - - [21/Jan/2017:16:24:42 -0500] "GET /galeria/galeria/jquery.fancybox.css?v=2.1.5 HTTP/1.1" 200 4895
66.249.88.7 - - [21/Jan/2017:16:24:42 -0500] "GET /BLA/boletinlegal/js/jquery.scrollShow.js HTTP/1.1" 200 4586
66.249.88.4 - - [21/Jan/2017:16:24:43 -0500] "GET /galeria/galeria/jquery.fancybox.js?v=2.1.5 HTTP/1.1" 200 48706
66.249.64.51 - - [21/Jan/2017:16:24:47 -0500] "GET /BLA/resoluciones/Autos%202008/2189.pdf HTTP/1.1" 200 80893
191.95.241.251 - - [21/Jan/2017:16:24:55 -0500] "GET /BLA/boletinlegal/js/jquery.scrollShow.js HTTP/1.1" 200 4586
191.95.241.251 - - [21/Jan/2017:16:24:56 -0500] "GET /galeria/galeria/jquery.fancybox.js?v=2.1.5 HTTP/1.1" 200 48706
191.95.241.251 - - [21/Jan/2017:16:24:56 -0500] "GET /galeria/galeria/jquery.fancybox.css?v=2.1.5 HTTP/1.1" 200 4895
186.82.143.31 - - [21/Jan/2017:16:25:13 -0500] "POST /IsolucionSDA/Administracion/CatalogoGlosario.asp HTTP/1.1" 200 81926
191.95.241.251 - - [21/Jan/2017:16:25:17 -0500] "GET /galeria/galeria/jquery.fancybox.css?v=2.1.5 HTTP/1.1" 304 -
191.95.241.251 - - [21/Jan/2017:16:25:17 -0500] "GET /BLA/boletinlegal/js/jquery.scrollShow.js HTTP/1.1" 304 -
191.95.241.251 - - [21/Jan/2017:16:25:17 -0500] "GET /galeria/galeria/jquery.fancybox.js?v=2.1.5 HTTP/1.1" 304 -
186.82.143.31 - - [21/Jan/2017:16:25:49 -0500] "POST /IsolucionSDA/Administracion/CatalogoGlosario.asp HTTP/1.1" 200 82157
186.82.143.31 - - [21/Jan/2017:16:25:52 -0500] "GET /IsolucionSDA/Administracion/CatalogoGlosario.asp?Letra=TODO&CodCategoriaFiltro= HTTP/1.1" 200 614575
163.172.66.17 - - [21/Jan/2017:16:25:58 -0500] "GET /BLA/resoluciones/RESOLUCIONES%202005/RES%202005%201301-1350/00001350.tif HTTP/1.1" 200 36684
181.61.251.141 - - [21/Jan/2017:16:26:07 -0500] "GET /galeria/carrusel/Carrusel/jquery.thumbnailScroller.css HTTP/1.1" 200 2066
181.61.251.141 - - [21/Jan/2017:16:26:08 -0500] "GET /galeria/carrusel/Carrusel/jquery-ui-1.8.13.custom.min.js HTTP/1.1" 200 10800
192.168.175.104 - - [21/Jan/2017:16:26:11 -0500] "GET / HTTP/1.1" 200 9990
181.61.251.141 - - [21/Jan/2017:16:26:15 -0500] "GET /galeria/carrusel/Carrusel/jquery.thumbnailScroller.js HTTP/1.1" 200 8157
66.249.64.51 - - [21/Jan/2017:16:26:25 -0500] "GET /BLA/resoluciones/RESOLUCIONES%202012/1869.pdf HTTP/1.1" 200 2548358
186.82.143.31 - - [21/Jan/2017:16:26:30 -0500] "GET /IsolucionSDA/g/Bot_SiguienteOver.jpg HTTP/1.1" 200 1668
186.82.143.31 - - [21/Jan/2017:16:26:32 -0500] "GET /IsolucionSDA/FrameSetGeneral.asp?Pagina=Menu.asp&IdModulo=4 HTTP/1.1" 200 6455
186.82.143.31 - - [21/Jan/2017:16:26:32 -0500] "GET /IsolucionSDA/Encabezado.asp?Pagina=Menu.asp&IdModulo=4 HTTP/1.1" 200 15522
186.82.143.31 - - [21/Jan/2017:16:26:32 -0500] "GET /IsolucionSDA/BarraTitulos.asp?Pagina=Menu.asp&IdModulo=4 HTTP/1.1" 200 6857
186.82.143.31 - - [21/Jan/2017:16:26:32 -0500] "GET /IsolucionSDA/BarraFavoritos.asp HTTP/1.1" 200 911
186.82.143.31 - - [21/Jan/2017:16:26:32 -0500] "GET /IsolucionSDA/Menu.asp?Pagina=Menu.asp&IdModulo=4 HTTP/1.1" 200 17869
186.82.143.31 - - [21/Jan/2017:16:26:32 -0500] "GET /IsolucionSDA/Session.asp?Continue=1 HTTP/1.1" 200 6195
186.82.143.31 - - [21/Jan/2017:16:26:34 -0500] "GET /IsolucionSDA/FrameSetGeneral.asp?Pagina=Administracion/SalaEdicion/Magazines.asp HTTP/1.1" 200 6550
186.82.143.31 - - [21/Jan/2017:16:26:34 -0500] "GET /IsolucionSDA/Encabezado.asp?Pagina=Administracion/SalaEdicion/Magazines.asp HTTP/1.1" 200 15497
186.82.143.31 - - [21/Jan/2017:16:26:34 -0500] "GET /IsolucionSDA/BarraTitulos.asp?Pagina=Administracion/SalaEdicion/Magazines.asp HTTP/1.1" 200 6857
186.82.143.31 - - [21/Jan/2017:16:26:34 -0500] "GET /IsolucionSDA/Administracion/SalaEdicion/Magazines.asp?Pagina=Administracion/SalaEdicion/Magazines.asp HTTP/1.1" 200 8591
186.82.143.31 - - [21/Jan/2017:16:26:34 -0500] "GET /IsolucionSDA/BarraFavoritos.asp HTTP/1.1" 200 911
186.82.143.31 - - [21/Jan/2017:16:26:34 -0500] "GET /IsolucionSDA/Session.asp?Continue=1 HTTP/1.1" 200 6195
186.82.143.31 - - [21/Jan/2017:16:26:37 -0500] "GET /IsolucionSDA/FrameSetGeneral.asp?Pagina=Menu.asp&IdModulo=4 HTTP/1.1" 200 6455
186.82.143.31 - - [21/Jan/2017:16:26:38 -0500] "GET /IsolucionSDA/Encabezado.asp?Pagina=Menu.asp&IdModulo=4 HTTP/1.1" 200 15522
186.82.143.31 - - [21/Jan/2017:16:26:38 -0500] "GET /IsolucionSDA/BarraTitulos.asp?Pagina=Menu.asp&IdModulo=4 HTTP/1.1" 200 6857
186.82.143.31 - - [21/Jan/2017:16:26:38 -0500] "GET /IsolucionSDA/BarraFavoritos.asp HTTP/1.1" 200 911
186.82.143.31 - - [21/Jan/2017:16:26:38 -0500] "GET /IsolucionSDA/Session.asp?Continue=1 HTTP/1.1" 200 6195
186.82.143.31 - - [21/Jan/2017:16:26:38 -0500] "GET /IsolucionSDA/Menu.asp?Pagina=Menu.asp&IdModulo=4 HTTP/1.1" 200 17869
186.82.143.31 - - [21/Jan/2017:16:26:43 -0500] "GET /IsolucionSDA/FrameSetGeneral.asp?Pagina=Administracion/CatalogoGlosario.asp HTTP/1.1" 200 6530
186.82.143.31 - - [21/Jan/2017:16:26:43 -0500] "GET /IsolucionSDA/Encabezado.asp?Pagina=Administracion/CatalogoGlosario.asp HTTP/1.1" 200 15497
186.82.143.31 - - [21/Jan/2017:16:26:43 -0500] "GET /IsolucionSDA/BarraTitulos.asp?Pagina=Administracion/CatalogoGlosario.asp HTTP/1.1" 200 6857
186.82.143.31 - - [21/Jan/2017:16:26:43 -0500] "GET /IsolucionSDA/Session.asp?Continue=1 HTTP/1.1" 200 6195
186.82.143.31 - - [21/Jan/2017:16:26:43 -0500] "GET /IsolucionSDA/Administracion/CatalogoGlosario.asp?Pagina=Administracion/CatalogoGlosario.asp HTTP/1.1" 200 82071
192.168.175.104 - - [21/Jan/2017:16:26:45 -0500] "GET / HTTP/1.1" 200 9990
69.162.124.232 - - [21/Jan/2017:16:26:50 -0500] "HEAD / HTTP/1.1" 200 -
186.82.143.31 - - [21/Jan/2017:16:26:43 -0500] "GET /IsolucionSDA/BarraFavoritos.asp HTTP/1.1" 200 -
186.82.143.31 - - [21/Jan/2017:16:27:02 -0500] "GET /IsolucionSDA/BarraFavoritos.asp HTTP/1.1" 200 911
180.76.15.149 - - [21/Jan/2017:16:27:14 -0500] "GET / HTTP/1.1" 200 9990
192.168.175.104 - - [21/Jan/2017:16:27:28 -0500] "GET / HTTP/1.0" 200 9990
66.249.64.51 - - [21/Jan/2017:16:27:34 -0500] "GET /BLA/resoluciones/RESOLUCIONES%202013/1364.pdf HTTP/1.1" 200 664571
69.162.124.233 - - [21/Jan/2017:16:27:40 -0500] "HEAD / HTTP/1.1" 200 -
180.76.15.6 - - [21/Jan/2017:16:27:47 -0500] "GET / HTTP/1.1" 200 9990
66.249.64.51 - - [21/Jan/2017:16:27:58 -0500] "GET /BLA/resoluciones/Autos%202008/1039.pdf HTTP/1.1" 200 125872
186.82.143.31 - - [21/Jan/2017:16:28:01 -0500] "GET /IsolucionSDA/FrameSetGeneral.asp?Pagina=Menu.asp&IdModulo=4 HTTP/1.1" 200 6455
186.82.143.31 - - [21/Jan/2017:16:28:01 -0500] "GET /IsolucionSDA/Encabezado.asp?Pagina=Menu.asp&IdModulo=4 HTTP/1.1" 200 15522
186.82.143.31 - - [21/Jan/2017:16:28:01 -0500] "GET /IsolucionSDA/BarraTitulos.asp?Pagina=Menu.asp&IdModulo=4 HTTP/1.1" 200 6857
186.82.143.31 - - [21/Jan/2017:16:28:01 -0500] "GET /IsolucionSDA/BarraFavoritos.asp HTTP/1.1" 200 911
186.82.143.31 - - [21/Jan/2017:16:28:01 -0500] "GET /IsolucionSDA/Menu.asp?Pagina=Menu.asp&IdModulo=4 HTTP/1.1" 200 17869
186.82.143.31 - - [21/Jan/2017:16:28:01 -0500] "GET /IsolucionSDA/Session.asp?Continue=1 HTTP/1.1" 200 6195
186.82.143.31 - - [21/Jan/2017:16:28:03 -0500] "GET /IsolucionSDA/FrameSetGeneral.asp?Pagina=Administracion/SalaEdicion/Magazines.asp HTTP/1.1" 200 6550
186.82.143.31 - - [21/Jan/2017:16:28:03 -0500] "GET /IsolucionSDA/Encabezado.asp?Pagina=Administracion/SalaEdicion/Magazines.asp HTTP/1.1" 200 15497
186.82.143.31 - - [21/Jan/2017:16:28:03 -0500] "GET /IsolucionSDA/BarraTitulos.asp?Pagina=Administracion/SalaEdicion/Magazines.asp HTTP/1.1" 200 6857
186.82.143.31 - - [21/Jan/2017:16:28:03 -0500] "GET /IsolucionSDA/Administracion/SalaEdicion/Magazines.asp?Pagina=Administracion/SalaEdicion/Magazines.asp HTTP/1.1" 200 8591
186.82.143.31 - - [21/Jan/2017:16:28:03 -0500] "GET /IsolucionSDA/BarraFavoritos.asp HTTP/1.1" 200 911
186.82.143.31 - - [21/Jan/2017:16:28:03 -0500] "GET /IsolucionSDA/Session.asp?Continue=1 HTTP/1.1" 200 6195
186.82.143.31 - - [21/Jan/2017:16:28:05 -0500] "GET /IsolucionSDA/Administracion/SalaEdicion/ArticuloMenu.asp?Palabra=&Buscar=Buscar&Letra=TODO HTTP/1.1" 200 57192
66.249.64.51 - - [21/Jan/2017:16:28:09 -0500] "GET /BLA/resoluciones/Autos%202008/0667.pdf HTTP/1.1" 200 168024
186.82.143.31 - - [21/Jan/2017:16:28:15 -0500] "POST /IsolucionSDA/Administracion/SalaEdicion/ArticuloMenu.asp HTTP/1.1" 200 24657
181.55.236.28 - - [21/Jan/2017:16:28:20 -0500] "GET /galeria/galeria/jquery.fancybox.css?v=2.1.5 HTTP/1.1" 200 4895
181.55.236.28 - - [21/Jan/2017:16:28:20 -0500] "GET /BLA/boletinlegal/js/jquery.scrollShow.js HTTP/1.1" 200 4586
181.55.236.28 - - [21/Jan/2017:16:28:20 -0500] "GET /galeria/galeria/jquery.fancybox.js?v=2.1.5 HTTP/1.1" 200 48706
186.82.143.31 - - [21/Jan/2017:16:28:35 -0500] "POST /IsolucionSDA/Administracion/SalaEdicion/ArticuloMenu.asp HTTP/1.1" 200 19252
186.82.143.31 - - [21/Jan/2017:16:28:39 -0500] "GET /IsolucionSDA/javascript/ClickValidation.js HTTP/1.1" 404 5241
186.82.143.31 - - [21/Jan/2017:16:28:39 -0500] "GET /IsolucionSDA/Administracion/SalaEdicion/g/GifTransparente.gif HTTP/1.1" 404 5279
186.82.143.31 - - [21/Jan/2017:16:28:39 -0500] "GET /IsolucionSDA/Administracion/Graficas/vacio1x1.gif HTTP/1.1" 404 5255
186.82.143.31 - - [21/Jan/2017:16:28:38 -0500] "GET /IsolucionSDA/Administracion/SalaEdicion/Articulo.asp?Id_Articulo=10604 HTTP/1.1" 200 146993
191.95.241.251 - - [21/Jan/2017:16:28:42 -0500] "GET /silvicultura/6.pdf HTTP/1.1" 404 1330
66.249.64.53 - - [21/Jan/2017:16:28:42 -0500] "GET /BLA/resoluciones/AUTOS%202011/5344.pdf HTTP/1.1" 200 600673
191.95.241.251 - - [21/Jan/2017:16:28:42 -0500] "GET /favicon.ico HTTP/1.1" 200 7782
163.172.65.219 - - [21/Jan/2017:16:28:45 -0500] "GET /BLA/resoluciones/RESOLUCIONES%202005/RES%202005%202251-2300/00002296.tif HTTP/1.1" 200 202306
66.249.64.51 - - [21/Jan/2017:16:28:54 -0500] "GET /BLA/resoluciones/AUTOS%202015/3220.pdf HTTP/1.1" 200 499795
186.82.143.31 - - [21/Jan/2017:16:28:53 -0500] "POST /IsolucionSDA/Administracion/SalaEdicion/Articulo.asp HTTP/1.1" 302 253
186.82.143.31 - - [21/Jan/2017:16:28:54 -0500] "GET /IsolucionSDA/Administracion/SalaEdicion/ArticuloAdicionarTipo.asp?Id_Articulo=10604&Contenido=ContenidoDefiniciones&OrdenTipo=39&Tipo=Definicion&Cantidad=10 HTTP/1.1" 302 183
186.82.143.31 - - [21/Jan/2017:16:28:54 -0500] "GET /IsolucionSDA/javascript/ClickValidation.js HTTP/1.1" 404 5241
186.82.143.31 - - [21/Jan/2017:16:28:54 -0500] "GET /IsolucionSDA/Administracion/SalaEdicion/g/GifTransparente.gif HTTP/1.1" 404 5279
186.82.143.31 - - [21/Jan/2017:16:28:54 -0500] "GET /IsolucionSDA/Administracion/Graficas/vacio1x1.gif HTTP/1.1" 404 5255
186.82.143.31 - - [21/Jan/2017:16:28:54 -0500] "GET /IsolucionSDA/Administracion/SalaEdicion/Articulo.asp?Id_Articulo=10604&Ancla=ContenidoDefiniciones HTTP/1.1" 200 171096
186.82.143.31 - - [21/Jan/2017:16:29:07 -0500] "GET /IsolucionSDA/Administracion/SalaEdicion/Buscar.asp?Form=Admon&Campo2=Objeto39_1&tabla=Definicion&ListaSucursales=1 HTTP/1.1" 200 42094
186.82.143.31 - - [21/Jan/2017:16:29:11 -0500] "POST /IsolucionSDA/Administracion/SalaEdicion/Buscar.asp HTTP/1.1" 200 9964
186.82.143.31 - - [21/Jan/2017:16:29:14 -0500] "POST /IsolucionSDA/Administracion/SalaEdicion/Buscar.asp HTTP/1.1" 200 10234
66.249.64.51 - - [21/Jan/2017:16:29:16 -0500] "GET /BLA/resoluciones/AUTOS%202015/5241.pdf HTTP/1.1" 200 561691
186.82.143.31 - - [21/Jan/2017:16:29:27 -0500] "GET /IsolucionSDA/Administracion/SalaEdicion/Buscar.asp?Form=Admon&Campo2=Objeto40_1&tabla=Definicion&ListaSucursales=1 HTTP/1.1" 200 42094
186.82.143.31 - - [21/Jan/2017:16:29:27 -0500] "GET /IsolucionSDA/g/Ico_BajarOver.gif HTTP/1.1" 200 120
66.249.64.51 - - [21/Jan/2017:16:29:28 -0500] "GET /BLA/resoluciones/AUTOS%202015/2937.pdf HTTP/1.1" 200 659272
186.82.143.31 - - [21/Jan/2017:16:29:30 -0500] "POST /IsolucionSDA/Administracion/SalaEdicion/Buscar.asp HTTP/1.1" 200 10472
66.249.64.55 - - [21/Jan/2017:16:29:39 -0500] "GET /BLA/resoluciones/RESOLUCIONES%202014/2883.pdf HTTP/1.1" 304 -
163.172.65.5 - - [21/Jan/2017:16:29:41 -0500] "GET /BLA/resoluciones/RESOLUCIONES%202002/RES%202002%2051-100/2002RES57.tif HTTP/1.1" 200 81600
186.82.143.31 - - [21/Jan/2017:16:29:42 -0500] "GET /IsolucionSDA/Administracion/SalaEdicion/Buscar.asp?Form=Admon&Campo2=Objeto41_1&tabla=Definicion&ListaSucursales=1 HTTP/1.1" 200 42094
186.82.143.31 - - [21/Jan/2017:16:29:45 -0500] "POST /IsolucionSDA/Administracion/SalaEdicion/Buscar.asp HTTP/1.1" 200 10277
66.249.64.53 - - [21/Jan/2017:16:29:51 -0500] "GET /BLA/resoluciones/AUTOS%202015/5370.pdf HTTP/1.1" 200 493461
66.249.64.51 - - [21/Jan/2017:16:30:02 -0500] "GET /BLA/resoluciones/AUTOS%202015/0431.pdf HTTP/1.1" 200 504764
186.82.143.31 - - [21/Jan/2017:16:30:05 -0500] "GET /IsolucionSDA/Administracion/SalaEdicion/Buscar.asp?Form=Admon&Campo2=Objeto42_1&tabla=Definicion&ListaSucursales=1 HTTP/1.1" 200 42094
191.95.241.251 - - [21/Jan/2017:16:30:06 -0500] "GET /silvicultura/1.pdf HTTP/1.1" 404 1330
186.82.143.31 - - [21/Jan/2017:16:30:09 -0500] "POST /IsolucionSDA/Administracion/SalaEdicion/Buscar.asp HTTP/1.1" 200 11717
66.249.64.51 - - [21/Jan/2017:16:30:13 -0500] "GET /BLA/resoluciones/AUTOS%202015/6510.pdf HTTP/1.1" 200 752996
66.249.64.53 - - [21/Jan/2017:16:30:25 -0500] "GET /BLA/resoluciones/AUTOS%202015/0655.pdf HTTP/1.1" 200 499982
186.82.143.31 - - [21/Jan/2017:16:30:29 -0500] "GET /IsolucionSDA/Administracion/SalaEdicion/Buscar.asp?Form=Admon&Campo2=Objeto43_1&tabla=Definicion&ListaSucursales=1 HTTP/1.1" 200 42094
186.82.143.31 - - [21/Jan/2017:16:30:34 -0500] "POST /IsolucionSDA/Administracion/SalaEdicion/Buscar.asp HTTP/1.1" 200 9964
66.249.64.53 - - [21/Jan/2017:16:30:36 -0500] "GET /BLA/resoluciones/AUTOS%202015/5357.pdf HTTP/1.1" 200 494866
66.249.64.51 - - [21/Jan/2017:16:30:48 -0500] "GET /BLA/resoluciones/AUTOS%202015/5152.pdf HTTP/1.1" 200 702531
66.249.64.51 - - [21/Jan/2017:16:30:49 -0500] "GET /BLA/resoluciones/RESOLUCIONES%202008/1485.pdf HTTP/1.1" 200 298366
186.82.143.31 - - [21/Jan/2017:16:30:49 -0500] "GET /IsolucionSDA/Administracion/SalaEdicion/Buscar.asp?Form=Admon&Campo2=Objeto43_1&tabla=Definicion&ListaSucursales=1 HTTP/1.1" 200 42094
190.39.93.55 - - [21/Jan/2017:16:30:50 -0500] "GET /BLA/boletinlegal/js/jquery.scrollShow.js HTTP/1.1" 200 4586
190.39.93.55 - - [21/Jan/2017:16:30:50 -0500] "GET /galeria/galeria/jquery.fancybox.js?v=2.1.5 HTTP/1.1" 200 48706
190.39.93.55 - - [21/Jan/2017:16:30:50 -0500] "GET /galeria/galeria/jquery.fancybox.css?v=2.1.5 HTTP/1.1" 200 4895
163.172.66.104 - - [21/Jan/2017:16:30:52 -0500] "GET /BLA/resoluciones/AUTOS%202006/AUTOS%202006%20401-500/00000488.tif HTTP/1.1" 200 30510
186.82.143.31 - - [21/Jan/2017:16:30:53 -0500] "POST /IsolucionSDA/Administracion/SalaEdicion/Buscar.asp HTTP/1.1" 200 52395
186.82.143.31 - - [21/Jan/2017:16:30:56 -0500] "POST /IsolucionSDA/Administracion/SalaEdicion/Buscar.asp HTTP/1.1" 200 9963
66.249.64.51 - - [21/Jan/2017:16:30:59 -0500] "GET /BLA/resoluciones/AUTOS%202015/1316.pdf HTTP/1.1" 200 547656
186.82.143.31 - - [21/Jan/2017:16:31:01 -0500] "GET /IsolucionSDA/javascript/ClickValidation.js HTTP/1.1" 404 5241
186.82.143.31 - - [21/Jan/2017:16:31:02 -0500] "GET /IsolucionSDA/Administracion/SalaEdicion/g/GifTransparente.gif HTTP/1.1" 404 5279
186.82.143.31 - - [21/Jan/2017:16:31:02 -0500] "GET /IsolucionSDA/Administracion/Graficas/vacio1x1.gif HTTP/1.1" 404 5255
186.82.143.31 - - [21/Jan/2017:16:31:00 -0500] "POST /IsolucionSDA/Administracion/SalaEdicion/Articulo.asp HTTP/1.1" 200 171014
192.168.175.104 - - [21/Jan/2017:16:31:09 -0500] "GET / HTTP/1.1" 200 9990
66.249.64.51 - - [21/Jan/2017:16:31:10 -0500] "GET /BLA/resoluciones/AUTOS%202015/2000.pdf HTTP/1.1" 200 576933
141.72.240.85 - - [21/Jan/2017:16:31:16 -0500] "GET /galeria/galeria/jquery.fancybox.css?v=2.1.5 HTTP/1.1" 200 4895
141.72.240.85 - - [21/Jan/2017:16:31:16 -0500] "GET /BLA/boletinlegal/js/jquery.scrollShow.js HTTP/1.1" 200 4586
141.72.240.85 - - [21/Jan/2017:16:31:16 -0500] "GET /galeria/galeria/jquery.fancybox.js?v=2.1.5 HTTP/1.1" 200 48706
181.51.43.26 - - [21/Jan/2017:16:31:17 -0500] "GET /BLA/resoluciones/RESOLUCIONES%202008/3184.pdf HTTP/1.1" 200 247706
190.39.93.55 - - [21/Jan/2017:16:31:18 -0500] "GET /BLA/boletinlegal/js/jquery.scrollShow.js HTTP/1.1" 304 -
190.39.93.55 - - [21/Jan/2017:16:31:18 -0500] "GET /galeria/galeria/jquery.fancybox.js?v=2.1.5 HTTP/1.1" 304 -
190.39.93.55 - - [21/Jan/2017:16:31:18 -0500] "GET /galeria/galeria/jquery.fancybox.css?v=2.1.5 HTTP/1.1" 304 -
66.249.64.53 - - [21/Jan/2017:16:31:22 -0500] "GET /BLA/resoluciones/AUTOS%202015/3421.pdf HTTP/1.1" 200 546539
66.249.64.55 - - [21/Jan/2017:16:31:33 -0500] "GET /BLA/resoluciones/AUTOS%202015/6786.pdf HTTP/1.1" 200 620028
192.168.175.104 - - [21/Jan/2017:16:31:44 -0500] "GET / HTTP/1.1" 200 9990
66.249.64.51 - - [21/Jan/2017:16:31:45 -0500] "GET /BLA/resoluciones/AUTOS%202011/1740.pdf HTTP/1.1" 200 58400
69.162.124.232 - - [21/Jan/2017:16:31:50 -0500] "HEAD / HTTP/1.1" 200 -
186.82.143.31 - - [21/Jan/2017:16:31:51 -0500] "GET /IsolucionSDA/FrameSetGeneral.asp?Pagina=Menu.asp&IdModulo=4 HTTP/1.1" 200 6455
186.82.143.31 - - [21/Jan/2017:16:31:51 -0500] "GET /IsolucionSDA/Encabezado.asp?Pagina=Menu.asp&IdModulo=4 HTTP/1.1" 200 15522
186.82.143.31 - - [21/Jan/2017:16:31:51 -0500] "GET /IsolucionSDA/BarraTitulos.asp?Pagina=Menu.asp&IdModulo=4 HTTP/1.1" 200 6857
186.82.143.31 - - [21/Jan/2017:16:31:51 -0500] "GET /IsolucionSDA/BarraFavoritos.asp HTTP/1.1" 200 911
186.82.143.31 - - [21/Jan/2017:16:31:51 -0500] "GET /IsolucionSDA/Menu.asp?Pagina=Menu.asp&IdModulo=4 HTTP/1.1" 200 17869
186.82.143.31 - - [21/Jan/2017:16:31:51 -0500] "GET /IsolucionSDA/Session.asp?Continue=1 HTTP/1.1" 200 6195
66.249.64.51 - - [21/Jan/2017:16:31:56 -0500] "GET /galeria/galeria/fotos/micos7P.jpg HTTP/1.1" 200 30212
66.249.64.51 - - [21/Jan/2017:16:31:57 -0500] "GET /BLA/resoluciones/AUTOS%202015/1130.pdf HTTP/1.1" 200 434881
186.82.143.31 - - [21/Jan/2017:16:31:57 -0500] "GET /IsolucionSDA/FrameSetGeneral.asp?Pagina=Administracion/CatalogoGlosario.asp HTTP/1.1" 200 6530
186.82.143.31 - - [21/Jan/2017:16:31:57 -0500] "GET /IsolucionSDA/Encabezado.asp?Pagina=Administracion/CatalogoGlosario.asp HTTP/1.1" 200 15497
186.82.143.31 - - [21/Jan/2017:16:31:57 -0500] "GET /IsolucionSDA/BarraTitulos.asp?Pagina=Administracion/CatalogoGlosario.asp HTTP/1.1" 200 6857
186.82.143.31 - - [21/Jan/2017:16:31:57 -0500] "GET /IsolucionSDA/BarraFavoritos.asp HTTP/1.1" 200 911
186.82.143.31 - - [21/Jan/2017:16:31:57 -0500] "GET /IsolucionSDA/Session.asp?Continue=1 HTTP/1.1" 200 6195
186.82.143.31 - - [21/Jan/2017:16:31:57 -0500] "GET /IsolucionSDA/Administracion/CatalogoGlosario.asp?Pagina=Administracion/CatalogoGlosario.asp HTTP/1.1" 200 82071
66.249.64.51 - - [21/Jan/2017:16:32:07 -0500] "GET /BLA/resoluciones/Notificaciones/RESOLUCIONES%202016/00540.doc HTTP/1.1" 200 196033
66.249.64.51 - - [21/Jan/2017:16:32:19 -0500] "GET /BLA/resoluciones/AUTOS%202015/4911.pdf HTTP/1.1" 200 660312
192.168.175.104 - - [21/Jan/2017:16:32:26 -0500] "GET / HTTP/1.0" 200 9990
66.249.64.51 - - [21/Jan/2017:16:32:30 -0500] "GET /BLA/resoluciones/RESOLUCIONES%202016/0909.pdf HTTP/1.1" 200 601724
69.162.124.233 - - [21/Jan/2017:16:32:40 -0500] "HEAD / HTTP/1.1" 200 -
66.249.64.55 - - [21/Jan/2017:16:32:42 -0500] "GET /BLA/resoluciones/AUTOS%202015/6726.pdf HTTP/1.1" 200 464294
186.82.143.31 - - [21/Jan/2017:16:32:44 -0500] "POST /IsolucionSDA/Administracion/CatalogoGlosario.asp HTTP/1.1" 200 82391
186.82.143.31 - - [21/Jan/2017:16:32:47 -0500] "GET /IsolucionSDA/Administracion/CatalogoGlosario.asp?Letra=TODO&CodCategoriaFiltro= HTTP/1.1" 200 614801
66.249.64.51 - - [21/Jan/2017:16:32:53 -0500] "GET /BLA/resoluciones/AUTOS%202015/4910.pdf HTTP/1.1" 200 622225
167.0.231.214 - - [21/Jan/2017:16:32:54 -0500] "GET /galeria/galeria/jquery.fancybox.css?v=2.1.5 HTTP/1.1" 200 4895
167.0.231.214 - - [21/Jan/2017:16:32:54 -0500] "GET /BLA/boletinlegal/js/jquery.scrollShow.js HTTP/1.1" 200 4586
167.0.231.214 - - [21/Jan/2017:16:32:54 -0500] "GET /galeria/galeria/jquery.fancybox.js?v=2.1.5 HTTP/1.1" 200 48706
167.0.231.214 - - [21/Jan/2017:16:33:01 -0500] "GET /galeria/galeria/jquery.fancybox.css?v=2.1.5 HTTP/1.1" 304 -
