186.81.144.46 - - [21/Jan/2017:17:50:08 -0500] "GET /galeria/nivo-slider/demo/images/bannerwebincendiosforestales.jpg HTTP/1.1" 200 162859
186.81.144.46 - - [21/Jan/2017:17:50:08 -0500] "GET /galeria/nivo-slider/demo/images/bannerinvitaci%C3%B3nacaminatasecologicas2.jpg HTTP/1.1" 304 -
186.81.144.46 - - [21/Jan/2017:17:50:08 -0500] "GET /galeria/nivo-slider/demo/images/banner%20encuesta%20sda2-web3.jpg HTTP/1.1" 304 -
186.81.144.46 - - [21/Jan/2017:17:50:08 -0500] "GET /galeria/nivo-slider/demo/images/pieza%20webtinguas.jpg HTTP/1.1" 304 -
186.81.144.46 - - [21/Jan/2017:17:50:08 -0500] "GET /galeria/nivo-slider/demo/images/bannersilvicultura.jpg HTTP/1.1" 304 -
186.81.144.46 - - [21/Jan/2017:17:50:08 -0500] "GET /galeria/nivo-slider/demo/images/BANNERARBOLES.jpg HTTP/1.1" 304 -
186.81.144.46 - - [21/Jan/2017:17:50:08 -0500] "GET /galeria/nivo-slider/demo/images/bannergestionambiental2.jpg HTTP/1.1" 304 -
186.81.144.46 - - [21/Jan/2017:17:50:08 -0500] "GET /galeria/nivo-slider/demo/images/ACOPIADORESYGESTORES.jpg HTTP/1.1" 304 -
186.81.144.46 - - [21/Jan/2017:17:50:08 -0500] "GET /galeria/nivo-slider/demo/images/vegetal.jpg HTTP/1.1" 304 -
186.81.144.46 - - [21/Jan/2017:17:50:08 -0500] "GET /galeria/nivo-slider/demo/images/bolsas-06.jpg HTTP/1.1" 304 -
181.112.8.250 - - [21/Jan/2017:17:50:13 -0500] "GET /galeria/galeria/jquery.fancybox.js?v=2.1.5 HTTP/1.1" 200 48706
181.112.8.250 - - [21/Jan/2017:17:50:13 -0500] "GET /BLA/boletinlegal/js/jquery.scrollShow.js HTTP/1.1" 200 4586
181.112.8.250 - - [21/Jan/2017:17:50:13 -0500] "GET /galeria/galeria/jquery.fancybox.css?v=2.1.5 HTTP/1.1" 200 4895
181.112.8.250 - - [21/Jan/2017:17:50:22 -0500] "GET /BLA/boletinlegal/js/jquery.scrollShow.js HTTP/1.1" 200 4586
181.112.8.250 - - [21/Jan/2017:17:50:22 -0500] "GET /galeria/galeria/jquery.fancybox.css?v=2.1.5 HTTP/1.1" 200 4895
181.112.8.250 - - [21/Jan/2017:17:50:22 -0500] "GET /galeria/galeria/jquery.fancybox.js?v=2.1.5 HTTP/1.1" 200 48706
192.168.175.104 - - [21/Jan/2017:17:50:37 -0500] "GET / HTTP/1.1" 200 9990
186.82.143.31 - - [21/Jan/2017:17:51:01 -0500] "POST /IsolucionSDA/Administracion/CatalogoGlosario.asp HTTP/1.1" 200 83100
192.168.175.104 - - [21/Jan/2017:17:51:10 -0500] "GET / HTTP/1.1" 200 9990
66.249.64.53 - - [21/Jan/2017:17:51:37 -0500] "GET /BLA/resoluciones/Notificaciones/AUTOS%202016/00799.doc HTTP/1.1" 200 194957
190.128.109.72 - - [21/Jan/2017:17:51:46 -0500] "GET /BLA/boletinlegal/js/jquery.scrollShow.js HTTP/1.1" 200 4586
190.128.109.72 - - [21/Jan/2017:17:51:46 -0500] "GET /galeria/galeria/jquery.fancybox.css?v=2.1.5 HTTP/1.1" 200 4895
190.128.109.72 - - [21/Jan/2017:17:51:46 -0500] "GET /galeria/galeria/jquery.fancybox.js?v=2.1.5 HTTP/1.1" 200 48706
192.168.175.104 - - [21/Jan/2017:17:51:55 -0500] "GET / HTTP/1.0" 200 9990
190.159.176.119 - - [21/Jan/2017:17:52:00 -0500] "GET /galeria/carrusel/Carrusel/jquery.thumbnailScroller.css HTTP/1.1" 200 2066
190.159.176.119 - - [21/Jan/2017:17:52:00 -0500] "GET /galeria/carrusel/Carrusel/jquery-ui-1.8.13.custom.min.js HTTP/1.1" 200 10800
190.159.176.119 - - [21/Jan/2017:17:52:00 -0500] "GET /galeria/carrusel/Carrusel/jquery.thumbnailScroller.js HTTP/1.1" 200 8157
190.159.176.119 - - [21/Jan/2017:17:52:00 -0500] "GET /galeria/nivo-slider/demo/demo.html HTTP/1.1" 200 3690
190.159.176.119 - - [21/Jan/2017:17:52:01 -0500] "GET /galeria/nivo-slider/themes/default/default.css HTTP/1.1" 200 1569
190.159.176.119 - - [21/Jan/2017:17:52:01 -0500] "GET /galeria/nivo-slider/themes/pascal/pascal.css HTTP/1.1" 200 2258
190.159.176.119 - - [21/Jan/2017:17:52:01 -0500] "GET /galeria/nivo-slider/themes/orman/orman.css HTTP/1.1" 200 2152
190.159.176.119 - - [21/Jan/2017:17:52:01 -0500] "GET /galeria/nivo-slider/nivo-slider.css HTTP/1.1" 200 1507
190.159.176.119 - - [21/Jan/2017:17:52:01 -0500] "GET /galeria/nivo-slider/demo/scripts/jquery-1.7.1.min.js HTTP/1.1" 200 93868
190.159.176.119 - - [21/Jan/2017:17:52:01 -0500] "GET /galeria/nivo-slider/demo/style.css HTTP/1.1" 200 2222
190.159.176.119 - - [21/Jan/2017:17:52:01 -0500] "GET /galeria/nivo-slider/demo/images/banner%20web%20condecoraci%C3%B3n%20Augusto%20Angel-01-min.jpg HTTP/1.1" 200 196851
190.159.176.119 - - [21/Jan/2017:17:52:01 -0500] "GET /galeria/nivo-slider/jquery.nivo.slider.pack.js HTTP/1.1" 200 11561
190.128.109.72 - - [21/Jan/2017:17:52:02 -0500] "GET /galeria/galeria/jquery.fancybox.css?v=2.1.5 HTTP/1.1" 304 -
190.128.109.72 - - [21/Jan/2017:17:52:02 -0500] "GET /galeria/galeria/jquery.fancybox.js?v=2.1.5 HTTP/1.1" 304 -
190.128.109.72 - - [21/Jan/2017:17:52:02 -0500] "GET /BLA/boletinlegal/js/jquery.scrollShow.js HTTP/1.1" 304 -
190.159.176.119 - - [21/Jan/2017:17:52:02 -0500] "GET /galeria/nivo-slider/themes/default/loading.gif HTTP/1.1" 200 1737
190.159.176.119 - - [21/Jan/2017:17:52:02 -0500] "GET /galeria/nivo-slider/demo/images/4Simple_Slider.png HTTP/1.1" 200 11722
190.159.176.119 - - [21/Jan/2017:17:52:03 -0500] "GET /galeria/nivo-slider/demo/images/bannerwebincendiosforestales.jpg HTTP/1.1" 200 162859
190.159.176.119 - - [21/Jan/2017:17:52:04 -0500] "GET /galeria/nivo-slider/demo/images/bannerinvitaci%C3%B3nacaminatasecologicas2.jpg HTTP/1.1" 200 513253
190.159.176.119 - - [21/Jan/2017:17:52:07 -0500] "GET /galeria/nivo-slider/demo/images/banner%20encuesta%20sda2-web3.jpg HTTP/1.1" 200 111668
186.82.143.31 - - [21/Jan/2017:17:52:07 -0500] "POST /IsolucionSDA/Administracion/CatalogoGlosario.asp HTTP/1.1" 200 83100
190.159.176.119 - - [21/Jan/2017:17:52:10 -0500] "GET /galeria/nivo-slider/demo/images/pieza%20webtinguas.jpg HTTP/1.1" 200 175651
190.159.176.119 - - [21/Jan/2017:17:52:18 -0500] "GET /galeria/nivo-slider/demo/images/bannersilvicultura.jpg HTTP/1.1" 200 173023
190.159.176.119 - - [21/Jan/2017:17:52:19 -0500] "GET /galeria/nivo-slider/demo/images/BANNERARBOLES.jpg HTTP/1.1" 200 227630
190.159.176.119 - - [21/Jan/2017:17:52:21 -0500] "GET /galeria/nivo-slider/demo/images/ACOPIADORESYGESTORES.jpg HTTP/1.1" 200 118791
181.49.76.243 - - [21/Jan/2017:17:52:22 -0500] "GET /BLA/boletinlegal/js/jquery.scrollShow.js HTTP/1.1" 200 4586
181.49.76.243 - - [21/Jan/2017:17:52:22 -0500] "GET /galeria/galeria/jquery.fancybox.css?v=2.1.5 HTTP/1.1" 200 4895
181.49.76.243 - - [21/Jan/2017:17:52:22 -0500] "GET /galeria/carrusel/Carrusel/jquery.thumbnailScroller.css HTTP/1.1" 200 2066
181.49.76.243 - - [21/Jan/2017:17:52:22 -0500] "GET /galeria/galeria/jquery.fancybox.js?v=2.1.5 HTTP/1.1" 200 48706
181.49.76.243 - - [21/Jan/2017:17:52:23 -0500] "GET /galeria/carrusel/Carrusel/jquery-ui-1.8.13.custom.min.js HTTP/1.1" 200 10800
181.49.76.243 - - [21/Jan/2017:17:52:24 -0500] "GET /galeria/carrusel/Carrusel/jquery.thumbnailScroller.js HTTP/1.1" 200 8157
181.49.76.243 - - [21/Jan/2017:17:52:24 -0500] "GET /galeria/nivo-slider/demo/demo.html HTTP/1.1" 200 3690
190.159.176.119 - - [21/Jan/2017:17:52:26 -0500] "GET /galeria/nivo-slider/demo/images/bannergestionambiental2.jpg HTTP/1.1" 200 245647
181.49.76.243 - - [21/Jan/2017:17:52:26 -0500] "GET /galeria/nivo-slider/themes/default/default.css HTTP/1.1" 200 1569
181.49.76.243 - - [21/Jan/2017:17:52:26 -0500] "GET /galeria/nivo-slider/demo/scripts/jquery-1.7.1.min.js HTTP/1.1" 200 93868
181.49.76.243 - - [21/Jan/2017:17:52:26 -0500] "GET /galeria/nivo-slider/nivo-slider.css HTTP/1.1" 200 1507
181.49.76.243 - - [21/Jan/2017:17:52:26 -0500] "GET /galeria/nivo-slider/demo/style.css HTTP/1.1" 200 2222
181.49.76.243 - - [21/Jan/2017:17:52:26 -0500] "GET /galeria/nivo-slider/themes/orman/orman.css HTTP/1.1" 200 2152
181.49.76.243 - - [21/Jan/2017:17:52:26 -0500] "GET /galeria/nivo-slider/themes/pascal/pascal.css HTTP/1.1" 200 2258
181.49.76.243 - - [21/Jan/2017:17:52:26 -0500] "GET /galeria/nivo-slider/demo/images/banner%20web%20condecoraci%C3%B3n%20Augusto%20Angel-01-min.jpg HTTP/1.1" 200 196851
181.49.76.243 - - [21/Jan/2017:17:52:26 -0500] "GET /galeria/nivo-slider/jquery.nivo.slider.pack.js HTTP/1.1" 200 11561
181.49.76.243 - - [21/Jan/2017:17:52:27 -0500] "GET /galeria/nivo-slider/demo/images/bannerwebincendiosforestales.jpg HTTP/1.1" 200 162859
190.159.176.119 - - [21/Jan/2017:17:52:27 -0500] "GET /galeria/nivo-slider/demo/images/vegetal.jpg HTTP/1.1" 200 216080
181.49.76.243 - - [21/Jan/2017:17:52:27 -0500] "GET /galeria/nivo-slider/demo/images/4Simple_Slider.png HTTP/1.1" 200 11722
181.49.76.243 - - [21/Jan/2017:17:52:27 -0500] "GET /galeria/nivo-slider/themes/default/loading.gif HTTP/1.1" 200 1737
181.49.76.243 - - [21/Jan/2017:17:52:28 -0500] "GET /galeria/nivo-slider/demo/images/bannerinvitaci%C3%B3nacaminatasecologicas2.jpg HTTP/1.1" 200 513253
181.49.76.243 - - [21/Jan/2017:17:52:28 -0500] "GET /galeria/nivo-slider/demo/images/banner%20encuesta%20sda2-web3.jpg HTTP/1.1" 200 111668
181.49.76.243 - - [21/Jan/2017:17:52:28 -0500] "GET /galeria/nivo-slider/demo/images/pieza%20webtinguas.jpg HTTP/1.1" 200 175651
181.49.76.243 - - [21/Jan/2017:17:52:28 -0500] "GET /galeria/nivo-slider/demo/images/bannersilvicultura.jpg HTTP/1.1" 200 173023
190.159.176.119 - - [21/Jan/2017:17:52:30 -0500] "GET /galeria/nivo-slider/demo/images/Ruta-vertimientos-01.jpg HTTP/1.1" 200 130151
181.49.76.243 - - [21/Jan/2017:17:52:30 -0500] "GET /galeria/nivo-slider/demo/images/ACOPIADORESYGESTORES.jpg HTTP/1.1" 200 118791
181.49.76.243 - - [21/Jan/2017:17:52:30 -0500] "GET /galeria/nivo-slider/demo/images/BANNERARBOLES.jpg HTTP/1.1" 200 227630
181.49.76.243 - - [21/Jan/2017:17:52:32 -0500] "GET /galeria/nivo-slider/demo/images/bannergestionambiental2.jpg HTTP/1.1" 200 245647
181.49.76.243 - - [21/Jan/2017:17:52:33 -0500] "GET /galeria/nivo-slider/demo/images/vegetal.jpg HTTP/1.1" 200 216080
190.159.176.119 - - [21/Jan/2017:17:52:33 -0500] "GET /galeria/nivo-slider/demo/images/bolsas-06.jpg HTTP/1.1" 200 210950
181.49.76.243 - - [21/Jan/2017:17:52:33 -0500] "GET /galeria/nivo-slider/demo/images/Ruta-vertimientos-01.jpg HTTP/1.1" 200 130151
181.49.76.243 - - [21/Jan/2017:17:52:34 -0500] "GET /galeria/nivo-slider/demo/images/bolsas-06.jpg HTTP/1.1" 200 210950
69.162.124.233 - - [21/Jan/2017:17:52:39 -0500] "HEAD / HTTP/1.1" 200 -
181.49.76.243 - - [21/Jan/2017:17:52:40 -0500] "GET /galeria/nivo-slider/themes/default/bullets.png HTTP/1.1" 200 1281
181.49.76.243 - - [21/Jan/2017:17:52:40 -0500] "GET /galeria/nivo-slider/themes/default/arrows.png HTTP/1.1" 200 824
190.159.176.119 - - [21/Jan/2017:17:52:42 -0500] "GET /galeria/nivo-slider/themes/default/bullets.png HTTP/1.1" 200 1281
190.159.176.119 - - [21/Jan/2017:17:52:43 -0500] "GET /galeria/nivo-slider/themes/default/arrows.png HTTP/1.1" 200 824
186.82.143.31 - - [21/Jan/2017:17:52:56 -0500] "POST /IsolucionSDA/Administracion/CatalogoGlosario.asp HTTP/1.1" 200 83100
186.84.59.20 - - [21/Jan/2017:17:53:23 -0500] "GET /BLA/boletinlegal/js/jquery.scrollShow.js HTTP/1.1" 200 4586
186.84.59.20 - - [21/Jan/2017:17:53:23 -0500] "GET /galeria/galeria/jquery.fancybox.js?v=2.1.5 HTTP/1.1" 200 48706
186.84.59.20 - - [21/Jan/2017:17:53:23 -0500] "GET /galeria/galeria/jquery.fancybox.css?v=2.1.5 HTTP/1.1" 200 4895
186.84.59.20 - - [21/Jan/2017:17:53:23 -0500] "GET /galeria/carrusel/Carrusel/jquery.thumbnailScroller.css HTTP/1.1" 200 2066
186.84.59.20 - - [21/Jan/2017:17:53:24 -0500] "GET /galeria/carrusel/Carrusel/jquery-ui-1.8.13.custom.min.js HTTP/1.1" 200 10800
186.84.59.20 - - [21/Jan/2017:17:53:25 -0500] "GET /galeria/carrusel/Carrusel/jquery.thumbnailScroller.js HTTP/1.1" 200 8157
186.84.59.20 - - [21/Jan/2017:17:53:30 -0500] "GET /galeria/nivo-slider/demo/demo.html HTTP/1.1" 200 3690
186.84.59.20 - - [21/Jan/2017:17:53:31 -0500] "GET /galeria/nivo-slider/themes/pascal/pascal.css HTTP/1.1" 200 2258
186.84.59.20 - - [21/Jan/2017:17:53:31 -0500] "GET /galeria/nivo-slider/themes/default/default.css HTTP/1.1" 200 1569
186.84.59.20 - - [21/Jan/2017:17:53:31 -0500] "GET /galeria/nivo-slider/themes/orman/orman.css HTTP/1.1" 200 2152
186.84.59.20 - - [21/Jan/2017:17:53:31 -0500] "GET /galeria/nivo-slider/demo/images/banner%20web%20condecoraci%C3%B3n%20Augusto%20Angel-01-min.jpg HTTP/1.1" 200 196851
186.84.59.20 - - [21/Jan/2017:17:53:31 -0500] "GET /galeria/nivo-slider/demo/style.css HTTP/1.1" 200 2222
186.84.59.20 - - [21/Jan/2017:17:53:31 -0500] "GET /galeria/nivo-slider/jquery.nivo.slider.pack.js HTTP/1.1" 200 11561
186.84.59.20 - - [21/Jan/2017:17:53:31 -0500] "GET /galeria/nivo-slider/nivo-slider.css HTTP/1.1" 200 1507
186.84.59.20 - - [21/Jan/2017:17:53:31 -0500] "GET /galeria/nivo-slider/demo/scripts/jquery-1.7.1.min.js HTTP/1.1" 200 93868
186.84.59.20 - - [21/Jan/2017:17:53:31 -0500] "GET /galeria/nivo-slider/demo/images/bannerwebincendiosforestales.jpg HTTP/1.1" 200 162859
186.84.59.20 - - [21/Jan/2017:17:53:31 -0500] "GET /galeria/nivo-slider/demo/images/bannerinvitaci%C3%B3nacaminatasecologicas2.jpg HTTP/1.1" 200 513253
186.84.59.20 - - [21/Jan/2017:17:53:32 -0500] "GET /galeria/nivo-slider/demo/images/banner%20encuesta%20sda2-web3.jpg HTTP/1.1" 200 111668
186.84.59.20 - - [21/Jan/2017:17:53:33 -0500] "GET /galeria/nivo-slider/demo/images/pieza%20webtinguas.jpg HTTP/1.1" 200 175651
186.82.143.31 - - [21/Jan/2017:17:53:33 -0500] "POST /IsolucionSDA/Administracion/CatalogoGlosario.asp HTTP/1.1" 200 83100
186.84.59.20 - - [21/Jan/2017:17:53:34 -0500] "GET /galeria/nivo-slider/themes/default/loading.gif HTTP/1.1" 200 1737
186.84.59.20 - - [21/Jan/2017:17:53:34 -0500] "GET /galeria/nivo-slider/demo/images/4Simple_Slider.png HTTP/1.1" 200 11722
186.84.59.20 - - [21/Jan/2017:17:53:34 -0500] "GET /galeria/nivo-slider/demo/images/bannersilvicultura.jpg HTTP/1.1" 200 173023
186.84.59.20 - - [21/Jan/2017:17:53:35 -0500] "GET /galeria/nivo-slider/demo/images/BANNERARBOLES.jpg HTTP/1.1" 200 227630
186.84.59.20 - - [21/Jan/2017:17:53:36 -0500] "GET /galeria/nivo-slider/demo/images/ACOPIADORESYGESTORES.jpg HTTP/1.1" 200 118791
186.84.59.20 - - [21/Jan/2017:17:53:36 -0500] "GET /galeria/nivo-slider/demo/images/bannergestionambiental2.jpg HTTP/1.1" 200 245647
186.84.59.20 - - [21/Jan/2017:17:53:39 -0500] "GET /galeria/nivo-slider/demo/images/vegetal.jpg HTTP/1.1" 200 216080
186.84.59.20 - - [21/Jan/2017:17:53:39 -0500] "GET /galeria/nivo-slider/demo/images/Ruta-vertimientos-01.jpg HTTP/1.1" 200 130151
186.84.59.20 - - [21/Jan/2017:17:53:39 -0500] "GET /galeria/nivo-slider/demo/images/bolsas-06.jpg HTTP/1.1" 200 210950
186.84.59.20 - - [21/Jan/2017:17:53:42 -0500] "GET /galeria/nivo-slider/themes/default/bullets.png HTTP/1.1" 200 1281
186.84.59.20 - - [21/Jan/2017:17:53:47 -0500] "GET /galeria/nivo-slider/themes/default/arrows.png HTTP/1.1" 200 824
181.49.76.243 - - [21/Jan/2017:17:53:52 -0500] "GET /galeria/galeria/jquery.fancybox.css?v=2.1.5 HTTP/1.1" 304 -
181.49.76.243 - - [21/Jan/2017:17:53:52 -0500] "GET /BLA/boletinlegal/js/jquery.scrollShow.js HTTP/1.1" 304 -
181.49.76.243 - - [21/Jan/2017:17:53:52 -0500] "GET /galeria/galeria/jquery.fancybox.js?v=2.1.5 HTTP/1.1" 304 -
186.29.84.181 - - [21/Jan/2017:17:54:01 -0500] "GET /BLA/boletinlegal/js/jquery.scrollShow.js HTTP/1.1" 200 4586
186.29.84.181 - - [21/Jan/2017:17:54:01 -0500] "GET /galeria/galeria/jquery.fancybox.js?v=2.1.5 HTTP/1.1" 200 48706
186.29.84.181 - - [21/Jan/2017:17:54:01 -0500] "GET /galeria/galeria/jquery.fancybox.css?v=2.1.5 HTTP/1.1" 200 4895
66.249.88.7 - - [21/Jan/2017:17:54:07 -0500] "GET /galeria/galeria/jquery.fancybox.css?v=2.1.5 HTTP/1.1" 200 4895
66.249.88.4 - - [21/Jan/2017:17:54:07 -0500] "GET /galeria/galeria/jquery.fancybox.js?v=2.1.5 HTTP/1.1" 200 48706
66.249.88.1 - - [21/Jan/2017:17:54:07 -0500] "GET /BLA/boletinlegal/js/jquery.scrollShow.js HTTP/1.1" 200 4586
186.29.84.181 - - [21/Jan/2017:17:54:09 -0500] "GET /galeria/galeria/jquery.fancybox.css?v=2.1.5 HTTP/1.1" 304 -
186.29.84.181 - - [21/Jan/2017:17:54:09 -0500] "GET /galeria/galeria/jquery.fancybox.js?v=2.1.5 HTTP/1.1" 304 -
186.29.84.181 - - [21/Jan/2017:17:54:09 -0500] "GET /BLA/boletinlegal/js/jquery.scrollShow.js HTTP/1.1" 304 -
66.249.88.7 - - [21/Jan/2017:17:54:14 -0500] "GET /BLA/boletinlegal/js/jquery.scrollShow.js HTTP/1.1" 304 -
66.249.88.1 - - [21/Jan/2017:17:54:14 -0500] "GET /galeria/galeria/jquery.fancybox.js?v=2.1.5 HTTP/1.1" 304 -
66.249.88.1 - - [21/Jan/2017:17:54:14 -0500] "GET /galeria/galeria/jquery.fancybox.css?v=2.1.5 HTTP/1.1" 304 -
69.162.124.232 - - [21/Jan/2017:17:54:37 -0500] "HEAD / HTTP/1.1" 200 -
186.82.143.31 - - [21/Jan/2017:17:54:40 -0500] "POST /IsolucionSDA/Administracion/CatalogoGlosario.asp HTTP/1.1" 200 83100
163.172.66.60 - - [21/Jan/2017:17:54:44 -0500] "GET /BLA/resoluciones/RESOLUCIONES%202006/RES%202006%202551-2600/00002560.tif HTTP/1.1" 200 241868
186.155.14.3 - - [21/Jan/2017:17:54:51 -0500] "GET /galeria/galeria/jquery.fancybox.css?v=2.1.5 HTTP/1.1" 200 4895
186.155.14.3 - - [21/Jan/2017:17:54:51 -0500] "GET /BLA/boletinlegal/js/jquery.scrollShow.js HTTP/1.1" 200 4586
186.155.14.3 - - [21/Jan/2017:17:54:51 -0500] "GET /galeria/galeria/jquery.fancybox.js?v=2.1.5 HTTP/1.1" 200 48706
192.168.175.104 - - [21/Jan/2017:17:55:35 -0500] "GET / HTTP/1.1" 200 9990
181.49.73.234 - - [21/Jan/2017:17:55:58 -0500] "GET /galeria/galeria/jquery.fancybox.js?v=2.1.5 HTTP/1.1" 200 48706
181.49.73.234 - - [21/Jan/2017:17:55:58 -0500] "GET /BLA/boletinlegal/js/jquery.scrollShow.js HTTP/1.1" 200 4586
181.49.73.234 - - [21/Jan/2017:17:55:59 -0500] "GET /galeria/galeria/jquery.fancybox.css?v=2.1.5 HTTP/1.1" 200 4895
163.172.65.207 - - [21/Jan/2017:17:56:01 -0500] "GET /BLA/resoluciones/RESOLUCIONES%202004/RES%202004%201051-1100/00001062.tif HTTP/1.1" 200 45964
192.168.175.104 - - [21/Jan/2017:17:56:07 -0500] "GET / HTTP/1.1" 200 9990
186.82.143.31 - - [21/Jan/2017:17:56:11 -0500] "GET /IsolucionSDA/Administracion/CatalogoGlosario.asp?Letra=L&CodCategoriaFiltro= HTTP/1.1" 200 30775
163.172.66.169 - - [21/Jan/2017:17:56:26 -0500] "GET /BLA/resoluciones/AUTOS%202006/AUTOS%202006%201601%20-%201700/00001615.tif HTTP/1.1" 200 146318
192.168.175.104 - - [21/Jan/2017:17:56:53 -0500] "GET / HTTP/1.0" 200 9990
186.82.143.31 - - [21/Jan/2017:17:57:04 -0500] "POST /IsolucionSDA/Administracion/CatalogoGlosario.asp HTTP/1.1" 200 83100
186.82.143.31 - - [21/Jan/2017:17:57:05 -0500] "GET /IsolucionSDA/Administracion/CatalogoGlosario.asp?Letra=TODO&CodCategoriaFiltro= HTTP/1.1" 200 619828
181.49.73.234 - - [21/Jan/2017:17:57:09 -0500] "GET /BLA/boletinlegal/js/jquery.scrollShow.js HTTP/1.1" 304 -
181.49.73.234 - - [21/Jan/2017:17:57:09 -0500] "GET /galeria/galeria/jquery.fancybox.js?v=2.1.5 HTTP/1.1" 304 -
181.49.73.234 - - [21/Jan/2017:17:57:09 -0500] "GET /galeria/galeria/jquery.fancybox.css?v=2.1.5 HTTP/1.1" 304 -
191.95.249.35 - - [21/Jan/2017:17:57:13 -0500] "GET /videos/CRRFFS.mp4 HTTP/1.1" 206 1
163.172.66.6 - - [21/Jan/2017:17:57:20 -0500] "GET /BLA/resoluciones/RESOLUCIONES%202004/RES%202004%201951-2000/00001989.tif HTTP/1.1" 200 110116
181.62.241.178 - - [21/Jan/2017:17:57:25 -0500] "GET /galeria/galeria/jquery.fancybox.css?v=2.1.5 HTTP/1.1" 200 4895
181.62.241.178 - - [21/Jan/2017:17:57:25 -0500] "GET /BLA/boletinlegal/js/jquery.scrollShow.js HTTP/1.1" 200 4586
181.62.241.178 - - [21/Jan/2017:17:57:25 -0500] "GET /galeria/galeria/jquery.fancybox.js?v=2.1.5 HTTP/1.1" 200 48706
69.162.124.233 - - [21/Jan/2017:17:57:39 -0500] "HEAD / HTTP/1.1" 200 -
186.82.143.31 - - [21/Jan/2017:17:57:57 -0500] "POST /IsolucionSDA/Administracion/CatalogoGlosario.asp HTTP/1.1" 200 83100
186.82.143.31 - - [21/Jan/2017:17:57:59 -0500] "GET /IsolucionSDA/FrameSetGeneral.asp?Pagina=Menu.asp&IdModulo=4 HTTP/1.1" 200 6455
186.82.143.31 - - [21/Jan/2017:17:57:59 -0500] "GET /IsolucionSDA/BarraTitulos.asp?Pagina=Menu.asp&IdModulo=4 HTTP/1.1" 200 6857
186.82.143.31 - - [21/Jan/2017:17:57:59 -0500] "GET /IsolucionSDA/Encabezado.asp?Pagina=Menu.asp&IdModulo=4 HTTP/1.1" 200 15522
186.82.143.31 - - [21/Jan/2017:17:57:59 -0500] "GET /IsolucionSDA/BarraFavoritos.asp HTTP/1.1" 200 911
186.82.143.31 - - [21/Jan/2017:17:57:59 -0500] "GET /IsolucionSDA/Menu.asp?Pagina=Menu.asp&IdModulo=4 HTTP/1.1" 200 17869
186.82.143.31 - - [21/Jan/2017:17:58:00 -0500] "GET /IsolucionSDA/Session.asp?Continue=1 HTTP/1.1" 200 6195
186.82.143.31 - - [21/Jan/2017:17:58:01 -0500] "GET /IsolucionSDA/FrameSetGeneral.asp?Pagina=Administracion/SalaEdicion/Magazines.asp HTTP/1.1" 200 6550
181.62.241.178 - - [21/Jan/2017:17:58:01 -0500] "GET /galeria/galeria/jquery.fancybox.css?v=2.1.5 HTTP/1.1" 304 -
181.62.241.178 - - [21/Jan/2017:17:58:02 -0500] "GET /galeria/galeria/jquery.fancybox.js?v=2.1.5 HTTP/1.1" 304 -
181.62.241.178 - - [21/Jan/2017:17:58:02 -0500] "GET /BLA/boletinlegal/js/jquery.scrollShow.js HTTP/1.1" 304 -
186.82.143.31 - - [21/Jan/2017:17:58:02 -0500] "GET /IsolucionSDA/Encabezado.asp?Pagina=Administracion/SalaEdicion/Magazines.asp HTTP/1.1" 200 15497
186.82.143.31 - - [21/Jan/2017:17:58:02 -0500] "GET /IsolucionSDA/BarraTitulos.asp?Pagina=Administracion/SalaEdicion/Magazines.asp HTTP/1.1" 200 6857
186.82.143.31 - - [21/Jan/2017:17:58:02 -0500] "GET /IsolucionSDA/Administracion/SalaEdicion/Magazines.asp?Pagina=Administracion/SalaEdicion/Magazines.asp HTTP/1.1" 200 8591
186.82.143.31 - - [21/Jan/2017:17:58:02 -0500] "GET /IsolucionSDA/BarraFavoritos.asp HTTP/1.1" 200 911
186.82.143.31 - - [21/Jan/2017:17:58:02 -0500] "GET /IsolucionSDA/Session.asp?Continue=1 HTTP/1.1" 200 6195
186.82.143.31 - - [21/Jan/2017:17:58:04 -0500] "GET /IsolucionSDA/Administracion/SalaEdicion/ArticuloMenu.asp?Palabra=&Buscar=Buscar&Letra=TODO HTTP/1.1" 200 57192
186.82.143.31 - - [21/Jan/2017:17:58:09 -0500] "POST /IsolucionSDA/Administracion/SalaEdicion/ArticuloMenu.asp HTTP/1.1" 200 19252
186.82.143.31 - - [21/Jan/2017:17:58:12 -0500] "GET /IsolucionSDA/javascript/ClickValidation.js HTTP/1.1" 404 5241
186.82.143.31 - - [21/Jan/2017:17:58:13 -0500] "GET /IsolucionSDA/Administracion/Graficas/vacio1x1.gif HTTP/1.1" 404 5255
186.82.143.31 - - [21/Jan/2017:17:58:13 -0500] "GET /IsolucionSDA/Administracion/SalaEdicion/g/GifTransparente.gif HTTP/1.1" 404 5279
186.82.143.31 - - [21/Jan/2017:17:58:12 -0500] "GET /IsolucionSDA/Administracion/SalaEdicion/Articulo.asp?Id_Articulo=10604 HTTP/1.1" 200 197905
66.249.64.51 - - [21/Jan/2017:17:58:18 -0500] "GET /galeria/galeria/fotos/juan-amarillo2G.jpg HTTP/1.1" 304 -
186.82.143.31 - - [21/Jan/2017:17:58:26 -0500] "POST /IsolucionSDA/Administracion/SalaEdicion/Articulo.asp HTTP/1.1" 302 253
186.82.143.31 - - [21/Jan/2017:17:58:28 -0500] "GET /IsolucionSDA/Administracion/SalaEdicion/ArticuloAdicionarTipo.asp?Id_Articulo=10604&Contenido=ContenidoDefiniciones&OrdenTipo=60&Tipo=Definicion&Cantidad=10 HTTP/1.1" 302 183
186.82.143.31 - - [21/Jan/2017:17:58:29 -0500] "GET /IsolucionSDA/javascript/ClickValidation.js HTTP/1.1" 404 5241
186.82.143.31 - - [21/Jan/2017:17:58:29 -0500] "GET /IsolucionSDA/Administracion/SalaEdicion/g/GifTransparente.gif HTTP/1.1" 404 5279
186.82.143.31 - - [21/Jan/2017:17:58:29 -0500] "GET /IsolucionSDA/Administracion/Graficas/vacio1x1.gif HTTP/1.1" 404 5255
186.82.143.31 - - [21/Jan/2017:17:58:29 -0500] "GET /IsolucionSDA/Administracion/SalaEdicion/Articulo.asp?Id_Articulo=10604&Ancla=ContenidoDefiniciones HTTP/1.1" 200 222188
186.82.143.31 - - [21/Jan/2017:17:58:35 -0500] "GET /IsolucionSDA/g/Ico_BorrarObjetoOver.gif HTTP/1.1" 200 120
190.65.157.123 - - [21/Jan/2017:17:58:36 -0500] "GET /BLA/resoluciones/AUTOS%202013/0219.pdf HTTP/1.1" 200 1312670
190.65.157.123 - - [21/Jan/2017:17:58:37 -0500] "GET /favicon.ico HTTP/1.1" 200 7782
163.172.66.105 - - [21/Jan/2017:17:58:42 -0500] "GET /BLA/resoluciones/index.php?dir=RESOLUCIONES%202004/RES%202004%20301-350/&sort=size&order=desc HTTP/1.1" 200 12061
186.82.143.31 - - [21/Jan/2017:17:58:50 -0500] "GET /IsolucionSDA/Administracion/SalaEdicion/Buscar.asp?Form=Admon&Campo2=Objeto56_1&tabla=Definicion&ListaSucursales=1 HTTP/1.1" 200 42594
186.82.143.31 - - [21/Jan/2017:17:58:55 -0500] "POST /IsolucionSDA/Administracion/SalaEdicion/Buscar.asp HTTP/1.1" 200 10386
186.82.143.31 - - [21/Jan/2017:17:58:58 -0500] "GET /IsolucionSDA/Administracion/SalaEdicion/Buscar.asp?Form=Admon&Campo2=Objeto57_1&tabla=Definicion&ListaSucursales=1 HTTP/1.1" 200 42594
186.82.143.31 - - [21/Jan/2017:17:59:03 -0500] "POST /IsolucionSDA/Administracion/SalaEdicion/Buscar.asp HTTP/1.1" 200 10384
185.154.13.6 - - [21/Jan/2017:17:59:05 -0500] "HEAD / HTTP/1.1" 200 -
178.159.43.212 - - [21/Jan/2017:17:59:06 -0500] "HEAD / HTTP/1.1" 200 -
191.103.155.251 - - [21/Jan/2017:17:59:23 -0500] "GET /galeria/galeria/jquery.fancybox.css?v=2.1.5 HTTP/1.1" 200 4895
191.103.155.251 - - [21/Jan/2017:17:59:23 -0500] "GET /BLA/boletinlegal/js/jquery.scrollShow.js HTTP/1.1" 200 4586
191.103.155.251 - - [21/Jan/2017:17:59:23 -0500] "GET /galeria/galeria/jquery.fancybox.js?v=2.1.5 HTTP/1.1" 200 48706
66.249.64.51 - - [21/Jan/2017:17:59:25 -0500] "GET /BLA/resoluciones/RESOLUCIONES%202008/3142.pdf HTTP/1.1" 200 228808
186.82.143.31 - - [21/Jan/2017:17:59:30 -0500] "GET /IsolucionSDA/g/Ico_CopiarDatosOver.gif HTTP/1.1" 200 149
186.82.143.31 - - [21/Jan/2017:17:59:32 -0500] "GET /IsolucionSDA/Administracion/SalaEdicion/Buscar.asp?Form=Admon&Campo2=Objeto58_1&tabla=Definicion&ListaSucursales=1 HTTP/1.1" 200 42594
191.103.155.251 - - [21/Jan/2017:17:59:31 -0500] "GET /videos/CRRFFS.mp4 HTTP/1.1" 200 286784363
186.82.143.31 - - [21/Jan/2017:17:59:36 -0500] "POST /IsolucionSDA/Administracion/SalaEdicion/Buscar.asp HTTP/1.1" 200 10386
66.249.64.55 - - [21/Jan/2017:17:59:36 -0500] "GET /BLA/resoluciones/index.php?dir=RESOLUCIONES+2005%2F HTTP/1.1" 200 24431
191.103.155.251 - - [21/Jan/2017:17:59:41 -0500] "GET /galeria/galeria/jquery.fancybox.css?v=2.1.5 HTTP/1.1" 304 -
191.103.155.251 - - [21/Jan/2017:17:59:41 -0500] "GET /BLA/boletinlegal/js/jquery.scrollShow.js HTTP/1.1" 304 -
191.103.155.251 - - [21/Jan/2017:17:59:41 -0500] "GET /galeria/galeria/jquery.fancybox.js?v=2.1.5 HTTP/1.1" 304 -
167.249.40.36 - - [21/Jan/2017:17:59:41 -0500] "GET /galeria/galeria/jquery.fancybox.js?v=2.1.5 HTTP/1.1" 200 48706
167.249.40.36 - - [21/Jan/2017:17:59:41 -0500] "GET /galeria/galeria/fotos/Humedal-la-conejera1P.jpg HTTP/1.1" 200 31504
167.249.40.36 - - [21/Jan/2017:17:59:41 -0500] "GET /galeria/galeria/jquery.fancybox.css?v=2.1.5 HTTP/1.1" 200 4895
167.249.40.36 - - [21/Jan/2017:17:59:41 -0500] "GET /galeria/galeria/fotos/Humedal-la-conejera3P.jpg HTTP/1.1" 200 31355
167.249.40.36 - - [21/Jan/2017:17:59:41 -0500] "GET /galeria/galeria/fotos/Humedal-la-conejera2P.jpg HTTP/1.1" 200 31007
167.249.40.36 - - [21/Jan/2017:17:59:41 -0500] "GET /galeria/galeria/fotos/Humedal-la-conejera4P.jpg HTTP/1.1" 200 33365
167.249.40.36 - - [21/Jan/2017:17:59:51 -0500] "GET /galeria/mapa/humedal.html? HTTP/1.1" 200 11204
167.249.40.36 - - [21/Jan/2017:17:59:51 -0500] "GET /galeria/mapa/3MapaBogot%C3%A1.jpg HTTP/1.1" 200 688183
167.249.40.36 - - [21/Jan/2017:17:59:51 -0500] "GET /galeria/mapa/TORCA12.jpg HTTP/1.1" 200 24337
167.249.40.36 - - [21/Jan/2017:17:59:51 -0500] "GET /galeria/mapa/CONEJERA12.jpg HTTP/1.1" 200 21841
167.249.40.36 - - [21/Jan/2017:17:59:51 -0500] "GET /galeria/mapa/CORDOBA12.jpg HTTP/1.1" 200 23380
167.249.40.36 - - [21/Jan/2017:17:59:51 -0500] "GET /galeria/mapa/JUANAMARILLO12.jpg HTTP/1.1" 200 21131
167.249.40.36 - - [21/Jan/2017:17:59:51 -0500] "GET /galeria/mapa/Guaymaral12.jpg HTTP/1.1" 200 53686
167.249.40.36 - - [21/Jan/2017:17:59:51 -0500] "GET /galeria/mapa/SANTAMARIA22.jpg HTTP/1.1" 200 22321
167.249.40.36 - - [21/Jan/2017:17:59:51 -0500] "GET /galeria/mapa/JABOQUE12.jpg HTTP/1.1" 200 21815
167.249.40.36 - - [21/Jan/2017:17:59:51 -0500] "GET /galeria/mapa/capellania12.jpg HTTP/1.1" 200 22811
167.249.40.36 - - [21/Jan/2017:17:59:51 -0500] "GET /galeria/mapa/MEANDRO12.jpg HTTP/1.1" 200 22732
167.249.40.36 - - [21/Jan/2017:17:59:51 -0500] "GET /galeria/mapa/TECHO12.jpg HTTP/1.1" 200 27716
167.249.40.36 - - [21/Jan/2017:17:59:51 -0500] "GET /galeria/mapa/BURRO12.jpg HTTP/1.1" 200 24169
167.249.40.36 - - [21/Jan/2017:17:59:51 -0500] "GET /galeria/mapa/TIBANICA12.jpg HTTP/1.1" 200 23039
167.249.40.36 - - [21/Jan/2017:17:59:51 -0500] "GET /galeria/mapa/VACA12.jpg HTTP/1.1" 200 22491
167.249.40.36 - - [21/Jan/2017:17:59:51 -0500] "GET /galeria/mapa/Aula-Soratama.jpg HTTP/1.1" 200 51270
167.249.40.36 - - [21/Jan/2017:17:59:51 -0500] "GET /galeria/mapa/Montana-Entrenubes.jpg HTTP/1.1" 200 42011
167.249.40.36 - - [21/Jan/2017:17:59:51 -0500] "GET /galeria/mapa/Aula-Nevados.jpg HTTP/1.1" 200 64761
167.249.40.36 - - [21/Jan/2017:17:59:51 -0500] "GET /galeria/mapa/aulaSantaM.jpg HTTP/1.1" 200 69216
66.249.64.53 - - [21/Jan/2017:17:59:59 -0500] "GET /BLA/resoluciones/AUTOS%202015/6600.pdf HTTP/1.1" 200 507199
181.54.169.184 - - [21/Jan/2017:18:00:10 -0500] "GET /BLA/resoluciones/AUTOS%202015/5733.pdf HTTP/1.1" 200 463289
181.54.169.184 - - [21/Jan/2017:18:00:10 -0500] "GET /favicon.ico HTTP/1.1" 200 7782
66.249.64.51 - - [21/Jan/2017:18:00:11 -0500] "GET /BLA/resoluciones/AUTOS%202007/1811.pdf HTTP/1.1" 200 30461
181.54.169.184 - - [21/Jan/2017:18:00:11 -0500] "GET /BLA/resoluciones/AUTOS%202015/5733.pdf HTTP/1.1" 206 28481
163.172.66.136 - - [21/Jan/2017:18:00:22 -0500] "GET /BLA/resoluciones/AUTOS%202006/AUTOS%202006%202901%20-%203000/00002985.tif HTTP/1.1" 200 54340
163.172.66.96 - - [21/Jan/2017:18:00:22 -0500] "GET /BLA/resoluciones/RESOLUCIONES%202003/RES%202003%201701-1750/20031714.tif HTTP/1.1" 200 88890
192.168.175.104 - - [21/Jan/2017:18:00:33 -0500] "GET / HTTP/1.1" 200 9990
66.249.64.26 - - [21/Jan/2017:18:00:34 -0500] "GET /BLA/boletinlegal/normativa.php HTTP/1.1" 200 8086
66.249.64.51 - - [21/Jan/2017:18:00:45 -0500] "GET /BLA/resoluciones/AUTOS%202014/2428.pdf HTTP/1.1" 200 715164
186.84.59.20 - - [21/Jan/2017:18:00:45 -0500] "GET /galeria/galeria/jquery.fancybox.css?v=2.1.5 HTTP/1.1" 304 -
186.84.59.20 - - [21/Jan/2017:18:00:45 -0500] "GET /BLA/boletinlegal/js/jquery.scrollShow.js HTTP/1.1" 304 -
186.84.59.20 - - [21/Jan/2017:18:00:45 -0500] "GET /galeria/galeria/jquery.fancybox.js?v=2.1.5 HTTP/1.1" 304 -
66.249.64.53 - - [21/Jan/2017:18:00:56 -0500] "GET /BLA/resoluciones/AUTOS%202007/3245.pdf HTTP/1.1" 200 166443
66.249.64.26 - - [21/Jan/2017:18:00:59 -0500] "GET /BLA/boletinlegal/style.css HTTP/1.1" 200 9406
192.168.175.104 - - [21/Jan/2017:18:01:05 -0500] "GET / HTTP/1.1" 200 9990
66.249.64.51 - - [21/Jan/2017:18:01:08 -0500] "GET /BLA/resoluciones/AUTOS%202007/0296.pdf HTTP/1.1" 200 51749
66.249.88.1 - - [21/Jan/2017:18:01:16 -0500] "GET /galeria/galeria/jquery.fancybox.css?v=2.1.5 HTTP/1.1" 200 4895
66.249.88.7 - - [21/Jan/2017:18:01:16 -0500] "GET /BLA/boletinlegal/js/jquery.scrollShow.js HTTP/1.1" 200 4586
66.249.88.7 - - [21/Jan/2017:18:01:16 -0500] "GET /galeria/galeria/jquery.fancybox.js?v=2.1.5 HTTP/1.1" 200 48706
186.82.143.31 - - [21/Jan/2017:18:01:16 -0500] "GET /IsolucionSDA/g/Ico_PegarDatosOver.gif HTTP/1.1" 200 125
186.82.143.31 - - [21/Jan/2017:18:01:16 -0500] "GET /IsolucionSDA/g/Ico_InsertarOver.gif HTTP/1.1" 200 118
186.82.143.31 - - [21/Jan/2017:18:01:18 -0500] "GET /IsolucionSDA/Administracion/SalaEdicion/Buscar.asp?Form=Admon&Campo2=Objeto59_1&tabla=Definicion&ListaSucursales=1 HTTP/1.1" 200 42594
66.249.64.51 - - [21/Jan/2017:18:01:19 -0500] "GET /BLA/resoluciones/AUTOS%202015/3094.pdf HTTP/1.1" 200 587505
66.249.88.4 - - [21/Jan/2017:18:01:21 -0500] "GET /galeria/galeria/jquery.fancybox.css?v=2.1.5 HTTP/1.1" 304 -
66.249.88.4 - - [21/Jan/2017:18:01:21 -0500] "GET /BLA/boletinlegal/js/jquery.scrollShow.js HTTP/1.1" 304 -
66.249.88.1 - - [21/Jan/2017:18:01:21 -0500] "GET /galeria/galeria/jquery.fancybox.js?v=2.1.5 HTTP/1.1" 304 -
186.82.143.31 - - [21/Jan/2017:18:01:22 -0500] "POST /IsolucionSDA/Administracion/SalaEdicion/Buscar.asp HTTP/1.1" 200 10936
167.249.40.36 - - [21/Jan/2017:18:01:27 -0500] "GET /galeria/galeria/fotos/Huemdal-Cordoba1P.jpg HTTP/1.1" 200 30712
167.249.40.36 - - [21/Jan/2017:18:01:27 -0500] "GET /galeria/galeria/fotos/Huemdal-Cordoba3P.jpg HTTP/1.1" 200 40788
167.249.40.36 - - [21/Jan/2017:18:01:27 -0500] "GET /galeria/galeria/fotos/Huemdal-Cordoba2P.jpg HTTP/1.1" 200 44409
186.82.143.31 - - [21/Jan/2017:18:01:30 -0500] "GET /IsolucionSDA/javascript/ClickValidation.js HTTP/1.1" 404 5241
186.82.143.31 - - [21/Jan/2017:18:01:30 -0500] "GET /IsolucionSDA/Administracion/SalaEdicion/g/GifTransparente.gif HTTP/1.1" 404 5279
186.82.143.31 - - [21/Jan/2017:18:01:30 -0500] "GET /IsolucionSDA/Administracion/Graficas/vacio1x1.gif HTTP/1.1" 404 5255
66.249.64.51 - - [21/Jan/2017:18:01:31 -0500] "GET /BLA/resoluciones/AUTOS%202007/2119.pdf HTTP/1.1" 200 95842
186.82.143.31 - - [21/Jan/2017:18:01:28 -0500] "POST /IsolucionSDA/Administracion/SalaEdicion/Articulo.asp HTTP/1.1" 200 222179
66.249.64.53 - - [21/Jan/2017:18:01:42 -0500] "GET /BLA/resoluciones/AUTOS%202007/1829.pdf HTTP/1.1" 200 30212
192.168.175.104 - - [21/Jan/2017:18:01:51 -0500] "GET / HTTP/1.0" 200 9990
66.249.64.53 - - [21/Jan/2017:18:01:53 -0500] "GET /BLA/resoluciones/RESOLUCIONES%202008/1700.pdf HTTP/1.1" 200 231614
186.82.143.31 - - [21/Jan/2017:18:01:58 -0500] "GET /IsolucionSDA/g/Ico_InsertarOver.gif HTTP/1.1" 200 118
186.82.143.31 - - [21/Jan/2017:18:01:59 -0500] "GET /IsolucionSDA/Administracion/SalaEdicion/Buscar.asp?Form=Admon&Campo2=Objeto60_1&tabla=Definicion&ListaSucursales=1 HTTP/1.1" 200 42594
186.82.143.31 - - [21/Jan/2017:18:02:04 -0500] "POST /IsolucionSDA/Administracion/SalaEdicion/Buscar.asp HTTP/1.1" 200 11492
186.82.143.31 - - [21/Jan/2017:18:02:21 -0500] "GET /IsolucionSDA/g/Ico_PegarDatosOver.gif HTTP/1.1" 200 125
186.82.143.31 - - [21/Jan/2017:18:02:22 -0500] "GET /IsolucionSDA/Administracion/SalaEdicion/Buscar.asp?Form=Admon&Campo2=Objeto61_1&tabla=Definicion&ListaSucursales=1 HTTP/1.1" 200 42594
186.82.143.31 - - [21/Jan/2017:18:02:26 -0500] "POST /IsolucionSDA/Administracion/SalaEdicion/Buscar.asp HTTP/1.1" 200 10405
66.249.64.51 - - [21/Jan/2017:18:02:28 -0500] "GET /BLA/resoluciones/AUTOS%202015/7172.pdf HTTP/1.1" 200 553746
186.82.143.31 - - [21/Jan/2017:18:02:28 -0500] "GET /IsolucionSDA/g/Ico_CopiarDatosOver.gif HTTP/1.1" 200 149
186.82.143.31 - - [21/Jan/2017:18:02:29 -0500] "GET /IsolucionSDA/Administracion/SalaEdicion/Buscar.asp?Form=Admon&Campo2=Objeto62_1&tabla=Definicion&ListaSucursales=1 HTTP/1.1" 200 42594
186.82.143.31 - - [21/Jan/2017:18:02:34 -0500] "POST /IsolucionSDA/Administracion/SalaEdicion/Buscar.asp HTTP/1.1" 200 10405
66.249.64.55 - - [21/Jan/2017:18:02:39 -0500] "GET /BLA/resoluciones/AUTOS%202007/2444.pdf HTTP/1.1" 200 27554
69.162.124.233 - - [21/Jan/2017:18:02:39 -0500] "HEAD / HTTP/1.1" 200 -
66.249.64.51 - - [21/Jan/2017:18:02:51 -0500] "GET /BLA/resoluciones/RESOLUCIONES%202008/2394.pdf HTTP/1.1" 200 196660
186.82.143.31 - - [21/Jan/2017:18:02:57 -0500] "GET /IsolucionSDA/Administracion/SalaEdicion/Buscar.asp?Form=Admon&Campo2=Objeto63_1&tabla=Definicion&ListaSucursales=1 HTTP/1.1" 200 42594
186.82.143.31 - - [21/Jan/2017:18:03:00 -0500] "POST /IsolucionSDA/Administracion/SalaEdicion/Buscar.asp HTTP/1.1" 200 10405
66.249.64.51 - - [21/Jan/2017:18:03:02 -0500] "GET /BLA/resoluciones/RESOLUCIONES%202009/9732.pdf HTTP/1.1" 200 282383
68.100.40.210 - - [21/Jan/2017:18:03:03 -0500] "GET /isolucionsda/Session.asp HTTP/1.1" 200 6325
190.251.233.94 - - [21/Jan/2017:18:03:09 -0500] "GET /galeria/galeria/jquery.fancybox.css?v=2.1.5 HTTP/1.1" 200 4895
190.251.233.94 - - [21/Jan/2017:18:03:09 -0500] "GET /galeria/galeria/jquery.fancybox.js?v=2.1.5 HTTP/1.1" 200 48706
190.251.233.94 - - [21/Jan/2017:18:03:09 -0500] "GET /BLA/boletinlegal/js/jquery.scrollShow.js HTTP/1.1" 200 4586
186.82.143.31 - - [21/Jan/2017:18:03:16 -0500] "GET /IsolucionSDA/Administracion/SalaEdicion/Buscar.asp?Form=Admon&Campo2=Objeto64_1&tabla=Definicion&ListaSucursales=1 HTTP/1.1" 200 42594
190.251.233.94 - - [21/Jan/2017:18:03:19 -0500] "GET /BLA/boletinlegal/js/jquery.scrollShow.js HTTP/1.1" 304 -
190.251.233.94 - - [21/Jan/2017:18:03:19 -0500] "GET /galeria/galeria/jquery.fancybox.js?v=2.1.5 HTTP/1.1" 304 -
190.251.233.94 - - [21/Jan/2017:18:03:19 -0500] "GET /galeria/galeria/jquery.fancybox.css?v=2.1.5 HTTP/1.1" 304 -
186.82.143.31 - - [21/Jan/2017:18:03:20 -0500] "POST /IsolucionSDA/Administracion/SalaEdicion/Buscar.asp HTTP/1.1" 200 10106
186.82.143.31 - - [21/Jan/2017:18:03:23 -0500] "GET /IsolucionSDA/g/Ico_InsertarOver.gif HTTP/1.1" 200 118
186.82.143.31 - - [21/Jan/2017:18:03:23 -0500] "GET /IsolucionSDA/g/Ico_PegarDatosOver.gif HTTP/1.1" 200 125
66.249.64.51 - - [21/Jan/2017:18:03:25 -0500] "GET /BLA/resoluciones/AUTOS%202007/1740.pdf HTTP/1.1" 200 35548
186.82.143.31 - - [21/Jan/2017:18:03:31 -0500] "GET /IsolucionSDA/g/Ico_PegarDatosOver.gif HTTP/1.1" 200 125
186.82.143.31 - - [21/Jan/2017:18:03:32 -0500] "GET /IsolucionSDA/Administracion/SalaEdicion/Buscar.asp?Form=Admon&Campo2=Objeto65_1&tabla=Definicion&ListaSucursales=1 HTTP/1.1" 200 42594
66.249.64.55 - - [21/Jan/2017:18:03:36 -0500] "GET /BLA/resoluciones/AUTOS%202014/7305.pdf HTTP/1.1" 200 708791
186.82.143.31 - - [21/Jan/2017:18:03:39 -0500] "POST /IsolucionSDA/Administracion/SalaEdicion/Buscar.asp HTTP/1.1" 200 10135
66.249.64.53 - - [21/Jan/2017:18:03:48 -0500] "GET /BLA/resoluciones/AUTOS%202015/5748.pdf HTTP/1.1" 200 510206
186.82.143.31 - - [21/Jan/2017:18:03:50 -0500] "GET /IsolucionSDA/Administracion/SalaEdicion/Buscar.asp?Form=Admon&Campo2=Objeto66_1&tabla=Definicion&ListaSucursales=1 HTTP/1.1" 200 42594
186.82.143.31 - - [21/Jan/2017:18:03:53 -0500] "POST /IsolucionSDA/Administracion/SalaEdicion/Buscar.asp HTTP/1.1" 200 14192
66.249.64.51 - - [21/Jan/2017:18:03:59 -0500] "GET /BLA/resoluciones/AUTOS%202007/3583.pdf HTTP/1.1" 200 233557
186.82.143.31 - - [21/Jan/2017:18:04:01 -0500] "GET /IsolucionSDA/Administracion/SalaEdicion/Buscar.asp?Form=Admon&Campo2=Objeto67_1&tabla=Definicion&ListaSucursales=1 HTTP/1.1" 200 42594
186.82.143.31 - - [21/Jan/2017:18:04:04 -0500] "POST /IsolucionSDA/Administracion/SalaEdicion/Buscar.asp HTTP/1.1" 200 14192
66.249.64.51 - - [21/Jan/2017:18:04:11 -0500] "GET /BLA/resoluciones/AUTOS%202011/3724.pdf HTTP/1.1" 200 236007
190.63.150.243 - - [21/Jan/2017:18:04:16 -0500] "-" 408 -
190.63.150.243 - - [21/Jan/2017:18:04:16 -0500] "-" 408 -
66.249.64.53 - - [21/Jan/2017:18:04:22 -0500] "GET /BLA/resoluciones/RESOLUCIONES%202013/1774.pdf HTTP/1.1" 200 367420
186.82.143.31 - - [21/Jan/2017:18:04:26 -0500] "GET /IsolucionSDA/javascript/ClickValidation.js HTTP/1.1" 404 5241
186.82.143.31 - - [21/Jan/2017:18:04:26 -0500] "GET /IsolucionSDA/Administracion/SalaEdicion/g/GifTransparente.gif HTTP/1.1" 404 5279
186.82.143.31 - - [21/Jan/2017:18:04:26 -0500] "GET /IsolucionSDA/Administracion/Graficas/vacio1x1.gif HTTP/1.1" 404 5255
186.82.143.31 - - [21/Jan/2017:18:04:27 -0500] "GET /IsolucionSDA/Administracion/SalaEdicion/g/GifTransparente.gif HTTP/1.1" 404 5279
186.82.143.31 - - [21/Jan/2017:18:04:24 -0500] "POST /IsolucionSDA/Administracion/SalaEdicion/Articulo.asp HTTP/1.1" 200 222434
186.82.143.31 - - [21/Jan/2017:18:04:28 -0500] "GET /IsolucionSDA/g/Bot_CalibracionOver_ESP.jpg HTTP/1.1" 200 5739
186.82.143.31 - - [21/Jan/2017:18:04:29 -0500] "GET /IsolucionSDA/g/Bot_MeciOver_ESP.jpg HTTP/1.1" 200 4440
186.82.143.31 - - [21/Jan/2017:18:04:31 -0500] "POST /IsolucionSDA/Administracion/SalaEdicion/Articulo.asp HTTP/1.1" 302 249
186.82.143.31 - - [21/Jan/2017:18:04:33 -0500] "GET /IsolucionSDA/Administracion/SalaEdicion/FrameSetVistaPrevia.asp?Articulo=T/Trabajoseguroenalturasyrescate_v1/Trabajoseguroenalturasyrescate_v1.asp&Id_Articulo=10604 HTTP/1.1" 200 6470
186.82.143.31 - - [21/Jan/2017:18:04:33 -0500] "GET /IsolucionSDA/Administracion/SalaEdicion/VistaPreviaAtras.asp?Id_Articulo=10604 HTTP/1.1" 200 320
66.249.64.53 - - [21/Jan/2017:18:04:33 -0500] "GET /BLA/resoluciones/AUTOS%202011/2136.pdf HTTP/1.1" 200 230680
186.82.143.31 - - [21/Jan/2017:18:04:33 -0500] "GET /ISOlucionSDA/BancoConocimiento/T/Trabajoseguroenalturasyrescate_v1/Trabajoseguroenalturasyrescate_v1.asp?Debug=YES&Id_Articulo=10604&VistaPrevia= HTTP/1.1" 200 41323
66.249.64.51 - - [21/Jan/2017:18:04:45 -0500] "GET /BLA/resoluciones/AUTOS%202011/3950.pdf HTTP/1.1" 200 231295
66.249.64.51 - - [21/Jan/2017:18:04:56 -0500] "GET /BLA/resoluciones/AUTOS%202007/3233.pdf HTTP/1.1" 200 245086
186.82.143.31 - - [21/Jan/2017:18:05:02 -0500] "POST /IsolucionSDA/Administracion/SalaEdicion/Articulo.asp HTTP/1.1" 302 253
186.82.143.31 - - [21/Jan/2017:18:05:04 -0500] "GET /IsolucionSDA/Administracion/SalaEdicion/ArticuloAdicionarTipo.asp?Id_Articulo=10604&Contenido=ContenidoDefiniciones&OrdenTipo=70&Tipo=Definicion&Cantidad=10 HTTP/1.1" 302 183
186.82.143.31 - - [21/Jan/2017:18:05:05 -0500] "GET /IsolucionSDA/javascript/ClickValidation.js HTTP/1.1" 404 5241
186.82.143.31 - - [21/Jan/2017:18:05:05 -0500] "GET /IsolucionSDA/Administracion/SalaEdicion/g/GifTransparente.gif HTTP/1.1" 404 5279
186.82.143.31 - - [21/Jan/2017:18:05:05 -0500] "GET /IsolucionSDA/Administracion/Graficas/vacio1x1.gif HTTP/1.1" 404 5255
186.82.143.31 - - [21/Jan/2017:18:05:04 -0500] "GET /IsolucionSDA/Administracion/SalaEdicion/Articulo.asp?Id_Articulo=10604&Ancla=ContenidoDefiniciones HTTP/1.1" 200 246717
186.82.143.31 - - [21/Jan/2017:18:05:07 -0500] "GET /IsolucionSDA/FrameSetGeneral.asp?Pagina=Menu.asp&IdModulo=4 HTTP/1.1" 200 6455
186.82.143.31 - - [21/Jan/2017:18:05:07 -0500] "GET /IsolucionSDA/BarraTitulos.asp?Pagina=Menu.asp&IdModulo=4 HTTP/1.1" 200 6857
186.82.143.31 - - [21/Jan/2017:18:05:07 -0500] "GET /IsolucionSDA/Encabezado.asp?Pagina=Menu.asp&IdModulo=4 HTTP/1.1" 200 15522
186.82.143.31 - - [21/Jan/2017:18:05:07 -0500] "GET /IsolucionSDA/BarraFavoritos.asp HTTP/1.1" 200 911
186.82.143.31 - - [21/Jan/2017:18:05:07 -0500] "GET /IsolucionSDA/Menu.asp?Pagina=Menu.asp&IdModulo=4 HTTP/1.1" 200 17869
66.249.64.51 - - [21/Jan/2017:18:05:08 -0500] "GET /BLA/resoluciones/RESOLUCIONES%202013/1367.pdf HTTP/1.1" 200 665016
186.82.143.31 - - [21/Jan/2017:18:05:08 -0500] "GET /IsolucionSDA/Session.asp?Continue=1 HTTP/1.1" 200 6195
186.82.143.31 - - [21/Jan/2017:18:05:14 -0500] "GET /IsolucionSDA/FrameSetGeneral.asp?Pagina=Administracion/CatalogoGlosario.asp HTTP/1.1" 200 6530
186.82.143.31 - - [21/Jan/2017:18:05:14 -0500] "GET /IsolucionSDA/Encabezado.asp?Pagina=Administracion/CatalogoGlosario.asp HTTP/1.1" 200 15497
186.82.143.31 - - [21/Jan/2017:18:05:14 -0500] "GET /IsolucionSDA/BarraTitulos.asp?Pagina=Administracion/CatalogoGlosario.asp HTTP/1.1" 200 6857
186.82.143.31 - - [21/Jan/2017:18:05:14 -0500] "GET /IsolucionSDA/BarraFavoritos.asp HTTP/1.1" 200 911
186.82.143.31 - - [21/Jan/2017:18:05:14 -0500] "GET /IsolucionSDA/Administracion/CatalogoGlosario.asp?Pagina=Administracion/CatalogoGlosario.asp HTTP/1.1" 200 83014
186.82.143.31 - - [21/Jan/2017:18:05:14 -0500] "GET /IsolucionSDA/Session.asp?Continue=1 HTTP/1.1" 200 6195
66.249.64.51 - - [21/Jan/2017:18:05:19 -0500] "GET /BLA/resoluciones/Notificaciones/RESOLUCIONES%202016/00641.doc HTTP/1.1" 200 190622
66.249.64.51 - - [21/Jan/2017:18:05:30 -0500] "GET /BLA/resoluciones/AUTOS%202007/1732.pdf HTTP/1.1" 200 37100
192.168.175.104 - - [21/Jan/2017:18:05:31 -0500] "GET / HTTP/1.1" 200 9990
66.249.64.51 - - [21/Jan/2017:18:05:42 -0500] "GET /BLA/resoluciones/RESOLUCIONES%202008/5183.pdf HTTP/1.1" 200 16988
69.162.124.232 - - [21/Jan/2017:18:05:51 -0500] "HEAD / HTTP/1.1" 200 -
187.64.224.79 - - [21/Jan/2017:18:05:52 -0500] "POST /xmlrpc.php HTTP/1.1" 301 334
66.249.64.51 - - [21/Jan/2017:18:05:53 -0500] "GET /BLA/resoluciones/AUTOS%202011/3480.pdf HTTP/1.1" 200 2805731
181.131.32.118 - - [21/Jan/2017:18:05:56 -0500] "GET /galeria/galeria/jquery.fancybox.css?v=2.1.5 HTTP/1.1" 200 4895
181.131.32.118 - - [21/Jan/2017:18:05:56 -0500] "GET /galeria/galeria/jquery.fancybox.js?v=2.1.5 HTTP/1.1" 200 48706
181.131.32.118 - - [21/Jan/2017:18:05:56 -0500] "GET /BLA/boletinlegal/js/jquery.scrollShow.js HTTP/1.1" 200 4586
187.64.224.79 - - [21/Jan/2017:18:06:00 -0500] "GET /wp-login.php HTTP/1.1" 301 336
192.168.175.104 - - [21/Jan/2017:18:06:03 -0500] "GET / HTTP/1.1" 200 9990
187.64.224.79 - - [21/Jan/2017:18:06:04 -0500] "POST /wp-login.php HTTP/1.1" 301 336
66.249.64.53 - - [21/Jan/2017:18:06:05 -0500] "GET /BLA/resoluciones/AUTOS%202007/1712.pdf HTTP/1.1" 200 38488
186.82.143.31 - - [21/Jan/2017:18:06:08 -0500] "POST /IsolucionSDA/Administracion/CatalogoGlosario.asp HTTP/1.1" 200 83100
66.249.64.51 - - [21/Jan/2017:18:06:16 -0500] "GET /BLA/resoluciones/AUTOS%202007/1479.pdf HTTP/1.1" 200 25244
70.119.105.77 - - [21/Jan/2017:18:06:24 -0500] "POST /xmlrpc.php HTTP/1.1" 301 334
70.119.105.77 - - [21/Jan/2017:18:06:26 -0500] "GET /wp-login.php HTTP/1.1" 301 336
163.172.66.130 - - [21/Jan/2017:18:06:26 -0500] "GET /BLA/resoluciones/RESOLUCIONES%202002/RES%202002%201951-1971/20021962.tif HTTP/1.1" 200 151618
70.119.105.77 - - [21/Jan/2017:18:06:27 -0500] "POST /wp-login.php HTTP/1.1" 301 336
181.49.77.115 - - [21/Jan/2017:18:06:28 -0500] "GET /videos/ArchivoSDA.flv HTTP/1.1" 200 31205279
66.249.64.51 - - [21/Jan/2017:18:06:39 -0500] "GET /BLA/resoluciones/AUTOS%202007/2579.pdf HTTP/1.1" 200 68665
186.82.143.31 - - [21/Jan/2017:18:06:48 -0500] "POST /IsolucionSDA/Administracion/CatalogoGlosario.asp HTTP/1.1" 200 83100
66.249.64.37 - - [21/Jan/2017:18:06:48 -0500] "GET /galeria/galeria/fotos/Lola14peq.jpg HTTP/1.1" 200 58792
192.168.175.104 - - [21/Jan/2017:18:06:49 -0500] "GET / HTTP/1.0" 200 9990
163.172.65.184 - - [21/Jan/2017:18:07:01 -0500] "GET /BLA/resoluciones/RESOLUCIONES%202003/RES%202003%20951-1000/981.tif HTTP/1.1" 200 121884
66.249.64.51 - - [21/Jan/2017:18:07:02 -0500] "GET /BLA/resoluciones/AUTOS%202007/3218.pdf HTTP/1.1" 200 87162
66.249.64.51 - - [21/Jan/2017:18:07:13 -0500] "GET /BLA/resoluciones/AUTOS%202007/1726.pdf HTTP/1.1" 200 33426
186.155.146.149 - - [21/Jan/2017:18:07:15 -0500] "GET /BLA/boletinlegal/js/jquery.scrollShow.js HTTP/1.1" 200 4586
186.155.146.149 - - [21/Jan/2017:18:07:15 -0500] "GET /galeria/galeria/jquery.fancybox.js?v=2.1.5 HTTP/1.1" 200 48706
186.155.146.149 - - [21/Jan/2017:18:07:15 -0500] "GET /galeria/galeria/jquery.fancybox.css?v=2.1.5 HTTP/1.1" 200 4895
66.249.64.51 - - [21/Jan/2017:18:07:25 -0500] "GET /BLA/resoluciones/RESOLUCIONES%202008/4833.pdf HTTP/1.1" 200 29003
186.155.146.149 - - [21/Jan/2017:18:07:33 -0500] "GET /BLA/boletinlegal/js/jquery.scrollShow.js HTTP/1.1" 304 -
186.155.146.149 - - [21/Jan/2017:18:07:33 -0500] "GET /galeria/galeria/jquery.fancybox.css?v=2.1.5 HTTP/1.1" 304 -
186.155.146.149 - - [21/Jan/2017:18:07:33 -0500] "GET /galeria/galeria/jquery.fancybox.js?v=2.1.5 HTTP/1.1" 304 -
66.249.64.53 - - [21/Jan/2017:18:07:36 -0500] "GET /BLA/resoluciones/AUTOS%202015/2504.pdf HTTP/1.1" 200 509403
186.82.143.31 - - [21/Jan/2017:18:07:38 -0500] "POST /IsolucionSDA/Administracion/CatalogoGlosario.asp HTTP/1.1" 200 83100
69.162.124.233 - - [21/Jan/2017:18:07:39 -0500] "HEAD / HTTP/1.1" 200 -
177.252.240.27 - - [21/Jan/2017:18:07:41 -0500] "GET /BLA/boletinlegal/js/jquery.scrollShow.js HTTP/1.1" 200 4586
177.252.240.27 - - [21/Jan/2017:18:07:41 -0500] "GET /galeria/galeria/jquery.fancybox.js?v=2.1.5 HTTP/1.1" 200 48706
177.252.240.27 - - [21/Jan/2017:18:07:41 -0500] "GET /galeria/galeria/jquery.fancybox.css?v=2.1.5 HTTP/1.1" 200 4895
66.249.64.51 - - [21/Jan/2017:18:07:48 -0500] "GET /BLA/resoluciones/AUTOS%202007/1968.pdf HTTP/1.1" 200 66656
66.249.64.51 - - [21/Jan/2017:18:07:59 -0500] "GET /BLA/resoluciones/RESOLUCIONES%202008/2791.pdf HTTP/1.1" 200 256531
186.85.52.68 - - [21/Jan/2017:18:07:59 -0500] "GET /galeria/galeria/fotos/mirador4G.jpg HTTP/1.1" 200 159827
66.249.64.51 - - [21/Jan/2017:18:08:10 -0500] "GET /BLA/resoluciones/AUTOS%202007/1518.pdf HTTP/1.1" 200 67461
66.249.64.51 - - [21/Jan/2017:18:08:22 -0500] "GET /BLA/resoluciones/RESOLUCIONES%202008/5487.pdf HTTP/1.1" 200 43968
66.249.64.51 - - [21/Jan/2017:18:08:31 -0500] "GET /galeria/galeria/fotos/mirador4P.jpg HTTP/1.1" 304 -
66.249.64.51 - - [21/Jan/2017:18:08:33 -0500] "GET /BLA/resoluciones/Notificaciones/RESOLUCIONES%202016/00525.doc HTTP/1.1" 200 191995
186.82.143.31 - - [21/Jan/2017:18:08:33 -0500] "POST /IsolucionSDA/Administracion/CatalogoGlosario.asp HTTP/1.1" 200 83100
163.172.65.191 - - [21/Jan/2017:18:08:44 -0500] "GET /BLA/resoluciones/RESOLUCIONES%202005/RES%202005%202201-2250/00002223.tif HTTP/1.1" 200 155854
66.249.64.55 - - [21/Jan/2017:18:08:45 -0500] "GET /BLA/resoluciones/AUTOS%202007/2349.pdf HTTP/1.1" 200 70781
66.249.64.51 - - [21/Jan/2017:18:08:56 -0500] "GET /BLA/resoluciones/AUTOS%202011/6358.pdf HTTP/1.1" 200 2569751
66.249.64.53 - - [21/Jan/2017:18:09:08 -0500] "GET /BLA/resoluciones/AUTOS%202007/3532.pdf HTTP/1.1" 200 162865
66.249.64.53 - - [21/Jan/2017:18:09:19 -0500] "GET /BLA/resoluciones/AUTOS%202011/4138.pdf HTTP/1.1" 200 220217
66.249.64.51 - - [21/Jan/2017:18:09:30 -0500] "GET /BLA/resoluciones/AUTOS%202007/1876.pdf HTTP/1.1" 200 158021
186.82.143.31 - - [21/Jan/2017:18:09:36 -0500] "POST /IsolucionSDA/Administracion/CatalogoGlosario.asp HTTP/1.1" 200 83100
163.172.66.49 - - [21/Jan/2017:18:09:40 -0500] "GET /BLA/resoluciones/RESOLUCIONES%202004/RES%202004%201201-1250/00001209.tif HTTP/1.1" 200 176708
186.82.143.31 - - [21/Jan/2017:18:09:39 -0500] "GET /IsolucionSDA/Administracion/CatalogoGlosario.asp?Letra=TODO&CodCategoriaFiltro= HTTP/1.1" 200 621248
66.249.64.51 - - [21/Jan/2017:18:09:42 -0500] "GET /BLA/resoluciones/AUTOS%202007/2991.pdf HTTP/1.1" 200 125284
66.249.64.51 - - [21/Jan/2017:18:09:53 -0500] "GET /BLA/resoluciones/AUTOS%202007/1813.pdf HTTP/1.1" 200 30629
66.249.64.51 - - [21/Jan/2017:18:10:16 -0500] "GET /BLA/resoluciones/AUTOS%202007/0470.pdf HTTP/1.1" 200 15269
186.82.143.31 - - [21/Jan/2017:18:10:23 -0500] "POST /IsolucionSDA/Administracion/CatalogoGlosario.asp HTTP/1.1" 200 83100
66.249.64.51 - - [21/Jan/2017:18:10:27 -0500] "GET /BLA/resoluciones/RESOLUCIONES%202008/2922.pdf HTTP/1.1" 200 256570
192.168.175.104 - - [21/Jan/2017:18:10:29 -0500] "GET / HTTP/1.1" 200 9990
163.172.65.219 - - [21/Jan/2017:18:10:30 -0500] "GET /BLA/resoluciones/RESOLUCIONES%202006/RES%202006%20651-700/00000656.tif HTTP/1.1" 200 268904
66.249.64.55 - - [21/Jan/2017:18:10:39 -0500] "GET /BLA/resoluciones/AUTOS%202007/0575.pdf HTTP/1.1" 200 22662
66.249.64.51 - - [21/Jan/2017:18:10:51 -0500] "GET /BLA/resoluciones/RESOLUCIONES%202008/2209.pdf HTTP/1.1" 200 464980
