167.0.231.214 - - [21/Jan/2017:16:33:01 -0500] "GET /BLA/boletinlegal/js/jquery.scrollShow.js HTTP/1.1" 304 -
167.0.231.214 - - [21/Jan/2017:16:33:01 -0500] "GET /galeria/galeria/jquery.fancybox.js?v=2.1.5 HTTP/1.1" 304 -
66.249.64.51 - - [21/Jan/2017:16:33:05 -0500] "GET /BLA/resoluciones/AUTOS%202015/3966.pdf HTTP/1.1" 200 751618
66.249.64.53 - - [21/Jan/2017:16:33:16 -0500] "GET /BLA/resoluciones/AUTOS%202015/3041.pdf HTTP/1.1" 200 496206
66.249.64.53 - - [21/Jan/2017:16:33:27 -0500] "GET /BLA/resoluciones/AUTOS%202015/4384.pdf HTTP/1.1" 200 579037
186.82.143.31 - - [21/Jan/2017:16:33:36 -0500] "POST /IsolucionSDA/Administracion/CatalogoGlosario.asp HTTP/1.1" 200 82631
66.249.64.53 - - [21/Jan/2017:16:33:39 -0500] "GET /BLA/resoluciones/RESOLUCIONES%202015/0286.pdf HTTP/1.1" 200 1129376
190.25.34.153 - - [21/Jan/2017:16:33:41 -0500] "GET /BLA/boletinlegal/js/jquery.scrollShow.js HTTP/1.1" 200 4586
190.25.34.153 - - [21/Jan/2017:16:33:41 -0500] "GET /galeria/galeria/jquery.fancybox.css?v=2.1.5 HTTP/1.1" 200 4895
190.25.34.153 - - [21/Jan/2017:16:33:41 -0500] "GET /galeria/galeria/jquery.fancybox.js?v=2.1.5 HTTP/1.1" 200 48706
190.25.34.153 - - [21/Jan/2017:16:33:42 -0500] "GET /BLA/boletinlegal/js/jquery.scrollShow.js HTTP/1.1" 304 -
190.25.34.153 - - [21/Jan/2017:16:33:42 -0500] "GET /galeria/galeria/jquery.fancybox.js?v=2.1.5 HTTP/1.1" 304 -
190.25.34.153 - - [21/Jan/2017:16:33:42 -0500] "GET /galeria/galeria/jquery.fancybox.css?v=2.1.5 HTTP/1.1" 304 -
66.249.64.53 - - [21/Jan/2017:16:33:50 -0500] "GET /BLA/resoluciones/AUTOS%202015/4640.pdf HTTP/1.1" 200 460268
66.249.64.51 - - [21/Jan/2017:16:34:02 -0500] "GET /BLA/resoluciones/AUTOS%202015/1786.pdf HTTP/1.1" 200 632377
66.249.64.53 - - [21/Jan/2017:16:34:13 -0500] "GET /BLA/resoluciones/AUTOS%202015/6496.pdf HTTP/1.1" 200 544520
66.249.64.51 - - [21/Jan/2017:16:34:24 -0500] "GET /BLA/resoluciones/AUTOS%202015/5280.pdf HTTP/1.1" 200 485593
66.249.64.55 - - [21/Jan/2017:16:34:36 -0500] "GET /BLA/resoluciones/AUTOS%202015/6706.pdf HTTP/1.1" 200 459106
66.249.64.44 - - [21/Jan/2017:16:34:37 -0500] "GET /portel_dama/libreria/pdf/Memoriasdecapacitacinenincendiosforestales2005.pdf HTTP/1.1" 404 1018
66.249.64.51 - - [21/Jan/2017:16:34:47 -0500] "GET /BLA/resoluciones/RESOLUCIONES%202008/4682.pdf HTTP/1.1" 200 569239
186.83.132.202 - - [21/Jan/2017:16:34:50 -0500] "GET /galeria/galeria/jquery.fancybox.css?v=2.1.5 HTTP/1.1" 200 4895
186.83.132.202 - - [21/Jan/2017:16:34:50 -0500] "GET /BLA/boletinlegal/js/jquery.scrollShow.js HTTP/1.1" 200 4586
186.83.132.202 - - [21/Jan/2017:16:34:50 -0500] "GET /galeria/galeria/jquery.fancybox.js?v=2.1.5 HTTP/1.1" 200 48706
186.83.132.202 - - [21/Jan/2017:16:34:58 -0500] "GET /BLA/boletinlegal/js/jquery.scrollShow.js HTTP/1.1" 304 -
186.83.132.202 - - [21/Jan/2017:16:34:58 -0500] "GET /galeria/galeria/jquery.fancybox.js?v=2.1.5 HTTP/1.1" 304 -
186.83.132.202 - - [21/Jan/2017:16:34:58 -0500] "GET /galeria/galeria/jquery.fancybox.css?v=2.1.5 HTTP/1.1" 304 -
66.249.64.51 - - [21/Jan/2017:16:34:59 -0500] "GET /BLA/resoluciones/Notificaciones/RESOLUCIONES%202016/00606.doc HTTP/1.1" 200 189961
66.249.64.51 - - [21/Jan/2017:16:35:10 -0500] "GET /BLA/resoluciones/AUTOS%202016/0054.pdf HTTP/1.1" 200 773982
66.249.64.51 - - [21/Jan/2017:16:35:13 -0500] "GET /BLA/resoluciones/RESOLUCIONES%202013/2315.pdf HTTP/1.1" 200 688475
186.170.100.10 - - [21/Jan/2017:16:35:14 -0500] "GET /BLA/resoluciones/RESOLUCIONES%202009/4698.pdf HTTP/1.1" 200 326782
186.170.100.10 - - [21/Jan/2017:16:35:14 -0500] "GET /favicon.ico HTTP/1.1" 200 7782
66.249.64.53 - - [21/Jan/2017:16:35:21 -0500] "GET /BLA/resoluciones/AUTOS%202014/7053.pdf HTTP/1.1" 200 633460
66.249.64.51 - - [21/Jan/2017:16:35:33 -0500] "GET /BLA/resoluciones/AUTOS%202015/3103.pdf HTTP/1.1" 200 383220
186.82.143.31 - - [21/Jan/2017:16:35:34 -0500] "POST /IsolucionSDA/Administracion/CatalogoGlosario.asp HTTP/1.1" 200 82881
66.249.64.53 - - [21/Jan/2017:16:35:44 -0500] "GET /BLA/resoluciones/RESOLUCIONES%202016/1030.pdf HTTP/1.1" 200 290077
66.249.64.51 - - [21/Jan/2017:16:35:56 -0500] "GET /BLA/resoluciones/AUTOS%202015/5566.pdf HTTP/1.1" 200 529529
66.249.64.51 - - [21/Jan/2017:16:36:07 -0500] "GET /BLA/resoluciones/AUTOS%202015/7175.pdf HTTP/1.1" 200 601306
192.168.175.104 - - [21/Jan/2017:16:36:07 -0500] "GET / HTTP/1.1" 200 9990
66.249.64.51 - - [21/Jan/2017:16:36:18 -0500] "GET /BLA/resoluciones/AUTOS%202015/4589.pdf HTTP/1.1" 200 534573
186.82.143.31 - - [21/Jan/2017:16:36:29 -0500] "POST /IsolucionSDA/Administracion/CatalogoGlosario.asp HTTP/1.1" 200 83100
66.249.64.53 - - [21/Jan/2017:16:36:30 -0500] "GET /BLA/resoluciones/AUTOS%202015/4981.pdf HTTP/1.1" 200 445812
66.249.64.55 - - [21/Jan/2017:16:36:41 -0500] "GET /BLA/resoluciones/AUTOS%202015/4642.pdf HTTP/1.1" 200 461701
192.168.175.104 - - [21/Jan/2017:16:36:42 -0500] "GET / HTTP/1.1" 200 9990
66.249.64.53 - - [21/Jan/2017:16:36:53 -0500] "GET /BLA/resoluciones/Notificaciones/RESOLUCIONES%202016/00528.doc HTTP/1.1" 200 190806
66.249.64.51 - - [21/Jan/2017:16:37:04 -0500] "GET /BLA/resoluciones/AUTOS%202015/6712.pdf HTTP/1.1" 200 627056
186.82.143.31 - - [21/Jan/2017:16:37:11 -0500] "GET /IsolucionSDA/Administracion/CatalogoGlosario.asp?Letra=B&CodCategoriaFiltro= HTTP/1.1" 200 24984
201.245.192.253 - - [21/Jan/2017:16:37:12 -0500] "GET /galeria/nivo-slider/demo/demo.html HTTP/1.1" 200 3690
201.245.192.253 - - [21/Jan/2017:16:37:13 -0500] "GET /galeria/nivo-slider/demo/images/banner%20web%20condecoraci%C3%B3n%20Augusto%20Angel-01-min.jpg HTTP/1.1" 200 196851
201.245.192.253 - - [21/Jan/2017:16:37:13 -0500] "GET /galeria/nivo-slider/demo/images/bannerwebincendiosforestales.jpg HTTP/1.1" 304 -
201.245.192.253 - - [21/Jan/2017:16:37:13 -0500] "GET /galeria/nivo-slider/demo/images/pieza%20webtinguas.jpg HTTP/1.1" 304 -
66.249.64.51 - - [21/Jan/2017:16:37:16 -0500] "GET /BLA/resoluciones/AUTOS%202015/0328.pdf HTTP/1.1" 200 314951
192.168.175.104 - - [21/Jan/2017:16:37:25 -0500] "GET / HTTP/1.0" 200 9990
66.249.64.51 - - [21/Jan/2017:16:37:27 -0500] "GET /BLA/resoluciones/AUTOS%202011/3976.pdf HTTP/1.1" 200 1138557
190.249.200.226 - - [21/Jan/2017:16:37:30 -0500] "GET /galeria/galeria/jquery.fancybox.css?v=2.1.5 HTTP/1.1" 200 4895
190.249.200.226 - - [21/Jan/2017:16:37:30 -0500] "GET /BLA/boletinlegal/js/jquery.scrollShow.js HTTP/1.1" 200 4586
190.249.200.226 - - [21/Jan/2017:16:37:30 -0500] "GET /galeria/galeria/jquery.fancybox.js?v=2.1.5 HTTP/1.1" 200 48706
190.249.200.226 - - [21/Jan/2017:16:37:33 -0500] "GET /BLA/boletinlegal/js/jquery.scrollShow.js HTTP/1.1" 304 -
190.249.200.226 - - [21/Jan/2017:16:37:33 -0500] "GET /galeria/galeria/jquery.fancybox.js?v=2.1.5 HTTP/1.1" 304 -
190.249.200.226 - - [21/Jan/2017:16:37:33 -0500] "GET /galeria/galeria/jquery.fancybox.css?v=2.1.5 HTTP/1.1" 304 -
66.249.64.51 - - [21/Jan/2017:16:37:38 -0500] "GET /BLA/resoluciones/AUTOS%202011/5803.pdf HTTP/1.1" 200 2872991
69.162.124.233 - - [21/Jan/2017:16:37:40 -0500] "HEAD / HTTP/1.1" 200 -
66.249.64.51 - - [21/Jan/2017:16:37:50 -0500] "GET /BLA/resoluciones/AUTOS%202015/5338.pdf HTTP/1.1" 200 893691
186.82.143.31 - - [21/Jan/2017:16:37:50 -0500] "POST /IsolucionSDA/Administracion/CatalogoGlosario.asp HTTP/1.1" 200 83100
66.249.64.53 - - [21/Jan/2017:16:38:01 -0500] "GET /BLA/resoluciones/AUTOS%202011/7618.pdf HTTP/1.1" 200 223832
66.249.64.55 - - [21/Jan/2017:16:38:04 -0500] "GET /BLA/resoluciones/Autos%202008/1595.pdf HTTP/1.1" 200 181939
66.249.64.53 - - [21/Jan/2017:16:38:13 -0500] "GET /BLA/resoluciones/AUTOS%202015/2563.pdf HTTP/1.1" 200 814776
163.172.66.39 - - [21/Jan/2017:16:38:24 -0500] "GET /BLA/resoluciones/RESOLUCIONES%202002/RES%202002%201551-1600/20021552.tif HTTP/1.1" 200 90158
186.82.143.31 - - [21/Jan/2017:16:38:33 -0500] "GET /IsolucionSDA/Administracion/CatalogoGlosario.asp?Letra=C&CodCategoriaFiltro= HTTP/1.1" 200 105381
66.249.64.55 - - [21/Jan/2017:16:38:35 -0500] "GET /BLA/resoluciones/AUTOS%202015/3092.pdf HTTP/1.1" 200 538642
66.249.64.53 - - [21/Jan/2017:16:38:47 -0500] "GET /BLA/resoluciones/RESOLUCIONES%202010/5356.pdf HTTP/1.1" 200 620622
186.82.143.31 - - [21/Jan/2017:16:38:51 -0500] "GET /IsolucionSDA/Administracion/CatalogoGlosario.asp?Accion=Traer&IdGlosario=252&Letra=C HTTP/1.1" 200 106354
66.249.64.51 - - [21/Jan/2017:16:38:58 -0500] "GET /BLA/resoluciones/AUTOS%202011/6170.pdf HTTP/1.1" 200 202918
66.249.64.51 - - [21/Jan/2017:16:39:10 -0500] "GET /BLA/resoluciones/RESOLUCIONES%202007/RES%202007%201301%20AL%201400/RESOLUCION%201328%20DE%202007.pdf HTTP/1.1" 200 252131
163.172.65.229 - - [21/Jan/2017:16:39:12 -0500] "GET /BLA/resoluciones/RESOLUCIONES%202004/RES%202004%20551-600/00000600.tif HTTP/1.1" 200 185774
66.249.64.53 - - [21/Jan/2017:16:39:21 -0500] "GET /BLA/resoluciones/AUTOS%202014/0394.pdf HTTP/1.1" 200 1133652
66.249.64.53 - - [21/Jan/2017:16:39:32 -0500] "GET /BLA/resoluciones/RESOLUCIONES%202009/7385.pdf HTTP/1.1" 200 765700
66.249.64.51 - - [21/Jan/2017:16:39:44 -0500] "GET /BLA/resoluciones/RESOLUCIONES%202011/5888.pdf HTTP/1.1" 200 663970
66.249.64.53 - - [21/Jan/2017:16:39:55 -0500] "GET /BLA/resoluciones/RESOLUCIONES%202007/RES%202007%20301%20AL%20400/RESOLUCION%200359%20DE%202007.pdf HTTP/1.1" 200 500777
186.82.143.31 - - [21/Jan/2017:16:40:02 -0500] "GET /IsolucionSDA/g/Bot_AmbientalOver_ESP.jpg HTTP/1.1" 200 5391
186.82.143.31 - - [21/Jan/2017:16:40:04 -0500] "GET /IsolucionSDA/FrameSetGeneral.asp?Pagina=Menu.asp&IdModulo=4 HTTP/1.1" 200 6455
186.82.143.31 - - [21/Jan/2017:16:40:04 -0500] "GET /IsolucionSDA/Encabezado.asp?Pagina=Menu.asp&IdModulo=4 HTTP/1.1" 200 15522
186.82.143.31 - - [21/Jan/2017:16:40:04 -0500] "GET /IsolucionSDA/BarraTitulos.asp?Pagina=Menu.asp&IdModulo=4 HTTP/1.1" 200 6857
186.82.143.31 - - [21/Jan/2017:16:40:04 -0500] "GET /IsolucionSDA/BarraFavoritos.asp HTTP/1.1" 200 911
186.82.143.31 - - [21/Jan/2017:16:40:04 -0500] "GET /IsolucionSDA/Menu.asp?Pagina=Menu.asp&IdModulo=4 HTTP/1.1" 200 17869
186.82.143.31 - - [21/Jan/2017:16:40:04 -0500] "GET /IsolucionSDA/Session.asp?Continue=1 HTTP/1.1" 200 6195
66.249.64.51 - - [21/Jan/2017:16:40:07 -0500] "GET /isolucionsda/bancoconocimiento/E/Elaboraciondelconceptotecnicodeestudiosdealinderamientoderios_quebradasycanalesdelarea_v3/anexo%20101.pdf HTTP/1.1" 200 83439
152.200.250.90 - - [21/Jan/2017:16:40:08 -0500] "GET /galeria/galeria/fotos/mirador4G.jpg HTTP/1.1" 200 159827
186.82.143.31 - - [21/Jan/2017:16:40:10 -0500] "GET /IsolucionSDA/FrameSetGeneral.asp?Pagina=Administracion/CatalogoGlosario.asp HTTP/1.1" 200 6530
186.82.143.31 - - [21/Jan/2017:16:40:10 -0500] "GET /IsolucionSDA/Encabezado.asp?Pagina=Administracion/CatalogoGlosario.asp HTTP/1.1" 200 15497
186.82.143.31 - - [21/Jan/2017:16:40:10 -0500] "GET /IsolucionSDA/BarraTitulos.asp?Pagina=Administracion/CatalogoGlosario.asp HTTP/1.1" 200 6857
186.82.143.31 - - [21/Jan/2017:16:40:10 -0500] "GET /IsolucionSDA/BarraFavoritos.asp HTTP/1.1" 200 911
186.82.143.31 - - [21/Jan/2017:16:40:10 -0500] "GET /IsolucionSDA/Administracion/CatalogoGlosario.asp?Pagina=Administracion/CatalogoGlosario.asp HTTP/1.1" 200 83014
186.82.143.31 - - [21/Jan/2017:16:40:10 -0500] "GET /IsolucionSDA/Session.asp?Continue=1 HTTP/1.1" 200 6195
190.157.72.67 - - [21/Jan/2017:16:40:10 -0500] "GET /galeria/galeria/jquery.fancybox.css?v=2.1.5 HTTP/1.1" 200 4895
190.157.72.67 - - [21/Jan/2017:16:40:10 -0500] "GET /BLA/boletinlegal/js/jquery.scrollShow.js HTTP/1.1" 200 4586
190.157.72.67 - - [21/Jan/2017:16:40:10 -0500] "GET /galeria/galeria/jquery.fancybox.js?v=2.1.5 HTTP/1.1" 200 48706
66.249.64.51 - - [21/Jan/2017:16:40:18 -0500] "GET /BLA/resoluciones/RESOLUCIONES%202009/6247.pdf HTTP/1.1" 200 465159
163.172.66.121 - - [21/Jan/2017:16:40:23 -0500] "GET /BLA/resoluciones/RESOLUCIONES%202004/RES%202004%201901-1950/00001947.tif HTTP/1.1" 200 47352
152.200.250.90 - - [21/Jan/2017:16:40:28 -0500] "GET /galeria/galeria/fotos/mirador3G.jpg HTTP/1.1" 200 131992
66.249.64.51 - - [21/Jan/2017:16:40:29 -0500] "GET /BLA/resoluciones/RESOLUCIONES%202011/5056.pdf HTTP/1.1" 200 520575
152.202.0.119 - - [21/Jan/2017:16:40:35 -0500] "GET /BLA/boletinlegal/js/jquery.scrollShow.js HTTP/1.1" 200 4586
152.202.0.119 - - [21/Jan/2017:16:40:35 -0500] "GET /galeria/galeria/jquery.fancybox.js?v=2.1.5 HTTP/1.1" 200 48706
152.202.0.119 - - [21/Jan/2017:16:40:35 -0500] "GET /galeria/galeria/jquery.fancybox.css?v=2.1.5 HTTP/1.1" 200 4895
66.249.88.7 - - [21/Jan/2017:16:40:35 -0500] "GET /BLA/boletinlegal/js/jquery.scrollShow.js HTTP/1.1" 200 4586
66.249.88.7 - - [21/Jan/2017:16:40:35 -0500] "GET /galeria/galeria/jquery.fancybox.js?v=2.1.5 HTTP/1.1" 200 48706
66.249.88.4 - - [21/Jan/2017:16:40:35 -0500] "GET /galeria/galeria/jquery.fancybox.css?v=2.1.5 HTTP/1.1" 200 4895
186.82.143.31 - - [21/Jan/2017:16:40:36 -0500] "POST /IsolucionSDA/Administracion/CatalogoGlosario.asp HTTP/1.1" 200 83100
66.249.64.55 - - [21/Jan/2017:16:40:41 -0500] "GET /BLA/resoluciones/RESOLUCIONES%202010/6044.pdf HTTP/1.1" 200 658973
66.249.88.4 - - [21/Jan/2017:16:40:50 -0500] "GET /galeria/galeria/jquery.fancybox.css?v=2.1.5 HTTP/1.1" 304 -
66.249.88.1 - - [21/Jan/2017:16:40:50 -0500] "GET /galeria/galeria/jquery.fancybox.js?v=2.1.5 HTTP/1.1" 304 -
66.249.88.1 - - [21/Jan/2017:16:40:50 -0500] "GET /BLA/boletinlegal/js/jquery.scrollShow.js HTTP/1.1" 304 -
66.249.64.51 - - [21/Jan/2017:16:40:52 -0500] "GET /BLA/resoluciones/RESOLUCIONES%202010/2375.pdf HTTP/1.1" 200 418572
186.82.143.31 - - [21/Jan/2017:16:41:00 -0500] "GET /IsolucionSDA/Administracion/CatalogoGlosario.asp?Letra=C&CodCategoriaFiltro= HTTP/1.1" 200 105614
66.249.64.51 - - [21/Jan/2017:16:41:04 -0500] "GET /BLA/resoluciones/AUTOS%202008/0983.pdf HTTP/1.1" 200 207981
192.168.175.104 - - [21/Jan/2017:16:41:06 -0500] "GET / HTTP/1.1" 200 9990
66.249.64.51 - - [21/Jan/2017:16:41:15 -0500] "GET /BLA/resoluciones/RESOLUCIONES%202008/5066.pdf HTTP/1.1" 200 372246
186.144.82.219 - - [21/Jan/2017:16:41:18 -0500] "GET /galeria/nivo-slider/demo/demo.html HTTP/1.1" 304 -
186.144.82.219 - - [21/Jan/2017:16:41:19 -0500] "GET /galeria/nivo-slider/demo/images/banner%20web%20condecoraci%C3%B3n%20Augusto%20Angel-01-min.jpg HTTP/1.1" 304 -
186.82.143.31 - - [21/Jan/2017:16:41:34 -0500] "POST /IsolucionSDA/Administracion/CatalogoGlosario.asp HTTP/1.1" 200 83100
66.249.64.51 - - [21/Jan/2017:16:41:38 -0500] "GET /BLA/resoluciones/RESOLUCIONES%202010/4407.pdf HTTP/1.1" 200 222319
192.168.175.104 - - [21/Jan/2017:16:41:40 -0500] "GET / HTTP/1.1" 200 9990
5.39.218.201 - - [21/Jan/2017:16:41:41 -0500] "GET /82172316237 HTTP/1.1" 404 1018
66.249.64.44 - - [21/Jan/2017:16:41:43 -0500] "GET /portel_dama/libreria/pdf/varios2006/IGA2004.pdf HTTP/1.1" 404 1018
66.249.64.51 - - [21/Jan/2017:16:41:49 -0500] "GET /BLA/resoluciones/RESOLUCIONES%202009/2037.pdf HTTP/1.1" 200 361808
163.172.65.132 - - [21/Jan/2017:16:41:55 -0500] "GET /BLA/resoluciones/RESOLUCIONES%202005/RES%202005%202251-2300/00002269.tif HTTP/1.1" 200 34668
186.82.143.31 - - [21/Jan/2017:16:41:55 -0500] "GET /IsolucionSDA/Administracion/CatalogoGlosario.asp?Letra=C&CodCategoriaFiltro= HTTP/1.1" 200 105848
66.249.64.51 - - [21/Jan/2017:16:42:12 -0500] "GET /BLA/resoluciones/RESOLUCIONES%202009/7819.pdf HTTP/1.1" 200 486061
163.172.65.228 - - [21/Jan/2017:16:42:19 -0500] "GET /BLA/resoluciones/RESOLUCIONES%202005/RES%202005%202201-2250/00002221.tif HTTP/1.1" 200 157100
192.168.175.104 - - [21/Jan/2017:16:42:23 -0500] "GET / HTTP/1.0" 200 9990
66.249.64.51 - - [21/Jan/2017:16:42:24 -0500] "GET /BLA/resoluciones/RESOLUCIONES%202007/RES%202007%20201%20AL%20300/RESOLUCION%200293%20DE%202007.pdf HTTP/1.1" 200 610342
190.9.211.98 - - [21/Jan/2017:16:42:26 -0500] "GET /BLA/boletinlegal/js/jquery.scrollShow.js HTTP/1.1" 200 4586
66.249.64.51 - - [21/Jan/2017:16:42:38 -0500] "GET /BLA/resoluciones/Autos%202008/3089.pdf HTTP/1.1" 200 62869
69.162.124.233 - - [21/Jan/2017:16:42:39 -0500] "HEAD / HTTP/1.1" 200 -
186.82.143.31 - - [21/Jan/2017:16:42:40 -0500] "POST /IsolucionSDA/Administracion/CatalogoGlosario.asp HTTP/1.1" 200 83100
66.249.64.51 - - [21/Jan/2017:16:42:45 -0500] "GET /galeria/galeria/fotos/boa8P.jpg HTTP/1.1" 200 28060
66.249.64.41 - - [21/Jan/2017:16:42:45 -0500] "GET /galeria/nivo-slider/themes/pascal/loading.gif HTTP/1.1" 200 1737
66.249.64.51 - - [21/Jan/2017:16:42:46 -0500] "GET /BLA/resoluciones/RESOLUCIONES%202007/RES%202007%201801%20AL%201900/RESOLUCION%201887%20DE%202007.pdf HTTP/1.1" 200 691884
186.82.143.31 - - [21/Jan/2017:16:43:02 -0500] "GET /IsolucionSDA/Administracion/CatalogoGlosario.asp?Letra=C&CodCategoriaFiltro= HTTP/1.1" 200 106092
66.249.64.53 - - [21/Jan/2017:16:43:09 -0500] "GET /BLA/resoluciones/AUTOS%202013/2232.pdf HTTP/1.1" 200 353656
163.172.66.123 - - [21/Jan/2017:16:43:10 -0500] "GET /BLA/resoluciones/RESOLUCIONES%202005/RES%202005%201151-1200/00001167.tif HTTP/1.1" 200 203392
66.249.88.4 - - [21/Jan/2017:16:43:51 -0500] "GET /BLA/boletinlegal/js/jquery.scrollShow.js HTTP/1.1" 304 -
66.249.88.7 - - [21/Jan/2017:16:43:51 -0500] "GET /galeria/galeria/jquery.fancybox.css?v=2.1.5 HTTP/1.1" 304 -
66.249.88.1 - - [21/Jan/2017:16:43:51 -0500] "GET /galeria/galeria/jquery.fancybox.js?v=2.1.5 HTTP/1.1" 304 -
66.249.64.51 - - [21/Jan/2017:16:43:55 -0500] "GET /BLA/resoluciones/RESOLUCIONES%202007/RES%202007%201001%20AL%201100/RESOLUCION%201006%20DE%202007.pdf HTTP/1.1" 200 421437
186.82.143.31 - - [21/Jan/2017:16:44:16 -0500] "POST /IsolucionSDA/Administracion/CatalogoGlosario.asp HTTP/1.1" 200 83100
66.249.64.51 - - [21/Jan/2017:16:44:29 -0500] "GET /Residuos/metalmecanica/files/search/search109.xml HTTP/1.1" 200 6653
69.162.124.232 - - [21/Jan/2017:16:44:37 -0500] "HEAD / HTTP/1.1" 200 -
66.249.64.51 - - [21/Jan/2017:16:44:41 -0500] "GET /BLA/resoluciones/RESOLUCIONES%202013/0176.pdf HTTP/1.1" 200 488319
66.249.64.53 - - [21/Jan/2017:16:45:01 -0500] "GET /BLA/resoluciones/Autos%202008/1261.pdf HTTP/1.1" 200 67126
66.249.64.57 - - [21/Jan/2017:16:45:23 -0500] "GET /BLA/boletinlegal/Directivas/2017/Directiva%20No.%2002%20del%2017%20de%20Enero%20de%202017.pdf HTTP/1.1" 200 3521427
131.253.24.139 - - [21/Jan/2017:16:45:33 -0500] "GET /galeria/galeria/jquery.fancybox.js?v=2.1.5 HTTP/1.1" 200 48706
131.253.24.145 - - [21/Jan/2017:16:45:33 -0500] "GET /BLA/boletinlegal/js/jquery.scrollShow.js HTTP/1.1" 200 4586
131.253.24.145 - - [21/Jan/2017:16:45:34 -0500] "GET /galeria/galeria/jquery.fancybox.css?v=2.1.5 HTTP/1.1" 200 4895
66.249.64.61 - - [21/Jan/2017:16:45:38 -0500] "GET /BLA/resoluciones/AUTOS%202010/2904.pdf HTTP/1.1" 200 84680
66.249.64.57 - - [21/Jan/2017:16:45:49 -0500] "GET /BLA/resoluciones/AUTOS%202010/5264.pdf HTTP/1.1" 200 2928546
186.82.143.31 - - [21/Jan/2017:16:45:55 -0500] "POST /IsolucionSDA/Administracion/CatalogoGlosario.asp HTTP/1.1" 200 83100
190.216.194.180 - - [21/Jan/2017:16:46:00 -0500] "-" 408 -
190.216.194.180 - - [21/Jan/2017:16:46:00 -0500] "-" 408 -
190.216.194.180 - - [21/Jan/2017:16:46:00 -0500] "-" 408 -
192.168.175.104 - - [21/Jan/2017:16:46:03 -0500] "GET / HTTP/1.1" 200 9990
186.82.143.31 - - [21/Jan/2017:16:46:03 -0500] "GET /IsolucionSDA/FrameSetGeneral.asp?Pagina=Menu.asp&IdModulo=4 HTTP/1.1" 200 6455
186.82.143.31 - - [21/Jan/2017:16:46:04 -0500] "GET /IsolucionSDA/Encabezado.asp?Pagina=Menu.asp&IdModulo=4 HTTP/1.1" 200 15522
186.82.143.31 - - [21/Jan/2017:16:46:04 -0500] "GET /IsolucionSDA/BarraTitulos.asp?Pagina=Menu.asp&IdModulo=4 HTTP/1.1" 200 6857
186.82.143.31 - - [21/Jan/2017:16:46:04 -0500] "GET /IsolucionSDA/BarraFavoritos.asp HTTP/1.1" 200 911
186.82.143.31 - - [21/Jan/2017:16:46:04 -0500] "GET /IsolucionSDA/Menu.asp?Pagina=Menu.asp&IdModulo=4 HTTP/1.1" 200 17869
131.253.36.196 - - [21/Jan/2017:16:46:04 -0500] "GET /galeria/galeria/jquery.fancybox.js?v=2.1.5 HTTP/1.1" 200 48706
65.55.212.84 - - [21/Jan/2017:16:46:04 -0500] "GET /BLA/boletinlegal/js/jquery.scrollShow.js HTTP/1.1" 200 4586
186.82.143.31 - - [21/Jan/2017:16:46:04 -0500] "GET /IsolucionSDA/Session.asp?Continue=1 HTTP/1.1" 200 6195
65.55.212.84 - - [21/Jan/2017:16:46:04 -0500] "GET /galeria/galeria/jquery.fancybox.css?v=2.1.5 HTTP/1.1" 200 4895
186.82.143.31 - - [21/Jan/2017:16:46:06 -0500] "GET /IsolucionSDA/FrameSetGeneral.asp?Pagina=Administracion/SalaEdicion/Magazines.asp HTTP/1.1" 200 6550
186.82.143.31 - - [21/Jan/2017:16:46:06 -0500] "GET /IsolucionSDA/Encabezado.asp?Pagina=Administracion/SalaEdicion/Magazines.asp HTTP/1.1" 200 15497
186.82.143.31 - - [21/Jan/2017:16:46:06 -0500] "GET /IsolucionSDA/BarraTitulos.asp?Pagina=Administracion/SalaEdicion/Magazines.asp HTTP/1.1" 200 6857
186.82.143.31 - - [21/Jan/2017:16:46:06 -0500] "GET /IsolucionSDA/Administracion/SalaEdicion/Magazines.asp?Pagina=Administracion/SalaEdicion/Magazines.asp HTTP/1.1" 200 8591
186.82.143.31 - - [21/Jan/2017:16:46:06 -0500] "GET /IsolucionSDA/BarraFavoritos.asp HTTP/1.1" 200 911
186.82.143.31 - - [21/Jan/2017:16:46:06 -0500] "GET /IsolucionSDA/Session.asp?Continue=1 HTTP/1.1" 200 6195
186.82.143.31 - - [21/Jan/2017:16:46:08 -0500] "GET /IsolucionSDA/Administracion/SalaEdicion/ArticuloMenu.asp?Palabra=&Buscar=Buscar&Letra=TODO HTTP/1.1" 200 57192
66.249.64.55 - - [21/Jan/2017:16:46:13 -0500] "GET /BLA/resoluciones/AUTOS%202010/1876.pdf HTTP/1.1" 200 216415
186.82.143.31 - - [21/Jan/2017:16:46:14 -0500] "POST /IsolucionSDA/Administracion/SalaEdicion/ArticuloMenu.asp HTTP/1.1" 200 24657
66.249.64.37 - - [21/Jan/2017:16:46:17 -0500] "GET /galeria/galeria/fotos/micos6P.jpg HTTP/1.1" 200 31809
163.172.65.193 - - [21/Jan/2017:16:46:20 -0500] "GET /BLA/resoluciones/RESOLUCIONES%202002/RES%202002%20301-350/00000324.tif HTTP/1.1" 200 125544
186.82.143.31 - - [21/Jan/2017:16:46:23 -0500] "POST /IsolucionSDA/Administracion/SalaEdicion/ArticuloMenu.asp HTTP/1.1" 200 19252
186.82.143.31 - - [21/Jan/2017:16:46:27 -0500] "GET /IsolucionSDA/javascript/ClickValidation.js HTTP/1.1" 404 5241
186.82.143.31 - - [21/Jan/2017:16:46:27 -0500] "GET /IsolucionSDA/Administracion/Graficas/vacio1x1.gif HTTP/1.1" 404 5255
186.82.143.31 - - [21/Jan/2017:16:46:27 -0500] "GET /IsolucionSDA/Administracion/SalaEdicion/g/GifTransparente.gif HTTP/1.1" 404 5279
186.82.143.31 - - [21/Jan/2017:16:46:26 -0500] "GET /IsolucionSDA/Administracion/SalaEdicion/Articulo.asp?Id_Articulo=10604 HTTP/1.1" 200 171014
23.228.111.106 - - [21/Jan/2017:16:46:35 -0500] "GET / HTTP/1.1" 200 9990
192.168.175.104 - - [21/Jan/2017:16:46:38 -0500] "GET / HTTP/1.1" 200 9990
66.249.64.51 - - [21/Jan/2017:16:47:04 -0500] "GET /portel_dama/libreria/pdf/varios2006/IGA2004.pdf HTTP/1.1" 404 1018
186.146.117.48 - - [21/Jan/2017:16:47:14 -0500] "GET /BLA/resoluciones/AUTOS%202009/1012.pdf HTTP/1.1" 200 174178
186.146.117.48 - - [21/Jan/2017:16:47:16 -0500] "GET /BLA/resoluciones/AUTOS%202009/1012.pdf HTTP/1.1" 206 65536
186.146.117.48 - - [21/Jan/2017:16:47:16 -0500] "GET /favicon.ico HTTP/1.1" 200 7782
186.146.117.48 - - [21/Jan/2017:16:47:16 -0500] "GET /BLA/resoluciones/AUTOS%202009/1012.pdf HTTP/1.1" 206 43106
186.82.143.31 - - [21/Jan/2017:16:47:16 -0500] "GET /IsolucionSDA/Administracion/SalaEdicion/Buscar.asp?Form=Admon&Campo2=Objeto43_1&tabla=Definicion&ListaSucursales=1 HTTP/1.1" 200 42594
66.249.64.53 - - [21/Jan/2017:16:47:17 -0500] "GET /BLA/resoluciones/AUTOS%202007/2977.pdf HTTP/1.1" 200 71678
192.168.175.104 - - [21/Jan/2017:16:47:20 -0500] "GET / HTTP/1.0" 200 9990
186.82.143.31 - - [21/Jan/2017:16:47:21 -0500] "POST /IsolucionSDA/Administracion/SalaEdicion/Buscar.asp HTTP/1.1" 200 10139
69.162.124.233 - - [21/Jan/2017:16:47:39 -0500] "HEAD / HTTP/1.1" 200 -
186.82.143.31 - - [21/Jan/2017:16:47:47 -0500] "GET /IsolucionSDA/Administracion/SalaEdicion/Buscar.asp?Form=Admon&Campo2=Objeto44_1&tabla=Definicion&ListaSucursales=1 HTTP/1.1" 200 42594
186.82.143.31 - - [21/Jan/2017:16:47:53 -0500] "POST /IsolucionSDA/Administracion/SalaEdicion/Buscar.asp HTTP/1.1" 200 10626
66.249.64.51 - - [21/Jan/2017:16:47:55 -0500] "GET /BLA/resoluciones/AUTOS%202012/2455.pdf HTTP/1.1" 200 467818
66.249.64.51 - - [21/Jan/2017:16:48:06 -0500] "GET /BLA/resoluciones/RESOLUCIONES%202016/1159.pdf HTTP/1.1" 200 559815
186.82.143.31 - - [21/Jan/2017:16:48:10 -0500] "GET /IsolucionSDA/Administracion/SalaEdicion/Buscar.asp?Form=Admon&Campo2=Objeto45_1&tabla=Definicion&ListaSucursales=1 HTTP/1.1" 200 42594
66.249.88.4 - - [21/Jan/2017:16:48:12 -0500] "GET /BLA/boletinlegal/js/jquery.scrollShow.js HTTP/1.1" 200 4586
66.249.88.4 - - [21/Jan/2017:16:48:13 -0500] "GET /galeria/galeria/jquery.fancybox.css?v=2.1.5 HTTP/1.1" 200 4895
66.249.88.7 - - [21/Jan/2017:16:48:13 -0500] "GET /galeria/galeria/jquery.fancybox.js?v=2.1.5 HTTP/1.1" 200 48706
186.82.143.31 - - [21/Jan/2017:16:48:13 -0500] "POST /IsolucionSDA/Administracion/SalaEdicion/Buscar.asp HTTP/1.1" 200 13948
66.249.64.51 - - [21/Jan/2017:16:48:16 -0500] "GET /BLA/resoluciones/Autos%202008/1790.pdf HTTP/1.1" 200 166355
186.82.143.31 - - [21/Jan/2017:16:48:20 -0500] "GET /IsolucionSDA/Administracion/SalaEdicion/Buscar.asp?Form=Admon&Campo2=Objeto46_1&tabla=Definicion&ListaSucursales=1 HTTP/1.1" 200 42594
66.249.88.7 - - [21/Jan/2017:16:48:23 -0500] "GET /BLA/boletinlegal/js/jquery.scrollShow.js HTTP/1.1" 304 -
66.249.88.4 - - [21/Jan/2017:16:48:23 -0500] "GET /galeria/galeria/jquery.fancybox.css?v=2.1.5 HTTP/1.1" 304 -
66.249.88.1 - - [21/Jan/2017:16:48:23 -0500] "GET /galeria/galeria/jquery.fancybox.js?v=2.1.5 HTTP/1.1" 304 -
186.82.143.31 - - [21/Jan/2017:16:48:39 -0500] "GET /IsolucionSDA/javascript/ClickValidation.js HTTP/1.1" 404 5241
186.82.143.31 - - [21/Jan/2017:16:48:39 -0500] "GET /IsolucionSDA/Administracion/SalaEdicion/g/GifTransparente.gif HTTP/1.1" 404 5279
186.82.143.31 - - [21/Jan/2017:16:48:39 -0500] "GET /IsolucionSDA/Administracion/Graficas/vacio1x1.gif HTTP/1.1" 404 5255
186.82.143.31 - - [21/Jan/2017:16:48:37 -0500] "POST /IsolucionSDA/Administracion/SalaEdicion/Articulo.asp HTTP/1.1" 200 171098
186.82.143.31 - - [21/Jan/2017:16:48:46 -0500] "GET /IsolucionSDA/Administracion/SalaEdicion/Buscar.asp?Form=Admon&Campo2=Objeto46_1&tabla=Definicion&ListaSucursales=1 HTTP/1.1" 200 42594
186.82.143.31 - - [21/Jan/2017:16:48:49 -0500] "POST /IsolucionSDA/Administracion/SalaEdicion/Buscar.asp HTTP/1.1" 200 10277
186.82.143.31 - - [21/Jan/2017:16:48:54 -0500] "GET /IsolucionSDA/javascript/ClickValidation.js HTTP/1.1" 404 5241
186.82.143.31 - - [21/Jan/2017:16:48:54 -0500] "GET /IsolucionSDA/Administracion/SalaEdicion/g/GifTransparente.gif HTTP/1.1" 404 5279
186.82.143.31 - - [21/Jan/2017:16:48:54 -0500] "GET /IsolucionSDA/Administracion/Graficas/vacio1x1.gif HTTP/1.1" 404 5255
186.82.143.31 - - [21/Jan/2017:16:48:52 -0500] "POST /IsolucionSDA/Administracion/SalaEdicion/Articulo.asp HTTP/1.1" 200 171130
66.249.64.51 - - [21/Jan/2017:16:49:14 -0500] "GET /BLA/resoluciones/AUTOS%202010/1826.pdf HTTP/1.1" 200 125691
186.82.143.31 - - [21/Jan/2017:16:49:19 -0500] "GET /IsolucionSDA/Administracion/SalaEdicion/Buscar.asp?Form=Admon&Campo2=Objeto47_1&tabla=Definicion&ListaSucursales=1 HTTP/1.1" 200 42594
186.82.143.31 - - [21/Jan/2017:16:49:22 -0500] "POST /IsolucionSDA/Administracion/SalaEdicion/Buscar.asp HTTP/1.1" 200 10106
163.172.66.98 - - [21/Jan/2017:16:49:24 -0500] "GET /BLA/resoluciones/RESOLUCIONES%202005/RES%202005%201201-1250/00001232.tif HTTP/1.1" 200 345820
66.249.64.53 - - [21/Jan/2017:16:49:37 -0500] "GET /BLA/resoluciones/AUTOS%202010/1905.pdf HTTP/1.1" 200 2920
186.82.143.31 - - [21/Jan/2017:16:49:38 -0500] "GET /IsolucionSDA/Administracion/SalaEdicion/Buscar.asp?Form=Admon&Campo2=Objeto48_1&tabla=Definicion&ListaSucursales=1 HTTP/1.1" 200 42594
186.82.143.31 - - [21/Jan/2017:16:49:40 -0500] "POST /IsolucionSDA/Administracion/SalaEdicion/Buscar.asp HTTP/1.1" 200 55302
186.82.143.31 - - [21/Jan/2017:16:49:44 -0500] "POST /IsolucionSDA/Administracion/SalaEdicion/Buscar.asp HTTP/1.1" 200 10844
194.87.238.17 - - [21/Jan/2017:16:49:48 -0500] "HEAD / HTTP/1.1" 200 -
186.82.143.31 - - [21/Jan/2017:16:49:50 -0500] "GET /IsolucionSDA/javascript/ClickValidation.js HTTP/1.1" 404 5241
186.82.143.31 - - [21/Jan/2017:16:49:50 -0500] "GET /IsolucionSDA/Administracion/SalaEdicion/g/GifTransparente.gif HTTP/1.1" 404 5279
186.82.143.31 - - [21/Jan/2017:16:49:50 -0500] "GET /IsolucionSDA/Administracion/Graficas/vacio1x1.gif HTTP/1.1" 404 5255
186.82.143.31 - - [21/Jan/2017:16:49:48 -0500] "POST /IsolucionSDA/Administracion/SalaEdicion/Articulo.asp HTTP/1.1" 200 171154
181.49.72.23 - - [21/Jan/2017:16:49:54 -0500] "GET /galeria/galeria/jquery.fancybox.css?v=2.1.5 HTTP/1.1" 200 4895
181.49.72.23 - - [21/Jan/2017:16:49:54 -0500] "GET /BLA/boletinlegal/js/jquery.scrollShow.js HTTP/1.1" 200 4586
181.49.72.23 - - [21/Jan/2017:16:49:54 -0500] "GET /galeria/galeria/jquery.fancybox.js?v=2.1.5 HTTP/1.1" 200 48706
186.82.143.31 - - [21/Jan/2017:16:49:53 -0500] "POST /IsolucionSDA/Administracion/SalaEdicion/Articulo.asp HTTP/1.1" 302 249
186.82.143.31 - - [21/Jan/2017:16:49:54 -0500] "GET /IsolucionSDA/Administracion/SalaEdicion/FrameSetVistaPrevia.asp?Articulo=T/Trabajoseguroenalturasyrescate_v1/Trabajoseguroenalturasyrescate_v1.asp&Id_Articulo=10604 HTTP/1.1" 200 6470
186.82.143.31 - - [21/Jan/2017:16:49:55 -0500] "GET /IsolucionSDA/Administracion/SalaEdicion/VistaPreviaAtras.asp?Id_Articulo=10604 HTTP/1.1" 200 320
186.82.143.31 - - [21/Jan/2017:16:49:55 -0500] "GET /ISOlucionSDA/BancoConocimiento/T/Trabajoseguroenalturasyrescate_v1/Trabajoseguroenalturasyrescate_v1.asp?Debug=YES&Id_Articulo=10604&VistaPrevia= HTTP/1.1" 200 34652
181.49.72.23 - - [21/Jan/2017:16:50:01 -0500] "GET /BLA/boletinlegal/js/jquery.scrollShow.js HTTP/1.1" 304 -
181.49.72.23 - - [21/Jan/2017:16:50:01 -0500] "GET /galeria/galeria/jquery.fancybox.js?v=2.1.5 HTTP/1.1" 304 -
181.49.72.23 - - [21/Jan/2017:16:50:01 -0500] "GET /galeria/galeria/jquery.fancybox.css?v=2.1.5 HTTP/1.1" 304 -
186.82.143.31 - - [21/Jan/2017:16:50:12 -0500] "GET /IsolucionSDA/g/Bot_SiguienteOver.jpg HTTP/1.1" 206 1
186.82.143.31 - - [21/Jan/2017:16:50:14 -0500] "GET /IsolucionSDA/g/Bot_HomeOver.jpg HTTP/1.1" 200 1879
186.82.143.31 - - [21/Jan/2017:16:50:21 -0500] "POST /IsolucionSDA/Administracion/SalaEdicion/Articulo.asp HTTP/1.1" 302 252
186.82.143.31 - - [21/Jan/2017:16:50:22 -0500] "GET /IsolucionSDA/Administracion/SalaEdicion/ArticuloAdicionarTipo.asp?Id_Articulo=10604&Contenido=ContenidoDefiniciones&OrdenTipo=49&Tipo=Definicion&Cantidad=1 HTTP/1.1" 302 183
186.82.143.31 - - [21/Jan/2017:16:50:23 -0500] "GET /IsolucionSDA/javascript/ClickValidation.js HTTP/1.1" 404 5241
186.82.143.31 - - [21/Jan/2017:16:50:23 -0500] "GET /IsolucionSDA/Administracion/SalaEdicion/g/GifTransparente.gif HTTP/1.1" 404 5279
186.82.143.31 - - [21/Jan/2017:16:50:23 -0500] "GET /IsolucionSDA/Administracion/Graficas/vacio1x1.gif HTTP/1.1" 404 5255
186.82.143.31 - - [21/Jan/2017:16:50:23 -0500] "GET /IsolucionSDA/Administracion/SalaEdicion/Articulo.asp?Id_Articulo=10604&Ancla=ContenidoDefiniciones HTTP/1.1" 200 173720
66.249.88.26 - - [21/Jan/2017:16:50:26 -0500] "GET /ecodirectorio/files/res/downloads/download_0088.pdf HTTP/1.1" 200 252781
186.82.143.31 - - [21/Jan/2017:16:50:31 -0500] "POST /IsolucionSDA/Administracion/SalaEdicion/Articulo.asp HTTP/1.1" 302 253
186.82.143.31 - - [21/Jan/2017:16:50:33 -0500] "GET /IsolucionSDA/Administracion/SalaEdicion/ArticuloAdicionarTipo.asp?Id_Articulo=10604&Contenido=ContenidoDefiniciones&OrdenTipo=50&Tipo=Definicion&Cantidad=10 HTTP/1.1" 302 183
186.82.143.31 - - [21/Jan/2017:16:50:33 -0500] "GET /IsolucionSDA/javascript/ClickValidation.js HTTP/1.1" 404 5241
186.82.143.31 - - [21/Jan/2017:16:50:33 -0500] "GET /IsolucionSDA/Administracion/SalaEdicion/g/GifTransparente.gif HTTP/1.1" 404 5279
186.82.143.31 - - [21/Jan/2017:16:50:33 -0500] "GET /IsolucionSDA/Administracion/Graficas/vacio1x1.gif HTTP/1.1" 404 5255
186.82.143.31 - - [21/Jan/2017:16:50:33 -0500] "GET /IsolucionSDA/Administracion/SalaEdicion/Articulo.asp?Id_Articulo=10604&Ancla=ContenidoDefiniciones HTTP/1.1" 200 197850
186.84.13.251 - - [21/Jan/2017:16:50:47 -0500] "GET /galeria/galeria/jquery.fancybox.css?v=2.1.5 HTTP/1.1" 200 4895
186.84.13.251 - - [21/Jan/2017:16:50:47 -0500] "GET /BLA/boletinlegal/js/jquery.scrollShow.js HTTP/1.1" 200 4586
186.84.13.251 - - [21/Jan/2017:16:50:47 -0500] "GET /galeria/galeria/jquery.fancybox.js?v=2.1.5 HTTP/1.1" 200 48706
186.82.143.31 - - [21/Jan/2017:16:50:50 -0500] "GET /IsolucionSDA/Administracion/SalaEdicion/Buscar.asp?Form=Admon&Campo2=Objeto49_1&tabla=Definicion&ListaSucursales=1 HTTP/1.1" 200 42594
186.84.13.251 - - [21/Jan/2017:16:50:54 -0500] "GET /BLA/boletinlegal/js/jquery.scrollShow.js HTTP/1.1" 304 -
186.84.13.251 - - [21/Jan/2017:16:50:54 -0500] "GET /galeria/galeria/jquery.fancybox.js?v=2.1.5 HTTP/1.1" 304 -
186.84.13.251 - - [21/Jan/2017:16:50:54 -0500] "GET /galeria/galeria/jquery.fancybox.css?v=2.1.5 HTTP/1.1" 304 -
186.82.143.31 - - [21/Jan/2017:16:50:55 -0500] "POST /IsolucionSDA/Administracion/SalaEdicion/Buscar.asp HTTP/1.1" 200 11065
66.249.64.51 - - [21/Jan/2017:16:50:56 -0500] "GET /portel_dama/libreria/pdf/polit_humedales.pdf HTTP/1.1" 404 1018
192.168.175.104 - - [21/Jan/2017:16:51:01 -0500] "GET / HTTP/1.1" 200 9990
66.249.64.41 - - [21/Jan/2017:16:51:09 -0500] "GET /Autoliquidacion/index.php?dir=Solicitudes%20relacionadas%20con%20calidad%20del%20aire%20auditiva%20y%20visual/Evaluaci%F3n%20de%20permisos%20de%20emisi%F3n%20para%20fuentes%20fijas/&sort=name&order=desc HTTP/1.1" 200 3662
69.162.124.232 - - [21/Jan/2017:16:51:12 -0500] "HEAD / HTTP/1.1" 200 -
186.82.143.31 - - [21/Jan/2017:16:51:27 -0500] "GET /IsolucionSDA/Administracion/SalaEdicion/Buscar.asp?Form=Admon&Campo2=Objeto50_1&tabla=Definicion&ListaSucursales=1 HTTP/1.1" 200 42594
186.82.143.31 - - [21/Jan/2017:16:51:29 -0500] "POST /IsolucionSDA/Administracion/SalaEdicion/Buscar.asp HTTP/1.1" 200 55302
181.59.27.206 - - [21/Jan/2017:16:51:33 -0500] "GET /galeria/galeria/jquery.fancybox.css?v=2.1.5 HTTP/1.1" 200 4895
181.59.27.206 - - [21/Jan/2017:16:51:33 -0500] "GET /BLA/boletinlegal/js/jquery.scrollShow.js HTTP/1.1" 200 4586
181.59.27.206 - - [21/Jan/2017:16:51:33 -0500] "GET /galeria/galeria/jquery.fancybox.js?v=2.1.5 HTTP/1.1" 200 48706
186.82.143.31 - - [21/Jan/2017:16:51:35 -0500] "POST /IsolucionSDA/Administracion/SalaEdicion/Buscar.asp HTTP/1.1" 200 12359
192.168.175.104 - - [21/Jan/2017:16:51:35 -0500] "GET / HTTP/1.1" 200 9990
186.82.143.31 - - [21/Jan/2017:16:51:38 -0500] "POST /IsolucionSDA/Administracion/SalaEdicion/Buscar.asp HTTP/1.1" 200 12360
181.59.27.206 - - [21/Jan/2017:16:51:46 -0500] "GET /galeria/galeria/jquery.fancybox.css?v=2.1.5 HTTP/1.1" 304 -
181.59.27.206 - - [21/Jan/2017:16:51:46 -0500] "GET /galeria/galeria/jquery.fancybox.js?v=2.1.5 HTTP/1.1" 304 -
181.59.27.206 - - [21/Jan/2017:16:51:46 -0500] "GET /BLA/boletinlegal/js/jquery.scrollShow.js HTTP/1.1" 304 -
186.82.143.31 - - [21/Jan/2017:16:52:02 -0500] "GET /IsolucionSDA/Administracion/SalaEdicion/Buscar.asp?Form=Admon&Campo2=Objeto51_1&tabla=Definicion&ListaSucursales=1 HTTP/1.1" 200 42594
186.82.143.31 - - [21/Jan/2017:16:52:04 -0500] "POST /IsolucionSDA/Administracion/SalaEdicion/Buscar.asp HTTP/1.1" 200 55302
186.82.143.31 - - [21/Jan/2017:16:52:09 -0500] "POST /IsolucionSDA/Administracion/SalaEdicion/Buscar.asp HTTP/1.1" 200 11250
190.67.234.137 - - [21/Jan/2017:16:52:16 -0500] "GET /BLA/resoluciones/RESOLUCIONES%202013/1364.pdf HTTP/1.1" 200 664571
192.168.175.104 - - [21/Jan/2017:16:52:18 -0500] "GET / HTTP/1.0" 200 9990
186.82.143.31 - - [21/Jan/2017:16:52:26 -0500] "GET /IsolucionSDA/Administracion/SalaEdicion/Buscar.asp?Form=Admon&Campo2=Objeto52_1&tabla=Definicion&ListaSucursales=1 HTTP/1.1" 200 42594
186.82.143.31 - - [21/Jan/2017:16:52:30 -0500] "POST /IsolucionSDA/Administracion/SalaEdicion/Buscar.asp HTTP/1.1" 200 12360
69.162.124.233 - - [21/Jan/2017:16:52:39 -0500] "HEAD / HTTP/1.1" 200 -
186.82.143.31 - - [21/Jan/2017:16:52:47 -0500] "GET /IsolucionSDA/Administracion/SalaEdicion/Buscar.asp?Form=Admon&Campo2=Objeto53_1&tabla=Definicion&ListaSucursales=1 HTTP/1.1" 200 42594
186.82.143.31 - - [21/Jan/2017:16:52:51 -0500] "POST /IsolucionSDA/Administracion/SalaEdicion/Buscar.asp HTTP/1.1" 200 11138
186.82.143.31 - - [21/Jan/2017:16:52:57 -0500] "GET /IsolucionSDA/javascript/ClickValidation.js HTTP/1.1" 404 5241
186.82.143.31 - - [21/Jan/2017:16:52:58 -0500] "GET /IsolucionSDA/Administracion/SalaEdicion/g/GifTransparente.gif HTTP/1.1" 404 5279
186.82.143.31 - - [21/Jan/2017:16:52:58 -0500] "GET /IsolucionSDA/Administracion/Graficas/vacio1x1.gif HTTP/1.1" 404 5255
186.82.143.31 - - [21/Jan/2017:16:52:56 -0500] "POST /IsolucionSDA/Administracion/SalaEdicion/Articulo.asp HTTP/1.1" 200 197866
186.82.143.31 - - [21/Jan/2017:16:53:00 -0500] "POST /IsolucionSDA/Administracion/SalaEdicion/Articulo.asp HTTP/1.1" 302 249
186.82.143.31 - - [21/Jan/2017:16:53:02 -0500] "GET /IsolucionSDA/Administracion/SalaEdicion/FrameSetVistaPrevia.asp?Articulo=T/Trabajoseguroenalturasyrescate_v1/Trabajoseguroenalturasyrescate_v1.asp&Id_Articulo=10604 HTTP/1.1" 200 6470
186.82.143.31 - - [21/Jan/2017:16:53:02 -0500] "GET /IsolucionSDA/Administracion/SalaEdicion/VistaPreviaAtras.asp?Id_Articulo=10604 HTTP/1.1" 200 320
186.82.143.31 - - [21/Jan/2017:16:53:02 -0500] "GET /ISOlucionSDA/BancoConocimiento/T/Trabajoseguroenalturasyrescate_v1/Trabajoseguroenalturasyrescate_v1.asp?Debug=YES&Id_Articulo=10604&VistaPrevia= HTTP/1.1" 200 37907
186.82.143.31 - - [21/Jan/2017:16:53:09 -0500] "GET /ISOlucionSDA/FrameSetGlosario.asp?Termino=CERTIFICADO+DE+COMPETENCIA+LABORAL HTTP/1.1" 200 6381
186.82.143.31 - - [21/Jan/2017:16:53:09 -0500] "GET /ISOlucionSDA/GlosarioDefinicion.asp?CodGlosario=3023 HTTP/1.1" 200 6629
186.82.143.31 - - [21/Jan/2017:16:53:09 -0500] "GET /ISOlucionSDA/GlosarioRelacionado.asp?CodGlosario=3023&Termino=GlosarioDefinicion.asp?CodGlosario=3023 HTTP/1.1" 200 6328
163.172.66.101 - - [21/Jan/2017:16:53:29 -0500] "GET /BLA/resoluciones/RESOLUCIONES%202002/RES%202002%201801-1850/20021835.tif HTTP/1.1" 200 241392
186.82.143.31 - - [21/Jan/2017:16:53:34 -0500] "GET /IsolucionSDA/g/Bot_SiguienteOver.jpg HTTP/1.1" 200 1668
186.82.143.31 - - [21/Jan/2017:16:53:34 -0500] "GET /IsolucionSDA/g/Bot_HomeOver.jpg HTTP/1.1" 200 1879
186.82.143.31 - - [21/Jan/2017:16:53:35 -0500] "GET /IsolucionSDA/g/Bot_AdministradorOver.jpg HTTP/1.1" 200 1630
186.82.143.31 - - [21/Jan/2017:16:53:35 -0500] "GET /IsolucionSDA/g/Bot_SiguienteOver.jpg HTTP/1.1" 200 1668
66.249.64.51 - - [21/Jan/2017:16:53:37 -0500] "GET /BLA/resoluciones/AUTOS%202008/0577.pdf HTTP/1.1" 200 98974
186.82.143.31 - - [21/Jan/2017:16:53:45 -0500] "GET /IsolucionSDA/Administracion/SalaEdicion/Buscar.asp?Form=Admon&Campo2=Objeto53_1&tabla=Definicion&ListaSucursales=1 HTTP/1.1" 200 42594
66.249.64.53 - - [21/Jan/2017:16:53:48 -0500] "GET /BLA/resoluciones/RESOLUCIONES%202010/3647.pdf HTTP/1.1" 200 724197
186.82.143.31 - - [21/Jan/2017:16:53:52 -0500] "POST /IsolucionSDA/Administracion/SalaEdicion/Buscar.asp HTTP/1.1" 200 11139
186.82.143.31 - - [21/Jan/2017:16:54:03 -0500] "GET /IsolucionSDA/g/Bot_AmbientalOver_ESP.jpg HTTP/1.1" 200 5391
186.82.143.31 - - [21/Jan/2017:16:54:07 -0500] "GET /IsolucionSDA/javascript/ClickValidation.js HTTP/1.1" 404 5241
186.82.143.31 - - [21/Jan/2017:16:54:07 -0500] "GET /IsolucionSDA/Administracion/Graficas/vacio1x1.gif HTTP/1.1" 404 5255
186.82.143.31 - - [21/Jan/2017:16:54:07 -0500] "GET /IsolucionSDA/Administracion/SalaEdicion/g/GifTransparente.gif HTTP/1.1" 404 5279
186.82.143.31 - - [21/Jan/2017:16:54:05 -0500] "POST /IsolucionSDA/Administracion/SalaEdicion/Articulo.asp HTTP/1.1" 200 197864
163.172.66.87 - - [21/Jan/2017:16:54:12 -0500] "GET /BLA/resoluciones/RESOLUCIONES%202006/RES%202006%201001-1050/00001020.tif HTTP/1.1" 200 76926
74.208.180.12 - - [21/Jan/2017:16:54:35 -0500] "GET /wp-admin/ HTTP/1.1" 404 1018
66.249.64.51 - - [21/Jan/2017:16:54:44 -0500] "GET /BLA/resoluciones/AUTOS%202009/2587.pdf HTTP/1.1" 200 86907
66.249.64.51 - - [21/Jan/2017:16:54:57 -0500] "GET /BLA/resoluciones/RESOLUCIONES%202008/5424.pdf HTTP/1.1" 200 306693
66.249.64.51 - - [21/Jan/2017:16:55:20 -0500] "GET /BLA/resoluciones/AUTOS%202008/2722.pdf HTTP/1.1" 200 75786
186.82.143.31 - - [21/Jan/2017:16:55:18 -0500] "POST /IsolucionSDA/Administracion/SalaEdicion/Articulo.asp HTTP/1.1" 302 249
186.82.143.31 - - [21/Jan/2017:16:55:20 -0500] "GET /IsolucionSDA/Administracion/SalaEdicion/FrameSetVistaPrevia.asp?Articulo=T/Trabajoseguroenalturasyrescate_v1/Trabajoseguroenalturasyrescate_v1.asp&Id_Articulo=10604 HTTP/1.1" 200 6470
186.82.143.31 - - [21/Jan/2017:16:55:20 -0500] "GET /IsolucionSDA/Administracion/SalaEdicion/VistaPreviaAtras.asp?Id_Articulo=10604 HTTP/1.1" 200 320
186.82.143.31 - - [21/Jan/2017:16:55:20 -0500] "GET /ISOlucionSDA/BancoConocimiento/T/Trabajoseguroenalturasyrescate_v1/Trabajoseguroenalturasyrescate_v1.asp?Debug=YES&Id_Articulo=10604&VistaPrevia= HTTP/1.1" 200 37893
66.249.64.53 - - [21/Jan/2017:16:55:31 -0500] "GET /BLA/resoluciones/AUTOS%202011/2036.pdf HTTP/1.1" 200 -
181.63.189.175 - - [21/Jan/2017:16:55:33 -0500] "HEAD /BLA/resoluciones/Notificaciones/AUTOS%202014/3940.doc HTTP/1.1" 200 -
181.63.189.175 - - [21/Jan/2017:16:55:33 -0500] "HEAD /BLA/resoluciones/Notificaciones/AUTOS%202014/3940.doc HTTP/1.1" 200 -
181.63.189.175 - - [21/Jan/2017:16:55:33 -0500] "GET /BLA/resoluciones/Notificaciones/AUTOS%202014/3940.doc HTTP/1.1" 200 140288
186.82.143.31 - - [21/Jan/2017:16:55:38 -0500] "GET /ISOlucionSDA/FrameSetGlosario.asp?Termino=CERTIFICADO+DE+CAPACITACI%D3N HTTP/1.1" 200 6381
186.82.143.31 - - [21/Jan/2017:16:55:38 -0500] "GET /ISOlucionSDA/GlosarioDefinicion.asp?CodGlosario=3024 HTTP/1.1" 200 6641
186.82.143.31 - - [21/Jan/2017:16:55:38 -0500] "GET /ISOlucionSDA/GlosarioRelacionado.asp?CodGlosario=3024&Termino=GlosarioDefinicion.asp?CodGlosario=3024 HTTP/1.1" 200 6321
66.249.64.51 - - [21/Jan/2017:16:55:42 -0500] "GET /BLA/resoluciones/AUTOS%202015/2587.pdf HTTP/1.1" 200 570478
2.31.75.223 - - [21/Jan/2017:16:55:52 -0500] "GET /wp-login.php HTTP/1.1" 404 1018
2.31.75.223 - - [21/Jan/2017:16:55:53 -0500] "GET / HTTP/1.1" 200 9990
66.249.64.51 - - [21/Jan/2017:16:55:54 -0500] "GET /BLA/resoluciones/AUTOS%202015/3293.pdf HTTP/1.1" 200 577469
192.168.175.104 - - [21/Jan/2017:16:55:59 -0500] "GET / HTTP/1.1" 200 9990
181.49.73.162 - - [21/Jan/2017:16:56:08 -0500] "GET /galeria/galeria/jquery.fancybox.css?v=2.1.5 HTTP/1.1" 200 4895
181.49.73.162 - - [21/Jan/2017:16:56:08 -0500] "GET /BLA/boletinlegal/js/jquery.scrollShow.js HTTP/1.1" 200 4586
181.49.73.162 - - [21/Jan/2017:16:56:08 -0500] "GET /galeria/galeria/jquery.fancybox.js?v=2.1.5 HTTP/1.1" 200 48706
181.49.73.162 - - [21/Jan/2017:16:56:13 -0500] "GET /BLA/boletinlegal/js/jquery.scrollShow.js HTTP/1.1" 304 -
181.49.73.162 - - [21/Jan/2017:16:56:13 -0500] "GET /galeria/galeria/jquery.fancybox.js?v=2.1.5 HTTP/1.1" 304 -
181.49.73.162 - - [21/Jan/2017:16:56:13 -0500] "GET /galeria/galeria/jquery.fancybox.css?v=2.1.5 HTTP/1.1" 304 -
66.249.64.51 - - [21/Jan/2017:16:56:17 -0500] "GET /BLA/resoluciones/AUTOS%202015/6113.pdf HTTP/1.1" 200 632876
66.249.64.51 - - [21/Jan/2017:16:56:30 -0500] "GET /BLA/resoluciones/RESOLUCIONES%202007/RES%202007%202001%20AL%202100/RESOLUCION%202004%20DE%202007.pdf HTTP/1.1" 200 553603
192.168.175.104 - - [21/Jan/2017:16:56:33 -0500] "GET / HTTP/1.1" 200 9990
195.133.48.121 - - [21/Jan/2017:16:56:46 -0500] "HEAD / HTTP/1.1" 200 -
186.82.143.31 - - [21/Jan/2017:16:56:50 -0500] "GET /IsolucionSDA/FrameSetGeneral.asp?Pagina=Menu.asp&IdModulo=4 HTTP/1.1" 200 6455
186.82.143.31 - - [21/Jan/2017:16:56:50 -0500] "GET /IsolucionSDA/Encabezado.asp?Pagina=Menu.asp&IdModulo=4 HTTP/1.1" 200 15522
186.82.143.31 - - [21/Jan/2017:16:56:50 -0500] "GET /IsolucionSDA/BarraTitulos.asp?Pagina=Menu.asp&IdModulo=4 HTTP/1.1" 200 6857
186.82.143.31 - - [21/Jan/2017:16:56:50 -0500] "GET /IsolucionSDA/BarraFavoritos.asp HTTP/1.1" 200 911
186.82.143.31 - - [21/Jan/2017:16:56:50 -0500] "GET /IsolucionSDA/Menu.asp?Pagina=Menu.asp&IdModulo=4 HTTP/1.1" 200 17869
186.82.143.31 - - [21/Jan/2017:16:56:51 -0500] "GET /IsolucionSDA/Session.asp?Continue=1 HTTP/1.1" 200 6195
66.249.64.51 - - [21/Jan/2017:16:56:51 -0500] "GET /BLA/resoluciones/AUTOS%202011/5404.pdf HTTP/1.1" 200 205069
186.82.143.31 - - [21/Jan/2017:16:56:56 -0500] "GET /IsolucionSDA/FrameSetGeneral.asp?Pagina=Administracion/CatalogoGlosario.asp HTTP/1.1" 200 6530
186.82.143.31 - - [21/Jan/2017:16:56:56 -0500] "GET /IsolucionSDA/Encabezado.asp?Pagina=Administracion/CatalogoGlosario.asp HTTP/1.1" 200 15497
186.82.143.31 - - [21/Jan/2017:16:56:56 -0500] "GET /IsolucionSDA/BarraTitulos.asp?Pagina=Administracion/CatalogoGlosario.asp HTTP/1.1" 200 6857
186.82.143.31 - - [21/Jan/2017:16:56:56 -0500] "GET /IsolucionSDA/BarraFavoritos.asp HTTP/1.1" 200 911
186.82.143.31 - - [21/Jan/2017:16:56:56 -0500] "GET /IsolucionSDA/Administracion/CatalogoGlosario.asp?Pagina=Administracion/CatalogoGlosario.asp HTTP/1.1" 200 83014
186.82.143.31 - - [21/Jan/2017:16:56:57 -0500] "GET /IsolucionSDA/Session.asp?Continue=1 HTTP/1.1" 200 6195
66.249.64.51 - - [21/Jan/2017:16:57:02 -0500] "GET /BLA/resoluciones/AUTOS%202007/3193.pdf HTTP/1.1" 200 79350
66.249.64.51 - - [21/Jan/2017:16:57:14 -0500] "GET /BLA/resoluciones/RESOLUCIONES%202010/0620.pdf HTTP/1.1" 200 525794
192.168.175.104 - - [21/Jan/2017:16:57:16 -0500] "GET / HTTP/1.0" 200 9990
123.126.113.85 - - [21/Jan/2017:16:57:21 -0500] "GET /transparencia/directorioservidores/MANUAL%20DE%20FUNCIONES%2002666%20DEL%204-DIC-2015.pdf HTTP/1.1" 200 52098444
157.55.39.243 - - [21/Jan/2017:16:57:33 -0500] "GET / HTTP/1.1" 200 9990
66.249.64.55 - - [21/Jan/2017:16:57:36 -0500] "GET /BLA/resoluciones/AUTOS%202007/3331.pdf HTTP/1.1" 200 72614
69.162.124.233 - - [21/Jan/2017:16:57:39 -0500] "HEAD / HTTP/1.1" 200 -
186.82.143.31 - - [21/Jan/2017:16:57:41 -0500] "POST /IsolucionSDA/Administracion/CatalogoGlosario.asp HTTP/1.1" 200 83100
66.249.64.53 - - [21/Jan/2017:16:57:48 -0500] "GET /BLA/resoluciones/RESOLUCIONES%202008/1218.pdf HTTP/1.1" 200 64969
190.165.90.173 - - [21/Jan/2017:16:57:54 -0500] "GET /BLA/resoluciones/AUTOS%202013/3439.pdf HTTP/1.1" 200 485399
190.165.90.173 - - [21/Jan/2017:16:57:54 -0500] "GET /favicon.ico HTTP/1.1" 200 7782
190.165.90.173 - - [21/Jan/2017:16:57:56 -0500] "GET /BLA/resoluciones/AUTOS%202013/3439.pdf HTTP/1.1" 206 465903
66.249.64.51 - - [21/Jan/2017:16:57:59 -0500] "GET /BLA/resoluciones/RESOLUCIONES%202008/4413.pdf HTTP/1.1" 200 655484
163.172.65.226 - - [21/Jan/2017:16:58:01 -0500] "GET /BLA/resoluciones/RESOLUCIONES%202006/RES%202006%201101-1150/00001147.tif HTTP/1.1" 200 216074
66.249.88.4 - - [21/Jan/2017:16:58:19 -0500] "GET /BLA/boletinlegal/js/jquery.scrollShow.js HTTP/1.1" 200 4586
66.249.88.4 - - [21/Jan/2017:16:58:19 -0500] "GET /galeria/galeria/jquery.fancybox.css?v=2.1.5 HTTP/1.1" 200 4895
66.249.88.1 - - [21/Jan/2017:16:58:19 -0500] "GET /galeria/galeria/jquery.fancybox.js?v=2.1.5 HTTP/1.1" 200 48706
181.142.171.226 - - [21/Jan/2017:16:58:20 -0500] "GET /dama/libreria/php/imagenes/16.jpg HTTP/1.1" 404 1371
66.249.88.1 - - [21/Jan/2017:16:58:25 -0500] "GET /galeria/galeria/jquery.fancybox.js?v=2.1.5 HTTP/1.1" 304 -
66.249.88.7 - - [21/Jan/2017:16:58:25 -0500] "GET /galeria/galeria/jquery.fancybox.css?v=2.1.5 HTTP/1.1" 304 -
66.249.88.7 - - [21/Jan/2017:16:58:25 -0500] "GET /BLA/boletinlegal/js/jquery.scrollShow.js HTTP/1.1" 304 -
66.249.64.51 - - [21/Jan/2017:16:58:34 -0500] "GET /BLA/resoluciones/AUTOS%202007/1169.pdf HTTP/1.1" 200 39705
66.249.64.53 - - [21/Jan/2017:16:58:45 -0500] "GET /BLA/resoluciones/Notificaciones/RESOLUCIONES%202016/00642.doc HTTP/1.1" 200 196362
207.46.13.21 - - [21/Jan/2017:16:58:50 -0500] "GET /galeria/galeria/fotos/mico1G.jpg HTTP/1.1" 200 241617
66.249.64.51 - - [21/Jan/2017:16:59:08 -0500] "GET /BLA/resoluciones/AUTOS%202007/2578.pdf HTTP/1.1" 200 62616
163.172.65.113 - - [21/Jan/2017:16:59:09 -0500] "GET /BLA/resoluciones/AUTOS%202006/AUTOS%202006%20801-900/00000881.tif HTTP/1.1" 200 40944
163.172.65.189 - - [21/Jan/2017:16:59:24 -0500] "GET /BLA/resoluciones/RESOLUCIONES%202004/RES%202004%20201-250/00000217.tif HTTP/1.1" 200 181112
66.249.64.51 - - [21/Jan/2017:16:59:31 -0500] "GET /BLA/resoluciones/AUTOS%202011/5969.pdf HTTP/1.1" 200 2094644
163.172.65.114 - - [21/Jan/2017:16:59:32 -0500] "GET /BLA/resoluciones/RESOLUCIONES%202006/RES%202006%20701-750/00000744.tif HTTP/1.1" 200 246496
66.249.64.55 - - [21/Jan/2017:16:59:42 -0500] "GET /BLA/resoluciones/AUTOS%202007/0014.pdf HTTP/1.1" 200 180336
66.249.64.53 - - [21/Jan/2017:16:59:53 -0500] "GET /BLA/resoluciones/AUTOS%202015/3683.pdf HTTP/1.1" 200 582849
66.249.64.51 - - [21/Jan/2017:17:00:05 -0500] "GET /BLA/resoluciones/Autos%202008/3366.pdf HTTP/1.1" 200 102162
66.249.64.51 - - [21/Jan/2017:17:00:06 -0500] "GET /BLA/resoluciones/AUTOS%202007/1354.pdf HTTP/1.1" 200 54648
66.249.64.51 - - [21/Jan/2017:17:00:16 -0500] "GET /BLA/resoluciones/AUTOS%202007/3359.pdf HTTP/1.1" 200 99954
163.172.66.10 - - [21/Jan/2017:17:00:19 -0500] "GET /BLA/resoluciones/RESOLUCIONES%202002/RES%202002%20701-750/00000745.tif HTTP/1.1" 200 100488
66.249.64.51 - - [21/Jan/2017:17:00:28 -0500] "GET /BLA/resoluciones/AUTOS%202007/3367.pdf HTTP/1.1" 200 335537
66.249.64.55 - - [21/Jan/2017:17:00:39 -0500] "GET /BLA/resoluciones/Notificaciones/RESOLUCIONES%202016/00526.doc HTTP/1.1" 200 190878
66.249.64.53 - - [21/Jan/2017:17:00:50 -0500] "GET /BLA/resoluciones/RESOLUCIONES%202008/1995.pdf HTTP/1.1" 200 267444
192.168.175.104 - - [21/Jan/2017:17:00:57 -0500] "GET / HTTP/1.1" 200 9990
66.249.64.51 - - [21/Jan/2017:17:01:00 -0500] "GET /BLA/resoluciones/Autos%202008/0530.pdf HTTP/1.1" 200 90936
66.249.64.51 - - [21/Jan/2017:17:01:02 -0500] "GET /BLA/resoluciones/AUTOS%202014/0412.pdf HTTP/1.1" 200 664620
66.249.64.51 - - [21/Jan/2017:17:01:13 -0500] "GET /Residuos/farmaceutica/files/search/searchtext.xml HTTP/1.1" 200 204187
66.249.64.51 - - [21/Jan/2017:17:01:25 -0500] "GET /BLA/resoluciones/AUTOS%202011/5400.pdf HTTP/1.1" 200 134898
192.168.175.104 - - [21/Jan/2017:17:01:31 -0500] "GET / HTTP/1.1" 200 9990
66.249.64.51 - - [21/Jan/2017:17:01:36 -0500] "GET /BLA/resoluciones/AUTOS%202007/3344.pdf HTTP/1.1" 200 283615
