190.255.243.4 - - [29/Mar/2017:00:51:58 -0500] "GET /galeria/nivo-slider/demo/demo.html HTTP/1.1" 200 3386
190.255.243.4 - - [29/Mar/2017:00:51:58 -0500] "GET /galeria/carrusel/Carrusel/jquery.thumbnailScroller.js HTTP/1.1" 200 8157
190.255.243.4 - - [29/Mar/2017:00:51:59 -0500] "GET /galeria/nivo-slider/themes/default/default.css HTTP/1.1" 200 1569
190.255.243.4 - - [29/Mar/2017:00:51:59 -0500] "GET /galeria/nivo-slider/themes/pascal/pascal.css HTTP/1.1" 200 2258
190.255.243.4 - - [29/Mar/2017:00:51:59 -0500] "GET /galeria/nivo-slider/themes/orman/orman.css HTTP/1.1" 200 2152
190.255.243.4 - - [29/Mar/2017:00:51:59 -0500] "GET /galeria/nivo-slider/nivo-slider.css HTTP/1.1" 200 1507
190.255.243.4 - - [29/Mar/2017:00:51:59 -0500] "GET /galeria/nivo-slider/demo/style.css HTTP/1.1" 200 2222
190.255.243.4 - - [29/Mar/2017:00:51:59 -0500] "GET /galeria/nivo-slider/demo/scripts/jquery-1.7.1.min.js HTTP/1.1" 200 93868
190.255.243.4 - - [29/Mar/2017:00:51:59 -0500] "GET /galeria/nivo-slider/jquery.nivo.slider.pack.js HTTP/1.1" 200 11561
190.255.243.4 - - [29/Mar/2017:00:51:59 -0500] "GET /galeria/nivo-slider/demo/images/bannerrendiciondecuentasalcaldia2-01.jpg HTTP/1.1" 200 147275
190.255.243.4 - - [29/Mar/2017:00:51:59 -0500] "GET /galeria/nivo-slider/demo/images/BANNERCAMINATAS%20ECOLOGICAS%20MARZO.jpg HTTP/1.1" 200 266671
190.255.243.4 - - [29/Mar/2017:00:51:59 -0500] "GET /galeria/nivo-slider/themes/default/loading.gif HTTP/1.1" 200 1737
190.255.243.4 - - [29/Mar/2017:00:51:59 -0500] "GET /galeria/nivo-slider/demo/images/4Simple_Slider.png HTTP/1.1" 200 11722
190.255.243.4 - - [29/Mar/2017:00:51:59 -0500] "GET /galeria/nivo-slider/demo/images/banner%20car.jpg HTTP/1.1" 200 165620
190.255.243.4 - - [29/Mar/2017:00:51:59 -0500] "GET /galeria/nivo-slider/demo/images/bannerlumina2017web.jpg HTTP/1.1" 200 198918
190.255.243.4 - - [29/Mar/2017:00:52:00 -0500] "GET /galeria/nivo-slider/demo/images/banner%20aceite%20vegetal%20usado.jpg HTTP/1.1" 200 169350
190.255.243.4 - - [29/Mar/2017:00:52:01 -0500] "GET /galeria/nivo-slider/demo/images/Bannersecretariadegobierno.jpg HTTP/1.1" 200 110589
190.255.243.4 - - [29/Mar/2017:00:52:01 -0500] "GET /galeria/nivo-slider/demo/images/BANNERARBOLES.jpg HTTP/1.1" 200 227630
190.255.243.4 - - [29/Mar/2017:00:52:02 -0500] "GET /galeria/nivo-slider/demo/images/Ruta-vertimientos-01.jpg HTTP/1.1" 200 130151
190.255.243.4 - - [29/Mar/2017:00:52:02 -0500] "GET /galeria/nivo-slider/demo/images/bolsas-06.jpg HTTP/1.1" 200 210950
190.255.243.4 - - [29/Mar/2017:00:52:11 -0500] "GET /galeria/nivo-slider/themes/default/bullets.png HTTP/1.1" 200 1281
190.255.243.4 - - [29/Mar/2017:00:52:11 -0500] "GET /galeria/nivo-slider/themes/default/arrows.png HTTP/1.1" 200 824
66.249.64.43 - - [29/Mar/2017:00:52:14 -0500] "GET /portel_dama/libreria/php/2006/restauracion/22_proye/xtras_in/2a.pdf HTTP/1.1" 404 1019
66.249.64.57 - - [29/Mar/2017:00:52:16 -0500] "GET /BLA/resoluciones/RESOLUCIONES%202014/1970.pdf HTTP/1.1" 200 733139
66.249.64.55 - - [29/Mar/2017:00:52:35 -0500] "GET /BLA/resoluciones/RESOLUCIONES%202011/0858.pdf HTTP/1.1" 200 370566
66.249.64.55 - - [29/Mar/2017:00:52:55 -0500] "GET /BLA/resoluciones/RESOLUCIONES%202013/1193.pdf HTTP/1.1" 200 579786
192.168.175.104 - - [29/Mar/2017:00:53:16 -0500] "GET / HTTP/1.1" 200 9990
66.249.64.61 - - [29/Mar/2017:00:53:10 -0500] "GET /videos/NuestraGente14.flv HTTP/1.1" 200 64127012
192.168.175.104 - - [29/Mar/2017:00:53:31 -0500] "GET / HTTP/1.1" 200 9990
66.249.64.26 - - [29/Mar/2017:00:53:40 -0500] "GET /portel_dama/libreria/pdf/ecosistemas/restauracion/sitio/22_proye/xtras_in/3a.pdf HTTP/1.1" 404 1015
186.97.225.36 - - [29/Mar/2017:00:53:41 -0500] "GET /galeria/galeria/jquery.fancybox.css?v=2.1.5 HTTP/1.1" 200 4895
186.97.225.36 - - [29/Mar/2017:00:53:41 -0500] "GET /BLA/boletinlegal/js/jquery.scrollShow.js HTTP/1.1" 200 4586
186.97.225.36 - - [29/Mar/2017:00:53:41 -0500] "GET /galeria/galeria/jquery.fancybox.js?v=2.1.5 HTTP/1.1" 200 48706
66.249.64.57 - - [29/Mar/2017:00:53:44 -0500] "GET /BLA/resoluciones/RESOLUCIONES%202010/6771.pdf HTTP/1.1" 200 246022
192.168.175.104 - - [29/Mar/2017:00:53:46 -0500] "GET / HTTP/1.0" 200 9990
66.249.64.51 - - [29/Mar/2017:00:53:49 -0500] "GET /BLA/resoluciones/RESOLUCIONES%202010/6899.pdf HTTP/1.1" 200 384257
66.249.64.57 - - [29/Mar/2017:00:53:55 -0500] "GET /BLA/resoluciones/AUTOS%202009/0988.pdf HTTP/1.1" 200 207152
66.249.64.55 - - [29/Mar/2017:00:54:14 -0500] "GET /BLA/resoluciones/RESOLUCIONES%202013/0654.pdf HTTP/1.1" 200 7486194
66.249.64.53 - - [29/Mar/2017:00:54:34 -0500] "GET /BLA/resoluciones/RESOLUCIONES%202007/RES%202007%201901%20AL%202000/RESOLUCION%201937%20DE%202007.pdf HTTP/1.1" 200 596293
66.249.64.51 - - [29/Mar/2017:00:54:54 -0500] "GET /BLA/resoluciones/RESOLUCIONES%202009/8452.pdf HTTP/1.1" 200 285167
200.118.226.146 - - [29/Mar/2017:00:54:57 -0500] "GET /galeria/galeria/jquery.fancybox.css?v=2.1.5 HTTP/1.1" 200 4895
200.118.226.146 - - [29/Mar/2017:00:54:57 -0500] "GET /galeria/galeria/jquery.fancybox.js?v=2.1.5 HTTP/1.1" 200 48706
200.118.226.146 - - [29/Mar/2017:00:54:57 -0500] "GET /BLA/boletinlegal/js/jquery.scrollShow.js HTTP/1.1" 200 4586
200.118.226.146 - - [29/Mar/2017:00:55:01 -0500] "GET /galeria/galeria/jquery.fancybox.css?v=2.1.5 HTTP/1.1" 304 -
200.118.226.146 - - [29/Mar/2017:00:55:01 -0500] "GET /galeria/galeria/jquery.fancybox.js?v=2.1.5 HTTP/1.1" 304 -
200.118.226.146 - - [29/Mar/2017:00:55:01 -0500] "GET /BLA/boletinlegal/js/jquery.scrollShow.js HTTP/1.1" 304 -
66.249.64.55 - - [29/Mar/2017:00:55:14 -0500] "GET /BLA/resoluciones/RESOLUCIONES%202009/3546.pdf HTTP/1.1" 200 701755
69.162.124.233 - - [29/Mar/2017:00:55:21 -0500] "HEAD / HTTP/1.1" 200 -
181.225.102.180 - - [29/Mar/2017:00:55:27 -0500] "GET /galeria/galeria/jquery.fancybox.css?v=2.1.5 HTTP/1.1" 200 4895
181.225.102.180 - - [29/Mar/2017:00:55:27 -0500] "GET /BLA/boletinlegal/js/jquery.scrollShow.js HTTP/1.1" 200 4586
181.225.102.180 - - [29/Mar/2017:00:55:27 -0500] "GET /galeria/galeria/jquery.fancybox.js?v=2.1.5 HTTP/1.1" 200 48706
66.249.64.43 - - [29/Mar/2017:00:55:34 -0500] "GET /PruebasSTORM/StormSDA_pruebas/userFiles/user_files/formulas/3/17.xml HTTP/1.1" 200 1066
66.249.64.55 - - [29/Mar/2017:00:56:43 -0500] "GET /BLA/resoluciones/RESOLUCIONES%202016/0528.pdf HTTP/1.1" 200 526743
66.249.64.51 - - [29/Mar/2017:00:56:44 -0500] "GET /BLA/resoluciones/Autos%202008/1955.pdf HTTP/1.1" 200 94747
201.244.47.101 - - [29/Mar/2017:00:57:00 -0500] "GET /BLA/boletinlegal/js/jquery.scrollShow.js HTTP/1.1" 200 4586
201.244.47.101 - - [29/Mar/2017:00:57:00 -0500] "GET /galeria/galeria/jquery.fancybox.css?v=2.1.5 HTTP/1.1" 200 4895
201.244.47.101 - - [29/Mar/2017:00:57:00 -0500] "GET /galeria/galeria/jquery.fancybox.js?v=2.1.5 HTTP/1.1" 200 48706
66.249.64.63 - - [29/Mar/2017:00:56:57 -0500] "GET /videos/NuestraGente15.flv HTTP/1.1" 200 69442588
201.244.47.101 - - [29/Mar/2017:00:57:25 -0500] "GET /galeria/galeria/jquery.fancybox.css?v=2.1.5 HTTP/1.1" 304 -
201.244.47.101 - - [29/Mar/2017:00:57:25 -0500] "GET /BLA/boletinlegal/js/jquery.scrollShow.js HTTP/1.1" 304 -
201.244.47.101 - - [29/Mar/2017:00:57:25 -0500] "GET /galeria/galeria/jquery.fancybox.js?v=2.1.5 HTTP/1.1" 304 -
66.249.64.37 - - [29/Mar/2017:00:57:26 -0500] "GET /Autoliquidacion/Solicitudes%20relacionadas%20con%20calidad%20del%20aire%20auditiva%20y%20visual/Acompa%C3%B1amiento%20para%20muestreo%20isocin%C3%A9tico%20y%20o%20determinaciones%20de%20emisiones%20a%20fuentes%20fijas/Protocolo%20para%20Monitoreo%20Emisiones%20Atmosfericas.pdf HTTP/1.1" 200 414759
186.29.183.239 - - [29/Mar/2017:00:57:31 -0500] "GET /galeria/galeria/jquery.fancybox.css?v=2.1.5 HTTP/1.1" 200 4895
186.29.183.239 - - [29/Mar/2017:00:57:31 -0500] "GET /BLA/boletinlegal/js/jquery.scrollShow.js HTTP/1.1" 200 4586
186.29.183.239 - - [29/Mar/2017:00:57:31 -0500] "GET /galeria/galeria/jquery.fancybox.js?v=2.1.5 HTTP/1.1" 200 48706
66.249.64.53 - - [29/Mar/2017:00:57:33 -0500] "GET /BLA/resoluciones/Notificaciones/REGISTROS%202014/1571.doc HTTP/1.1" 200 150528
66.249.64.51 - - [29/Mar/2017:00:57:53 -0500] "GET /BLA/resoluciones/RESOLUCIONES%202013/1137.pdf HTTP/1.1" 200 586761
192.168.175.104 - - [29/Mar/2017:00:58:14 -0500] "GET / HTTP/1.1" 200 9990
181.130.113.139 - - [29/Mar/2017:00:58:27 -0500] "GET /galeria/galeria/jquery.fancybox.css?v=2.1.5 HTTP/1.1" 200 4895
181.130.113.139 - - [29/Mar/2017:00:58:27 -0500] "GET /BLA/boletinlegal/js/jquery.scrollShow.js HTTP/1.1" 200 4586
181.130.113.139 - - [29/Mar/2017:00:58:27 -0500] "GET /galeria/galeria/jquery.fancybox.js?v=2.1.5 HTTP/1.1" 200 48706
192.168.175.104 - - [29/Mar/2017:00:58:29 -0500] "GET / HTTP/1.1" 200 9990
181.130.113.139 - - [29/Mar/2017:00:58:29 -0500] "GET /galeria/galeria/jquery.fancybox.css?v=2.1.5 HTTP/1.1" 304 -
181.130.113.139 - - [29/Mar/2017:00:58:29 -0500] "GET /BLA/boletinlegal/js/jquery.scrollShow.js HTTP/1.1" 304 -
181.130.113.139 - - [29/Mar/2017:00:58:29 -0500] "GET /galeria/galeria/jquery.fancybox.js?v=2.1.5 HTTP/1.1" 304 -
66.249.64.53 - - [29/Mar/2017:00:58:33 -0500] "GET /BLA/resoluciones/AUTOS%202015/3603.pdf HTTP/1.1" 200 696012
192.168.175.104 - - [29/Mar/2017:00:58:44 -0500] "GET / HTTP/1.0" 200 9990
66.249.64.55 - - [29/Mar/2017:00:59:33 -0500] "GET /BLA/resoluciones/AUTOS%202015/4197.pdf HTTP/1.1" 200 574672
186.114.253.136 - - [29/Mar/2017:00:59:43 -0500] "GET /galeria/galeria/jquery.fancybox.css?v=2.1.5 HTTP/1.1" 200 4895
186.114.253.136 - - [29/Mar/2017:00:59:43 -0500] "GET /BLA/boletinlegal/js/jquery.scrollShow.js HTTP/1.1" 200 4586
186.114.253.136 - - [29/Mar/2017:00:59:43 -0500] "GET /galeria/galeria/jquery.fancybox.js?v=2.1.5 HTTP/1.1" 200 48706
66.249.64.51 - - [29/Mar/2017:00:59:53 -0500] "GET /BLA/resoluciones/AUTOS%202015/4477.pdf HTTP/1.1" 200 651674
66.249.64.51 - - [29/Mar/2017:01:00:12 -0500] "GET /BLA/resoluciones/RESOLUCIONES%202009/2605.pdf HTTP/1.1" 200 404674
69.162.124.233 - - [29/Mar/2017:01:00:21 -0500] "HEAD / HTTP/1.1" 200 -
74.208.180.12 - - [29/Mar/2017:01:00:26 -0500] "GET /blog/wp-admin/ HTTP/1.1" 404 1018
66.249.64.61 - - [29/Mar/2017:01:00:44 -0500] "GET /videos/NuestraGente12.flv HTTP/1.1" 200 66227991
66.249.88.7 - - [29/Mar/2017:01:01:03 -0500] "GET /favicon.ico HTTP/1.1" 200 7782
66.249.64.55 - - [29/Mar/2017:01:01:12 -0500] "GET /BLA/resoluciones/AUTOS%202008/0614.pdf HTTP/1.1" 200 223850
66.249.64.55 - - [29/Mar/2017:01:01:32 -0500] "GET /BLA/resoluciones/RESOLUCIONES%202009/9423.pdf HTTP/1.1" 200 428109
139.162.114.70 - - [29/Mar/2017:01:01:41 -0500] "GET / HTTP/1.1" 200 9990
66.249.64.59 - - [29/Mar/2017:01:01:52 -0500] "GET /BLA/resoluciones/RESOLUCIONES%202012/0958.pdf HTTP/1.1" 200 468764
66.249.64.57 - - [29/Mar/2017:01:02:32 -0500] "GET /BLA/resoluciones/AUTOS%202014/1893.pdf HTTP/1.1" 200 2895600
163.172.66.4 - - [29/Mar/2017:01:02:49 -0500] "GET /BLA/resoluciones/RESOLUCIONES%202006/RES%202006%201451-1500/00001500.tif HTTP/1.1" 200 159138
40.77.167.25 - - [29/Mar/2017:01:02:51 -0500] "GET /www.bogota.gov.co/sdqs HTTP/1.1" 404 1019
192.168.175.104 - - [29/Mar/2017:01:03:12 -0500] "GET / HTTP/1.1" 200 9990
192.168.175.104 - - [29/Mar/2017:01:03:26 -0500] "GET / HTTP/1.1" 200 9990
66.249.64.55 - - [29/Mar/2017:01:03:31 -0500] "GET /BLA/resoluciones/Notificaciones/AUTOS%202014/2957.doc HTTP/1.1" 200 250368
192.168.175.104 - - [29/Mar/2017:01:03:42 -0500] "GET / HTTP/1.0" 200 9990
66.249.64.37 - - [29/Mar/2017:01:03:48 -0500] "GET /images/BLA.jpg HTTP/1.1" 304 -
66.249.64.53 - - [29/Mar/2017:01:03:55 -0500] "GET /BLA/resoluciones/AUTOS%202006/AUTOS%202006%202101%20-%202200/00002180.tif HTTP/1.1" 200 61334
152.204.170.108 - - [29/Mar/2017:01:04:12 -0500] "GET /BLA/boletinlegal/js/jquery.scrollShow.js HTTP/1.1" 200 4586
152.204.170.108 - - [29/Mar/2017:01:04:12 -0500] "GET /galeria/galeria/jquery.fancybox.js?v=2.1.5 HTTP/1.1" 200 48706
152.204.170.108 - - [29/Mar/2017:01:04:12 -0500] "GET /galeria/galeria/jquery.fancybox.css?v=2.1.5 HTTP/1.1" 200 4895
152.204.170.108 - - [29/Mar/2017:01:04:30 -0500] "GET /galeria/galeria/jquery.fancybox.css?v=2.1.5 HTTP/1.1" 304 -
152.204.170.108 - - [29/Mar/2017:01:04:30 -0500] "GET /BLA/boletinlegal/js/jquery.scrollShow.js HTTP/1.1" 304 -
152.204.170.108 - - [29/Mar/2017:01:04:30 -0500] "GET /galeria/galeria/jquery.fancybox.js?v=2.1.5 HTTP/1.1" 304 -
51.255.65.54 - - [29/Mar/2017:01:04:38 -0500] "GET /BLA/resoluciones/RESOLUCIONES%202002/RES%202002%20701-750/00000703.tif HTTP/1.1" 200 76302
66.249.64.51 - - [29/Mar/2017:01:05:15 -0500] "GET /BLA/resoluciones/RESOLUCIONES%202011/2136.pdf HTTP/1.1" 200 783772
66.249.64.61 - - [29/Mar/2017:01:05:18 -0500] "GET /POT-2013/Cartografia/23_Sistema%20de%20Energia_FEB.pdf HTTP/1.1" 200 4904909
69.162.124.233 - - [29/Mar/2017:01:05:21 -0500] "HEAD / HTTP/1.1" 200 -
66.249.64.55 - - [29/Mar/2017:01:05:30 -0500] "GET /BLA/resoluciones/RESOLUCIONES%202010/5341.pdf HTTP/1.1" 200 584965
163.172.64.243 - - [29/Mar/2017:01:05:44 -0500] "GET /BLA/resoluciones/RESOLUCIONES%202003/RES%202003%201451-1500/20031490.tif HTTP/1.1" 200 324728
66.249.64.53 - - [29/Mar/2017:01:05:56 -0500] "GET /BLA/resoluciones/RESOLUCIONES%202011/5141.pdf HTTP/1.1" 200 276241
190.67.223.251 - - [29/Mar/2017:01:06:06 -0500] "GET /galeria/galeria/jquery.fancybox.css?v=2.1.5 HTTP/1.1" 200 4895
190.67.223.251 - - [29/Mar/2017:01:06:06 -0500] "GET /BLA/boletinlegal/js/jquery.scrollShow.js HTTP/1.1" 200 4586
190.67.223.251 - - [29/Mar/2017:01:06:06 -0500] "GET /galeria/galeria/jquery.fancybox.js?v=2.1.5 HTTP/1.1" 200 48706
190.67.223.251 - - [29/Mar/2017:01:06:14 -0500] "GET /BLA/boletinlegal/js/jquery.scrollShow.js HTTP/1.1" 304 -
190.67.223.251 - - [29/Mar/2017:01:06:14 -0500] "GET /galeria/galeria/jquery.fancybox.js?v=2.1.5 HTTP/1.1" 304 -
190.67.223.251 - - [29/Mar/2017:01:06:14 -0500] "GET /galeria/galeria/jquery.fancybox.css?v=2.1.5 HTTP/1.1" 304 -
66.249.64.51 - - [29/Mar/2017:01:06:15 -0500] "GET /BLA/resoluciones/RESOLUCIONES%202010/3656.pdf HTTP/1.1" 200 711269
66.249.64.51 - - [29/Mar/2017:01:06:24 -0500] "GET /BLA/resoluciones/RESOLUCIONES%202007/RES%202007%201501%20AL%201600/RESOLUCION%201584%20DE%202007.pdf HTTP/1.1" 200 780453
192.168.175.104 - - [29/Mar/2017:01:08:09 -0500] "GET / HTTP/1.1" 200 9990
51.255.65.55 - - [29/Mar/2017:01:08:11 -0500] "GET /BLA/resoluciones/RESOLUCIONES%202004/RES%202004%201351-1400/00001370.tif HTTP/1.1" 200 217804
40.77.169.101 - - [29/Mar/2017:01:08:12 -0500] "GET /dama/libreria/php/decide.php?patron=03.1305020113&numm=15 HTTP/1.1" 404 1019
192.168.175.104 - - [29/Mar/2017:01:08:24 -0500] "GET / HTTP/1.1" 200 9990
66.249.64.63 - - [29/Mar/2017:01:08:18 -0500] "GET /videos/NuestraGente_6.flv HTTP/1.1" 200 66670124
186.154.105.132 - - [29/Mar/2017:01:08:37 -0500] "GET /galeria/galeria/jquery.fancybox.js?v=2.1.5 HTTP/1.1" 200 48706
186.154.105.132 - - [29/Mar/2017:01:08:37 -0500] "GET /BLA/boletinlegal/js/jquery.scrollShow.js HTTP/1.1" 200 4586
186.154.105.132 - - [29/Mar/2017:01:08:37 -0500] "GET /galeria/galeria/jquery.fancybox.css?v=2.1.5 HTTP/1.1" 200 4895
192.168.175.104 - - [29/Mar/2017:01:08:41 -0500] "GET / HTTP/1.0" 200 9990
186.154.105.132 - - [29/Mar/2017:01:08:41 -0500] "GET /BLA/boletinlegal/js/jquery.scrollShow.js HTTP/1.1" 304 -
186.154.105.132 - - [29/Mar/2017:01:08:41 -0500] "GET /galeria/galeria/jquery.fancybox.css?v=2.1.5 HTTP/1.1" 304 -
186.154.105.132 - - [29/Mar/2017:01:08:41 -0500] "GET /galeria/galeria/jquery.fancybox.js?v=2.1.5 HTTP/1.1" 304 -
66.249.64.43 - - [29/Mar/2017:01:09:18 -0500] "GET /PruebasSTORM/StormSDA_pruebas/userFiles/user_files/formulas/3/382.xml HTTP/1.1" 200 877
164.132.161.6 - - [29/Mar/2017:01:09:31 -0500] "GET /BLA/resoluciones/RESOLUCIONES%202002/RES%202002%201401-1450/20021404.tif HTTP/1.1" 200 97046
66.249.64.55 - - [29/Mar/2017:01:09:49 -0500] "GET /isolucionsda/FrameSetGeneral.asp?Pagina=ListadoActas.asp&Cuallistado=ACTAS HTTP/1.1" 200 146
186.29.182.58 - - [29/Mar/2017:01:10:01 -0500] "GET /BLA/resoluciones/RESOLUCIONES%202011/4481.pdf HTTP/1.1" 200 387562
180.76.15.18 - - [29/Mar/2017:01:10:05 -0500] "GET /robots.txt HTTP/1.1" 302 312
180.76.15.154 - - [29/Mar/2017:01:10:05 -0500] "GET /robots.txt HTTP/1.1" 302 312
74.208.180.12 - - [29/Mar/2017:01:10:09 -0500] "GET /wp/wp-admin/ HTTP/1.1" 404 1018
69.162.124.233 - - [29/Mar/2017:01:10:21 -0500] "HEAD / HTTP/1.1" 200 -
37.187.157.108 - - [29/Mar/2017:01:10:31 -0500] "HEAD /BLA/resoluciones/RESOLUCIONES 2013/2151.pdf HTTP/1.1" 404 -
179.18.52.76 - - [29/Mar/2017:01:11:42 -0500] "GET /BLA/resoluciones/RESOLUCIONES%202007/RES%202007%202501%20AL%202600/RESOLUCION%202542%20DE%202007.pdf HTTP/1.1" 200 867071
66.249.64.63 - - [29/Mar/2017:01:12:05 -0500] "GET /videos/NuestraGente_3.flv HTTP/1.1" 200 34259358
163.172.65.194 - - [29/Mar/2017:01:12:18 -0500] "GET /BLA/resoluciones/RESOLUCIONES%202003/RES%202003%20551-600/558.tif HTTP/1.1" 200 268312
180.76.15.23 - - [29/Mar/2017:01:12:27 -0500] "GET / HTTP/1.1" 302 302
189.214.241.174 - - [29/Mar/2017:01:12:27 -0500] "GET /galeria/galeria/fotos/Humedal-la-Isla1G.jpg HTTP/1.1" 200 216243
178.159.43.212 - - [29/Mar/2017:01:12:35 -0500] "HEAD / HTTP/1.1" 200 -
66.249.64.32 - - [29/Mar/2017:01:12:49 -0500] "GET / HTTP/1.1" 200 9990
192.168.175.104 - - [29/Mar/2017:01:13:08 -0500] "GET / HTTP/1.1" 200 9990
66.249.64.37 - - [29/Mar/2017:01:13:08 -0500] "GET / HTTP/1.1" 200 9990
66.249.64.51 - - [29/Mar/2017:01:13:20 -0500] "GET /BLA/resoluciones/AUTOS%202007/3632.pdf HTTP/1.1" 200 235649
163.172.65.217 - - [29/Mar/2017:01:13:22 -0500] "GET /BLA/resoluciones/RESOLUCIONES%202003/RES%202003%20801-850/808.tif HTTP/1.1" 200 272512
192.168.175.104 - - [29/Mar/2017:01:13:23 -0500] "GET / HTTP/1.1" 200 9990
66.249.64.51 - - [29/Mar/2017:01:13:28 -0500] "GET /BLA/resoluciones/AUTOS%202013/0775.pdf HTTP/1.1" 200 979549
192.168.175.104 - - [29/Mar/2017:01:13:38 -0500] "GET / HTTP/1.0" 200 9990
66.249.64.51 - - [29/Mar/2017:01:13:41 -0500] "GET /BLA/resoluciones/AUTOS%202013/1458.pdf HTTP/1.1" 200 538242
66.249.64.3 - - [29/Mar/2017:01:13:48 -0500] "GET / HTTP/1.1" 200 9990
170.72.81.163 - - [29/Mar/2017:01:13:59 -0500] "GET /BLA/resoluciones/AUTOS%202008/2386.pdf HTTP/1.1" 200 163551
66.249.64.51 - - [29/Mar/2017:01:14:18 -0500] "GET /BLA/resoluciones/AUTOS%202011/3811.pdf HTTP/1.1" 200 309901
66.249.64.51 - - [29/Mar/2017:01:14:28 -0500] "GET / HTTP/1.1" 200 9990
66.249.64.24 - - [29/Mar/2017:01:14:48 -0500] "GET / HTTP/1.1" 200 9990
66.249.64.10 - - [29/Mar/2017:01:15:08 -0500] "GET / HTTP/1.1" 301 324
69.162.124.233 - - [29/Mar/2017:01:15:21 -0500] "HEAD / HTTP/1.1" 200 -
190.158.40.135 - - [29/Mar/2017:01:15:25 -0500] "GET /galeria/galeria/jquery.fancybox.css?v=2.1.5 HTTP/1.1" 200 4895
190.158.40.135 - - [29/Mar/2017:01:15:25 -0500] "GET /BLA/boletinlegal/js/jquery.scrollShow.js HTTP/1.1" 200 4586
190.158.40.135 - - [29/Mar/2017:01:15:25 -0500] "GET /galeria/galeria/jquery.fancybox.js?v=2.1.5 HTTP/1.1" 200 48706
66.249.64.51 - - [29/Mar/2017:01:15:39 -0500] "GET /BLA/resoluciones/RESOLUCIONES%202007/RES%202007%201801%20AL%201900/RESOLUCION%201848%20DE%202007.pdf HTTP/1.1" 200 182223
66.249.64.53 - - [29/Mar/2017:01:15:47 -0500] "GET /BLA/resoluciones/AUTOS%202013/3487.pdf HTTP/1.1" 200 293638
66.249.64.51 - - [29/Mar/2017:01:15:52 -0500] "GET /BLA/resoluciones/RESOLUCIONES%202014/1732.pdf HTTP/1.1" 200 497962
66.249.64.59 - - [29/Mar/2017:01:15:53 -0500] "GET /videos/DIASINCARROSITP.flv HTTP/1.1" 200 2337807
40.77.167.135 - - [29/Mar/2017:01:16:20 -0500] "GET /sig/comunicaciones/126pg02-pr01.pdf HTTP/1.1" 200 66589
163.172.65.111 - - [29/Mar/2017:01:16:27 -0500] "GET /BLA/resoluciones/RESOLUCIONES%202005/RES%202005%20801-850/00000812.tif HTTP/1.1" 200 106692
66.249.64.51 - - [29/Mar/2017:01:17:42 -0500] "GET /BLA/resoluciones/AUTOS%202007/0874.pdf HTTP/1.1" 200 75455
66.249.64.51 - - [29/Mar/2017:01:17:46 -0500] "GET /BLA/resoluciones/RESOLUCIONES%202009/4131.pdf HTTP/1.1" 200 767269
40.77.167.25 - - [29/Mar/2017:01:18:02 -0500] "GET /newsecs/pie.doc HTTP/1.1" 404 1019
192.168.175.104 - - [29/Mar/2017:01:18:06 -0500] "GET / HTTP/1.1" 200 9990
66.249.64.51 - - [29/Mar/2017:01:18:06 -0500] "GET /BLA/resoluciones/AUTOS%202014/4930.pdf HTTP/1.1" 200 565917
66.249.64.51 - - [29/Mar/2017:01:18:16 -0500] "GET /BLA/resoluciones/RESOLUCIONES%202005/RES%202005%201401-1450/00001407.tif HTTP/1.1" 200 106394
192.168.175.104 - - [29/Mar/2017:01:18:21 -0500] "GET / HTTP/1.1" 200 9990
66.249.64.51 - - [29/Mar/2017:01:18:26 -0500] "GET /BLA/resoluciones/RESOLUCIONES%202009/0352.pdf HTTP/1.1" 200 364844
192.168.175.104 - - [29/Mar/2017:01:18:36 -0500] "GET / HTTP/1.0" 200 9990
163.172.64.252 - - [29/Mar/2017:01:18:55 -0500] "GET /BLA/resoluciones/RESOLUCIONES%202003/RES%202003%201301-1350/20031305.tif HTTP/1.1" 200 114594
66.249.64.51 - - [29/Mar/2017:01:19:03 -0500] "GET /BLA/resoluciones/Autos%202008/2153.pdf HTTP/1.1" 200 299198
66.249.64.51 - - [29/Mar/2017:01:19:06 -0500] "GET /BLA/resoluciones/RESOLUCIONES%202011/1491.pdf HTTP/1.1" 200 66971
186.86.12.188 - - [29/Mar/2017:01:19:18 -0500] "GET /galeria/galeria/jquery.fancybox.css?v=2.1.5 HTTP/1.1" 200 4895
186.86.12.188 - - [29/Mar/2017:01:19:18 -0500] "GET /galeria/galeria/jquery.fancybox.js?v=2.1.5 HTTP/1.1" 200 48706
186.86.12.188 - - [29/Mar/2017:01:19:18 -0500] "GET /BLA/boletinlegal/js/jquery.scrollShow.js HTTP/1.1" 200 4586
66.249.64.51 - - [29/Mar/2017:01:19:19 -0500] "GET /BLA/resoluciones/AUTOS%202011/5585.pdf HTTP/1.1" 200 243597
66.249.64.51 - - [29/Mar/2017:01:19:21 -0500] "GET /BLA/resoluciones/AUTOS%202011/6755.pdf HTTP/1.1" 200 234042
66.249.64.51 - - [29/Mar/2017:01:19:34 -0500] "GET /BLA/resoluciones/AUTOS%202011/3826.pdf HTTP/1.1" 200 236921
66.249.64.63 - - [29/Mar/2017:01:19:39 -0500] "GET /videos/60%20Segundos_6.flv HTTP/1.1" 200 8318803
66.249.64.51 - - [29/Mar/2017:01:19:56 -0500] "GET /BLA/resoluciones/AUTOS%202006/AUTOS%202006%201501%20-%201600/00001579.tif HTTP/1.1" 200 55742
66.249.64.51 - - [29/Mar/2017:01:20:06 -0500] "GET /AFLUENTESYEFUENTES/files/res/pages/page_0141.swf HTTP/1.1" 200 16266
66.249.64.53 - - [29/Mar/2017:01:20:08 -0500] "GET /AFLUENTESYEFUENTES/files/res/pages/page_0141.swf HTTP/1.1" 200 16266
74.208.180.12 - - [29/Mar/2017:01:20:08 -0500] "GET /old/wp-admin/ HTTP/1.1" 404 1018
69.162.124.233 - - [29/Mar/2017:01:20:21 -0500] "HEAD / HTTP/1.1" 200 -
66.249.64.53 - - [29/Mar/2017:01:20:26 -0500] "GET /BLA/resoluciones/RESOLUCIONES%202011/3606.pdf HTTP/1.1" 200 493508
66.249.64.51 - - [29/Mar/2017:01:20:39 -0500] "GET /BLA/resoluciones/RESOLUCIONES%202011/5088.pdf HTTP/1.1" 200 517115
66.249.64.51 - - [29/Mar/2017:01:20:45 -0500] "GET /BLA/resoluciones/AUTOS%202007/1915.pdf HTTP/1.1" 200 450426
66.249.64.53 - - [29/Mar/2017:01:21:05 -0500] "GET /portalsiaccapacitaciones/Listas%20de%20Asistencia%202015/LA%20HC%2027-05-2015.pdf HTTP/1.1" 200 435516
66.249.64.51 - - [29/Mar/2017:01:21:25 -0500] "GET /BLA/resoluciones/RESOLUCIONES%202009/4290.pdf HTTP/1.1" 200 729147
66.249.64.53 - - [29/Mar/2017:01:21:34 -0500] "GET /BLA/resoluciones/AUTOS%202013/1797.pdf HTTP/1.1" 200 2262896
66.249.64.51 - - [29/Mar/2017:01:21:38 -0500] "GET /BLA/resoluciones/AUTOS%202006/AUTOS%202006%201501%20-%201600/00001511.tif HTTP/1.1" 200 97494
66.249.64.53 - - [29/Mar/2017:01:21:39 -0500] "GET /BLA/resoluciones/RESOLUCIONES%202011/6053.pdf HTTP/1.1" 200 1126466
66.249.64.53 - - [29/Mar/2017:01:21:41 -0500] "GET /BLA/resoluciones/RESOLUCIONES%202011/3472.pdf HTTP/1.1" 200 538644
163.172.66.125 - - [29/Mar/2017:01:21:40 -0500] "GET /BLA/resoluciones/index.php?dir=AUTOS%202015/&sort=size&order=desc HTTP/1.1" 200 467715
66.249.64.53 - - [29/Mar/2017:01:21:45 -0500] "GET /BLA/resoluciones/AUTOS%202014/5867.pdf HTTP/1.1" 200 208498
66.249.64.51 - - [29/Mar/2017:01:22:05 -0500] "GET /BLA/resoluciones/RESOLUCIONES%202011/3445.pdf HTTP/1.1" 200 562642
66.249.64.51 - - [29/Mar/2017:01:22:06 -0500] "GET /BLA/resoluciones/RESOLUCIONES%202011/4316.pdf HTTP/1.1" 200 495198
66.249.64.51 - - [29/Mar/2017:01:22:21 -0500] "GET /BLA/resoluciones/RESOLUCIONES%202011/5020.pdf HTTP/1.1" 200 695824
66.249.64.51 - - [29/Mar/2017:01:22:25 -0500] "GET /BLA/resoluciones/RESOLUCIONES%202008/0556.pdf HTTP/1.1" 200 120756
66.249.64.55 - - [29/Mar/2017:01:22:45 -0500] "GET /BLA/resoluciones/RESOLUCIONES%202009/1134.pdf HTTP/1.1" 200 2413169
192.168.175.104 - - [29/Mar/2017:01:23:04 -0500] "GET / HTTP/1.1" 200 9990
180.76.15.17 - - [29/Mar/2017:01:23:07 -0500] "GET / HTTP/1.1" 200 9990
66.249.64.53 - - [29/Mar/2017:01:23:10 -0500] "GET /BLA/resoluciones/Autos%202008/2154.pdf HTTP/1.1" 200 288606
192.168.175.104 - - [29/Mar/2017:01:23:19 -0500] "GET / HTTP/1.1" 200 9990
66.249.64.53 - - [29/Mar/2017:01:23:25 -0500] "GET /BLA/resoluciones/RESOLUCIONES%202009/8963.pdf HTTP/1.1" 200 375444
66.249.64.51 - - [29/Mar/2017:01:23:26 -0500] "GET /BLA/resoluciones/AUTOS%202013/2831.pdf HTTP/1.1" 200 222583
66.249.64.63 - - [29/Mar/2017:01:23:27 -0500] "GET /videos/Humedals2015WEB.flv HTTP/1.1" 200 16650865
180.76.15.21 - - [29/Mar/2017:01:23:29 -0500] "GET / HTTP/1.1" 200 9990
192.168.175.104 - - [29/Mar/2017:01:23:34 -0500] "GET / HTTP/1.0" 200 9990
66.249.64.51 - - [29/Mar/2017:01:23:59 -0500] "GET /BLA/resoluciones/RESOLUCIONES%202011/2709.pdf HTTP/1.1" 200 696622
163.172.65.242 - - [29/Mar/2017:01:24:01 -0500] "GET /BLA/resoluciones/RESOLUCIONES%202003/RES%202003%202101-2150/20032138.tif HTTP/1.1" 200 80238
66.249.64.61 - - [29/Mar/2017:01:24:03 -0500] "GET /BLA/resoluciones/RESOLUCIONES%202014/3304.pdf HTTP/1.1" 200 453583
66.249.64.8 - - [29/Mar/2017:01:24:07 -0500] "GET /SIG/Gesti%C3%B3n%20Talento%20Humano/126PA01-PR17.pdf HTTP/1.1" 200 58406
66.249.64.53 - - [29/Mar/2017:01:24:14 -0500] "GET /BLA/resoluciones/RESOLUCIONES%202011/5170.pdf HTTP/1.1" 200 284681
66.249.64.53 - - [29/Mar/2017:01:24:24 -0500] "GET /BLA/resoluciones/RESOLUCIONES%202010/3617.pdf HTTP/1.1" 200 373996
66.249.88.7 - - [29/Mar/2017:01:24:31 -0500] "GET /galeria/galeria/jquery.fancybox.css?v=2.1.5 HTTP/1.1" 200 4895
66.249.88.1 - - [29/Mar/2017:01:24:31 -0500] "GET /BLA/boletinlegal/js/jquery.scrollShow.js HTTP/1.1" 200 4586
66.249.88.4 - - [29/Mar/2017:01:24:31 -0500] "GET /galeria/galeria/jquery.fancybox.js?v=2.1.5 HTTP/1.1" 200 48706
66.249.64.53 - - [29/Mar/2017:01:24:32 -0500] "GET /BLA/resoluciones/AUTOS%202006/AUTOS%202006%202101%20-%202200/00002133.tif HTTP/1.1" 200 58696
66.249.88.4 - - [29/Mar/2017:01:24:36 -0500] "GET /galeria/galeria/jquery.fancybox.css?v=2.1.5 HTTP/1.1" 304 -
66.249.88.4 - - [29/Mar/2017:01:24:36 -0500] "GET /BLA/boletinlegal/js/jquery.scrollShow.js HTTP/1.1" 304 -
66.249.88.4 - - [29/Mar/2017:01:24:36 -0500] "GET /galeria/galeria/jquery.fancybox.js?v=2.1.5 HTTP/1.1" 304 -
66.249.64.59 - - [29/Mar/2017:01:24:38 -0500] "GET /BLA/resoluciones/RESOLUCIONES%202010/2209.pdf HTTP/1.1" 200 502189
66.249.64.2 - - [29/Mar/2017:01:24:44 -0500] "GET /BLA/resoluciones/RESOLUCIONES%202009/0154.pdf HTTP/1.1" 200 309742
66.249.64.59 - - [29/Mar/2017:01:25:13 -0500] "GET /BLA/resoluciones/RESOLUCIONES%202010/7380.pdf HTTP/1.1" 200 378791
69.162.124.233 - - [29/Mar/2017:01:25:21 -0500] "HEAD / HTTP/1.1" 200 -
138.246.253.15 - - [29/Mar/2017:01:25:26 -0500] "HEAD / HTTP/1.1" 200 -
66.249.64.55 - - [29/Mar/2017:01:25:29 -0500] "GET /BLA/resoluciones/RESOLUCIONES%202010/7755.pdf HTTP/1.1" 200 1021092
163.172.66.71 - - [29/Mar/2017:01:25:31 -0500] "GET /BLA/resoluciones/index.php?dir=AUTOS%202006/AUTOS%202006%203101%20-%203200/&sort=name&order=desc HTTP/1.1" 200 22188
66.249.64.55 - - [29/Mar/2017:01:25:32 -0500] "GET /BLA/resoluciones/AUTOS%202010/4363.pdf HTTP/1.1" 200 707736
66.249.64.59 - - [29/Mar/2017:01:26:00 -0500] "GET /BLA/resoluciones/AUTOS%202010/4829.pdf HTTP/1.1" 200 378808
66.249.64.53 - - [29/Mar/2017:01:26:24 -0500] "GET /BLA/resoluciones/RESOLUCIONES%202012/1892.pdf HTTP/1.1" 200 364555
187.230.118.158 - - [29/Mar/2017:01:26:34 -0500] "GET /BLA/resoluciones/AUTOS%202008/2386.pdf HTTP/1.1" 200 163551
66.249.64.53 - - [29/Mar/2017:01:26:44 -0500] "GET /BLA/resoluciones/AUTOS%202010/1276.pdf HTTP/1.1" 200 350484
157.55.39.237 - - [29/Mar/2017:01:27:10 -0500] "GET /SIG/Gestion%20Recursos%20Financieros/126PA02-PR29%20CONSTITUCION%20Y%20MANEJO%20CAJA%20MENOR.pdf HTTP/1.1" 200 412919
66.249.64.63 - - [29/Mar/2017:01:27:13 -0500] "GET /videos/SpotJardinesWEB.flv HTTP/1.1" 200 8942954
66.249.64.53 - - [29/Mar/2017:01:27:24 -0500] "GET /BLA/resoluciones/RESOLUCIONES%202014/3263.pdf HTTP/1.1" 200 629797
189.225.227.135 - - [29/Mar/2017:01:27:50 -0500] "GET /BLA/resoluciones/AUTOS%202008/2386.pdf HTTP/1.1" 200 163551
66.249.64.55 - - [29/Mar/2017:01:27:51 -0500] "GET /BLA/resoluciones/AUTOS%202006/AUTOS%202006%201501%20-%201600/00001520.tif HTTP/1.1" 200 102248
192.168.175.104 - - [29/Mar/2017:01:28:02 -0500] "GET / HTTP/1.1" 200 9990
66.249.64.53 - - [29/Mar/2017:01:28:03 -0500] "GET /BLA/resoluciones/AUTOS%202015/5143.pdf HTTP/1.1" 200 635728
52.3.105.23 - - [29/Mar/2017:01:28:06 -0500] "GET /robots.txt HTTP/1.1" 404 1018
66.249.64.51 - - [29/Mar/2017:01:28:11 -0500] "GET /BLA/resoluciones/RESOLUCIONES%202014/2623.pdf HTTP/1.1" 200 9293667
192.168.175.104 - - [29/Mar/2017:01:28:16 -0500] "GET / HTTP/1.1" 200 9990
66.249.64.57 - - [29/Mar/2017:01:28:23 -0500] "GET /BLA/resoluciones/RESOLUCIONES%202009/6899.pdf HTTP/1.1" 200 342961
46.229.164.101 - - [29/Mar/2017:01:28:30 -0500] "GET /robots.txt HTTP/1.1" 404 1015
192.168.175.104 - - [29/Mar/2017:01:28:32 -0500] "GET / HTTP/1.0" 200 9990
66.249.64.55 - - [29/Mar/2017:01:28:43 -0500] "GET /BLA/resoluciones/AUTOS%202010/4926.pdf HTTP/1.1" 200 134238
66.249.64.61 - - [29/Mar/2017:01:29:03 -0500] "GET /BLA/resoluciones/RESOLUCIONES%202009/1529.pdf HTTP/1.1" 200 483109
66.249.64.55 - - [29/Mar/2017:01:29:10 -0500] "GET /BLA/resoluciones/RESOLUCIONES%202011/4945.pdf HTTP/1.1" 200 354661
66.249.64.51 - - [29/Mar/2017:01:29:20 -0500] "GET /BLA/resoluciones/RESOLUCIONES%202011/2813.pdf HTTP/1.1" 200 757798
66.249.64.57 - - [29/Mar/2017:01:29:23 -0500] "GET /BLA/resoluciones/RESOLUCIONES%202009/3085.pdf HTTP/1.1" 200 436024
66.249.64.53 - - [29/Mar/2017:01:29:41 -0500] "GET /BLA/resoluciones/AUTOS%202010/5707.pdf HTTP/1.1" 200 232443
66.249.64.53 - - [29/Mar/2017:01:29:42 -0500] "GET /BLA/resoluciones/RESOLUCIONES%202007/RES%202007%203701%20AL%203800/RESOLUCION%203773%20DE%202007.pdf HTTP/1.1" 200 28468
66.249.64.53 - - [29/Mar/2017:01:29:45 -0500] "GET /BLA/resoluciones/RESOLUCIONES%202014/3141.pdf HTTP/1.1" 200 479447
66.249.64.51 - - [29/Mar/2017:01:29:56 -0500] "GET /BLA/resoluciones/AUTOS%202010/5279.pdf HTTP/1.1" 200 193289
66.249.64.51 - - [29/Mar/2017:01:29:57 -0500] "GET /BLA/resoluciones/RESOLUCIONES%202011/5581.pdf HTTP/1.1" 200 565346
66.249.64.51 - - [29/Mar/2017:01:30:01 -0500] "GET /BLA/resoluciones/AUTOS%202010/4144.pdf HTTP/1.1" 200 425201
66.249.64.51 - - [29/Mar/2017:01:30:02 -0500] "GET /BLA/resoluciones/RESOLUCIONES%202009/2823.pdf HTTP/1.1" 200 281072
66.249.64.51 - - [29/Mar/2017:01:30:10 -0500] "GET /BLA/resoluciones/RESOLUCIONES%202011/5596.pdf HTTP/1.1" 200 540253
66.249.64.53 - - [29/Mar/2017:01:30:21 -0500] "GET /BLA/resoluciones/RESOLUCIONES%202007/RES%202007%201801%20AL%201900/RESOLUCION%201845%20DE%202007.pdf HTTP/1.1" 200 1399221
69.162.124.233 - - [29/Mar/2017:01:30:21 -0500] "HEAD / HTTP/1.1" 200 -
66.249.64.51 - - [29/Mar/2017:01:30:23 -0500] "GET /BLA/resoluciones/RESOLUCIONES%202016/0628.pdf HTTP/1.1" 200 523002
93.209.13.114 - - [29/Mar/2017:01:30:24 -0500] "GET /robots.txt HTTP/1.1" 404 1015
93.209.13.114 - - [29/Mar/2017:01:30:26 -0500] "GET /galeria/pdf/?C=D;O=D HTTP/1.1" 200 749
93.209.13.114 - - [29/Mar/2017:01:30:27 -0500] "GET /galeria/pdf/?C=M;O=D HTTP/1.1" 200 749
93.209.13.114 - - [29/Mar/2017:01:30:30 -0500] "GET /galeria/pdf/?C=N;O=A HTTP/1.1" 200 749
93.209.13.114 - - [29/Mar/2017:01:30:33 -0500] "GET /galeria/pdf/?C=S;O=D HTTP/1.1" 200 749
93.209.13.114 - - [29/Mar/2017:01:30:34 -0500] "GET /robots.txt HTTP/1.1" 404 1019
93.209.13.114 - - [29/Mar/2017:01:30:36 -0500] "GET /PORTAL_SIAC/swf/videos/?C=D;O=A HTTP/1.1" 200 13066
93.209.13.114 - - [29/Mar/2017:01:30:40 -0500] "GET /PORTAL_SIAC/swf/videos/?C=M;O=A HTTP/1.1" 200 13066
93.209.13.114 - - [29/Mar/2017:01:30:42 -0500] "GET /PORTAL_SIAC/swf/videos/?C=N;O=D HTTP/1.1" 200 13066
66.249.64.53 - - [29/Mar/2017:01:30:42 -0500] "GET /BLA/resoluciones/AUTOS%202010/3784.pdf HTTP/1.1" 200 227199
93.209.13.114 - - [29/Mar/2017:01:30:45 -0500] "GET /PORTAL_SIAC/swf/videos/?C=S;O=A HTTP/1.1" 200 13066
93.209.13.114 - - [29/Mar/2017:01:30:48 -0500] "GET /PruebasSTORM/Pruebas/?C=D;O=A HTTP/1.1" 200 776
93.209.13.114 - - [29/Mar/2017:01:30:50 -0500] "GET /PruebasSTORM/Pruebas/?C=M;O=A HTTP/1.1" 200 776
93.209.13.114 - - [29/Mar/2017:01:30:51 -0500] "GET /PruebasSTORM/Pruebas/?C=N;O=D HTTP/1.1" 200 776
93.209.13.114 - - [29/Mar/2017:01:30:53 -0500] "GET /PruebasSTORM/Pruebas/?C=S;O=A HTTP/1.1" 200 776
93.209.13.114 - - [29/Mar/2017:01:30:55 -0500] "GET /PruebasSTORM/StormSDA_pruebas/?C=D;O=A HTTP/1.1" 200 3559
181.49.85.143 - - [29/Mar/2017:01:30:57 -0500] "-" 408 -
93.209.13.114 - - [29/Mar/2017:01:30:57 -0500] "GET /PruebasSTORM/StormSDA_pruebas/?C=M;O=A HTTP/1.1" 200 3559
66.249.64.51 - - [29/Mar/2017:01:30:58 -0500] "GET /BLA/resoluciones/AUTOS%202010/4601.pdf HTTP/1.1" 200 252237
93.209.13.114 - - [29/Mar/2017:01:30:59 -0500] "GET /PruebasSTORM/StormSDA_pruebas/?C=N;O=D HTTP/1.1" 200 3559
93.209.13.114 - - [29/Mar/2017:01:31:01 -0500] "GET /PruebasSTORM/StormSDA_pruebas/?C=S;O=A HTTP/1.1" 200 3559
66.249.64.63 - - [29/Mar/2017:01:31:00 -0500] "GET /videos/NuestraGente_11.flv HTTP/1.1" 200 41584474
93.209.13.114 - - [29/Mar/2017:01:31:03 -0500] "GET /PruebasSTORM/StormSDA_pruebas/forms/1.js HTTP/1.1" 200 875
93.209.13.114 - - [29/Mar/2017:01:31:07 -0500] "GET /PruebasSTORM/StormSDA_pruebas/forms/10.js HTTP/1.1" 200 30365
93.209.13.114 - - [29/Mar/2017:01:31:14 -0500] "GET /PruebasSTORM/StormSDA_pruebas/forms/2.js HTTP/1.1" 200 19726
93.209.13.114 - - [29/Mar/2017:01:31:16 -0500] "GET /PruebasSTORM/StormSDA_pruebas/forms/3.js HTTP/1.1" 200 6381
93.209.13.114 - - [29/Mar/2017:01:31:18 -0500] "GET /PruebasSTORM/StormSDA_pruebas/forms/4.js HTTP/1.1" 200 1679
93.209.13.114 - - [29/Mar/2017:01:31:21 -0500] "GET /PruebasSTORM/StormSDA_pruebas/forms/5.js HTTP/1.1" 200 72417
66.249.64.51 - - [29/Mar/2017:01:31:22 -0500] "GET /BLA/resoluciones/RESOLUCIONES%202005/RES%202005%203101-3150/00003102.tif HTTP/1.1" 200 207288
123.126.113.85 - - [29/Mar/2017:01:31:23 -0500] "GET /robots.txt HTTP/1.1" 404 1018
191.102.216.59 - - [29/Mar/2017:01:31:24 -0500] "GET /BLA/boletinlegal/js/jquery.scrollShow.js HTTP/1.1" 200 4586
93.209.13.114 - - [29/Mar/2017:01:31:24 -0500] "GET /PruebasSTORM/StormSDA_pruebas/forms/6.js HTTP/1.1" 200 6407
93.209.13.114 - - [29/Mar/2017:01:31:26 -0500] "GET /PruebasSTORM/StormSDA_pruebas/forms/7.js HTTP/1.1" 200 875
191.102.216.59 - - [29/Mar/2017:01:31:26 -0500] "GET /galeria/galeria/jquery.fancybox.js?v=2.1.5 HTTP/1.1" 200 48706
191.102.216.59 - - [29/Mar/2017:01:31:28 -0500] "GET /galeria/galeria/jquery.fancybox.css?v=2.1.5 HTTP/1.1" 200 4895
93.209.13.114 - - [29/Mar/2017:01:31:28 -0500] "GET /PruebasSTORM/StormSDA_pruebas/forms/8.js HTTP/1.1" 200 875
66.249.64.53 - - [29/Mar/2017:01:31:28 -0500] "GET /BLA/resoluciones/AUTOS%202013/2290.pdf HTTP/1.1" 200 716527
93.209.13.114 - - [29/Mar/2017:01:31:30 -0500] "GET /PruebasSTORM/StormSDA_pruebas/forms/99.js HTTP/1.1" 200 875
66.249.64.53 - - [29/Mar/2017:01:31:31 -0500] "GET /BLA/resoluciones/AUTOS%202014/0453.pdf HTTP/1.1" 200 607211
93.209.13.114 - - [29/Mar/2017:01:31:32 -0500] "GET /PruebasSTORM/StormSDA_pruebas/forms/?C=D;O=A HTTP/1.1" 200 3538
93.209.13.114 - - [29/Mar/2017:01:31:33 -0500] "GET /PruebasSTORM/StormSDA_pruebas/forms/?C=M;O=A HTTP/1.1" 200 3538
66.249.64.63 - - [29/Mar/2017:01:31:34 -0500] "GET /BLA/resoluciones/Notificaciones/AUTOS%202013/1709.doc HTTP/1.1" 200 225280
93.209.13.114 - - [29/Mar/2017:01:31:35 -0500] "GET /PruebasSTORM/StormSDA_pruebas/forms/?C=N;O=D HTTP/1.1" 200 3538
93.209.13.114 - - [29/Mar/2017:01:31:37 -0500] "GET /PruebasSTORM/StormSDA_pruebas/forms/?C=S;O=A HTTP/1.1" 200 3538
93.209.13.114 - - [29/Mar/2017:01:31:39 -0500] "GET /PruebasSTORM/StormSDA_pruebas/lib/?C=D;O=A HTTP/1.1" 200 6445
93.209.13.114 - - [29/Mar/2017:01:31:41 -0500] "GET /PruebasSTORM/StormSDA_pruebas/lib/?C=M;O=A HTTP/1.1" 200 6445
163.172.65.120 - - [29/Mar/2017:01:31:41 -0500] "GET /BLA/resoluciones/RESOLUCIONES%202003/RES%202003%202051-2100/00002065.tif HTTP/1.1" 200 236256
66.249.64.53 - - [29/Mar/2017:01:31:42 -0500] "GET /BLA/resoluciones/AUTOS%202014/4515.pdf HTTP/1.1" 200 520744
123.126.113.85 - - [29/Mar/2017:01:31:42 -0500] "GET /BLA/resoluciones/AUTOS%202013/0586.pdf HTTP/1.1" 200 1572995
93.209.13.114 - - [29/Mar/2017:01:31:43 -0500] "GET /PruebasSTORM/StormSDA_pruebas/lib/?C=N;O=D HTTP/1.1" 200 6445
93.209.13.114 - - [29/Mar/2017:01:31:45 -0500] "GET /PruebasSTORM/StormSDA_pruebas/lib/?C=S;O=A HTTP/1.1" 200 6445
93.209.13.114 - - [29/Mar/2017:01:31:47 -0500] "GET /PruebasSTORM/StormSDA_pruebas/lib/myKeystore HTTP/1.1" 200 1254
93.209.13.114 - - [29/Mar/2017:01:31:51 -0500] "GET /PruebasSTORM/StormSDA_pruebas/lib/win32/?C=D;O=A HTTP/1.1" 200 1266
93.209.13.114 - - [29/Mar/2017:01:31:53 -0500] "GET /PruebasSTORM/StormSDA_pruebas/lib/win32/?C=M;O=A HTTP/1.1" 200 1266
93.209.13.114 - - [29/Mar/2017:01:31:55 -0500] "GET /PruebasSTORM/StormSDA_pruebas/lib/win32/?C=N;O=D HTTP/1.1" 200 1266
93.209.13.114 - - [29/Mar/2017:01:31:57 -0500] "GET /PruebasSTORM/StormSDA_pruebas/lib/win32/?C=S;O=A HTTP/1.1" 200 1266
93.209.13.114 - - [29/Mar/2017:01:31:59 -0500] "GET /PruebasSTORM/StormSDA_pruebas/nsjars/?C=D;O=A HTTP/1.1" 200 4116
66.249.64.59 - - [29/Mar/2017:01:32:01 -0500] "GET /BLA/resoluciones/AUTOS%202014/5789.pdf HTTP/1.1" 200 208276
93.209.13.114 - - [29/Mar/2017:01:32:01 -0500] "GET /PruebasSTORM/StormSDA_pruebas/nsjars/?C=M;O=A HTTP/1.1" 200 4116
66.249.64.53 - - [29/Mar/2017:01:32:03 -0500] "GET /BLA/resoluciones/AUTOS%202013/3275.pdf HTTP/1.1" 200 315491
93.209.13.114 - - [29/Mar/2017:01:32:03 -0500] "GET /PruebasSTORM/StormSDA_pruebas/nsjars/?C=N;O=D HTTP/1.1" 200 4116
93.209.13.114 - - [29/Mar/2017:01:32:05 -0500] "GET /PruebasSTORM/StormSDA_pruebas/nsjars/?C=S;O=A HTTP/1.1" 200 4116
93.209.13.114 - - [29/Mar/2017:01:32:08 -0500] "GET /PruebasSTORM/StormSDA_pruebas/storm/?C=D;O=A HTTP/1.1" 200 5623
93.209.13.114 - - [29/Mar/2017:01:32:11 -0500] "GET /PruebasSTORM/StormSDA_pruebas/storm/?C=M;O=A HTTP/1.1" 200 5623
93.209.13.114 - - [29/Mar/2017:01:32:14 -0500] "GET /PruebasSTORM/StormSDA_pruebas/storm/?C=N;O=D HTTP/1.1" 200 5623
93.209.13.114 - - [29/Mar/2017:01:32:15 -0500] "GET /PruebasSTORM/StormSDA_pruebas/storm/?C=S;O=A HTTP/1.1" 200 5623
93.209.13.114 - - [29/Mar/2017:01:32:17 -0500] "GET /PruebasSTORM/StormSDA_pruebas/storm/vssver2.scc HTTP/1.1" 200 491
66.249.64.53 - - [29/Mar/2017:01:32:19 -0500] "GET /BLA/resoluciones/RESOLUCIONES%202011/4544.pdf HTTP/1.1" 200 233977
93.209.13.114 - - [29/Mar/2017:01:32:19 -0500] "GET /PruebasSTORM/StormSDA_pruebas/stormWeb/?C=D;O=A HTTP/1.1" 200 1475
66.249.64.43 - - [29/Mar/2017:01:32:21 -0500] "GET /portel_dama/libreria/php/2006/ECOSISTEMAS%20FINAL%20web_mz27/restauracion/sitio/55_artic/xtras/13.pdf HTTP/1.1" 404 1019
93.209.13.114 - - [29/Mar/2017:01:32:21 -0500] "GET /PruebasSTORM/StormSDA_pruebas/stormWeb/?C=M;O=A HTTP/1.1" 200 1475
66.249.64.57 - - [29/Mar/2017:01:32:22 -0500] "GET /BLA/resoluciones/RESOLUCIONES%202011/6010.pdf HTTP/1.1" 200 1983212
93.209.13.114 - - [29/Mar/2017:01:32:22 -0500] "GET /PruebasSTORM/StormSDA_pruebas/stormWeb/?C=N;O=D HTTP/1.1" 200 1475
93.209.13.114 - - [29/Mar/2017:01:32:24 -0500] "GET /PruebasSTORM/StormSDA_pruebas/stormWeb/?C=S;O=A HTTP/1.1" 200 1475
66.249.64.51 - - [29/Mar/2017:01:32:25 -0500] "GET /BLA/resoluciones/RESOLUCIONES%202009/9435.pdf HTTP/1.1" 200 487531
93.209.13.114 - - [29/Mar/2017:01:32:26 -0500] "GET /PruebasSTORM/StormSDA_pruebas/stormWeb/img/?C=D;O=A HTTP/1.1" 200 2988
66.249.64.51 - - [29/Mar/2017:01:32:26 -0500] "GET /BLA/resoluciones/Autos%202008/0888.pdf HTTP/1.1" 200 122168
93.209.13.114 - - [29/Mar/2017:01:32:29 -0500] "GET /PruebasSTORM/StormSDA_pruebas/stormWeb/img/?C=M;O=A HTTP/1.1" 200 2988
93.209.13.114 - - [29/Mar/2017:01:32:31 -0500] "GET /PruebasSTORM/StormSDA_pruebas/stormWeb/img/?C=S;O=A HTTP/1.1" 200 2988
93.209.13.114 - - [29/Mar/2017:01:32:34 -0500] "GET /PruebasSTORM/StormSDA_pruebas/stormWeb/img/index.jsp HTTP/1.1" 200 16876
66.249.64.51 - - [29/Mar/2017:01:32:35 -0500] "GET /BLA/resoluciones/RESOLUCIONES%202011/2442.pdf HTTP/1.1" 200 536506
93.209.13.114 - - [29/Mar/2017:01:32:35 -0500] "GET /PruebasSTORM/StormSDA_pruebas/stormWeb/presentacion.html HTTP/1.1" 200 5109
66.249.64.53 - - [29/Mar/2017:01:32:36 -0500] "GET /BLA/resoluciones/AUTOS%202010/5491.pdf HTTP/1.1" 200 315894
93.209.13.114 - - [29/Mar/2017:01:32:39 -0500] "GET /PruebasSTORM/StormSDA_pruebas/stormWeb/presentacionOLD.html HTTP/1.1" 200 5105
93.209.13.114 - - [29/Mar/2017:01:32:41 -0500] "GET /PruebasSTORM/StormSDA_pruebas/storm_silv/?C=D;O=A HTTP/1.1" 200 5857
93.209.13.114 - - [29/Mar/2017:01:32:42 -0500] "GET /PruebasSTORM/StormSDA_pruebas/storm_silv/?C=M;O=A HTTP/1.1" 200 5857
93.209.13.114 - - [29/Mar/2017:01:32:44 -0500] "GET /PruebasSTORM/StormSDA_pruebas/storm_silv/?C=N;O=D HTTP/1.1" 200 5857
93.209.13.114 - - [29/Mar/2017:01:32:46 -0500] "GET /PruebasSTORM/StormSDA_pruebas/storm_silv/?C=S;O=A HTTP/1.1" 200 5857
93.209.13.114 - - [29/Mar/2017:01:32:48 -0500] "GET /PruebasSTORM/StormSDA_pruebas/userFiles/?C=D;O=A HTTP/1.1" 200 5500
66.249.64.53 - - [29/Mar/2017:01:32:49 -0500] "GET /BLA/resoluciones/AUTOS%202010/2271.pdf HTTP/1.1" 200 299815
93.209.13.114 - - [29/Mar/2017:01:32:50 -0500] "GET /PruebasSTORM/StormSDA_pruebas/userFiles/?C=M;O=A HTTP/1.1" 200 5500
66.249.64.51 - - [29/Mar/2017:01:32:51 -0500] "GET /BLA/resoluciones/AUTOS%202010/6289.pdf HTTP/1.1" 200 399654
93.209.13.114 - - [29/Mar/2017:01:32:52 -0500] "GET /PruebasSTORM/StormSDA_pruebas/userFiles/?C=N;O=D HTTP/1.1" 200 5500
93.209.13.114 - - [29/Mar/2017:01:32:53 -0500] "GET /PruebasSTORM/StormSDA_pruebas/userFiles/?C=S;O=A HTTP/1.1" 200 5500
93.209.13.114 - - [29/Mar/2017:01:32:55 -0500] "GET /PruebasSTORM/StormSDA_pruebas/userFiles/UpdateReg.xml HTTP/1.1" 200 1238
93.209.13.114 - - [29/Mar/2017:01:32:57 -0500] "GET /PruebasSTORM/StormSDA_pruebas/userFiles/update.txt HTTP/1.1" 200 33
66.249.64.51 - - [29/Mar/2017:01:32:58 -0500] "GET /BLA/resoluciones/RESOLUCIONES%202011/5063.pdf HTTP/1.1" 200 422783
66.249.64.51 - - [29/Mar/2017:01:32:58 -0500] "GET /robots.txt HTTP/1.1" 404 1018
93.209.13.114 - - [29/Mar/2017:01:32:59 -0500] "GET /PruebasSTORM/StormSDA_pruebas/userFiles/user_files/1/?C=D;O=A HTTP/1.1" 200 1754
192.168.175.104 - - [29/Mar/2017:01:33:00 -0500] "GET / HTTP/1.1" 200 9990
93.209.13.114 - - [29/Mar/2017:01:33:01 -0500] "GET /PruebasSTORM/StormSDA_pruebas/userFiles/user_files/1/?C=M;O=A HTTP/1.1" 200 1754
66.249.64.51 - - [29/Mar/2017:01:33:01 -0500] "GET /BLA/resoluciones/AUTOS%202015/0611.pdf HTTP/1.1" 200 568934
93.209.13.114 - - [29/Mar/2017:01:33:03 -0500] "GET /PruebasSTORM/StormSDA_pruebas/userFiles/user_files/1/?C=N;O=D HTTP/1.1" 200 1754
93.209.13.114 - - [29/Mar/2017:01:33:05 -0500] "GET /PruebasSTORM/StormSDA_pruebas/userFiles/user_files/1/?C=S;O=A HTTP/1.1" 200 1754
93.209.13.114 - - [29/Mar/2017:01:33:07 -0500] "GET /PruebasSTORM/StormSDA_pruebas/userFiles/user_files/1/asocia.xml HTTP/1.1" 200 6113
93.209.13.114 - - [29/Mar/2017:01:33:09 -0500] "GET /PruebasSTORM/StormSDA_pruebas/userFiles/user_files/85/?C=D;O=A HTTP/1.1" 200 1756
93.209.13.114 - - [29/Mar/2017:01:33:10 -0500] "GET /PruebasSTORM/StormSDA_pruebas/userFiles/user_files/85/?C=M;O=A HTTP/1.1" 200 1756
93.209.13.114 - - [29/Mar/2017:01:33:12 -0500] "GET /PruebasSTORM/StormSDA_pruebas/userFiles/user_files/85/?C=N;O=D HTTP/1.1" 200 1756
93.209.13.114 - - [29/Mar/2017:01:33:14 -0500] "GET /PruebasSTORM/StormSDA_pruebas/userFiles/user_files/85/?C=S;O=A HTTP/1.1" 200 1756
192.168.175.104 - - [29/Mar/2017:01:33:14 -0500] "GET / HTTP/1.1" 200 9990
66.249.64.53 - - [29/Mar/2017:01:33:17 -0500] "GET /BLA/resoluciones/RESOLUCIONES%202010/2751.pdf HTTP/1.1" 200 605322
93.209.13.114 - - [29/Mar/2017:01:33:19 -0500] "GET /PruebasSTORM/StormSDA_pruebas/userFiles/user_files/85/asocia.xml HTTP/1.1" 200 5183
93.209.13.114 - - [29/Mar/2017:01:33:22 -0500] "GET /PruebasSTORM/StormSDA_pruebas/userFiles/user_files/85/asociaFormula.xml HTTP/1.1" 200 54334
93.209.13.114 - - [29/Mar/2017:01:33:26 -0500] "GET /PruebasSTORM/StormSDA_pruebas/userFiles/user_files/85/desasocia.xml HTTP/1.1" 200 58
93.209.13.114 - - [29/Mar/2017:01:33:29 -0500] "GET /PruebasSTORM/StormSDA_pruebas/userFiles/user_files/85/desasociaFormula.xml HTTP/1.1" 200 58
192.168.175.104 - - [29/Mar/2017:01:33:31 -0500] "GET / HTTP/1.0" 200 9990
66.249.64.51 - - [29/Mar/2017:01:33:31 -0500] "GET /BLA/resoluciones/RESOLUCIONES%202010/4732.pdf HTTP/1.1" 200 350172
93.209.13.114 - - [29/Mar/2017:01:33:31 -0500] "GET /PruebasSTORM/StormSDA_pruebas/userFiles/user_files/86/?C=D;O=A HTTP/1.1" 200 1756
93.209.13.114 - - [29/Mar/2017:01:33:34 -0500] "GET /PruebasSTORM/StormSDA_pruebas/userFiles/user_files/86/?C=M;O=A HTTP/1.1" 200 1756
93.209.13.114 - - [29/Mar/2017:01:33:35 -0500] "GET /PruebasSTORM/StormSDA_pruebas/userFiles/user_files/86/?C=N;O=D HTTP/1.1" 200 1756
93.209.13.114 - - [29/Mar/2017:01:33:37 -0500] "GET /PruebasSTORM/StormSDA_pruebas/userFiles/user_files/86/?C=S;O=A HTTP/1.1" 200 1756
93.209.13.114 - - [29/Mar/2017:01:33:39 -0500] "GET /PruebasSTORM/StormSDA_pruebas/userFiles/user_files/86/asocia.xml HTTP/1.1" 200 5602
93.209.13.114 - - [29/Mar/2017:01:33:41 -0500] "GET /PruebasSTORM/StormSDA_pruebas/userFiles/user_files/86/asociaFormula.xml HTTP/1.1" 200 55174
66.249.64.51 - - [29/Mar/2017:01:33:41 -0500] "GET /BLA/resoluciones/RESOLUCIONES%202009/6422.pdf HTTP/1.1" 200 437119
93.209.13.114 - - [29/Mar/2017:01:33:44 -0500] "GET /PruebasSTORM/StormSDA_pruebas/userFiles/user_files/86/desasocia.xml HTTP/1.1" 200 58
93.209.13.114 - - [29/Mar/2017:01:33:46 -0500] "GET /PruebasSTORM/StormSDA_pruebas/userFiles/user_files/86/desasociaFormula.xml HTTP/1.1" 200 58
93.209.13.114 - - [29/Mar/2017:01:33:48 -0500] "GET /PruebasSTORM/StormSDA_pruebas/userFiles/user_files/87/?C=D;O=A HTTP/1.1" 200 1756
93.209.13.114 - - [29/Mar/2017:01:33:50 -0500] "GET /PruebasSTORM/StormSDA_pruebas/userFiles/user_files/87/?C=M;O=A HTTP/1.1" 200 1756
93.209.13.114 - - [29/Mar/2017:01:33:53 -0500] "GET /PruebasSTORM/StormSDA_pruebas/userFiles/user_files/87/?C=N;O=D HTTP/1.1" 200 1756
93.209.13.114 - - [29/Mar/2017:01:33:55 -0500] "GET /PruebasSTORM/StormSDA_pruebas/userFiles/user_files/87/?C=S;O=A HTTP/1.1" 200 1756
93.209.13.114 - - [29/Mar/2017:01:33:57 -0500] "GET /PruebasSTORM/StormSDA_pruebas/userFiles/user_files/87/asocia.xml HTTP/1.1" 200 5183
66.249.64.51 - - [29/Mar/2017:01:34:01 -0500] "GET /BLA/resoluciones/AUTOS%202014/6354.pdf HTTP/1.1" 200 592628
93.209.13.114 - - [29/Mar/2017:01:34:02 -0500] "GET /PruebasSTORM/StormSDA_pruebas/userFiles/user_files/87/asociaFormula.xml HTTP/1.1" 200 54334
93.209.13.114 - - [29/Mar/2017:01:34:06 -0500] "GET /PruebasSTORM/StormSDA_pruebas/userFiles/user_files/87/desasocia.xml HTTP/1.1" 200 58
93.209.13.114 - - [29/Mar/2017:01:34:08 -0500] "GET /PruebasSTORM/StormSDA_pruebas/userFiles/user_files/87/desasociaFormula.xml HTTP/1.1" 200 58
66.249.64.51 - - [29/Mar/2017:01:34:09 -0500] "GET /BLA/resoluciones/AUTOS%202013/1190.pdf HTTP/1.1" 200 261775
93.209.13.114 - - [29/Mar/2017:01:34:10 -0500] "GET /PruebasSTORM/StormSDA_pruebas/userFiles/user_files/88/?C=D;O=A HTTP/1.1" 200 1756
93.209.13.114 - - [29/Mar/2017:01:34:12 -0500] "GET /PruebasSTORM/StormSDA_pruebas/userFiles/user_files/88/?C=M;O=A HTTP/1.1" 200 1756
93.209.13.114 - - [29/Mar/2017:01:34:14 -0500] "GET /PruebasSTORM/StormSDA_pruebas/userFiles/user_files/88/?C=N;O=D HTTP/1.1" 200 1756
93.209.13.114 - - [29/Mar/2017:01:34:15 -0500] "GET /PruebasSTORM/StormSDA_pruebas/userFiles/user_files/88/?C=S;O=A HTTP/1.1" 200 1756
93.209.13.114 - - [29/Mar/2017:01:34:18 -0500] "GET /PruebasSTORM/StormSDA_pruebas/userFiles/user_files/88/asocia.xml HTTP/1.1" 200 5183
93.209.13.114 - - [29/Mar/2017:01:34:20 -0500] "GET /PruebasSTORM/StormSDA_pruebas/userFiles/user_files/88/asociaFormula.xml HTTP/1.1" 200 54334
66.249.64.51 - - [29/Mar/2017:01:34:21 -0500] "GET /BLA/resoluciones/RESOLUCIONES%202009/9437.pdf HTTP/1.1" 200 515195
93.209.13.114 - - [29/Mar/2017:01:34:23 -0500] "GET /PruebasSTORM/StormSDA_pruebas/userFiles/user_files/88/desasocia.xml HTTP/1.1" 200 58
93.209.13.114 - - [29/Mar/2017:01:34:24 -0500] "GET /PruebasSTORM/StormSDA_pruebas/userFiles/user_files/88/desasociaFormula.xml HTTP/1.1" 200 58
93.209.13.114 - - [29/Mar/2017:01:34:26 -0500] "GET /PruebasSTORM/StormSDA_pruebas/userFiles/user_files/89/?C=D;O=A HTTP/1.1" 200 1756
190.121.136.12 - - [29/Mar/2017:01:34:27 -0500] "GET /galeria/galeria/jquery.fancybox.css?v=2.1.5 HTTP/1.1" 200 4895
190.121.136.12 - - [29/Mar/2017:01:34:27 -0500] "GET /BLA/boletinlegal/js/jquery.scrollShow.js HTTP/1.1" 200 4586
190.121.136.12 - - [29/Mar/2017:01:34:27 -0500] "GET /galeria/galeria/jquery.fancybox.js?v=2.1.5 HTTP/1.1" 200 48706
190.121.136.12 - - [29/Mar/2017:01:34:27 -0500] "GET /galeria/galeria/jquery.fancybox.js?v=2.1.5 HTTP/1.1" 206 128
66.249.64.44 - - [29/Mar/2017:01:34:27 -0500] "GET /robots.txt HTTP/1.1" 404 1017
66.249.64.40 - - [29/Mar/2017:01:34:27 -0500] "GET /.well-known/assetlinks.json HTTP/1.1" 404 1017
93.209.13.114 - - [29/Mar/2017:01:34:28 -0500] "GET /PruebasSTORM/StormSDA_pruebas/userFiles/user_files/89/?C=M;O=A HTTP/1.1" 200 1756
66.249.64.51 - - [29/Mar/2017:01:34:28 -0500] "GET /BLA/resoluciones/AUTOS%202013/2509.pdf HTTP/1.1" 200 528312
93.209.13.114 - - [29/Mar/2017:01:34:30 -0500] "GET /PruebasSTORM/StormSDA_pruebas/userFiles/user_files/89/?C=N;O=D HTTP/1.1" 200 1756
66.249.64.51 - - [29/Mar/2017:01:34:31 -0500] "GET /BLA/resoluciones/AUTOS%202006/AUTOS%202006%202101%20-%202200/00002179.tif HTTP/1.1" 200 79708
