!C99Shell v. 1.0 pre-release build #13!

Software: Apache. PHP/5.5.15 

uname -a: Windows NT SVR-DMZ 6.1 build 7600 (Windows Server 2008 R2 Enterprise Edition) i586 

SYSTEM 

Safe-mode: OFF (not secure)

E:\nuevo\apache\logs\   drwxrwxrwx
Free 7.34 GB of 239.26 GB (3.07%)
Detected drives: [ a ] [ c ] [ d ] [ e ] [ f ]
Home    Back    Forward    UPDIR    Refresh    Search    Buffer    Encoder    Tools    Proc.    FTP brute    Sec.    SQL    PHP-code    Update    Feedback    Self remove    Logout    


Viewing file:     access.2017.04.06.log (12.3 MB)      -rw-rw-rw-
Select action/file-type:
(+) | (+) | (+) | Code (+) | Session (+) | (+) | SDB (+) | (+) | (+) | (+) | (+) | (+) |
66.249.65.178 - - [06/Apr/2017:00:00:06 -0500] "GET /BLA/resoluciones/RESOLUCIONES%202007/RES%202007%20701%20AL%20800/RESOLUCION%200746%20DE%202007.pdf HTTP/1.1" 200 233574
192.168.175.104 - - [06/Apr/2017:00:00:18 -0500] "GET / HTTP/1.0" 200 9990
66.249.65.181 - - [06/Apr/2017:00:00:18 -0500] "GET /BLA/resoluciones/RESOLUCIONES%202013/0146.pdf HTTP/1.1" 200 1188264
66.249.65.178 - - [06/Apr/2017:00:00:30 -0500] "GET /BLA/resoluciones/RESOLUCIONES%202010/0437.pdf HTTP/1.1" 200 552134
66.249.65.178 - - [06/Apr/2017:00:00:42 -0500] "GET /BLA/resoluciones/RESOLUCIONES%202008/1354.pdf HTTP/1.1" 200 443629
181.54.55.8 - - [06/Apr/2017:00:00:44 -0500] "GET /BLA/boletinlegal/js/jquery.scrollShow.js HTTP/1.1" 200 4586
181.54.55.8 - - [06/Apr/2017:00:00:44 -0500] "GET /galeria/galeria/jquery.fancybox.js?v=2.1.5 HTTP/1.1" 200 48706
181.54.55.8 - - [06/Apr/2017:00:00:45 -0500] "GET /galeria/galeria/jquery.fancybox.css?v=2.1.5 HTTP/1.1" 200 4895
66.249.65.178 - - [06/Apr/2017:00:00:45 -0500] "GET /BLA/resoluciones/RESOLUCIONES%202010/2035.pdf HTTP/1.1" 200 549997
181.54.55.8 - - [06/Apr/2017:00:00:45 -0500] "GET /galeria/carrusel/Carrusel/jquery.thumbnailScroller.css HTTP/1.1" 200 2066
181.54.55.8 - - [06/Apr/2017:00:00:46 -0500] "GET /galeria/carrusel/Carrusel/jquery-ui-1.8.13.custom.min.js HTTP/1.1" 200 10800
200.119.63.51 - - [06/Apr/2017:00:00:49 -0500] "POST /sipse/faces/presentacion/financiero/solicitudProceso/listarSolicitudProceso.xhtml HTTP/1.1" 200 28527
192.168.175.104 - - [06/Apr/2017:00:01:04 -0500] "GET / HTTP/1.1" 200 9990
66.249.65.175 - - [06/Apr/2017:00:01:05 -0500] "GET /BLA/resoluciones/RESOLUCIONES%202013/0436.pdf HTTP/1.1" 200 354759
200.119.63.51 - - [06/Apr/2017:00:01:10 -0500] "POST /sipse/faces/presentacion/financiero/solicitudProceso/listarSolicitudProceso.xhtml HTTP/1.1" 200 115769
200.119.63.51 - - [06/Apr/2017:00:01:10 -0500] "GET /sipse/faces/javax.faces.resource/jquery/jquery.js?ln=primefaces&v=4.0 HTTP/1.1" 304 -
200.119.63.51 - - [06/Apr/2017:00:01:10 -0500] "GET /sipse/faces/javax.faces.resource/jquery/jquery-plugins.js?ln=primefaces&v=4.0 HTTP/1.1" 304 -
200.119.63.51 - - [06/Apr/2017:00:01:10 -0500] "GET /sipse/faces/javax.faces.resource/primefaces.js?ln=primefaces&v=4.0 HTTP/1.1" 304 -
200.119.63.51 - - [06/Apr/2017:00:01:10 -0500] "GET /sipse/faces/javax.faces.resource/layout/layout.js?ln=primefaces&v=4.0 HTTP/1.1" 304 -
200.119.63.51 - - [06/Apr/2017:00:01:14 -0500] "POST /sipse/faces/presentacion/financiero/solicitudProceso/consultarSolicitudProceso.xhtml HTTP/1.1" 200 37456
200.119.63.51 - - [06/Apr/2017:00:01:14 -0500] "GET /sipse/faces/javax.faces.resource/theme.css?ln=primefaces-sipse HTTP/1.1" 304 -
200.119.63.51 - - [06/Apr/2017:00:01:14 -0500] "GET /sipse/faces/javax.faces.resource/primefaces.css?ln=primefaces&v=4.0 HTTP/1.1" 304 -
200.119.63.51 - - [06/Apr/2017:00:01:14 -0500] "GET /sipse/faces/javax.faces.resource/layout/layout.css?ln=primefaces&v=4.0 HTTP/1.1" 304 -
200.119.63.51 - - [06/Apr/2017:00:01:14 -0500] "GET /sipse/faces/javax.faces.resource/jquery/jquery-plugins.js?ln=primefaces&v=4.0 HTTP/1.1" 304 -
200.119.63.51 - - [06/Apr/2017:00:01:14 -0500] "GET /sipse/faces/javax.faces.resource/jquery/jquery.js?ln=primefaces&v=4.0 HTTP/1.1" 304 -
200.119.63.51 - - [06/Apr/2017:00:01:14 -0500] "GET /sipse/faces/javax.faces.resource/primefaces.js?ln=primefaces&v=4.0 HTTP/1.1" 304 -
200.119.63.51 - - [06/Apr/2017:00:01:14 -0500] "GET /sipse/faces/javax.faces.resource/layout/layout.js?ln=primefaces&v=4.0 HTTP/1.1" 304 -
200.119.63.51 - - [06/Apr/2017:00:01:15 -0500] "GET /sipse/faces/javax.faces.resource/images/ui-icons_898989_256x240.png?ln=primefaces-aristo HTTP/1.1" 304 -
200.119.63.51 - - [06/Apr/2017:00:01:15 -0500] "GET /sipse/css/imagen/contrasena.png HTTP/1.1" 404 440
164.132.161.6 - - [06/Apr/2017:00:01:16 -0500] "GET /BLA/resoluciones/RESOLUCIONES%202006/RES%202006%20251-300/00000284.tif HTTP/1.1" 200 934064
66.249.65.175 - - [06/Apr/2017:00:01:29 -0500] "GET /BLA/resoluciones/RESOLUCIONES%202014/0745.pdf HTTP/1.1" 200 577718
66.249.65.175 - - [06/Apr/2017:00:01:30 -0500] "GET /videos/CRRFFS.mp4 HTTP/1.1" 304 -
200.119.63.51 - - [06/Apr/2017:00:01:37 -0500] "GET /sipse/faces/javax.faces.resource/images/ui-bg_flat_0_2d5972_40x100.png?ln=primefaces-aristo HTTP/1.1" 304 -
200.119.63.51 - - [06/Apr/2017:00:01:37 -0500] "POST /sipse/faces/presentacion/financiero/solicitudProceso/consultarHistorialSolProceso.xhtml HTTP/1.1" 200 64477
200.119.63.51 - - [06/Apr/2017:00:01:37 -0500] "GET /sipse/faces/javax.faces.resource/jquery/jquery.js?ln=primefaces&v=4.0 HTTP/1.1" 304 -
200.119.63.51 - - [06/Apr/2017:00:01:37 -0500] "GET /sipse/faces/javax.faces.resource/jquery/jquery-plugins.js?ln=primefaces&v=4.0 HTTP/1.1" 304 -
200.119.63.51 - - [06/Apr/2017:00:01:37 -0500] "GET /sipse/faces/javax.faces.resource/primefaces.js?ln=primefaces&v=4.0 HTTP/1.1" 304 -
200.119.63.51 - - [06/Apr/2017:00:01:37 -0500] "GET /sipse/faces/javax.faces.resource/layout/layout.js?ln=primefaces&v=4.0 HTTP/1.1" 304 -
200.119.63.51 - - [06/Apr/2017:00:01:38 -0500] "POST /sipse/faces/presentacion/financiero/solicitudProceso/listarSolicitudProceso.xhtml HTTP/1.1" 200 307
66.249.65.175 - - [06/Apr/2017:00:01:53 -0500] "GET /BLA/resoluciones/RESOLUCIONES%202007/RES%202007%20201%20AL%20300/RESOLUCION%200245%20DE%202007.pdf HTTP/1.1" 200 300627
66.249.65.175 - - [06/Apr/2017:00:02:05 -0500] "GET /BLA/resoluciones/RESOLUCIONES%202013/0074%20.pdf HTTP/1.1" 304 -
192.168.175.104 - - [06/Apr/2017:00:02:10 -0500] "GET / HTTP/1.1" 200 9990
181.49.74.85 - - [06/Apr/2017:00:03:01 -0500] "GET /BLA/boletinlegal/js/jquery.scrollShow.js HTTP/1.1" 200 4586
181.49.74.85 - - [06/Apr/2017:00:03:01 -0500] "GET /galeria/galeria/jquery.fancybox.js?v=2.1.5 HTTP/1.1" 200 48706
181.49.74.85 - - [06/Apr/2017:00:03:02 -0500] "GET /galeria/galeria/jquery.fancybox.css?v=2.1.5 HTTP/1.1" 200 4895
181.49.74.85 - - [06/Apr/2017:00:03:12 -0500] "GET /galeria/galeria/jquery.fancybox.js?v=2.1.5 HTTP/1.1" 304 -
181.49.74.85 - - [06/Apr/2017:00:03:13 -0500] "GET /galeria/galeria/jquery.fancybox.css?v=2.1.5 HTTP/1.1" 304 -
181.49.74.85 - - [06/Apr/2017:00:03:13 -0500] "GET /BLA/boletinlegal/js/jquery.scrollShow.js HTTP/1.1" 304 -
69.162.124.233 - - [06/Apr/2017:00:03:13 -0500] "HEAD / HTTP/1.1" 200 -
190.240.135.29 - - [06/Apr/2017:00:03:17 -0500] "GET /BLA/boletinlegal/js/jquery.scrollShow.js HTTP/1.1" 200 4586
190.240.135.29 - - [06/Apr/2017:00:03:18 -0500] "GET /galeria/galeria/jquery.fancybox.js?v=2.1.5 HTTP/1.1" 200 48706
190.240.135.29 - - [06/Apr/2017:00:03:18 -0500] "GET /galeria/galeria/jquery.fancybox.css?v=2.1.5 HTTP/1.1" 200 4895
190.240.135.29 - - [06/Apr/2017:00:03:20 -0500] "GET /BLA/boletinlegal/js/jquery.scrollShow.js HTTP/1.1" 200 4586
190.240.135.29 - - [06/Apr/2017:00:03:20 -0500] "GET /galeria/galeria/jquery.fancybox.js?v=2.1.5 HTTP/1.1" 200 48706
190.240.135.29 - - [06/Apr/2017:00:03:20 -0500] "GET /galeria/galeria/jquery.fancybox.css?v=2.1.5 HTTP/1.1" 200 4895
68.180.231.51 - - [06/Apr/2017:00:04:05 -0500] "GET /BLA/boletinlegal/Circulares/2012/Circular%20No.%2010%20del%2026%20de%20Enero%20de%202012.pdf HTTP/1.1" 404 1018
66.249.73.238 - - [06/Apr/2017:00:04:26 -0500] "GET / HTTP/1.1" 200 9990
190.9.209.140 - - [06/Apr/2017:00:04:38 -0500] "GET /galeria/galeria/jquery.fancybox.css?v=2.1.5 HTTP/1.1" 200 4895
190.9.209.140 - - [06/Apr/2017:00:04:38 -0500] "GET /BLA/boletinlegal/js/jquery.scrollShow.js HTTP/1.1" 200 4586
190.9.209.140 - - [06/Apr/2017:00:04:38 -0500] "GET /galeria/galeria/jquery.fancybox.js?v=2.1.5 HTTP/1.1" 200 48706
66.249.65.178 - - [06/Apr/2017:00:04:38 -0500] "GET /BLA/resoluciones/RESOLUCIONES%202007/RES%202007%201801%20AL%201900/RESOLUCION%201851%20DE%202007.pdf HTTP/1.1" 200 212831
189.150.132.219 - - [06/Apr/2017:00:04:39 -0500] "GET /galeria/galeria/jquery.fancybox.css?v=2.1.5 HTTP/1.1" 200 4895
189.150.132.219 - - [06/Apr/2017:00:04:39 -0500] "GET /BLA/boletinlegal/js/jquery.scrollShow.js HTTP/1.1" 200 4586
189.150.132.219 - - [06/Apr/2017:00:04:39 -0500] "GET /galeria/galeria/jquery.fancybox.js?v=2.1.5 HTTP/1.1" 200 48706
66.249.65.175 - - [06/Apr/2017:00:04:50 -0500] "GET /BLA/resoluciones/RESOLUCIONES%202011/0602.pdf HTTP/1.1" 200 75677
190.9.209.140 - - [06/Apr/2017:00:04:59 -0500] "GET /galeria/galeria/jquery.fancybox.css?v=2.1.5 HTTP/1.1" 304 -
190.9.209.140 - - [06/Apr/2017:00:04:59 -0500] "GET /BLA/boletinlegal/js/jquery.scrollShow.js HTTP/1.1" 304 -
190.9.209.140 - - [06/Apr/2017:00:04:59 -0500] "GET /galeria/galeria/jquery.fancybox.js?v=2.1.5 HTTP/1.1" 304 -
66.249.65.181 - - [06/Apr/2017:00:05:01 -0500] "GET /BLA/resoluciones/RESOLUCIONES%202014/0689.pdf HTTP/1.1" 200 688740
189.150.132.219 - - [06/Apr/2017:00:05:02 -0500] "GET /galeria/galeria/jquery.fancybox.css?v=2.1.5 HTTP/1.1" 304 -
189.150.132.219 - - [06/Apr/2017:00:05:02 -0500] "GET /BLA/boletinlegal/js/jquery.scrollShow.js HTTP/1.1" 304 -
189.150.132.219 - - [06/Apr/2017:00:05:02 -0500] "GET /galeria/galeria/jquery.fancybox.js?v=2.1.5 HTTP/1.1" 304 -
66.249.65.178 - - [06/Apr/2017:00:05:13 -0500] "GET /BLA/resoluciones/RESOLUCIONES%202009/4173.pdf HTTP/1.1" 304 -
192.168.175.104 - - [06/Apr/2017:00:05:17 -0500] "GET / HTTP/1.0" 200 9990
188.213.169.207 - - [06/Apr/2017:00:05:24 -0500] "GET /transparencia/directorioservidores/septiembre2015.xlsx HTTP/1.1" 200 37000
66.249.65.178 - - [06/Apr/2017:00:05:25 -0500] "GET /BLA/resoluciones/RESOLUCIONES%202010/5672.pdf HTTP/1.1" 200 120132
184.168.193.151 - - [06/Apr/2017:00:05:25 -0500] "GET /wp-admin/ HTTP/1.1" 404 1018
68.180.231.51 - - [06/Apr/2017:00:05:27 -0500] "GET /BLA/resoluciones/index.php?dir=RESOLUCIONES+2007%2F HTTP/1.1" 200 12504
66.249.65.178 - - [06/Apr/2017:00:05:37 -0500] "GET /BLA/resoluciones/RESOLUCIONES%202007/RES%202007%201901%20AL%202000/RESOLUCION%201976%20DE%202007.pdf HTTP/1.1" 200 141820
201.123.2.146 - - [06/Apr/2017:00:05:38 -0500] "GET /BLA/boletinlegal/js/jquery.scrollShow.js HTTP/1.1" 200 4586
201.123.2.146 - - [06/Apr/2017:00:05:38 -0500] "GET /galeria/galeria/jquery.fancybox.js?v=2.1.5 HTTP/1.1" 200 48706
201.123.2.146 - - [06/Apr/2017:00:05:38 -0500] "GET /galeria/galeria/jquery.fancybox.css?v=2.1.5 HTTP/1.1" 200 4895
66.249.65.175 - - [06/Apr/2017:00:05:42 -0500] "GET /BLA/resoluciones/RESOLUCIONES%202011/3114.pdf HTTP/1.1" 200 871164
201.245.192.253 - - [06/Apr/2017:00:05:44 -0500] "GET /galeria/galeria/jquery.fancybox.css?v=2.1.5 HTTP/1.1" 200 4895
201.245.192.253 - - [06/Apr/2017:00:05:44 -0500] "GET /galeria/carrusel/Carrusel/jquery.thumbnailScroller.css HTTP/1.1" 200 2066
201.245.192.253 - - [06/Apr/2017:00:05:44 -0500] "GET /BLA/boletinlegal/js/jquery.scrollShow.js HTTP/1.1" 200 4586
201.245.192.253 - - [06/Apr/2017:00:05:44 -0500] "GET /galeria/galeria/jquery.fancybox.js?v=2.1.5 HTTP/1.1" 200 48706
66.249.65.175 - - [06/Apr/2017:00:05:48 -0500] "GET /BLA/resoluciones/AUTOS%202014/4298.pdf HTTP/1.1" 200 524607
201.245.192.253 - - [06/Apr/2017:00:05:49 -0500] "GET /galeria/carrusel/Carrusel/jquery-ui-1.8.13.custom.min.js HTTP/1.1" 200 10800
201.245.192.253 - - [06/Apr/2017:00:05:49 -0500] "GET /galeria/carrusel/Carrusel/jquery.thumbnailScroller.js HTTP/1.1" 200 8157
201.245.192.253 - - [06/Apr/2017:00:05:51 -0500] "GET /galeria/nivo-slider/demo/demo.html HTTP/1.1" 200 3263
201.245.192.253 - - [06/Apr/2017:00:05:51 -0500] "GET /galeria/nivo-slider/themes/default/default.css HTTP/1.1" 200 1569
201.245.192.253 - - [06/Apr/2017:00:05:51 -0500] "GET /galeria/nivo-slider/themes/pascal/pascal.css HTTP/1.1" 200 2258
201.245.192.253 - - [06/Apr/2017:00:05:51 -0500] "GET /galeria/nivo-slider/themes/orman/orman.css HTTP/1.1" 200 2152
201.245.192.253 - - [06/Apr/2017:00:05:51 -0500] "GET /galeria/nivo-slider/nivo-slider.css HTTP/1.1" 200 1507
201.245.192.253 - - [06/Apr/2017:00:05:51 -0500] "GET /galeria/nivo-slider/demo/style.css HTTP/1.1" 200 2222
201.245.192.253 - - [06/Apr/2017:00:05:51 -0500] "GET /galeria/nivo-slider/demo/scripts/jquery-1.7.1.min.js HTTP/1.1" 200 93868
201.245.192.253 - - [06/Apr/2017:00:05:52 -0500] "GET /galeria/nivo-slider/demo/images/bannerramos.jpg HTTP/1.1" 200 181256
201.245.192.253 - - [06/Apr/2017:00:05:52 -0500] "GET /galeria/nivo-slider/jquery.nivo.slider.pack.js HTTP/1.1" 200 11561
201.245.192.253 - - [06/Apr/2017:00:05:52 -0500] "GET /galeria/nivo-slider/demo/images/bannercarreradeascenso.jpg HTTP/1.1" 200 147116
201.245.192.253 - - [06/Apr/2017:00:05:52 -0500] "GET /galeria/nivo-slider/demo/images/bannercampa%C3%B1acambiodesede.jpg HTTP/1.1" 200 128006
181.53.32.59 - - [06/Apr/2017:00:05:52 -0500] "GET /BLA/resoluciones/RESOLUCIONES%202014/1295.pdf HTTP/1.1" 200 1018123
201.245.192.253 - - [06/Apr/2017:00:05:52 -0500] "GET /galeria/nivo-slider/demo/images/BANNERCAMINATAS%20ECOLOGICAS%20MARZO.jpg HTTP/1.1" 200 266671
201.123.2.146 - - [06/Apr/2017:00:05:53 -0500] "GET /BLA/boletinlegal/js/jquery.scrollShow.js HTTP/1.1" 200 4586
201.123.2.146 - - [06/Apr/2017:00:05:53 -0500] "GET /galeria/galeria/jquery.fancybox.js?v=2.1.5 HTTP/1.1" 200 48706
201.123.2.146 - - [06/Apr/2017:00:05:53 -0500] "GET /galeria/galeria/jquery.fancybox.css?v=2.1.5 HTTP/1.1" 200 4895
201.245.192.253 - - [06/Apr/2017:00:05:53 -0500] "GET /galeria/nivo-slider/themes/default/loading.gif HTTP/1.1" 200 1737
181.53.32.59 - - [06/Apr/2017:00:05:53 -0500] "GET /favicon.ico HTTP/1.1" 200 7782
201.245.192.253 - - [06/Apr/2017:00:05:54 -0500] "GET /galeria/nivo-slider/demo/images/4Simple_Slider.png HTTP/1.1" 200 11722
201.245.192.253 - - [06/Apr/2017:00:05:57 -0500] "GET /galeria/nivo-slider/demo/images/bannerlumina2017web.jpg HTTP/1.1" 200 198918
201.245.192.253 - - [06/Apr/2017:00:05:57 -0500] "GET /galeria/nivo-slider/demo/images/banner%20reportedearbolescaidos.jpg HTTP/1.1" 200 249999
181.53.32.59 - - [06/Apr/2017:00:05:57 -0500] "GET /BLA/resoluciones/RESOLUCIONES%202014/3748.pdf HTTP/1.1" 200 533853
201.245.192.253 - - [06/Apr/2017:00:05:59 -0500] "GET /galeria/nivo-slider/demo/images/banner%20aceite%20vegetal%20usado.jpg HTTP/1.1" 200 169350
201.245.192.253 - - [06/Apr/2017:00:05:59 -0500] "GET /galeria/nivo-slider/demo/images/Ruta-vertimientos-01.jpg HTTP/1.1" 200 130151
201.245.192.253 - - [06/Apr/2017:00:05:59 -0500] "GET /galeria/nivo-slider/demo/images/bolsas-06.jpg HTTP/1.1" 200 210950
66.249.65.175 - - [06/Apr/2017:00:06:00 -0500] "GET /BLA/resoluciones/RESOLUCIONES%202010/0837.pdf HTTP/1.1" 200 96435
192.168.175.104 - - [06/Apr/2017:00:06:02 -0500] "GET / HTTP/1.1" 200 9990
201.245.192.253 - - [06/Apr/2017:00:06:07 -0500] "GET /galeria/nivo-slider/themes/default/bullets.png HTTP/1.1" 200 1281
201.245.192.253 - - [06/Apr/2017:00:06:11 -0500] "GET /galeria/nivo-slider/themes/default/arrows.png HTTP/1.1" 200 824
66.249.65.178 - - [06/Apr/2017:00:06:12 -0500] "GET /BLA/resoluciones/AUTOS%202007/2033.pdf HTTP/1.1" 200 121002
66.249.65.181 - - [06/Apr/2017:00:06:24 -0500] "GET /BLA/resoluciones/RESOLUCIONES%202010/4098.pdf HTTP/1.1" 200 338396
66.249.65.175 - - [06/Apr/2017:00:06:36 -0500] "GET /BLA/resoluciones/RESOLUCIONES%202010/2107.pdf HTTP/1.1" 200 471198
66.249.65.175 - - [06/Apr/2017:00:06:47 -0500] "GET /BLA/resoluciones/AUTOS%202007/3241.pdf HTTP/1.1" 200 86796
66.249.65.175 - - [06/Apr/2017:00:06:58 -0500] "GET /videos/CRRFFS.mp4 HTTP/1.1" 304 -
66.249.65.175 - - [06/Apr/2017:00:07:05 -0500] "GET /BLA/resoluciones/RESOLUCIONES%202008/4371.pdf HTTP/1.1" 200 1169289
192.168.175.104 - - [06/Apr/2017:00:07:08 -0500] "GET / HTTP/1.1" 200 9990
66.249.65.175 - - [06/Apr/2017:00:07:11 -0500] "GET /BLA/resoluciones/RESOLUCIONES%202008/1845.pdf HTTP/1.1" 200 293294
66.249.65.178 - - [06/Apr/2017:00:07:23 -0500] "GET /BLA/resoluciones/RESOLUCIONES%202009/0277.pdf HTTP/1.1" 200 44533
157.55.39.215 - - [06/Apr/2017:00:06:58 -0500] "GET /POT-2013/Cartografia/04_Inundacion_V1_2013.pdf HTTP/1.1" 200 4942126
66.249.65.178 - - [06/Apr/2017:00:07:32 -0500] "GET /resoluciones/RESOLUCIONES%202008/1601.pdf HTTP/1.1" 404 1018
66.249.65.175 - - [06/Apr/2017:00:07:35 -0500] "GET /BLA/resoluciones/RESOLUCIONES%202008/0711.pdf HTTP/1.1" 200 2409713
190.25.69.63 - - [06/Apr/2017:00:07:44 -0500] "GET /galeria/galeria/jquery.fancybox.css?v=2.1.5 HTTP/1.1" 200 4895
190.25.69.63 - - [06/Apr/2017:00:07:44 -0500] "GET /BLA/boletinlegal/js/jquery.scrollShow.js HTTP/1.1" 200 4586
190.25.69.63 - - [06/Apr/2017:00:07:44 -0500] "GET /galeria/galeria/jquery.fancybox.js?v=2.1.5 HTTP/1.1" 200 48706
190.25.69.63 - - [06/Apr/2017:00:07:44 -0500] "GET /galeria/carrusel/Carrusel/jquery.thumbnailScroller.css HTTP/1.1" 200 2066
190.25.69.63 - - [06/Apr/2017:00:07:45 -0500] "GET /galeria/carrusel/Carrusel/jquery-ui-1.8.13.custom.min.js HTTP/1.1" 200 10800
190.25.69.63 - - [06/Apr/2017:00:07:45 -0500] "GET /galeria/carrusel/Carrusel/jquery.thumbnailScroller.js HTTP/1.1" 200 8157
190.25.69.63 - - [06/Apr/2017:00:07:45 -0500] "GET /galeria/nivo-slider/demo/demo.html HTTP/1.1" 200 3263
190.25.69.63 - - [06/Apr/2017:00:07:46 -0500] "GET /galeria/nivo-slider/themes/default/default.css HTTP/1.1" 200 1569
190.25.69.63 - - [06/Apr/2017:00:07:46 -0500] "GET /galeria/nivo-slider/themes/pascal/pascal.css HTTP/1.1" 200 2258
190.25.69.63 - - [06/Apr/2017:00:07:46 -0500] "GET /galeria/nivo-slider/themes/orman/orman.css HTTP/1.1" 200 2152
190.25.69.63 - - [06/Apr/2017:00:07:46 -0500] "GET /galeria/nivo-slider/demo/style.css HTTP/1.1" 200 2222
190.25.69.63 - - [06/Apr/2017:00:07:46 -0500] "GET /galeria/nivo-slider/demo/scripts/jquery-1.7.1.min.js HTTP/1.1" 200 93868
190.25.69.63 - - [06/Apr/2017:00:07:46 -0500] "GET /galeria/nivo-slider/nivo-slider.css HTTP/1.1" 200 1507
190.25.69.63 - - [06/Apr/2017:00:07:46 -0500] "GET /galeria/nivo-slider/demo/images/bannerramos.jpg HTTP/1.1" 200 181256
190.25.69.63 - - [06/Apr/2017:00:07:46 -0500] "GET /galeria/nivo-slider/jquery.nivo.slider.pack.js HTTP/1.1" 200 11561
66.249.65.178 - - [06/Apr/2017:00:07:46 -0500] "GET /BLA/resoluciones/RESOLUCIONES%202008/1891.pdf HTTP/1.1" 200 209524
190.25.69.63 - - [06/Apr/2017:00:07:47 -0500] "GET /galeria/nivo-slider/demo/images/bannercarreradeascenso.jpg HTTP/1.1" 200 147116
190.25.69.63 - - [06/Apr/2017:00:07:47 -0500] "GET /galeria/nivo-slider/demo/images/bannercampa%C3%B1acambiodesede.jpg HTTP/1.1" 200 128006
190.25.69.63 - - [06/Apr/2017:00:07:47 -0500] "GET /galeria/nivo-slider/demo/images/BANNERCAMINATAS%20ECOLOGICAS%20MARZO.jpg HTTP/1.1" 200 266671
190.25.69.63 - - [06/Apr/2017:00:07:47 -0500] "GET /galeria/nivo-slider/themes/default/loading.gif HTTP/1.1" 200 1737
190.25.69.63 - - [06/Apr/2017:00:07:47 -0500] "GET /galeria/nivo-slider/demo/images/4Simple_Slider.png HTTP/1.1" 200 11722
190.25.69.63 - - [06/Apr/2017:00:07:47 -0500] "GET /galeria/nivo-slider/demo/images/bannerlumina2017web.jpg HTTP/1.1" 200 198918
190.25.69.63 - - [06/Apr/2017:00:07:47 -0500] "GET /galeria/nivo-slider/demo/images/banner%20reportedearbolescaidos.jpg HTTP/1.1" 200 249999
190.25.69.63 - - [06/Apr/2017:00:07:48 -0500] "GET /galeria/nivo-slider/demo/images/banner%20aceite%20vegetal%20usado.jpg HTTP/1.1" 200 169350
190.25.69.63 - - [06/Apr/2017:00:07:50 -0500] "GET /galeria/nivo-slider/demo/images/Ruta-vertimientos-01.jpg HTTP/1.1" 200 130151
190.25.69.63 - - [06/Apr/2017:00:07:54 -0500] "GET /galeria/nivo-slider/demo/images/bolsas-06.jpg HTTP/1.1" 200 210950
190.25.69.63 - - [06/Apr/2017:00:07:59 -0500] "GET /galeria/nivo-slider/themes/default/bullets.png HTTP/1.1" 200 1281
190.25.69.63 - - [06/Apr/2017:00:07:59 -0500] "GET /galeria/nivo-slider/themes/default/arrows.png HTTP/1.1" 200 824
163.172.66.62 - - [06/Apr/2017:00:08:02 -0500] "GET /BLA/resoluciones/RESOLUCIONES%202004/RES%202004%20301-350/00000338.tif HTTP/1.1" 200 196224
66.249.65.175 - - [06/Apr/2017:00:08:10 -0500] "GET /BLA/resoluciones/RESOLUCIONES%202007/RES%202007%202701%20AL%202800/RESOLUCION%202754%20DE%202007.pdf HTTP/1.1" 200 353413
69.162.124.233 - - [06/Apr/2017:00:08:13 -0500] "HEAD / HTTP/1.1" 200 -
66.249.65.181 - - [06/Apr/2017:00:08:22 -0500] "GET /BLA/resoluciones/AUTOS%202014/5154.pdf HTTP/1.1" 200 515648
66.249.65.178 - - [06/Apr/2017:00:08:34 -0500] "GET /BLA/resoluciones/RESOLUCIONES%202010/2968.pdf HTTP/1.1" 200 370770
66.249.65.175 - - [06/Apr/2017:00:08:45 -0500] "GET /BLA/resoluciones/RESOLUCIONES%202007/RES%202007%203901%20AL%204000/RESOLUCION%203988%20DE%202007.pdf HTTP/1.1" 200 770902
66.249.65.175 - - [06/Apr/2017:00:08:57 -0500] "GET /BLA/resoluciones/RESOLUCIONES%202007/RES%202007%201001%20AL%201100/RESOLUCION%201026%20DE%202007.pdf HTTP/1.1" 200 1068622
66.249.65.178 - - [06/Apr/2017:00:09:09 -0500] "GET /BLA/resoluciones/AUTOS%202010/5492.pdf HTTP/1.1" 200 336213
66.249.65.178 - - [06/Apr/2017:00:09:21 -0500] "GET /BLA/resoluciones/RESOLUCIONES%202010/3103.pdf HTTP/1.1" 200 346764
163.172.65.51 - - [06/Apr/2017:00:09:35 -0500] "GET /BLA/resoluciones/RESOLUCIONES%202002/RES%202002%201851-1900/20021900.tif HTTP/1.1" 200 87650
66.249.73.235 - - [06/Apr/2017:00:09:44 -0500] "GET /SIG/index.php?dir=Gestion+Recursos+Financieros%2F HTTP/1.1" 200 8843
66.249.65.175 - - [06/Apr/2017:00:09:56 -0500] "GET /BLA/resoluciones/AUTOS%202007/3010.pdf HTTP/1.1" 200 248783
195.133.147.74 - - [06/Apr/2017:00:09:57 -0500] "HEAD / HTTP/1.1" 200 -
66.249.65.175 - - [06/Apr/2017:00:10:08 -0500] "GET /BLA/resoluciones/AUTOS%202013/0929.pdf HTTP/1.1" 200 195306
163.172.66.22 - - [06/Apr/2017:00:10:10 -0500] "GET /BLA/resoluciones/RESOLUCIONES%202006/RES%202006%20951-1000/00000966.tif HTTP/1.1" 200 451942
192.168.175.104 - - [06/Apr/2017:00:10:15 -0500] "GET / HTTP/1.0" 200 9990
66.249.65.181 - - [06/Apr/2017:00:10:20 -0500] "GET /BLA/resoluciones/RESOLUCIONES%202008/2437.pdf HTTP/1.1" 200 197894
66.249.65.178 - - [06/Apr/2017:00:10:21 -0500] "GET /BLA/resoluciones/RESOLUCIONES%202009/9076.pdf HTTP/1.1" 200 510147
181.137.84.164 - - [06/Apr/2017:00:10:24 -0500] "GET /galeria/galeria/jquery.fancybox.css?v=2.1.5 HTTP/1.1" 200 4895
181.137.84.164 - - [06/Apr/2017:00:10:24 -0500] "GET /galeria/galeria/jquery.fancybox.js?v=2.1.5 HTTP/1.1" 200 48706
181.137.84.164 - - [06/Apr/2017:00:10:24 -0500] "GET /BLA/boletinlegal/js/jquery.scrollShow.js HTTP/1.1" 200 4586
181.137.84.164 - - [06/Apr/2017:00:10:28 -0500] "GET /BLA/boletinlegal/js/jquery.scrollShow.js HTTP/1.1" 304 -
181.137.84.164 - - [06/Apr/2017:00:10:28 -0500] "GET /galeria/galeria/jquery.fancybox.css?v=2.1.5 HTTP/1.1" 304 -
181.137.84.164 - - [06/Apr/2017:00:10:28 -0500] "GET /galeria/galeria/jquery.fancybox.js?v=2.1.5 HTTP/1.1" 304 -
66.249.65.178 - - [06/Apr/2017:00:10:43 -0500] "GET /BLA/resoluciones/AUTOS%202014/2497.pdf HTTP/1.1" 200 571091
66.249.65.175 - - [06/Apr/2017:00:10:55 -0500] "GET /BLA/resoluciones/RESOLUCIONES%202009/7378.pdf HTTP/1.1" 200 967457
192.168.175.104 - - [06/Apr/2017:00:11:01 -0500] "GET / HTTP/1.1" 200 9990
190.24.56.130 - - [06/Apr/2017:00:11:01 -0500] "GET / HTTP/1.1" 200 9990
190.24.56.130 - - [06/Apr/2017:00:11:02 -0500] "GET /css/bootstrap.min.css HTTP/1.1" 200 105939
190.24.56.130 - - [06/Apr/2017:00:11:02 -0500] "GET /css/style.css HTTP/1.1" 200 3610
190.24.56.130 - - [06/Apr/2017:00:11:02 -0500] "GET /js/jquery.js HTTP/1.1" 200 97120
190.24.56.130 - - [06/Apr/2017:00:11:02 -0500] "GET /js/bootstrap.min.js HTTP/1.1" 200 28538
190.24.56.130 - - [06/Apr/2017:00:11:02 -0500] "GET /images/SDA.jpg HTTP/1.1" 200 48976
190.24.56.130 - - [06/Apr/2017:00:11:02 -0500] "GET /images/INTRANET.jpg HTTP/1.1" 200 37297
190.24.56.130 - - [06/Apr/2017:00:11:02 -0500] "GET /images/LINEA.jpg HTTP/1.1" 200 33035
190.24.56.130 - - [06/Apr/2017:00:11:02 -0500] "GET /images/INTERNET.jpg HTTP/1.1" 200 34880
190.24.56.130 - - [06/Apr/2017:00:11:02 -0500] "GET /images/NINOS.jpg HTTP/1.1" 200 44828
190.24.56.130 - - [06/Apr/2017:00:11:02 -0500] "GET /images/FOREST.jpg HTTP/1.1" 200 33277
190.24.56.130 - - [06/Apr/2017:00:11:03 -0500] "GET /images/RMCAB.jpg HTTP/1.1" 200 49926
190.24.56.130 - - [06/Apr/2017:00:11:03 -0500] "GET /images/BLA.jpg HTTP/1.1" 200 34672
190.24.56.130 - - [06/Apr/2017:00:11:03 -0500] "GET /images/SDQS.jpg HTTP/1.1" 200 47976
190.24.56.130 - - [06/Apr/2017:00:11:03 -0500] "GET /images/CORREO.jpg HTTP/1.1" 200 39337
190.24.56.130 - - [06/Apr/2017:00:11:03 -0500] "GET /images/FORMATOS.jpg HTTP/1.1" 200 41585
190.24.56.130 - - [06/Apr/2017:00:11:03 -0500] "GET /images/CATALOGO.jpg HTTP/1.1" 200 35661
66.249.65.175 - - [06/Apr/2017:00:11:07 -0500] "GET /BLA/resoluciones/RESOLUCIONES%202008/4210.pdf HTTP/1.1" 200 568277
190.24.56.130 - - [06/Apr/2017:00:11:08 -0500] "GET /favicon.ico HTTP/1.1" 200 7782
190.24.56.130 - - [06/Apr/2017:00:11:11 -0500] "GET /www.ambientebogota.gov.co/ HTTP/1.1" 404 1249
190.24.56.130 - - [06/Apr/2017:00:11:16 -0500] "GET /www.ambientebogota.gov.co/web/intranet/inicio?p_p_state=maximized&p_p_mode=view&saveLastPath=0&_58_struts_action=%2Flogin%2Flogin&p_p_id=58&p_p_lifecycle=0&_58_redirect=%2Fgroup%2Fintranet%2Finicio HTTP/1.1" 404 1249
186.83.231.247 - - [06/Apr/2017:00:11:18 -0500] "GET /galeria/galeria/jquery.fancybox.js?v=2.1.5 HTTP/1.1" 200 48706
186.83.231.247 - - [06/Apr/2017:00:11:18 -0500] "GET /BLA/boletinlegal/js/jquery.scrollShow.js HTTP/1.1" 200 4586
186.83.231.247 - - [06/Apr/2017:00:11:18 -0500] "GET /galeria/galeria/jquery.fancybox.css?v=2.1.5 HTTP/1.1" 200 4895
190.24.56.130 - - [06/Apr/2017:00:11:19 -0500] "GET /www.ambientebogota.gov.co/ HTTP/1.1" 404 1249
66.249.65.175 - - [06/Apr/2017:00:11:19 -0500] "GET /BLA/resoluciones/AUTOS%202007/3446.pdf HTTP/1.1" 200 146781
66.249.65.175 - - [06/Apr/2017:00:11:31 -0500] "GET /BLA/resoluciones/AUTOS%202009/1216.pdf HTTP/1.1" 200 123018
190.24.56.130 - - [06/Apr/2017:00:11:32 -0500] "GET /www.ambientebogota.gov.co/ HTTP/1.1" 404 1249
66.249.65.175 - - [06/Apr/2017:00:11:42 -0500] "GET /BLA/resoluciones/AUTOS%202014/6329.pdf HTTP/1.1" 200 524120
66.249.65.175 - - [06/Apr/2017:00:11:54 -0500] "GET /BLA/resoluciones/RESOLUCIONES%202007/RES%202007%203001%20AL%203100/RESOLUCION%203026%20DE%202007.pdf HTTP/1.1" 200 651128
190.24.56.130 - - [06/Apr/2017:00:12:01 -0500] "GET /galeria/galeria/jquery.fancybox.css?v=2.1.5 HTTP/1.1" 200 4895
190.24.56.130 - - [06/Apr/2017:00:12:01 -0500] "GET /galeria/carrusel/Carrusel/jquery.thumbnailScroller.css HTTP/1.1" 200 2066
190.24.56.130 - - [06/Apr/2017:00:12:01 -0500] "GET /BLA/boletinlegal/js/jquery.scrollShow.js HTTP/1.1" 200 4586
190.24.56.130 - - [06/Apr/2017:00:12:01 -0500] "GET /galeria/galeria/jquery.fancybox.js?v=2.1.5 HTTP/1.1" 200 48706
190.24.56.130 - - [06/Apr/2017:00:12:02 -0500] "GET /galeria/carrusel/Carrusel/jquery-ui-1.8.13.custom.min.js HTTP/1.1" 200 10800
190.24.56.130 - - [06/Apr/2017:00:12:02 -0500] "GET /galeria/carrusel/Carrusel/jquery.thumbnailScroller.js HTTP/1.1" 200 8157
190.24.56.130 - - [06/Apr/2017:00:12:03 -0500] "GET /galeria/nivo-slider/demo/demo.html HTTP/1.1" 200 3263
190.24.56.130 - - [06/Apr/2017:00:12:04 -0500] "GET /galeria/nivo-slider/themes/default/default.css HTTP/1.1" 200 1569
190.24.56.130 - - [06/Apr/2017:00:12:04 -0500] "GET /galeria/nivo-slider/themes/pascal/pascal.css HTTP/1.1" 200 2258
190.24.56.130 - - [06/Apr/2017:00:12:04 -0500] "GET /galeria/nivo-slider/themes/orman/orman.css HTTP/1.1" 200 2152
190.24.56.130 - - [06/Apr/2017:00:12:04 -0500] "GET /galeria/nivo-slider/nivo-slider.css HTTP/1.1" 200 1507
190.24.56.130 - - [06/Apr/2017:00:12:04 -0500] "GET /galeria/nivo-slider/jquery.nivo.slider.pack.js HTTP/1.1" 200 11561
190.24.56.130 - - [06/Apr/2017:00:12:04 -0500] "GET /galeria/nivo-slider/demo/images/bannercarreradeascenso.jpg HTTP/1.1" 200 147116
190.24.56.130 - - [06/Apr/2017:00:12:04 -0500] "GET /galeria/nivo-slider/demo/images/bannerramos.jpg HTTP/1.1" 200 181256
190.24.56.130 - - [06/Apr/2017:00:12:04 -0500] "GET /galeria/nivo-slider/demo/style.css HTTP/1.1" 200 2222
190.24.56.130 - - [06/Apr/2017:00:12:04 -0500] "GET /galeria/nivo-slider/demo/scripts/jquery-1.7.1.min.js HTTP/1.1" 200 93868
190.24.56.130 - - [06/Apr/2017:00:12:04 -0500] "GET /galeria/nivo-slider/demo/images/bannercampa%C3%B1acambiodesede.jpg HTTP/1.1" 200 128006
190.24.56.130 - - [06/Apr/2017:00:12:04 -0500] "GET /galeria/nivo-slider/demo/images/BANNERCAMINATAS%20ECOLOGICAS%20MARZO.jpg HTTP/1.1" 200 266671
190.24.56.130 - - [06/Apr/2017:00:12:06 -0500] "GET /galeria/nivo-slider/themes/default/loading.gif HTTP/1.1" 200 1737
190.24.56.130 - - [06/Apr/2017:00:12:06 -0500] "GET /galeria/nivo-slider/demo/images/4Simple_Slider.png HTTP/1.1" 200 11722
66.249.65.175 - - [06/Apr/2017:00:12:06 -0500] "GET /BLA/resoluciones/RESOLUCIONES%202010/0825.pdf HTTP/1.1" 200 97737
192.168.175.104 - - [06/Apr/2017:00:12:06 -0500] "GET / HTTP/1.1" 200 9990
190.24.56.130 - - [06/Apr/2017:00:12:07 -0500] "GET /galeria/nivo-slider/demo/images/bannerlumina2017web.jpg HTTP/1.1" 200 198918
190.24.56.130 - - [06/Apr/2017:00:12:07 -0500] "GET /galeria/nivo-slider/demo/images/banner%20reportedearbolescaidos.jpg HTTP/1.1" 200 249999
190.24.56.130 - - [06/Apr/2017:00:12:08 -0500] "GET /galeria/nivo-slider/demo/images/banner%20aceite%20vegetal%20usado.jpg HTTP/1.1" 200 169350
190.24.56.130 - - [06/Apr/2017:00:12:08 -0500] "GET /galeria/nivo-slider/demo/images/Ruta-vertimientos-01.jpg HTTP/1.1" 200 130151
190.24.56.130 - - [06/Apr/2017:00:12:10 -0500] "GET /galeria/nivo-slider/demo/images/bolsas-06.jpg HTTP/1.1" 200 210950
66.249.65.181 - - [06/Apr/2017:00:12:18 -0500] "GET /BLA/resoluciones/RESOLUCIONES%202008/5031.pdf HTTP/1.1" 200 232013
190.24.56.130 - - [06/Apr/2017:00:12:23 -0500] "GET /galeria/nivo-slider/themes/default/arrows.png HTTP/1.1" 200 824
190.24.56.130 - - [06/Apr/2017:00:12:23 -0500] "GET /galeria/nivo-slider/themes/default/bullets.png HTTP/1.1" 200 1281
195.133.145.199 - - [06/Apr/2017:00:12:24 -0500] "HEAD / HTTP/1.1" 200 -
66.249.65.175 - - [06/Apr/2017:00:12:25 -0500] "GET /BLA/resoluciones/RESOLUCIONES%202007/RES%202007%202101%20AL%202200/RESOLUCION%202148%20DE%202007.pdf HTTP/1.1" 200 181076
66.249.65.175 - - [06/Apr/2017:00:12:29 -0500] "GET /BLA/resoluciones/RESOLUCIONES%202008/4470.pdf HTTP/1.1" 200 338584
66.249.65.175 - - [06/Apr/2017:00:12:41 -0500] "GET /BLA/resoluciones/RESOLUCIONES%202010/0309.pdf HTTP/1.1" 200 499335
66.249.65.175 - - [06/Apr/2017:00:12:51 -0500] "GET /BLA/resoluciones/Autos%202008/1818.pdf HTTP/1.1" 200 144095
66.249.65.175 - - [06/Apr/2017:00:12:53 -0500] "GET /BLA/resoluciones/RESOLUCIONES%202008/3425.pdf HTTP/1.1" 200 317625
66.249.65.178 - - [06/Apr/2017:00:13:05 -0500] "GET /BLA/resoluciones/RESOLUCIONES%202008/3923.pdf HTTP/1.1" 200 97057
69.162.124.233 - - [06/Apr/2017:00:13:13 -0500] "HEAD / HTTP/1.1" 200 -
66.249.65.178 - - [06/Apr/2017:00:13:17 -0500] "GET /BLA/resoluciones/RESOLUCIONES%202010/3962.pdf HTTP/1.1" 200 514219
66.249.73.222 - - [06/Apr/2017:00:13:21 -0500] "GET /portel_dama/libreria/php/2006/ECOSISTEMAS%20FINAL%20web_mz27/restauracion/sitio/55_artic/xtras/13.pdf HTTP/1.1" 404 1019
66.249.65.175 - - [06/Apr/2017:00:13:24 -0500] "GET /videos/CRRFFS.mp4 HTTP/1.1" 304 -
163.172.65.10 - - [06/Apr/2017:00:13:27 -0500] "GET /BLA/resoluciones/RESOLUCIONES%202003/RES%202003%20551-600/560.tif HTTP/1.1" 200 73876
66.249.65.175 - - [06/Apr/2017:00:13:28 -0500] "GET /BLA/resoluciones/RESOLUCIONES%202009/0450.pdf HTTP/1.1" 200 1201430
173.252.90.242 - - [06/Apr/2017:00:13:32 -0500] "GET /galeria/galeria/fotos/Soratama1P.jpg HTTP/1.1" 200 9622
66.249.65.175 - - [06/Apr/2017:00:13:40 -0500] "GET /BLA/resoluciones/RESOLUCIONES%202010/0554.pdf HTTP/1.1" 200 118949
195.133.48.150 - - [06/Apr/2017:00:13:51 -0500] "HEAD / HTTP/1.1" 200 -
66.249.65.175 - - [06/Apr/2017:00:13:52 -0500] "GET /BLA/resoluciones/AUTOS%202014/5203.pdf HTTP/1.1" 200 519962
66.249.65.175 - - [06/Apr/2017:00:14:04 -0500] "GET /BLA/resoluciones/AUTOS%202014/4360.pdf HTTP/1.1" 200 471059
190.25.69.63 - - [06/Apr/2017:00:14:09 -0500] "GET /galeria/galeria/jquery.fancybox.css?v=2.1.5 HTTP/1.1" 200 4895
190.25.69.63 - - [06/Apr/2017:00:14:09 -0500] "GET /BLA/boletinlegal/js/jquery.scrollShow.js HTTP/1.1" 200 4586
190.25.69.63 - - [06/Apr/2017:00:14:09 -0500] "GET /galeria/galeria/jquery.fancybox.js?v=2.1.5 HTTP/1.1" 200 48706
66.249.65.178 - - [06/Apr/2017:00:14:16 -0500] "GET /BLA/resoluciones/AUTOS%202014/3419.pdf HTTP/1.1" 200 370247
164.132.161.77 - - [06/Apr/2017:00:14:25 -0500] "GET /BLA/resoluciones/RESOLUCIONES%202005/RES%202005%201151-1200/00001154.tif HTTP/1.1" 200 134000
66.249.65.181 - - [06/Apr/2017:00:14:28 -0500] "GET /BLA/resoluciones/AUTOS%202014/5707.pdf HTTP/1.1" 200 565062
66.249.65.175 - - [06/Apr/2017:00:14:39 -0500] "GET /BLA/resoluciones/RESOLUCIONES%202007/RES%202007%202401%20AL%202500/RESOLUCION%202451%20DE%202007.pdf HTTP/1.1" 200 169893
184.168.193.151 - - [06/Apr/2017:00:14:44 -0500] "GET /test/wp-admin/ HTTP/1.1" 404 1018
66.249.65.175 - - [06/Apr/2017:00:14:51 -0500] "GET /BLA/resoluciones/RESOLUCIONES%202007/RES%202007%203101%20AL%203200/RESOLUCION%203151%20DE%202007.pdf HTTP/1.1" 200 708345
207.46.13.36 - - [06/Apr/2017:00:15:07 -0500] "GET /ecodirectorio/files/res/downloads/download_0052.pdf HTTP/1.1" 200 309337
66.249.65.175 - - [06/Apr/2017:00:15:10 -0500] "GET /BLA/resoluciones/AUTOS%202008/3473.pdf HTTP/1.1" 200 104416
192.168.175.104 - - [06/Apr/2017:00:15:13 -0500] "GET / HTTP/1.0" 200 9990
66.249.65.175 - - [06/Apr/2017:00:15:17 -0500] "GET /BLA/resoluciones/AUTOS%202007/0226.pdf HTTP/1.1" 200 32240
66.249.65.178 - - [06/Apr/2017:00:15:17 -0500] "GET /BLA/resoluciones/RESOLUCIONES%202008/1439.pdf HTTP/1.1" 200 301807
66.249.65.178 - - [06/Apr/2017:00:15:18 -0500] "GET /resoluciones/RESOLUCIONES%202009/0466.pdf HTTP/1.1" 404 1018
66.249.65.178 - - [06/Apr/2017:00:15:26 -0500] "GET /BLA/resoluciones/RESOLUCIONES%202010/1803.pdf HTTP/1.1" 200 497951
66.249.65.178 - - [06/Apr/2017:00:15:33 -0500] "GET /BLA/resoluciones/AUTOS%202014/5668.pdf HTTP/1.1" 200 228818
66.249.65.175 - - [06/Apr/2017:00:15:38 -0500] "GET /BLA/resoluciones/RESOLUCIONES%202008/5336.pdf HTTP/1.1" 200 208119
66.249.73.216 - - [06/Apr/2017:00:15:43 -0500] "GET /portel_dama/libreria/php/2006/ECOSISTEMAS%20FINAL%20web_mz27/xxx%20humedales/sitio/22_pol/xtras/1.pdf HTTP/1.1" 404 1019
66.249.65.175 - - [06/Apr/2017:00:15:50 -0500] "GET /BLA/resoluciones/Notificaciones/AUTOS%202014/1380.doc HTTP/1.1" 200 230912
66.249.65.178 - - [06/Apr/2017:00:15:54 -0500] "GET /BLA/resoluciones/AUTOS%202015/2041.pdf HTTP/1.1" 200 711510
192.168.175.104 - - [06/Apr/2017:00:15:59 -0500] "GET / HTTP/1.1" 200 9990
190.25.204.196 - - [06/Apr/2017:00:16:01 -0500] "GET /galeria/juegos/ear/EARI.swf HTTP/1.1" 200 526915
66.249.65.178 - - [06/Apr/2017:00:16:02 -0500] "GET /BLA/resoluciones/RESOLUCIONES%202008/5627.pdf HTTP/1.1" 200 98909
164.132.161.71 - - [06/Apr/2017:00:16:12 -0500] "GET /BLA/resoluciones/RESOLUCIONES%202004/RES%202004%202251-2300/00002258.tif HTTP/1.1" 200 140480
66.249.65.178 - - [06/Apr/2017:00:16:13 -0500] "GET /galeria/galeria/fotos/Humedal-la-Isla1G.jpg HTTP/1.1" 200 216243
66.249.65.178 - - [06/Apr/2017:00:16:14 -0500] "GET /BLA/resoluciones/RESOLUCIONES%202008/0997.pdf HTTP/1.1" 200 244985
66.249.65.175 - - [06/Apr/2017:00:16:25 -0500] "GET /BLA/resoluciones/AUTOS%202007/2153.pdf HTTP/1.1" 200 206656
163.172.65.215 - - [06/Apr/2017:00:16:28 -0500] "GET /BLA/resoluciones/AUTOS%202006/AUTOS%202006%201301-1400/00001395.tif HTTP/1.1" 200 180734
190.25.204.196 - - [06/Apr/2017:00:16:30 -0500] "GET /videos/galeria-cronicas/1V3wnplaylist.htm? HTTP/1.1" 200 4013
190.25.204.196 - - [06/Apr/2017:00:16:30 -0500] "GET /videos/galeria-cronicas/ HTTP/1.1" 200 4198
66.249.65.175 - - [06/Apr/2017:00:16:37 -0500] "GET /BLA/resoluciones/RESOLUCIONES%202010/4438.pdf HTTP/1.1" 200 529513
66.249.65.175 - - [06/Apr/2017:00:17:01 -0500] "GET /BLA/resoluciones/RESOLUCIONES%202012/1797.pdf HTTP/1.1" 200 490828
192.168.175.104 - - [06/Apr/2017:00:17:04 -0500] "GET / HTTP/1.1" 200 9990
66.249.65.175 - - [06/Apr/2017:00:17:13 -0500] "GET /BLA/resoluciones/RESOLUCIONES%202008/5052.pdf HTTP/1.1" 200 226680
186.29.181.78 - - [06/Apr/2017:00:17:13 -0500] "GET /galeria/galeria/jquery.fancybox.css?v=2.1.5 HTTP/1.1" 200 4895
186.29.181.78 - - [06/Apr/2017:00:17:13 -0500] "GET /BLA/boletinlegal/js/jquery.scrollShow.js HTTP/1.1" 200 4586
186.29.181.78 - - [06/Apr/2017:00:17:13 -0500] "GET /galeria/galeria/jquery.fancybox.js?v=2.1.5 HTTP/1.1" 200 48706
220.181.51.91 - - [06/Apr/2017:00:17:20 -0500] "GET /BLA/resoluciones/RESOLUCIONES%202013/2484.pdf HTTP/1.1" 200 4356459
66.249.88.4 - - [06/Apr/2017:00:17:23 -0500] "GET /galeria/galeria/jquery.fancybox.css?v=2.1.5 HTTP/1.1" 200 4895
66.249.88.1 - - [06/Apr/2017:00:17:23 -0500] "GET /BLA/boletinlegal/js/jquery.scrollShow.js HTTP/1.1" 200 4586
66.249.88.7 - - [06/Apr/2017:00:17:23 -0500] "GET /galeria/galeria/jquery.fancybox.js?v=2.1.5 HTTP/1.1" 200 48706
66.249.65.175 - - [06/Apr/2017:00:17:24 -0500] "GET /BLA/resoluciones/RESOLUCIONES%202009/6373.pdf HTTP/1.1" 200 527317
66.249.65.178 - - [06/Apr/2017:00:17:36 -0500] "GET /BLA/resoluciones/RESOLUCIONES%202013/2727.pdf HTTP/1.1" 200 645684
66.249.65.175 - - [06/Apr/2017:00:17:48 -0500] "GET /BLA/resoluciones/AUTOS%202008/0189.pdf HTTP/1.1" 200 99103
66.249.65.175 - - [06/Apr/2017:00:18:00 -0500] "GET /BLA/resoluciones/RESOLUCIONES%202013/1536.pdf HTTP/1.1" 200 6148145
66.249.65.184 - - [06/Apr/2017:00:18:12 -0500] "GET /BLA/resoluciones/AUTOS%202008/0360.pdf HTTP/1.1" 200 218099
69.162.124.233 - - [06/Apr/2017:00:18:13 -0500] "HEAD / HTTP/1.1" 200 -
66.249.65.181 - - [06/Apr/2017:00:18:23 -0500] "GET /BLA/resoluciones/RESOLUCIONES%202011/4941.pdf HTTP/1.1" 200 353995
66.249.65.175 - - [06/Apr/2017:00:18:35 -0500] "GET /BLA/resoluciones/RESOLUCIONES%202008/3947.pdf HTTP/1.1" 200 265889
66.249.65.178 - - [06/Apr/2017:00:18:47 -0500] "GET /BLA/resoluciones/AUTOS%202013/2151.pdf HTTP/1.1" 200 437710
66.249.65.175 - - [06/Apr/2017:00:18:59 -0500] "GET /BLA/resoluciones/RESOLUCIONES%202010/3162.pdf HTTP/1.1" 200 365250
66.249.65.175 - - [06/Apr/2017:00:19:08 -0500] "GET /videos/CRRFFS.mp4 HTTP/1.1" 304 -
66.249.65.175 - - [06/Apr/2017:00:19:11 -0500] "GET /BLA/resoluciones/AUTOS%202013/3105.pdf HTTP/1.1" 200 226435
66.249.65.178 - - [06/Apr/2017:00:19:22 -0500] "GET /BLA/resoluciones/RESOLUCIONES%202007/RES%202007%201901%20AL%202000/RESOLUCION%201965%20DE%202007.pdf HTTP/1.1" 200 208522
66.249.65.178 - - [06/Apr/2017:00:19:34 -0500] "GET /BLA/resoluciones/AUTOS%202009/1742.pdf HTTP/1.1" 200 104426
66.249.73.235 - - [06/Apr/2017:00:19:46 -0500] "GET /SIG/Planeaci%C3%B3n%20Ambiental/126PM02-PR14.pdf HTTP/1.1" 200 2550935
66.249.65.175 - - [06/Apr/2017:00:19:50 -0500] "GET /BLA/resoluciones/RESOLUCIONES%202011/3472.pdf HTTP/1.1" 200 538644
66.249.65.175 - - [06/Apr/2017:00:19:58 -0500] "GET /BLA/resoluciones/AUTOS%202013/2654.pdf HTTP/1.1" 200 341583
66.249.65.178 - - [06/Apr/2017:00:20:10 -0500] "GET /BLA/resoluciones/RESOLUCIONES%202008/1146.pdf HTTP/1.1" 200 436155
192.168.175.104 - - [06/Apr/2017:00:20:11 -0500] "GET / HTTP/1.0" 200 9990
66.249.65.178 - - [06/Apr/2017:00:20:21 -0500] "GET /BLA/resoluciones/RESOLUCIONES%202010/6231.pdf HTTP/1.1" 200 92833
66.249.65.175 - - [06/Apr/2017:00:20:33 -0500] "GET /BLA/resoluciones/RESOLUCIONES%202008/1344.pdf HTTP/1.1" 200 226540
66.249.65.175 - - [06/Apr/2017:00:20:45 -0500] "GET /BLA/resoluciones/RESOLUCIONES%202008/5439.pdf HTTP/1.1" 200 275736
207.46.13.175 - - [06/Apr/2017:00:20:49 -0500] "GET /POT-2013/Cartografia/33_UPZ_2013_V1.pdf HTTP/1.1" 200 4878906
192.168.175.104 - - [06/Apr/2017:00:20:57 -0500] "GET / HTTP/1.1" 200 9990
66.249.65.175 - - [06/Apr/2017:00:21:27 -0500] "GET /BLA/resoluciones/AUTOS%202008/1592.pdf HTTP/1.1" 200 93434
66.249.65.181 - - [06/Apr/2017:00:21:44 -0500] "GET /BLA/resoluciones/RESOLUCIONES%202009/7928.pdf HTTP/1.1" 200 51588
66.249.65.178 - - [06/Apr/2017:00:21:56 -0500] "GET /BLA/resoluciones/AUTOS%202016/0425.pdf HTTP/1.1" 304 -
192.168.175.104 - - [06/Apr/2017:00:22:02 -0500] "GET / HTTP/1.1" 200 9990
190.146.19.24 - - [06/Apr/2017:00:22:49 -0500] "GET /BLA/boletinlegal/js/jquery.scrollShow.js HTTP/1.1" 200 4586
190.146.19.24 - - [06/Apr/2017:00:22:50 -0500] "GET /galeria/galeria/jquery.fancybox.js?v=2.1.5 HTTP/1.1" 200 48706
66.249.65.178 - - [06/Apr/2017:00:22:58 -0500] "GET /BLA/resoluciones/RESOLUCIONES%202003/RES%202003%20401-450/449.tif HTTP/1.1" 200 157124
162.208.50.12 - - [06/Apr/2017:00:23:06 -0500] "GET /images/CATALOGO.jpg HTTP/1.1" 200 35661
66.249.65.183 - - [06/Apr/2017:00:23:07 -0500] "GET / HTTP/1.1" 200 9990
69.162.124.233 - - [06/Apr/2017:00:23:13 -0500] "HEAD / HTTP/1.1" 200 -
66.249.65.187 - - [06/Apr/2017:00:23:18 -0500] "GET / HTTP/1.1" 200 9990
66.249.65.133 - - [06/Apr/2017:00:23:30 -0500] "GET / HTTP/1.1" 200 9990
180.76.15.156 - - [06/Apr/2017:00:23:31 -0500] "GET / HTTP/1.1" 200 9990
177.252.247.197 - - [06/Apr/2017:00:23:33 -0500] "GET /BLA/resoluciones/RESOLUCIONES%202007/RES%202007%201401%20AL%201500/RESOLUCION%201401%20DE%202007.pdf HTTP/1.1" 200 257380
184.168.193.151 - - [06/Apr/2017:00:23:39 -0500] "GET /wordpress/wp-admin/ HTTP/1.1" 404 1018
66.249.65.175 - - [06/Apr/2017:00:23:42 -0500] "GET /BLA/resoluciones/AUTOS%202008/1367.pdf HTTP/1.1" 200 73022
180.76.15.16 - - [06/Apr/2017:00:23:53 -0500] "GET / HTTP/1.1" 200 9990
189.230.14.204 - - [06/Apr/2017:00:23:53 -0500] "GET /BLA/boletinlegal/js/jquery.scrollShow.js HTTP/1.1" 200 4586
189.230.14.204 - - [06/Apr/2017:00:23:53 -0500] "GET /galeria/galeria/jquery.fancybox.js?v=2.1.5 HTTP/1.1" 200 48706
189.230.14.204 - - [06/Apr/2017:00:23:53 -0500] "GET /galeria/galeria/jquery.fancybox.css?v=2.1.5 HTTP/1.1" 200 4895
186.15.17.152 - - [06/Apr/2017:00:24:08 -0500] "GET /galeria/galeria/jquery.fancybox.css?v=2.1.5 HTTP/1.1" 200 4895
186.15.17.152 - - [06/Apr/2017:00:24:08 -0500] "GET /galeria/galeria/jquery.fancybox.js?v=2.1.5 HTTP/1.1" 200 48706
186.15.17.152 - - [06/Apr/2017:00:24:08 -0500] "GET /BLA/boletinlegal/js/jquery.scrollShow.js HTTP/1.1" 200 4586
66.249.73.238 - - [06/Apr/2017:00:24:17 -0500] "GET / HTTP/1.1" 200 9990
189.230.14.204 - - [06/Apr/2017:00:24:30 -0500] "GET /galeria/galeria/jquery.fancybox.js?v=2.1.5 HTTP/1.1" 200 48706
189.230.14.204 - - [06/Apr/2017:00:24:30 -0500] "GET /BLA/boletinlegal/js/jquery.scrollShow.js HTTP/1.1" 200 4586
189.230.14.204 - - [06/Apr/2017:00:24:30 -0500] "GET /galeria/galeria/jquery.fancybox.css?v=2.1.5 HTTP/1.1" 200 4895
12.71.77.11 - - [06/Apr/2017:00:24:31 -0500] "GET /BLA/resoluciones/RESOLUCIONES%202007/RES%202007%20501%20AL%20600/RESOLUCION%200507%20DE%202007.pdf HTTP/1.1" 200 317943
68.180.231.51 - - [06/Apr/2017:00:24:34 -0500] "GET /BLA/resoluciones/index.php?dir=RESOLUCIONES+2002%2F HTTP/1.1" 200 11295
66.249.65.181 - - [06/Apr/2017:00:24:53 -0500] "GET /BLA/resoluciones/RESOLUCIONES%202008/2210.pdf HTTP/1.1" 200 449096
163.172.65.109 - - [06/Apr/2017:00:25:06 -0500] "GET /BLA/resoluciones/RESOLUCIONES%202004/RES%202004%202251-2300/00002289.tif HTTP/1.1" 200 125502
192.168.175.104 - - [06/Apr/2017:00:25:09 -0500] "GET / HTTP/1.0" 200 9990
66.249.65.175 - - [06/Apr/2017:00:25:12 -0500] "GET /BLA/resoluciones/AUTOS%202014/5789.pdf HTTP/1.1" 200 208276
66.249.65.175 - - [06/Apr/2017:00:25:28 -0500] "GET /BLA/resoluciones/RESOLUCIONES%202009/0516.pdf HTTP/1.1" 200 370424
186.82.189.129 - - [06/Apr/2017:00:25:46 -0500] "GET /galeria/nivo-slider/demo/images/banner%20reportedearbolescaidos.jpg HTTP/1.1" 304 -
66.249.65.178 - - [06/Apr/2017:00:25:52 -0500] "GET /BLA/resoluciones/RESOLUCIONES%202011/2712.pdf HTTP/1.1" 200 831192
192.168.175.104 - - [06/Apr/2017:00:25:55 -0500] "GET / HTTP/1.1" 200 9990
66.249.65.178 - - [06/Apr/2017:00:26:03 -0500] "GET /BLA/resoluciones/RESOLUCIONES%202010/2447.pdf HTTP/1.1" 200 491891
66.249.65.175 - - [06/Apr/2017:00:26:27 -0500] "GET /BLA/resoluciones/RESOLUCIONES%202009/1454.pdf HTTP/1.1" 200 928320
66.249.65.175 - - [06/Apr/2017:00:26:39 -0500] "GET /BLA/resoluciones/RESOLUCIONES%202011/3556.pdf HTTP/1.1" 200 757152
220.181.51.94 - - [06/Apr/2017:00:26:49 -0500] "GET /BLA/resoluciones/RESOLUCIONES%202009/2257.pdf HTTP/1.1" 200 595262
66.249.65.178 - - [06/Apr/2017:00:26:51 -0500] "GET /BLA/resoluciones/RESOLUCIONES%202012/0677.pdf HTTP/1.1" 200 1100092
192.168.175.104 - - [06/Apr/2017:00:27:01 -0500] "GET / HTTP/1.1" 200 9990
66.249.65.175 - - [06/Apr/2017:00:27:03 -0500] "GET /BLA/resoluciones/RESOLUCIONES%202007/RES%202007%202901%20AL%203000/RESOLUCION%202943%20DE%202007.pdf HTTP/1.1" 200 454918
164.132.161.91 - - [06/Apr/2017:00:27:20 -0500] "GET /BLA/resoluciones/RESOLUCIONES%202006/RES%202006%201-50/00000030.tif HTTP/1.1" 200 54104
66.249.65.175 - - [06/Apr/2017:00:28:02 -0500] "GET /BLA/resoluciones/RESOLUCIONES%202010/3806.pdf HTTP/1.1" 200 506081
69.162.124.233 - - [06/Apr/2017:00:28:13 -0500] "HEAD / HTTP/1.1" 200 -
66.249.65.175 - - [06/Apr/2017:00:28:13 -0500] "GET /BLA/resoluciones/AUTOS%202012/0970.pdf HTTP/1.1" 200 270513
207.46.13.36 - - [06/Apr/2017:00:28:09 -0500] "GET /bla/boletinlegal/circulares/2010/circular%2005%20de%208%20de%20septiembre%20de%202010.pdf HTTP/1.1" 200 2146608
66.249.65.175 - - [06/Apr/2017:00:28:25 -0500] "GET /BLA/resoluciones/RESOLUCIONES%202008/3660.pdf HTTP/1.1" 200 1185391
66.249.65.175 - - [06/Apr/2017:00:28:37 -0500] "GET /BLA/resoluciones/RESOLUCIONES%202010/3417.pdf HTTP/1.1" 200 316118
66.249.65.178 - - [06/Apr/2017:00:28:49 -0500] "GET /BLA/resoluciones/RESOLUCIONES%202009/9597.pdf HTTP/1.1" 304 -
66.249.65.175 - - [06/Apr/2017:00:29:00 -0500] "GET /BLA/resoluciones/AUTOS%202012/1752.pdf HTTP/1.1" 200 525640
66.249.65.178 - - [06/Apr/2017:00:29:12 -0500] "GET /BLA/resoluciones/AUTOS%202014/6510.pdf HTTP/1.1" 200 564940
66.249.65.181 - - [06/Apr/2017:00:29:24 -0500] "GET /BLA/resoluciones/RESOLUCIONES%202010/0585.pdf HTTP/1.1" 200 102460
66.249.65.178 - - [06/Apr/2017:00:29:36 -0500] "GET /BLA/resoluciones/RESOLUCIONES%202009/8612.pdf HTTP/1.1" 200 125699
189.197.159.36 - - [06/Apr/2017:00:29:46 -0500] "GET /galeria/galeria/jquery.fancybox.css?v=2.1.5 HTTP/1.1" 200 4895
189.197.159.36 - - [06/Apr/2017:00:29:46 -0500] "GET /BLA/boletinlegal/js/jquery.scrollShow.js HTTP/1.1" 200 4586
189.197.159.36 - - [06/Apr/2017:00:29:46 -0500] "GET /galeria/galeria/jquery.fancybox.js?v=2.1.5 HTTP/1.1" 200 48706
66.249.65.175 - - [06/Apr/2017:00:29:48 -0500] "GET /BLA/resoluciones/RESOLUCIONES%202010/7157.pdf HTTP/1.1" 200 66677
66.249.65.171 - - [06/Apr/2017:00:29:49 -0500] "GET /ial/presentaciones/pte1/1.pdf HTTP/1.1" 404 1018
66.249.65.175 - - [06/Apr/2017:00:29:59 -0500] "GET /BLA/resoluciones/RESOLUCIONES%202009/6554.pdf HTTP/1.1" 200 620853
192.168.175.104 - - [06/Apr/2017:00:30:07 -0500] "GET / HTTP/1.0" 200 9990
66.249.65.175 - - [06/Apr/2017:00:30:11 -0500] "GET /BLA/resoluciones/RESOLUCIONES%202010/0561.pdf HTTP/1.1" 200 94823
66.249.65.178 - - [06/Apr/2017:00:30:23 -0500] "GET /BLA/resoluciones/AUTOS%202014/2820.pdf HTTP/1.1" 200 439410
66.249.65.178 - - [06/Apr/2017:00:30:35 -0500] "GET /BLA/resoluciones/RESOLUCIONES%202009/2972.pdf HTTP/1.1" 200 470453
66.249.65.175 - - [06/Apr/2017:00:30:47 -0500] "GET /BLA/resoluciones/RESOLUCIONES%202010/5982.pdf HTTP/1.1" 200 1934222
192.168.175.104 - - [06/Apr/2017:00:30:53 -0500] "GET / HTTP/1.1" 200 9990
66.249.65.175 - - [06/Apr/2017:00:30:58 -0500] "GET /BLA/resoluciones/RESOLUCIONES%202007/RES%202007%201801%20AL%201900/RESOLUCION%201842%20DE%202007.pdf HTTP/1.1" 200 146094
66.249.65.175 - - [06/Apr/2017:00:31:10 -0500] "GET /BLA/resoluciones/RESOLUCIONES%202010/2360.pdf HTTP/1.1" 200 466068
66.249.65.175 - - [06/Apr/2017:00:31:22 -0500] "GET /BLA/resoluciones/AUTOS%202007/0358.pdf HTTP/1.1" 200 193518
66.249.65.175 - - [06/Apr/2017:00:31:46 -0500] "GET /BLA/resoluciones/RESOLUCIONES%202008/5213.pdf HTTP/1.1" 200 75954
186.179.100.84 - - [06/Apr/2017:00:31:50 -0500] "GET /galeria/galeria/jquery.fancybox.css?v=2.1.5 HTTP/1.1" 200 4895
186.179.100.84 - - [06/Apr/2017:00:31:50 -0500] "GET /BLA/boletinlegal/js/jquery.scrollShow.js HTTP/1.1" 200 4586
186.179.100.84 - - [06/Apr/2017:00:31:50 -0500] "GET /galeria/galeria/jquery.fancybox.js?v=2.1.5 HTTP/1.1" 200 48706
66.249.65.175 - - [06/Apr/2017:00:31:57 -0500] "GET /BLA/resoluciones/RESOLUCIONES%202008/5675.pdf HTTP/1.1" 200 121063
190.99.167.7 - - [06/Apr/2017:00:31:57 -0500] "GET /galeria/galeria/jquery.fancybox.css?v=2.1.5 HTTP/1.1" 200 4895
190.99.167.7 - - [06/Apr/2017:00:31:57 -0500] "GET /BLA/boletinlegal/js/jquery.scrollShow.js HTTP/1.1" 200 4586
190.99.167.7 - - [06/Apr/2017:00:31:57 -0500] "GET /galeria/galeria/jquery.fancybox.js?v=2.1.5 HTTP/1.1" 200 48706
192.168.175.104 - - [06/Apr/2017:00:31:59 -0500] "GET / HTTP/1.1" 200 9990
190.99.167.7 - - [06/Apr/2017:00:32:03 -0500] "GET /BLA/boletinlegal/js/jquery.scrollShow.js HTTP/1.1" 304 -
190.99.167.7 - - [06/Apr/2017:00:32:03 -0500] "GET /galeria/galeria/jquery.fancybox.js?v=2.1.5 HTTP/1.1" 304 -
190.99.167.7 - - [06/Apr/2017:00:32:03 -0500] "GET /galeria/galeria/jquery.fancybox.css?v=2.1.5 HTTP/1.1" 304 -
66.249.65.175 - - [06/Apr/2017:00:32:09 -0500] "GET /BLA/resoluciones/AUTOS%202008/0131.pdf HTTP/1.1" 200 169427
66.249.65.175 - - [06/Apr/2017:00:32:11 -0500] "GET /BLA/resoluciones/Autos%202008/2153.pdf HTTP/1.1" 200 299198
163.172.64.225 - - [06/Apr/2017:00:32:19 -0500] "GET /BLA/resoluciones/RESOLUCIONES%202005/RES%202005%201151-1200/00001165.tif HTTP/1.1" 200 274240
66.249.65.175 - - [06/Apr/2017:00:32:21 -0500] "GET /BLA/resoluciones/RESOLUCIONES%202011/2135.pdf HTTP/1.1" 200 253490
186.179.100.84 - - [06/Apr/2017:00:32:22 -0500] "GET /galeria/galeria/jquery.fancybox.js?v=2.1.5 HTTP/1.1" 304 -
186.179.100.84 - - [06/Apr/2017:00:32:22 -0500] "GET /BLA/boletinlegal/js/jquery.scrollShow.js HTTP/1.1" 304 -
