69.162.124.233 - - [06/Apr/2017:06:23:10 -0500] "HEAD / HTTP/1.1" 200 -
66.249.73.146 - - [06/Apr/2017:06:23:21 -0500] "GET /BLA/resoluciones/RESOLUCIONES%202009/0281.pdf HTTP/1.1" 200 212780
163.172.65.69 - - [06/Apr/2017:06:23:27 -0500] "GET /BLA/resoluciones/RESOLUCIONES%202003/RES%202003%201651-1700/20031673.tif HTTP/1.1" 200 35624
66.249.73.151 - - [06/Apr/2017:06:23:37 -0500] "GET /BLA/resoluciones/RESOLUCIONES%202009/6166.pdf HTTP/1.1" 200 660388
192.168.175.104 - - [06/Apr/2017:06:23:45 -0500] "GET / HTTP/1.1" 200 9990
66.249.73.146 - - [06/Apr/2017:06:23:54 -0500] "GET /BLA/resoluciones/AUTOS%202014/4186.pdf HTTP/1.1" 200 471372
207.46.13.154 - - [06/Apr/2017:06:23:58 -0500] "GET /SIG/Control%20y%20mejora/126PE01-PR05.pdf HTTP/1.1" 200 70644
66.249.73.146 - - [06/Apr/2017:06:24:10 -0500] "GET /BLA/resoluciones/RESOLUCIONES%202011/2274.pdf HTTP/1.1" 200 542530
66.249.73.155 - - [06/Apr/2017:06:24:27 -0500] "GET /BLA/resoluciones/RESOLUCIONES%202010/3448.pdf HTTP/1.1" 200 738359
66.249.73.146 - - [06/Apr/2017:06:24:43 -0500] "GET /BLA/resoluciones/RESOLUCIONES%202010/2728.pdf HTTP/1.1" 200 377034
164.132.161.34 - - [06/Apr/2017:06:24:52 -0500] "GET /BLA/resoluciones/AUTOS%202006/AUTOS%202006%201701%20-%201800/00001750.tif HTTP/1.1" 200 101472
192.168.175.104 - - [06/Apr/2017:06:24:53 -0500] "GET / HTTP/1.1" 200 9990
66.249.73.146 - - [06/Apr/2017:06:25:00 -0500] "GET /BLA/resoluciones/RESOLUCIONES%202010/0623.pdf HTTP/1.1" 200 556260
148.251.136.43 - - [06/Apr/2017:06:25:05 -0500] "GET /robots.txt HTTP/1.1" 404 1018
148.251.136.43 - - [06/Apr/2017:06:25:05 -0500] "GET /Residuos/maderas/maderas.html HTTP/1.1" 200 1957
66.249.73.151 - - [06/Apr/2017:06:25:16 -0500] "GET /BLA/resoluciones/RESOLUCIONES%202010/6090.pdf HTTP/1.1" 200 275392
186.28.145.132 - - [06/Apr/2017:06:25:29 -0500] "GET /galeria/nivo-slider/demo/demo.html HTTP/1.1" 304 -
186.28.145.132 - - [06/Apr/2017:06:25:29 -0500] "GET /galeria/nivo-slider/demo/images/bannerramos.jpg HTTP/1.1" 304 -
186.28.145.132 - - [06/Apr/2017:06:25:29 -0500] "GET /galeria/nivo-slider/demo/images/bannercarreradeascenso.jpg HTTP/1.1" 304 -
186.28.145.132 - - [06/Apr/2017:06:25:29 -0500] "GET /galeria/nivo-slider/demo/images/bannercampa%C3%B1acambiodesede.jpg HTTP/1.1" 304 -
186.28.145.132 - - [06/Apr/2017:06:25:30 -0500] "GET /galeria/nivo-slider/demo/images/banner%20reportedearbolescaidos.jpg HTTP/1.1" 304 -
186.28.145.132 - - [06/Apr/2017:06:25:31 -0500] "GET /galeria/nivo-slider/themes/default/arrows.png HTTP/1.1" 200 824
186.28.145.132 - - [06/Apr/2017:06:25:31 -0500] "GET /galeria/nivo-slider/themes/default/bullets.png HTTP/1.1" 200 1281
66.249.73.146 - - [06/Apr/2017:06:25:32 -0500] "GET /BLA/resoluciones/RESOLUCIONES%202008/3134.pdf HTTP/1.1" 200 210237
66.249.73.146 - - [06/Apr/2017:06:25:33 -0500] "GET /BLA/resoluciones/RESOLUCIONES%202011/6323.pdf HTTP/1.1" 200 303578
66.249.73.146 - - [06/Apr/2017:06:25:49 -0500] "GET /BLA/resoluciones/RESOLUCIONES%202009/3447.pdf HTTP/1.1" 200 614493
163.172.66.114 - - [06/Apr/2017:06:25:55 -0500] "GET /BLA/resoluciones/AUTOS%202006/AUTOS%202006%20401-500/00000418.tif HTTP/1.1" 200 164046
66.249.73.146 - - [06/Apr/2017:06:26:06 -0500] "GET /BLA/resoluciones/RESOLUCIONES%202009/8780.pdf HTTP/1.1" 200 1289117
186.116.203.69 - - [06/Apr/2017:06:26:21 -0500] "GET /galeria/galeria/jquery.fancybox.css?v=2.1.5 HTTP/1.1" 200 4895
186.116.203.69 - - [06/Apr/2017:06:26:21 -0500] "GET /BLA/boletinlegal/js/jquery.scrollShow.js HTTP/1.1" 200 4586
186.116.203.69 - - [06/Apr/2017:06:26:21 -0500] "GET /galeria/galeria/jquery.fancybox.js?v=2.1.5 HTTP/1.1" 200 48706
66.249.73.155 - - [06/Apr/2017:06:26:22 -0500] "GET /BLA/resoluciones/RESOLUCIONES%202010/2142.pdf HTTP/1.1" 200 525477
66.249.73.151 - - [06/Apr/2017:06:26:39 -0500] "GET /BLA/resoluciones/RESOLUCIONES%202009/8792.pdf HTTP/1.1" 200 564052
220.181.51.120 - - [06/Apr/2017:06:26:53 -0500] "GET /resoluciones/resoluciones%202007/res%202007%201401%20al%201500/resolucion%201447%20/www.iea.org/files/www.iea.org/files/www.iea.org/files/www.iea.org/files/www.iea.org/files/www.iea.org/files/energy_subsidies.pdf?page=28 HTTP/1.1" 404 1018
66.249.73.146 - - [06/Apr/2017:06:26:55 -0500] "GET /BLA/resoluciones/RESOLUCIONES%202010/2577.pdf HTTP/1.1" 200 418624
164.132.161.22 - - [06/Apr/2017:06:26:58 -0500] "GET /BLA/resoluciones/index.php?dir=Notificaciones/REGISTROS%202014/&sort=size&order=asc HTTP/1.1" 200 15754
66.249.65.152 - - [06/Apr/2017:06:27:10 -0500] "GET /robots.txt HTTP/1.1" 404 1021
66.249.65.160 - - [06/Apr/2017:06:27:10 -0500] "GET /.well-known/apple-app-site-association HTTP/1.1" 404 1021
190.130.126.33 - - [06/Apr/2017:06:27:11 -0500] "GET /galeria/galeria/fotos/Humedal-Tibanica4G.jpg HTTP/1.1" 200 442374
66.249.73.146 - - [06/Apr/2017:06:27:11 -0500] "GET /BLA/resoluciones/RESOLUCIONES%202009/4053.pdf HTTP/1.1" 200 717496
66.249.65.156 - - [06/Apr/2017:06:27:16 -0500] "GET /apple-app-site-association HTTP/1.1" 404 1021
66.249.88.155 - - [06/Apr/2017:06:27:23 -0500] "GET /galeria/galeria/fotos/Humedal-Tibanica4G.jpg HTTP/1.1" 200 442374
66.249.65.160 - - [06/Apr/2017:06:27:25 -0500] "GET /.well-known/assetlinks.json HTTP/1.1" 404 1021
66.249.73.146 - - [06/Apr/2017:06:27:28 -0500] "GET /BLA/resoluciones/RESOLUCIONES%202010/0246.pdf HTTP/1.1" 200 265557
201.245.192.253 - - [06/Apr/2017:06:27:29 -0500] "GET /videos/ArchivoSDA.flv HTTP/1.1" 200 31205279
66.249.73.146 - - [06/Apr/2017:06:27:44 -0500] "GET /BLA/resoluciones/AUTOS%202009/2396.pdf HTTP/1.1" 200 101148
148.251.136.43 - - [06/Apr/2017:06:27:55 -0500] "GET /robots.txt HTTP/1.1" 404 1018
148.251.136.43 - - [06/Apr/2017:06:27:55 -0500] "GET /Residuos/metalmecanica/metalmecanica.html HTTP/1.1" 200 1969
66.249.73.146 - - [06/Apr/2017:06:28:01 -0500] "GET /BLA/resoluciones/RESOLUCIONES%202011/0097.pdf HTTP/1.1" 200 350230
192.168.175.104 - - [06/Apr/2017:06:28:01 -0500] "GET / HTTP/1.0" 200 9990
148.251.136.43 - - [06/Apr/2017:06:28:05 -0500] "GET /Residuos/pinturas/pinturas.html HTTP/1.1" 200 1959
69.162.124.233 - - [06/Apr/2017:06:28:10 -0500] "HEAD / HTTP/1.1" 200 -
148.251.136.43 - - [06/Apr/2017:06:28:16 -0500] "GET /Residuos/quimicos/quimicos.html HTTP/1.1" 200 1959
66.249.73.155 - - [06/Apr/2017:06:28:17 -0500] "GET /BLA/resoluciones/RESOLUCIONES%202009/7094.pdf HTTP/1.1" 200 929654
66.249.73.146 - - [06/Apr/2017:06:28:22 -0500] "GET /BLA/resoluciones/RESOLUCIONES%202003/RES%202003%20401-450/431.tif HTTP/1.1" 200 137928
66.249.73.146 - - [06/Apr/2017:06:28:34 -0500] "GET /BLA/resoluciones/RESOLUCIONES%202009/4026.pdf HTTP/1.1" 200 527473
192.168.175.104 - - [06/Apr/2017:06:28:43 -0500] "GET / HTTP/1.1" 200 9990
66.249.73.151 - - [06/Apr/2017:06:28:50 -0500] "GET /BLA/resoluciones/AUTOS%202007/2087.pdf HTTP/1.1" 200 79058
66.249.73.151 - - [06/Apr/2017:06:29:08 -0500] "GET /BLA/resoluciones/AUTOS%202014/2295.pdf HTTP/1.1" 200 438958
66.249.88.155 - - [06/Apr/2017:06:29:14 -0500] "GET /galeria/galeria/fotos/Humedal-Tibanica4G.jpg HTTP/1.1" 200 442374
66.249.73.155 - - [06/Apr/2017:06:29:23 -0500] "GET /BLA/resoluciones/RESOLUCIONES%202010/5351.pdf HTTP/1.1" 200 161197
66.249.88.1 - - [06/Apr/2017:06:29:31 -0500] "GET /BLA/boletinlegal/js/jquery.scrollShow.js HTTP/1.1" 200 4586
66.249.88.1 - - [06/Apr/2017:06:29:32 -0500] "GET /galeria/galeria/jquery.fancybox.css?v=2.1.5 HTTP/1.1" 200 4895
66.249.88.1 - - [06/Apr/2017:06:29:32 -0500] "GET /galeria/galeria/jquery.fancybox.js?v=2.1.5 HTTP/1.1" 200 48706
66.249.73.146 - - [06/Apr/2017:06:29:40 -0500] "GET /BLA/resoluciones/RESOLUCIONES%202010/1296.pdf HTTP/1.1" 200 105214
66.249.88.1 - - [06/Apr/2017:06:29:40 -0500] "GET /galeria/galeria/jquery.fancybox.js?v=2.1.5 HTTP/1.1" 304 -
66.249.88.4 - - [06/Apr/2017:06:29:40 -0500] "GET /BLA/boletinlegal/js/jquery.scrollShow.js HTTP/1.1" 304 -
66.249.88.4 - - [06/Apr/2017:06:29:40 -0500] "GET /galeria/galeria/jquery.fancybox.css?v=2.1.5 HTTP/1.1" 304 -
190.60.236.66 - - [06/Apr/2017:06:29:47 -0500] "GET /BLA/boletinlegal/js/jquery.scrollShow.js HTTP/1.1" 200 4586
190.60.236.66 - - [06/Apr/2017:06:29:47 -0500] "GET /galeria/galeria/jquery.fancybox.js?v=2.1.5 HTTP/1.1" 200 48706
190.60.236.66 - - [06/Apr/2017:06:29:47 -0500] "GET /galeria/galeria/jquery.fancybox.css?v=2.1.5 HTTP/1.1" 200 4895
192.168.175.104 - - [06/Apr/2017:06:29:51 -0500] "GET / HTTP/1.1" 200 9990
190.60.236.66 - - [06/Apr/2017:06:29:53 -0500] "GET /BLA/boletinlegal/js/jquery.scrollShow.js HTTP/1.1" 200 4586
190.60.236.66 - - [06/Apr/2017:06:29:53 -0500] "GET /galeria/galeria/jquery.fancybox.js?v=2.1.5 HTTP/1.1" 200 48706
190.60.236.66 - - [06/Apr/2017:06:29:53 -0500] "GET /galeria/galeria/jquery.fancybox.css?v=2.1.5 HTTP/1.1" 200 4895
66.249.73.146 - - [06/Apr/2017:06:29:56 -0500] "GET /BLA/resoluciones/RESOLUCIONES%202010/1652.pdf HTTP/1.1" 200 391248
66.249.73.146 - - [06/Apr/2017:06:30:13 -0500] "GET /BLA/resoluciones/RESOLUCIONES%202007/RES%202007%201%20AL%20100/RESOLUCION%200092%20DE%202007.pdf HTTP/1.1" 200 25059
66.249.73.155 - - [06/Apr/2017:06:30:29 -0500] "GET /BLA/resoluciones/RESOLUCIONES%202010/7663.pdf HTTP/1.1" 200 166704
66.249.73.151 - - [06/Apr/2017:06:30:46 -0500] "GET /BLA/resoluciones/AUTOS%202009/1098.pdf HTTP/1.1" 200 97561
66.249.73.129 - - [06/Apr/2017:06:31:00 -0500] "GET / HTTP/1.1" 301 324
66.249.73.146 - - [06/Apr/2017:06:31:03 -0500] "GET /BLA/resoluciones/RESOLUCIONES%202008/0456.pdf HTTP/1.1" 200 167430
66.249.73.155 - - [06/Apr/2017:06:31:19 -0500] "GET /BLA/resoluciones/RESOLUCIONES%202010/0002.pdf HTTP/1.1" 200 98273
66.249.73.151 - - [06/Apr/2017:06:31:35 -0500] "GET /BLA/resoluciones/RESOLUCIONES%202007/RES%202007%201%20AL%20100/RESOLUCION%200009%20DE%202007.pdf HTTP/1.1" 200 24040
190.66.1.36 - - [06/Apr/2017:06:31:46 -0500] "GET /galeria/galeria/jquery.fancybox.js?v=2.1.5 HTTP/1.1" 200 48706
190.66.1.36 - - [06/Apr/2017:06:31:46 -0500] "GET /BLA/boletinlegal/js/jquery.scrollShow.js HTTP/1.1" 200 4586
190.66.1.36 - - [06/Apr/2017:06:31:46 -0500] "GET /galeria/galeria/jquery.fancybox.css?v=2.1.5 HTTP/1.1" 200 4895
190.66.1.36 - - [06/Apr/2017:06:31:48 -0500] "GET /BLA/boletinlegal/js/jquery.scrollShow.js HTTP/1.1" 304 -
190.66.1.36 - - [06/Apr/2017:06:31:48 -0500] "GET /galeria/galeria/jquery.fancybox.js?v=2.1.5 HTTP/1.1" 304 -
190.66.1.36 - - [06/Apr/2017:06:31:48 -0500] "GET /galeria/galeria/jquery.fancybox.css?v=2.1.5 HTTP/1.1" 304 -
66.249.73.146 - - [06/Apr/2017:06:31:52 -0500] "GET /BLA/resoluciones/RESOLUCIONES%202009/7953.pdf HTTP/1.1" 200 233625
66.249.73.146 - - [06/Apr/2017:06:32:08 -0500] "GET /BLA/resoluciones/AUTOS%202014/4771.pdf HTTP/1.1" 200 95387
66.249.73.146 - - [06/Apr/2017:06:32:25 -0500] "GET /BLA/resoluciones/RESOLUCIONES%202008/1327.pdf HTTP/1.1" 200 430755
66.249.65.211 - - [06/Apr/2017:06:32:36 -0500] "GET /.well-known/apple-app-site-association HTTP/1.1" 404 1015
66.249.73.146 - - [06/Apr/2017:06:32:41 -0500] "GET /BLA/resoluciones/RESOLUCIONES%202010/1209.pdf HTTP/1.1" 200 101212
66.249.65.203 - - [06/Apr/2017:06:32:42 -0500] "GET /apple-app-site-association HTTP/1.1" 404 1015
66.249.65.203 - - [06/Apr/2017:06:32:50 -0500] "GET /.well-known/assetlinks.json HTTP/1.1" 404 1015
66.249.73.146 - - [06/Apr/2017:06:32:57 -0500] "GET /BLA/resoluciones/RESOLUCIONES%202008/2963.pdf HTTP/1.1" 200 331704
192.168.175.104 - - [06/Apr/2017:06:32:59 -0500] "GET / HTTP/1.0" 200 9990
69.162.124.233 - - [06/Apr/2017:06:33:09 -0500] "HEAD / HTTP/1.1" 200 -
66.249.73.146 - - [06/Apr/2017:06:33:14 -0500] "GET /BLA/resoluciones/RESOLUCIONES%202010/6663.pdf HTTP/1.1" 200 857479
66.249.73.151 - - [06/Apr/2017:06:33:30 -0500] "GET /BLA/resoluciones/RESOLUCIONES%202010/0580.pdf HTTP/1.1" 200 98743
192.168.175.104 - - [06/Apr/2017:06:33:41 -0500] "GET / HTTP/1.1" 200 9990
66.249.73.151 - - [06/Apr/2017:06:33:47 -0500] "GET /BLA/resoluciones/RESOLUCIONES%202010/1865.pdf HTTP/1.1" 200 277845
66.249.73.146 - - [06/Apr/2017:06:34:04 -0500] "GET /BLA/resoluciones/RESOLUCIONES%202008/0901.pdf HTTP/1.1" 200 248651
181.49.79.200 - - [06/Apr/2017:06:34:15 -0500] "GET /galeria/nivo-slider/demo/demo.html HTTP/1.1" 304 -
181.49.79.200 - - [06/Apr/2017:06:34:17 -0500] "GET /galeria/nivo-slider/demo/images/bannerramos.jpg HTTP/1.1" 304 -
181.49.79.200 - - [06/Apr/2017:06:34:17 -0500] "GET /galeria/nivo-slider/demo/images/bannercarreradeascenso.jpg HTTP/1.1" 304 -
181.49.79.200 - - [06/Apr/2017:06:34:17 -0500] "GET /galeria/nivo-slider/demo/images/banner%20reportedearbolescaidos.jpg HTTP/1.1" 304 -
66.249.73.146 - - [06/Apr/2017:06:34:20 -0500] "GET /BLA/resoluciones/RESOLUCIONES%202008/1256.pdf HTTP/1.1" 200 295007
66.249.73.151 - - [06/Apr/2017:06:34:36 -0500] "GET /BLA/resoluciones/RESOLUCIONES%202008/2444.pdf HTTP/1.1" 200 216900
192.168.175.104 - - [06/Apr/2017:06:34:49 -0500] "GET / HTTP/1.1" 200 9990
66.249.73.146 - - [06/Apr/2017:06:34:53 -0500] "GET /BLA/resoluciones/RESOLUCIONES%202009/1443.pdf HTTP/1.1" 200 1021725
66.249.73.146 - - [06/Apr/2017:06:35:09 -0500] "GET /BLA/resoluciones/RESOLUCIONES%202008/2487.pdf HTTP/1.1" 200 271431
66.249.73.151 - - [06/Apr/2017:06:35:26 -0500] "GET /BLA/resoluciones/RESOLUCIONES%202011/1393.pdf HTTP/1.1" 200 71701
163.172.66.176 - - [06/Apr/2017:06:35:40 -0500] "GET /BLA/resoluciones/RESOLUCIONES%202006/RES%202006%201951-2000/00001951.tif HTTP/1.1" 200 231524
66.249.73.146 - - [06/Apr/2017:06:35:42 -0500] "GET /BLA/resoluciones/AUTOS%202009/0121.pdf HTTP/1.1" 200 65306
66.249.73.146 - - [06/Apr/2017:06:35:59 -0500] "GET /BLA/resoluciones/RESOLUCIONES%202008/5325.pdf HTTP/1.1" 200 423444
66.249.73.146 - - [06/Apr/2017:06:36:15 -0500] "GET /BLA/resoluciones/RESOLUCIONES%202007/RES%202007%20801%20AL%20900/RESOLUCION%200844%20DE%202007.pdf HTTP/1.1" 200 165859
190.26.210.43 - - [06/Apr/2017:06:36:27 -0500] "GET /galeria/galeria/jquery.fancybox.css?v=2.1.5 HTTP/1.1" 200 4895
190.26.210.43 - - [06/Apr/2017:06:36:27 -0500] "GET /BLA/boletinlegal/js/jquery.scrollShow.js HTTP/1.1" 200 4586
190.26.210.43 - - [06/Apr/2017:06:36:27 -0500] "GET /galeria/galeria/jquery.fancybox.js?v=2.1.5 HTTP/1.1" 200 48706
66.249.73.146 - - [06/Apr/2017:06:36:32 -0500] "GET /BLA/resoluciones/RESOLUCIONES%202007/RES%202007%20901%20AL%201000/RESOLUCION%200995%20DE%202007.pdf HTTP/1.1" 200 217960
66.249.65.211 - - [06/Apr/2017:06:36:36 -0500] "GET / HTTP/1.1" 200 9990
66.249.73.151 - - [06/Apr/2017:06:36:48 -0500] "GET /BLA/resoluciones/RESOLUCIONES%202011/1219.pdf HTTP/1.1" 200 516730
183.38.59.87 - - [06/Apr/2017:06:36:50 -0500] "GET /BLA/boletinlegal/js/jquery.scrollShow.js HTTP/1.1" 200 4586
183.38.59.87 - - [06/Apr/2017:06:36:50 -0500] "GET /galeria/galeria/jquery.fancybox.css?v=2.1.5 HTTP/1.1" 200 4895
183.38.59.87 - - [06/Apr/2017:06:36:50 -0500] "GET /galeria/galeria/jquery.fancybox.js?v=2.1.5 HTTP/1.1" 200 48706
220.181.108.157 - - [06/Apr/2017:06:36:59 -0500] "GET /BLA/resoluciones/RESOLUCIONES%202007/RES%202007%201001%20AL%201100/RESOLUCION%201039%20DE%202007.pdf HTTP/1.1" 200 521869
66.249.73.146 - - [06/Apr/2017:06:37:05 -0500] "GET /BLA/resoluciones/RESOLUCIONES%202008/1404.pdf HTTP/1.1" 200 174771
66.249.73.155 - - [06/Apr/2017:06:37:21 -0500] "GET /BLA/resoluciones/RESOLUCIONES%202008/3739.pdf HTTP/1.1" 200 295981
163.172.65.209 - - [06/Apr/2017:06:37:22 -0500] "GET /BLA/resoluciones/RESOLUCIONES%202005/RES%202005%20451-500/00000478.tif HTTP/1.1" 200 128536
183.38.59.87 - - [06/Apr/2017:06:37:27 -0500] "GET /galeria/galeria/jquery.fancybox.js?v=2.1.5 HTTP/1.1" 304 -
183.38.59.87 - - [06/Apr/2017:06:37:27 -0500] "GET /galeria/galeria/jquery.fancybox.css?v=2.1.5 HTTP/1.1" 304 -
101.199.108.55 - - [06/Apr/2017:06:37:54 -0500] "GET /galeria/galeria/jquery.fancybox.css?v=2.1.5 HTTP/1.1" 200 4895
101.199.108.55 - - [06/Apr/2017:06:37:54 -0500] "GET /BLA/boletinlegal/js/jquery.scrollShow.js HTTP/1.1" 200 4586
101.199.108.55 - - [06/Apr/2017:06:37:54 -0500] "GET /galeria/galeria/jquery.fancybox.js?v=2.1.5 HTTP/1.1" 200 48706
66.249.73.151 - - [06/Apr/2017:06:37:54 -0500] "GET /BLA/resoluciones/RESOLUCIONES%202008/1918.pdf HTTP/1.1" 200 273673
101.199.108.54 - - [06/Apr/2017:06:37:55 -0500] "GET /BLA/boletinlegal/js/jquery.scrollShow.js HTTP/1.1" 200 4586
101.199.108.54 - - [06/Apr/2017:06:37:55 -0500] "GET /galeria/galeria/jquery.fancybox.css?v=2.1.5 HTTP/1.1" 200 4895
101.199.108.54 - - [06/Apr/2017:06:37:55 -0500] "GET /galeria/galeria/jquery.fancybox.js?v=2.1.5 HTTP/1.1" 200 48706
101.199.108.54 - - [06/Apr/2017:06:37:55 -0500] "GET /galeria/carrusel/Carrusel/jquery.thumbnailScroller.css HTTP/1.1" 200 2066
101.199.108.54 - - [06/Apr/2017:06:37:55 -0500] "GET /galeria/carrusel/Carrusel/jquery-ui-1.8.13.custom.min.js HTTP/1.1" 200 10800
101.199.108.54 - - [06/Apr/2017:06:37:55 -0500] "GET /galeria/carrusel/Carrusel/jquery.thumbnailScroller.js HTTP/1.1" 200 8157
192.168.175.104 - - [06/Apr/2017:06:37:58 -0500] "GET / HTTP/1.0" 200 9990
190.85.84.210 - - [06/Apr/2017:06:38:02 -0500] "GET /galeria/nivo-slider/demo/demo.html HTTP/1.1" 304 -
190.85.84.210 - - [06/Apr/2017:06:38:02 -0500] "GET /galeria/nivo-slider/demo/images/bannerramos.jpg HTTP/1.1" 304 -
190.85.84.210 - - [06/Apr/2017:06:38:02 -0500] "GET /galeria/nivo-slider/demo/images/bannercarreradeascenso.jpg HTTP/1.1" 304 -
190.85.84.210 - - [06/Apr/2017:06:38:02 -0500] "GET /galeria/nivo-slider/demo/images/bannercampa%C3%B1acambiodesede.jpg HTTP/1.1" 304 -
190.85.84.210 - - [06/Apr/2017:06:38:02 -0500] "GET /galeria/nivo-slider/demo/images/BANNERCAMINATAS%20ECOLOGICAS%20MARZO.jpg HTTP/1.1" 304 -
190.85.84.210 - - [06/Apr/2017:06:38:02 -0500] "GET /galeria/nivo-slider/demo/images/banner%20reportedearbolescaidos.jpg HTTP/1.1" 304 -
69.162.124.233 - - [06/Apr/2017:06:38:09 -0500] "HEAD / HTTP/1.1" 200 -
66.249.73.146 - - [06/Apr/2017:06:38:10 -0500] "GET /BLA/resoluciones/RESOLUCIONES%202010/4297.pdf HTTP/1.1" 200 490169
222.186.21.154 - - [06/Apr/2017:06:38:17 -0500] "GET / HTTP/1.1" 200 9990
222.186.21.154 - - [06/Apr/2017:06:38:19 -0500] "GET /index.action HTTP/1.1" 404 1018
66.249.73.151 - - [06/Apr/2017:06:38:27 -0500] "GET /BLA/resoluciones/RESOLUCIONES%202009/5211.pdf HTTP/1.1" 200 493809
183.38.59.87 - - [06/Apr/2017:06:38:38 -0500] "GET /BLA/boletinlegal/js/jquery.scrollShow.js HTTP/1.1" 304 -
192.168.175.104 - - [06/Apr/2017:06:38:40 -0500] "GET / HTTP/1.1" 200 9990
66.249.73.146 - - [06/Apr/2017:06:38:43 -0500] "GET /BLA/resoluciones/RESOLUCIONES%202007/RES%202007%203401%20AL%203500/RESOLUCION%203464%20DE%202007.pdf HTTP/1.1" 200 287869
164.132.161.23 - - [06/Apr/2017:06:38:59 -0500] "GET /BLA/resoluciones/AUTOS%202006/AUTOS%202006%201201-1300/00001232.tif HTTP/1.1" 200 591790
66.249.73.146 - - [06/Apr/2017:06:39:00 -0500] "GET /BLA/resoluciones/RESOLUCIONES%202010/4554.pdf HTTP/1.1" 200 503069
66.249.73.146 - - [06/Apr/2017:06:39:16 -0500] "GET /BLA/resoluciones/RESOLUCIONES%202009/0058.pdf HTTP/1.1" 200 118751
181.49.188.6 - - [06/Apr/2017:06:39:33 -0500] "GET /galeria/galeria/jquery.fancybox.css?v=2.1.5 HTTP/1.1" 200 4895
66.249.73.151 - - [06/Apr/2017:06:39:33 -0500] "GET /BLA/resoluciones/AUTOS%202009/2928.pdf HTTP/1.1" 200 170147
181.49.188.6 - - [06/Apr/2017:06:39:33 -0500] "GET /galeria/galeria/jquery.fancybox.js?v=2.1.5 HTTP/1.1" 200 48706
181.49.188.6 - - [06/Apr/2017:06:39:33 -0500] "GET /BLA/boletinlegal/js/jquery.scrollShow.js HTTP/1.1" 304 -
181.128.196.112 - - [06/Apr/2017:06:39:41 -0500] "GET /galeria/galeria/jquery.fancybox.css?v=2.1.5 HTTP/1.1" 200 4895
181.128.196.112 - - [06/Apr/2017:06:39:41 -0500] "GET /galeria/carrusel/Carrusel/jquery.thumbnailScroller.css HTTP/1.1" 200 2066
181.128.196.112 - - [06/Apr/2017:06:39:41 -0500] "GET /BLA/boletinlegal/js/jquery.scrollShow.js HTTP/1.1" 200 4586
181.128.196.112 - - [06/Apr/2017:06:39:41 -0500] "GET /galeria/galeria/jquery.fancybox.js?v=2.1.5 HTTP/1.1" 200 48706
181.128.196.112 - - [06/Apr/2017:06:39:42 -0500] "GET /galeria/carrusel/Carrusel/jquery-ui-1.8.13.custom.min.js HTTP/1.1" 200 10800
181.128.196.112 - - [06/Apr/2017:06:39:42 -0500] "GET /galeria/carrusel/Carrusel/jquery.thumbnailScroller.js HTTP/1.1" 200 8157
181.128.196.112 - - [06/Apr/2017:06:39:42 -0500] "GET /galeria/nivo-slider/demo/demo.html HTTP/1.1" 200 3263
181.128.196.112 - - [06/Apr/2017:06:39:44 -0500] "GET /galeria/nivo-slider/themes/default/default.css HTTP/1.1" 200 1569
181.128.196.112 - - [06/Apr/2017:06:39:44 -0500] "GET /galeria/nivo-slider/themes/pascal/pascal.css HTTP/1.1" 200 2258
181.128.196.112 - - [06/Apr/2017:06:39:44 -0500] "GET /galeria/nivo-slider/themes/orman/orman.css HTTP/1.1" 200 2152
181.128.196.112 - - [06/Apr/2017:06:39:44 -0500] "GET /galeria/nivo-slider/nivo-slider.css HTTP/1.1" 200 1507
181.128.196.112 - - [06/Apr/2017:06:39:44 -0500] "GET /galeria/nivo-slider/demo/style.css HTTP/1.1" 200 2222
181.128.196.112 - - [06/Apr/2017:06:39:44 -0500] "GET /galeria/nivo-slider/demo/scripts/jquery-1.7.1.min.js HTTP/1.1" 200 93868
181.128.196.112 - - [06/Apr/2017:06:39:44 -0500] "GET /galeria/nivo-slider/demo/images/bannerramos.jpg HTTP/1.1" 200 181256
181.128.196.112 - - [06/Apr/2017:06:39:44 -0500] "GET /galeria/nivo-slider/jquery.nivo.slider.pack.js HTTP/1.1" 200 11561
181.128.196.112 - - [06/Apr/2017:06:39:44 -0500] "GET /galeria/nivo-slider/demo/images/bannercarreradeascenso.jpg HTTP/1.1" 200 147116
181.128.196.112 - - [06/Apr/2017:06:39:44 -0500] "GET /galeria/nivo-slider/demo/images/bannercampa%C3%B1acambiodesede.jpg HTTP/1.1" 200 128006
181.128.196.112 - - [06/Apr/2017:06:39:44 -0500] "GET /galeria/nivo-slider/demo/images/4Simple_Slider.png HTTP/1.1" 200 11722
181.128.196.112 - - [06/Apr/2017:06:39:44 -0500] "GET /galeria/nivo-slider/themes/default/loading.gif HTTP/1.1" 200 1737
181.128.196.112 - - [06/Apr/2017:06:39:45 -0500] "GET /galeria/nivo-slider/demo/images/BANNERCAMINATAS%20ECOLOGICAS%20MARZO.jpg HTTP/1.1" 200 266671
181.128.196.112 - - [06/Apr/2017:06:39:46 -0500] "GET /galeria/nivo-slider/demo/images/bannerlumina2017web.jpg HTTP/1.1" 200 198918
181.128.196.112 - - [06/Apr/2017:06:39:46 -0500] "GET /galeria/nivo-slider/demo/images/banner%20reportedearbolescaidos.jpg HTTP/1.1" 200 249999
192.168.175.104 - - [06/Apr/2017:06:39:47 -0500] "GET / HTTP/1.1" 200 9990
181.128.196.112 - - [06/Apr/2017:06:39:48 -0500] "GET /galeria/nivo-slider/demo/images/banner%20aceite%20vegetal%20usado.jpg HTTP/1.1" 200 169350
181.128.196.112 - - [06/Apr/2017:06:39:48 -0500] "GET /galeria/nivo-slider/demo/images/Ruta-vertimientos-01.jpg HTTP/1.1" 200 130151
181.128.196.112 - - [06/Apr/2017:06:39:48 -0500] "GET /galeria/nivo-slider/demo/images/bolsas-06.jpg HTTP/1.1" 200 210950
66.249.73.146 - - [06/Apr/2017:06:39:49 -0500] "GET /BLA/resoluciones/RESOLUCIONES%202008/4485.pdf HTTP/1.1" 200 454364
181.128.196.112 - - [06/Apr/2017:06:40:05 -0500] "GET /galeria/nivo-slider/themes/default/arrows.png HTTP/1.1" 200 824
181.128.196.112 - - [06/Apr/2017:06:40:05 -0500] "GET /galeria/nivo-slider/themes/default/bullets.png HTTP/1.1" 200 1281
66.249.73.146 - - [06/Apr/2017:06:40:06 -0500] "GET /BLA/resoluciones/RESOLUCIONES%202008/2288.pdf HTTP/1.1" 200 363168
66.249.73.155 - - [06/Apr/2017:06:40:22 -0500] "GET /BLA/resoluciones/RESOLUCIONES%202008/5209.pdf HTTP/1.1" 200 107484
66.249.73.146 - - [06/Apr/2017:06:40:39 -0500] "GET /BLA/resoluciones/RESOLUCIONES%202008/1764.pdf HTTP/1.1" 200 212631
66.249.73.146 - - [06/Apr/2017:06:40:55 -0500] "GET /BLA/resoluciones/RESOLUCIONES%202008/4042.pdf HTTP/1.1" 200 499207
66.249.73.146 - - [06/Apr/2017:06:41:12 -0500] "GET /BLA/resoluciones/RESOLUCIONES%202008/0318.pdf HTTP/1.1" 200 314683
66.249.73.146 - - [06/Apr/2017:06:41:28 -0500] "GET /BLA/resoluciones/RESOLUCIONES%202008/0958.pdf HTTP/1.1" 200 197708
123.126.113.85 - - [06/Apr/2017:06:41:35 -0500] "GET /resoluciones/RESOLUCIONES%202009/0011.pdf HTTP/1.1" 404 1018
66.249.73.146 - - [06/Apr/2017:06:41:45 -0500] "GET /BLA/resoluciones/RESOLUCIONES%202008/0966.pdf HTTP/1.1" 200 238579
186.85.177.197 - - [06/Apr/2017:06:41:55 -0500] "GET /galeria/galeria/jquery.fancybox.css?v=2.1.5 HTTP/1.1" 200 4895
186.85.177.197 - - [06/Apr/2017:06:41:55 -0500] "GET /galeria/galeria/jquery.fancybox.js?v=2.1.5 HTTP/1.1" 200 48706
186.85.177.197 - - [06/Apr/2017:06:41:55 -0500] "GET /galeria/galeria/fotos/Humedal-Santa-Mar%C3%ADa-del-Lago1P.jpg HTTP/1.1" 200 26912
186.85.177.197 - - [06/Apr/2017:06:41:55 -0500] "GET /galeria/galeria/fotos/Humedal-Santa-Mar%C3%ADa-del-Lago2P.jpg HTTP/1.1" 200 37138
186.85.177.197 - - [06/Apr/2017:06:41:55 -0500] "GET /galeria/galeria/fotos/Humedal-Santa-Mar%C3%ADa-del-Lago3P.jpg HTTP/1.1" 200 30161
186.85.177.197 - - [06/Apr/2017:06:41:55 -0500] "GET /galeria/galeria/fotos/Humedal-Santa-Mar%C3%ADa-del-Lago4P.jpg HTTP/1.1" 200 33121
186.85.177.197 - - [06/Apr/2017:06:42:01 -0500] "GET /videos/galeria-cronicas/1V3wnplaylist.htm? HTTP/1.1" 200 4013
186.85.177.197 - - [06/Apr/2017:06:42:01 -0500] "GET /videos/galeria-cronicas/skin/blue.monday/jplayer.blue.monday.css HTTP/1.1" 200 12518
186.85.177.197 - - [06/Apr/2017:06:42:01 -0500] "GET /videos/galeria-cronicas/js/jquery.jplayer.min.js HTTP/1.1" 200 43668
186.85.177.197 - - [06/Apr/2017:06:42:01 -0500] "GET /videos/galeria-cronicas/js/jplayer.playlist.min.js HTTP/1.1" 200 8608
186.85.177.197 - - [06/Apr/2017:06:42:01 -0500] "GET /videos/galeria-cronicas/skin/blue.monday/jplayer.blue.monday.video.play.png HTTP/1.1" 200 14424
186.85.177.197 - - [06/Apr/2017:06:42:01 -0500] "GET /videos/galeria-cronicas/skin/blue.monday/jplayer.blue.monday.jpg HTTP/1.1" 200 23189
66.249.73.146 - - [06/Apr/2017:06:42:01 -0500] "GET /BLA/resoluciones/RESOLUCIONES%202010/7849.pdf HTTP/1.1" 200 71953
186.85.177.197 - - [06/Apr/2017:06:42:03 -0500] "GET /videos/galeria-cronicas/skin/blue.monday/jplayer.blue.monday.seeking.gif HTTP/1.1" 200 3284
181.128.196.112 - - [06/Apr/2017:06:42:05 -0500] "GET /BLA/boletinlegal/js/jquery.scrollShow.js HTTP/1.1" 304 -
181.128.196.112 - - [06/Apr/2017:06:42:05 -0500] "GET /galeria/galeria/jquery.fancybox.js?v=2.1.5 HTTP/1.1" 304 -
181.128.196.112 - - [06/Apr/2017:06:42:05 -0500] "GET /galeria/galeria/jquery.fancybox.css?v=2.1.5 HTTP/1.1" 304 -
123.126.113.85 - - [06/Apr/2017:06:42:09 -0500] "GET /resoluciones/RESOLUCIONES%202009/0156.pdf HTTP/1.1" 404 1018
181.128.196.112 - - [06/Apr/2017:06:42:14 -0500] "GET /BLA/boletinlegal/notificaciones.php HTTP/1.1" 200 5686
66.249.65.221 - - [06/Apr/2017:06:42:14 -0500] "GET / HTTP/1.1" 200 9990
181.128.196.112 - - [06/Apr/2017:06:42:15 -0500] "GET /BLA/boletinlegal/styles2.css HTTP/1.1" 200 1838
181.128.196.112 - - [06/Apr/2017:06:42:15 -0500] "GET /BLA/boletinlegal/js/jquery.js HTTP/1.1" 200 57254
181.128.196.112 - - [06/Apr/2017:06:42:15 -0500] "GET /BLA/boletinlegal/js/jquery.scrollTo-min.js HTTP/1.1" 200 1150
181.128.196.112 - - [06/Apr/2017:06:42:15 -0500] "GET /BLA/boletinlegal/images/word.png HTTP/1.1" 200 50498
181.128.196.112 - - [06/Apr/2017:06:42:15 -0500] "GET /BLA/boletinlegal/images/menu_bg.jpg HTTP/1.1" 200 620
181.128.196.112 - - [06/Apr/2017:06:42:15 -0500] "GET /BLA/boletinlegal/images/background.gif HTTP/1.1" 200 -
123.126.113.85 - - [06/Apr/2017:06:42:20 -0500] "GET /BLA/resoluciones/RESOLUCIONES%202007/RES%202007%202501%20AL%202600/RESOLUCION%202560%20DE%202007.pdf HTTP/1.1" 304 -
186.29.216.237 - - [06/Apr/2017:06:42:27 -0500] "GET /BLA/resoluciones/RESOLUCIONES%202014/2198.pdf HTTP/1.1" 200 329746
123.126.113.85 - - [06/Apr/2017:06:42:30 -0500] "GET /BLA/resoluciones/RESOLUCIONES%202014/2443.pdf HTTP/1.1" 304 -
66.249.73.146 - - [06/Apr/2017:06:42:34 -0500] "GET /BLA/resoluciones/RESOLUCIONES%202012/0834.pdf HTTP/1.1" 304 -
66.249.73.146 - - [06/Apr/2017:06:42:51 -0500] "GET /BLA/resoluciones/RESOLUCIONES%202012/1228.pdf HTTP/1.1" 304 -
192.168.175.104 - - [06/Apr/2017:06:42:56 -0500] "GET / HTTP/1.0" 200 9990
66.249.88.1 - - [06/Apr/2017:06:43:02 -0500] "GET /BLA/boletinlegal/js/jquery.scrollShow.js HTTP/1.1" 200 4586
66.249.88.1 - - [06/Apr/2017:06:43:02 -0500] "GET /galeria/galeria/jquery.fancybox.css?v=2.1.5 HTTP/1.1" 200 4895
66.249.88.7 - - [06/Apr/2017:06:43:02 -0500] "GET /galeria/galeria/jquery.fancybox.js?v=2.1.5 HTTP/1.1" 200 48706
181.128.196.112 - - [06/Apr/2017:06:43:04 -0500] "GET /BLA/resoluciones/Notificaciones/RESOLUCIONES%202016/00671.doc HTTP/1.1" 200 3567891
190.26.155.59 - - [06/Apr/2017:06:43:06 -0500] "GET /BLA/resoluciones/RESOLUCIONES%202007/RES%202007%201101%20AL%201200/RESOLUCION%201178%20DE%202007.pdf HTTP/1.1" 200 600533
190.26.155.59 - - [06/Apr/2017:06:43:06 -0500] "GET /favicon.ico HTTP/1.1" 200 7782
69.162.124.233 - - [06/Apr/2017:06:43:10 -0500] "HEAD / HTTP/1.1" 200 -
201.252.250.60 - - [06/Apr/2017:06:43:16 -0500] "GET /galeria/galeria/jquery.fancybox.css?v=2.1.5 HTTP/1.1" 200 4895
201.252.250.60 - - [06/Apr/2017:06:43:16 -0500] "GET /BLA/boletinlegal/js/jquery.scrollShow.js HTTP/1.1" 200 4586
201.252.250.60 - - [06/Apr/2017:06:43:16 -0500] "GET /galeria/galeria/jquery.fancybox.js?v=2.1.5 HTTP/1.1" 200 48706
66.249.73.146 - - [06/Apr/2017:06:43:24 -0500] "GET /BLA/resoluciones/AUTOS%202014/2701.pdf HTTP/1.1" 200 416075
192.168.175.104 - - [06/Apr/2017:06:43:38 -0500] "GET / HTTP/1.1" 200 9990
201.252.250.60 - - [06/Apr/2017:06:43:45 -0500] "GET /BLA/boletinlegal/js/jquery.scrollShow.js HTTP/1.1" 304 -
201.252.250.60 - - [06/Apr/2017:06:43:45 -0500] "GET /galeria/galeria/jquery.fancybox.css?v=2.1.5 HTTP/1.1" 304 -
201.252.250.60 - - [06/Apr/2017:06:43:45 -0500] "GET /galeria/galeria/jquery.fancybox.js?v=2.1.5 HTTP/1.1" 304 -
168.90.15.36 - - [06/Apr/2017:06:43:59 -0500] "GET /galeria/galeria/jquery.fancybox.css?v=2.1.5 HTTP/1.1" 200 4895
168.90.15.36 - - [06/Apr/2017:06:43:59 -0500] "GET /galeria/galeria/jquery.fancybox.js?v=2.1.5 HTTP/1.1" 200 48706
168.90.15.36 - - [06/Apr/2017:06:43:59 -0500] "GET /BLA/boletinlegal/js/jquery.scrollShow.js HTTP/1.1" 200 4586
192.168.175.104 - - [06/Apr/2017:06:44:47 -0500] "GET / HTTP/1.1" 200 9990
181.156.188.224 - - [06/Apr/2017:06:45:09 -0500] "GET /galeria/galeria/jquery.fancybox.js?v=2.1.5 HTTP/1.1" 200 48706
181.156.188.224 - - [06/Apr/2017:06:45:09 -0500] "GET /galeria/galeria/jquery.fancybox.css?v=2.1.5 HTTP/1.1" 200 4895
181.156.188.224 - - [06/Apr/2017:06:45:09 -0500] "GET /BLA/boletinlegal/js/jquery.scrollShow.js HTTP/1.1" 200 4586
181.156.188.224 - - [06/Apr/2017:06:45:16 -0500] "GET /galeria/galeria/jquery.fancybox.js?v=2.1.5 HTTP/1.1" 304 -
181.156.188.224 - - [06/Apr/2017:06:45:16 -0500] "GET /galeria/galeria/jquery.fancybox.css?v=2.1.5 HTTP/1.1" 304 -
181.156.188.224 - - [06/Apr/2017:06:45:16 -0500] "GET /BLA/boletinlegal/js/jquery.scrollShow.js HTTP/1.1" 304 -
66.249.73.155 - - [06/Apr/2017:06:45:19 -0500] "GET /BLA/resoluciones/RESOLUCIONES%202009/6856.pdf HTTP/1.1" 200 272805
89.46.143.89 - - [06/Apr/2017:06:46:42 -0500] "GET /wp-login.php HTTP/1.1" 404 1018
89.46.143.89 - - [06/Apr/2017:06:46:42 -0500] "GET / HTTP/1.1" 200 9990
186.155.119.81 - - [06/Apr/2017:06:47:08 -0500] "GET /galeria/carrusel/Carrusel/jquery.thumbnailScroller.css HTTP/1.1" 200 2066
186.155.119.81 - - [06/Apr/2017:06:47:09 -0500] "GET /galeria/carrusel/Carrusel/jquery-ui-1.8.13.custom.min.js HTTP/1.1" 200 10800
186.155.119.81 - - [06/Apr/2017:06:47:09 -0500] "GET /galeria/carrusel/Carrusel/jquery.thumbnailScroller.js HTTP/1.1" 200 8157
186.155.119.81 - - [06/Apr/2017:06:47:09 -0500] "GET /galeria/nivo-slider/demo/demo.html HTTP/1.1" 200 3263
186.155.119.81 - - [06/Apr/2017:06:47:09 -0500] "GET /galeria/nivo-slider/themes/default/default.css HTTP/1.1" 200 1569
186.155.119.81 - - [06/Apr/2017:06:47:09 -0500] "GET /galeria/nivo-slider/themes/pascal/pascal.css HTTP/1.1" 200 2258
186.155.119.81 - - [06/Apr/2017:06:47:09 -0500] "GET /galeria/nivo-slider/themes/orman/orman.css HTTP/1.1" 200 2152
186.155.119.81 - - [06/Apr/2017:06:47:09 -0500] "GET /galeria/nivo-slider/nivo-slider.css HTTP/1.1" 200 1507
186.155.119.81 - - [06/Apr/2017:06:47:09 -0500] "GET /galeria/nivo-slider/demo/style.css HTTP/1.1" 200 2222
186.155.119.81 - - [06/Apr/2017:06:47:09 -0500] "GET /galeria/nivo-slider/demo/scripts/jquery-1.7.1.min.js HTTP/1.1" 200 93868
186.155.119.81 - - [06/Apr/2017:06:47:09 -0500] "GET /galeria/nivo-slider/demo/images/bannerramos.jpg HTTP/1.1" 200 181256
186.155.119.81 - - [06/Apr/2017:06:47:09 -0500] "GET /galeria/nivo-slider/jquery.nivo.slider.pack.js HTTP/1.1" 200 11561
186.155.119.81 - - [06/Apr/2017:06:47:09 -0500] "GET /galeria/nivo-slider/demo/images/bannercarreradeascenso.jpg HTTP/1.1" 200 147116
186.155.119.81 - - [06/Apr/2017:06:47:09 -0500] "GET /galeria/nivo-slider/demo/images/bannercampa%C3%B1acambiodesede.jpg HTTP/1.1" 200 128006
186.155.119.81 - - [06/Apr/2017:06:47:09 -0500] "GET /galeria/nivo-slider/demo/images/BANNERCAMINATAS%20ECOLOGICAS%20MARZO.jpg HTTP/1.1" 200 266671
186.155.119.81 - - [06/Apr/2017:06:47:09 -0500] "GET /galeria/nivo-slider/demo/images/bannerlumina2017web.jpg HTTP/1.1" 200 198918
186.155.119.81 - - [06/Apr/2017:06:47:10 -0500] "GET /galeria/nivo-slider/themes/default/loading.gif HTTP/1.1" 200 1737
186.155.119.81 - - [06/Apr/2017:06:47:10 -0500] "GET /galeria/nivo-slider/demo/images/4Simple_Slider.png HTTP/1.1" 200 11722
186.155.119.81 - - [06/Apr/2017:06:47:10 -0500] "GET /galeria/nivo-slider/demo/images/banner%20reportedearbolescaidos.jpg HTTP/1.1" 200 249999
186.155.119.81 - - [06/Apr/2017:06:47:10 -0500] "GET /galeria/nivo-slider/demo/images/banner%20aceite%20vegetal%20usado.jpg HTTP/1.1" 200 169350
186.155.119.81 - - [06/Apr/2017:06:47:10 -0500] "GET /galeria/nivo-slider/demo/images/Ruta-vertimientos-01.jpg HTTP/1.1" 200 130151
186.155.119.81 - - [06/Apr/2017:06:47:10 -0500] "GET /galeria/nivo-slider/demo/images/bolsas-06.jpg HTTP/1.1" 200 210950
66.249.73.146 - - [06/Apr/2017:06:47:14 -0500] "GET /BLA/resoluciones/AUTOS%202014/0641.pdf HTTP/1.1" 200 551424
186.155.119.81 - - [06/Apr/2017:06:47:14 -0500] "GET /galeria/nivo-slider/themes/default/bullets.png HTTP/1.1" 200 1281
186.155.119.81 - - [06/Apr/2017:06:47:16 -0500] "GET /galeria/nivo-slider/themes/default/arrows.png HTTP/1.1" 200 824
66.249.73.151 - - [06/Apr/2017:06:47:31 -0500] "GET /BLA/resoluciones/AUTOS%202012/1512.pdf HTTP/1.1" 200 2107722
66.249.73.151 - - [06/Apr/2017:06:47:42 -0500] "GET /BLA/resoluciones/RESOLUCIONES%202010/6955.pdf HTTP/1.1" 200 246001
186.154.252.67 - - [06/Apr/2017:06:47:44 -0500] "GET /BLA/boletinlegal/js/jquery.scrollShow.js HTTP/1.1" 200 4586
186.154.252.67 - - [06/Apr/2017:06:47:44 -0500] "GET /galeria/galeria/jquery.fancybox.js?v=2.1.5 HTTP/1.1" 200 48706
186.154.252.67 - - [06/Apr/2017:06:47:44 -0500] "GET /galeria/galeria/jquery.fancybox.css?v=2.1.5 HTTP/1.1" 200 4895
186.154.252.67 - - [06/Apr/2017:06:47:52 -0500] "GET /BLA/boletinlegal/js/jquery.scrollShow.js HTTP/1.1" 304 -
186.154.252.67 - - [06/Apr/2017:06:47:52 -0500] "GET /galeria/galeria/jquery.fancybox.js?v=2.1.5 HTTP/1.1" 304 -
186.154.252.67 - - [06/Apr/2017:06:47:53 -0500] "GET /galeria/galeria/jquery.fancybox.css?v=2.1.5 HTTP/1.1" 304 -
192.168.175.104 - - [06/Apr/2017:06:47:54 -0500] "GET / HTTP/1.0" 200 9990
152.201.27.26 - - [06/Apr/2017:06:47:57 -0500] "GET /BLA/boletinlegal/js/jquery.scrollShow.js HTTP/1.1" 200 4586
152.201.27.26 - - [06/Apr/2017:06:47:58 -0500] "GET /galeria/galeria/jquery.fancybox.css?v=2.1.5 HTTP/1.1" 200 4895
152.201.27.26 - - [06/Apr/2017:06:47:58 -0500] "GET /galeria/galeria/jquery.fancybox.js?v=2.1.5 HTTP/1.1" 200 48706
152.201.27.26 - - [06/Apr/2017:06:47:58 -0500] "GET /galeria/carrusel/Carrusel/jquery.thumbnailScroller.css HTTP/1.1" 200 2066
152.201.27.26 - - [06/Apr/2017:06:47:58 -0500] "GET /galeria/carrusel/Carrusel/jquery-ui-1.8.13.custom.min.js HTTP/1.1" 200 10800
152.201.27.26 - - [06/Apr/2017:06:47:59 -0500] "GET /galeria/carrusel/Carrusel/jquery.thumbnailScroller.js HTTP/1.1" 200 8157
152.201.27.26 - - [06/Apr/2017:06:47:59 -0500] "GET /galeria/nivo-slider/demo/demo.html HTTP/1.1" 200 3263
152.201.27.26 - - [06/Apr/2017:06:48:00 -0500] "GET /galeria/nivo-slider/themes/pascal/pascal.css HTTP/1.1" 200 2258
152.201.27.26 - - [06/Apr/2017:06:48:00 -0500] "GET /galeria/nivo-slider/themes/default/default.css HTTP/1.1" 200 1569
152.201.27.26 - - [06/Apr/2017:06:48:00 -0500] "GET /galeria/nivo-slider/themes/orman/orman.css HTTP/1.1" 200 2152
152.201.27.26 - - [06/Apr/2017:06:48:00 -0500] "GET /galeria/nivo-slider/demo/style.css HTTP/1.1" 200 2222
152.201.27.26 - - [06/Apr/2017:06:48:00 -0500] "GET /galeria/nivo-slider/nivo-slider.css HTTP/1.1" 200 1507
152.201.27.26 - - [06/Apr/2017:06:48:00 -0500] "GET /galeria/nivo-slider/demo/images/bannerramos.jpg HTTP/1.1" 200 181256
152.201.27.26 - - [06/Apr/2017:06:48:00 -0500] "GET /galeria/nivo-slider/jquery.nivo.slider.pack.js HTTP/1.1" 200 11561
152.201.27.26 - - [06/Apr/2017:06:48:00 -0500] "GET /galeria/nivo-slider/demo/scripts/jquery-1.7.1.min.js HTTP/1.1" 200 93868
152.201.27.26 - - [06/Apr/2017:06:48:00 -0500] "GET /galeria/nivo-slider/demo/images/bannercarreradeascenso.jpg HTTP/1.1" 200 147116
152.201.27.26 - - [06/Apr/2017:06:48:00 -0500] "GET /galeria/nivo-slider/demo/images/bannercampa%C3%B1acambiodesede.jpg HTTP/1.1" 200 128006
152.201.27.26 - - [06/Apr/2017:06:48:00 -0500] "GET /galeria/nivo-slider/demo/images/BANNERCAMINATAS%20ECOLOGICAS%20MARZO.jpg HTTP/1.1" 200 266671
152.201.27.26 - - [06/Apr/2017:06:48:00 -0500] "GET /galeria/nivo-slider/demo/images/bannerlumina2017web.jpg HTTP/1.1" 200 198918
152.201.27.26 - - [06/Apr/2017:06:48:01 -0500] "GET /galeria/nivo-slider/demo/images/4Simple_Slider.png HTTP/1.1" 200 11722
152.201.27.26 - - [06/Apr/2017:06:48:01 -0500] "GET /galeria/nivo-slider/themes/default/loading.gif HTTP/1.1" 200 1737
152.201.27.26 - - [06/Apr/2017:06:48:01 -0500] "GET /galeria/nivo-slider/demo/images/banner%20reportedearbolescaidos.jpg HTTP/1.1" 200 249999
152.201.27.26 - - [06/Apr/2017:06:48:01 -0500] "GET /galeria/nivo-slider/demo/images/banner%20aceite%20vegetal%20usado.jpg HTTP/1.1" 200 169350
152.201.27.26 - - [06/Apr/2017:06:48:01 -0500] "GET /galeria/nivo-slider/demo/images/Ruta-vertimientos-01.jpg HTTP/1.1" 200 130151
152.201.27.26 - - [06/Apr/2017:06:48:02 -0500] "GET /galeria/nivo-slider/demo/images/bolsas-06.jpg HTTP/1.1" 200 210950
181.128.196.112 - - [06/Apr/2017:06:48:02 -0500] "GET /BLA/resoluciones/AUTOS%202015/3964.pdf HTTP/1.1" 200 598860
181.128.196.112 - - [06/Apr/2017:06:48:03 -0500] "GET /favicon.ico HTTP/1.1" 200 7782
181.50.192.232 - - [06/Apr/2017:06:48:09 -0500] "GET /galeria/galeria/jquery.fancybox.js?v=2.1.5 HTTP/1.1" 200 48706
181.50.192.232 - - [06/Apr/2017:06:48:09 -0500] "GET /galeria/galeria/jquery.fancybox.css?v=2.1.5 HTTP/1.1" 200 4895
181.50.192.232 - - [06/Apr/2017:06:48:09 -0500] "GET /galeria/carrusel/Carrusel/jquery.thumbnailScroller.css HTTP/1.1" 200 2066
181.50.192.232 - - [06/Apr/2017:06:48:09 -0500] "GET /galeria/carrusel/Carrusel/jquery-ui-1.8.13.custom.min.js HTTP/1.1" 200 10800
181.50.192.232 - - [06/Apr/2017:06:48:09 -0500] "GET /galeria/carrusel/Carrusel/jquery.thumbnailScroller.js HTTP/1.1" 200 8157
181.50.192.232 - - [06/Apr/2017:06:48:09 -0500] "GET /galeria/nivo-slider/demo/demo.html HTTP/1.1" 200 3263
69.162.124.233 - - [06/Apr/2017:06:48:09 -0500] "HEAD / HTTP/1.1" 200 -
152.201.27.26 - - [06/Apr/2017:06:48:10 -0500] "GET /galeria/nivo-slider/themes/default/bullets.png HTTP/1.1" 200 1281
181.50.192.232 - - [06/Apr/2017:06:48:11 -0500] "GET /galeria/nivo-slider/themes/default/default.css HTTP/1.1" 200 1569
181.50.192.232 - - [06/Apr/2017:06:48:11 -0500] "GET /galeria/nivo-slider/themes/pascal/pascal.css HTTP/1.1" 200 2258
181.50.192.232 - - [06/Apr/2017:06:48:11 -0500] "GET /galeria/nivo-slider/themes/orman/orman.css HTTP/1.1" 200 2152
181.50.192.232 - - [06/Apr/2017:06:48:11 -0500] "GET /galeria/nivo-slider/nivo-slider.css HTTP/1.1" 200 1507
152.201.27.26 - - [06/Apr/2017:06:48:11 -0500] "GET /galeria/nivo-slider/themes/default/arrows.png HTTP/1.1" 200 824
181.50.192.232 - - [06/Apr/2017:06:48:11 -0500] "GET /galeria/nivo-slider/demo/scripts/jquery-1.7.1.min.js HTTP/1.1" 200 93868
181.50.192.232 - - [06/Apr/2017:06:48:11 -0500] "GET /galeria/nivo-slider/jquery.nivo.slider.pack.js HTTP/1.1" 200 11561
181.50.192.232 - - [06/Apr/2017:06:48:11 -0500] "GET /galeria/nivo-slider/demo/images/bannerramos.jpg HTTP/1.1" 200 181256
181.50.192.232 - - [06/Apr/2017:06:48:11 -0500] "GET /galeria/nivo-slider/demo/images/bannercarreradeascenso.jpg HTTP/1.1" 200 147116
181.50.192.232 - - [06/Apr/2017:06:48:14 -0500] "GET /galeria/nivo-slider/demo/images/bannercampa%C3%B1acambiodesede.jpg HTTP/1.1" 200 128006
181.33.20.114 - - [06/Apr/2017:06:48:16 -0500] "GET /BLA/resoluciones/Notificaciones/RESOLUCIONES%202015/01887.doc HTTP/1.1" 200 138662
181.50.192.232 - - [06/Apr/2017:06:48:19 -0500] "GET /galeria/nivo-slider/demo/images/BANNERCAMINATAS%20ECOLOGICAS%20MARZO.jpg HTTP/1.1" 200 266671
66.249.73.155 - - [06/Apr/2017:06:48:20 -0500] "GET /BLA/resoluciones/RESOLUCIONES%202009/4122.pdf HTTP/1.1" 200 750694
181.50.192.232 - - [06/Apr/2017:06:48:20 -0500] "GET /galeria/nivo-slider/demo/images/bannerlumina2017web.jpg HTTP/1.1" 200 198918
181.49.64.19 - - [06/Apr/2017:06:48:21 -0500] "GET /galeria/galeria/jquery.fancybox.css?v=2.1.5 HTTP/1.1" 200 4895
181.49.64.19 - - [06/Apr/2017:06:48:21 -0500] "GET /galeria/galeria/jquery.fancybox.js?v=2.1.5 HTTP/1.1" 200 48706
181.49.64.19 - - [06/Apr/2017:06:48:21 -0500] "GET /BLA/boletinlegal/js/jquery.scrollShow.js HTTP/1.1" 200 4586
181.33.20.114 - - [06/Apr/2017:06:48:22 -0500] "GET /BLA/resoluciones/Notificaciones/RESOLUCIONES%202015/01887.doc HTTP/1.1" 200 138662
181.50.192.232 - - [06/Apr/2017:06:48:24 -0500] "GET /galeria/nivo-slider/demo/images/banner%20reportedearbolescaidos.jpg HTTP/1.1" 200 249999
181.50.192.232 - - [06/Apr/2017:06:48:25 -0500] "GET /galeria/nivo-slider/demo/images/banner%20aceite%20vegetal%20usado.jpg HTTP/1.1" 200 169350
181.50.192.232 - - [06/Apr/2017:06:48:25 -0500] "GET /galeria/nivo-slider/demo/images/bolsas-06.jpg HTTP/1.1" 200 210950
181.50.192.232 - - [06/Apr/2017:06:48:27 -0500] "GET /galeria/nivo-slider/demo/images/4Simple_Slider.png HTTP/1.1" 200 11722
181.50.192.232 - - [06/Apr/2017:06:48:28 -0500] "GET /galeria/nivo-slider/themes/default/loading.gif HTTP/1.1" 200 1737
181.50.192.232 - - [06/Apr/2017:06:48:29 -0500] "GET /galeria/nivo-slider/themes/default/arrows.png HTTP/1.1" 200 824
181.50.192.232 - - [06/Apr/2017:06:48:29 -0500] "GET /galeria/nivo-slider/themes/default/bullets.png HTTP/1.1" 200 1281
192.168.175.104 - - [06/Apr/2017:06:48:36 -0500] "GET / HTTP/1.1" 200 9990
66.249.73.151 - - [06/Apr/2017:06:48:37 -0500] "GET /BLA/resoluciones/RESOLUCIONES%202010/3864.pdf HTTP/1.1" 200 897220
66.249.73.146 - - [06/Apr/2017:06:48:53 -0500] "GET /BLA/resoluciones/RESOLUCIONES%202010/5651.pdf HTTP/1.1" 200 2789446
66.249.73.151 - - [06/Apr/2017:06:49:10 -0500] "GET /BLA/resoluciones/RESOLUCIONES%202010/4369.pdf HTTP/1.1" 200 555454
186.84.195.18 - - [06/Apr/2017:06:49:28 -0500] "GET /galeria/galeria/jquery.fancybox.css?v=2.1.5 HTTP/1.1" 200 4895
186.84.195.18 - - [06/Apr/2017:06:49:28 -0500] "GET /BLA/boletinlegal/js/jquery.scrollShow.js HTTP/1.1" 200 4586
186.84.195.18 - - [06/Apr/2017:06:49:28 -0500] "GET /galeria/galeria/jquery.fancybox.js?v=2.1.5 HTTP/1.1" 200 48706
192.168.175.104 - - [06/Apr/2017:06:49:44 -0500] "GET / HTTP/1.1" 200 9990
66.249.73.146 - - [06/Apr/2017:06:49:45 -0500] "GET /BLA/resoluciones/RESOLUCIONES%202009/7009.pdf HTTP/1.1" 200 724513
66.249.73.155 - - [06/Apr/2017:06:49:59 -0500] "GET /BLA/resoluciones/RESOLUCIONES%202009/0416.pdf HTTP/1.1" 200 198089
66.249.73.155 - - [06/Apr/2017:06:50:15 -0500] "GET /BLA/resoluciones/AUTOS%202015/0216.pdf HTTP/1.1" 200 522692
181.140.173.158 - - [06/Apr/2017:06:50:20 -0500] "GET /BLA/resoluciones/RESOLUCIONES%202011/6982.pdf HTTP/1.1" 200 1266045
181.140.173.158 - - [06/Apr/2017:06:50:20 -0500] "GET /favicon.ico HTTP/1.1" 200 7782
181.140.173.158 - - [06/Apr/2017:06:50:21 -0500] "GET /BLA/resoluciones/RESOLUCIONES%202011/6982.pdf HTTP/1.1" 206 864819
163.172.66.4 - - [06/Apr/2017:06:50:28 -0500] "GET /BLA/resoluciones/AUTOS%202006/AUTOS%202006%202001%20-%202100/00002035.tif HTTP/1.1" 200 126494
66.249.73.151 - - [06/Apr/2017:06:50:48 -0500] "GET /BLA/resoluciones/RESOLUCIONES%202011/5638.pdf HTTP/1.1" 200 802454
66.249.73.151 - - [06/Apr/2017:06:51:21 -0500] "GET /BLA/resoluciones/RESOLUCIONES%202010/1340.pdf HTTP/1.1" 200 549364
66.249.73.151 - - [06/Apr/2017:06:51:38 -0500] "GET /BLA/resoluciones/RESOLUCIONES%202009/7723.pdf HTTP/1.1" 200 551497
85.18.112.222 - - [06/Apr/2017:06:51:42 -0500] "GET /galeria/galeria/fotos/Humedal-Santa-Mar%C3%ADa-del-Lago4G.jpg HTTP/1.1" 200 361652
186.29.134.202 - - [06/Apr/2017:06:51:44 -0500] "GET /galeria/galeria/jquery.fancybox.css?v=2.1.5 HTTP/1.1" 200 4895
186.29.134.202 - - [06/Apr/2017:06:51:44 -0500] "GET /BLA/boletinlegal/js/jquery.scrollShow.js HTTP/1.1" 200 4586
186.29.134.202 - - [06/Apr/2017:06:51:44 -0500] "GET /galeria/galeria/jquery.fancybox.js?v=2.1.5 HTTP/1.1" 200 48706
186.29.134.202 - - [06/Apr/2017:06:51:46 -0500] "GET /BLA/boletinlegal/js/jquery.scrollShow.js HTTP/1.1" 200 4586
186.29.134.202 - - [06/Apr/2017:06:51:46 -0500] "GET /galeria/galeria/jquery.fancybox.js?v=2.1.5 HTTP/1.1" 200 48706
186.29.134.202 - - [06/Apr/2017:06:51:46 -0500] "GET /galeria/galeria/jquery.fancybox.css?v=2.1.5 HTTP/1.1" 200 4895
163.172.64.229 - - [06/Apr/2017:06:51:52 -0500] "GET /BLA/resoluciones/RESOLUCIONES%202002/RES%202002%201551-1600/20021568.tif HTTP/1.1" 200 120294
66.249.73.146 - - [06/Apr/2017:06:51:54 -0500] "GET /BLA/resoluciones/AUTOS%202011/0264.pdf HTTP/1.1" 200 154649
51.255.65.12 - - [06/Apr/2017:06:51:57 -0500] "GET /BLA/resoluciones/RESOLUCIONES%202005/RES%202005%202651-2700/00002671.tif HTTP/1.1" 200 335974
66.249.73.146 - - [06/Apr/2017:06:52:11 -0500] "GET /BLA/resoluciones/RESOLUCIONES%202010/5859.pdf HTTP/1.1" 200 146150
66.249.73.146 - - [06/Apr/2017:06:52:27 -0500] "GET /BLA/resoluciones/RESOLUCIONES%202012/0081.pdf HTTP/1.1" 200 882954
66.249.73.151 - - [06/Apr/2017:06:52:45 -0500] "GET /BLA/resoluciones/RESOLUCIONES%202010/2473.pdf HTTP/1.1" 200 461894
201.245.192.253 - - [06/Apr/2017:06:52:50 -0500] "GET /galeria/nivo-slider/demo/demo.html HTTP/1.1" 304 -
201.245.192.253 - - [06/Apr/2017:06:52:51 -0500] "GET /galeria/nivo-slider/demo/images/bannerramos.jpg HTTP/1.1" 200 181256
201.245.192.253 - - [06/Apr/2017:06:52:51 -0500] "GET /galeria/nivo-slider/demo/images/bannercarreradeascenso.jpg HTTP/1.1" 200 147116
201.245.192.253 - - [06/Apr/2017:06:52:52 -0500] "GET /galeria/nivo-slider/demo/images/bannercampa%C3%B1acambiodesede.jpg HTTP/1.1" 304 -
201.245.192.253 - - [06/Apr/2017:06:52:53 -0500] "GET /galeria/nivo-slider/demo/images/banner%20reportedearbolescaidos.jpg HTTP/1.1" 200 249999
192.168.175.104 - - [06/Apr/2017:06:52:53 -0500] "GET / HTTP/1.0" 200 9990
151.80.39.123 - - [06/Apr/2017:06:52:55 -0500] "GET /robots.txt HTTP/1.1" 404 1018
163.172.65.110 - - [06/Apr/2017:06:52:55 -0500] "GET /BLA/resoluciones/RESOLUCIONES%202003/RES%202003%201001-1050/1036.tif HTTP/1.1" 200 122436
66.249.73.146 - - [06/Apr/2017:06:53:00 -0500] "GET /BLA/resoluciones/AUTOS%202012/2762.pdf HTTP/1.1" 200 389288
69.162.124.233 - - [06/Apr/2017:06:53:10 -0500] "HEAD / HTTP/1.1" 200 -
66.249.73.151 - - [06/Apr/2017:06:53:17 -0500] "GET /BLA/resoluciones/RESOLUCIONES%202010/7656.pdf HTTP/1.1" 200 367186
66.249.73.151 - - [06/Apr/2017:06:53:22 -0500] "GET /BLA/resoluciones/RESOLUCIONES%202010/0613.pdf HTTP/1.1" 200 532501
161.18.143.173 - - [06/Apr/2017:06:53:33 -0500] "GET /BLA/boletinlegal/js/jquery.scrollShow.js HTTP/1.1" 200 4586
161.18.143.173 - - [06/Apr/2017:06:53:33 -0500] "GET /galeria/galeria/jquery.fancybox.js?v=2.1.5 HTTP/1.1" 200 48706
66.249.73.146 - - [06/Apr/2017:06:53:33 -0500] "GET /BLA/resoluciones/RESOLUCIONES%202009/2710.pdf HTTP/1.1" 200 667760
161.18.143.173 - - [06/Apr/2017:06:53:34 -0500] "GET /galeria/galeria/jquery.fancybox.css?v=2.1.5 HTTP/1.1" 200 4895
192.168.175.104 - - [06/Apr/2017:06:53:34 -0500] "GET / HTTP/1.1" 200 9990
201.245.192.253 - - [06/Apr/2017:06:53:40 -0500] "GET /videos/ArchivoSDA.flv HTTP/1.1" 206 1
201.245.192.253 - - [06/Apr/2017:06:53:40 -0500] "GET /videos/ArchivoSDA.flv HTTP/1.1" 206 461820
66.249.73.146 - - [06/Apr/2017:06:53:50 -0500] "GET /BLA/resoluciones/RESOLUCIONES%202011/5366.pdf HTTP/1.1" 200 357597
66.249.73.146 - - [06/Apr/2017:06:54:06 -0500] "GET /BLA/resoluciones/AUTOS%202012/1162.pdf HTTP/1.1" 200 261141
181.53.200.111 - - [06/Apr/2017:06:54:08 -0500] "GET /BLA/resoluciones/RESOLUCIONES%202014/1373.pdf HTTP/1.1" 200 843941
181.53.200.111 - - [06/Apr/2017:06:54:09 -0500] "GET /BLA/resoluciones/RESOLUCIONES%202014/1373.pdf HTTP/1.1" 200 843941
190.242.79.157 - - [06/Apr/2017:06:54:22 -0500] "GET /galeria/galeria/jquery.fancybox.css?v=2.1.5 HTTP/1.1" 200 4895
190.242.79.157 - - [06/Apr/2017:06:54:22 -0500] "GET /BLA/boletinlegal/js/jquery.scrollShow.js HTTP/1.1" 200 4586
190.242.79.157 - - [06/Apr/2017:06:54:22 -0500] "GET /galeria/galeria/jquery.fancybox.js?v=2.1.5 HTTP/1.1" 200 48706
66.249.73.146 - - [06/Apr/2017:06:54:23 -0500] "GET /BLA/resoluciones/RESOLUCIONES%202012/0813.pdf HTTP/1.1" 200 439338
66.249.73.146 - - [06/Apr/2017:06:54:39 -0500] "GET /BLA/resoluciones/RESOLUCIONES%202009/5580.pdf HTTP/1.1" 200 522485
190.152.215.58 - - [06/Apr/2017:06:54:40 -0500] "GET /BLA/boletinlegal/js/jquery.scrollShow.js HTTP/1.1" 200 4586
190.152.215.58 - - [06/Apr/2017:06:54:40 -0500] "GET /galeria/galeria/jquery.fancybox.css?v=2.1.5 HTTP/1.1" 200 4895
190.152.215.58 - - [06/Apr/2017:06:54:40 -0500] "GET /galeria/galeria/jquery.fancybox.js?v=2.1.5 HTTP/1.1" 200 48706
163.172.64.182 - - [06/Apr/2017:06:54:41 -0500] "GET /BLA/resoluciones/RESOLUCIONES%202002/RES%202002%201101-1150/00001108.tif HTTP/1.1" 200 142226
192.168.175.104 - - [06/Apr/2017:06:54:42 -0500] "GET / HTTP/1.1" 200 9990
66.249.73.146 - - [06/Apr/2017:06:54:55 -0500] "GET /BLA/resoluciones/AUTOS%202014/1586.pdf HTTP/1.1" 200 306893
66.249.73.146 - - [06/Apr/2017:06:55:00 -0500] "GET /BLA/resoluciones/RESOLUCIONES%202003/RES%202003%20401-450/448.tif HTTP/1.1" 200 164664
190.242.79.157 - - [06/Apr/2017:06:55:08 -0500] "GET /galeria/galeria/jquery.fancybox.css?v=2.1.5 HTTP/1.1" 304 -
190.242.79.157 - - [06/Apr/2017:06:55:08 -0500] "GET /BLA/boletinlegal/js/jquery.scrollShow.js HTTP/1.1" 304 -
