66.249.65.178 - - [06/Apr/2017:01:13:15 -0500] "GET /BLA/resoluciones/RESOLUCIONES%202008/4259.pdf HTTP/1.1" 200 275672
190.25.204.196 - - [06/Apr/2017:01:13:34 -0500] "GET /BLA/boletinlegal/images/pdf.gif HTTP/1.1" 200 567
190.25.204.196 - - [06/Apr/2017:01:13:34 -0500] "GET /BLA/boletinlegal/Directivas/2017/Directiva%20No.%2002%20del%2017%20de%20Enero%20de%202017.pdf HTTP/1.1" 200 3521427
190.25.204.196 - - [06/Apr/2017:01:13:34 -0500] "GET /BLA/boletinlegal/Directivas/2017/Directiva%20No.%2001%20del%2017%20de%20Enero%20de%202017.pdf HTTP/1.1" 200 2804310
190.25.204.196 - - [06/Apr/2017:01:13:34 -0500] "GET /BLA/boletinlegal/Directivas/2016/Directiva%20No.%2003%20del%2026%20de%20Julio%20de%202016.pdf HTTP/1.1" 200 370200
190.25.204.196 - - [06/Apr/2017:01:13:34 -0500] "GET /BLA/boletinlegal/Directivas/2016/Directiva%20No.%2002%20del%2019%20de%20Abril%20de%202016.pdf HTTP/1.1" 200 11898321
190.25.204.196 - - [06/Apr/2017:01:13:34 -0500] "GET /BLA/boletinlegal/Directivas/2016/Directiva%20No.%2001%20del%2012%20de%20Abril%20de%202016.pdf HTTP/1.1" 200 868354
190.25.204.196 - - [06/Apr/2017:01:13:36 -0500] "GET /BLA/boletinlegal/Directivas/2015/Directiva%20No.%2001%20del%2014%20de%20Enero%20de%202015.pdf HTTP/1.1" 200 1416322
190.25.204.196 - - [06/Apr/2017:01:13:38 -0500] "GET /BLA/boletinlegal/Directivas/2014/Directiva%20No.%205%20del%2026%20de%20Diciembre%20de%202014.pdf HTTP/1.1" 200 3424865
190.25.204.196 - - [06/Apr/2017:01:13:45 -0500] "GET /BLA/boletinlegal/Directivas/2014/Directiva%20No.%204%20del%2006%20de%20Junio%20de%202014.pdf HTTP/1.1" 200 236794
190.25.204.196 - - [06/Apr/2017:01:13:46 -0500] "GET /BLA/boletinlegal/Directivas/2014/Directiva%20No.%203%20del%2020%20de%20Mayo%20de%202014.pdf HTTP/1.1" 200 504420
66.249.65.178 - - [06/Apr/2017:01:14:10 -0500] "GET /BLA/resoluciones/RESOLUCIONES%202007/RES%202007%204001%20AL%204100/RESOLUCION%204023%20DE%202007.pdf HTTP/1.1" 200 1163759
66.249.65.178 - - [06/Apr/2017:01:14:16 -0500] "GET /BLA/resoluciones/AUTOS%202014/0027.pdf HTTP/1.1" 200 664284
66.249.65.178 - - [06/Apr/2017:01:14:20 -0500] "GET /BLA/resoluciones/RESOLUCIONES%202010/6396.pdf HTTP/1.1" 200 3362879
207.46.13.175 - - [06/Apr/2017:01:14:25 -0500] "GET /actuali- HTTP/1.1" 404 1015
66.249.65.178 - - [06/Apr/2017:01:14:32 -0500] "GET /BLA/resoluciones/RESOLUCIONES%202008/1157.pdf HTTP/1.1" 200 1946163
66.249.65.175 - - [06/Apr/2017:01:14:38 -0500] "GET /BLA/resoluciones/RESOLUCIONES%202003/RES%202003%20401-450/401.tif HTTP/1.1" 200 192120
66.249.65.184 - - [06/Apr/2017:01:14:39 -0500] "GET /BLA/resoluciones/AUTOS%202012/1102.pdf HTTP/1.1" 200 278130
66.249.65.175 - - [06/Apr/2017:01:14:40 -0500] "GET /BLA/resoluciones/RESOLUCIONES%202008/5294.pdf HTTP/1.1" 200 260287
66.249.65.175 - - [06/Apr/2017:01:14:41 -0500] "GET /BLA/resoluciones/AUTOS%202014/4299.pdf HTTP/1.1" 200 567828
66.249.65.178 - - [06/Apr/2017:01:14:51 -0500] "GET /BLA/resoluciones/RESOLUCIONES%202010/3016.pdf HTTP/1.1" 200 299266
192.168.175.104 - - [06/Apr/2017:01:14:51 -0500] "GET / HTTP/1.0" 200 9990
66.249.65.184 - - [06/Apr/2017:01:15:01 -0500] "GET /BLA/resoluciones/RESOLUCIONES%202010/0444.pdf HTTP/1.1" 200 116328
66.249.65.184 - - [06/Apr/2017:01:15:05 -0500] "GET /BLA/resoluciones/RESOLUCIONES%202013/0430.pdf HTTP/1.1" 200 406317
190.25.204.196 - - [06/Apr/2017:01:15:08 -0500] "GET /BLA/boletinlegal/Directivas/2014/Directiva%20No.%202%20del%205%20de%20Mayo%20de%202014.pdf HTTP/1.1" 200 591315
190.25.204.196 - - [06/Apr/2017:01:15:08 -0500] "GET /BLA/boletinlegal/Directivas/2014/Directiva%20No.%201%20del%2010%20de%20Abril%20de%202014.pdf HTTP/1.1" 200 258865
190.25.204.196 - - [06/Apr/2017:01:15:08 -0500] "GET /BLA/boletinlegal/Directivas/2013/Directiva%20No.%203%20del%2016%20de%20julio%20de%202013.pdf HTTP/1.1" 200 127414
190.25.204.196 - - [06/Apr/2017:01:15:09 -0500] "GET /BLA/boletinlegal/Directivas/2013/Directiva%20No.%202%20del%2004%20de%20Abril%20de%202013.pdf HTTP/1.1" 200 1182671
190.25.204.196 - - [06/Apr/2017:01:15:09 -0500] "GET /BLA/boletinlegal/Directivas/2013/Directiva%20No.%201%20del%2004%20de%20Abril%20de%202013.pdf HTTP/1.1" 200 472003
190.25.204.196 - - [06/Apr/2017:01:15:09 -0500] "GET /BLA/boletinlegal/Directivas/2011/Directiva%20No.%2011%20del%2027%20de%20Diciembre%20de%202011.pdf HTTP/1.1" 200 303527
190.25.204.196 - - [06/Apr/2017:01:15:09 -0500] "GET /BLA/boletinlegal/Directivas/2012/Directiva%20No.%201%20del%2030%20de%20octubre%20de%202012.pdf HTTP/1.1" 200 1522771
190.25.204.196 - - [06/Apr/2017:01:15:10 -0500] "GET /BLA/boletinlegal/Directivas/2011/Directiva%20No.%2010%20del%2028%20de%20Septiembre%20de%202011.pdf HTTP/1.1" 200 465887
190.25.204.196 - - [06/Apr/2017:01:15:10 -0500] "GET /BLA/boletinlegal/Directivas/2011/Directiva%20No.%209%20del%2023%20de%20Septiembre%20de%202011.pdf HTTP/1.1" 200 326687
190.25.204.196 - - [06/Apr/2017:01:15:11 -0500] "GET /BLA/boletinlegal/Directivas/2011/Directiva%20No.%208%20del%2020%20de%20Septiembre%20de%202011.pdf HTTP/1.1" 200 727150
190.25.204.196 - - [06/Apr/2017:01:15:11 -0500] "GET /BLA/boletinlegal/Directivas/2011/Directiva%20No.%207%20del%2015%20de%20Septiembre%20de%202011.pdf HTTP/1.1" 200 268084
190.25.204.196 - - [06/Apr/2017:01:15:12 -0500] "GET /BLA/boletinlegal/Directivas/2011/Directiva%20No.%206%20del%208%20de%20Septiembre%20de%202011.pdf HTTP/1.1" 200 996625
66.249.65.178 - - [06/Apr/2017:01:15:13 -0500] "GET /BLA/resoluciones/RESOLUCIONES%202007/RES%202007%203501%20AL%203600/RESOLUCION%203516%20DE%202007.pdf HTTP/1.1" 200 462568
190.25.204.196 - - [06/Apr/2017:01:15:13 -0500] "GET /BLA/boletinlegal/Directivas/2011/Directiva%20No.%205%20del%2029%20de%20Agosto%20de%202011.pdf HTTP/1.1" 200 444404
190.25.204.196 - - [06/Apr/2017:01:15:14 -0500] "GET /BLA/boletinlegal/Directivas/2011/Directiva%20No.%204%20del%2028%20de%20Junio%20de%202011.pdf HTTP/1.1" 200 960158
190.25.204.196 - - [06/Apr/2017:01:15:14 -0500] "GET /BLA/boletinlegal/Directivas/2011/Directiva%20No.%203%20del%2027%20de%20Mayo%20de%202011.pdf HTTP/1.1" 200 910420
190.25.204.196 - - [06/Apr/2017:01:15:17 -0500] "GET /BLA/boletinlegal/Directivas/2011/Directiva%20No.%202%20del%2017%20de%20Mayo%20de%202011.pdf HTTP/1.1" 200 495382
190.25.204.196 - - [06/Apr/2017:01:15:18 -0500] "GET /BLA/boletinlegal/Directivas/2011/Directiva%20No.%201%20del%205%20de%20Abril%20de%202011.pdf HTTP/1.1" 200 971292
190.25.204.196 - - [06/Apr/2017:01:15:18 -0500] "GET /BLA/boletinlegal/Directivas/2009/Directiva%20No.%20del%2023%20de%20Diciembre%20de%202009.pdf HTTP/1.1" 200 1636862
66.249.65.184 - - [06/Apr/2017:01:15:24 -0500] "GET /BLA/resoluciones/RESOLUCIONES%202010/4519.pdf HTTP/1.1" 200 254325
164.132.161.80 - - [06/Apr/2017:01:15:26 -0500] "GET /BLA/resoluciones/RESOLUCIONES%202002/RES%202002%201351-1400/20021395.tif HTTP/1.1" 200 100502
207.46.13.36 - - [06/Apr/2017:01:15:27 -0500] "GET /POT-2013/Cartografia/36_Est_Funcional_servicios_Est_Socioeconomica_Espacial%20Area%20.pdf HTTP/1.1" 200 2689602
66.249.65.175 - - [06/Apr/2017:01:15:36 -0500] "GET /BLA/resoluciones/AUTOS%202013/2620.pdf HTTP/1.1" 200 885227
192.168.175.104 - - [06/Apr/2017:01:15:37 -0500] "GET / HTTP/1.1" 200 9990
190.25.204.196 - - [06/Apr/2017:01:07:08 -0500] "GET /videos/CRRFFS.mp4 HTTP/1.1" 200 286784363
66.249.65.181 - - [06/Apr/2017:01:15:48 -0500] "GET /BLA/resoluciones/AUTOS%202008/0690.pdf HTTP/1.1" 200 119220
66.249.65.178 - - [06/Apr/2017:01:15:58 -0500] "GET /BLA/resoluciones/RESOLUCIONES%202010/0968.pdf HTTP/1.1" 200 432667
66.249.65.178 - - [06/Apr/2017:01:16:00 -0500] "GET /BLA/resoluciones/RESOLUCIONES%202010/6875.pdf HTTP/1.1" 200 372142
66.249.65.178 - - [06/Apr/2017:01:16:12 -0500] "GET /BLA/resoluciones/RESOLUCIONES%202008/5467.pdf HTTP/1.1" 200 228887
188.213.169.207 - - [06/Apr/2017:01:16:17 -0500] "GET /transparencia/directorioservidores/septiembre2015.xlsx HTTP/1.1" 200 37000
66.249.65.178 - - [06/Apr/2017:01:16:23 -0500] "GET /BLA/resoluciones/AUTOS%202008/1570.pdf HTTP/1.1" 200 114130
66.249.65.175 - - [06/Apr/2017:01:16:35 -0500] "GET /BLA/resoluciones/AUTOS%202011/7731.pdf HTTP/1.1" 200 218160
190.25.204.196 - - [06/Apr/2017:01:16:40 -0500] "GET /BLA/boletinlegal/Circulares/2015/Circular%20No.%201%20del%2010%20de%20Febrero%20de%202015.pdf HTTP/1.1" 200 660637
190.25.204.196 - - [06/Apr/2017:01:16:41 -0500] "GET /BLA/boletinlegal/Circulares/2014/Circular%20No.%203%20del%2014%20de%20Noviembre%20de%202014.pdf HTTP/1.1" 200 104132
190.25.204.196 - - [06/Apr/2017:01:16:41 -0500] "GET /BLA/boletinlegal/Circulares/2014/Circular%20No.%202%20del%2021%20de%20septiembre%20de%202014.pdf HTTP/1.1" 200 143376
190.25.204.196 - - [06/Apr/2017:01:16:41 -0500] "GET /BLA/boletinlegal/Circulares/2014/Circular%20No.%201%20del%2008%20de%20Mayo%20de%202014.pdf HTTP/1.1" 200 180124
190.25.204.196 - - [06/Apr/2017:01:16:41 -0500] "GET /BLA/boletinlegal/Circulares/2013/Circular%20No.%208%20del%201%20de%20Noviembre%20de%202013.pdf HTTP/1.1" 200 385156
190.25.204.196 - - [06/Apr/2017:01:16:41 -0500] "GET /BLA/boletinlegal/Circulares/2013/Circular%20No.%207%20del%201%20de%20Agosto%20de%202013.pdf HTTP/1.1" 200 340934
190.25.204.196 - - [06/Apr/2017:01:16:42 -0500] "GET /BLA/boletinlegal/Circulares/2013/Circular%20No.%206%20del%2019%20de%20julio%20de%202013.pdf HTTP/1.1" 200 4210437
190.25.204.196 - - [06/Apr/2017:01:16:42 -0500] "GET /BLA/boletinlegal/Circulares/2013/Circular%20No.%205%20del%2013%20de%20junio%20de%202013.pdf HTTP/1.1" 200 110904
192.168.175.104 - - [06/Apr/2017:01:16:42 -0500] "GET / HTTP/1.1" 200 9990
190.25.204.196 - - [06/Apr/2017:01:16:43 -0500] "GET /BLA/boletinlegal/Circulares/2015/Circular%20No.%202%20del%201%20de%20julio%20de%202015.pdf HTTP/1.1" 200 752890
220.181.108.177 - - [06/Apr/2017:01:16:45 -0500] "GET /BLA/resoluciones/RESOLUCIONES%202008/4107.pdf HTTP/1.1" 200 955385
66.249.65.175 - - [06/Apr/2017:01:16:47 -0500] "GET /BLA/resoluciones/RESOLUCIONES%202008/4743.pdf HTTP/1.1" 200 335073
220.181.51.94 - - [06/Apr/2017:01:16:49 -0500] "GET /BLA/resoluciones/AUTOS%202012/1922.pdf HTTP/1.1" 200 884140
66.249.65.175 - - [06/Apr/2017:01:16:59 -0500] "GET /BLA/resoluciones/RESOLUCIONES%202007/RES%202007%203601%20AL%203700/RESOLUCION%203648%20DE%202007.pdf HTTP/1.1" 200 298700
66.249.65.175 - - [06/Apr/2017:01:17:11 -0500] "GET /BLA/resoluciones/RESOLUCIONES%202008/2992.pdf HTTP/1.1" 200 316726
66.249.65.181 - - [06/Apr/2017:01:17:18 -0500] "GET /BLA/resoluciones/AUTOS%202007/0051.pdf HTTP/1.1" 200 198610
66.249.65.178 - - [06/Apr/2017:01:17:22 -0500] "GET /BLA/resoluciones/AUTOS%202012/2229.pdf HTTP/1.1" 200 289909
66.249.65.175 - - [06/Apr/2017:01:17:34 -0500] "GET /BLA/resoluciones/RESOLUCIONES%202008/0860.pdf HTTP/1.1" 200 472586
66.249.65.175 - - [06/Apr/2017:01:17:46 -0500] "GET /BLA/resoluciones/RESOLUCIONES%202008/4247.pdf HTTP/1.1" 200 348003
66.249.65.175 - - [06/Apr/2017:01:18:12 -0500] "GET /BLA/resoluciones/RESOLUCIONES%202008/0270.pdf HTTP/1.1" 200 297475
69.162.124.233 - - [06/Apr/2017:01:18:12 -0500] "HEAD / HTTP/1.1" 200 -
66.249.65.181 - - [06/Apr/2017:01:18:21 -0500] "GET /BLA/resoluciones/AUTOS%202013/2367.pdf HTTP/1.1" 200 862293
66.249.65.175 - - [06/Apr/2017:01:18:33 -0500] "GET /BLA/resoluciones/RESOLUCIONES%202008/1125.pdf HTTP/1.1" 200 67097
66.249.65.175 - - [06/Apr/2017:01:18:45 -0500] "GET /BLA/resoluciones/AUTOS%202013/0947.pdf HTTP/1.1" 200 1029213
190.25.204.196 - - [06/Apr/2017:01:19:05 -0500] "GET /BLA/boletinlegal/Circulares/2013/Circular%20No.%204%20del%2005%20de%20junio%20de%202013.pdf HTTP/1.1" 200 130461
190.25.204.196 - - [06/Apr/2017:01:19:05 -0500] "GET /BLA/boletinlegal/Circulares/2013/Circular%20No.%203%20del%2005%20de%20abril%20de%202013.pdf HTTP/1.1" 200 93580
190.25.204.196 - - [06/Apr/2017:01:19:05 -0500] "GET /BLA/boletinlegal/Circulares/2013/Circular%20No.%202%20del%2022%20de%20enero%20de%202013.pdf HTTP/1.1" 200 85466
190.25.204.196 - - [06/Apr/2017:01:19:06 -0500] "GET /BLA/boletinlegal/Circulares/2013/Circular%20No.%201%20del%2014%20de%20enero%20de%202013.pdf HTTP/1.1" 200 1298384
190.25.204.196 - - [06/Apr/2017:01:19:06 -0500] "GET /BLA/boletinlegal/Circulares/2012/Circular%20No.%2016%20del%2022%20de%20octubre%20de%202012.pdf HTTP/1.1" 200 381186
190.25.204.196 - - [06/Apr/2017:01:19:06 -0500] "GET /BLA/boletinlegal/Circulares/2012/Circular%20No.%2015%20del%2022%20de%20octubre%20de%202012.pdf HTTP/1.1" 200 486506
190.25.204.196 - - [06/Apr/2017:01:19:06 -0500] "GET /BLA/boletinlegal/Circulares/2012/Circular%20No.%2014%20del%2011%20de%20Septiembre%20de%202012.pdf HTTP/1.1" 200 3427471
190.25.204.196 - - [06/Apr/2017:01:19:07 -0500] "GET /BLA/boletinlegal/Circulares/2012/Circular%20No.%2013%20del%2006%20de%20Septiembre%20de%202012.pdf HTTP/1.1" 200 351421
190.25.204.196 - - [06/Apr/2017:01:19:08 -0500] "GET /BLA/boletinlegal/Circulares/2012/Circular%20No.%2012%20del%2028%20de%20Agosto%20de%202012.pdf HTTP/1.1" 200 369945
190.25.204.196 - - [06/Apr/2017:01:19:08 -0500] "GET /BLA/boletinlegal/Circulares/2012/Circular%20No.%2011%20del%2027%20de%20Agosto%20de%202012.pdf HTTP/1.1" 200 526945
66.249.65.175 - - [06/Apr/2017:01:19:09 -0500] "GET /BLA/resoluciones/RESOLUCIONES%202009/7276.pdf HTTP/1.1" 200 295591
186.31.2.93 - - [06/Apr/2017:01:19:10 -0500] "GET /galeria/carrusel/Carrusel/jquery.thumbnailScroller.js HTTP/1.1" 200 8157
186.31.2.93 - - [06/Apr/2017:01:19:10 -0500] "GET /galeria/carrusel/Carrusel/jquery-ui-1.8.13.custom.min.js HTTP/1.1" 200 10800
186.31.2.93 - - [06/Apr/2017:01:19:10 -0500] "GET /galeria/carrusel/Carrusel/jquery.thumbnailScroller.css HTTP/1.1" 200 2066
186.31.2.93 - - [06/Apr/2017:01:19:10 -0500] "GET /galeria/galeria/jquery.fancybox.css?v=2.1.5 HTTP/1.1" 200 4895
186.31.2.93 - - [06/Apr/2017:01:19:10 -0500] "GET /BLA/boletinlegal/js/jquery.scrollShow.js HTTP/1.1" 200 4586
186.31.2.93 - - [06/Apr/2017:01:19:10 -0500] "GET /galeria/galeria/jquery.fancybox.js?v=2.1.5 HTTP/1.1" 200 48706
186.31.2.93 - - [06/Apr/2017:01:19:13 -0500] "GET /galeria/nivo-slider/demo/demo.html HTTP/1.1" 200 3263
186.31.2.93 - - [06/Apr/2017:01:19:13 -0500] "GET /galeria/nivo-slider/themes/pascal/pascal.css HTTP/1.1" 200 2258
186.31.2.93 - - [06/Apr/2017:01:19:13 -0500] "GET /galeria/nivo-slider/themes/orman/orman.css HTTP/1.1" 200 2152
186.31.2.93 - - [06/Apr/2017:01:19:13 -0500] "GET /galeria/nivo-slider/themes/default/default.css HTTP/1.1" 200 1569
186.31.2.93 - - [06/Apr/2017:01:19:13 -0500] "GET /galeria/nivo-slider/nivo-slider.css HTTP/1.1" 200 1507
186.31.2.93 - - [06/Apr/2017:01:19:13 -0500] "GET /galeria/nivo-slider/demo/scripts/jquery-1.7.1.min.js HTTP/1.1" 200 93868
186.31.2.93 - - [06/Apr/2017:01:19:13 -0500] "GET /galeria/nivo-slider/demo/style.css HTTP/1.1" 200 2222
186.31.2.93 - - [06/Apr/2017:01:19:13 -0500] "GET /galeria/nivo-slider/jquery.nivo.slider.pack.js HTTP/1.1" 200 11561
186.31.2.93 - - [06/Apr/2017:01:19:13 -0500] "GET /galeria/nivo-slider/demo/images/bannerramos.jpg HTTP/1.1" 200 181256
186.31.2.93 - - [06/Apr/2017:01:19:13 -0500] "GET /galeria/nivo-slider/demo/images/bannercarreradeascenso.jpg HTTP/1.1" 200 147116
186.31.2.93 - - [06/Apr/2017:01:19:13 -0500] "GET /galeria/nivo-slider/demo/images/bannercampa%C3%B1acambiodesede.jpg HTTP/1.1" 200 128006
186.31.2.93 - - [06/Apr/2017:01:19:13 -0500] "GET /galeria/nivo-slider/demo/images/BANNERCAMINATAS%20ECOLOGICAS%20MARZO.jpg HTTP/1.1" 200 266671
186.31.2.93 - - [06/Apr/2017:01:19:14 -0500] "GET /galeria/nivo-slider/demo/images/bannerlumina2017web.jpg HTTP/1.1" 200 198918
186.31.2.93 - - [06/Apr/2017:01:19:14 -0500] "GET /galeria/nivo-slider/demo/images/banner%20reportedearbolescaidos.jpg HTTP/1.1" 200 249999
186.31.2.93 - - [06/Apr/2017:01:19:15 -0500] "GET /galeria/nivo-slider/demo/images/banner%20aceite%20vegetal%20usado.jpg HTTP/1.1" 200 169350
186.31.2.93 - - [06/Apr/2017:01:19:15 -0500] "GET /galeria/nivo-slider/demo/images/Ruta-vertimientos-01.jpg HTTP/1.1" 200 130151
186.31.2.93 - - [06/Apr/2017:01:19:15 -0500] "GET /galeria/nivo-slider/demo/images/bolsas-06.jpg HTTP/1.1" 200 210950
186.31.2.93 - - [06/Apr/2017:01:19:15 -0500] "GET /galeria/nivo-slider/demo/images/4Simple_Slider.png HTTP/1.1" 200 11722
186.31.2.93 - - [06/Apr/2017:01:19:16 -0500] "GET /galeria/nivo-slider/themes/default/loading.gif HTTP/1.1" 200 1737
186.31.2.93 - - [06/Apr/2017:01:19:17 -0500] "GET /galeria/nivo-slider/themes/default/arrows.png HTTP/1.1" 200 824
186.31.2.93 - - [06/Apr/2017:01:19:17 -0500] "GET /galeria/nivo-slider/themes/default/bullets.png HTTP/1.1" 200 1281
66.249.65.178 - - [06/Apr/2017:01:19:21 -0500] "GET /BLA/resoluciones/RESOLUCIONES%202010/2771.pdf HTTP/1.1" 304 -
207.46.13.154 - - [06/Apr/2017:01:19:40 -0500] "GET /SIG/Gestion%20Recursos%20Financieros/126PA02-PR28%20REGISTRO%20CONVENIOS%20Y%20CONTRATOS%20INTERADMINISTRATIVOS.pdf HTTP/1.1" 200 393134
190.25.204.196 - - [06/Apr/2017:01:19:41 -0500] "GET /BLA/boletinlegal/Circulares/2012/Circular%20No.%2010%20del%2022%20de%20Agosto%20de%202012.pdf HTTP/1.1" 200 1563219
190.25.204.196 - - [06/Apr/2017:01:19:41 -0500] "GET /BLA/boletinlegal/Circulares/2012/Circular%20No.%209%20del%2021%20de%20Agosto%20de%202012.pdf HTTP/1.1" 200 1402289
190.25.204.196 - - [06/Apr/2017:01:19:41 -0500] "GET /BLA/boletinlegal/Circulares/2012/Circular%20No.%208%20del%2021%20de%20Agosto%20de%202012.pdf HTTP/1.1" 200 963197
190.25.204.196 - - [06/Apr/2017:01:19:41 -0500] "GET /BLA/boletinlegal/Circulares/2012/Circular%20No.%207%20del%2008%20de%20Agosto%20de%202012.pdf HTTP/1.1" 200 972955
190.25.204.196 - - [06/Apr/2017:01:19:41 -0500] "GET /BLA/boletinlegal/Circulares/2012/Circular%20No.%206%20del%2025%20de%20Mayo%20de%202012.pdf HTTP/1.1" 200 387391
190.25.204.196 - - [06/Apr/2017:01:19:42 -0500] "GET /BLA/boletinlegal/Circulares/2012/Circular%20No.%205%20del%2027%20de%20Abril%20de%202012.pdf HTTP/1.1" 200 216613
190.25.204.196 - - [06/Apr/2017:01:19:42 -0500] "GET /BLA/boletinlegal/Circulares/2012/Circular%20No.%204%20del%2019%20de%20abril%20de%202012.pdf HTTP/1.1" 200 253045
190.25.204.196 - - [06/Apr/2017:01:19:43 -0500] "GET /BLA/boletinlegal/Circulares/2012/Circular%20No.%203%20del%2023%20de%20Marzo%20de%202012.pdf HTTP/1.1" 200 572950
190.25.204.196 - - [06/Apr/2017:01:19:43 -0500] "GET /BLA/boletinlegal/Circulares/2012/Circular%20No.%202%20del%2014%20de%20Marzo%20de%202012.pdf HTTP/1.1" 200 113666
66.249.65.178 - - [06/Apr/2017:01:19:44 -0500] "GET /BLA/resoluciones/Notificaciones/REGISTROS%202015/1030.doc HTTP/1.1" 200 210432
190.25.204.196 - - [06/Apr/2017:01:19:44 -0500] "GET /BLA/boletinlegal/Circulares/2012/Circular%20No.%2010%20del%2026%20de%20Enero%20de%202012.pdf HTTP/1.1" 404 1018
192.168.175.104 - - [06/Apr/2017:01:19:49 -0500] "GET / HTTP/1.0" 200 9990
66.249.65.175 - - [06/Apr/2017:01:19:56 -0500] "GET /BLA/resoluciones/AUTOS%202014/5538.pdf HTTP/1.1" 200 134033
157.55.39.8 - - [06/Apr/2017:01:20:05 -0500] "GET /PORTAL_SIAC/swf/ HTTP/1.1" 200 6173
66.249.65.178 - - [06/Apr/2017:01:20:19 -0500] "GET /BLA/resoluciones/AUTOS%202013/0537.pdf HTTP/1.1" 200 1594135
190.25.204.196 - - [06/Apr/2017:01:20:28 -0500] "GET /BLA/boletinlegal/Circulares/2012/Circular%20No.%201%20del%2017%20de%20Enero%20de%202012.pdf HTTP/1.1" 200 1118749
190.25.204.196 - - [06/Apr/2017:01:20:29 -0500] "GET /BLA/boletinlegal/Circulares/2011/Circular%20No.%209%20del%2003%20de%20Noviembre%20de%202011.pdf HTTP/1.1" 200 54568
190.25.204.196 - - [06/Apr/2017:01:20:29 -0500] "GET /BLA/boletinlegal/Circulares/2011/Circular%20No.%208%20del%2020%20de%20Septiembre%20de%202011.pdf HTTP/1.1" 200 285158
190.25.204.196 - - [06/Apr/2017:01:20:30 -0500] "GET /BLA/boletinlegal/Circulares/2011/Circular%20No.%207%20del%2023%20de%20Diciembre%20de%202011.pdf HTTP/1.1" 200 1107785
190.25.204.196 - - [06/Apr/2017:01:20:30 -0500] "GET /BLA/boletinlegal/Circulares/2011/Circular%20No.%207%20del%2015%20de%20Septiembre%20de%202011.pdf HTTP/1.1" 200 314873
190.25.204.196 - - [06/Apr/2017:01:20:30 -0500] "GET /BLA/boletinlegal/Circulares/2011/Circular%20No.%206%20del%2023%20de%20Septiembre%20de%202011.pdf HTTP/1.1" 200 252800
190.25.204.196 - - [06/Apr/2017:01:20:30 -0500] "GET /BLA/boletinlegal/Circulares/2011/Circular%20No.%206%20del%2029%20de%20Julio%20de%202011.pdf HTTP/1.1" 200 262144
190.25.204.196 - - [06/Apr/2017:01:20:30 -0500] "GET /BLA/boletinlegal/Circulares/2011/Circular%20No.%205%20del%2012%20de%20Agosto%20de%202011.pdf HTTP/1.1" 200 431796
190.25.204.196 - - [06/Apr/2017:01:20:31 -0500] "GET /BLA/boletinlegal/Circulares/2011/Circular%20No.%205%20del%2014%20de%20Julio%20de%202011.pdf HTTP/1.1" 200 1488992
66.249.65.175 - - [06/Apr/2017:01:20:31 -0500] "GET /BLA/resoluciones/RESOLUCIONES%202014/2479.pdf HTTP/1.1" 200 482998
192.168.175.104 - - [06/Apr/2017:01:20:35 -0500] "GET / HTTP/1.1" 200 9990
186.29.210.8 - - [06/Apr/2017:01:21:14 -0500] "GET /BLA/boletinlegal/js/jquery.scrollShow.js HTTP/1.1" 200 4586
186.29.210.8 - - [06/Apr/2017:01:21:14 -0500] "GET /galeria/carrusel/Carrusel/jquery-ui-1.8.13.custom.min.js HTTP/1.1" 200 10800
186.29.210.8 - - [06/Apr/2017:01:21:14 -0500] "GET /galeria/carrusel/Carrusel/jquery.thumbnailScroller.js HTTP/1.1" 200 8157
186.29.210.8 - - [06/Apr/2017:01:21:14 -0500] "GET /galeria/carrusel/Carrusel/jquery.thumbnailScroller.css HTTP/1.1" 200 2066
186.29.210.8 - - [06/Apr/2017:01:21:14 -0500] "GET /galeria/galeria/jquery.fancybox.js?v=2.1.5 HTTP/1.1" 200 48706
186.29.210.8 - - [06/Apr/2017:01:21:14 -0500] "GET /galeria/galeria/jquery.fancybox.css?v=2.1.5 HTTP/1.1" 200 4895
186.29.210.8 - - [06/Apr/2017:01:21:15 -0500] "GET /galeria/nivo-slider/demo/demo.html HTTP/1.1" 200 3263
186.29.210.8 - - [06/Apr/2017:01:21:15 -0500] "GET /galeria/nivo-slider/themes/default/default.css HTTP/1.1" 200 1569
186.29.210.8 - - [06/Apr/2017:01:21:15 -0500] "GET /galeria/nivo-slider/themes/pascal/pascal.css HTTP/1.1" 200 2258
186.29.210.8 - - [06/Apr/2017:01:21:15 -0500] "GET /galeria/nivo-slider/themes/orman/orman.css HTTP/1.1" 200 2152
186.29.210.8 - - [06/Apr/2017:01:21:15 -0500] "GET /galeria/nivo-slider/nivo-slider.css HTTP/1.1" 200 1507
186.29.210.8 - - [06/Apr/2017:01:21:15 -0500] "GET /galeria/nivo-slider/demo/style.css HTTP/1.1" 200 2222
186.29.210.8 - - [06/Apr/2017:01:21:15 -0500] "GET /galeria/nivo-slider/demo/scripts/jquery-1.7.1.min.js HTTP/1.1" 200 93868
186.29.210.8 - - [06/Apr/2017:01:21:15 -0500] "GET /galeria/nivo-slider/jquery.nivo.slider.pack.js HTTP/1.1" 200 11561
186.29.210.8 - - [06/Apr/2017:01:21:15 -0500] "GET /galeria/nivo-slider/demo/images/bannerramos.jpg HTTP/1.1" 200 181256
186.29.210.8 - - [06/Apr/2017:01:21:15 -0500] "GET /galeria/nivo-slider/demo/images/bannercarreradeascenso.jpg HTTP/1.1" 200 147116
186.29.210.8 - - [06/Apr/2017:01:21:15 -0500] "GET /galeria/nivo-slider/demo/images/bannercampa%C3%B1acambiodesede.jpg HTTP/1.1" 200 128006
186.29.210.8 - - [06/Apr/2017:01:21:15 -0500] "GET /galeria/nivo-slider/demo/images/BANNERCAMINATAS%20ECOLOGICAS%20MARZO.jpg HTTP/1.1" 200 266671
186.29.210.8 - - [06/Apr/2017:01:21:15 -0500] "GET /galeria/nivo-slider/demo/images/bannerlumina2017web.jpg HTTP/1.1" 200 198918
186.29.210.8 - - [06/Apr/2017:01:21:15 -0500] "GET /galeria/nivo-slider/demo/images/banner%20reportedearbolescaidos.jpg HTTP/1.1" 200 249999
186.29.210.8 - - [06/Apr/2017:01:21:16 -0500] "GET /galeria/nivo-slider/demo/images/banner%20aceite%20vegetal%20usado.jpg HTTP/1.1" 200 169350
186.29.210.8 - - [06/Apr/2017:01:21:16 -0500] "GET /galeria/nivo-slider/demo/images/Ruta-vertimientos-01.jpg HTTP/1.1" 200 130151
186.29.210.8 - - [06/Apr/2017:01:21:18 -0500] "GET /galeria/nivo-slider/demo/images/bolsas-06.jpg HTTP/1.1" 200 210950
186.29.210.8 - - [06/Apr/2017:01:21:18 -0500] "GET /galeria/nivo-slider/demo/images/4Simple_Slider.png HTTP/1.1" 200 11722
186.29.210.8 - - [06/Apr/2017:01:21:18 -0500] "GET /galeria/nivo-slider/themes/default/loading.gif HTTP/1.1" 200 1737
66.249.65.181 - - [06/Apr/2017:01:21:18 -0500] "GET /BLA/resoluciones/RESOLUCIONES%202007/RES%202007%202501%20AL%202600/RESOLUCION%202542%20DE%202007.pdf HTTP/1.1" 304 -
186.29.210.8 - - [06/Apr/2017:01:21:21 -0500] "GET /galeria/nivo-slider/themes/default/arrows.png HTTP/1.1" 200 824
186.29.210.8 - - [06/Apr/2017:01:21:21 -0500] "GET /galeria/nivo-slider/themes/default/bullets.png HTTP/1.1" 200 1281
192.168.175.104 - - [06/Apr/2017:01:21:40 -0500] "GET / HTTP/1.1" 200 9990
66.249.73.238 - - [06/Apr/2017:01:21:54 -0500] "GET / HTTP/1.1" 200 9990
186.154.32.243 - - [06/Apr/2017:01:21:57 -0500] "GET /galeria/galeria/jquery.fancybox.css?v=2.1.5 HTTP/1.1" 200 4895
186.154.32.243 - - [06/Apr/2017:01:21:57 -0500] "GET /BLA/boletinlegal/js/jquery.scrollShow.js HTTP/1.1" 200 4586
186.154.32.243 - - [06/Apr/2017:01:21:57 -0500] "GET /galeria/galeria/jquery.fancybox.js?v=2.1.5 HTTP/1.1" 200 48706
190.25.204.196 - - [06/Apr/2017:01:22:03 -0500] "GET /BLA/boletinlegal/Circulares/2011/Circular%20No.%204%20del%2012%20de%20Agosto%20de%202011.pdf HTTP/1.1" 200 601047
190.25.204.196 - - [06/Apr/2017:01:22:04 -0500] "GET /BLA/boletinlegal/Circulares/2011/Circular%20No.%204%20del%2014%20de%20Julio%20de%202011.pdf HTTP/1.1" 200 399895
190.25.204.196 - - [06/Apr/2017:01:22:04 -0500] "GET /BLA/boletinlegal/Circulares/2011/Circular%20No.%203%20del%2023%20de%20Junio%20de%202011.pdf HTTP/1.1" 200 1452758
190.25.204.196 - - [06/Apr/2017:01:22:04 -0500] "GET /BLA/boletinlegal/Circulares/2011/Circular%20No.%203%20del%2016%20de%20Junio%20de%202011.pdf HTTP/1.1" 200 346378
190.25.204.196 - - [06/Apr/2017:01:22:04 -0500] "GET /BLA/boletinlegal/Circulares/2011/Circular%20No.%202%20del%2031%20de%20Mayo%20de%202011.pdf HTTP/1.1" 200 496778
190.25.204.196 - - [06/Apr/2017:01:22:04 -0500] "GET /BLA/boletinlegal/Circulares/2011/Circular%20No.%202%20del%2026%20de%20Mayo%20de%202011.pdf HTTP/1.1" 200 644194
190.25.204.196 - - [06/Apr/2017:01:22:05 -0500] "GET /BLA/boletinlegal/Circulares/2011/Circular%20No.%201%20del%2012%20de%20Abril%20de%202011.pdf HTTP/1.1" 200 366269
163.172.66.96 - - [06/Apr/2017:01:22:05 -0500] "GET /Autoliquidacion/index.php%3Fdir%3DSolicitud%2Bde%2BClasificaci%25F3n%2Bde%2BImpacto%2BAmbiental%252F HTTP/1.1" 403 1007
190.25.204.196 - - [06/Apr/2017:01:22:05 -0500] "GET /BLA/boletinlegal/Circulares/2011/Circular%20No.%201%20del%2023%20de%20Febrero%20de%202011.pdf HTTP/1.1" 200 540140
190.25.204.196 - - [06/Apr/2017:01:22:06 -0500] "GET /BLA/boletinlegal/Circulares/2011/Circular%20003%20de%20Febrero%20de%202011.pdf HTTP/1.1" 200 224758
190.25.204.196 - - [06/Apr/2017:01:22:06 -0500] "GET /BLA/boletinlegal/Circulares/2010/Circular%2006%20de%208%20de%20septiembre%20de%202010.pdf HTTP/1.1" 200 4657752
190.25.204.196 - - [06/Apr/2017:01:22:07 -0500] "GET /BLA/boletinlegal/Circulares/2010/Circular%2005%20de%208%20de%20septiembre%20de%202010.pdf HTTP/1.1" 200 2146608
190.25.204.196 - - [06/Apr/2017:01:22:08 -0500] "GET /BLA/boletinlegal/Circulares/2010/Circular%2004%20de%2021%20de%20abril%20de%202010.pdf HTTP/1.1" 200 682373
190.25.204.196 - - [06/Apr/2017:01:22:09 -0500] "GET /BLA/boletinlegal/Circulares/2010/Circular%2003%20de%2015%20de%20marzo%20de%202010.pdf HTTP/1.1" 200 299174
190.25.204.196 - - [06/Apr/2017:01:22:09 -0500] "GET /BLA/boletinlegal/Circulares/2010/Circular%2002%20de%2025%20de%20febrero%20de%202010.pdf HTTP/1.1" 200 233254
190.25.204.196 - - [06/Apr/2017:01:22:10 -0500] "GET /BLA/boletinlegal/Circulares/2010/Circular%2001%20de%2018%20de%20febrero%20de%202010.pdf HTTP/1.1" 200 72083
190.25.204.196 - - [06/Apr/2017:01:22:10 -0500] "GET /BLA/boletinlegal/Circulares/2009/Circular%20No.%2035%20del%2024%20de%20Diciembre%20de%202009.pdf HTTP/1.1" 200 578234
190.25.204.196 - - [06/Apr/2017:01:22:10 -0500] "GET /BLA/boletinlegal/Circulares/2009/Circular%20Instructiva%20-%20Memorando%202009IE24363.pdf HTTP/1.1" 200 1544636
40.77.169.101 - - [06/Apr/2017:01:22:12 -0500] "GET /dama/libreria/php/decide.php?patron=03.1305020113&numm=15 HTTP/1.1" 404 1019
190.25.204.196 - - [06/Apr/2017:01:22:14 -0500] "GET /BLA/boletinlegal/actas/463597.pdf HTTP/1.1" 200 250044
190.25.204.196 - - [06/Apr/2017:01:22:15 -0500] "GET /BLA/boletinlegal/actas/374122.pdf HTTP/1.1" 200 181942
190.25.204.196 - - [06/Apr/2017:01:22:15 -0500] "GET /BLA/boletinlegal/actas/079-2013.pdf HTTP/1.1" 200 1500109
190.25.204.196 - - [06/Apr/2017:01:22:16 -0500] "GET /BLA/boletinlegal/actas/097-2013.pdf HTTP/1.1" 200 164183
190.25.204.196 - - [06/Apr/2017:01:22:16 -0500] "GET /BLA/boletinlegal/actas/acta%20de%20acuerdo%2002%20adop%20regla%20inter%20mesa%20salud%20ambie.pdf HTTP/1.1" 200 479782
190.25.204.196 - - [06/Apr/2017:01:22:17 -0500] "GET /BLA/boletinlegal/actas/acta%20de%20acuerdo%2001%20adop%20regla%20inter%20CISPAER.pdf HTTP/1.1" 200 837068
190.25.204.196 - - [06/Apr/2017:01:22:17 -0500] "GET /BLA/boletinlegal/images/img_1.jpg HTTP/1.1" 200 8067
190.25.204.196 - - [06/Apr/2017:01:22:17 -0500] "GET /BLA/boletinlegal/images/tel.png HTTP/1.1" 200 14477
190.25.204.196 - - [06/Apr/2017:01:22:17 -0500] "GET /BLA/boletinlegal/images/icono-email.png HTTP/1.1" 200 5544
190.25.204.196 - - [06/Apr/2017:01:22:17 -0500] "GET /BLA/boletinlegal/images/img_3.jpg HTTP/1.1" 200 1841
66.249.73.33 - - [06/Apr/2017:01:22:29 -0500] "GET /robots.txt HTTP/1.1" 404 1015
66.249.73.36 - - [06/Apr/2017:01:22:29 -0500] "GET / HTTP/1.1" 200 9990
66.249.65.175 - - [06/Apr/2017:01:22:53 -0500] "GET /BLA/resoluciones/RESOLUCIONES%202011/2171.pdf HTTP/1.1" 200 497264
66.249.65.175 - - [06/Apr/2017:01:23:04 -0500] "GET /BLA/resoluciones/RESOLUCIONES%202010/3930.pdf HTTP/1.1" 200 489167
69.162.124.233 - - [06/Apr/2017:01:23:13 -0500] "HEAD / HTTP/1.1" 200 -
180.76.15.18 - - [06/Apr/2017:01:23:36 -0500] "GET / HTTP/1.1" 200 9990
66.249.65.175 - - [06/Apr/2017:01:23:40 -0500] "GET /BLA/resoluciones/RESOLUCIONES%202013/0122.pdf HTTP/1.1" 304 -
66.249.65.175 - - [06/Apr/2017:01:23:52 -0500] "GET /BLA/resoluciones/RESOLUCIONES%202009/5612.pdf HTTP/1.1" 200 849391
180.76.15.34 - - [06/Apr/2017:01:24:00 -0500] "GET / HTTP/1.1" 200 9990
66.249.65.175 - - [06/Apr/2017:01:24:03 -0500] "GET /BLA/resoluciones/RESOLUCIONES%202007/RES%202007%202101%20AL%202200/RESOLUCION%202113%20DE%202007.pdf HTTP/1.1" 304 -
66.249.65.175 - - [06/Apr/2017:01:24:15 -0500] "GET /BLA/resoluciones/RESOLUCIONES%202013/0174.pdf HTTP/1.1" 200 2945421
66.249.65.178 - - [06/Apr/2017:01:24:26 -0500] "GET /BLA/resoluciones/AUTOS%202015/5144.pdf HTTP/1.1" 304 -
157.55.39.8 - - [06/Apr/2017:01:24:41 -0500] "GET /SIG/index.php?dir=Participaci\xc3\xb3n/&sort=size&order=asc HTTP/1.1" 200 4699
192.168.175.104 - - [06/Apr/2017:01:24:48 -0500] "GET / HTTP/1.0" 200 9990
66.249.65.175 - - [06/Apr/2017:01:25:02 -0500] "GET /BLA/resoluciones/RESOLUCIONES%202016/1027.pdf HTTP/1.1" 200 301832
66.249.65.178 - - [06/Apr/2017:01:25:14 -0500] "GET /BLA/resoluciones/AUTOS%202014/4330.pdf HTTP/1.1" 200 487948
66.249.65.178 - - [06/Apr/2017:01:25:26 -0500] "GET /BLA/resoluciones/AUTOS%202009/2062.pdf HTTP/1.1" 200 99391
192.168.175.104 - - [06/Apr/2017:01:25:33 -0500] "GET / HTTP/1.1" 200 9990
181.59.122.154 - - [06/Apr/2017:01:25:37 -0500] "GET /galeria/galeria/jquery.fancybox.css?v=2.1.5 HTTP/1.1" 200 4895
181.59.122.154 - - [06/Apr/2017:01:25:37 -0500] "GET /BLA/boletinlegal/js/jquery.scrollShow.js HTTP/1.1" 200 4586
181.59.122.154 - - [06/Apr/2017:01:25:37 -0500] "GET /galeria/galeria/jquery.fancybox.js?v=2.1.5 HTTP/1.1" 200 48706
66.249.65.175 - - [06/Apr/2017:01:25:38 -0500] "GET /BLA/resoluciones/RESOLUCIONES%202010/1665.pdf HTTP/1.1" 200 740476
181.59.122.154 - - [06/Apr/2017:01:25:43 -0500] "GET /BLA/boletinlegal/js/jquery.scrollShow.js HTTP/1.1" 304 -
181.59.122.154 - - [06/Apr/2017:01:25:43 -0500] "GET /galeria/galeria/jquery.fancybox.js?v=2.1.5 HTTP/1.1" 304 -
181.59.122.154 - - [06/Apr/2017:01:25:43 -0500] "GET /galeria/galeria/jquery.fancybox.css?v=2.1.5 HTTP/1.1" 304 -
66.249.65.175 - - [06/Apr/2017:01:25:50 -0500] "GET /BLA/resoluciones/RESOLUCIONES%202010/0287.pdf HTTP/1.1" 200 530032
66.249.65.175 - - [06/Apr/2017:01:26:01 -0500] "GET /BLA/resoluciones/RESOLUCIONES%202007/RES%202007%20901%20AL%201000/RESOLUCION%200971%20DE%202007.pdf HTTP/1.1" 200 319606
66.249.65.175 - - [06/Apr/2017:01:26:13 -0500] "GET /BLA/resoluciones/RESOLUCIONES%202008/3158.pdf HTTP/1.1" 200 102655
66.249.65.178 - - [06/Apr/2017:01:26:25 -0500] "GET /BLA/resoluciones/AUTOS%202014/6490.pdf HTTP/1.1" 200 522206
66.249.65.178 - - [06/Apr/2017:01:26:37 -0500] "GET /BLA/resoluciones/RESOLUCIONES%202010/7132.pdf HTTP/1.1" 200 280156
192.168.175.104 - - [06/Apr/2017:01:26:39 -0500] "GET / HTTP/1.1" 200 9990
66.249.65.175 - - [06/Apr/2017:01:26:42 -0500] "GET /videos/CRRFFS.mp4 HTTP/1.1" 304 -
66.249.65.175 - - [06/Apr/2017:01:26:49 -0500] "GET /BLA/resoluciones/RESOLUCIONES%202009/6199.pdf HTTP/1.1" 200 554401
66.249.65.175 - - [06/Apr/2017:01:27:00 -0500] "GET /BLA/resoluciones/AUTOS%202014/0980.pdf HTTP/1.1" 200 147536
66.249.65.178 - - [06/Apr/2017:01:27:12 -0500] "GET /BLA/resoluciones/RESOLUCIONES%202008/2964.pdf HTTP/1.1" 200 251300
164.132.161.15 - - [06/Apr/2017:01:27:19 -0500] "GET /BLA/resoluciones/AUTOS%202006/AUTOS%202006%20501-600/00000580.tif HTTP/1.1" 200 61116
66.249.65.175 - - [06/Apr/2017:01:27:24 -0500] "GET /BLA/resoluciones/RESOLUCIONES%202008/1779.pdf HTTP/1.1" 200 325637
66.249.65.175 - - [06/Apr/2017:01:27:36 -0500] "GET /BLA/resoluciones/RESOLUCIONES%202009/0346.pdf HTTP/1.1" 200 204222
66.249.65.175 - - [06/Apr/2017:01:27:47 -0500] "GET /BLA/resoluciones/AUTOS%202009/0428.pdf HTTP/1.1" 200 354547
66.249.65.175 - - [06/Apr/2017:01:28:11 -0500] "GET /BLA/resoluciones/RESOLUCIONES%202008/4128.pdf HTTP/1.1" 200 416390
69.162.124.233 - - [06/Apr/2017:01:28:12 -0500] "HEAD / HTTP/1.1" 200 -
66.249.65.178 - - [06/Apr/2017:01:28:23 -0500] "GET /BLA/resoluciones/RESOLUCIONES%202010/3622.pdf HTTP/1.1" 200 313134
98.143.112.201 - - [06/Apr/2017:01:28:24 -0500] "GET /wp-admin/ HTTP/1.1" 404 1018
164.132.161.60 - - [06/Apr/2017:01:28:26 -0500] "GET /BLA/resoluciones/RESOLUCIONES%202002/RES%202002%201601-1650/20021622.tif HTTP/1.1" 200 119378
66.249.65.175 - - [06/Apr/2017:01:28:35 -0500] "GET /BLA/resoluciones/RESOLUCIONES%202008/3487.pdf HTTP/1.1" 200 391453
77.220.213.173 - - [06/Apr/2017:01:28:46 -0500] "HEAD / HTTP/1.1" 200 -
185.154.13.6 - - [06/Apr/2017:01:28:47 -0500] "HEAD / HTTP/1.1" 200 -
66.249.73.238 - - [06/Apr/2017:01:28:47 -0500] "GET /SIG/Planeaci%C3%B3n%20Ambiental/126PM02-PR13.pdf HTTP/1.1" 200 3191153
66.249.65.175 - - [06/Apr/2017:01:28:58 -0500] "GET /BLA/resoluciones/RESOLUCIONES%202010/3613.pdf HTTP/1.1" 200 318549
65.55.210.185 - - [06/Apr/2017:01:28:56 -0500] "GET /POT-2013/Cartografia/04_Inundacion_V1_2013.pdf HTTP/1.1" 200 4942126
66.249.65.175 - - [06/Apr/2017:01:29:10 -0500] "GET /BLA/resoluciones/RESOLUCIONES%202009/8469.pdf HTTP/1.1" 200 47922
66.249.65.175 - - [06/Apr/2017:01:29:22 -0500] "GET /BLA/resoluciones/RESOLUCIONES%202010/6197.pdf HTTP/1.1" 200 665301
66.249.65.175 - - [06/Apr/2017:01:29:34 -0500] "GET /BLA/resoluciones/RESOLUCIONES%202010/3311.pdf HTTP/1.1" 200 239415
192.168.175.104 - - [06/Apr/2017:01:29:46 -0500] "GET / HTTP/1.0" 200 9990
5.39.218.201 - - [06/Apr/2017:01:29:47 -0500] "GET /82172316237 HTTP/1.1" 404 1018
157.55.39.8 - - [06/Apr/2017:01:29:49 -0500] "GET /icons/unknown.gif HTTP/1.1" 200 245
66.249.65.175 - - [06/Apr/2017:01:29:57 -0500] "GET /BLA/resoluciones/RESOLUCIONES%202010/7820.pdf HTTP/1.1" 200 162761
207.46.13.36 - - [06/Apr/2017:01:30:06 -0500] "GET /icons/blank.gif HTTP/1.1" 200 148
66.249.65.175 - - [06/Apr/2017:01:30:09 -0500] "GET /BLA/resoluciones/RESOLUCIONES%202008/1574.pdf HTTP/1.1" 200 315757
207.46.13.154 - - [06/Apr/2017:01:30:11 -0500] "GET /icons/back.gif HTTP/1.1" 200 216
163.172.64.199 - - [06/Apr/2017:01:30:11 -0500] "GET /BLA/resoluciones/RESOLUCIONES%202002/RES%202002%20401-450/00000432.tif HTTP/1.1" 200 59350
207.46.13.154 - - [06/Apr/2017:01:30:11 -0500] "GET /icons/folder.gif HTTP/1.1" 200 225
180.76.15.16 - - [06/Apr/2017:01:30:18 -0500] "GET /robots.txt HTTP/1.1" 404 1015
180.76.15.151 - - [06/Apr/2017:01:30:19 -0500] "GET /robots.txt HTTP/1.1" 404 1015
66.249.65.181 - - [06/Apr/2017:01:30:21 -0500] "GET /BLA/resoluciones/RESOLUCIONES%202010/0706.pdf HTTP/1.1" 200 103662
192.168.175.104 - - [06/Apr/2017:01:30:31 -0500] "GET / HTTP/1.1" 200 9990
66.249.65.178 - - [06/Apr/2017:01:30:33 -0500] "GET /BLA/resoluciones/RESOLUCIONES%202007/RES%202007%203901%20AL%204000/RESOLUCION%203993%20DE%202007.pdf HTTP/1.1" 200 464912
66.249.65.175 - - [06/Apr/2017:01:30:45 -0500] "GET /BLA/resoluciones/AUTOS%202007/0238.pdf HTTP/1.1" 200 26944
66.249.65.175 - - [06/Apr/2017:01:30:56 -0500] "GET /BLA/resoluciones/AUTOS%202010/4416.pdf HTTP/1.1" 200 141259
66.249.65.175 - - [06/Apr/2017:01:31:08 -0500] "GET /BLA/resoluciones/AUTOS%202013/2019.pdf HTTP/1.1" 200 430691
163.172.64.183 - - [06/Apr/2017:01:31:18 -0500] "GET /BLA/resoluciones/RESOLUCIONES%202004/RES%202004%201501-1550/00001517.tif HTTP/1.1" 200 168814
66.249.65.181 - - [06/Apr/2017:01:31:20 -0500] "GET /BLA/resoluciones/RESOLUCIONES%202008/0343.pdf HTTP/1.1" 200 227725
66.249.65.175 - - [06/Apr/2017:01:31:32 -0500] "GET /BLA/resoluciones/RESOLUCIONES%202009/7498.pdf HTTP/1.1" 200 489575
192.168.175.104 - - [06/Apr/2017:01:31:38 -0500] "GET / HTTP/1.1" 200 9990
66.249.65.175 - - [06/Apr/2017:01:31:43 -0500] "GET /BLA/resoluciones/RESOLUCIONES%202010/2037.pdf HTTP/1.1" 200 467765
66.249.65.175 - - [06/Apr/2017:01:32:07 -0500] "GET /BLA/resoluciones/RESOLUCIONES%202008/4316.pdf HTTP/1.1" 200 464498
66.249.65.178 - - [06/Apr/2017:01:32:19 -0500] "GET /BLA/resoluciones/RESOLUCIONES%202011/1863.pdf HTTP/1.1" 200 514849
66.249.65.178 - - [06/Apr/2017:01:32:31 -0500] "GET /BLA/resoluciones/AUTOS%202008/1217.pdf HTTP/1.1" 200 176484
66.249.65.175 - - [06/Apr/2017:01:32:42 -0500] "GET /videos/CRRFFS.mp4 HTTP/1.1" 304 -
66.249.65.175 - - [06/Apr/2017:01:32:42 -0500] "GET /BLA/resoluciones/RESOLUCIONES%202010/3956.pdf HTTP/1.1" 200 505163
66.249.65.175 - - [06/Apr/2017:01:32:54 -0500] "GET /BLA/resoluciones/RESOLUCIONES%202010/0711.pdf HTTP/1.1" 200 103817
66.249.65.175 - - [06/Apr/2017:01:33:06 -0500] "GET /BLA/resoluciones/RESOLUCIONES%202009/2696.pdf HTTP/1.1" 200 396153
69.162.124.233 - - [06/Apr/2017:01:33:13 -0500] "HEAD / HTTP/1.1" 200 -
66.249.65.175 - - [06/Apr/2017:01:33:18 -0500] "GET /BLA/resoluciones/RESOLUCIONES%202008/5460.pdf HTTP/1.1" 200 443451
66.249.65.175 - - [06/Apr/2017:01:33:30 -0500] "GET /BLA/resoluciones/AUTOS%202014/4027.pdf HTTP/1.1" 200 495451
181.49.72.139 - - [06/Apr/2017:01:33:40 -0500] "GET /galeria/galeria/jquery.fancybox.css?v=2.1.5 HTTP/1.1" 200 4895
181.49.72.139 - - [06/Apr/2017:01:33:40 -0500] "GET /BLA/boletinlegal/js/jquery.scrollShow.js HTTP/1.1" 200 4586
181.49.72.139 - - [06/Apr/2017:01:33:40 -0500] "GET /galeria/galeria/jquery.fancybox.js?v=2.1.5 HTTP/1.1" 200 48706
66.249.65.175 - - [06/Apr/2017:01:33:41 -0500] "GET /BLA/resoluciones/RESOLUCIONES%202010/7630.pdf HTTP/1.1" 200 115334
66.249.65.175 - - [06/Apr/2017:01:33:53 -0500] "GET /BLA/resoluciones/RESOLUCIONES%202008/2124.pdf HTTP/1.1" 200 213376
66.249.65.175 - - [06/Apr/2017:01:34:05 -0500] "GET /BLA/resoluciones/RESOLUCIONES%202008/0535.pdf HTTP/1.1" 200 298724
152.201.199.100 - - [06/Apr/2017:01:34:10 -0500] "GET /BLA/resoluciones/RESOLUCIONES%202014/1460.pdf HTTP/1.1" 200 519400
66.249.65.175 - - [06/Apr/2017:01:34:16 -0500] "GET /BLA/resoluciones/AUTOS%202013/3582.pdf HTTP/1.1" 200 1126894
66.249.65.175 - - [06/Apr/2017:01:34:17 -0500] "GET /BLA/resoluciones/RESOLUCIONES%202007/RES%202007%20801%20AL%20900/RESOLUCION%200865%20DE%202007.pdf HTTP/1.1" 200 1261302
66.249.65.175 - - [06/Apr/2017:01:34:29 -0500] "GET /BLA/resoluciones/RESOLUCIONES%202010/6739.pdf HTTP/1.1" 200 121754
180.76.15.153 - - [06/Apr/2017:01:33:35 -0500] "GET /BLA/boletinlegal/ HTTP/1.1" 200 54413
66.249.65.178 - - [06/Apr/2017:01:34:40 -0500] "GET /BLA/resoluciones/AUTOS%202009/2594.pdf HTTP/1.1" 200 119920
192.168.175.104 - - [06/Apr/2017:01:34:44 -0500] "GET / HTTP/1.0" 200 9990
66.249.65.175 - - [06/Apr/2017:01:34:52 -0500] "GET /BLA/resoluciones/AUTOS%202013/2719.pdf HTTP/1.1" 200 915854
66.249.65.178 - - [06/Apr/2017:01:35:04 -0500] "GET /BLA/resoluciones/RESOLUCIONES%202009/0674.pdf HTTP/1.1" 200 241088
66.249.65.178 - - [06/Apr/2017:01:35:16 -0500] "GET /BLA/resoluciones/AUTOS%202014/2800.pdf HTTP/1.1" 200 448977
66.249.65.175 - - [06/Apr/2017:01:35:28 -0500] "GET /BLA/resoluciones/AUTOS%202014/1421.pdf HTTP/1.1" 200 672778
192.168.175.104 - - [06/Apr/2017:01:35:30 -0500] "GET / HTTP/1.1" 200 9990
66.249.65.175 - - [06/Apr/2017:01:35:39 -0500] "GET /BLA/resoluciones/RESOLUCIONES%202010/2650.pdf HTTP/1.1" 200 337790
190.248.209.207 - - [06/Apr/2017:01:35:40 -0500] "GET /BLA/resoluciones/RESOLUCIONES%202011/0070.pdf HTTP/1.1" 200 449012
190.248.209.207 - - [06/Apr/2017:01:35:41 -0500] "GET /favicon.ico HTTP/1.1" 200 7782
66.249.65.175 - - [06/Apr/2017:01:35:51 -0500] "GET /BLA/resoluciones/AUTOS%202014/4699.pdf HTTP/1.1" 200 523150
195.77.128.144 - - [06/Apr/2017:01:35:54 -0500] "GET /BLA/boletinlegal/js/jquery.scrollShow.js HTTP/1.1" 200 4586
195.77.128.144 - - [06/Apr/2017:01:35:54 -0500] "GET /galeria/galeria/jquery.fancybox.js?v=2.1.5 HTTP/1.1" 200 48706
195.77.128.144 - - [06/Apr/2017:01:35:55 -0500] "GET /galeria/galeria/jquery.fancybox.css?v=2.1.5 HTTP/1.1" 200 4895
195.77.128.144 - - [06/Apr/2017:01:36:00 -0500] "GET /BLA/boletinlegal/js/jquery.scrollShow.js HTTP/1.1" 304 -
195.77.128.144 - - [06/Apr/2017:01:36:00 -0500] "GET /galeria/galeria/jquery.fancybox.js?v=2.1.5 HTTP/1.1" 304 -
195.77.128.144 - - [06/Apr/2017:01:36:00 -0500] "GET /galeria/galeria/jquery.fancybox.css?v=2.1.5 HTTP/1.1" 304 -
66.249.65.178 - - [06/Apr/2017:01:36:03 -0500] "GET /BLA/resoluciones/RESOLUCIONES%202008/0984.pdf HTTP/1.1" 200 235060
66.249.65.178 - - [06/Apr/2017:01:36:15 -0500] "GET /BLA/resoluciones/RESOLUCIONES%202008/2375.pdf HTTP/1.1" 200 227405
66.249.65.175 - - [06/Apr/2017:01:36:27 -0500] "GET /BLA/resoluciones/RESOLUCIONES%202007/RES%202007%201601%20AL%201725/RESOLUCION%201613%20DE%202007.pdf HTTP/1.1" 200 764498
192.168.175.104 - - [06/Apr/2017:01:36:36 -0500] "GET / HTTP/1.1" 200 9990
66.249.65.178 - - [06/Apr/2017:01:36:38 -0500] "GET /BLA/resoluciones/RESOLUCIONES%202007/RES%202007%202301%20AL%202400/RESOLUCION%202311%20DE%202007.pdf HTTP/1.1" 200 444496
66.249.65.175 - - [06/Apr/2017:01:36:50 -0500] "GET /BLA/resoluciones/RESOLUCIONES%202008/1042.pdf HTTP/1.1" 200 280176
66.249.65.175 - - [06/Apr/2017:01:37:02 -0500] "GET /BLA/resoluciones/RESOLUCIONES%202008/2598.pdf HTTP/1.1" 200 77414
66.249.65.175 - - [06/Apr/2017:01:37:14 -0500] "GET /BLA/resoluciones/RESOLUCIONES%202011/1597.pdf HTTP/1.1" 200 84449
98.143.112.201 - - [06/Apr/2017:01:37:24 -0500] "GET /test/wp-admin/ HTTP/1.1" 404 1018
66.249.65.175 - - [06/Apr/2017:01:37:26 -0500] "GET /BLA/resoluciones/RESOLUCIONES%202009/3725.pdf HTTP/1.1" 200 481373
66.249.65.175 - - [06/Apr/2017:01:37:37 -0500] "GET /BLA/resoluciones/RESOLUCIONES%202010/0110.pdf HTTP/1.1" 200 493629
66.249.65.175 - - [06/Apr/2017:01:37:49 -0500] "GET /BLA/resoluciones/RESOLUCIONES%202008/4017.pdf HTTP/1.1" 200 207373
164.132.161.23 - - [06/Apr/2017:01:37:53 -0500] "GET /BLA/resoluciones/AUTOS%202006/AUTOS%202006%202101%20-%202200/00002142.tif HTTP/1.1" 200 183724
66.249.65.175 - - [06/Apr/2017:01:38:01 -0500] "GET /BLA/resoluciones/RESOLUCIONES%202013/1210.pdf HTTP/1.1" 200 354535
66.249.65.175 - - [06/Apr/2017:01:38:09 -0500] "GET /videos/CRRFFS.mp4 HTTP/1.1" 304 -
69.162.124.233 - - [06/Apr/2017:01:38:12 -0500] "HEAD / HTTP/1.1" 200 -
66.249.65.175 - - [06/Apr/2017:01:38:13 -0500] "GET /BLA/resoluciones/AUTOS%202007/1202.pdf HTTP/1.1" 200 39239
66.249.65.178 - - [06/Apr/2017:01:38:25 -0500] "GET /BLA/resoluciones/RESOLUCIONES%202011/5117.pdf HTTP/1.1" 200 441138
181.59.122.154 - - [06/Apr/2017:01:38:59 -0500] "GET /galeria/galeria/fotos/1humedal-Burro1P.jpg HTTP/1.1" 200 7921
181.59.122.154 - - [06/Apr/2017:01:38:59 -0500] "GET /galeria/galeria/fotos/2humedal-Burro2P.jpg HTTP/1.1" 200 8996
181.59.122.154 - - [06/Apr/2017:01:38:59 -0500] "GET /galeria/galeria/fotos/3humedal-Burro3P.jpg HTTP/1.1" 200 8564
181.59.122.154 - - [06/Apr/2017:01:38:59 -0500] "GET /galeria/galeria/fotos/4humedal-Burro4P.jpg HTTP/1.1" 200 7980
66.249.65.178 - - [06/Apr/2017:01:39:00 -0500] "GET /BLA/resoluciones/RESOLUCIONES%202008/0812.pdf HTTP/1.1" 200 63878
66.249.65.175 - - [06/Apr/2017:01:39:06 -0500] "GET /BLA/resoluciones/RESOLUCIONES%202008/3544.pdf HTTP/1.1" 200 195038
66.249.65.175 - - [06/Apr/2017:01:39:12 -0500] "GET /BLA/resoluciones/AUTOS%202009/0975.pdf HTTP/1.1" 200 114014
66.249.65.178 - - [06/Apr/2017:01:39:24 -0500] "GET /BLA/resoluciones/RESOLUCIONES%202013/2498.pdf HTTP/1.1" 200 836749
66.249.65.178 - - [06/Apr/2017:01:39:35 -0500] "GET /robots.txt HTTP/1.1" 404 1018
66.249.65.175 - - [06/Apr/2017:01:39:35 -0500] "GET /BLA/resoluciones/RESOLUCIONES%202010/1643.pdf HTTP/1.1" 200 781383
192.168.175.104 - - [06/Apr/2017:01:39:43 -0500] "GET / HTTP/1.0" 200 9990
66.249.65.175 - - [06/Apr/2017:01:39:47 -0500] "GET /BLA/resoluciones/RESOLUCIONES%202009/9594.pdf HTTP/1.1" 200 327180
51.255.65.59 - - [06/Apr/2017:01:39:57 -0500] "GET /_private/bogco.htm HTTP/1.1" 404 1019
66.249.65.175 - - [06/Apr/2017:01:39:59 -0500] "GET /BLA/resoluciones/RESOLUCIONES%202007/RES%202007%201201%20AL%201300/RESOLUCION%201265%20DE%202007.pdf HTTP/1.1" 200 990858
66.249.65.175 - - [06/Apr/2017:01:40:11 -0500] "GET /BLA/resoluciones/RESOLUCIONES%202010/4447.pdf HTTP/1.1" 200 518982
66.249.65.181 - - [06/Apr/2017:01:40:23 -0500] "GET /BLA/resoluciones/RESOLUCIONES%202007/RES%202007%20801%20AL%20900/RESOLUCION%200853%20DE%202007.pdf HTTP/1.1" 200 1232719
192.168.175.104 - - [06/Apr/2017:01:40:27 -0500] "GET / HTTP/1.1" 200 9990
66.249.65.178 - - [06/Apr/2017:01:40:34 -0500] "GET /BLA/resoluciones/RESOLUCIONES%202008/0087.pdf HTTP/1.1" 200 285812
66.249.65.178 - - [06/Apr/2017:01:40:46 -0500] "GET /BLA/resoluciones/RESOLUCIONES%202008/4087.pdf HTTP/1.1" 200 429827
66.249.65.178 - - [06/Apr/2017:01:40:58 -0500] "GET /BLA/resoluciones/RESOLUCIONES%202010/2362.pdf HTTP/1.1" 200 453116
66.249.65.178 - - [06/Apr/2017:01:41:10 -0500] "GET /BLA/resoluciones/RESOLUCIONES%202008/4999.pdf HTTP/1.1" 200 229149
66.249.65.181 - - [06/Apr/2017:01:41:22 -0500] "GET /BLA/resoluciones/RESOLUCIONES%202010/1983.pdf HTTP/1.1" 200 339832
66.249.65.178 - - [06/Apr/2017:01:41:33 -0500] "GET /BLA/resoluciones/RESOLUCIONES%202008/5614.pdf HTTP/1.1" 200 250902
192.168.175.104 - - [06/Apr/2017:01:41:34 -0500] "GET / HTTP/1.1" 200 9990
66.249.65.175 - - [06/Apr/2017:01:41:45 -0500] "GET /BLA/resoluciones/RESOLUCIONES%202010/1179.pdf HTTP/1.1" 200 108226
66.249.65.175 - - [06/Apr/2017:01:42:09 -0500] "GET /BLA/resoluciones/RESOLUCIONES%202008/0754.pdf HTTP/1.1" 200 49673
181.55.210.176 - - [06/Apr/2017:01:42:19 -0500] "GET /BLA/boletinlegal/jurisprudencia/analisis/Analisis%20jurisprudencial%20Sentencia%20C-366-11.doc HTTP/1.1" 200 59392
66.249.65.178 - - [06/Apr/2017:01:42:21 -0500] "GET /BLA/resoluciones/AUTOS%202008/1576.pdf HTTP/1.1" 200 286353
181.55.210.176 - - [06/Apr/2017:01:42:24 -0500] "GET /BLA/boletinlegal/jurisprudencia/analisis/Analisis%20jurisprudencial%20Sentencia%20C-366-11.doc HTTP/1.1" 206 1
181.55.210.176 - - [06/Apr/2017:01:42:24 -0500] "GET /BLA/boletinlegal/jurisprudencia/analisis/Analisis%20jurisprudencial%20Sentencia%20C-366-11.doc HTTP/1.1" 206 43008
37.147.105.21 - - [06/Apr/2017:01:42:30 -0500] "GET /BLA/boletinlegal/js/jquery.scrollShow.js HTTP/1.1" 200 4586
37.147.105.21 - - [06/Apr/2017:01:42:31 -0500] "GET /galeria/galeria/jquery.fancybox.js?v=2.1.5 HTTP/1.1" 200 48706
37.147.105.21 - - [06/Apr/2017:01:42:32 -0500] "GET /galeria/galeria/jquery.fancybox.css?v=2.1.5 HTTP/1.1" 200 4895
66.249.65.175 - - [06/Apr/2017:01:42:32 -0500] "GET /BLA/resoluciones/RESOLUCIONES%202008/0903.pdf HTTP/1.1" 200 278789
66.249.65.175 - - [06/Apr/2017:01:42:44 -0500] "GET /BLA/resoluciones/AUTOS%202007/2943.pdf HTTP/1.1" 200 212219
66.249.65.175 - - [06/Apr/2017:01:42:56 -0500] "GET /BLA/resoluciones/RESOLUCIONES%202010/4528.pdf HTTP/1.1" 200 344203
66.249.65.175 - - [06/Apr/2017:01:43:08 -0500] "GET /BLA/resoluciones/RESOLUCIONES%202014/0548.pdf HTTP/1.1" 200 577588
69.162.124.233 - - [06/Apr/2017:01:43:12 -0500] "HEAD / HTTP/1.1" 200 -
66.249.65.175 - - [06/Apr/2017:01:43:17 -0500] "GET /BLA/resoluciones/RESOLUCIONES%202003/RES%202003%20401-450/417.tif HTTP/1.1" 200 222568
66.249.65.178 - - [06/Apr/2017:01:43:19 -0500] "GET /BLA/resoluciones/AUTOS%202009/0925.pdf HTTP/1.1" 200 121498
66.249.65.175 - - [06/Apr/2017:01:43:31 -0500] "GET /BLA/resoluciones/RESOLUCIONES%202008/1279.pdf HTTP/1.1" 200 102035
66.249.65.175 - - [06/Apr/2017:01:43:43 -0500] "GET /BLA/resoluciones/AUTOS%202007/0827.pdf HTTP/1.1" 200 90483
66.249.65.175 - - [06/Apr/2017:01:43:55 -0500] "GET /BLA/resoluciones/AUTOS%202009/0814.pdf HTTP/1.1" 200 82847
66.249.65.175 - - [06/Apr/2017:01:44:07 -0500] "GET /BLA/resoluciones/AUTOS%202014/4454.pdf HTTP/1.1" 200 544785
66.249.65.181 - - [06/Apr/2017:01:44:18 -0500] "GET /BLA/resoluciones/RESOLUCIONES%202008/4499.pdf HTTP/1.1" 200 160776
66.249.65.175 - - [06/Apr/2017:01:44:30 -0500] "GET /BLA/resoluciones/RESOLUCIONES%202010/7172.pdf HTTP/1.1" 200 67679
181.49.79.187 - - [06/Apr/2017:01:44:32 -0500] "GET /BLA/resoluciones/AUTOS%202012/1121.pdf HTTP/1.1" 200 242611
181.49.79.187 - - [06/Apr/2017:01:44:32 -0500] "GET /favicon.ico HTTP/1.1" 200 7782
192.168.175.104 - - [06/Apr/2017:01:44:41 -0500] "GET / HTTP/1.0" 200 9990
66.249.65.175 - - [06/Apr/2017:01:44:54 -0500] "GET /BLA/resoluciones/AUTOS%202010/0477.pdf HTTP/1.1" 200 194903
66.249.65.175 - - [06/Apr/2017:01:45:06 -0500] "GET /BLA/resoluciones/RESOLUCIONES%202010/2914.pdf HTTP/1.1" 200 496549
66.249.65.181 - - [06/Apr/2017:01:45:17 -0500] "GET /BLA/resoluciones/RESOLUCIONES%202010/2061.pdf HTTP/1.1" 200 111924
181.49.79.187 - - [06/Apr/2017:01:45:24 -0500] "GET /BLA/resoluciones/AUTOS%202010/0853.pdf HTTP/1.1" 200 190673
192.168.175.104 - - [06/Apr/2017:01:45:26 -0500] "GET / HTTP/1.1" 200 9990
66.249.65.175 - - [06/Apr/2017:01:45:29 -0500] "GET /BLA/resoluciones/AUTOS%202014/5085.pdf HTTP/1.1" 200 594497
