220.181.51.119 - - [02/May/2017:02:38:57 -0500] "GET /BLA/resoluciones/RESOLUCIONES%202009/3001.pdf HTTP/1.1" 200 613650
220.181.108.113 - - [02/May/2017:02:39:01 -0500] "GET /BLA/resoluciones/RESOLUCIONES%202010/2890.pdf HTTP/1.1" 200 492581
148.251.136.43 - - [02/May/2017:02:39:02 -0500] "GET /BLA/resoluciones/index.php?dir=RESOLUCIONES%202005/RES%202005%202301-2350/&sort=name&order=desc HTTP/1.1" 200 12368
148.251.136.43 - - [02/May/2017:02:39:09 -0500] "GET /BLA/resoluciones/index.php?dir=RESOLUCIONES%202005/RES%202005%202301-2350/&sort=size&order=asc HTTP/1.1" 200 12369
220.181.108.111 - - [02/May/2017:02:39:12 -0500] "GET /BLA/resoluciones/AUTOS%202011/4342.pdf HTTP/1.1" 200 247197
148.251.136.43 - - [02/May/2017:02:39:17 -0500] "GET /BLA/resoluciones/index.php?dir=RESOLUCIONES%202005/RES%202005%202351-2400/&sort=date&order=asc HTTP/1.1" 200 12366
66.249.64.51 - - [02/May/2017:02:39:20 -0500] "GET /BLA/resoluciones/AUTOS%202008/2789.pdf HTTP/1.1" 200 134253
66.249.64.51 - - [02/May/2017:02:39:22 -0500] "GET /BLA/resoluciones/AUTOS%202008/0063.pdf HTTP/1.1" 200 392303
66.249.64.55 - - [02/May/2017:02:39:25 -0500] "GET /BLA/resoluciones/AUTOS%202008/2851.pdf HTTP/1.1" 200 73366
148.251.136.43 - - [02/May/2017:02:39:24 -0500] "GET /BLA/resoluciones/index.php?dir=RESOLUCIONES%202005/RES%202005%202351-2400/&sort=name&order=desc HTTP/1.1" 200 12365
81.1.255.182 - - [02/May/2017:02:39:25 -0500] "GET / HTTP/1.0" 200 9990
66.249.64.51 - - [02/May/2017:02:39:31 -0500] "GET /BLA/resoluciones/AUTOS%202008/1878.pdf HTTP/1.1" 200 165013
148.251.136.43 - - [02/May/2017:02:39:33 -0500] "GET /BLA/resoluciones/index.php?dir=RESOLUCIONES%202005/RES%202005%202351-2400/&sort=size&order=asc HTTP/1.1" 200 12366
66.249.64.51 - - [02/May/2017:02:39:37 -0500] "GET /BLA/resoluciones/AUTOS%202008/2300.pdf HTTP/1.1" 200 94623
66.249.64.57 - - [02/May/2017:02:39:40 -0500] "GET /BLA/resoluciones/AUTOS%202008/0765.pdf HTTP/1.1" 200 82363
66.249.64.53 - - [02/May/2017:02:39:42 -0500] "GET /BLA/resoluciones/AUTOS%202011/3949.pdf HTTP/1.1" 200 230477
217.182.132.146 - - [02/May/2017:02:39:42 -0500] "GET /BLA/resoluciones/AUTOS%202006/AUTOS%202006%201001-1100/INDEX.DAT HTTP/1.1" 200 4000
148.251.136.43 - - [02/May/2017:02:39:44 -0500] "GET /BLA/resoluciones/index.php?dir=RESOLUCIONES%202005/RES%202005%202401-2450/&sort=date&order=asc HTTP/1.1" 200 12361
201.245.192.253 - - [02/May/2017:02:39:48 -0500] "GET /galeria/nivo-slider/demo/undefined HTTP/1.1" 404 1314
148.251.136.43 - - [02/May/2017:02:39:55 -0500] "GET /BLA/resoluciones/index.php?dir=RESOLUCIONES%202005/RES%202005%202401-2450/&sort=name&order=desc HTTP/1.1" 200 12360
148.251.136.43 - - [02/May/2017:02:40:03 -0500] "GET /BLA/resoluciones/index.php?dir=RESOLUCIONES%202005/RES%202005%202401-2450/&sort=size&order=asc HTTP/1.1" 200 12361
148.251.136.43 - - [02/May/2017:02:40:12 -0500] "GET /BLA/resoluciones/index.php?dir=RESOLUCIONES%202005/RES%202005%202451-2500/&sort=date&order=asc HTTP/1.1" 200 12370
66.249.64.51 - - [02/May/2017:02:40:15 -0500] "GET /BLA/resoluciones/AUTOS%202008/1340.pdf HTTP/1.1" 200 75664
148.251.136.43 - - [02/May/2017:02:40:23 -0500] "GET /BLA/resoluciones/index.php?dir=RESOLUCIONES%202005/RES%202005%202451-2500/&sort=name&order=desc HTTP/1.1" 200 12369
66.249.64.53 - - [02/May/2017:02:40:32 -0500] "GET /BLA/resoluciones/AUTOS%202008/1738.pdf HTTP/1.1" 200 137016
148.251.136.43 - - [02/May/2017:02:40:34 -0500] "GET /BLA/resoluciones/index.php?dir=RESOLUCIONES%202005/RES%202005%202451-2500/&sort=size&order=asc HTTP/1.1" 200 12370
148.251.136.43 - - [02/May/2017:02:40:41 -0500] "GET /BLA/resoluciones/index.php?dir=RESOLUCIONES%202005/RES%202005%202501-2550/&sort=date&order=asc HTTP/1.1" 200 12365
192.168.175.104 - - [02/May/2017:02:40:42 -0500] "GET / HTTP/1.1" 200 9990
148.251.136.43 - - [02/May/2017:02:40:48 -0500] "GET /BLA/resoluciones/index.php?dir=RESOLUCIONES%202005/RES%202005%202501-2550/&sort=name&order=desc HTTP/1.1" 200 12364
66.249.64.51 - - [02/May/2017:02:40:53 -0500] "GET /BLA/resoluciones/AUTOS%202008/2551.pdf HTTP/1.1" 200 208315
66.249.64.53 - - [02/May/2017:02:40:55 -0500] "GET /BLA/resoluciones/AUTOS%202008/1136.pdf HTTP/1.1" 200 67091
66.249.64.51 - - [02/May/2017:02:40:57 -0500] "GET /BLA/resoluciones/AUTOS%202008/2824.pdf HTTP/1.1" 200 70302
148.251.136.43 - - [02/May/2017:02:40:57 -0500] "GET /BLA/resoluciones/index.php?dir=RESOLUCIONES%202005/RES%202005%202501-2550/&sort=size&order=asc HTTP/1.1" 200 12365
148.251.136.43 - - [02/May/2017:02:41:06 -0500] "GET /BLA/resoluciones/index.php?dir=RESOLUCIONES%202005/RES%202005%20251-300/&sort=date&order=asc HTTP/1.1" 200 12254
164.132.161.45 - - [02/May/2017:02:41:19 -0500] "GET /BLA/resoluciones/RESOLUCIONES%202005/RES%202005%202151-2200/00002163.tif HTTP/1.1" 200 38684
201.245.192.253 - - [02/May/2017:02:41:28 -0500] "GET /galeria/nivo-slider/demo/undefined HTTP/1.1" 404 1314
5.101.78.76 - - [02/May/2017:02:41:56 -0500] "HEAD / HTTP/1.1" 200 -
188.227.18.37 - - [02/May/2017:02:41:56 -0500] "HEAD / HTTP/1.1" 200 -
69.162.124.233 - - [02/May/2017:02:42:04 -0500] "HEAD / HTTP/1.1" 200 -
186.154.35.243 - - [02/May/2017:02:42:06 -0500] "GET /BLA/boletinlegal/js/jquery.scrollShow.js HTTP/1.1" 200 4586
186.154.35.243 - - [02/May/2017:02:42:06 -0500] "GET /galeria/galeria/jquery.fancybox.js?v=2.1.5 HTTP/1.1" 200 48706
186.154.35.243 - - [02/May/2017:02:42:07 -0500] "GET /galeria/galeria/jquery.fancybox.css?v=2.1.5 HTTP/1.1" 200 4895
192.168.175.104 - - [02/May/2017:02:42:10 -0500] "GET / HTTP/1.1" 200 9990
186.154.35.243 - - [02/May/2017:02:42:11 -0500] "GET /BLA/boletinlegal/js/jquery.scrollShow.js HTTP/1.1" 304 -
186.154.35.243 - - [02/May/2017:02:42:11 -0500] "GET /galeria/galeria/jquery.fancybox.js?v=2.1.5 HTTP/1.1" 304 -
186.154.35.243 - - [02/May/2017:02:42:11 -0500] "GET /galeria/galeria/jquery.fancybox.css?v=2.1.5 HTTP/1.1" 304 -
192.168.175.104 - - [02/May/2017:02:42:19 -0500] "GET / HTTP/1.0" 200 9990
148.251.136.43 - - [02/May/2017:02:42:34 -0500] "GET /BLA/resoluciones/index.php?dir=RESOLUCIONES%202005/RES%202005%20251-300/&sort=name&order=desc HTTP/1.1" 200 12253
148.251.136.43 - - [02/May/2017:02:42:59 -0500] "GET /BLA/resoluciones/index.php?dir=RESOLUCIONES%202005/RES%202005%20251-300/&sort=size&order=asc HTTP/1.1" 200 12254
201.245.192.253 - - [02/May/2017:02:43:09 -0500] "GET /galeria/nivo-slider/demo/undefined HTTP/1.1" 404 1314
148.251.136.43 - - [02/May/2017:02:43:15 -0500] "GET /BLA/resoluciones/index.php?dir=RESOLUCIONES%202005/RES%202005%202551-2600/&sort=date&order=asc HTTP/1.1" 200 12367
148.251.136.43 - - [02/May/2017:02:43:37 -0500] "GET /BLA/resoluciones/index.php?dir=RESOLUCIONES%202005/RES%202005%202551-2600/&sort=name&order=desc HTTP/1.1" 200 12366
148.251.136.43 - - [02/May/2017:02:43:53 -0500] "GET /BLA/resoluciones/index.php?dir=RESOLUCIONES%202005/RES%202005%202551-2600/&sort=size&order=asc HTTP/1.1" 200 12367
66.249.64.55 - - [02/May/2017:02:43:55 -0500] "GET /BLA/resoluciones/AUTOS%202008/1479.pdf HTTP/1.1" 200 85453
148.251.136.43 - - [02/May/2017:02:44:04 -0500] "GET /BLA/resoluciones/index.php?dir=RESOLUCIONES%202005/RES%202005%202601-2650/&sort=date&order=asc HTTP/1.1" 200 12161
148.251.136.43 - - [02/May/2017:02:44:15 -0500] "GET /robots.txt HTTP/1.1" 404 1018
148.251.136.43 - - [02/May/2017:02:44:16 -0500] "GET /BLA/resoluciones/index.php?dir=RESOLUCIONES%202005/RES%202005%202601-2650/&sort=name&order=desc HTTP/1.1" 200 12160
66.249.64.51 - - [02/May/2017:02:44:20 -0500] "GET /BLA/resoluciones/AUTOS%202008/1944.pdf HTTP/1.1" 200 147594
148.251.136.43 - - [02/May/2017:02:44:22 -0500] "GET /BLA/resoluciones/index.php?dir=RESOLUCIONES%202005/RES%202005%202601-2650/&sort=size&order=asc HTTP/1.1" 200 12161
148.251.136.43 - - [02/May/2017:02:44:30 -0500] "GET /BLA/resoluciones/index.php?dir=RESOLUCIONES%202005/RES%202005%202651-2700/&sort=date&order=asc HTTP/1.1" 200 12369
148.251.136.43 - - [02/May/2017:02:44:37 -0500] "GET /BLA/resoluciones/index.php?dir=RESOLUCIONES%202005/RES%202005%202651-2700/&sort=name&order=desc HTTP/1.1" 200 12368
201.245.192.253 - - [02/May/2017:02:44:50 -0500] "GET /galeria/nivo-slider/demo/undefined HTTP/1.1" 404 1314
148.251.136.43 - - [02/May/2017:02:45:04 -0500] "GET /BLA/resoluciones/index.php?dir=RESOLUCIONES%202005/RES%202005%202651-2700/&sort=size&order=asc HTTP/1.1" 200 12369
66.249.64.55 - - [02/May/2017:02:45:14 -0500] "GET /BLA/resoluciones/AUTOS%202008/2962.pdf HTTP/1.1" 200 356190
148.251.136.43 - - [02/May/2017:02:45:23 -0500] "GET /BLA/resoluciones/index.php?dir=RESOLUCIONES%202005/RES%202005%202701%20-2750/&sort=date&order=asc HTTP/1.1" 200 12404
148.251.136.43 - - [02/May/2017:02:45:36 -0500] "GET /BLA/resoluciones/index.php?dir=RESOLUCIONES%202005/RES%202005%202701%20-2750/&sort=name&order=desc HTTP/1.1" 200 12403
192.168.175.104 - - [02/May/2017:02:45:40 -0500] "GET / HTTP/1.1" 200 9990
148.251.136.43 - - [02/May/2017:02:45:43 -0500] "GET /BLA/resoluciones/index.php?dir=RESOLUCIONES%202005/RES%202005%202701%20-2750/&sort=size&order=asc HTTP/1.1" 200 12404
148.251.136.43 - - [02/May/2017:02:45:51 -0500] "GET /BLA/resoluciones/index.php?dir=RESOLUCIONES%202005/RES%202005%202751-2800/&sort=date&order=asc HTTP/1.1" 200 12345
66.249.64.53 - - [02/May/2017:02:45:56 -0500] "GET /BLA/resoluciones/AUTOS%202008/1040.pdf HTTP/1.1" 200 177971
148.251.136.43 - - [02/May/2017:02:45:59 -0500] "GET /BLA/resoluciones/index.php?dir=RESOLUCIONES%202005/RES%202005%202751-2800/&sort=name&order=desc HTTP/1.1" 200 12344
51.255.65.76 - - [02/May/2017:02:46:14 -0500] "GET /BLA/resoluciones/RESOLUCIONES%202003/RES%202003%201701-1750/20031744.tif HTTP/1.1" 200 280848
148.251.136.43 - - [02/May/2017:02:46:18 -0500] "GET /BLA/resoluciones/index.php?dir=RESOLUCIONES%202005/RES%202005%202751-2800/&sort=size&order=asc HTTP/1.1" 200 12345
51.255.65.52 - - [02/May/2017:02:46:23 -0500] "GET /BLA/resoluciones/RESOLUCIONES%202003/RES%202003%201651-1700/20031655.tif HTTP/1.1" 200 109030
148.251.136.43 - - [02/May/2017:02:46:24 -0500] "GET /BLA/resoluciones/index.php?dir=RESOLUCIONES%202005/RES%202005%202801-2850/&sort=date&order=asc HTTP/1.1" 200 11939
201.245.192.253 - - [02/May/2017:02:46:30 -0500] "GET /galeria/nivo-slider/demo/undefined HTTP/1.1" 404 1314
82.59.131.143 - - [02/May/2017:02:46:31 -0500] "GET /galeria/galeria/fotos/Humedal-Santa-Mar%C3%ADa-del-Lago4G.jpg HTTP/1.1" 200 361652
148.251.136.43 - - [02/May/2017:02:46:32 -0500] "GET /BLA/resoluciones/index.php?dir=RESOLUCIONES%202005/RES%202005%202801-2850/&sort=name&order=desc HTTP/1.1" 200 11938
148.251.136.43 - - [02/May/2017:02:46:40 -0500] "GET /BLA/resoluciones/index.php?dir=RESOLUCIONES%202005/RES%202005%202801-2850/&sort=size&order=asc HTTP/1.1" 200 11939
82.59.131.143 - - [02/May/2017:02:46:47 -0500] "GET /galeria/galeria/fotos/Humedal-Santa-Mar%C3%ADa-del-Lago1G.jpg HTTP/1.1" 200 290867
69.162.124.233 - - [02/May/2017:02:47:04 -0500] "HEAD / HTTP/1.1" 200 -
192.168.175.104 - - [02/May/2017:02:47:08 -0500] "GET / HTTP/1.1" 200 9990
192.168.175.104 - - [02/May/2017:02:47:17 -0500] "GET / HTTP/1.0" 200 9990
66.249.64.53 - - [02/May/2017:02:47:31 -0500] "GET /BLA/resoluciones/AUTOS%202008/2826.pdf HTTP/1.1" 200 57822
148.251.136.43 - - [02/May/2017:02:47:44 -0500] "GET /BLA/resoluciones/index.php?dir=RESOLUCIONES%202005/RES%202005%202851-2900/&sort=date&order=asc HTTP/1.1" 200 12156
148.251.136.43 - - [02/May/2017:02:47:52 -0500] "GET /BLA/resoluciones/index.php?dir=RESOLUCIONES%202005/RES%202005%202851-2900/&sort=name&order=desc HTTP/1.1" 200 12155
217.182.132.147 - - [02/May/2017:02:47:58 -0500] "GET /galeria/galeria/fotos/Humedal-Tibanica2G.jpg HTTP/1.1" 200 535148
148.251.136.43 - - [02/May/2017:02:48:02 -0500] "GET /BLA/resoluciones/index.php?dir=RESOLUCIONES%202005/RES%202005%202851-2900/&sort=size&order=asc HTTP/1.1" 200 12156
148.251.136.43 - - [02/May/2017:02:48:10 -0500] "GET /BLA/resoluciones/index.php?dir=RESOLUCIONES%202005/RES%202005%202901-2950/&sort=date&order=asc HTTP/1.1" 200 12331
201.245.192.253 - - [02/May/2017:02:48:11 -0500] "GET /galeria/nivo-slider/demo/undefined HTTP/1.1" 404 1314
148.251.136.43 - - [02/May/2017:02:48:18 -0500] "GET /BLA/resoluciones/index.php?dir=RESOLUCIONES%202005/RES%202005%202901-2950/&sort=name&order=desc HTTP/1.1" 200 12330
148.251.136.43 - - [02/May/2017:02:48:26 -0500] "GET /BLA/resoluciones/index.php?dir=RESOLUCIONES%202005/RES%202005%202901-2950/&sort=size&order=asc HTTP/1.1" 200 12331
148.251.136.43 - - [02/May/2017:02:48:37 -0500] "GET /BLA/resoluciones/index.php?dir=RESOLUCIONES%202005/RES%202005%202951-3000/&sort=date&order=asc HTTP/1.1" 200 11937
148.251.136.43 - - [02/May/2017:02:48:46 -0500] "GET /BLA/resoluciones/index.php?dir=RESOLUCIONES%202005/RES%202005%202951-3000/&sort=name&order=desc HTTP/1.1" 200 11936
148.251.136.43 - - [02/May/2017:02:48:54 -0500] "GET /BLA/resoluciones/index.php?dir=RESOLUCIONES%202005/RES%202005%202951-3000/&sort=size&order=asc HTTP/1.1" 200 11937
46.229.164.102 - - [02/May/2017:02:49:04 -0500] "GET /robots.txt HTTP/1.1" 404 1015
148.251.136.43 - - [02/May/2017:02:49:05 -0500] "GET /BLA/resoluciones/index.php?dir=RESOLUCIONES%202005/RES%202005%203001-3050/&sort=date&order=asc HTTP/1.1" 200 12364
148.251.136.43 - - [02/May/2017:02:49:11 -0500] "GET /BLA/resoluciones/index.php?dir=RESOLUCIONES%202005/RES%202005%203001-3050/&sort=name&order=desc HTTP/1.1" 200 12363
148.251.136.43 - - [02/May/2017:02:49:20 -0500] "GET /BLA/resoluciones/index.php?dir=RESOLUCIONES%202005/RES%202005%203001-3050/&sort=size&order=asc HTTP/1.1" 200 12364
148.251.136.43 - - [02/May/2017:02:49:28 -0500] "GET /BLA/resoluciones/index.php?dir=RESOLUCIONES%202005/RES%202005%20301-351/&sort=date&order=asc HTTP/1.1" 200 12252
148.251.136.43 - - [02/May/2017:02:49:33 -0500] "GET /BLA/resoluciones/index.php?dir=RESOLUCIONES%202005/RES%202005%20301-351/&sort=name&order=desc HTTP/1.1" 200 12251
148.251.136.43 - - [02/May/2017:02:49:40 -0500] "GET /BLA/resoluciones/index.php?dir=RESOLUCIONES%202005/RES%202005%20301-351/&sort=size&order=asc HTTP/1.1" 200 12252
201.245.192.253 - - [02/May/2017:02:49:51 -0500] "GET /galeria/nivo-slider/demo/undefined HTTP/1.1" 404 1314
148.251.136.43 - - [02/May/2017:02:50:06 -0500] "GET /BLA/resoluciones/index.php?dir=RESOLUCIONES%202005/RES%202005%203051-3100/&sort=date&order=asc HTTP/1.1" 200 12360
40.77.167.44 - - [02/May/2017:02:50:23 -0500] "GET /dama/libreria/php/decide.php?patron=03.14010202 HTTP/1.1" 404 1019
148.251.136.43 - - [02/May/2017:02:50:30 -0500] "GET /BLA/resoluciones/index.php?dir=RESOLUCIONES%202005/RES%202005%203051-3100/&sort=name&order=desc HTTP/1.1" 200 12359
40.77.167.44 - - [02/May/2017:02:50:37 -0500] "GET /dama/libreria/php/decide.php?patron=03.14010202 HTTP/1.1" 404 1019
192.168.175.104 - - [02/May/2017:02:50:38 -0500] "GET / HTTP/1.1" 200 9990
112.66.84.56 - - [02/May/2017:02:50:44 -0500] "GET / HTTP/1.1" 200 9990
58.20.21.102 - - [02/May/2017:02:50:49 -0500] "GET / HTTP/1.1" 200 9990
110.87.139.3 - - [02/May/2017:02:50:49 -0500] "GET / HTTP/1.1" 200 9990
119.97.248.153 - - [02/May/2017:02:50:51 -0500] "GET /admin/Y-ivrrecording.php?php=info&ip=uname HTTP/1.1" 404 1018
27.10.23.159 - - [02/May/2017:02:50:51 -0500] "GET / HTTP/1.1" 200 9990
116.252.65.232 - - [02/May/2017:02:50:53 -0500] "GET / HTTP/1.1" 200 9990
219.140.235.51 - - [02/May/2017:02:50:57 -0500] "GET / HTTP/1.1" 200 9990
106.185.38.44 - - [02/May/2017:02:51:00 -0500] "GET / HTTP/1.1" 200 9990
148.251.136.43 - - [02/May/2017:02:51:00 -0500] "GET /BLA/resoluciones/index.php?dir=RESOLUCIONES%202005/RES%202005%203051-3100/&sort=size&order=asc HTTP/1.1" 200 12360
148.251.136.43 - - [02/May/2017:02:51:06 -0500] "GET /BLA/resoluciones/index.php?dir=RESOLUCIONES%202005/RES%202005%203101-3150/&sort=date&order=asc HTTP/1.1" 200 12367
119.97.248.153 - - [02/May/2017:02:51:07 -0500] "GET /admin/Z-ivrrecording.php?php=info&ip=uname HTTP/1.1" 404 1018
119.97.248.153 - - [02/May/2017:02:51:10 -0500] "GET /admin/KAY-ivrrecording.php?php=info&ip=uname HTTP/1.1" 404 1018
148.251.136.43 - - [02/May/2017:02:51:14 -0500] "GET /BLA/resoluciones/index.php?dir=RESOLUCIONES%202005/RES%202005%203101-3150/&sort=name&order=desc HTTP/1.1" 200 12366
119.97.248.153 - - [02/May/2017:02:51:17 -0500] "GET /admin/m4a1-ivrrecording.php?php=info&ip=uname HTTP/1.1" 404 1018
119.97.248.153 - - [02/May/2017:02:51:19 -0500] "GET /admin/p-ivrrecording.php?php=info&ip=uname HTTP/1.1" 404 1018
45.33.49.137 - - [02/May/2017:02:51:20 -0500] "GET / HTTP/1.1" 200 9990
106.185.52.214 - - [02/May/2017:02:51:23 -0500] "GET / HTTP/1.1" 200 9990
201.245.192.253 - - [02/May/2017:02:51:32 -0500] "GET /galeria/nivo-slider/demo/undefined HTTP/1.1" 404 1314
66.249.64.51 - - [02/May/2017:02:51:32 -0500] "GET /BLA/resoluciones/AUTOS%202008/3108.pdf HTTP/1.1" 200 127146
119.97.248.153 - - [02/May/2017:02:51:46 -0500] "GET /admin/functions.php?php=info&ip=uname HTTP/1.1" 404 1018
148.251.136.43 - - [02/May/2017:02:51:51 -0500] "GET /BLA/resoluciones/index.php?dir=RESOLUCIONES%202005/RES%202005%203101-3150/&sort=size&order=asc HTTP/1.1" 200 12367
119.97.248.153 - - [02/May/2017:02:51:57 -0500] "GET /admin/footer.php?php=info&ip=uname HTTP/1.1" 404 1018
119.97.248.153 - - [02/May/2017:02:52:01 -0500] "GET /admin/Y.php?php=info&ip=uname HTTP/1.1" 404 1018
69.162.124.233 - - [02/May/2017:02:52:04 -0500] "HEAD / HTTP/1.1" 200 -
192.168.175.104 - - [02/May/2017:02:52:06 -0500] "GET / HTTP/1.1" 200 9990
119.97.248.153 - - [02/May/2017:02:52:07 -0500] "GET /admin/setup.php?php=info&ip=uname HTTP/1.1" 404 1018
148.251.136.43 - - [02/May/2017:02:52:08 -0500] "GET /BLA/resoluciones/index.php?dir=RESOLUCIONES%202005/RES%202005%203151-3180/&sort=date&order=asc HTTP/1.1" 200 8263
192.168.175.104 - - [02/May/2017:02:52:15 -0500] "GET / HTTP/1.0" 200 9990
148.251.136.43 - - [02/May/2017:02:52:19 -0500] "GET /BLA/resoluciones/index.php?dir=RESOLUCIONES%202005/RES%202005%203151-3180/&sort=size&order=asc HTTP/1.1" 200 8263
148.251.136.43 - - [02/May/2017:02:52:25 -0500] "GET /BLA/resoluciones/index.php?dir=RESOLUCIONES%202005/RES%202005%20351-400/&sort=date&order=asc HTTP/1.1" 200 12243
148.251.136.43 - - [02/May/2017:02:52:32 -0500] "GET /BLA/resoluciones/index.php?dir=RESOLUCIONES%202005/RES%202005%20351-400/&sort=name&order=desc HTTP/1.1" 200 12242
148.251.136.43 - - [02/May/2017:02:52:37 -0500] "GET /BLA/resoluciones/index.php?dir=RESOLUCIONES%202005/RES%202005%20351-400/&sort=size&order=asc HTTP/1.1" 200 12243
148.251.136.43 - - [02/May/2017:02:52:44 -0500] "GET /BLA/resoluciones/index.php?dir=RESOLUCIONES%202005/RES%202005%20401-450/&sort=date&order=asc HTTP/1.1" 200 12254
148.251.136.43 - - [02/May/2017:02:52:50 -0500] "GET /BLA/resoluciones/index.php?dir=RESOLUCIONES%202005/RES%202005%20401-450/&sort=name&order=desc HTTP/1.1" 200 12253
148.251.136.43 - - [02/May/2017:02:52:58 -0500] "GET /BLA/resoluciones/index.php?dir=RESOLUCIONES%202005/RES%202005%20401-450/&sort=size&order=asc HTTP/1.1" 200 12254
136.243.36.85 - - [02/May/2017:02:53:03 -0500] "GET /robots.txt HTTP/1.1" 302 308
136.243.36.85 - - [02/May/2017:02:53:03 -0500] "GET /robots.txt HTTP/1.1" 302 312
136.243.36.85 - - [02/May/2017:02:53:04 -0500] "GET / HTTP/1.1" 302 302
148.251.136.43 - - [02/May/2017:02:53:04 -0500] "GET /BLA/resoluciones/index.php?dir=RESOLUCIONES%202005/RES%202005%20451-500/&sort=date&order=asc HTTP/1.1" 200 12244
148.251.136.43 - - [02/May/2017:02:53:10 -0500] "GET /BLA/resoluciones/index.php?dir=RESOLUCIONES%202005/RES%202005%20451-500/&sort=name&order=desc HTTP/1.1" 200 12243
201.245.192.253 - - [02/May/2017:02:53:13 -0500] "GET /galeria/nivo-slider/demo/undefined HTTP/1.1" 404 1314
148.251.136.43 - - [02/May/2017:02:53:15 -0500] "GET /BLA/resoluciones/index.php?dir=RESOLUCIONES%202005/RES%202005%20451-500/&sort=size&order=asc HTTP/1.1" 200 12244
40.77.169.100 - - [02/May/2017:02:53:19 -0500] "GET /dama/libreria/php/decide.php?patron=03.1305020113&numm=15 HTTP/1.1" 404 1019
148.251.136.43 - - [02/May/2017:02:53:22 -0500] "GET /BLA/resoluciones/index.php?dir=RESOLUCIONES%202005/RES%202005%20501-550/&sort=date&order=asc HTTP/1.1" 200 12244
148.251.136.43 - - [02/May/2017:02:53:28 -0500] "GET /BLA/resoluciones/index.php?dir=RESOLUCIONES%202005/RES%202005%20501-550/&sort=name&order=desc HTTP/1.1" 200 12243
148.251.136.43 - - [02/May/2017:02:53:34 -0500] "GET /BLA/resoluciones/index.php?dir=RESOLUCIONES%202005/RES%202005%20501-550/&sort=size&order=asc HTTP/1.1" 200 12244
148.251.136.43 - - [02/May/2017:02:53:39 -0500] "GET /BLA/resoluciones/index.php?dir=RESOLUCIONES%202005/RES%202005%2051-100/&sort=date&order=asc HTTP/1.1" 200 12192
148.251.136.43 - - [02/May/2017:02:53:46 -0500] "GET /BLA/resoluciones/index.php?dir=RESOLUCIONES%202005/RES%202005%2051-100/&sort=name&order=desc HTTP/1.1" 200 12191
148.251.136.43 - - [02/May/2017:02:53:52 -0500] "GET /BLA/resoluciones/index.php?dir=RESOLUCIONES%202005/RES%202005%2051-100/&sort=size&order=asc HTTP/1.1" 200 12192
148.251.136.43 - - [02/May/2017:02:53:58 -0500] "GET /BLA/resoluciones/index.php?dir=RESOLUCIONES%202005/RES%202005%20551-600/&sort=date&order=asc HTTP/1.1" 200 12249
148.251.136.43 - - [02/May/2017:02:54:03 -0500] "GET /BLA/resoluciones/index.php?dir=RESOLUCIONES%202005/RES%202005%20551-600/&sort=name&order=desc HTTP/1.1" 200 12248
148.251.136.43 - - [02/May/2017:02:54:09 -0500] "GET /BLA/resoluciones/index.php?dir=RESOLUCIONES%202005/RES%202005%20551-600/&sort=size&order=asc HTTP/1.1" 200 12249
148.251.136.43 - - [02/May/2017:02:54:16 -0500] "GET /BLA/resoluciones/index.php?dir=RESOLUCIONES%202005/RES%202005%20601-650/&sort=date&order=asc HTTP/1.1" 200 12246
148.251.136.43 - - [02/May/2017:02:54:22 -0500] "GET /robots.txt HTTP/1.1" 404 1018
148.251.136.43 - - [02/May/2017:02:54:22 -0500] "GET /BLA/resoluciones/index.php?dir=RESOLUCIONES%202005/RES%202005%20601-650/&sort=name&order=desc HTTP/1.1" 200 12245
148.251.136.43 - - [02/May/2017:02:54:29 -0500] "GET /BLA/resoluciones/index.php?dir=RESOLUCIONES%202005/RES%202005%20601-650/&sort=size&order=asc HTTP/1.1" 200 12246
201.245.192.253 - - [02/May/2017:02:54:53 -0500] "GET /galeria/nivo-slider/demo/undefined HTTP/1.1" 404 1314
66.249.64.53 - - [02/May/2017:02:55:25 -0500] "GET /BLA/resoluciones/AUTOS%202008/2906.pdf HTTP/1.1" 200 175422
192.168.175.104 - - [02/May/2017:02:55:36 -0500] "GET / HTTP/1.1" 200 9990
148.251.136.43 - - [02/May/2017:02:55:42 -0500] "GET /BLA/resoluciones/index.php?dir=RESOLUCIONES%202005/RES%202005%20651-700/&sort=date&order=asc HTTP/1.1" 200 12232
164.132.161.14 - - [02/May/2017:02:55:43 -0500] "GET /BLA/resoluciones/RESOLUCIONES%202003/RES%202003%201601-1650/20031639.tif HTTP/1.1" 200 65550
148.251.136.43 - - [02/May/2017:02:56:08 -0500] "GET /BLA/resoluciones/index.php?dir=RESOLUCIONES%202005/RES%202005%20651-700/&sort=name&order=desc HTTP/1.1" 200 12231
148.251.136.43 - - [02/May/2017:02:56:22 -0500] "GET /BLA/resoluciones/index.php?dir=RESOLUCIONES%202005/RES%202005%20651-700/&sort=size&order=asc HTTP/1.1" 200 12232
201.245.192.253 - - [02/May/2017:02:56:34 -0500] "GET /galeria/nivo-slider/demo/undefined HTTP/1.1" 404 1314
51.255.71.132 - - [02/May/2017:02:56:34 -0500] "GET /BLA/resoluciones/RESOLUCIONES%202005/RES%202005%203101-3150/00003131.tif HTTP/1.1" 200 138430
148.251.136.43 - - [02/May/2017:02:56:39 -0500] "GET /BLA/resoluciones/index.php?dir=RESOLUCIONES%202005/RES%202005%20701-750/&sort=date&order=asc HTTP/1.1" 200 12247
66.249.64.55 - - [02/May/2017:02:56:53 -0500] "GET /BLA/resoluciones/AUTOS%202008/2692.pdf HTTP/1.1" 200 134316
148.251.136.43 - - [02/May/2017:02:56:55 -0500] "GET /BLA/resoluciones/index.php?dir=RESOLUCIONES%202005/RES%202005%20701-750/&sort=name&order=desc HTTP/1.1" 200 12246
192.168.175.104 - - [02/May/2017:02:57:04 -0500] "GET / HTTP/1.1" 200 9990
69.162.124.233 - - [02/May/2017:02:57:04 -0500] "HEAD / HTTP/1.1" 200 -
66.249.64.51 - - [02/May/2017:02:57:09 -0500] "GET /BLA/resoluciones/AUTOS%202008/3494.pdf HTTP/1.1" 200 101687
148.251.136.43 - - [02/May/2017:02:57:11 -0500] "GET /BLA/resoluciones/index.php?dir=RESOLUCIONES%202005/RES%202005%20701-750/&sort=size&order=asc HTTP/1.1" 200 12247
192.168.175.104 - - [02/May/2017:02:57:13 -0500] "GET / HTTP/1.0" 200 9990
148.251.136.43 - - [02/May/2017:02:57:25 -0500] "GET /BLA/resoluciones/index.php?dir=RESOLUCIONES%202005/RES%202005%20751-800/&sort=date&order=asc HTTP/1.1" 200 12254
148.251.136.43 - - [02/May/2017:02:57:45 -0500] "GET /BLA/resoluciones/index.php?dir=RESOLUCIONES%202005/RES%202005%20751-800/&sort=size&order=asc HTTP/1.1" 200 12254
148.251.136.43 - - [02/May/2017:02:57:58 -0500] "GET /BLA/resoluciones/index.php?dir=RESOLUCIONES%202005/RES%202005%20801-850/&sort=date&order=asc HTTP/1.1" 200 12246
66.249.64.59 - - [02/May/2017:02:58:07 -0500] "GET /kmz/ HTTP/1.1" 200 4481
201.245.192.253 - - [02/May/2017:02:58:15 -0500] "GET /galeria/nivo-slider/demo/undefined HTTP/1.1" 404 1314
148.251.136.43 - - [02/May/2017:02:58:16 -0500] "GET /BLA/resoluciones/index.php?dir=RESOLUCIONES%202005/RES%202005%20801-850/&sort=name&order=desc HTTP/1.1" 200 12245
148.251.136.43 - - [02/May/2017:02:58:36 -0500] "GET /BLA/resoluciones/index.php?dir=RESOLUCIONES%202005/RES%202005%20801-850/&sort=size&order=asc HTTP/1.1" 200 12246
148.251.136.43 - - [02/May/2017:02:58:54 -0500] "GET /BLA/resoluciones/index.php?dir=RESOLUCIONES%202005/RES%202005%20851-900/&sort=date&order=asc HTTP/1.1" 200 12242
164.132.162.160 - - [02/May/2017:02:59:04 -0500] "GET /BLA/resoluciones/RESOLUCIONES%202006/RES%202006%202601-2650/00002639.tif HTTP/1.1" 200 228104
148.251.136.43 - - [02/May/2017:02:59:08 -0500] "GET /BLA/resoluciones/index.php?dir=RESOLUCIONES%202005/RES%202005%20851-900/&sort=name&order=desc HTTP/1.1" 200 12241
51.255.71.116 - - [02/May/2017:02:59:20 -0500] "GET /BLA/resoluciones/RESOLUCIONES%202003/RES%202003%201101-1150/1114.tif HTTP/1.1" 200 758916
148.251.136.43 - - [02/May/2017:02:59:26 -0500] "GET /BLA/resoluciones/index.php?dir=RESOLUCIONES%202005/RES%202005%20851-900/&sort=size&order=asc HTTP/1.1" 200 12242
137.74.207.164 - - [02/May/2017:02:59:40 -0500] "GET /BLA/resoluciones/RESOLUCIONES%202004/RES%202004%201151-1200/00001196.tif HTTP/1.1" 200 189038
148.251.136.43 - - [02/May/2017:02:59:44 -0500] "GET /BLA/resoluciones/index.php?dir=RESOLUCIONES%202005/RES%202005%20901-950/&sort=date&order=asc HTTP/1.1" 200 12245
180.76.15.135 - - [02/May/2017:02:59:45 -0500] "GET /videos/ambiente-ciudad/js/?C=M;O=A HTTP/1.1" 200 3469
201.245.192.253 - - [02/May/2017:02:59:55 -0500] "GET /galeria/nivo-slider/demo/undefined HTTP/1.1" 404 1314
148.251.136.43 - - [02/May/2017:03:00:00 -0500] "GET /BLA/resoluciones/index.php?dir=RESOLUCIONES%202005/RES%202005%20901-950/&sort=name&order=desc HTTP/1.1" 200 12244
192.168.175.104 - - [02/May/2017:03:00:34 -0500] "GET / HTTP/1.1" 200 9990
66.249.64.51 - - [02/May/2017:03:00:39 -0500] "GET /BLA/resoluciones/AUTOS%202008/2483.pdf HTTP/1.1" 200 397105
51.255.65.44 - - [02/May/2017:03:00:42 -0500] "GET /BLA/resoluciones/RESOLUCIONES%202000/2000%2001-49.tif HTTP/1.1" 200 5230523
148.251.136.43 - - [02/May/2017:03:00:49 -0500] "GET /BLA/resoluciones/index.php?dir=RESOLUCIONES%202005/RES%202005%20901-950/&sort=size&order=asc HTTP/1.1" 200 12245
66.249.64.53 - - [02/May/2017:03:00:55 -0500] "GET /BLA/resoluciones/AUTOS%202008/3116.pdf HTTP/1.1" 200 55138
201.245.192.253 - - [02/May/2017:03:01:36 -0500] "GET /galeria/nivo-slider/demo/undefined HTTP/1.1" 404 1314
192.168.175.104 - - [02/May/2017:03:02:03 -0500] "GET / HTTP/1.1" 200 9990
69.162.124.233 - - [02/May/2017:03:02:04 -0500] "HEAD / HTTP/1.1" 200 -
192.168.175.104 - - [02/May/2017:03:02:11 -0500] "GET / HTTP/1.0" 200 9990
66.249.64.53 - - [02/May/2017:03:02:30 -0500] "GET /BLA/resoluciones/AUTOS%202008/2847.pdf HTTP/1.1" 200 78796
66.249.64.51 - - [02/May/2017:03:02:45 -0500] "GET /BLA/resoluciones/AUTOS%202008/0218.pdf HTTP/1.1" 200 103069
201.245.192.253 - - [02/May/2017:03:03:16 -0500] "GET /galeria/nivo-slider/demo/undefined HTTP/1.1" 404 1314
217.182.132.81 - - [02/May/2017:03:03:28 -0500] "GET /autoliquidacion/index.php?dir=Solicitudes%20relacionadas%20con%20calidad%20del%20aire%20auditiva%20y%20visual/&sort=name&order=desc HTTP/1.1" 200 5747
181.49.64.37 - - [02/May/2017:03:03:44 -0500] "GET /galeria/galeria/jquery.fancybox.css?v=2.1.5 HTTP/1.1" 200 4895
181.49.64.37 - - [02/May/2017:03:03:44 -0500] "GET /BLA/boletinlegal/js/jquery.scrollShow.js HTTP/1.1" 200 4586
181.49.64.37 - - [02/May/2017:03:03:44 -0500] "GET /galeria/galeria/jquery.fancybox.js?v=2.1.5 HTTP/1.1" 200 48706
66.249.64.51 - - [02/May/2017:03:04:28 -0500] "GET /BLA/resoluciones/AUTOS%202008/0868.pdf HTTP/1.1" 200 338298
148.251.136.43 - - [02/May/2017:03:04:51 -0500] "GET /robots.txt HTTP/1.1" 404 1018
148.251.136.43 - - [02/May/2017:03:04:51 -0500] "GET /BLA/resoluciones/index.php?dir=RESOLUCIONES%202005/RES%202005%20951-1000/&sort=date&order=asc HTTP/1.1" 200 12304
201.245.192.253 - - [02/May/2017:03:04:57 -0500] "GET /galeria/nivo-slider/demo/undefined HTTP/1.1" 404 1314
66.249.64.51 - - [02/May/2017:03:05:08 -0500] "GET /BLA/resoluciones/AUTOS%202008/2800.pdf HTTP/1.1" 200 102533
66.249.64.53 - - [02/May/2017:03:05:10 -0500] "GET /BLA/resoluciones/AUTOS%202013/0198.pdf HTTP/1.1" 200 2676724
148.251.136.43 - - [02/May/2017:03:05:19 -0500] "GET /BLA/resoluciones/index.php?dir=RESOLUCIONES%202005/RES%202005%20951-1000/&sort=name&order=desc HTTP/1.1" 200 12303
192.168.175.104 - - [02/May/2017:03:05:33 -0500] "GET / HTTP/1.1" 200 9990
148.251.136.43 - - [02/May/2017:03:05:33 -0500] "GET /BLA/resoluciones/index.php?dir=RESOLUCIONES%202005/RES%202005%20951-1000/&sort=size&order=asc HTTP/1.1" 200 12304
148.251.136.43 - - [02/May/2017:03:05:47 -0500] "GET /BLA/resoluciones/index.php?dir=RESOLUCIONES%202006/&sort=date&order=desc HTTP/1.1" 200 16102
217.182.132.179 - - [02/May/2017:03:05:59 -0500] "GET /BLA/resoluciones/RESOLUCIONES%202003/RES%202003%201901-1950/00001912.tif HTTP/1.1" 200 76748
148.251.136.43 - - [02/May/2017:03:06:00 -0500] "GET /BLA/resoluciones/index.php?dir=RESOLUCIONES%202006/&sort=name&order=asc HTTP/1.1" 200 16103
148.251.136.43 - - [02/May/2017:03:06:14 -0500] "GET /BLA/resoluciones/index.php?dir=RESOLUCIONES%202006/&sort=size&order=desc HTTP/1.1" 200 16102
51.255.65.63 - - [02/May/2017:03:06:18 -0500] "GET /BLA/resoluciones/index.php?dir=RESOLUCIONES%202006/RES%202006%201501-1550/&sort=size&order=asc HTTP/1.1" 200 12370
148.251.136.43 - - [02/May/2017:03:06:28 -0500] "GET /BLA/resoluciones/index.php?dir=RESOLUCIONES%202006/RES%202006%201-50/&sort=date&order=asc HTTP/1.1" 200 11867
201.245.192.253 - - [02/May/2017:03:06:37 -0500] "GET /galeria/nivo-slider/demo/undefined HTTP/1.1" 404 1314
148.251.136.43 - - [02/May/2017:03:06:45 -0500] "GET /BLA/resoluciones/index.php?dir=RESOLUCIONES%202006/RES%202006%201-50/&sort=name&order=desc HTTP/1.1" 200 11866
148.251.136.43 - - [02/May/2017:03:06:53 -0500] "GET /BLA/resoluciones/index.php?dir=RESOLUCIONES%202006/RES%202006%201-50/&sort=size&order=asc HTTP/1.1" 200 11867
192.168.175.104 - - [02/May/2017:03:07:01 -0500] "GET / HTTP/1.1" 200 9990
148.251.136.43 - - [02/May/2017:03:07:02 -0500] "GET /BLA/resoluciones/index.php?dir=RESOLUCIONES%202006/RES%202006%201001-1050/&sort=date&order=asc HTTP/1.1" 200 12341
69.162.124.233 - - [02/May/2017:03:07:04 -0500] "HEAD / HTTP/1.1" 200 -
192.168.175.104 - - [02/May/2017:03:07:09 -0500] "GET / HTTP/1.0" 200 9990
148.251.136.43 - - [02/May/2017:03:07:10 -0500] "GET /BLA/resoluciones/index.php?dir=RESOLUCIONES%202006/RES%202006%201001-1050/&sort=name&order=desc HTTP/1.1" 200 12340
148.251.136.43 - - [02/May/2017:03:07:18 -0500] "GET /BLA/resoluciones/index.php?dir=RESOLUCIONES%202006/RES%202006%201001-1050/&sort=size&order=asc HTTP/1.1" 200 12341
66.249.64.51 - - [02/May/2017:03:07:46 -0500] "GET /BLA/resoluciones/AUTOS%202008/1609.pdf HTTP/1.1" 200 77355
74.65.219.152 - - [02/May/2017:03:07:50 -0500] "GET /BLA/resoluciones/AUTOS%202013/2501.pdf HTTP/1.1" 200 1025299
74.65.219.152 - - [02/May/2017:03:07:51 -0500] "GET /favicon.ico HTTP/1.1" 200 7782
148.251.136.43 - - [02/May/2017:03:07:52 -0500] "GET /BLA/resoluciones/index.php?dir=RESOLUCIONES%202006/RES%202006%20101-150/&sort=date&order=asc HTTP/1.1" 200 12241
66.249.64.51 - - [02/May/2017:03:08:02 -0500] "GET /BLA/resoluciones/AUTOS%202008/2110.pdf HTTP/1.1" 200 87453
148.251.136.43 - - [02/May/2017:03:08:03 -0500] "GET /BLA/resoluciones/index.php?dir=RESOLUCIONES%202006/RES%202006%20101-150/&sort=name&order=desc HTTP/1.1" 200 12240
66.249.64.51 - - [02/May/2017:03:08:13 -0500] "GET /BLA/resoluciones/AUTOS%202008/0558.pdf HTTP/1.1" 200 158499
201.245.192.253 - - [02/May/2017:03:08:18 -0500] "GET /galeria/nivo-slider/demo/undefined HTTP/1.1" 404 1314
148.251.136.43 - - [02/May/2017:03:08:20 -0500] "GET /BLA/resoluciones/index.php?dir=RESOLUCIONES%202006/RES%202006%20101-150/&sort=size&order=asc HTTP/1.1" 200 12241
123.125.67.164 - - [02/May/2017:03:08:56 -0500] "GET /BLA/resoluciones/AUTOS%202011/6196.pdf HTTP/1.1" 200 613639
148.251.136.43 - - [02/May/2017:03:09:39 -0500] "GET /BLA/resoluciones/index.php?dir=RESOLUCIONES%202006/RES%202006%201051-1100/&sort=date&order=asc HTTP/1.1" 200 12369
66.249.64.51 - - [02/May/2017:03:09:47 -0500] "GET /BLA/resoluciones/AUTOS%202011/2893.pdf HTTP/1.1" 200 190333
148.251.136.43 - - [02/May/2017:03:09:53 -0500] "GET /BLA/resoluciones/index.php?dir=RESOLUCIONES%202006/RES%202006%201051-1100/&sort=name&order=desc HTTP/1.1" 200 12368
201.245.192.253 - - [02/May/2017:03:09:59 -0500] "GET /galeria/nivo-slider/demo/undefined HTTP/1.1" 404 1314
148.251.136.43 - - [02/May/2017:03:10:07 -0500] "GET /BLA/resoluciones/index.php?dir=RESOLUCIONES%202006/RES%202006%201051-1100/&sort=size&order=asc HTTP/1.1" 200 12369
148.251.136.43 - - [02/May/2017:03:10:16 -0500] "GET /BLA/resoluciones/index.php?dir=RESOLUCIONES%202006/RES%202006%201101-1150/&sort=date&order=asc HTTP/1.1" 200 12368
148.251.136.43 - - [02/May/2017:03:10:24 -0500] "GET /BLA/resoluciones/index.php?dir=RESOLUCIONES%202006/RES%202006%201101-1150/&sort=name&order=desc HTTP/1.1" 200 12367
192.168.175.104 - - [02/May/2017:03:10:31 -0500] "GET / HTTP/1.1" 200 9990
148.251.136.43 - - [02/May/2017:03:10:33 -0500] "GET /BLA/resoluciones/index.php?dir=RESOLUCIONES%202006/RES%202006%201101-1150/&sort=size&order=asc HTTP/1.1" 200 12368
148.251.136.43 - - [02/May/2017:03:10:50 -0500] "GET /BLA/resoluciones/index.php?dir=RESOLUCIONES%202006/RES%202006%201151-1200/&sort=date&order=asc HTTP/1.1" 200 12365
66.249.64.41 - - [02/May/2017:03:10:55 -0500] "GET /BLA/boletinlegal/jurisprudencia/analisis/Analisis%20jurisprudencial%20Sentencia%20C-366-11.doc HTTP/1.1" 304 -
157.55.39.149 - - [02/May/2017:03:11:14 -0500] "GET / HTTP/1.1" 200 9990
148.251.136.43 - - [02/May/2017:03:11:33 -0500] "GET /BLA/resoluciones/index.php?dir=RESOLUCIONES%202006/RES%202006%201151-1200/&sort=name&order=desc HTTP/1.1" 200 12364
201.245.192.253 - - [02/May/2017:03:11:39 -0500] "GET /galeria/nivo-slider/demo/undefined HTTP/1.1" 404 1314
148.251.136.43 - - [02/May/2017:03:11:51 -0500] "GET /BLA/resoluciones/index.php?dir=RESOLUCIONES%202006/RES%202006%201151-1200/&sort=size&order=asc HTTP/1.1" 200 12365
66.249.64.53 - - [02/May/2017:03:11:55 -0500] "GET /BLA/resoluciones/AUTOS%202008/0512.pdf HTTP/1.1" 200 156194
192.168.175.104 - - [02/May/2017:03:11:59 -0500] "GET / HTTP/1.1" 200 9990
69.162.124.233 - - [02/May/2017:03:12:04 -0500] "HEAD / HTTP/1.1" 200 -
148.251.136.43 - - [02/May/2017:03:12:04 -0500] "GET /BLA/resoluciones/index.php?dir=RESOLUCIONES%202006/RES%202006%201201-1250/&sort=date&order=asc HTTP/1.1" 200 12346
192.168.175.104 - - [02/May/2017:03:12:07 -0500] "GET / HTTP/1.0" 200 9990
66.249.64.51 - - [02/May/2017:03:12:11 -0500] "GET /BLA/resoluciones/AUTOS%202008/1890.pdf HTTP/1.1" 200 86856
217.182.132.86 - - [02/May/2017:03:12:19 -0500] "GET /BLA/resoluciones/RESOLUCIONES%202003/RES%202003%20001-050/2003RES18.tif HTTP/1.1" 200 70688
148.251.136.43 - - [02/May/2017:03:12:19 -0500] "GET /BLA/resoluciones/index.php?dir=RESOLUCIONES%202006/RES%202006%201201-1250/&sort=name&order=desc HTTP/1.1" 200 12345
148.251.136.43 - - [02/May/2017:03:12:34 -0500] "GET /BLA/resoluciones/index.php?dir=RESOLUCIONES%202006/RES%202006%201201-1250/&sort=size&order=asc HTTP/1.1" 200 12346
148.251.136.43 - - [02/May/2017:03:12:48 -0500] "GET /BLA/resoluciones/index.php?dir=RESOLUCIONES%202006/RES%202006%201251-1300/&sort=date&order=asc HTTP/1.1" 200 12368
66.249.64.53 - - [02/May/2017:03:12:54 -0500] "GET /BLA/resoluciones/RESOLUCIONES%202014/1460.pdf HTTP/1.1" 304 -
148.251.136.43 - - [02/May/2017:03:13:03 -0500] "GET /BLA/resoluciones/index.php?dir=RESOLUCIONES%202006/RES%202006%201251-1300/&sort=name&order=desc HTTP/1.1" 200 12367
148.251.136.43 - - [02/May/2017:03:13:17 -0500] "GET /BLA/resoluciones/index.php?dir=RESOLUCIONES%202006/RES%202006%201251-1300/&sort=size&order=asc HTTP/1.1" 200 12368
201.245.192.253 - - [02/May/2017:03:13:20 -0500] "GET /galeria/nivo-slider/demo/undefined HTTP/1.1" 404 1314
148.251.136.43 - - [02/May/2017:03:13:31 -0500] "GET /BLA/resoluciones/index.php?dir=RESOLUCIONES%202006/RES%202006%201301-1350/&sort=date&order=asc HTTP/1.1" 200 12365
148.251.136.43 - - [02/May/2017:03:13:45 -0500] "GET /BLA/resoluciones/index.php?dir=RESOLUCIONES%202006/RES%202006%201301-1350/&sort=name&order=desc HTTP/1.1" 200 12364
148.251.136.43 - - [02/May/2017:03:14:01 -0500] "GET /BLA/resoluciones/index.php?dir=RESOLUCIONES%202006/RES%202006%201301-1350/&sort=size&order=asc HTTP/1.1" 200 12365
148.251.136.43 - - [02/May/2017:03:14:22 -0500] "GET /BLA/resoluciones/index.php?dir=RESOLUCIONES%202006/RES%202006%201351-1400/&sort=date&order=asc HTTP/1.1" 200 12367
51.255.65.82 - - [02/May/2017:03:14:29 -0500] "GET /BLA/resoluciones/AUTOS%202006/AUTOS%202006%203201%20-%203300/00003233.tif HTTP/1.1" 200 76298
51.255.71.115 - - [02/May/2017:03:14:35 -0500] "GET /BLA/resoluciones/RESOLUCIONES%202003/RES%202003%202001-2051/20032032.tif HTTP/1.1" 200 64056
148.251.136.43 - - [02/May/2017:03:14:37 -0500] "GET /BLA/resoluciones/index.php?dir=RESOLUCIONES%202006/RES%202006%201351-1400/&sort=name&order=desc HTTP/1.1" 200 12366
148.251.136.43 - - [02/May/2017:03:14:54 -0500] "GET /robots.txt HTTP/1.1" 404 1018
148.251.136.43 - - [02/May/2017:03:14:54 -0500] "GET /BLA/resoluciones/index.php?dir=RESOLUCIONES%202006/RES%202006%201351-1400/&sort=size&order=asc HTTP/1.1" 200 12367
201.245.192.253 - - [02/May/2017:03:15:00 -0500] "GET /galeria/nivo-slider/demo/undefined HTTP/1.1" 404 1314
66.249.64.51 - - [02/May/2017:03:15:08 -0500] "GET /BLA/resoluciones/AUTOS%202008/0479.pdf HTTP/1.1" 200 130349
148.251.136.43 - - [02/May/2017:03:15:10 -0500] "GET /BLA/resoluciones/index.php?dir=RESOLUCIONES%202006/RES%202006%201401-1450/&sort=date&order=asc HTTP/1.1" 200 12367
192.168.175.104 - - [02/May/2017:03:15:29 -0500] "GET / HTTP/1.1" 200 9990
148.251.136.43 - - [02/May/2017:03:15:36 -0500] "GET /BLA/resoluciones/index.php?dir=RESOLUCIONES%202006/RES%202006%201401-1450/&sort=name&order=desc HTTP/1.1" 200 12366
148.251.136.43 - - [02/May/2017:03:15:54 -0500] "GET /BLA/resoluciones/index.php?dir=RESOLUCIONES%202006/RES%202006%201401-1450/&sort=size&order=asc HTTP/1.1" 200 12367
201.245.192.253 - - [02/May/2017:03:16:41 -0500] "GET /galeria/nivo-slider/demo/undefined HTTP/1.1" 404 1314
192.168.175.104 - - [02/May/2017:03:16:57 -0500] "GET / HTTP/1.1" 200 9990
69.162.124.233 - - [02/May/2017:03:17:04 -0500] "HEAD / HTTP/1.1" 200 -
192.168.175.104 - - [02/May/2017:03:17:04 -0500] "GET / HTTP/1.0" 200 9990
74.208.16.158 - - [02/May/2017:03:17:18 -0500] "GET /wp-admin/ HTTP/1.1" 404 1018
148.251.136.43 - - [02/May/2017:03:17:19 -0500] "GET /BLA/resoluciones/index.php?dir=RESOLUCIONES%202006/RES%202006%201451-1500/&sort=date&order=asc HTTP/1.1" 200 12370
51.255.65.86 - - [02/May/2017:03:17:30 -0500] "GET /BLA/resoluciones/RESOLUCIONES%202002/RES%202002%20101-150/2002RES121.tif HTTP/1.1" 200 111656
217.182.132.67 - - [02/May/2017:03:17:30 -0500] "GET /BLA/resoluciones/RESOLUCIONES%202002/RES%202002%201651-1700/20021700.tif HTTP/1.1" 200 135622
66.249.64.51 - - [02/May/2017:03:17:31 -0500] "GET /BLA/resoluciones/AUTOS%202008/0973.pdf HTTP/1.1" 200 178782
148.251.136.43 - - [02/May/2017:03:17:33 -0500] "GET /BLA/resoluciones/index.php?dir=RESOLUCIONES%202006/RES%202006%201451-1500/&sort=name&order=desc HTTP/1.1" 200 12369
148.251.136.43 - - [02/May/2017:03:17:48 -0500] "GET /BLA/resoluciones/index.php?dir=RESOLUCIONES%202006/RES%202006%201451-1500/&sort=size&order=asc HTTP/1.1" 200 12370
148.251.136.43 - - [02/May/2017:03:17:57 -0500] "GET /BLA/resoluciones/index.php?dir=RESOLUCIONES%202006/RES%202006%201501-1550/&sort=date&order=asc HTTP/1.1" 200 12370
148.251.136.43 - - [02/May/2017:03:18:17 -0500] "GET /BLA/resoluciones/index.php?dir=RESOLUCIONES%202006/RES%202006%201501-1550/&sort=name&order=desc HTTP/1.1" 200 12369
201.245.192.253 - - [02/May/2017:03:18:22 -0500] "GET /galeria/nivo-slider/demo/undefined HTTP/1.1" 404 1314
148.251.136.43 - - [02/May/2017:03:18:25 -0500] "GET /BLA/resoluciones/index.php?dir=RESOLUCIONES%202006/RES%202006%201501-1550/&sort=size&order=asc HTTP/1.1" 200 12370
148.251.136.43 - - [02/May/2017:03:18:33 -0500] "GET /BLA/resoluciones/index.php?dir=RESOLUCIONES%202006/RES%202006%20151-200/&sort=date&order=asc HTTP/1.1" 200 12238
148.251.136.43 - - [02/May/2017:03:18:47 -0500] "GET /BLA/resoluciones/index.php?dir=RESOLUCIONES%202006/RES%202006%20151-200/&sort=name&order=desc HTTP/1.1" 200 12237
123.125.71.32 - - [02/May/2017:03:18:52 -0500] "GET /BLA/resoluciones/AUTOS%202012/2921.pdf HTTP/1.1" 200 218536
148.251.136.43 - - [02/May/2017:03:19:00 -0500] "GET /BLA/resoluciones/index.php?dir=RESOLUCIONES%202006/RES%202006%20151-200/&sort=size&order=asc HTTP/1.1" 200 12238
148.251.136.43 - - [02/May/2017:03:19:11 -0500] "GET /BLA/resoluciones/index.php?dir=RESOLUCIONES%202006/RES%202006%201551-1600/&sort=date&order=asc HTTP/1.1" 200 12369
123.125.67.164 - - [02/May/2017:03:19:12 -0500] "GET /BLA/resoluciones/AUTOS%202016/1562.pdf HTTP/1.1" 200 505898
148.251.136.43 - - [02/May/2017:03:19:19 -0500] "GET /BLA/resoluciones/index.php?dir=RESOLUCIONES%202006/RES%202006%201551-1600/&sort=name&order=desc HTTP/1.1" 200 12368
148.251.136.43 - - [02/May/2017:03:19:28 -0500] "GET /BLA/resoluciones/index.php?dir=RESOLUCIONES%202006/RES%202006%201551-1600/&sort=size&order=asc HTTP/1.1" 200 12369
148.251.136.43 - - [02/May/2017:03:19:37 -0500] "GET /BLA/resoluciones/index.php?dir=RESOLUCIONES%202006/RES%202006%201601-1650/&sort=date&order=asc HTTP/1.1" 200 12366
66.249.64.51 - - [02/May/2017:03:19:41 -0500] "GET /BLA/resoluciones/AUTOS%202008/3286.pdf HTTP/1.1" 200 73871
148.251.136.43 - - [02/May/2017:03:19:47 -0500] "GET /BLA/resoluciones/index.php?dir=RESOLUCIONES%202006/RES%202006%201601-1650/&sort=name&order=desc HTTP/1.1" 200 12365
148.251.136.43 - - [02/May/2017:03:19:56 -0500] "GET /BLA/resoluciones/index.php?dir=RESOLUCIONES%202006/RES%202006%201601-1650/&sort=size&order=asc HTTP/1.1" 200 12366
201.245.192.253 - - [02/May/2017:03:20:02 -0500] "GET /galeria/nivo-slider/demo/undefined HTTP/1.1" 404 1314
148.251.136.43 - - [02/May/2017:03:20:05 -0500] "GET /BLA/resoluciones/index.php?dir=RESOLUCIONES%202006/RES%202006%201651-1700/&sort=date&order=asc HTTP/1.1" 200 12354
148.251.136.43 - - [02/May/2017:03:20:14 -0500] "GET /BLA/resoluciones/index.php?dir=RESOLUCIONES%202006/RES%202006%201651-1700/&sort=name&order=desc HTTP/1.1" 200 12353
148.251.136.43 - - [02/May/2017:03:20:21 -0500] "GET /BLA/resoluciones/index.php?dir=RESOLUCIONES%202006/RES%202006%201651-1700/&sort=size&order=asc HTTP/1.1" 200 12354
192.168.175.104 - - [02/May/2017:03:20:27 -0500] "GET / HTTP/1.1" 200 9990
148.251.136.43 - - [02/May/2017:03:20:30 -0500] "GET /BLA/resoluciones/index.php?dir=RESOLUCIONES%202006/RES%202006%201701-1751/&sort=date&order=asc HTTP/1.1" 200 12369
148.251.136.43 - - [02/May/2017:03:20:41 -0500] "GET /BLA/resoluciones/index.php?dir=RESOLUCIONES%202006/RES%202006%201701-1751/&sort=name&order=desc HTTP/1.1" 200 12368
148.251.136.43 - - [02/May/2017:03:20:52 -0500] "GET /BLA/resoluciones/index.php?dir=RESOLUCIONES%202006/RES%202006%201701-1751/&sort=size&order=asc HTTP/1.1" 200 12369
148.251.136.43 - - [02/May/2017:03:21:00 -0500] "GET /BLA/resoluciones/index.php?dir=RESOLUCIONES%202006/RES%202006%201751-1800/&sort=date&order=asc HTTP/1.1" 200 12368
148.251.136.43 - - [02/May/2017:03:21:16 -0500] "GET /BLA/resoluciones/index.php?dir=RESOLUCIONES%202006/RES%202006%201751-1800/&sort=name&order=desc HTTP/1.1" 200 12367
148.251.136.43 - - [02/May/2017:03:21:24 -0500] "GET /BLA/resoluciones/index.php?dir=RESOLUCIONES%202006/RES%202006%201751-1800/&sort=size&order=asc HTTP/1.1" 200 12368
217.182.132.15 - - [02/May/2017:03:21:35 -0500] "GET /BLA/resoluciones/RESOLUCIONES%202002/RES%202002%2051-100/2002RES69.tif HTTP/1.1" 200 71084
148.251.136.43 - - [02/May/2017:03:21:37 -0500] "GET /BLA/resoluciones/index.php?dir=RESOLUCIONES%202006/RES%202006%201801-1850/&sort=date&order=asc HTTP/1.1" 200 12357
201.245.192.253 - - [02/May/2017:03:21:43 -0500] "GET /galeria/nivo-slider/demo/undefined HTTP/1.1" 404 1314
148.251.136.43 - - [02/May/2017:03:21:52 -0500] "GET /BLA/resoluciones/index.php?dir=RESOLUCIONES%202006/RES%202006%201801-1850/&sort=name&order=desc HTTP/1.1" 200 12356
192.168.175.104 - - [02/May/2017:03:21:55 -0500] "GET / HTTP/1.1" 200 9990
192.168.175.104 - - [02/May/2017:03:22:03 -0500] "GET / HTTP/1.0" 200 9990
69.162.124.233 - - [02/May/2017:03:22:04 -0500] "HEAD / HTTP/1.1" 200 -
148.251.136.43 - - [02/May/2017:03:22:04 -0500] "GET /BLA/resoluciones/index.php?dir=RESOLUCIONES%202006/RES%202006%201801-1850/&sort=size&order=asc HTTP/1.1" 200 12357
148.251.136.43 - - [02/May/2017:03:22:12 -0500] "GET /BLA/resoluciones/index.php?dir=RESOLUCIONES%202006/RES%202006%201851-1900/&sort=date&order=asc HTTP/1.1" 200 12364
164.132.161.57 - - [02/May/2017:03:22:15 -0500] "GET /BLA/resoluciones/index.php?dir=RESOLUCIONES%202006/RES%202006%20301-350/&sort=size&order=asc HTTP/1.1" 200 12249
148.251.136.43 - - [02/May/2017:03:22:24 -0500] "GET /BLA/resoluciones/index.php?dir=RESOLUCIONES%202006/RES%202006%201851-1900/&sort=name&order=desc HTTP/1.1" 200 12363
148.251.136.43 - - [02/May/2017:03:22:32 -0500] "GET /BLA/resoluciones/index.php?dir=RESOLUCIONES%202006/RES%202006%201851-1900/&sort=size&order=asc HTTP/1.1" 200 12364
148.251.136.43 - - [02/May/2017:03:22:50 -0500] "GET /BLA/resoluciones/index.php?dir=RESOLUCIONES%202006/RES%202006%201901-1950/&sort=date&order=asc HTTP/1.1" 200 12360
66.249.64.51 - - [02/May/2017:03:22:58 -0500] "GET /BLA/resoluciones/AUTOS%202008/1573.pdf HTTP/1.1" 200 173132
148.251.136.43 - - [02/May/2017:03:23:04 -0500] "GET /BLA/resoluciones/index.php?dir=RESOLUCIONES%202006/RES%202006%201901-1950/&sort=name&order=desc HTTP/1.1" 200 12359
148.251.136.43 - - [02/May/2017:03:23:16 -0500] "GET /BLA/resoluciones/index.php?dir=RESOLUCIONES%202006/RES%202006%201901-1950/&sort=size&order=asc HTTP/1.1" 200 12360
201.245.192.253 - - [02/May/2017:03:23:23 -0500] "GET /galeria/nivo-slider/demo/undefined HTTP/1.1" 404 1314
148.251.136.43 - - [02/May/2017:03:23:30 -0500] "GET /BLA/resoluciones/index.php?dir=RESOLUCIONES%202006/RES%202006%201951-2000/&sort=date&order=asc HTTP/1.1" 200 12349
40.77.167.112 - - [02/May/2017:03:23:40 -0500] "GET /www.ambientebogota.gov.co:81/ HTTP/1.1" 403 1021
148.251.136.43 - - [02/May/2017:03:23:43 -0500] "GET /BLA/resoluciones/index.php?dir=RESOLUCIONES%202006/RES%202006%201951-2000/&sort=name&order=desc HTTP/1.1" 200 12348
148.251.136.43 - - [02/May/2017:03:24:00 -0500] "GET /BLA/resoluciones/index.php?dir=RESOLUCIONES%202006/RES%202006%201951-2000/&sort=size&order=asc HTTP/1.1" 200 12349
66.249.64.53 - - [02/May/2017:03:24:11 -0500] "GET /BLA/resoluciones/AUTOS%202008/2624.pdf HTTP/1.1" 200 54201
148.251.136.43 - - [02/May/2017:03:24:15 -0500] "GET /BLA/resoluciones/index.php?dir=RESOLUCIONES%202006/RES%202006%202001-2050/&sort=date&order=asc HTTP/1.1" 200 12363
148.251.136.43 - - [02/May/2017:03:24:28 -0500] "GET /BLA/resoluciones/index.php?dir=RESOLUCIONES%202006/RES%202006%202001-2050/&sort=name&order=desc HTTP/1.1" 200 12362
148.251.136.43 - - [02/May/2017:03:24:41 -0500] "GET /BLA/resoluciones/index.php?dir=RESOLUCIONES%202006/RES%202006%202001-2050/&sort=size&order=asc HTTP/1.1" 200 12363
157.55.39.251 - - [02/May/2017:03:23:37 -0500] "GET /BLA/boletinlegal/ HTTP/1.1" 200 55335
66.249.64.51 - - [02/May/2017:03:24:50 -0500] "GET /BLA/resoluciones/RESOLUCIONES%202010/5720.pdf HTTP/1.1" 304 -
148.251.136.43 - - [02/May/2017:03:24:54 -0500] "GET /BLA/resoluciones/index.php?dir=RESOLUCIONES%202006/RES%202006%20201-250/&sort=date&order=asc HTTP/1.1" 200 12238
201.245.192.253 - - [02/May/2017:03:25:04 -0500] "GET /galeria/nivo-slider/demo/undefined HTTP/1.1" 404 1314
148.251.136.43 - - [02/May/2017:03:25:06 -0500] "GET /robots.txt HTTP/1.1" 404 1018
148.251.136.43 - - [02/May/2017:03:25:07 -0500] "GET /BLA/resoluciones/index.php?dir=RESOLUCIONES%202006/RES%202006%20201-250/&sort=name&order=desc HTTP/1.1" 200 12237
148.251.136.43 - - [02/May/2017:03:25:19 -0500] "GET /BLA/resoluciones/index.php?dir=RESOLUCIONES%202006/RES%202006%20201-250/&sort=size&order=asc HTTP/1.1" 200 12238
192.168.175.104 - - [02/May/2017:03:25:25 -0500] "GET / HTTP/1.1" 200 9990
148.251.136.43 - - [02/May/2017:03:25:45 -0500] "GET /BLA/resoluciones/index.php?dir=RESOLUCIONES%202006/RES%202006%202051-2100/&sort=date&order=asc HTTP/1.1" 200 12363
148.251.136.43 - - [02/May/2017:03:26:00 -0500] "GET /BLA/resoluciones/index.php?dir=RESOLUCIONES%202006/RES%202006%202051-2100/&sort=size&order=asc HTTP/1.1" 200 12363
148.251.136.43 - - [02/May/2017:03:26:22 -0500] "GET /BLA/resoluciones/index.php?dir=RESOLUCIONES%202006/RES%202006%202101-2150/&sort=date&order=asc HTTP/1.1" 200 12369
148.251.136.43 - - [02/May/2017:03:26:38 -0500] "GET /BLA/resoluciones/index.php?dir=RESOLUCIONES%202006/RES%202006%202101-2150/&sort=name&order=desc HTTP/1.1" 200 12368
74.208.16.158 - - [02/May/2017:03:26:42 -0500] "GET /test/wp-admin/ HTTP/1.1" 404 1018
