192.168.175.104 - - [02/May/2017:04:56:21 -0500] "GET / HTTP/1.1" 200 9990
148.251.136.43 - - [02/May/2017:04:56:22 -0500] "GET /BLA/resoluciones/index.php?m=201602 HTTP/1.1" 200 8734
148.251.136.43 - - [02/May/2017:04:56:28 -0500] "GET /BLA/resoluciones/index.php?m=201603 HTTP/1.1" 200 8734
192.168.175.104 - - [02/May/2017:04:56:32 -0500] "GET / HTTP/1.0" 200 9990
148.251.136.43 - - [02/May/2017:04:56:34 -0500] "GET /BLA/resoluciones/index.php?m=201605 HTTP/1.1" 200 8734
137.74.207.164 - - [02/May/2017:04:56:36 -0500] "GET /BLA/resoluciones/RESOLUCIONES%202003/RES%202003%20451-500/491.tif HTTP/1.1" 200 124452
148.251.136.43 - - [02/May/2017:04:56:39 -0500] "GET /BLA/resoluciones/index.php?m=201606 HTTP/1.1" 200 8734
148.251.136.43 - - [02/May/2017:04:56:45 -0500] "GET /BLA/resoluciones/index.php?m=201607 HTTP/1.1" 200 8734
51.255.65.11 - - [02/May/2017:04:56:47 -0500] "GET /BLA/resoluciones/RESOLUCIONES%202002/RES%202002%201051-1100/00001054.tif HTTP/1.1" 200 99266
148.251.136.43 - - [02/May/2017:04:57:00 -0500] "GET /BLA/resoluciones/index.php?m=201608 HTTP/1.1" 200 8734
148.251.136.43 - - [02/May/2017:04:57:08 -0500] "GET /BLA/resoluciones/index.php?m=201609 HTTP/1.1" 200 8734
148.251.136.43 - - [02/May/2017:04:57:13 -0500] "GET /BLA/resoluciones/index.php?page=0 HTTP/1.1" 200 8734
201.245.192.253 - - [02/May/2017:04:57:17 -0500] "GET /galeria/nivo-slider/demo/undefined HTTP/1.1" 404 1314
148.251.136.43 - - [02/May/2017:04:57:22 -0500] "GET /BLA/resoluciones/index.php?page=1 HTTP/1.1" 200 8734
148.251.136.43 - - [02/May/2017:04:57:28 -0500] "GET /BLA/resoluciones/index.php?page=10 HTTP/1.1" 200 8734
148.251.136.43 - - [02/May/2017:04:57:33 -0500] "GET /BLA/resoluciones/index.php?page=12 HTTP/1.1" 200 8734
207.46.13.19 - - [02/May/2017:04:57:38 -0500] "GET /POT-2013/Cartografia/05_Remocion_V1_2013.pdf HTTP/1.1" 200 4650227
148.251.136.43 - - [02/May/2017:04:57:40 -0500] "GET /BLA/resoluciones/index.php?page=14 HTTP/1.1" 200 8734
148.251.136.43 - - [02/May/2017:04:57:50 -0500] "GET /BLA/resoluciones/index.php?page=15 HTTP/1.1" 200 8734
148.251.136.43 - - [02/May/2017:04:57:56 -0500] "GET /BLA/resoluciones/index.php?page=16 HTTP/1.1" 200 8734
164.132.161.95 - - [02/May/2017:04:58:08 -0500] "GET /BLA/resoluciones/RESOLUCIONES%202002/RES%202002%201601-1650/20021631.tif HTTP/1.1" 200 162024
148.251.136.43 - - [02/May/2017:04:58:10 -0500] "GET /BLA/resoluciones/index.php?page=17 HTTP/1.1" 200 8734
66.249.64.51 - - [02/May/2017:04:58:18 -0500] "GET /BLA/resoluciones/RESOLUCIONES%202008/2239.pdf HTTP/1.1" 200 202194
148.251.136.43 - - [02/May/2017:04:58:22 -0500] "GET /BLA/resoluciones/index.php?page=19 HTTP/1.1" 200 8734
148.251.136.43 - - [02/May/2017:04:58:35 -0500] "GET /BLA/resoluciones/index.php?page=2 HTTP/1.1" 200 8734
148.251.136.43 - - [02/May/2017:04:58:48 -0500] "GET /BLA/resoluciones/index.php?page=200 HTTP/1.1" 200 8734
201.245.192.253 - - [02/May/2017:04:58:57 -0500] "GET /galeria/nivo-slider/demo/undefined HTTP/1.1" 404 1314
148.251.136.43 - - [02/May/2017:04:59:06 -0500] "GET /BLA/resoluciones/index.php?page=23 HTTP/1.1" 200 8734
148.251.136.43 - - [02/May/2017:04:59:21 -0500] "GET /BLA/resoluciones/index.php?page=26 HTTP/1.1" 200 8734
148.251.136.43 - - [02/May/2017:04:59:37 -0500] "GET /BLA/resoluciones/index.php?page=27 HTTP/1.1" 200 8734
192.168.175.104 - - [02/May/2017:04:59:50 -0500] "GET / HTTP/1.1" 200 9990
148.251.136.43 - - [02/May/2017:05:00:01 -0500] "GET /BLA/resoluciones/index.php?page=28 HTTP/1.1" 200 8734
148.251.136.43 - - [02/May/2017:05:00:14 -0500] "GET /BLA/resoluciones/index.php?page=29 HTTP/1.1" 200 8734
69.162.124.233 - - [02/May/2017:05:00:18 -0500] "HEAD / HTTP/1.1" 200 -
148.251.136.43 - - [02/May/2017:05:00:27 -0500] "GET /BLA/resoluciones/index.php?page=3 HTTP/1.1" 200 8734
201.245.192.253 - - [02/May/2017:05:00:38 -0500] "GET /galeria/nivo-slider/demo/undefined HTTP/1.1" 404 1314
148.251.136.43 - - [02/May/2017:05:00:42 -0500] "GET /BLA/resoluciones/index.php?page=30 HTTP/1.1" 200 8734
148.251.136.43 - - [02/May/2017:05:00:55 -0500] "GET /BLA/resoluciones/index.php?page=31 HTTP/1.1" 200 8734
148.251.136.43 - - [02/May/2017:05:01:08 -0500] "GET /BLA/resoluciones/index.php?page=32 HTTP/1.1" 200 8734
192.168.175.104 - - [02/May/2017:05:01:19 -0500] "GET / HTTP/1.1" 200 9990
148.251.136.43 - - [02/May/2017:05:01:21 -0500] "GET /BLA/resoluciones/index.php?page=33 HTTP/1.1" 200 8734
192.168.175.104 - - [02/May/2017:05:01:30 -0500] "GET / HTTP/1.0" 200 9990
177.252.252.134 - - [02/May/2017:05:01:35 -0500] "GET /galeria/galeria/jquery.fancybox.css?v=2.1.5 HTTP/1.1" 200 4895
177.252.252.134 - - [02/May/2017:05:01:35 -0500] "GET /galeria/carrusel/Carrusel/jquery.thumbnailScroller.css HTTP/1.1" 200 2066
148.251.136.43 - - [02/May/2017:05:01:35 -0500] "GET /BLA/resoluciones/index.php?page=35 HTTP/1.1" 200 8734
177.252.252.134 - - [02/May/2017:05:01:35 -0500] "GET /BLA/boletinlegal/js/jquery.scrollShow.js HTTP/1.1" 200 4586
177.252.252.134 - - [02/May/2017:05:01:35 -0500] "GET /galeria/galeria/jquery.fancybox.js?v=2.1.5 HTTP/1.1" 200 48706
177.252.252.134 - - [02/May/2017:05:01:37 -0500] "GET /galeria/carrusel/Carrusel/jquery-ui-1.8.13.custom.min.js HTTP/1.1" 200 10800
177.252.252.134 - - [02/May/2017:05:01:37 -0500] "GET /galeria/carrusel/Carrusel/jquery.thumbnailScroller.js HTTP/1.1" 200 8157
177.252.252.134 - - [02/May/2017:05:01:38 -0500] "GET /galeria/nivo-slider/demo/demo.html HTTP/1.1" 200 3778
177.252.252.134 - - [02/May/2017:05:01:38 -0500] "GET /galeria/nivo-slider/themes/default/default.css HTTP/1.1" 200 1569
177.252.252.134 - - [02/May/2017:05:01:38 -0500] "GET /galeria/nivo-slider/themes/pascal/pascal.css HTTP/1.1" 200 2258
177.252.252.134 - - [02/May/2017:05:01:38 -0500] "GET /galeria/nivo-slider/themes/orman/orman.css HTTP/1.1" 200 2152
177.252.252.134 - - [02/May/2017:05:01:38 -0500] "GET /galeria/nivo-slider/nivo-slider.css HTTP/1.1" 200 1507
177.252.252.134 - - [02/May/2017:05:01:38 -0500] "GET /galeria/nivo-slider/demo/style.css HTTP/1.1" 200 2222
177.252.252.134 - - [02/May/2017:05:01:38 -0500] "GET /galeria/nivo-slider/demo/scripts/jquery-1.7.1.min.js HTTP/1.1" 200 93868
177.252.252.134 - - [02/May/2017:05:01:39 -0500] "GET /galeria/nivo-slider/demo/images/Banner%20Eleccion%20de%20representantes.jpg HTTP/1.1" 200 227700
177.252.252.134 - - [02/May/2017:05:01:39 -0500] "GET /galeria/nivo-slider/jquery.nivo.slider.pack.js HTTP/1.1" 200 11561
177.252.252.134 - - [02/May/2017:05:01:39 -0500] "GET /galeria/nivo-slider/demo/images/BANNERCAMPA%C3%91ACRUZDEMAYO.jpg HTTP/1.1" 200 336199
177.252.252.134 - - [02/May/2017:05:01:39 -0500] "GET /galeria/nivo-slider/demo/images/BANNERRECICLATON2017.jpg HTTP/1.1" 200 244103
177.252.252.134 - - [02/May/2017:05:01:39 -0500] "GET /galeria/nivo-slider/demo/images/bannercampa%C3%B1acambiodesede.jpg HTTP/1.1" 200 134156
177.252.252.134 - - [02/May/2017:05:01:39 -0500] "GET /galeria/nivo-slider/themes/default/loading.gif HTTP/1.1" 200 1737
177.252.252.134 - - [02/May/2017:05:01:40 -0500] "GET /galeria/nivo-slider/demo/images/4Simple_Slider.png HTTP/1.1" 200 11722
177.252.252.134 - - [02/May/2017:05:01:40 -0500] "GET /galeria/nivo-slider/demo/images/bannerwebsemanadelasostenibilidadambiental.jpg HTTP/1.1" 200 307069
177.252.252.134 - - [02/May/2017:05:01:40 -0500] "GET /galeria/nivo-slider/demo/images/BANNERCAMINATAS%20ECOLOGICAS%20MARZO.jpg HTTP/1.1" 200 266671
177.252.252.134 - - [02/May/2017:05:01:46 -0500] "GET /galeria/nivo-slider/demo/images/bannerlumina2017web.jpg HTTP/1.1" 200 198918
177.252.252.134 - - [02/May/2017:05:01:46 -0500] "GET /galeria/nivo-slider/demo/images/banner%20reportedearbolescaidos.jpg HTTP/1.1" 200 249999
177.252.252.134 - - [02/May/2017:05:01:47 -0500] "GET /galeria/nivo-slider/demo/images/banner%20aceite%20vegetal%20usado.jpg HTTP/1.1" 200 169350
177.252.252.134 - - [02/May/2017:05:01:47 -0500] "GET /galeria/nivo-slider/demo/images/BANNERRUTADEVERTIMIENTOS.jpg HTTP/1.1" 200 98506
177.252.252.134 - - [02/May/2017:05:01:48 -0500] "GET /galeria/nivo-slider/demo/images/bolsas-06.jpg HTTP/1.1" 200 210950
148.251.136.43 - - [02/May/2017:05:01:49 -0500] "GET /BLA/resoluciones/index.php?page=36 HTTP/1.1" 200 8734
148.251.136.43 - - [02/May/2017:05:02:02 -0500] "GET /BLA/resoluciones/index.php?page=37 HTTP/1.1" 200 8734
66.249.64.61 - - [02/May/2017:05:02:17 -0500] "GET /robots.txt HTTP/1.1" 404 1015
66.249.64.63 - - [02/May/2017:05:02:17 -0500] "GET /dama/libreria/php/decide.php?patron=01.0301 HTTP/1.1" 404 1015
201.245.192.253 - - [02/May/2017:05:02:18 -0500] "GET /galeria/nivo-slider/demo/undefined HTTP/1.1" 404 1314
148.251.136.43 - - [02/May/2017:05:02:24 -0500] "GET /robots.txt HTTP/1.1" 404 1018
148.251.136.43 - - [02/May/2017:05:02:24 -0500] "GET /BLA/resoluciones/index.php?page=38 HTTP/1.1" 200 8734
180.76.15.155 - - [02/May/2017:05:01:33 -0500] "GET /BLA/boletinlegal/ HTTP/1.1" 200 55335
148.251.136.43 - - [02/May/2017:05:02:40 -0500] "GET /BLA/resoluciones/index.php?page=39 HTTP/1.1" 200 8734
148.251.136.43 - - [02/May/2017:05:02:52 -0500] "GET /BLA/resoluciones/index.php?page=4 HTTP/1.1" 200 8734
138.201.192.80 - - [02/May/2017:05:03:02 -0500] "HEAD /portalsiaccapacitaciones/Soportes%20Capacitaciones%202016/Mesas%20de%20Trabajo%202016/GU%C3%8DA%20HUELLA%20DE%20CARBONO%202016.pdf HTTP/1.1" 200 -
148.251.136.43 - - [02/May/2017:05:03:05 -0500] "GET /BLA/resoluciones/index.php?page=41 HTTP/1.1" 200 8734
138.201.192.80 - - [02/May/2017:05:03:03 -0500] "GET /portalsiaccapacitaciones/Soportes%20Capacitaciones%202016/Mesas%20de%20Trabajo%202016/GU%C3%8DA%20HUELLA%20DE%20CARBONO%202016.pdf HTTP/1.1" 200 2408821
148.251.136.43 - - [02/May/2017:05:03:20 -0500] "GET /BLA/resoluciones/index.php?page=42 HTTP/1.1" 200 8734
148.251.136.43 - - [02/May/2017:05:03:32 -0500] "GET /BLA/resoluciones/index.php?page=43 HTTP/1.1" 200 8734
148.251.136.43 - - [02/May/2017:05:03:46 -0500] "GET /BLA/resoluciones/index.php?page=44 HTTP/1.1" 200 8734
201.245.192.253 - - [02/May/2017:05:03:59 -0500] "GET /galeria/nivo-slider/demo/undefined HTTP/1.1" 404 1314
148.251.136.43 - - [02/May/2017:05:03:59 -0500] "GET /BLA/resoluciones/index.php?page=46 HTTP/1.1" 200 8734
148.251.136.43 - - [02/May/2017:05:04:13 -0500] "GET /BLA/resoluciones/index.php?page=47 HTTP/1.1" 200 8734
148.251.136.43 - - [02/May/2017:05:04:27 -0500] "GET /BLA/resoluciones/index.php?page=49 HTTP/1.1" 200 8734
148.251.136.43 - - [02/May/2017:05:04:40 -0500] "GET /BLA/resoluciones/index.php?page=5 HTTP/1.1" 200 8734
192.168.175.104 - - [02/May/2017:05:04:48 -0500] "GET / HTTP/1.1" 200 9990
69.162.124.233 - - [02/May/2017:05:05:18 -0500] "HEAD / HTTP/1.1" 200 -
201.245.192.253 - - [02/May/2017:05:05:40 -0500] "GET /galeria/nivo-slider/demo/undefined HTTP/1.1" 404 1314
192.168.175.104 - - [02/May/2017:05:06:18 -0500] "GET / HTTP/1.1" 200 9990
192.168.175.104 - - [02/May/2017:05:06:28 -0500] "GET / HTTP/1.0" 200 9990
201.245.192.253 - - [02/May/2017:05:07:20 -0500] "GET /galeria/nivo-slider/demo/undefined HTTP/1.1" 404 1314
217.182.132.176 - - [02/May/2017:05:07:41 -0500] "GET /BLA/resoluciones/RESOLUCIONES%202003/RES%202003%201701-1750/20031742.tif HTTP/1.1" 200 138252
201.245.192.253 - - [02/May/2017:05:09:01 -0500] "GET /galeria/nivo-slider/demo/undefined HTTP/1.1" 404 1314
186.154.38.57 - - [02/May/2017:05:09:25 -0500] "GET /galeria/galeria/jquery.fancybox.css?v=2.1.5 HTTP/1.1" 200 4895
186.154.38.57 - - [02/May/2017:05:09:25 -0500] "GET /BLA/boletinlegal/js/jquery.scrollShow.js HTTP/1.1" 200 4586
186.154.38.57 - - [02/May/2017:05:09:25 -0500] "GET /galeria/galeria/jquery.fancybox.js?v=2.1.5 HTTP/1.1" 200 48706
192.168.175.104 - - [02/May/2017:05:09:46 -0500] "GET / HTTP/1.1" 200 9990
69.162.124.233 - - [02/May/2017:05:10:18 -0500] "HEAD / HTTP/1.1" 200 -
201.245.192.253 - - [02/May/2017:05:10:41 -0500] "GET /galeria/nivo-slider/demo/undefined HTTP/1.1" 404 1314
192.168.175.104 - - [02/May/2017:05:11:16 -0500] "GET / HTTP/1.1" 200 9990
192.168.175.104 - - [02/May/2017:05:11:27 -0500] "GET / HTTP/1.0" 200 9990
207.46.13.19 - - [02/May/2017:05:11:37 -0500] "GET /POT-2013/Cartografia/05_Remocion_V1_2013.pdf HTTP/1.1" 200 4650227
201.245.192.253 - - [02/May/2017:05:12:22 -0500] "GET /galeria/nivo-slider/demo/undefined HTTP/1.1" 404 1314
201.245.192.253 - - [02/May/2017:05:14:03 -0500] "GET /galeria/nivo-slider/demo/undefined HTTP/1.1" 404 1314
192.168.175.104 - - [02/May/2017:05:14:45 -0500] "GET / HTTP/1.1" 200 9990
69.162.124.233 - - [02/May/2017:05:15:18 -0500] "HEAD / HTTP/1.1" 200 -
201.245.192.253 - - [02/May/2017:05:15:43 -0500] "GET /galeria/nivo-slider/demo/undefined HTTP/1.1" 404 1314
66.249.64.51 - - [02/May/2017:05:16:12 -0500] "GET /BLA/resoluciones/RESOLUCIONES%202013/1297.pdf HTTP/1.1" 304 -
192.168.175.104 - - [02/May/2017:05:16:15 -0500] "GET / HTTP/1.1" 200 9990
192.168.175.104 - - [02/May/2017:05:16:25 -0500] "GET / HTTP/1.0" 200 9990
91.200.12.15 - - [02/May/2017:05:16:50 -0500] "GET /wp-login.php HTTP/1.1" 404 1174
91.200.12.15 - - [02/May/2017:05:16:50 -0500] "GET /wp-login.php HTTP/1.1" 404 1174
131.117.134.137 - - [02/May/2017:05:17:04 -0500] "GET /galeria/galeria/jquery.fancybox.css?v=2.1.5 HTTP/1.1" 200 4895
131.117.134.137 - - [02/May/2017:05:17:04 -0500] "GET /BLA/boletinlegal/js/jquery.scrollShow.js HTTP/1.1" 200 4586
131.117.134.137 - - [02/May/2017:05:17:04 -0500] "GET /galeria/galeria/jquery.fancybox.js?v=2.1.5 HTTP/1.1" 200 48706
201.245.192.253 - - [02/May/2017:05:17:24 -0500] "GET /galeria/nivo-slider/demo/undefined HTTP/1.1" 404 1314
201.245.192.253 - - [02/May/2017:05:19:04 -0500] "GET /galeria/nivo-slider/demo/undefined HTTP/1.1" 404 1314
192.168.175.104 - - [02/May/2017:05:19:43 -0500] "GET / HTTP/1.1" 200 9990
66.249.64.51 - - [02/May/2017:05:20:11 -0500] "GET /BLA/resoluciones/AUTOS%202013/3166.pdf HTTP/1.1" 200 880479
69.162.124.233 - - [02/May/2017:05:20:17 -0500] "HEAD / HTTP/1.1" 200 -
201.245.192.253 - - [02/May/2017:05:20:45 -0500] "GET /galeria/nivo-slider/demo/undefined HTTP/1.1" 404 1314
180.76.15.158 - - [02/May/2017:05:20:46 -0500] "GET / HTTP/1.1" 200 9990
180.76.15.21 - - [02/May/2017:05:21:04 -0500] "GET / HTTP/1.1" 200 9990
137.74.207.116 - - [02/May/2017:05:21:05 -0500] "GET /BLA/resoluciones/RESOLUCIONES%202005/RES%202005%202751-2800/00002780.tif HTTP/1.1" 200 27964
192.168.175.104 - - [02/May/2017:05:21:13 -0500] "GET / HTTP/1.1" 200 9990
192.168.175.104 - - [02/May/2017:05:21:24 -0500] "GET / HTTP/1.0" 200 9990
66.249.64.55 - - [02/May/2017:05:22:10 -0500] "GET /BLA/resoluciones/RESOLUCIONES%202007/RES%202007%20801%20AL%20900/RESOLUCION%200827%20DE%202007.pdf HTTP/1.1" 304 -
190.143.1.56 - - [02/May/2017:05:22:16 -0500] "GET /galeria/galeria/jquery.fancybox.css?v=2.1.5 HTTP/1.1" 200 4895
190.143.1.56 - - [02/May/2017:05:22:16 -0500] "GET /galeria/galeria/jquery.fancybox.js?v=2.1.5 HTTP/1.1" 200 48706
190.143.1.56 - - [02/May/2017:05:22:16 -0500] "GET /BLA/boletinlegal/js/jquery.scrollShow.js HTTP/1.1" 200 4586
190.143.1.56 - - [02/May/2017:05:22:24 -0500] "GET /galeria/galeria/jquery.fancybox.js?v=2.1.5 HTTP/1.1" 304 -
190.143.1.56 - - [02/May/2017:05:22:24 -0500] "GET /BLA/boletinlegal/js/jquery.scrollShow.js HTTP/1.1" 304 -
190.143.1.56 - - [02/May/2017:05:22:24 -0500] "GET /galeria/galeria/jquery.fancybox.css?v=2.1.5 HTTP/1.1" 304 -
201.245.192.253 - - [02/May/2017:05:22:25 -0500] "GET /galeria/nivo-slider/demo/undefined HTTP/1.1" 404 1314
181.128.207.10 - - [02/May/2017:05:22:26 -0500] "GET /galeria/galeria/jquery.fancybox.css?v=2.1.5 HTTP/1.1" 200 4895
181.128.207.10 - - [02/May/2017:05:22:26 -0500] "GET /BLA/boletinlegal/js/jquery.scrollShow.js HTTP/1.1" 200 4586
181.128.207.10 - - [02/May/2017:05:22:27 -0500] "GET /galeria/galeria/jquery.fancybox.js?v=2.1.5 HTTP/1.1" 200 48706
181.128.207.10 - - [02/May/2017:05:23:02 -0500] "GET /BLA/boletinlegal/js/jquery.scrollShow.js HTTP/1.1" 304 -
181.128.207.10 - - [02/May/2017:05:23:02 -0500] "GET /galeria/galeria/jquery.fancybox.js?v=2.1.5 HTTP/1.1" 304 -
181.128.207.10 - - [02/May/2017:05:23:02 -0500] "GET /galeria/galeria/jquery.fancybox.css?v=2.1.5 HTTP/1.1" 304 -
193.146.109.44 - - [02/May/2017:05:23:20 -0500] "GET /BLA/boletinlegal/styles2.css HTTP/1.1" 200 1838
193.146.109.44 - - [02/May/2017:05:23:20 -0500] "GET /BLA/boletinlegal/style.css HTTP/1.1" 200 9406
193.146.109.44 - - [02/May/2017:05:23:20 -0500] "GET /BLA/boletinlegal/js/jquery.scrollTo-min.js HTTP/1.1" 200 1150
193.146.109.44 - - [02/May/2017:05:23:20 -0500] "GET /BLA/boletinlegal/js/jquery.scrollShow.js HTTP/1.1" 200 4586
193.146.109.44 - - [02/May/2017:05:23:20 -0500] "GET /BLA/boletinlegal/js/jquery.js HTTP/1.1" 200 57254
193.146.109.44 - - [02/May/2017:05:23:23 -0500] "GET /BLA/boletinlegal/images/bg_top.jpg HTTP/1.1" 200 522
193.146.109.44 - - [02/May/2017:05:23:23 -0500] "GET /BLA/boletinlegal/images/hover.jpg HTTP/1.1" 200 640
193.146.109.44 - - [02/May/2017:05:23:22 -0500] "GET /BLA/boletinlegal/images/subscribe-icon-big.png HTTP/1.1" 200 47702
193.146.109.44 - - [02/May/2017:05:23:23 -0500] "GET /BLA/boletinlegal/images/menu_bg.jpg HTTP/1.1" 200 620
193.146.109.44 - - [02/May/2017:05:23:23 -0500] "GET /BLA/boletinlegal/images/body_bg.jpg HTTP/1.1" 200 1601
193.146.109.44 - - [02/May/2017:05:23:22 -0500] "GET /BLA/boletinlegal/images/cabezote%20BLEGAL.jpg HTTP/1.1" 200 118164
193.146.109.44 - - [02/May/2017:05:23:23 -0500] "GET /BLA/boletinlegal/images/menu_rght.gif HTTP/1.1" 200 1627
193.146.109.44 - - [02/May/2017:05:23:23 -0500] "GET /BLA/boletinlegal/images/text.jpg HTTP/1.1" 200 568
193.146.109.44 - - [02/May/2017:05:23:23 -0500] "GET /BLA/boletinlegal/images/menu_lft.gif HTTP/1.1" 200 1713
193.146.109.44 - - [02/May/2017:05:23:23 -0500] "GET /BLA/boletinlegal/images/registro-usuarios.png HTTP/1.1" 200 8106
193.146.109.44 - - [02/May/2017:05:23:23 -0500] "GET /BLA/boletinlegal/images/arr_l.jpg HTTP/1.1" 200 1979
193.146.109.44 - - [02/May/2017:05:23:24 -0500] "GET /BLA/boletinlegal/images/launch.jpg HTTP/1.1" 200 14577
193.146.109.44 - - [02/May/2017:05:23:23 -0500] "GET /BLA/boletinlegal/images/historia.png HTTP/1.1" 200 52775
193.146.109.44 - - [02/May/2017:05:23:25 -0500] "GET /BLA/boletinlegal/images/arr_r.jpg HTTP/1.1" 200 1998
193.146.109.44 - - [02/May/2017:05:23:23 -0500] "GET /BLA/boletinlegal/images/screen_1.png HTTP/1.1" 200 202547
193.146.109.44 - - [02/May/2017:05:23:28 -0500] "GET /BLA/boletinlegal/images/footer_bg.jpg HTTP/1.1" 200 586
193.146.109.44 - - [02/May/2017:05:23:25 -0500] "GET /BLA/boletinlegal/images/screen_5.png HTTP/1.1" 200 368876
193.146.109.44 - - [02/May/2017:05:23:25 -0500] "GET /BLA/boletinlegal/images/screen_2.png HTTP/1.1" 200 362502
193.146.109.44 - - [02/May/2017:05:23:25 -0500] "GET /BLA/boletinlegal/images/screen_3.png HTTP/1.1" 200 210620
193.146.109.44 - - [02/May/2017:05:23:33 -0500] "GET /BLA/boletinlegal/images/pdf.gif HTTP/1.1" 200 567
193.146.109.44 - - [02/May/2017:05:23:40 -0500] "GET /BLA/boletinlegal/normativa.php HTTP/1.1" 200 8086
193.146.109.44 - - [02/May/2017:05:23:40 -0500] "GET /BLA/boletinlegal/niceforms-default.css HTTP/1.1" 200 6694
193.146.109.44 - - [02/May/2017:05:23:40 -0500] "GET /BLA/boletinlegal/js/ajax_normativa.js HTTP/1.1" 200 1154
193.146.109.44 - - [02/May/2017:05:23:41 -0500] "GET /BLA/boletinlegal/niceforms.js HTTP/1.1" 200 22876
193.146.109.44 - - [02/May/2017:05:23:41 -0500] "GET /BLA/boletinlegal/images/abajo.png HTTP/1.1" 200 96676
193.146.109.44 - - [02/May/2017:05:23:42 -0500] "GET /BLA/boletinlegal/images/tel.png HTTP/1.1" 200 14477
193.146.109.44 - - [02/May/2017:05:23:42 -0500] "GET /BLA/boletinlegal/images/icono-email.png HTTP/1.1" 200 5544
193.146.109.44 - - [02/May/2017:05:23:42 -0500] "GET /BLA/boletinlegal/images/footer_bg_l.jpg HTTP/1.1" 200 776
193.146.109.44 - - [02/May/2017:05:23:43 -0500] "GET /BLA/boletinlegal/img/0.png HTTP/1.1" 200 110
193.146.109.44 - - [02/May/2017:05:23:43 -0500] "GET /BLA/boletinlegal/img/select-left.png HTTP/1.1" 200 263
193.146.109.44 - - [02/May/2017:05:23:43 -0500] "GET /BLA/boletinlegal/img/button.png HTTP/1.1" 200 43241
193.146.109.44 - - [02/May/2017:05:23:43 -0500] "GET /BLA/boletinlegal/img/button-right.png HTTP/1.1" 200 57878
193.146.109.44 - - [02/May/2017:05:23:43 -0500] "GET /BLA/boletinlegal/img/button-left.png HTTP/1.1" 200 57071
193.146.109.44 - - [02/May/2017:05:23:43 -0500] "GET /BLA/boletinlegal/img/select-right.png HTTP/1.1" 200 44019
193.146.109.44 - - [02/May/2017:05:23:19 -0500] "GET /BLA/boletinlegal/ HTTP/1.1" 200 28619
193.146.109.44 - - [02/May/2017:05:23:48 -0500] "GET /favicon.ico HTTP/1.1" 200 7782
201.245.192.253 - - [02/May/2017:05:24:06 -0500] "GET /galeria/nivo-slider/demo/undefined HTTP/1.1" 404 1314
66.249.64.53 - - [02/May/2017:05:24:15 -0500] "GET /BLA/resoluciones/RESOLUCIONES%202007/RES%202007%202001%20AL%202100/RESOLUCION%202080%20DE%202007.pdf HTTP/1.1" 200 885110
192.168.175.104 - - [02/May/2017:05:24:41 -0500] "GET / HTTP/1.1" 200 9990
193.146.109.44 - - [02/May/2017:05:24:47 -0500] "GET /BLA/boletinlegal/consulta_normativa.php?tipo=&sector=residuos&ano=&resuelve= HTTP/1.1" 200 20100
193.146.109.44 - - [02/May/2017:05:24:48 -0500] "GET /BLA/boletinlegal/images/docs.png HTTP/1.1" 200 10288
193.146.109.44 - - [02/May/2017:05:25:09 -0500] "GET /BLA/boletinlegal/images/background.gif HTTP/1.1" 200 -
69.162.124.233 - - [02/May/2017:05:25:17 -0500] "HEAD / HTTP/1.1" 200 -
201.245.192.253 - - [02/May/2017:05:25:47 -0500] "GET /galeria/nivo-slider/demo/undefined HTTP/1.1" 404 1314
193.146.109.44 - - [02/May/2017:05:25:58 -0500] "GET /BLA/boletinlegal/consulta_normativa.php?tipo=&sector=residuos&ano=2014&resuelve= HTTP/1.1" 200 924
66.249.64.53 - - [02/May/2017:05:26:09 -0500] "GET /BLA/resoluciones/AUTOS%202012/1824.pdf HTTP/1.1" 304 -
192.168.175.104 - - [02/May/2017:05:26:11 -0500] "GET / HTTP/1.1" 200 9990
192.168.175.104 - - [02/May/2017:05:26:22 -0500] "GET / HTTP/1.0" 200 9990
193.146.109.44 - - [02/May/2017:05:26:37 -0500] "GET /BLA/boletinlegal/consulta_normativa.php?tipo=&sector=residuos&ano=2011&resuelve= HTTP/1.1" 200 2502
193.146.109.44 - - [02/May/2017:05:27:20 -0500] "GET /bla/resoluciones/RESOLUCIONES%202011/2397.pdf HTTP/1.1" 200 615784
193.146.109.44 - - [02/May/2017:05:27:25 -0500] "GET /favicon.ico HTTP/1.1" 200 7782
201.245.192.253 - - [02/May/2017:05:27:27 -0500] "GET /galeria/nivo-slider/demo/undefined HTTP/1.1" 404 1314
66.249.64.53 - - [02/May/2017:05:28:08 -0500] "GET /BLA/resoluciones/AUTOS%202014/6797.pdf HTTP/1.1" 304 -
190.63.127.101 - - [02/May/2017:05:28:39 -0500] "GET /galeria/galeria/jquery.fancybox.css?v=2.1.5 HTTP/1.1" 200 4895
190.63.127.101 - - [02/May/2017:05:28:39 -0500] "GET /galeria/galeria/jquery.fancybox.js?v=2.1.5 HTTP/1.1" 200 48706
190.63.127.101 - - [02/May/2017:05:28:39 -0500] "GET /BLA/boletinlegal/js/jquery.scrollShow.js HTTP/1.1" 200 4586
201.245.192.253 - - [02/May/2017:05:29:08 -0500] "GET /galeria/nivo-slider/demo/undefined HTTP/1.1" 404 1314
192.168.175.104 - - [02/May/2017:05:29:39 -0500] "GET / HTTP/1.1" 200 9990
181.49.79.35 - - [02/May/2017:05:30:09 -0500] "GET /galeria/nivo-slider/demo/images/bannercampa%C3%B1acambiodesede.jpg HTTP/1.1" 200 134156
181.49.79.35 - - [02/May/2017:05:30:09 -0500] "GET /galeria/nivo-slider/demo/images/bannercampa%C3%B1acambiodesede.jpg HTTP/1.1" 200 134156
69.162.124.233 - - [02/May/2017:05:30:17 -0500] "HEAD / HTTP/1.1" 200 -
201.245.192.253 - - [02/May/2017:05:30:49 -0500] "GET /galeria/nivo-slider/demo/undefined HTTP/1.1" 404 1314
192.168.175.104 - - [02/May/2017:05:31:09 -0500] "GET / HTTP/1.1" 200 9990
138.219.218.9 - - [02/May/2017:05:31:16 -0500] "GET /BLA/resoluciones/RESOLUCIONES%202010/3787.pdf HTTP/1.1" 200 721211
138.219.218.9 - - [02/May/2017:05:31:16 -0500] "GET /BLA/resoluciones/RESOLUCIONES%202010/3787.pdf HTTP/1.1" 200 721211
138.219.218.9 - - [02/May/2017:05:31:16 -0500] "GET /BLA/resoluciones/RESOLUCIONES%202010/3787.pdf HTTP/1.1" 206 384
138.219.218.9 - - [02/May/2017:05:31:16 -0500] "GET /BLA/resoluciones/RESOLUCIONES%202010/3787.pdf HTTP/1.1" 206 384
192.168.175.104 - - [02/May/2017:05:31:20 -0500] "GET / HTTP/1.0" 200 9990
82.2.98.213 - - [02/May/2017:05:31:39 -0500] "GET /wp-login.php HTTP/1.1" 404 1018
82.2.98.213 - - [02/May/2017:05:31:39 -0500] "GET / HTTP/1.1" 200 9990
66.249.64.55 - - [02/May/2017:05:32:07 -0500] "GET /BLA/resoluciones/AUTOS%202009/3121.pdf HTTP/1.1" 304 -
201.245.192.253 - - [02/May/2017:05:32:29 -0500] "GET /galeria/nivo-slider/demo/undefined HTTP/1.1" 404 1314
217.182.132.171 - - [02/May/2017:05:33:02 -0500] "GET /BLA/resoluciones/RESOLUCIONES%202004/RES%202004%201951-2000/00001987.tif HTTP/1.1" 200 219448
164.132.162.153 - - [02/May/2017:05:33:07 -0500] "GET /BLA/resoluciones/RESOLUCIONES%202003/RES%202003%20651-700/655.tif HTTP/1.1" 200 279944
164.132.161.67 - - [02/May/2017:05:33:41 -0500] "GET /BLA/resoluciones/RESOLUCIONES%202006/RES%202006%20701-750/00000705.tif HTTP/1.1" 200 187976
201.245.192.253 - - [02/May/2017:05:34:10 -0500] "GET /galeria/nivo-slider/demo/undefined HTTP/1.1" 404 1314
192.168.175.104 - - [02/May/2017:05:34:37 -0500] "GET / HTTP/1.1" 200 9990
164.132.161.10 - - [02/May/2017:05:34:43 -0500] "GET /BLA/resoluciones/RESOLUCIONES%202003/RES%202003%201751-1800/20031784.tif HTTP/1.1" 200 41894
69.162.124.233 - - [02/May/2017:05:35:17 -0500] "HEAD / HTTP/1.1" 200 -
186.87.131.95 - - [02/May/2017:05:35:19 -0500] "GET /galeria/galeria/jquery.fancybox.js?v=2.1.5 HTTP/1.1" 200 48706
186.87.131.95 - - [02/May/2017:05:35:19 -0500] "GET /galeria/galeria/jquery.fancybox.css?v=2.1.5 HTTP/1.1" 200 4895
186.87.131.95 - - [02/May/2017:05:35:19 -0500] "GET /BLA/boletinlegal/js/jquery.scrollShow.js HTTP/1.1" 200 4586
51.255.65.68 - - [02/May/2017:05:35:35 -0500] "GET /BLA/resoluciones/RESOLUCIONES%202005/RES%202005%20651-700/00000687.tif HTTP/1.1" 200 351078
201.245.192.253 - - [02/May/2017:05:35:50 -0500] "GET /galeria/nivo-slider/demo/undefined HTTP/1.1" 404 1314
66.249.64.51 - - [02/May/2017:05:36:06 -0500] "GET /BLA/resoluciones/Notificaciones/AUTOS%202015/05808.doc HTTP/1.1" 200 105583
192.168.175.104 - - [02/May/2017:05:36:07 -0500] "GET / HTTP/1.1" 200 9990
192.168.175.104 - - [02/May/2017:05:36:18 -0500] "GET / HTTP/1.0" 200 9990
217.182.132.83 - - [02/May/2017:05:37:01 -0500] "GET /BLA/resoluciones/RESOLUCIONES%202004/RES%202004%201001-1050/00001016.tif HTTP/1.1" 200 101154
201.245.192.253 - - [02/May/2017:05:37:31 -0500] "GET /galeria/nivo-slider/demo/undefined HTTP/1.1" 404 1314
66.249.64.51 - - [02/May/2017:05:38:24 -0500] "GET /galeria/galeria/fotos/juan-amarillo3G.jpg HTTP/1.1" 304 -
123.125.71.72 - - [02/May/2017:05:39:00 -0500] "GET /BLA/resoluciones/RESOLUCIONES%202015/3183.pdf HTTP/1.1" 200 539514
201.245.192.253 - - [02/May/2017:05:39:12 -0500] "GET /galeria/nivo-slider/demo/undefined HTTP/1.1" 404 1314
181.61.108.133 - - [02/May/2017:05:39:22 -0500] "GET /BLA/boletinlegal/js/jquery.scrollShow.js HTTP/1.1" 200 4586
181.61.108.133 - - [02/May/2017:05:39:22 -0500] "GET /galeria/galeria/jquery.fancybox.js?v=2.1.5 HTTP/1.1" 200 48706
181.61.108.133 - - [02/May/2017:05:39:22 -0500] "GET /galeria/carrusel/Carrusel/jquery.thumbnailScroller.css HTTP/1.1" 200 2066
181.61.108.133 - - [02/May/2017:05:39:23 -0500] "GET /galeria/carrusel/Carrusel/jquery-ui-1.8.13.custom.min.js HTTP/1.1" 200 10800
181.61.108.133 - - [02/May/2017:05:39:23 -0500] "GET /galeria/carrusel/Carrusel/jquery.thumbnailScroller.js HTTP/1.1" 200 8157
181.61.108.133 - - [02/May/2017:05:39:23 -0500] "GET /galeria/nivo-slider/demo/demo.html HTTP/1.1" 200 3778
181.61.108.133 - - [02/May/2017:05:39:23 -0500] "GET /galeria/nivo-slider/themes/default/default.css HTTP/1.1" 200 1569
181.61.108.133 - - [02/May/2017:05:39:23 -0500] "GET /galeria/nivo-slider/themes/pascal/pascal.css HTTP/1.1" 200 2258
181.61.108.133 - - [02/May/2017:05:39:23 -0500] "GET /galeria/nivo-slider/themes/orman/orman.css HTTP/1.1" 200 2152
181.61.108.133 - - [02/May/2017:05:39:23 -0500] "GET /galeria/nivo-slider/nivo-slider.css HTTP/1.1" 200 1507
181.61.108.133 - - [02/May/2017:05:39:23 -0500] "GET /galeria/nivo-slider/demo/style.css HTTP/1.1" 200 2222
181.61.108.133 - - [02/May/2017:05:39:23 -0500] "GET /galeria/nivo-slider/demo/scripts/jquery-1.7.1.min.js HTTP/1.1" 200 93868
181.61.108.133 - - [02/May/2017:05:39:23 -0500] "GET /galeria/nivo-slider/jquery.nivo.slider.pack.js HTTP/1.1" 200 11561
181.61.108.133 - - [02/May/2017:05:39:23 -0500] "GET /galeria/nivo-slider/demo/images/Banner%20Eleccion%20de%20representantes.jpg HTTP/1.1" 200 227700
181.61.108.133 - - [02/May/2017:05:39:23 -0500] "GET /galeria/nivo-slider/demo/images/BANNERCAMPA%C3%91ACRUZDEMAYO.jpg HTTP/1.1" 200 336199
181.61.108.133 - - [02/May/2017:05:39:23 -0500] "GET /galeria/nivo-slider/demo/images/BANNERRECICLATON2017.jpg HTTP/1.1" 200 244103
181.61.108.133 - - [02/May/2017:05:39:23 -0500] "GET /galeria/nivo-slider/themes/default/loading.gif HTTP/1.1" 200 1737
181.61.108.133 - - [02/May/2017:05:39:24 -0500] "GET /galeria/nivo-slider/demo/images/4Simple_Slider.png HTTP/1.1" 200 11722
181.61.108.133 - - [02/May/2017:05:39:24 -0500] "GET /galeria/nivo-slider/demo/images/bannercampa%C3%B1acambiodesede.jpg HTTP/1.1" 200 134156
181.61.108.133 - - [02/May/2017:05:39:24 -0500] "GET /galeria/nivo-slider/demo/images/bannerwebsemanadelasostenibilidadambiental.jpg HTTP/1.1" 200 307069
181.61.108.133 - - [02/May/2017:05:39:24 -0500] "GET /galeria/nivo-slider/demo/images/BANNERCAMINATAS%20ECOLOGICAS%20MARZO.jpg HTTP/1.1" 200 266671
181.61.108.133 - - [02/May/2017:05:39:25 -0500] "GET /galeria/nivo-slider/demo/images/bannerlumina2017web.jpg HTTP/1.1" 200 198918
181.61.108.133 - - [02/May/2017:05:39:25 -0500] "GET /galeria/nivo-slider/demo/images/banner%20reportedearbolescaidos.jpg HTTP/1.1" 200 249999
181.61.108.133 - - [02/May/2017:05:39:26 -0500] "GET /galeria/nivo-slider/demo/images/banner%20aceite%20vegetal%20usado.jpg HTTP/1.1" 200 169350
181.61.108.133 - - [02/May/2017:05:39:26 -0500] "GET /galeria/nivo-slider/demo/images/BANNERRUTADEVERTIMIENTOS.jpg HTTP/1.1" 200 98506
181.61.108.133 - - [02/May/2017:05:39:26 -0500] "GET /galeria/nivo-slider/demo/images/bolsas-06.jpg HTTP/1.1" 200 210950
192.168.175.104 - - [02/May/2017:05:39:36 -0500] "GET / HTTP/1.1" 200 9990
69.162.124.233 - - [02/May/2017:05:40:17 -0500] "HEAD / HTTP/1.1" 200 -
201.245.192.253 - - [02/May/2017:05:40:52 -0500] "GET /galeria/nivo-slider/demo/undefined HTTP/1.1" 404 1314
192.168.175.104 - - [02/May/2017:05:41:07 -0500] "GET / HTTP/1.1" 200 9990
192.168.175.104 - - [02/May/2017:05:41:17 -0500] "GET / HTTP/1.0" 200 9990
113.104.193.237 - - [02/May/2017:05:41:25 -0500] "GET / HTTP/1.1" 200 9990
113.104.193.237 - - [02/May/2017:05:41:31 -0500] "GET / HTTP/1.1" 200 9990
66.249.64.26 - - [02/May/2017:05:42:04 -0500] "GET / HTTP/1.1" 200 9990
66.249.64.32 - - [02/May/2017:05:42:04 -0500] "GET /robots.txt HTTP/1.1" 404 1015
51.255.65.55 - - [02/May/2017:05:42:21 -0500] "GET /BLA/resoluciones/RESOLUCIONES%202006/RES%202006%201251-1300/00001288.tif HTTP/1.1" 200 159762
201.245.192.253 - - [02/May/2017:05:42:33 -0500] "GET /galeria/nivo-slider/demo/undefined HTTP/1.1" 404 1314
66.249.64.51 - - [02/May/2017:05:42:46 -0500] "GET /galeria/nivo-slider/demo/demo.html HTTP/1.1" 200 3778
201.245.192.253 - - [02/May/2017:05:44:13 -0500] "GET /galeria/nivo-slider/demo/undefined HTTP/1.1" 404 1314
192.168.175.104 - - [02/May/2017:05:44:35 -0500] "GET / HTTP/1.1" 200 9990
186.170.221.67 - - [02/May/2017:05:44:40 -0500] "GET /BLA/boletinlegal/js/jquery.scrollShow.js HTTP/1.1" 200 4586
186.170.221.67 - - [02/May/2017:05:44:40 -0500] "GET /galeria/galeria/jquery.fancybox.js?v=2.1.5 HTTP/1.1" 200 48706
186.170.221.67 - - [02/May/2017:05:44:40 -0500] "GET /galeria/galeria/jquery.fancybox.css?v=2.1.5 HTTP/1.1" 200 4895
187.242.121.152 - - [02/May/2017:05:44:40 -0500] "GET /galeria/galeria/jquery.fancybox.css?v=2.1.5 HTTP/1.1" 200 4895
187.242.121.152 - - [02/May/2017:05:44:40 -0500] "GET /BLA/boletinlegal/js/jquery.scrollShow.js HTTP/1.1" 200 4586
187.242.121.152 - - [02/May/2017:05:44:40 -0500] "GET /galeria/galeria/jquery.fancybox.js?v=2.1.5 HTTP/1.1" 200 48706
187.242.121.152 - - [02/May/2017:05:44:56 -0500] "GET /galeria/galeria/jquery.fancybox.css?v=2.1.5 HTTP/1.1" 304 -
187.242.121.152 - - [02/May/2017:05:44:56 -0500] "GET /BLA/boletinlegal/js/jquery.scrollShow.js HTTP/1.1" 304 -
187.242.121.152 - - [02/May/2017:05:44:56 -0500] "GET /galeria/galeria/jquery.fancybox.js?v=2.1.5 HTTP/1.1" 304 -
74.117.180.23 - - [02/May/2017:05:45:13 -0500] "HEAD /dama/libreria/pdf/pigas/PIGA_JB/ANEXO17.pdf HTTP/1.1" 404 -
69.162.124.233 - - [02/May/2017:05:45:17 -0500] "HEAD / HTTP/1.1" 200 -
181.52.75.250 - - [02/May/2017:05:45:30 -0500] "GET /BLA/boletinlegal/js/jquery.scrollShow.js HTTP/1.1" 200 4586
181.52.75.250 - - [02/May/2017:05:45:31 -0500] "GET /galeria/galeria/jquery.fancybox.js?v=2.1.5 HTTP/1.1" 200 48706
181.52.75.250 - - [02/May/2017:05:45:32 -0500] "GET /galeria/galeria/jquery.fancybox.css?v=2.1.5 HTTP/1.1" 200 4895
181.52.75.250 - - [02/May/2017:05:45:32 -0500] "GET /galeria/carrusel/Carrusel/jquery.thumbnailScroller.css HTTP/1.1" 200 2066
181.52.75.250 - - [02/May/2017:05:45:32 -0500] "GET /galeria/carrusel/Carrusel/jquery-ui-1.8.13.custom.min.js HTTP/1.1" 200 10800
181.52.75.250 - - [02/May/2017:05:45:32 -0500] "GET /galeria/carrusel/Carrusel/jquery.thumbnailScroller.js HTTP/1.1" 200 8157
181.52.75.250 - - [02/May/2017:05:45:33 -0500] "GET /galeria/nivo-slider/demo/demo.html HTTP/1.1" 200 3778
181.52.75.250 - - [02/May/2017:05:45:34 -0500] "GET /galeria/nivo-slider/themes/default/default.css HTTP/1.1" 200 1569
181.52.75.250 - - [02/May/2017:05:45:35 -0500] "GET /galeria/nivo-slider/themes/pascal/pascal.css HTTP/1.1" 200 2258
181.52.75.250 - - [02/May/2017:05:45:35 -0500] "GET /galeria/nivo-slider/themes/orman/orman.css HTTP/1.1" 200 2152
181.52.75.250 - - [02/May/2017:05:45:35 -0500] "GET /galeria/nivo-slider/nivo-slider.css HTTP/1.1" 200 1507
181.52.75.250 - - [02/May/2017:05:45:35 -0500] "GET /galeria/nivo-slider/demo/style.css HTTP/1.1" 200 2222
181.52.75.250 - - [02/May/2017:05:45:35 -0500] "GET /galeria/nivo-slider/demo/scripts/jquery-1.7.1.min.js HTTP/1.1" 200 93868
181.52.75.250 - - [02/May/2017:05:45:35 -0500] "GET /galeria/nivo-slider/demo/images/Banner%20Eleccion%20de%20representantes.jpg HTTP/1.1" 200 227700
181.52.75.250 - - [02/May/2017:05:45:35 -0500] "GET /galeria/nivo-slider/jquery.nivo.slider.pack.js HTTP/1.1" 200 11561
181.52.75.250 - - [02/May/2017:05:45:36 -0500] "GET /galeria/nivo-slider/themes/default/loading.gif HTTP/1.1" 200 1737
181.52.75.250 - - [02/May/2017:05:45:36 -0500] "GET /galeria/nivo-slider/demo/images/4Simple_Slider.png HTTP/1.1" 200 11722
181.52.75.250 - - [02/May/2017:05:45:37 -0500] "GET /galeria/nivo-slider/demo/images/BANNERCAMPA%C3%91ACRUZDEMAYO.jpg HTTP/1.1" 200 336199
181.52.75.250 - - [02/May/2017:05:45:37 -0500] "GET /galeria/nivo-slider/demo/images/BANNERRECICLATON2017.jpg HTTP/1.1" 200 244103
181.52.75.250 - - [02/May/2017:05:45:38 -0500] "GET /galeria/nivo-slider/demo/images/bannercampa%C3%B1acambiodesede.jpg HTTP/1.1" 200 134156
181.52.75.250 - - [02/May/2017:05:45:38 -0500] "GET /galeria/nivo-slider/demo/images/bannerwebsemanadelasostenibilidadambiental.jpg HTTP/1.1" 200 307069
181.52.75.250 - - [02/May/2017:05:45:43 -0500] "GET /galeria/nivo-slider/demo/images/BANNERCAMINATAS%20ECOLOGICAS%20MARZO.jpg HTTP/1.1" 200 266671
181.52.75.250 - - [02/May/2017:05:45:45 -0500] "GET /galeria/nivo-slider/demo/images/bannerlumina2017web.jpg HTTP/1.1" 200 198918
181.52.75.250 - - [02/May/2017:05:45:45 -0500] "GET /galeria/nivo-slider/demo/images/banner%20reportedearbolescaidos.jpg HTTP/1.1" 200 249999
181.52.75.250 - - [02/May/2017:05:45:46 -0500] "GET /galeria/nivo-slider/demo/images/banner%20aceite%20vegetal%20usado.jpg HTTP/1.1" 200 169350
181.52.75.250 - - [02/May/2017:05:45:46 -0500] "GET /galeria/nivo-slider/demo/images/BANNERRUTADEVERTIMIENTOS.jpg HTTP/1.1" 200 98506
181.52.75.250 - - [02/May/2017:05:45:46 -0500] "GET /galeria/nivo-slider/demo/images/bolsas-06.jpg HTTP/1.1" 200 210950
181.52.75.250 - - [02/May/2017:05:45:53 -0500] "GET /galeria/nivo-slider/themes/default/bullets.png HTTP/1.1" 200 1281
181.52.75.250 - - [02/May/2017:05:45:53 -0500] "GET /galeria/nivo-slider/themes/default/arrows.png HTTP/1.1" 200 824
201.245.192.253 - - [02/May/2017:05:45:54 -0500] "GET /galeria/nivo-slider/demo/undefined HTTP/1.1" 404 1314
192.168.175.104 - - [02/May/2017:05:46:04 -0500] "GET / HTTP/1.1" 200 9990
181.61.108.133 - - [02/May/2017:05:46:12 -0500] "GET /BLA/boletinlegal/js/jquery.scrollShow.js HTTP/1.1" 200 4586
181.61.108.133 - - [02/May/2017:05:46:12 -0500] "GET /galeria/galeria/jquery.fancybox.js?v=2.1.5 HTTP/1.1" 200 48706
181.61.108.133 - - [02/May/2017:05:46:12 -0500] "GET /galeria/galeria/jquery.fancybox.css?v=2.1.5 HTTP/1.1" 200 4895
181.61.108.133 - - [02/May/2017:05:46:12 -0500] "GET /galeria/carrusel/Carrusel/jquery.thumbnailScroller.css HTTP/1.1" 200 2066
181.61.108.133 - - [02/May/2017:05:46:12 -0500] "GET /galeria/carrusel/Carrusel/jquery-ui-1.8.13.custom.min.js HTTP/1.1" 200 10800
181.61.108.133 - - [02/May/2017:05:46:12 -0500] "GET /galeria/carrusel/Carrusel/jquery.thumbnailScroller.js HTTP/1.1" 200 8157
181.61.108.133 - - [02/May/2017:05:46:13 -0500] "GET /galeria/nivo-slider/demo/demo.html HTTP/1.1" 200 3778
181.61.108.133 - - [02/May/2017:05:46:13 -0500] "GET /galeria/nivo-slider/nivo-slider.css HTTP/1.1" 200 1507
181.61.108.133 - - [02/May/2017:05:46:13 -0500] "GET /galeria/nivo-slider/themes/orman/orman.css HTTP/1.1" 200 2152
181.61.108.133 - - [02/May/2017:05:46:13 -0500] "GET /galeria/nivo-slider/themes/default/default.css HTTP/1.1" 200 1569
181.61.108.133 - - [02/May/2017:05:46:13 -0500] "GET /galeria/nivo-slider/themes/pascal/pascal.css HTTP/1.1" 200 2258
181.61.108.133 - - [02/May/2017:05:46:13 -0500] "GET /galeria/nivo-slider/demo/style.css HTTP/1.1" 200 2222
181.61.108.133 - - [02/May/2017:05:46:13 -0500] "GET /galeria/nivo-slider/demo/scripts/jquery-1.7.1.min.js HTTP/1.1" 200 93868
181.61.108.133 - - [02/May/2017:05:46:13 -0500] "GET /galeria/nivo-slider/jquery.nivo.slider.pack.js HTTP/1.1" 200 11561
181.61.108.133 - - [02/May/2017:05:46:13 -0500] "GET /galeria/nivo-slider/demo/images/Banner%20Eleccion%20de%20representantes.jpg HTTP/1.1" 200 227700
181.61.108.133 - - [02/May/2017:05:46:13 -0500] "GET /galeria/nivo-slider/demo/images/BANNERRECICLATON2017.jpg HTTP/1.1" 200 244103
181.61.108.133 - - [02/May/2017:05:46:13 -0500] "GET /galeria/nivo-slider/demo/images/BANNERCAMPA%C3%91ACRUZDEMAYO.jpg HTTP/1.1" 200 336199
181.61.108.133 - - [02/May/2017:05:46:13 -0500] "GET /galeria/nivo-slider/demo/images/bannercampa%C3%B1acambiodesede.jpg HTTP/1.1" 200 134156
181.61.108.133 - - [02/May/2017:05:46:13 -0500] "GET /galeria/nivo-slider/demo/images/bannerwebsemanadelasostenibilidadambiental.jpg HTTP/1.1" 200 307069
181.61.108.133 - - [02/May/2017:05:46:14 -0500] "GET /galeria/nivo-slider/demo/images/BANNERCAMINATAS%20ECOLOGICAS%20MARZO.jpg HTTP/1.1" 200 266671
181.61.108.133 - - [02/May/2017:05:46:14 -0500] "GET /galeria/nivo-slider/demo/images/bannerlumina2017web.jpg HTTP/1.1" 200 198918
181.61.108.133 - - [02/May/2017:05:46:14 -0500] "GET /galeria/nivo-slider/demo/images/banner%20reportedearbolescaidos.jpg HTTP/1.1" 200 249999
192.168.175.104 - - [02/May/2017:05:46:15 -0500] "GET / HTTP/1.0" 200 9990
181.61.108.133 - - [02/May/2017:05:46:15 -0500] "GET /galeria/nivo-slider/demo/images/banner%20aceite%20vegetal%20usado.jpg HTTP/1.1" 200 169350
181.61.108.133 - - [02/May/2017:05:46:15 -0500] "GET /galeria/nivo-slider/demo/images/BANNERRUTADEVERTIMIENTOS.jpg HTTP/1.1" 200 98506
181.61.108.133 - - [02/May/2017:05:46:15 -0500] "GET /galeria/nivo-slider/demo/images/bolsas-06.jpg HTTP/1.1" 200 210950
181.61.108.133 - - [02/May/2017:05:46:15 -0500] "GET /galeria/nivo-slider/demo/images/4Simple_Slider.png HTTP/1.1" 200 11722
181.61.108.133 - - [02/May/2017:05:46:16 -0500] "GET /galeria/nivo-slider/themes/default/loading.gif HTTP/1.1" 200 1737
181.61.108.133 - - [02/May/2017:05:46:22 -0500] "GET /galeria/nivo-slider/themes/default/arrows.png HTTP/1.1" 200 824
181.61.108.133 - - [02/May/2017:05:46:22 -0500] "GET /galeria/nivo-slider/themes/default/bullets.png HTTP/1.1" 200 1281
181.52.75.250 - - [02/May/2017:05:46:24 -0500] "GET /galeria/galeria/jquery.fancybox.css?v=2.1.5 HTTP/1.1" 304 -
181.52.75.250 - - [02/May/2017:05:46:24 -0500] "GET /BLA/boletinlegal/js/jquery.scrollShow.js HTTP/1.1" 304 -
181.52.75.250 - - [02/May/2017:05:46:24 -0500] "GET /galeria/galeria/jquery.fancybox.js?v=2.1.5 HTTP/1.1" 304 -
164.132.161.19 - - [02/May/2017:05:46:54 -0500] "GET /BLA/resoluciones/RESOLUCIONES%202004/RES%202004%20151-200/00000167.tif HTTP/1.1" 200 98238
201.245.192.253 - - [02/May/2017:05:47:34 -0500] "GET /galeria/nivo-slider/demo/undefined HTTP/1.1" 404 1314
207.241.229.237 - - [02/May/2017:05:48:20 -0500] "GET /robots.txt HTTP/1.0" 404 1018
207.241.229.237 - - [02/May/2017:05:48:27 -0500] "GET /favicon.ico HTTP/1.0" 200 7782
190.99.162.5 - - [02/May/2017:05:48:29 -0500] "GET /BLA/resoluciones/AUTOS%202015/0540.pdf HTTP/1.1" 200 522735
190.99.162.5 - - [02/May/2017:05:48:30 -0500] "GET /favicon.ico HTTP/1.1" 200 7782
190.99.162.5 - - [02/May/2017:05:48:31 -0500] "GET /BLA/resoluciones/AUTOS%202015/0540.pdf HTTP/1.1" 206 426407
123.125.67.224 - - [02/May/2017:05:48:57 -0500] "GET /BLA/resoluciones/RESOLUCIONES%202015/1785.pdf HTTP/1.1" 200 922261
201.245.192.253 - - [02/May/2017:05:49:15 -0500] "GET /galeria/nivo-slider/demo/undefined HTTP/1.1" 404 1314
192.168.175.104 - - [02/May/2017:05:49:34 -0500] "GET / HTTP/1.1" 200 9990
51.255.65.18 - - [02/May/2017:05:49:53 -0500] "GET /BLA/resoluciones/RESOLUCIONES%202005/RES%202005%201401-1450/00001414.tif HTTP/1.1" 200 134622
190.99.162.5 - - [02/May/2017:05:50:06 -0500] "GET /BLA/resoluciones/AUTOS%202015/0540.pdf HTTP/1.1" 206 97280
190.99.162.5 - - [02/May/2017:05:50:07 -0500] "GET /BLA/resoluciones/AUTOS%202015/0540.pdf HTTP/1.1" 206 495
69.162.124.233 - - [02/May/2017:05:50:17 -0500] "HEAD / HTTP/1.1" 200 -
201.245.192.253 - - [02/May/2017:05:50:56 -0500] "GET /galeria/nivo-slider/demo/undefined HTTP/1.1" 404 1314
192.168.175.104 - - [02/May/2017:05:51:03 -0500] "GET / HTTP/1.1" 200 9990
192.168.175.104 - - [02/May/2017:05:51:12 -0500] "GET / HTTP/1.0" 200 9990
190.99.162.5 - - [02/May/2017:05:51:31 -0500] "GET /BLA/resoluciones/AUTOS%202014/4927.pdf HTTP/1.1" 200 563780
201.245.192.253 - - [02/May/2017:05:52:36 -0500] "GET /galeria/nivo-slider/demo/undefined HTTP/1.1" 404 1314
186.81.181.76 - - [02/May/2017:05:52:45 -0500] "GET /BLA/resoluciones/RESOLUCIONES%202008/5628.pdf HTTP/1.1" 200 89969
190.99.162.5 - - [02/May/2017:05:52:51 -0500] "GET /SIG/ECS/126PM04-PR18.pdf HTTP/1.1" 200 3458583
190.99.162.5 - - [02/May/2017:05:52:52 -0500] "GET /favicon.ico HTTP/1.1" 200 7782
190.99.162.5 - - [02/May/2017:05:52:53 -0500] "GET /SIG/ECS/126PM04-PR18.pdf HTTP/1.1" 206 3129857
190.99.162.5 - - [02/May/2017:05:52:54 -0500] "GET /SIG/ECS/126PM04-PR18.pdf HTTP/1.1" 206 65536
190.99.162.5 - - [02/May/2017:05:52:54 -0500] "GET /SIG/ECS/126PM04-PR18.pdf HTTP/1.1" 206 2945653
186.170.221.67 - - [02/May/2017:05:53:37 -0500] "GET /galeria/galeria/jquery.fancybox.css?v=2.1.5 HTTP/1.1" 304 -
186.170.221.67 - - [02/May/2017:05:53:37 -0500] "GET /BLA/boletinlegal/js/jquery.scrollShow.js HTTP/1.1" 304 -
186.170.221.67 - - [02/May/2017:05:53:37 -0500] "GET /galeria/galeria/jquery.fancybox.js?v=2.1.5 HTTP/1.1" 304 -
184.168.200.228 - - [02/May/2017:05:53:54 -0500] "GET /wp-admin/ HTTP/1.1" 404 1018
201.245.192.253 - - [02/May/2017:05:54:17 -0500] "GET /galeria/nivo-slider/demo/undefined HTTP/1.1" 404 1314
192.168.175.104 - - [02/May/2017:05:54:33 -0500] "GET / HTTP/1.1" 200 9990
186.81.181.76 - - [02/May/2017:05:55:12 -0500] "GET /BLA/resoluciones/RESOLUCIONES%202009/6253.pdf HTTP/1.1" 200 233515
69.162.124.233 - - [02/May/2017:05:55:17 -0500] "HEAD / HTTP/1.1" 200 -
201.245.192.253 - - [02/May/2017:05:55:57 -0500] "GET /galeria/nivo-slider/demo/undefined HTTP/1.1" 404 1314
192.168.175.104 - - [02/May/2017:05:56:01 -0500] "GET / HTTP/1.1" 200 9990
192.168.175.104 - - [02/May/2017:05:56:13 -0500] "GET / HTTP/1.0" 200 9990
164.132.161.31 - - [02/May/2017:05:56:22 -0500] "GET /BLA/resoluciones/AUTOS%202006/AUTOS%202006%20701-800/00000767.tif HTTP/1.1" 200 105476
186.81.181.76 - - [02/May/2017:05:57:18 -0500] "GET /BLA/resoluciones/Notificaciones/AUTOS%202015/2347.doc HTTP/1.1" 200 208896
201.245.192.253 - - [02/May/2017:05:57:38 -0500] "GET /galeria/nivo-slider/demo/undefined HTTP/1.1" 404 1314
217.182.132.173 - - [02/May/2017:05:58:52 -0500] "GET /BLA/resoluciones/RESOLUCIONES%202003/RES%202003%201351-1400/20031357.tif HTTP/1.1" 200 88454
201.245.192.253 - - [02/May/2017:05:59:19 -0500] "GET /galeria/nivo-slider/demo/undefined HTTP/1.1" 404 1314
192.168.175.104 - - [02/May/2017:05:59:32 -0500] "GET / HTTP/1.1" 200 9990
123.125.71.108 - - [02/May/2017:05:59:37 -0500] "GET /BLA/resoluciones/RESOLUCIONES%202009/1277.pdf HTTP/1.1" 200 764646
123.125.71.89 - - [02/May/2017:05:59:43 -0500] "GET /BLA/resoluciones/RESOLUCIONES%202014/2882.pdf HTTP/1.1" 200 597668
123.125.71.33 - - [02/May/2017:05:59:46 -0500] "GET /BLA/resoluciones/AUTOS%202013/3260.pdf HTTP/1.1" 200 604111
69.162.124.233 - - [02/May/2017:06:00:17 -0500] "HEAD / HTTP/1.1" 200 -
51.255.65.56 - - [02/May/2017:06:00:22 -0500] "GET /BLA/resoluciones/RESOLUCIONES%202006/RES%202006%20%203001-3054/00003016.tif HTTP/1.1" 200 37284
192.168.175.104 - - [02/May/2017:06:00:58 -0500] "GET / HTTP/1.1" 200 9990
201.245.192.253 - - [02/May/2017:06:00:59 -0500] "GET /galeria/nivo-slider/demo/undefined HTTP/1.1" 404 1314
137.74.203.194 - - [02/May/2017:06:01:10 -0500] "GET /BLA/resoluciones/RESOLUCIONES%202004/RES%202004%201501-1550/00001518.tif HTTP/1.1" 200 245366
192.168.175.104 - - [02/May/2017:06:01:12 -0500] "GET / HTTP/1.0" 200 9990
66.249.64.51 - - [02/May/2017:06:01:44 -0500] "GET /galeria/galeria/fotos/Humedal-Santa-Mar%C3%ADa-del-Lago3G.jpg HTTP/1.1" 304 -
177.231.217.210 - - [02/May/2017:06:01:44 -0500] "GET /galeria/galeria/fotos/JornadaG.jpg HTTP/1.1" 200 50761
190.26.158.228 - - [02/May/2017:06:02:23 -0500] "GET /galeria/galeria/jquery.fancybox.css?v=2.1.5 HTTP/1.1" 200 4895
190.26.158.228 - - [02/May/2017:06:02:23 -0500] "GET /BLA/boletinlegal/js/jquery.scrollShow.js HTTP/1.1" 200 4586
190.26.158.228 - - [02/May/2017:06:02:23 -0500] "GET /galeria/carrusel/Carrusel/jquery.thumbnailScroller.css HTTP/1.1" 200 2066
190.26.158.228 - - [02/May/2017:06:02:23 -0500] "GET /galeria/galeria/jquery.fancybox.js?v=2.1.5 HTTP/1.1" 200 48706
190.26.158.228 - - [02/May/2017:06:02:23 -0500] "GET /galeria/carrusel/Carrusel/jquery-ui-1.8.13.custom.min.js HTTP/1.1" 200 10800
190.26.158.228 - - [02/May/2017:06:02:23 -0500] "GET /galeria/carrusel/Carrusel/jquery.thumbnailScroller.js HTTP/1.1" 200 8157
190.26.158.228 - - [02/May/2017:06:02:23 -0500] "GET /galeria/nivo-slider/demo/demo.html HTTP/1.1" 200 3778
190.26.158.228 - - [02/May/2017:06:02:23 -0500] "GET /galeria/nivo-slider/themes/default/default.css HTTP/1.1" 200 1569
190.26.158.228 - - [02/May/2017:06:02:23 -0500] "GET /galeria/nivo-slider/themes/pascal/pascal.css HTTP/1.1" 200 2258
190.26.158.228 - - [02/May/2017:06:02:23 -0500] "GET /galeria/nivo-slider/themes/orman/orman.css HTTP/1.1" 200 2152
190.26.158.228 - - [02/May/2017:06:02:23 -0500] "GET /galeria/nivo-slider/nivo-slider.css HTTP/1.1" 200 1507
190.26.158.228 - - [02/May/2017:06:02:23 -0500] "GET /galeria/nivo-slider/demo/style.css HTTP/1.1" 200 2222
190.26.158.228 - - [02/May/2017:06:02:23 -0500] "GET /galeria/nivo-slider/demo/images/Banner%20Eleccion%20de%20representantes.jpg HTTP/1.1" 200 227700
190.26.158.228 - - [02/May/2017:06:02:23 -0500] "GET /galeria/nivo-slider/demo/scripts/jquery-1.7.1.min.js HTTP/1.1" 200 93868
190.26.158.228 - - [02/May/2017:06:02:23 -0500] "GET /galeria/nivo-slider/jquery.nivo.slider.pack.js HTTP/1.1" 200 11561
190.26.158.228 - - [02/May/2017:06:02:23 -0500] "GET /galeria/nivo-slider/demo/images/BANNERCAMPA%C3%91ACRUZDEMAYO.jpg HTTP/1.1" 200 336199
190.26.158.228 - - [02/May/2017:06:02:23 -0500] "GET /galeria/nivo-slider/demo/images/BANNERRECICLATON2017.jpg HTTP/1.1" 200 244103
190.26.158.228 - - [02/May/2017:06:02:23 -0500] "GET /galeria/nivo-slider/demo/images/bannercampa%C3%B1acambiodesede.jpg HTTP/1.1" 200 134156
190.26.158.228 - - [02/May/2017:06:02:24 -0500] "GET /galeria/nivo-slider/demo/images/4Simple_Slider.png HTTP/1.1" 200 11722
190.26.158.228 - - [02/May/2017:06:02:24 -0500] "GET /galeria/nivo-slider/themes/default/loading.gif HTTP/1.1" 200 1737
190.26.158.228 - - [02/May/2017:06:02:24 -0500] "GET /galeria/nivo-slider/demo/images/bannerwebsemanadelasostenibilidadambiental.jpg HTTP/1.1" 200 307069
190.26.158.228 - - [02/May/2017:06:02:24 -0500] "GET /galeria/nivo-slider/demo/images/BANNERCAMINATAS%20ECOLOGICAS%20MARZO.jpg HTTP/1.1" 200 266671
190.26.158.228 - - [02/May/2017:06:02:24 -0500] "GET /galeria/nivo-slider/demo/images/bannerlumina2017web.jpg HTTP/1.1" 200 198918
190.26.158.228 - - [02/May/2017:06:02:24 -0500] "GET /galeria/nivo-slider/demo/images/banner%20reportedearbolescaidos.jpg HTTP/1.1" 200 249999
190.26.158.228 - - [02/May/2017:06:02:25 -0500] "GET /galeria/nivo-slider/demo/images/banner%20aceite%20vegetal%20usado.jpg HTTP/1.1" 200 169350
190.26.158.228 - - [02/May/2017:06:02:25 -0500] "GET /galeria/nivo-slider/demo/images/BANNERRUTADEVERTIMIENTOS.jpg HTTP/1.1" 200 98506
190.26.158.228 - - [02/May/2017:06:02:25 -0500] "GET /galeria/nivo-slider/demo/images/bolsas-06.jpg HTTP/1.1" 200 210950
190.26.158.228 - - [02/May/2017:06:02:25 -0500] "GET /galeria/nivo-slider/themes/default/arrows.png HTTP/1.1" 200 824
190.26.158.228 - - [02/May/2017:06:02:25 -0500] "GET /galeria/nivo-slider/themes/default/bullets.png HTTP/1.1" 200 1281
201.245.192.253 - - [02/May/2017:06:02:40 -0500] "GET /galeria/nivo-slider/demo/undefined HTTP/1.1" 404 1314
184.168.200.228 - - [02/May/2017:06:03:30 -0500] "GET /test/wp-admin/ HTTP/1.1" 404 1018
186.155.103.0 - - [02/May/2017:06:03:30 -0500] "GET /galeria/carrusel/Carrusel/jquery.thumbnailScroller.css HTTP/1.1" 200 2066
