190.60.200.18 - - [02/Mar/2019:06:49:23 -0500] "GET /galeria/nivo-slider/demo/images/Banner%20Politica%20Publica%20CONPES%20(1).ai HTTP/1.1" 206 1
190.60.200.18 - - [02/Mar/2019:06:49:23 -0500] "GET /galeria/nivo-slider/demo/images/Banner%20Politica%20Publica%20CONPES%20(1).ai HTTP/1.1" 206 1733312
190.60.200.18 - - [02/Mar/2019:06:49:33 -0500] "GET /galeria/nivo-slider/demo/images/Banner%20Politica%20Publica%20CONPES%20(1).ai HTTP/1.1" 206 1
190.60.200.18 - - [02/Mar/2019:06:49:33 -0500] "GET /galeria/nivo-slider/demo/images/Banner%20Politica%20Publica%20CONPES%20(1).ai HTTP/1.1" 206 1733312
201.245.192.253 - - [02/Mar/2019:06:50:10 -0500] "GET /galeria/nivo-slider/demo/images/Banner%20Politica%20Publica%20CONPES%20(1).ai HTTP/1.1" 206 1
66.249.66.81 - - [02/Mar/2019:06:50:19 -0500] "GET /BLA/resoluciones/RESOLUCIONES%202007/RES%202007%201001%20AL%201100/RESOLUCION%201018%20DE%202007.pdf HTTP/1.1" 200 583179
201.245.192.253 - - [02/Mar/2019:06:50:20 -0500] "GET /galeria/nivo-slider/demo/images/Banner%20Politica%20Publica%20CONPES%20(1).ai HTTP/1.1" 206 1
190.130.65.49 - - [02/Mar/2019:06:50:23 -0500] "GET /galeria/galeria/jquery.fancybox.css?v=2.1.5 HTTP/1.1" 200 4895
190.130.65.49 - - [02/Mar/2019:06:50:23 -0500] "GET /BLA/boletinlegal/js/jquery.scrollShow.js HTTP/1.1" 200 4586
190.130.65.49 - - [02/Mar/2019:06:50:23 -0500] "GET /galeria/galeria/jquery.fancybox.js?v=2.1.5 HTTP/1.1" 200 48706
192.168.175.104 - - [02/Mar/2019:06:50:41 -0500] "GET / HTTP/1.1" 200 9990
69.162.124.233 - - [02/Mar/2019:06:50:43 -0500] "HEAD / HTTP/1.1" 200 -
192.168.175.104 - - [02/Mar/2019:06:51:00 -0500] "GET / HTTP/1.0" 200 9990
201.245.192.253 - - [02/Mar/2019:06:51:09 -0500] "GET /galeria/nivo-slider/demo/images/Banner%20Politica%20Publica%20CONPES%20(1).ai HTTP/1.1" 206 1
201.245.192.253 - - [02/Mar/2019:06:51:09 -0500] "GET /galeria/nivo-slider/demo/images/Banner%20Politica%20Publica%20CONPES%20(1).ai HTTP/1.1" 206 1711412
66.249.66.81 - - [02/Mar/2019:06:51:18 -0500] "GET /BLA/resoluciones/RESOLUCIONES%202013/0804.pdf HTTP/1.1" 304 -
201.245.192.253 - - [02/Mar/2019:06:51:19 -0500] "GET /galeria/nivo-slider/demo/images/Banner%20Politica%20Publica%20CONPES%20(1).ai HTTP/1.1" 206 1
201.245.192.253 - - [02/Mar/2019:06:51:19 -0500] "GET /galeria/nivo-slider/demo/images/Banner%20Politica%20Publica%20CONPES%20(1).ai HTTP/1.1" 206 1711412
201.232.171.7 - - [02/Mar/2019:06:51:20 -0500] "GET /BLA/boletinlegal/js/jquery.scrollShow.js HTTP/1.1" 200 4586
201.232.171.7 - - [02/Mar/2019:06:51:20 -0500] "GET /galeria/galeria/jquery.fancybox.css?v=2.1.5 HTTP/1.1" 200 4895
201.232.171.7 - - [02/Mar/2019:06:51:20 -0500] "GET /galeria/galeria/jquery.fancybox.js?v=2.1.5 HTTP/1.1" 200 48706
201.232.171.7 - - [02/Mar/2019:06:51:22 -0500] "GET /BLA/boletinlegal/js/jquery.scrollShow.js HTTP/1.1" 304 -
201.232.171.7 - - [02/Mar/2019:06:51:22 -0500] "GET /galeria/galeria/jquery.fancybox.js?v=2.1.5 HTTP/1.1" 304 -
201.232.171.7 - - [02/Mar/2019:06:51:22 -0500] "GET /galeria/galeria/jquery.fancybox.css?v=2.1.5 HTTP/1.1" 304 -
190.130.120.244 - - [02/Mar/2019:06:51:23 -0500] "GET /galeria/galeria/jquery.fancybox.css?v=2.1.5 HTTP/1.1" 200 4895
190.130.120.244 - - [02/Mar/2019:06:51:23 -0500] "GET /BLA/boletinlegal/js/jquery.scrollShow.js HTTP/1.1" 200 4586
190.130.120.244 - - [02/Mar/2019:06:51:23 -0500] "GET /galeria/galeria/jquery.fancybox.js?v=2.1.5 HTTP/1.1" 200 48706
54.36.150.68 - - [02/Mar/2019:06:51:55 -0500] "GET /BLA/resoluciones/RESOLUCIONES%202006/RES%202006%201801-1850/00001824.tif HTTP/1.1" 200 336364
201.245.192.253 - - [02/Mar/2019:06:52:04 -0500] "GET /galeria/nivo-slider/demo/images/Banner%20Politica%20Publica%20CONPES%20(1).ai HTTP/1.1" 206 1
201.245.192.253 - - [02/Mar/2019:06:52:04 -0500] "GET /galeria/nivo-slider/demo/images/Banner%20Politica%20Publica%20CONPES%20(1).ai HTTP/1.1" 206 1711412
201.245.192.253 - - [02/Mar/2019:06:52:14 -0500] "GET /galeria/nivo-slider/demo/images/Banner%20Politica%20Publica%20CONPES%20(1).ai HTTP/1.1" 206 1
201.245.192.253 - - [02/Mar/2019:06:52:14 -0500] "GET /galeria/nivo-slider/demo/images/Banner%20Politica%20Publica%20CONPES%20(1).ai HTTP/1.1" 206 1711412
66.249.66.81 - - [02/Mar/2019:06:52:17 -0500] "GET /BLA/resoluciones/RESOLUCIONES%202013/0298.pdf HTTP/1.1" 304 -
54.36.150.87 - - [02/Mar/2019:06:52:22 -0500] "GET /BLA/resoluciones/RESOLUCIONES%202006/RES%202006%201651-1700/00001663.tif HTTP/1.1" 200 41276
45.226.34.130 - - [02/Mar/2019:06:52:39 -0500] "GET /galeria/galeria/jquery.fancybox.css?v=2.1.5 HTTP/1.1" 200 4895
45.226.34.130 - - [02/Mar/2019:06:52:39 -0500] "GET /BLA/boletinlegal/js/jquery.scrollShow.js HTTP/1.1" 200 4586
45.226.34.130 - - [02/Mar/2019:06:52:39 -0500] "GET /galeria/galeria/jquery.fancybox.js?v=2.1.5 HTTP/1.1" 200 48706
201.245.192.253 - - [02/Mar/2019:06:52:54 -0500] "GET /galeria/nivo-slider/demo/images/Banner%20Politica%20Publica%20CONPES%20(1).ai HTTP/1.1" 206 1
201.245.192.253 - - [02/Mar/2019:06:52:54 -0500] "GET /galeria/nivo-slider/demo/images/Banner%20Politica%20Publica%20CONPES%20(1).ai HTTP/1.1" 206 1711412
157.55.39.228 - - [02/Mar/2019:06:52:59 -0500] "GET /images/CORREO.jpg HTTP/1.1" 200 39337
201.245.192.253 - - [02/Mar/2019:06:53:04 -0500] "GET /galeria/nivo-slider/demo/images/Banner%20Politica%20Publica%20CONPES%20(1).ai HTTP/1.1" 206 1
201.245.192.253 - - [02/Mar/2019:06:53:04 -0500] "GET /galeria/nivo-slider/demo/images/Banner%20Politica%20Publica%20CONPES%20(1).ai HTTP/1.1" 206 1711412
54.36.149.24 - - [02/Mar/2019:06:53:09 -0500] "GET /BLA/resoluciones/index.php?dir=RESOLUCIONES%202002/RES%202002%201851-1900/&sort=size&order=asc HTTP/1.1" 200 12150
45.226.34.130 - - [02/Mar/2019:06:53:10 -0500] "GET /galeria/galeria/jquery.fancybox.css?v=2.1.5 HTTP/1.1" 304 -
45.226.34.130 - - [02/Mar/2019:06:53:10 -0500] "GET /BLA/boletinlegal/js/jquery.scrollShow.js HTTP/1.1" 304 -
45.226.34.130 - - [02/Mar/2019:06:53:10 -0500] "GET /galeria/galeria/jquery.fancybox.js?v=2.1.5 HTTP/1.1" 304 -
66.249.66.81 - - [02/Mar/2019:06:53:16 -0500] "GET /BLA/resoluciones/AUTOS%202015/7250.pdf HTTP/1.1" 304 -
190.144.166.61 - - [02/Mar/2019:06:53:16 -0500] "GET /galeria/nivo-slider/demo/images/Banner%20Politica%20Publica%20CONPES%20(1).ai HTTP/1.1" 206 1
190.144.166.61 - - [02/Mar/2019:06:53:26 -0500] "GET /galeria/nivo-slider/demo/images/Banner%20Politica%20Publica%20CONPES%20(1).ai HTTP/1.1" 206 1
190.144.166.61 - - [02/Mar/2019:06:53:26 -0500] "GET /galeria/nivo-slider/demo/images/Banner%20Politica%20Publica%20CONPES%20(1).ai HTTP/1.1" 206 1371598
190.27.40.39 - - [02/Mar/2019:06:53:28 -0500] "GET /galeria/nivo-slider/demo/images/Trafico%20de%20fauna.jpg HTTP/1.1" 200 198327
190.27.40.39 - - [02/Mar/2019:06:53:28 -0500] "GET /galeria/nivo-slider/demo/images/Bannerweb_Tinguas.jpg HTTP/1.1" 200 258471
190.27.40.39 - - [02/Mar/2019:06:53:29 -0500] "GET /galeria/nivo-slider/demo/scripts/jquery-1.7.1.min.js HTTP/1.1" 200 93868
190.27.40.39 - - [02/Mar/2019:06:53:29 -0500] "GET /galeria/nivo-slider/demo/images/Banner%20idypiba%20adopcion.png HTTP/1.1" 200 172631
190.27.40.39 - - [02/Mar/2019:06:53:29 -0500] "GET /galeria/nivo-slider/demo/images/Banner%20PGAE.jpg HTTP/1.1" 200 258166
190.27.40.39 - - [02/Mar/2019:06:53:29 -0500] "GET /galeria/nivo-slider/demo/images/Banner%20-%20Pread.jpg HTTP/1.1" 200 190212
190.27.40.39 - - [02/Mar/2019:06:53:29 -0500] "GET /galeria/nivo-slider/demo/images/Caminatas%20marzo.png HTTP/1.1" 200 661357
190.27.40.39 - - [02/Mar/2019:06:53:29 -0500] "GET /galeria/nivo-slider/demo/images/Banner%20Politica%20Publica%20CONPES%20(1).ai HTTP/1.1" 200 1775371
190.27.40.39 - - [02/Mar/2019:06:53:29 -0500] "GET /galeria/nivo-slider/demo/images/Banner%20practicas%20sostenibles.jpg HTTP/1.1" 200 142958
190.27.40.39 - - [02/Mar/2019:06:53:29 -0500] "GET /galeria/nivo-slider/demo/images/Banner%20POT.png HTTP/1.1" 200 418238
190.27.40.39 - - [02/Mar/2019:06:53:30 -0500] "GET /galeria/nivo-slider/demo/images/Pot_banner.jpg HTTP/1.1" 200 204736
190.27.40.39 - - [02/Mar/2019:06:53:30 -0500] "GET /galeria/nivo-slider/demo/images/Banneranonimos.png HTTP/1.1" 200 109388
190.27.40.39 - - [02/Mar/2019:06:53:30 -0500] "GET /galeria/nivo-slider/demo/images/web%20ingreso%20humedales.png HTTP/1.1" 200 641193
190.27.40.39 - - [02/Mar/2019:06:53:30 -0500] "GET /galeria/nivo-slider/demo/images/gobierno%20digital-01.jpg HTTP/1.1" 200 116163
190.27.40.39 - - [02/Mar/2019:06:53:31 -0500] "GET /galeria/nivo-slider/demo/images/Otorgamiento-excelencia-ambiental-Jos%C3%A9-Celestino-Mutis-2.jpg HTTP/1.1" 200 276467
190.27.40.39 - - [02/Mar/2019:06:53:31 -0500] "GET /galeria/nivo-slider/demo/images/Banner_micrositio.png HTTP/1.1" 200 146950
190.27.40.39 - - [02/Mar/2019:06:53:31 -0500] "GET /galeria/nivo-slider/demo/images/avances-sentencias-rio-bogota-2.jpg HTTP/1.1" 200 304916
190.27.40.39 - - [02/Mar/2019:06:53:31 -0500] "GET /galeria/nivo-slider/demo/images/banner-humedales-de-bogota.jpg HTTP/1.1" 200 292611
190.27.40.39 - - [02/Mar/2019:06:53:32 -0500] "GET /galeria/nivo-slider/demo/images/maximavelocidad.png HTTP/1.1" 200 880272
190.27.40.39 - - [02/Mar/2019:06:53:32 -0500] "GET /galeria/nivo-slider/demo/images/banner%20aceite%20vegetal%20usado.jpg HTTP/1.1" 200 169350
190.27.40.39 - - [02/Mar/2019:06:53:32 -0500] "GET /galeria/nivo-slider/demo/images/bannerlumina2017web.jpg HTTP/1.1" 200 198918
190.27.40.39 - - [02/Mar/2019:06:53:33 -0500] "GET /galeria/nivo-slider/demo/images/banner-bolsas-plasticas.jpg HTTP/1.1" 200 317939
190.60.200.18 - - [02/Mar/2019:06:53:33 -0500] "GET /galeria/nivo-slider/demo/images/Banner%20Politica%20Publica%20CONPES%20(1).ai HTTP/1.1" 206 1
190.60.200.18 - - [02/Mar/2019:06:53:33 -0500] "GET /galeria/nivo-slider/demo/images/Banner%20Politica%20Publica%20CONPES%20(1).ai HTTP/1.1" 206 1733312
181.148.66.124 - - [02/Mar/2019:06:53:40 -0500] "GET /BLA/boletinlegal/jurisprudencia/analisis/Analisis%20jurisprudencial%20Sentencia%20C-366-11.doc HTTP/1.1" 200 59392
190.60.200.18 - - [02/Mar/2019:06:53:43 -0500] "GET /galeria/nivo-slider/demo/images/Banner%20Politica%20Publica%20CONPES%20(1).ai HTTP/1.1" 206 1
190.60.200.18 - - [02/Mar/2019:06:53:43 -0500] "GET /galeria/nivo-slider/demo/images/Banner%20Politica%20Publica%20CONPES%20(1).ai HTTP/1.1" 206 1733312
190.27.40.39 - - [02/Mar/2019:06:53:47 -0500] "GET /svr-ciudadano/? HTTP/1.1" 200 415726
190.27.40.39 - - [02/Mar/2019:06:53:47 -0500] "GET /svr-ciudadano/css/bootstrap.min.css HTTP/1.1" 200 113498
190.27.40.39 - - [02/Mar/2019:06:53:50 -0500] "GET /svr-ciudadano/js/jquery.min.js HTTP/1.1" 200 95786
190.27.40.39 - - [02/Mar/2019:06:53:50 -0500] "GET /svr-ciudadano/js/jquery.dataTables.min.js HTTP/1.1" 200 153451
201.245.192.253 - - [02/Mar/2019:06:54:10 -0500] "GET /galeria/nivo-slider/demo/images/Banner%20Politica%20Publica%20CONPES%20(1).ai HTTP/1.1" 206 1
66.249.88.89 - - [02/Mar/2019:06:54:13 -0500] "GET /BLA/boletinlegal/js/jquery.scrollShow.js HTTP/1.1" 200 4586
66.249.88.91 - - [02/Mar/2019:06:54:13 -0500] "GET /galeria/galeria/jquery.fancybox.js?v=2.1.5 HTTP/1.1" 200 48706
66.249.88.91 - - [02/Mar/2019:06:54:13 -0500] "GET /galeria/galeria/jquery.fancybox.css?v=2.1.5 HTTP/1.1" 200 4895
201.245.192.253 - - [02/Mar/2019:06:54:20 -0500] "GET /galeria/nivo-slider/demo/images/Banner%20Politica%20Publica%20CONPES%20(1).ai HTTP/1.1" 206 1
130.211.103.4 - - [02/Mar/2019:06:54:20 -0500] "-" 408 -
181.225.72.1 - - [02/Mar/2019:06:54:41 -0500] "GET /galeria/galeria/jquery.fancybox.css?v=2.1.5 HTTP/1.1" 200 4895
181.225.72.1 - - [02/Mar/2019:06:54:41 -0500] "GET /BLA/boletinlegal/js/jquery.scrollShow.js HTTP/1.1" 200 4586
181.225.72.1 - - [02/Mar/2019:06:54:41 -0500] "GET /galeria/galeria/jquery.fancybox.js?v=2.1.5 HTTP/1.1" 200 48706
190.27.40.39 - - [02/Mar/2019:06:54:47 -0500] "GET /galeria/nivo-slider/demo/images/Banner%20Politica%20Publica%20CONPES%20(1).ai HTTP/1.1" 206 1
190.27.40.39 - - [02/Mar/2019:06:54:47 -0500] "GET /galeria/nivo-slider/demo/images/Banner%20Politica%20Publica%20CONPES%20(1).ai HTTP/1.1" 206 1692132
54.36.148.148 - - [02/Mar/2019:06:55:11 -0500] "GET /BLA/resoluciones/RESOLUCIONES%202006/RES%202006%20151-200/00000153.tif HTTP/1.1" 200 143064
201.245.192.253 - - [02/Mar/2019:06:55:19 -0500] "GET /galeria/nivo-slider/demo/images/Banner%20Politica%20Publica%20CONPES%20(1).ai HTTP/1.1" 206 1
201.245.192.253 - - [02/Mar/2019:06:55:19 -0500] "GET /galeria/nivo-slider/demo/images/Banner%20Politica%20Publica%20CONPES%20(1).ai HTTP/1.1" 206 1711412
54.36.148.94 - - [02/Mar/2019:06:55:25 -0500] "GET /BLA/resoluciones/AUTOS%202006/AUTOS%202006%201301-1400/00001394.tif HTTP/1.1" 200 173710
190.27.44.33 - - [02/Mar/2019:06:55:26 -0500] "GET /galeria/galeria/jquery.fancybox.css?v=2.1.5 HTTP/1.1" 200 4895
190.27.44.33 - - [02/Mar/2019:06:55:26 -0500] "GET /galeria/galeria/jquery.fancybox.js?v=2.1.5 HTTP/1.1" 200 48706
190.27.44.33 - - [02/Mar/2019:06:55:26 -0500] "GET /BLA/boletinlegal/js/jquery.scrollShow.js HTTP/1.1" 200 4586
54.36.150.117 - - [02/Mar/2019:06:55:27 -0500] "GET /BLA/resoluciones/index.php?dir=Notificaciones/RESOLUCIONES%202014/&sort=size&order=desc HTTP/1.1" 200 13931
201.245.192.253 - - [02/Mar/2019:06:55:29 -0500] "GET /galeria/nivo-slider/demo/images/Banner%20Politica%20Publica%20CONPES%20(1).ai HTTP/1.1" 206 1
201.245.192.253 - - [02/Mar/2019:06:55:29 -0500] "GET /galeria/nivo-slider/demo/images/Banner%20Politica%20Publica%20CONPES%20(1).ai HTTP/1.1" 206 1711412
157.55.39.228 - - [02/Mar/2019:06:55:39 -0500] "GET / HTTP/1.1" 304 -
192.168.175.104 - - [02/Mar/2019:06:55:39 -0500] "GET / HTTP/1.1" 200 9990
69.162.124.233 - - [02/Mar/2019:06:55:43 -0500] "HEAD / HTTP/1.1" 200 -
190.159.55.98 - - [02/Mar/2019:06:55:56 -0500] "GET /galeria/galeria/jquery.fancybox.css?v=2.1.5 HTTP/1.1" 200 4895
190.159.55.98 - - [02/Mar/2019:06:55:56 -0500] "GET /BLA/boletinlegal/js/jquery.scrollShow.js HTTP/1.1" 200 4586
190.159.55.98 - - [02/Mar/2019:06:55:56 -0500] "GET /galeria/galeria/jquery.fancybox.js?v=2.1.5 HTTP/1.1" 200 48706
192.168.175.104 - - [02/Mar/2019:06:55:58 -0500] "GET / HTTP/1.0" 200 9990
66.249.88.93 - - [02/Mar/2019:06:56:01 -0500] "GET /BLA/boletinlegal/js/jquery.scrollShow.js HTTP/1.1" 200 4586
66.249.88.93 - - [02/Mar/2019:06:56:01 -0500] "GET /galeria/galeria/jquery.fancybox.js?v=2.1.5 HTTP/1.1" 200 48706
66.249.88.93 - - [02/Mar/2019:06:56:01 -0500] "GET /galeria/galeria/jquery.fancybox.css?v=2.1.5 HTTP/1.1" 200 4895
201.245.192.253 - - [02/Mar/2019:06:56:04 -0500] "GET /galeria/nivo-slider/demo/images/Banner%20Politica%20Publica%20CONPES%20(1).ai HTTP/1.1" 206 1
201.245.192.253 - - [02/Mar/2019:06:56:04 -0500] "GET /galeria/nivo-slider/demo/images/Banner%20Politica%20Publica%20CONPES%20(1).ai HTTP/1.1" 206 1711412
201.245.192.253 - - [02/Mar/2019:06:56:14 -0500] "GET /galeria/nivo-slider/demo/images/Banner%20Politica%20Publica%20CONPES%20(1).ai HTTP/1.1" 206 1
201.245.192.253 - - [02/Mar/2019:06:56:14 -0500] "GET /galeria/nivo-slider/demo/images/Banner%20Politica%20Publica%20CONPES%20(1).ai HTTP/1.1" 206 1711412
80.68.14.161 - - [02/Mar/2019:06:56:25 -0500] "GET /www.ambientebogota.gov.co/ HTTP/1.1" 404 1019
80.68.14.161 - - [02/Mar/2019:06:56:25 -0500] "GET /www.ambientebogota.gov.co/web/intranet/inicio?p_p_state=maximized&p_p_mode=view&saveLastPath=0&_58_struts_action=%2Flogin%2Flogin&p_p_id=58&p_p_lifecycle=0&_58_redirect=%2Fgroup%2Fintranet%2Finicio HTTP/1.1" 404 1019
80.68.14.161 - - [02/Mar/2019:06:56:26 -0500] "GET /www.ambientebogota.gov.co/web/web-ninos/inicio HTTP/1.1" 404 1019
80.68.14.161 - - [02/Mar/2019:06:56:27 -0500] "GET /www.ambientebogota.gov.co:81/ HTTP/1.1" 403 1021
80.68.14.161 - - [02/Mar/2019:06:56:27 -0500] "GET /www.bogota.gov.co/sdqs HTTP/1.1" 404 1019
80.68.14.161 - - [02/Mar/2019:06:56:28 -0500] "GET / HTTP/1.1" 200 9990
80.68.14.161 - - [02/Mar/2019:06:56:28 -0500] "GET /catalogoisis/ HTTP/1.1" 200 8575
201.245.192.253 - - [02/Mar/2019:06:56:54 -0500] "GET /galeria/nivo-slider/demo/images/Banner%20Politica%20Publica%20CONPES%20(1).ai HTTP/1.1" 206 1
201.245.192.253 - - [02/Mar/2019:06:56:54 -0500] "GET /galeria/nivo-slider/demo/images/Banner%20Politica%20Publica%20CONPES%20(1).ai HTTP/1.1" 206 1711412
201.245.192.253 - - [02/Mar/2019:06:57:04 -0500] "GET /galeria/nivo-slider/demo/images/Banner%20Politica%20Publica%20CONPES%20(1).ai HTTP/1.1" 206 1
201.245.192.253 - - [02/Mar/2019:06:57:04 -0500] "GET /galeria/nivo-slider/demo/images/Banner%20Politica%20Publica%20CONPES%20(1).ai HTTP/1.1" 206 1711412
181.148.66.124 - - [02/Mar/2019:06:57:15 -0500] "GET /BLA/boletinlegal/jurisprudencia/analisis/Analisis%20jurisprudencial%20Sentencia%20C-366-11.doc HTTP/1.1" 200 59392
190.27.40.39 - - [02/Mar/2019:06:57:25 -0500] "GET /galeria/nivo-slider/demo/images/Banner%20Politica%20Publica%20CONPES%20(1).ai HTTP/1.1" 206 1
190.144.166.61 - - [02/Mar/2019:06:57:26 -0500] "GET /galeria/nivo-slider/demo/images/Banner%20Politica%20Publica%20CONPES%20(1).ai HTTP/1.1" 206 1
190.144.166.61 - - [02/Mar/2019:06:57:26 -0500] "GET /galeria/nivo-slider/demo/images/Banner%20Politica%20Publica%20CONPES%20(1).ai HTTP/1.1" 206 1371598
207.46.13.130 - - [02/Mar/2019:06:57:35 -0500] "GET /BLA/boletinlegal/Circulares/2018/Circular%20No.%2010%20del%2021%20de%20Septiembre%20de%202018.pdf HTTP/1.1" 200 163426
190.144.166.61 - - [02/Mar/2019:06:57:36 -0500] "GET /galeria/nivo-slider/demo/images/Banner%20Politica%20Publica%20CONPES%20(1).ai HTTP/1.1" 206 1
190.144.166.61 - - [02/Mar/2019:06:57:36 -0500] "GET /galeria/nivo-slider/demo/images/Banner%20Politica%20Publica%20CONPES%20(1).ai HTTP/1.1" 206 1371598
80.68.14.161 - - [02/Mar/2019:06:56:28 -0500] "GET /BLA/boletinlegal/ HTTP/1.1" 200 49099
190.60.200.18 - - [02/Mar/2019:06:57:43 -0500] "GET /galeria/nivo-slider/demo/images/Banner%20Politica%20Publica%20CONPES%20(1).ai HTTP/1.1" 206 1
190.60.200.18 - - [02/Mar/2019:06:57:43 -0500] "GET /galeria/nivo-slider/demo/images/Banner%20Politica%20Publica%20CONPES%20(1).ai HTTP/1.1" 206 1733312
190.60.200.18 - - [02/Mar/2019:06:57:53 -0500] "GET /galeria/nivo-slider/demo/images/Banner%20Politica%20Publica%20CONPES%20(1).ai HTTP/1.1" 206 1
190.60.200.18 - - [02/Mar/2019:06:57:53 -0500] "GET /galeria/nivo-slider/demo/images/Banner%20Politica%20Publica%20CONPES%20(1).ai HTTP/1.1" 206 1733312
66.249.88.89 - - [02/Mar/2019:06:58:02 -0500] "GET /galeria/nivo-slider/demo/images/Banner%20Politica%20Publica%20CONPES%20(1).ai HTTP/1.1" 200 1775371
190.145.245.242 - - [02/Mar/2019:06:58:05 -0500] "GET /BLA/resoluciones/RESOLUCIONES%202007/RES%202007%202201%20AL%202300/RESOLUCION%202231%20DE%202007.pdf HTTP/1.1" 200 706260
190.145.245.242 - - [02/Mar/2019:06:58:05 -0500] "GET /favicon.ico HTTP/1.1" 200 7782
66.249.66.54 - - [02/Mar/2019:06:58:10 -0500] "GET /robots.txt HTTP/1.1" 404 1035
66.249.66.56 - - [02/Mar/2019:06:58:10 -0500] "GET / HTTP/1.1" 200 9990
201.245.192.253 - - [02/Mar/2019:06:58:10 -0500] "GET /galeria/nivo-slider/demo/images/Banner%20Politica%20Publica%20CONPES%20(1).ai HTTP/1.1" 206 1
54.36.148.131 - - [02/Mar/2019:06:58:15 -0500] "GET /BLA/resoluciones/AUTOS%202006/AUTOS%202006%20401-500/00000433.tif HTTP/1.1" 200 57712
201.245.192.253 - - [02/Mar/2019:06:58:20 -0500] "GET /galeria/nivo-slider/demo/images/Banner%20Politica%20Publica%20CONPES%20(1).ai HTTP/1.1" 206 1
201.245.192.253 - - [02/Mar/2019:06:59:29 -0500] "GET /galeria/nivo-slider/demo/images/Banner%20Politica%20Publica%20CONPES%20(1).ai HTTP/1.1" 206 1
201.245.192.253 - - [02/Mar/2019:06:59:29 -0500] "GET /galeria/nivo-slider/demo/images/Banner%20Politica%20Publica%20CONPES%20(1).ai HTTP/1.1" 206 1711412
201.245.192.253 - - [02/Mar/2019:06:59:39 -0500] "GET /galeria/nivo-slider/demo/images/Banner%20Politica%20Publica%20CONPES%20(1).ai HTTP/1.1" 206 1
201.245.192.253 - - [02/Mar/2019:06:59:39 -0500] "GET /galeria/nivo-slider/demo/images/Banner%20Politica%20Publica%20CONPES%20(1).ai HTTP/1.1" 206 1711412
54.36.148.35 - - [02/Mar/2019:06:59:54 -0500] "GET /BLA/resoluciones/RESOLUCIONES%202002/RES%202002%201101-1150/00001136.tif HTTP/1.1" 200 140860
201.245.192.253 - - [02/Mar/2019:07:00:04 -0500] "GET /galeria/nivo-slider/demo/images/Banner%20Politica%20Publica%20CONPES%20(1).ai HTTP/1.1" 206 1
201.245.192.253 - - [02/Mar/2019:07:00:04 -0500] "GET /galeria/nivo-slider/demo/images/Banner%20Politica%20Publica%20CONPES%20(1).ai HTTP/1.1" 206 1711412
201.245.192.253 - - [02/Mar/2019:07:00:14 -0500] "GET /galeria/nivo-slider/demo/images/Banner%20Politica%20Publica%20CONPES%20(1).ai HTTP/1.1" 206 1
201.245.192.253 - - [02/Mar/2019:07:00:14 -0500] "GET /galeria/nivo-slider/demo/images/Banner%20Politica%20Publica%20CONPES%20(1).ai HTTP/1.1" 206 1711412
192.168.175.104 - - [02/Mar/2019:07:00:37 -0500] "GET / HTTP/1.1" 200 9990
69.162.124.233 - - [02/Mar/2019:07:00:43 -0500] "HEAD / HTTP/1.1" 200 -
190.184.155.155 - - [02/Mar/2019:07:00:48 -0500] "GET /galeria/galeria/jquery.fancybox.css?v=2.1.5 HTTP/1.1" 200 4895
190.184.155.155 - - [02/Mar/2019:07:00:48 -0500] "GET /BLA/boletinlegal/js/jquery.scrollShow.js HTTP/1.1" 200 4586
190.184.155.155 - - [02/Mar/2019:07:00:48 -0500] "GET /galeria/galeria/jquery.fancybox.js?v=2.1.5 HTTP/1.1" 200 48706
201.245.192.253 - - [02/Mar/2019:07:00:54 -0500] "GET /galeria/nivo-slider/demo/images/Banner%20Politica%20Publica%20CONPES%20(1).ai HTTP/1.1" 206 1
201.245.192.253 - - [02/Mar/2019:07:00:54 -0500] "GET /galeria/nivo-slider/demo/images/Banner%20Politica%20Publica%20CONPES%20(1).ai HTTP/1.1" 206 1711412
192.168.175.104 - - [02/Mar/2019:07:00:57 -0500] "GET / HTTP/1.0" 200 9990
190.184.155.155 - - [02/Mar/2019:07:01:00 -0500] "GET /galeria/galeria/jquery.fancybox.js?v=2.1.5 HTTP/1.1" 304 -
190.184.155.155 - - [02/Mar/2019:07:01:00 -0500] "GET /galeria/galeria/jquery.fancybox.css?v=2.1.5 HTTP/1.1" 304 -
190.184.155.155 - - [02/Mar/2019:07:01:00 -0500] "GET /BLA/boletinlegal/js/jquery.scrollShow.js HTTP/1.1" 304 -
201.245.192.253 - - [02/Mar/2019:07:01:04 -0500] "GET /galeria/nivo-slider/demo/images/Banner%20Politica%20Publica%20CONPES%20(1).ai HTTP/1.1" 206 1
201.245.192.253 - - [02/Mar/2019:07:01:04 -0500] "GET /galeria/nivo-slider/demo/images/Banner%20Politica%20Publica%20CONPES%20(1).ai HTTP/1.1" 206 1711412
54.36.148.176 - - [02/Mar/2019:07:01:35 -0500] "GET /BLA/resoluciones/AUTOS%202006/AUTOS%202006%201301-1400/00001342.tif HTTP/1.1" 200 86556
190.144.166.61 - - [02/Mar/2019:07:01:36 -0500] "GET /galeria/nivo-slider/demo/images/Banner%20Politica%20Publica%20CONPES%20(1).ai HTTP/1.1" 206 1
201.245.192.253 - - [02/Mar/2019:07:01:36 -0500] "GET /galeria/nivo-slider/demo/demo.html HTTP/1.1" 304 -
201.245.192.253 - - [02/Mar/2019:07:01:37 -0500] "GET /galeria/nivo-slider/demo/images/Banner%20idypiba%20adopcion.png HTTP/1.1" 304 -
201.245.192.253 - - [02/Mar/2019:07:01:37 -0500] "GET /galeria/nivo-slider/demo/images/Banner%20-%20Pread.jpg HTTP/1.1" 304 -
201.245.192.253 - - [02/Mar/2019:07:01:37 -0500] "GET /galeria/nivo-slider/demo/images/Caminatas%20marzo.png HTTP/1.1" 304 -
201.245.192.253 - - [02/Mar/2019:07:01:37 -0500] "GET /galeria/nivo-slider/demo/images/Banner%20Conpes.jpg HTTP/1.1" 304 -
201.245.192.253 - - [02/Mar/2019:07:01:37 -0500] "GET /galeria/nivo-slider/demo/images/Banner%20practicas%20sostenibles.jpg HTTP/1.1" 304 -
201.245.192.253 - - [02/Mar/2019:07:01:37 -0500] "GET /galeria/nivo-slider/demo/images/Banner%20Politica%20Publica%20CONPES%20(1).ai HTTP/1.1" 304 -
201.245.192.253 - - [02/Mar/2019:07:01:37 -0500] "GET /galeria/nivo-slider/demo/images/banner%20aceite%20vegetal%20usado.jpg HTTP/1.1" 304 -
190.144.166.61 - - [02/Mar/2019:07:01:46 -0500] "GET /galeria/nivo-slider/demo/images/Banner%20Politica%20Publica%20CONPES%20(1).ai HTTP/1.1" 206 1
190.144.166.61 - - [02/Mar/2019:07:01:46 -0500] "GET /galeria/nivo-slider/demo/images/Banner%20Politica%20Publica%20CONPES%20(1).ai HTTP/1.1" 206 1371598
66.249.66.81 - - [02/Mar/2019:07:01:48 -0500] "GET /Autoliquidacion/index.php?dir=Plan%20de%20manejo%20ambiental%20para%20sitios%20de%20aprovechamiento%20y%20o%20disposicion%20final%20de%20escombros/&sort=name&order=desc HTTP/1.1" 200 2471
190.60.200.18 - - [02/Mar/2019:07:01:53 -0500] "GET /galeria/nivo-slider/demo/images/Banner%20Politica%20Publica%20CONPES%20(1).ai HTTP/1.1" 206 1
190.60.200.18 - - [02/Mar/2019:07:01:53 -0500] "GET /galeria/nivo-slider/demo/images/Banner%20Politica%20Publica%20CONPES%20(1).ai HTTP/1.1" 206 1733312
190.60.200.18 - - [02/Mar/2019:07:02:03 -0500] "GET /galeria/nivo-slider/demo/images/Banner%20Politica%20Publica%20CONPES%20(1).ai HTTP/1.1" 206 1
190.60.200.18 - - [02/Mar/2019:07:02:03 -0500] "GET /galeria/nivo-slider/demo/images/Banner%20Politica%20Publica%20CONPES%20(1).ai HTTP/1.1" 206 1733312
201.245.192.253 - - [02/Mar/2019:07:02:10 -0500] "GET /galeria/nivo-slider/demo/images/Banner%20Politica%20Publica%20CONPES%20(1).ai HTTP/1.1" 206 1
201.245.192.253 - - [02/Mar/2019:07:02:20 -0500] "GET /galeria/nivo-slider/demo/images/Banner%20Politica%20Publica%20CONPES%20(1).ai HTTP/1.1" 206 1
66.249.88.89 - - [02/Mar/2019:07:02:52 -0500] "GET /galeria/carrusel/Carrusel/jquery.thumbnailScroller.css HTTP/1.1" 200 2066
66.249.88.93 - - [02/Mar/2019:07:02:52 -0500] "GET /galeria/galeria/jquery.fancybox.js?v=2.1.5 HTTP/1.1" 200 48706
66.249.88.91 - - [02/Mar/2019:07:02:52 -0500] "GET /galeria/galeria/jquery.fancybox.css?v=2.1.5 HTTP/1.1" 200 4895
66.249.88.93 - - [02/Mar/2019:07:02:52 -0500] "GET /BLA/boletinlegal/js/jquery.scrollShow.js HTTP/1.1" 200 4586
66.249.88.91 - - [02/Mar/2019:07:02:53 -0500] "GET /galeria/carrusel/Carrusel/jquery-ui-1.8.13.custom.min.js HTTP/1.1" 200 10800
66.249.88.91 - - [02/Mar/2019:07:02:53 -0500] "GET /galeria/carrusel/Carrusel/jquery.thumbnailScroller.js HTTP/1.1" 200 8157
66.249.88.91 - - [02/Mar/2019:07:02:53 -0500] "GET /galeria/nivo-slider/demo/demo.html HTTP/1.1" 200 22851
66.249.88.91 - - [02/Mar/2019:07:02:54 -0500] "GET /galeria/nivo-slider/themes/orman/orman.css HTTP/1.1" 200 2152
66.249.88.93 - - [02/Mar/2019:07:02:54 -0500] "GET /galeria/nivo-slider/nivo-slider.css HTTP/1.1" 200 1507
66.249.88.93 - - [02/Mar/2019:07:02:54 -0500] "GET /galeria/nivo-slider/themes/default/default.css HTTP/1.1" 200 1569
66.249.88.89 - - [02/Mar/2019:07:02:54 -0500] "GET /galeria/nivo-slider/demo/images/Trafico%20de%20fauna.jpg HTTP/1.1" 200 198327
66.249.88.91 - - [02/Mar/2019:07:02:55 -0500] "GET /galeria/nivo-slider/themes/pascal/pascal.css HTTP/1.1" 200 2258
66.249.88.91 - - [02/Mar/2019:07:02:55 -0500] "GET /galeria/nivo-slider/demo/style.css HTTP/1.1" 200 2222
66.249.88.93 - - [02/Mar/2019:07:02:55 -0500] "GET /galeria/nivo-slider/demo/scripts/jquery-1.7.1.min.js HTTP/1.1" 200 93868
66.249.88.93 - - [02/Mar/2019:07:02:55 -0500] "GET /galeria/nivo-slider/demo/images/Bannerweb_Tinguas.jpg HTTP/1.1" 200 258471
66.249.88.89 - - [02/Mar/2019:07:02:55 -0500] "GET /galeria/nivo-slider/jquery.nivo.slider.pack.js HTTP/1.1" 200 11561
66.249.88.89 - - [02/Mar/2019:07:02:55 -0500] "GET /galeria/nivo-slider/demo/images/Banner%20PGAE.jpg HTTP/1.1" 200 258166
66.249.88.93 - - [02/Mar/2019:07:02:55 -0500] "GET /galeria/nivo-slider/demo/images/Banner%20idypiba%20adopcion.png HTTP/1.1" 200 172631
66.249.88.89 - - [02/Mar/2019:07:02:55 -0500] "GET /galeria/nivo-slider/themes/default/loading.gif HTTP/1.1" 200 1737
66.249.88.93 - - [02/Mar/2019:07:02:55 -0500] "GET /galeria/nivo-slider/demo/images/4Simple_Slider.png HTTP/1.1" 200 11722
66.249.88.89 - - [02/Mar/2019:07:02:55 -0500] "GET /galeria/nivo-slider/demo/images/Caminatas%20marzo.png HTTP/1.1" 200 661357
66.249.88.93 - - [02/Mar/2019:07:02:55 -0500] "GET /galeria/nivo-slider/demo/images/Banner%20-%20Pread.jpg HTTP/1.1" 200 190212
66.249.88.91 - - [02/Mar/2019:07:02:55 -0500] "GET /galeria/nivo-slider/demo/images/Banner%20Conpes.jpg HTTP/1.1" 200 55220
66.249.88.89 - - [02/Mar/2019:07:02:56 -0500] "GET /galeria/nivo-slider/demo/images/Banner%20Politica%20Publica%20CONPES%20(1).ai HTTP/1.1" 200 1775371
66.249.88.93 - - [02/Mar/2019:07:02:56 -0500] "GET /galeria/nivo-slider/demo/images/Banner%20practicas%20sostenibles.jpg HTTP/1.1" 200 142958
66.249.88.93 - - [02/Mar/2019:07:02:56 -0500] "GET /galeria/nivo-slider/demo/images/Banner%20POT.png HTTP/1.1" 200 418238
66.249.88.89 - - [02/Mar/2019:07:02:56 -0500] "GET /galeria/nivo-slider/demo/images/incendios-forestales.png HTTP/1.1" 200 61469
66.249.88.91 - - [02/Mar/2019:07:02:56 -0500] "GET /galeria/nivo-slider/demo/images/Pot_banner.jpg HTTP/1.1" 200 204736
66.249.88.93 - - [02/Mar/2019:07:02:56 -0500] "GET /galeria/nivo-slider/demo/images/BANNER%20punto.jpg HTTP/1.1" 200 75932
66.249.88.93 - - [02/Mar/2019:07:02:56 -0500] "GET /galeria/nivo-slider/demo/images/Banneranonimos.png HTTP/1.1" 200 109388
66.249.88.91 - - [02/Mar/2019:07:02:57 -0500] "GET /galeria/nivo-slider/demo/images/web%20ingreso%20humedales.png HTTP/1.1" 200 641193
66.249.88.91 - - [02/Mar/2019:07:02:57 -0500] "GET /galeria/nivo-slider/demo/images/gobierno%20digital-01.jpg HTTP/1.1" 200 116163
66.249.88.93 - - [02/Mar/2019:07:02:57 -0500] "GET /galeria/nivo-slider/demo/images/Otorgamiento-excelencia-ambiental-Jos%C3%A9-Celestino-Mutis-2.jpg HTTP/1.1" 200 276467
66.249.88.93 - - [02/Mar/2019:07:02:58 -0500] "GET /galeria/nivo-slider/demo/images/Banner_micrositio.png HTTP/1.1" 200 146950
66.249.88.93 - - [02/Mar/2019:07:02:58 -0500] "GET /galeria/nivo-slider/demo/images/avances-sentencias-rio-bogota-2.jpg HTTP/1.1" 200 304916
66.249.88.93 - - [02/Mar/2019:07:02:59 -0500] "GET /galeria/nivo-slider/demo/images/banner-humedales-de-bogota.jpg HTTP/1.1" 200 292611
66.249.88.93 - - [02/Mar/2019:07:02:59 -0500] "GET /galeria/nivo-slider/demo/images/BANNER%20VAN%20DER%20HAMMEN.jpg HTTP/1.1" 200 64172
66.249.88.91 - - [02/Mar/2019:07:02:59 -0500] "GET /galeria/nivo-slider/demo/images/maximavelocidad.png HTTP/1.1" 200 880272
66.249.88.89 - - [02/Mar/2019:07:02:59 -0500] "GET /galeria/nivo-slider/demo/images/banner%20aceite%20vegetal%20usado.jpg HTTP/1.1" 200 169350
66.249.88.93 - - [02/Mar/2019:07:02:59 -0500] "GET /galeria/nivo-slider/demo/images/bannerlumina2017web.jpg HTTP/1.1" 200 198918
66.249.88.91 - - [02/Mar/2019:07:02:59 -0500] "GET /galeria/nivo-slider/demo/images/banner-bolsas-plasticas.jpg HTTP/1.1" 200 317939
66.249.88.91 - - [02/Mar/2019:07:03:03 -0500] "GET /galeria/nivo-slider/themes/default/arrows.png HTTP/1.1" 200 824
66.249.88.91 - - [02/Mar/2019:07:03:03 -0500] "GET /galeria/nivo-slider/themes/default/bullets.png HTTP/1.1" 200 1281
66.249.66.81 - - [02/Mar/2019:07:03:04 -0500] "GET /BLA/resoluciones/RESOLUCIONES%202014/3774.pdf HTTP/1.1" 200 591414
40.77.194.206 - - [02/Mar/2019:07:03:18 -0500] "GET /BLA/boletinlegal/js/jquery.scrollShow.js HTTP/1.1" 200 4586
201.245.192.253 - - [02/Mar/2019:07:03:39 -0500] "GET /galeria/nivo-slider/demo/images/Banner%20Politica%20Publica%20CONPES%20(1).ai HTTP/1.1" 206 1
201.245.192.253 - - [02/Mar/2019:07:03:39 -0500] "GET /galeria/nivo-slider/demo/images/Banner%20Politica%20Publica%20CONPES%20(1).ai HTTP/1.1" 206 1711412
66.249.88.93 - - [02/Mar/2019:07:03:48 -0500] "GET /galeria/galeria/jquery.fancybox.css?v=2.1.5 HTTP/1.1" 200 4895
66.249.88.93 - - [02/Mar/2019:07:03:48 -0500] "GET /galeria/galeria/jquery.fancybox.js?v=2.1.5 HTTP/1.1" 200 48706
66.249.88.93 - - [02/Mar/2019:07:03:48 -0500] "GET /BLA/boletinlegal/js/jquery.scrollShow.js HTTP/1.1" 200 4586
201.245.192.253 - - [02/Mar/2019:07:03:49 -0500] "GET /galeria/nivo-slider/demo/images/Banner%20Politica%20Publica%20CONPES%20(1).ai HTTP/1.1" 206 1
201.245.192.253 - - [02/Mar/2019:07:03:49 -0500] "GET /galeria/nivo-slider/demo/images/Banner%20Politica%20Publica%20CONPES%20(1).ai HTTP/1.1" 206 1711412
66.249.66.81 - - [02/Mar/2019:07:04:03 -0500] "GET /BLA/resoluciones/AUTOS%202015/3762.pdf HTTP/1.1" 200 919806
201.245.192.253 - - [02/Mar/2019:07:04:04 -0500] "GET /galeria/nivo-slider/demo/images/Banner%20Politica%20Publica%20CONPES%20(1).ai HTTP/1.1" 206 1
201.245.192.253 - - [02/Mar/2019:07:04:04 -0500] "GET /galeria/nivo-slider/demo/images/Banner%20Politica%20Publica%20CONPES%20(1).ai HTTP/1.1" 206 1711412
66.249.88.91 - - [02/Mar/2019:07:04:13 -0500] "GET /galeria/nivo-slider/demo/images/Banner%20Politica%20Publica%20CONPES%20(1).ai HTTP/1.1" 200 1775371
201.245.192.253 - - [02/Mar/2019:07:04:14 -0500] "GET /galeria/nivo-slider/demo/images/Banner%20Politica%20Publica%20CONPES%20(1).ai HTTP/1.1" 206 1
201.245.192.253 - - [02/Mar/2019:07:04:14 -0500] "GET /galeria/nivo-slider/demo/images/Banner%20Politica%20Publica%20CONPES%20(1).ai HTTP/1.1" 206 1711412
66.249.88.89 - - [02/Mar/2019:07:04:16 -0500] "GET /galeria/nivo-slider/demo/images/Banner%20Politica%20Publica%20CONPES%20(1).ai HTTP/1.1" 206 576024
66.249.88.91 - - [02/Mar/2019:07:04:24 -0500] "GET /galeria/nivo-slider/demo/images/Banner%20Politica%20Publica%20CONPES%20(1).ai HTTP/1.1" 200 1775371
201.245.192.253 - - [02/Mar/2019:07:04:54 -0500] "GET /galeria/nivo-slider/demo/images/Banner%20Politica%20Publica%20CONPES%20(1).ai HTTP/1.1" 206 1
201.245.192.253 - - [02/Mar/2019:07:04:54 -0500] "GET /galeria/nivo-slider/demo/images/Banner%20Politica%20Publica%20CONPES%20(1).ai HTTP/1.1" 206 1711412
201.245.192.253 - - [02/Mar/2019:07:05:04 -0500] "GET /galeria/nivo-slider/demo/images/Banner%20Politica%20Publica%20CONPES%20(1).ai HTTP/1.1" 206 1
201.245.192.253 - - [02/Mar/2019:07:05:04 -0500] "GET /galeria/nivo-slider/demo/images/Banner%20Politica%20Publica%20CONPES%20(1).ai HTTP/1.1" 206 1711412
40.77.167.153 - - [02/Mar/2019:07:05:06 -0500] "GET /galeria/galeria/fotos/Humedal-Santa-Mar%C3%ADa-del-Lago2G.jpg HTTP/1.1" 200 313606
192.168.175.104 - - [02/Mar/2019:07:05:35 -0500] "GET / HTTP/1.1" 200 9990
66.249.88.93 - - [02/Mar/2019:07:05:37 -0500] "GET /BLA/boletinlegal/js/jquery.scrollShow.js HTTP/1.1" 200 4586
66.249.88.89 - - [02/Mar/2019:07:05:37 -0500] "GET /galeria/galeria/jquery.fancybox.css?v=2.1.5 HTTP/1.1" 200 4895
66.249.88.89 - - [02/Mar/2019:07:05:37 -0500] "GET /galeria/galeria/jquery.fancybox.js?v=2.1.5 HTTP/1.1" 200 48706
69.162.124.233 - - [02/Mar/2019:07:05:43 -0500] "HEAD / HTTP/1.1" 200 -
190.144.166.61 - - [02/Mar/2019:07:05:46 -0500] "GET /galeria/nivo-slider/demo/images/Banner%20Politica%20Publica%20CONPES%20(1).ai HTTP/1.1" 206 1
192.168.175.104 - - [02/Mar/2019:07:05:55 -0500] "GET / HTTP/1.0" 200 9990
190.144.166.61 - - [02/Mar/2019:07:05:56 -0500] "GET /galeria/nivo-slider/demo/images/Banner%20Politica%20Publica%20CONPES%20(1).ai HTTP/1.1" 206 1
190.60.200.18 - - [02/Mar/2019:07:06:03 -0500] "GET /galeria/nivo-slider/demo/images/Banner%20Politica%20Publica%20CONPES%20(1).ai HTTP/1.1" 206 1
190.60.200.18 - - [02/Mar/2019:07:06:03 -0500] "GET /galeria/nivo-slider/demo/images/Banner%20Politica%20Publica%20CONPES%20(1).ai HTTP/1.1" 206 1733312
201.245.192.253 - - [02/Mar/2019:07:06:10 -0500] "GET /galeria/nivo-slider/demo/images/Banner%20Politica%20Publica%20CONPES%20(1).ai HTTP/1.1" 206 1
190.60.200.18 - - [02/Mar/2019:07:06:13 -0500] "GET /galeria/nivo-slider/demo/images/Banner%20Politica%20Publica%20CONPES%20(1).ai HTTP/1.1" 206 1
190.60.200.18 - - [02/Mar/2019:07:06:13 -0500] "GET /galeria/nivo-slider/demo/images/Banner%20Politica%20Publica%20CONPES%20(1).ai HTTP/1.1" 206 1733312
201.245.192.253 - - [02/Mar/2019:07:06:20 -0500] "GET /galeria/nivo-slider/demo/images/Banner%20Politica%20Publica%20CONPES%20(1).ai HTTP/1.1" 206 1
66.249.88.89 - - [02/Mar/2019:07:06:34 -0500] "GET /BLA/boletinlegal/js/jquery.scrollShow.js HTTP/1.1" 200 4586
66.249.88.91 - - [02/Mar/2019:07:06:34 -0500] "GET /galeria/galeria/jquery.fancybox.js?v=2.1.5 HTTP/1.1" 200 48706
66.249.88.91 - - [02/Mar/2019:07:06:34 -0500] "GET /galeria/galeria/jquery.fancybox.css?v=2.1.5 HTTP/1.1" 200 4895
66.249.66.83 - - [02/Mar/2019:07:07:00 -0500] "GET /BLA/resoluciones/AUTOS%202007/0261.pdf HTTP/1.1" 200 311218
54.36.150.50 - - [02/Mar/2019:07:07:22 -0500] "GET /BLA/resoluciones/RESOLUCIONES%202003/RES%202003%201751-1800/20031765.tif HTTP/1.1" 200 82440
201.245.192.253 - - [02/Mar/2019:07:07:49 -0500] "GET /galeria/nivo-slider/demo/images/Banner%20Politica%20Publica%20CONPES%20(1).ai HTTP/1.1" 206 1
201.245.192.253 - - [02/Mar/2019:07:07:49 -0500] "GET /galeria/nivo-slider/demo/images/Banner%20Politica%20Publica%20CONPES%20(1).ai HTTP/1.1" 206 1711412
66.249.66.81 - - [02/Mar/2019:07:07:58 -0500] "GET /BLA/resoluciones/AUTOS%202015/4557.pdf HTTP/1.1" 200 495388
201.245.192.253 - - [02/Mar/2019:07:07:59 -0500] "GET /galeria/nivo-slider/demo/images/Banner%20Politica%20Publica%20CONPES%20(1).ai HTTP/1.1" 206 1
201.245.192.253 - - [02/Mar/2019:07:07:59 -0500] "GET /galeria/nivo-slider/demo/images/Banner%20Politica%20Publica%20CONPES%20(1).ai HTTP/1.1" 206 1711412
201.245.192.253 - - [02/Mar/2019:07:08:04 -0500] "GET /galeria/nivo-slider/demo/images/Banner%20Politica%20Publica%20CONPES%20(1).ai HTTP/1.1" 206 1
201.245.192.253 - - [02/Mar/2019:07:08:04 -0500] "GET /galeria/nivo-slider/demo/images/Banner%20Politica%20Publica%20CONPES%20(1).ai HTTP/1.1" 206 1711412
201.245.192.253 - - [02/Mar/2019:07:08:14 -0500] "GET /galeria/nivo-slider/demo/images/Banner%20Politica%20Publica%20CONPES%20(1).ai HTTP/1.1" 206 1
201.245.192.253 - - [02/Mar/2019:07:08:14 -0500] "GET /galeria/nivo-slider/demo/images/Banner%20Politica%20Publica%20CONPES%20(1).ai HTTP/1.1" 206 1711412
51.255.65.46 - - [02/Mar/2019:07:08:48 -0500] "GET /BLA/resoluciones/RESOLUCIONES%202004/RES%202004%2051-100/00000064.tif HTTP/1.1" 200 115708
201.245.192.253 - - [02/Mar/2019:07:08:54 -0500] "GET /galeria/nivo-slider/demo/images/Banner%20Politica%20Publica%20CONPES%20(1).ai HTTP/1.1" 206 1
201.245.192.253 - - [02/Mar/2019:07:08:54 -0500] "GET /galeria/nivo-slider/demo/images/Banner%20Politica%20Publica%20CONPES%20(1).ai HTTP/1.1" 206 1711412
66.249.66.81 - - [02/Mar/2019:07:08:57 -0500] "GET /BLA/resoluciones/RESOLUCIONES%202017/1801.pdf HTTP/1.1" 304 -
201.245.192.253 - - [02/Mar/2019:07:09:04 -0500] "GET /galeria/nivo-slider/demo/images/Banner%20Politica%20Publica%20CONPES%20(1).ai HTTP/1.1" 206 1
201.245.192.253 - - [02/Mar/2019:07:09:04 -0500] "GET /galeria/nivo-slider/demo/images/Banner%20Politica%20Publica%20CONPES%20(1).ai HTTP/1.1" 206 1711412
190.144.67.17 - - [02/Mar/2019:07:09:37 -0500] "GET /BLA/resoluciones/RESOLUCIONES%202007/RES%202007%204101%20AL%204200/RESOLUCION%204179%20DE%202007.pdf HTTP/1.1" 200 1763306
190.144.67.17 - - [02/Mar/2019:07:09:37 -0500] "GET /favicon.ico HTTP/1.1" 200 7782
216.244.66.195 - - [02/Mar/2019:07:09:44 -0500] "GET /BLA/resoluciones/RESOLUCIONES%202013/0201.pdf HTTP/1.1" 200 2137408
190.144.166.61 - - [02/Mar/2019:07:09:56 -0500] "GET /galeria/nivo-slider/demo/images/Banner%20Politica%20Publica%20CONPES%20(1).ai HTTP/1.1" 206 1
190.144.166.61 - - [02/Mar/2019:07:09:56 -0500] "GET /galeria/nivo-slider/demo/images/Banner%20Politica%20Publica%20CONPES%20(1).ai HTTP/1.1" 206 1371598
66.249.66.83 - - [02/Mar/2019:07:09:56 -0500] "GET /BLA/resoluciones/AUTOS%202015/4270.pdf HTTP/1.1" 304 -
181.54.180.173 - - [02/Mar/2019:07:10:05 -0500] "GET /galeria/galeria/jquery.fancybox.js?v=2.1.5 HTTP/1.1" 200 48706
181.54.180.173 - - [02/Mar/2019:07:10:05 -0500] "GET /galeria/galeria/jquery.fancybox.css?v=2.1.5 HTTP/1.1" 200 4895
181.54.180.173 - - [02/Mar/2019:07:10:05 -0500] "GET /BLA/boletinlegal/js/jquery.scrollShow.js HTTP/1.1" 200 4586
181.54.180.173 - - [02/Mar/2019:07:10:05 -0500] "GET /galeria/carrusel/Carrusel/jquery.thumbnailScroller.css HTTP/1.1" 200 2066
190.144.166.61 - - [02/Mar/2019:07:10:06 -0500] "GET /galeria/nivo-slider/demo/images/Banner%20Politica%20Publica%20CONPES%20(1).ai HTTP/1.1" 206 1
190.144.166.61 - - [02/Mar/2019:07:10:06 -0500] "GET /galeria/nivo-slider/demo/images/Banner%20Politica%20Publica%20CONPES%20(1).ai HTTP/1.1" 206 1371598
181.54.180.173 - - [02/Mar/2019:07:10:07 -0500] "GET /galeria/carrusel/Carrusel/jquery-ui-1.8.13.custom.min.js HTTP/1.1" 200 10800
181.54.180.173 - - [02/Mar/2019:07:10:07 -0500] "GET /galeria/carrusel/Carrusel/jquery.thumbnailScroller.js HTTP/1.1" 200 8157
181.54.180.173 - - [02/Mar/2019:07:10:08 -0500] "GET /galeria/nivo-slider/demo/demo.html HTTP/1.1" 200 22851
181.54.180.173 - - [02/Mar/2019:07:10:08 -0500] "GET /galeria/nivo-slider/themes/orman/orman.css HTTP/1.1" 200 2152
181.54.180.173 - - [02/Mar/2019:07:10:08 -0500] "GET /galeria/nivo-slider/nivo-slider.css HTTP/1.1" 200 1507
181.54.180.173 - - [02/Mar/2019:07:10:08 -0500] "GET /galeria/nivo-slider/demo/style.css HTTP/1.1" 200 2222
181.54.180.173 - - [02/Mar/2019:07:10:08 -0500] "GET /galeria/nivo-slider/themes/pascal/pascal.css HTTP/1.1" 200 2258
181.54.180.173 - - [02/Mar/2019:07:10:08 -0500] "GET /galeria/nivo-slider/demo/scripts/jquery-1.7.1.min.js HTTP/1.1" 200 93868
181.54.180.173 - - [02/Mar/2019:07:10:08 -0500] "GET /galeria/nivo-slider/themes/default/default.css HTTP/1.1" 200 1569
181.54.180.173 - - [02/Mar/2019:07:10:09 -0500] "GET /galeria/nivo-slider/demo/images/Bannerweb_Tinguas.jpg HTTP/1.1" 200 258471
181.54.180.173 - - [02/Mar/2019:07:10:09 -0500] "GET /galeria/nivo-slider/demo/images/bannerlumina2017web.jpg HTTP/1.1" 200 198918
181.54.180.173 - - [02/Mar/2019:07:10:09 -0500] "GET /galeria/nivo-slider/demo/images/Banner%20practicas%20sostenibles.jpg HTTP/1.1" 200 142958
181.54.180.173 - - [02/Mar/2019:07:10:09 -0500] "GET /galeria/nivo-slider/demo/images/banner%20aceite%20vegetal%20usado.jpg HTTP/1.1" 200 169350
181.54.180.173 - - [02/Mar/2019:07:10:09 -0500] "GET /galeria/nivo-slider/demo/images/Banner%20-%20Pread.jpg HTTP/1.1" 200 190212
181.54.180.173 - - [02/Mar/2019:07:10:09 -0500] "GET /galeria/nivo-slider/demo/images/BANNER%20punto.jpg HTTP/1.1" 200 75932
181.54.180.173 - - [02/Mar/2019:07:10:10 -0500] "GET /galeria/nivo-slider/demo/images/gobierno%20digital-01.jpg HTTP/1.1" 200 116163
181.54.180.173 - - [02/Mar/2019:07:10:10 -0500] "GET /galeria/nivo-slider/demo/images/Otorgamiento-excelencia-ambiental-Jos%C3%A9-Celestino-Mutis-2.jpg HTTP/1.1" 200 276467
181.54.180.173 - - [02/Mar/2019:07:10:10 -0500] "GET /galeria/nivo-slider/demo/images/Banner%20PGAE.jpg HTTP/1.1" 200 258166
181.54.180.173 - - [02/Mar/2019:07:10:10 -0500] "GET /galeria/nivo-slider/demo/images/Banner%20POT.png HTTP/1.1" 200 418238
201.245.192.253 - - [02/Mar/2019:07:10:10 -0500] "GET /galeria/nivo-slider/demo/images/Banner%20Politica%20Publica%20CONPES%20(1).ai HTTP/1.1" 206 1
181.54.180.173 - - [02/Mar/2019:07:10:10 -0500] "GET /galeria/nivo-slider/demo/images/incendios-forestales.png HTTP/1.1" 200 61469
181.54.180.173 - - [02/Mar/2019:07:10:11 -0500] "GET /galeria/nivo-slider/demo/images/avances-sentencias-rio-bogota-2.jpg HTTP/1.1" 200 304916
181.54.180.173 - - [02/Mar/2019:07:10:11 -0500] "GET /galeria/nivo-slider/demo/images/Banneranonimos.png HTTP/1.1" 200 109388
181.54.180.173 - - [02/Mar/2019:07:10:12 -0500] "GET /galeria/nivo-slider/demo/images/maximavelocidad.png HTTP/1.1" 200 880272
181.54.180.173 - - [02/Mar/2019:07:10:12 -0500] "GET /galeria/nivo-slider/demo/images/Banner%20idypiba%20adopcion.png HTTP/1.1" 200 172631
181.54.180.173 - - [02/Mar/2019:07:10:12 -0500] "GET /galeria/nivo-slider/demo/images/Pot_banner.jpg HTTP/1.1" 200 204736
190.60.200.18 - - [02/Mar/2019:07:10:13 -0500] "GET /galeria/nivo-slider/demo/images/Banner%20Politica%20Publica%20CONPES%20(1).ai HTTP/1.1" 206 1
190.60.200.18 - - [02/Mar/2019:07:10:13 -0500] "GET /galeria/nivo-slider/demo/images/Banner%20Politica%20Publica%20CONPES%20(1).ai HTTP/1.1" 206 1733312
181.54.180.173 - - [02/Mar/2019:07:10:13 -0500] "GET /galeria/nivo-slider/demo/images/Banner%20Politica%20Publica%20CONPES%20(1).ai HTTP/1.1" 200 1775371
181.54.180.173 - - [02/Mar/2019:07:10:13 -0500] "GET /galeria/nivo-slider/demo/images/BANNER%20VAN%20DER%20HAMMEN.jpg HTTP/1.1" 200 64172
181.54.180.173 - - [02/Mar/2019:07:10:14 -0500] "GET /galeria/nivo-slider/demo/images/banner-humedales-de-bogota.jpg HTTP/1.1" 200 292611
181.54.180.173 - - [02/Mar/2019:07:10:14 -0500] "GET /galeria/nivo-slider/demo/images/banner-bolsas-plasticas.jpg HTTP/1.1" 200 317939
181.54.180.173 - - [02/Mar/2019:07:10:14 -0500] "GET /galeria/nivo-slider/demo/images/Caminatas%20marzo.png HTTP/1.1" 200 661357
181.54.180.173 - - [02/Mar/2019:07:10:14 -0500] "GET /galeria/nivo-slider/demo/images/web%20ingreso%20humedales.png HTTP/1.1" 200 641193
181.54.180.173 - - [02/Mar/2019:07:10:15 -0500] "GET /galeria/nivo-slider/demo/images/Banner%20Conpes.jpg HTTP/1.1" 200 55220
181.54.180.173 - - [02/Mar/2019:07:10:16 -0500] "GET /galeria/nivo-slider/demo/images/Banner_micrositio.png HTTP/1.1" 200 146950
181.54.180.173 - - [02/Mar/2019:07:10:17 -0500] "GET /galeria/nivo-slider/jquery.nivo.slider.pack.js HTTP/1.1" 200 11561
181.54.180.173 - - [02/Mar/2019:07:10:17 -0500] "GET /galeria/nivo-slider/demo/images/4Simple_Slider.png HTTP/1.1" 200 11722
181.54.180.173 - - [02/Mar/2019:07:10:17 -0500] "GET /galeria/nivo-slider/themes/default/loading.gif HTTP/1.1" 200 1737
181.54.180.173 - - [02/Mar/2019:07:10:18 -0500] "GET /galeria/nivo-slider/demo/images/Trafico%20de%20fauna.jpg HTTP/1.1" 200 198327
181.54.180.173 - - [02/Mar/2019:07:10:20 -0500] "GET /galeria/nivo-slider/themes/default/bullets.png HTTP/1.1" 200 1281
181.54.180.173 - - [02/Mar/2019:07:10:20 -0500] "GET /galeria/nivo-slider/themes/default/arrows.png HTTP/1.1" 200 824
201.245.192.253 - - [02/Mar/2019:07:10:20 -0500] "GET /galeria/nivo-slider/demo/images/Banner%20Politica%20Publica%20CONPES%20(1).ai HTTP/1.1" 206 1
190.60.200.18 - - [02/Mar/2019:07:10:23 -0500] "GET /galeria/nivo-slider/demo/images/Banner%20Politica%20Publica%20CONPES%20(1).ai HTTP/1.1" 206 1
190.60.200.18 - - [02/Mar/2019:07:10:23 -0500] "GET /galeria/nivo-slider/demo/images/Banner%20Politica%20Publica%20CONPES%20(1).ai HTTP/1.1" 206 1733312
192.168.175.104 - - [02/Mar/2019:07:10:33 -0500] "GET / HTTP/1.1" 200 9990
69.162.124.233 - - [02/Mar/2019:07:10:43 -0500] "HEAD / HTTP/1.1" 200 -
201.245.192.253 - - [02/Mar/2019:07:10:14 -0500] "POST /kwsrmcab/Wsrmcab HTTP/1.1" 200 28993
192.168.175.104 - - [02/Mar/2019:07:10:53 -0500] "GET / HTTP/1.0" 200 9990
201.245.192.253 - - [02/Mar/2019:07:10:49 -0500] "POST /kwsrmcab/Wsrmcab HTTP/1.1" 200 27729
181.54.180.173 - - [02/Mar/2019:07:11:31 -0500] "GET /galeria/nivo-slider/demo/images/Banner%20Politica%20Publica%20CONPES%20(1).ai HTTP/1.1" 206 1
181.54.180.173 - - [02/Mar/2019:07:11:41 -0500] "GET /galeria/nivo-slider/demo/images/Banner%20Politica%20Publica%20CONPES%20(1).ai HTTP/1.1" 206 1
66.249.88.91 - - [02/Mar/2019:07:11:48 -0500] "GET /galeria/galeria/jquery.fancybox.css?v=2.1.5 HTTP/1.1" 200 4895
66.249.88.91 - - [02/Mar/2019:07:11:48 -0500] "GET /BLA/boletinlegal/js/jquery.scrollShow.js HTTP/1.1" 200 4586
66.249.88.93 - - [02/Mar/2019:07:11:48 -0500] "GET /galeria/galeria/jquery.fancybox.js?v=2.1.5 HTTP/1.1" 200 48706
66.249.66.81 - - [02/Mar/2019:07:11:54 -0500] "GET /BLA/resoluciones/AUTOS%202015/7206.pdf HTTP/1.1" 304 -
201.245.192.253 - - [02/Mar/2019:07:11:59 -0500] "GET /galeria/nivo-slider/demo/images/Banner%20Politica%20Publica%20CONPES%20(1).ai HTTP/1.1" 206 1
201.245.192.253 - - [02/Mar/2019:07:11:59 -0500] "GET /galeria/nivo-slider/demo/images/Banner%20Politica%20Publica%20CONPES%20(1).ai HTTP/1.1" 206 1711412
201.245.192.253 - - [02/Mar/2019:07:12:04 -0500] "GET /galeria/nivo-slider/demo/images/Banner%20Politica%20Publica%20CONPES%20(1).ai HTTP/1.1" 206 1
201.245.192.253 - - [02/Mar/2019:07:12:04 -0500] "GET /galeria/nivo-slider/demo/images/Banner%20Politica%20Publica%20CONPES%20(1).ai HTTP/1.1" 206 1711412
201.245.192.253 - - [02/Mar/2019:07:12:09 -0500] "GET /galeria/nivo-slider/demo/images/Banner%20Politica%20Publica%20CONPES%20(1).ai HTTP/1.1" 206 1
201.245.192.253 - - [02/Mar/2019:07:12:09 -0500] "GET /galeria/nivo-slider/demo/images/Banner%20Politica%20Publica%20CONPES%20(1).ai HTTP/1.1" 206 1711412
201.245.192.253 - - [02/Mar/2019:07:12:14 -0500] "GET /galeria/nivo-slider/demo/images/Banner%20Politica%20Publica%20CONPES%20(1).ai HTTP/1.1" 206 1
201.245.192.253 - - [02/Mar/2019:07:12:14 -0500] "GET /galeria/nivo-slider/demo/images/Banner%20Politica%20Publica%20CONPES%20(1).ai HTTP/1.1" 206 1711412
54.36.149.107 - - [02/Mar/2019:07:12:18 -0500] "GET /BLA/resoluciones/RESOLUCIONES%202005/RES%202005%202301-2350/00002348.tif HTTP/1.1" 200 247194
190.127.196.241 - - [02/Mar/2019:07:12:19 -0500] "GET /galeria/galeria/jquery.fancybox.css?v=2.1.5 HTTP/1.1" 200 4895
190.127.196.241 - - [02/Mar/2019:07:12:19 -0500] "GET /galeria/carrusel/Carrusel/jquery.thumbnailScroller.css HTTP/1.1" 200 2066
190.127.196.241 - - [02/Mar/2019:07:12:19 -0500] "GET /BLA/boletinlegal/js/jquery.scrollShow.js HTTP/1.1" 200 4586
190.127.196.241 - - [02/Mar/2019:07:12:19 -0500] "GET /galeria/galeria/jquery.fancybox.js?v=2.1.5 HTTP/1.1" 200 48706
190.127.196.241 - - [02/Mar/2019:07:12:20 -0500] "GET /galeria/carrusel/Carrusel/jquery-ui-1.8.13.custom.min.js HTTP/1.1" 200 10800
190.127.196.241 - - [02/Mar/2019:07:12:21 -0500] "GET /galeria/carrusel/Carrusel/jquery.thumbnailScroller.js HTTP/1.1" 200 8157
190.127.196.241 - - [02/Mar/2019:07:12:21 -0500] "GET /galeria/nivo-slider/demo/demo.html HTTP/1.1" 200 22851
190.127.196.241 - - [02/Mar/2019:07:12:22 -0500] "GET /galeria/nivo-slider/themes/default/default.css HTTP/1.1" 200 1569
190.127.196.241 - - [02/Mar/2019:07:12:22 -0500] "GET /galeria/nivo-slider/themes/pascal/pascal.css HTTP/1.1" 200 2258
190.127.196.241 - - [02/Mar/2019:07:12:22 -0500] "GET /galeria/nivo-slider/themes/orman/orman.css HTTP/1.1" 200 2152
190.127.196.241 - - [02/Mar/2019:07:12:22 -0500] "GET /galeria/nivo-slider/nivo-slider.css HTTP/1.1" 200 1507
190.127.196.241 - - [02/Mar/2019:07:12:22 -0500] "GET /galeria/nivo-slider/demo/style.css HTTP/1.1" 200 2222
190.127.196.241 - - [02/Mar/2019:07:12:22 -0500] "GET /galeria/nivo-slider/demo/images/Trafico%20de%20fauna.jpg HTTP/1.1" 200 198327
190.127.196.241 - - [02/Mar/2019:07:12:22 -0500] "GET /galeria/nivo-slider/demo/images/Bannerweb_Tinguas.jpg HTTP/1.1" 200 258471
190.127.196.241 - - [02/Mar/2019:07:12:22 -0500] "GET /galeria/nivo-slider/demo/images/Banner%20idypiba%20adopcion.png HTTP/1.1" 200 172631
190.127.196.241 - - [02/Mar/2019:07:12:22 -0500] "GET /galeria/nivo-slider/demo/scripts/jquery-1.7.1.min.js HTTP/1.1" 200 93868
