186.28.186.212 - - [13/Jul/2019:07:03:36 -0500] "GET /galeria/galeria/jquery.fancybox.css?v=2.1.5 HTTP/1.1" 200 4895
186.28.186.212 - - [13/Jul/2019:07:03:36 -0500] "GET /galeria/carrusel/Carrusel/jquery.thumbnailScroller.css HTTP/1.1" 200 2066
186.28.186.212 - - [13/Jul/2019:07:03:36 -0500] "GET /galeria/carrusel/Carrusel/jquery-ui-1.8.13.custom.min.js HTTP/1.1" 200 10800
186.28.186.212 - - [13/Jul/2019:07:03:36 -0500] "GET /galeria/carrusel/Carrusel/jquery.thumbnailScroller.js HTTP/1.1" 200 8157
192.168.175.104 - - [13/Jul/2019:07:03:46 -0500] "GET / HTTP/1.1" 200 9990
186.28.186.212 - - [13/Jul/2019:07:03:49 -0500] "GET /desprendiblespago/controlador HTTP/1.1" 200 2321
186.28.186.212 - - [13/Jul/2019:07:03:49 -0500] "GET /desprendiblespago/css/estilos.css HTTP/1.1" 200 3850
186.28.186.212 - - [13/Jul/2019:07:03:49 -0500] "GET /desprendiblespago/scripts/validarIngreso.js HTTP/1.1" 200 851
186.28.186.212 - - [13/Jul/2019:07:03:49 -0500] "GET /desprendiblespago/images/cabezoteHojaVida.jpg HTTP/1.1" 200 8386
186.28.186.212 - - [13/Jul/2019:07:03:49 -0500] "GET /desprendiblespago/images/logo_bogota_p.jpg HTTP/1.1" 200 48415
186.28.186.212 - - [13/Jul/2019:07:03:49 -0500] "GET /favicon.ico HTTP/1.1" 200 7782
186.28.186.212 - - [13/Jul/2019:07:04:03 -0500] "POST /desprendiblespago/controlador HTTP/1.1" 200 1784
186.28.186.212 - - [13/Jul/2019:07:04:03 -0500] "GET /desprendiblespago/jscripts/validarSolicitud.js HTTP/1.1" 404 170
186.28.186.212 - - [13/Jul/2019:07:04:08 -0500] "POST /desprendiblespago/controlador HTTP/1.1" 200 2321
66.249.64.20 - - [13/Jul/2019:07:04:09 -0500] "GET /BLA/resoluciones/AUTOS%202013/1942.pdf HTTP/1.1" 200 1937036
66.249.64.20 - - [13/Jul/2019:07:04:20 -0500] "GET /BLA/resoluciones/Notificaciones/REGISTROS%202015/2292.doc HTTP/1.1" 200 203776
54.37.67.60 - - [13/Jul/2019:07:04:22 -0500] "HEAD /BLA/resoluciones/AUTOS%202013/1077.pdf HTTP/1.1" 200 -
186.28.186.212 - - [13/Jul/2019:07:04:23 -0500] "POST /desprendiblespago/controlador HTTP/1.1" 200 1784
186.28.186.212 - - [13/Jul/2019:07:04:23 -0500] "GET /desprendiblespago/jscripts/validarSolicitud.js HTTP/1.1" 404 170
66.249.64.19 - - [13/Jul/2019:07:04:24 -0500] "GET /BLA/resoluciones/AUTOS%202017/0053.pdf HTTP/1.1" 200 442407
186.28.186.212 - - [13/Jul/2019:07:04:24 -0500] "POST /desprendiblespago/controlador HTTP/1.1" 200 2321
190.24.36.110 - - [13/Jul/2019:07:04:28 -0500] "GET /galeria/galeria/jquery.fancybox.js?v=2.1.5 HTTP/1.1" 200 48706
66.249.64.19 - - [13/Jul/2019:07:04:35 -0500] "GET /BLA/resoluciones/AUTOS%202017/2635.pdf HTTP/1.1" 200 488052
66.249.64.19 - - [13/Jul/2019:07:04:39 -0500] "GET /BLA/resoluciones/RESOLUCIONES%202007/RES%202007%202301%20AL%202400/RESOLUCION%202388%20DE%202007.pdf HTTP/1.1" 200 118300
66.249.64.19 - - [13/Jul/2019:07:04:43 -0500] "GET /BLA/resoluciones/RESOLUCIONES%202011/5794.pdf HTTP/1.1" 200 495227
66.249.64.30 - - [13/Jul/2019:07:04:47 -0500] "GET /portalsiaccapacitaciones/Soportes%20Capacitaciones%20A%C3%B1o%202013/0051.%20Presentaci%C3%B3n%20Acuerdo%20510%20Uso%20Racional%20Energia%20Navide%C3%B1a%2031-10-2013.pdf HTTP/1.1" 404 1019
186.28.186.212 - - [13/Jul/2019:07:05:01 -0500] "POST /desprendiblespago/controlador HTTP/1.1" 200 5345
186.28.186.212 - - [13/Jul/2019:07:05:10 -0500] "POST /desprendiblespago/controlador HTTP/1.1" 200 6619
186.28.186.212 - - [13/Jul/2019:07:05:13 -0500] "POST /desprendiblespago/controlador HTTP/1.1" 200 11653
186.28.186.212 - - [13/Jul/2019:07:05:19 -0500] "POST /desprendiblespago/controlador HTTP/1.1" 200 87145
186.28.186.212 - - [13/Jul/2019:07:05:26 -0500] "POST /desprendiblespago/controlador HTTP/1.1" 200 5345
186.28.186.212 - - [13/Jul/2019:07:05:31 -0500] "POST /desprendiblespago/controlador HTTP/1.1" 200 6619
186.28.186.212 - - [13/Jul/2019:07:05:35 -0500] "POST /desprendiblespago/controlador HTTP/1.1" 200 11264
186.28.186.212 - - [13/Jul/2019:07:05:37 -0500] "POST /desprendiblespago/controlador HTTP/1.1" 200 87086
66.249.64.19 - - [13/Jul/2019:07:05:45 -0500] "GET /BLA/resoluciones/AUTOS%202017/0759.pdf HTTP/1.1" 200 561122
186.28.186.212 - - [13/Jul/2019:07:05:48 -0500] "POST /desprendiblespago/controlador HTTP/1.1" 200 5345
66.249.64.19 - - [13/Jul/2019:07:05:48 -0500] "GET /BLA/resoluciones/RESOLUCIONES%202007/RES%202007%202501%20AL%202600/RESOLUCION%202563%20DE%202007.pdf HTTP/1.1" 200 733367
66.249.64.19 - - [13/Jul/2019:07:05:52 -0500] "GET /BLA/resoluciones/RESOLUCIONES%202007/RES%202007%201001%20AL%201100/RESOLUCION%201035%20DE%202007.pdf HTTP/1.1" 200 279027
186.28.186.212 - - [13/Jul/2019:07:05:53 -0500] "POST /desprendiblespago/controlador HTTP/1.1" 200 6619
186.28.186.212 - - [13/Jul/2019:07:05:55 -0500] "POST /desprendiblespago/controlador HTTP/1.1" 200 11264
66.249.64.19 - - [13/Jul/2019:07:05:55 -0500] "GET /BLA/resoluciones/RESOLUCIONES%202007/RES%202007%203201%20AL%203300/RESOLUCION%203250%20DE%202007.pdf HTTP/1.1" 200 503305
190.147.117.113 - - [13/Jul/2019:07:05:58 -0500] "GET /BLA/resoluciones/AUTOS%202014/6143.pdf HTTP/1.1" 200 139187
157.55.39.109 - - [13/Jul/2019:07:05:59 -0500] "GET /pot-2013/cartografia/09_eep.pdf HTTP/1.1" 200 3326963
186.28.186.212 - - [13/Jul/2019:07:05:59 -0500] "POST /desprendiblespago/controlador HTTP/1.1" 200 87087
66.249.64.20 - - [13/Jul/2019:07:05:59 -0500] "GET /BLA/resoluciones/AUTOS%202008/2752.pdf HTTP/1.1" 200 161710
190.147.117.113 - - [13/Jul/2019:07:06:00 -0500] "GET /favicon.ico HTTP/1.1" 200 7782
66.249.64.20 - - [13/Jul/2019:07:06:03 -0500] "GET /BLA/resoluciones/AUTOS%202007/0005.pdf HTTP/1.1" 200 196956
66.249.64.19 - - [13/Jul/2019:07:06:11 -0500] "GET /BLA/resoluciones/AUTOS%202012/0730.pdf HTTP/1.1" 200 400199
190.147.117.113 - - [13/Jul/2019:07:06:12 -0500] "GET /BLA/resoluciones/RESOLUCIONES%202017/2000.pdf HTTP/1.1" 200 660294
66.249.64.19 - - [13/Jul/2019:07:06:14 -0500] "GET /BLA/resoluciones/RESOLUCIONES%202007/RES%202007%20801%20AL%20900/RESOLUCION%200850%20DE%202007.pdf HTTP/1.1" 200 369770
66.249.64.19 - - [13/Jul/2019:07:06:18 -0500] "GET /BLA/resoluciones/AUTOS%202015/1902.pdf HTTP/1.1" 200 669576
66.249.64.19 - - [13/Jul/2019:07:06:21 -0500] "GET /BLA/resoluciones/AUTOS%202008/0677.pdf HTTP/1.1" 200 206977
66.249.64.19 - - [13/Jul/2019:07:06:25 -0500] "GET /BLA/resoluciones/AUTOS%202015/7287.pdf HTTP/1.1" 200 615840
66.249.64.19 - - [13/Jul/2019:07:06:28 -0500] "GET /BLA/resoluciones/AUTOS%202013/1668.pdf HTTP/1.1" 200 182715
66.249.64.20 - - [13/Jul/2019:07:06:32 -0500] "GET /BLA/resoluciones/RESOLUCIONES%202008/4102.pdf HTTP/1.1" 200 486655
66.249.64.20 - - [13/Jul/2019:07:06:35 -0500] "GET /BLA/resoluciones/RESOLUCIONES%202008/4134.pdf HTTP/1.1" 200 754157
66.249.64.19 - - [13/Jul/2019:07:06:42 -0500] "GET /BLA/resoluciones/AUTOS%202010/1391.pdf HTTP/1.1" 200 247918
66.249.64.20 - - [13/Jul/2019:07:06:46 -0500] "GET /BLA/resoluciones/RESOLUCIONES%202014/3246.pdf HTTP/1.1" 200 926843
66.249.64.19 - - [13/Jul/2019:07:06:49 -0500] "GET /BLA/resoluciones/AUTOS%202015/1939.pdf HTTP/1.1" 200 515602
66.249.64.22 - - [13/Jul/2019:07:06:52 -0500] "GET /BLA/resoluciones/AUTOS%202015/0947.pdf HTTP/1.1" 200 711028
66.249.64.20 - - [13/Jul/2019:07:06:56 -0500] "GET /BLA/resoluciones/RESOLUCIONES%202007/RES%202007%20601%20AL%20700/RESOLUCION%200692%20DE%202007.pdf HTTP/1.1" 200 930343
66.249.64.23 - - [13/Jul/2019:07:06:59 -0500] "GET /BLA/resoluciones/RESOLUCIONES%202007/RES%202007%203301%20AL%203400/RESOLUCION%203325%20DE%202007.pdf HTTP/1.1" 200 1025635
35.187.86.35 - - [13/Jul/2019:07:07:03 -0500] "-" 408 -
66.249.88.109 - - [13/Jul/2019:07:07:22 -0500] "GET /galeria/galeria/jquery.fancybox.js?v=2.1.5 HTTP/1.1" 200 48706
181.236.181.137 - - [13/Jul/2019:07:07:26 -0500] "GET /galeria/galeria/jquery.fancybox.css?v=2.1.5 HTTP/1.1" 200 4895
181.236.181.137 - - [13/Jul/2019:07:07:26 -0500] "GET /BLA/boletinlegal/js/jquery.scrollShow.js HTTP/1.1" 200 4586
181.236.181.137 - - [13/Jul/2019:07:07:26 -0500] "GET /galeria/galeria/jquery.fancybox.js?v=2.1.5 HTTP/1.1" 200 48706
181.236.181.137 - - [13/Jul/2019:07:07:29 -0500] "GET /BLA/boletinlegal/js/jquery.scrollShow.js HTTP/1.1" 304 -
181.236.181.137 - - [13/Jul/2019:07:07:29 -0500] "GET /galeria/galeria/jquery.fancybox.js?v=2.1.5 HTTP/1.1" 304 -
181.236.181.137 - - [13/Jul/2019:07:07:29 -0500] "GET /galeria/galeria/jquery.fancybox.css?v=2.1.5 HTTP/1.1" 304 -
69.162.124.233 - - [13/Jul/2019:07:07:38 -0500] "HEAD / HTTP/1.1" 200 -
66.249.88.107 - - [13/Jul/2019:07:07:46 -0500] "GET /galeria/galeria/jquery.fancybox.css?v=2.1.5 HTTP/1.1" 200 4895
66.249.88.107 - - [13/Jul/2019:07:07:46 -0500] "GET /BLA/boletinlegal/js/jquery.scrollShow.js HTTP/1.1" 200 4586
66.249.88.107 - - [13/Jul/2019:07:07:46 -0500] "GET /galeria/galeria/jquery.fancybox.js?v=2.1.5 HTTP/1.1" 200 48706
54.36.149.31 - - [13/Jul/2019:07:07:52 -0500] "GET /robots.txt HTTP/1.1" 404 1019
54.36.148.58 - - [13/Jul/2019:07:07:59 -0500] "GET /BLA/resoluciones/index.php?dir=RESOLUCIONES+2014%2F HTTP/1.1" 200 328396
192.168.175.104 - - [13/Jul/2019:07:08:06 -0500] "GET / HTTP/1.0" 200 9990
201.245.192.253 - - [13/Jul/2019:07:07:59 -0500] "POST /kwsrmcab/Wsrmcab HTTP/1.1" 200 29979
201.245.192.253 - - [13/Jul/2019:07:07:58 -0500] "POST /kwsrmcab/Wsrmcab HTTP/1.1" 200 29979
186.28.186.212 - - [13/Jul/2019:07:08:37 -0500] "GET /desprendiblespago/controlador HTTP/1.1" 200 2321
66.249.64.19 - - [13/Jul/2019:07:08:42 -0500] "GET /BLA/resoluciones/AUTOS%202014/0339.pdf HTTP/1.1" 200 649619
192.168.175.104 - - [13/Jul/2019:07:08:44 -0500] "GET / HTTP/1.1" 200 9990
201.245.192.253 - - [13/Jul/2019:07:08:35 -0500] "POST /kwsrmcab/Wsrmcab HTTP/1.1" 200 29807
201.245.192.253 - - [13/Jul/2019:07:08:35 -0500] "POST /kwsrmcab/Wsrmcab HTTP/1.1" 200 29807
66.249.64.19 - - [13/Jul/2019:07:09:34 -0500] "GET /BLA/resoluciones/AUTOS%202010/0863.pdf HTTP/1.1" 200 255847
66.249.64.19 - - [13/Jul/2019:07:10:25 -0500] "GET /BLA/resoluciones/RESOLUCIONES%202007/RES%202007%20101%20AL%20200/RESOLUCION%200122%20%20DE%202007.pdf HTTP/1.1" 200 142868
66.249.64.20 - - [13/Jul/2019:07:10:26 -0500] "GET /BLA/resoluciones/AUTOS%202015/2105.pdf HTTP/1.1" 200 888526
66.249.64.20 - - [13/Jul/2019:07:10:29 -0500] "GET /BLA/resoluciones/AUTOS%202015/0638.pdf HTTP/1.1" 200 486987
66.249.64.20 - - [13/Jul/2019:07:10:33 -0500] "GET /BLA/resoluciones/RESOLUCIONES%202010/2406.pdf HTTP/1.1" 200 502224
66.249.64.20 - - [13/Jul/2019:07:10:37 -0500] "GET /BLA/resoluciones/AUTOS%202015/1635.pdf HTTP/1.1" 200 886733
66.249.64.19 - - [13/Jul/2019:07:10:41 -0500] "GET /BLA/resoluciones/AUTOS%202007/1779.pdf HTTP/1.1" 200 35563
66.249.64.19 - - [13/Jul/2019:07:10:49 -0500] "GET /BLA/resoluciones/AUTOS%202012/1564.pdf HTTP/1.1" 200 1990552
54.36.148.212 - - [13/Jul/2019:07:11:22 -0500] "GET /BLA/resoluciones/RESOLUCIONES%202004/RES%202004%20601-650/00000616.tif HTTP/1.1" 200 186750
66.249.88.109 - - [13/Jul/2019:07:11:53 -0500] "GET /BLA/boletinlegal/js/jquery.scrollShow.js HTTP/1.1" 200 4586
66.249.88.105 - - [13/Jul/2019:07:11:53 -0500] "GET /galeria/galeria/jquery.fancybox.js?v=2.1.5 HTTP/1.1" 200 48706
66.249.88.109 - - [13/Jul/2019:07:11:53 -0500] "GET /galeria/galeria/jquery.fancybox.css?v=2.1.5 HTTP/1.1" 200 4895
191.102.66.234 - - [13/Jul/2019:07:12:14 -0500] "GET /galeria/galeria/fotos/Humedal-Tibanica1G.jpg HTTP/1.1" 200 541579
66.249.64.20 - - [13/Jul/2019:07:12:34 -0500] "GET /BLA/resoluciones/AUTOS%202017/3274.pdf HTTP/1.1" 200 1627105
69.162.124.233 - - [13/Jul/2019:07:12:38 -0500] "HEAD / HTTP/1.1" 200 -
66.249.88.105 - - [13/Jul/2019:07:12:55 -0500] "GET /BLA/boletinlegal/js/jquery.scrollShow.js HTTP/1.1" 200 4586
66.249.88.105 - - [13/Jul/2019:07:12:55 -0500] "GET /galeria/carrusel/Carrusel/jquery.thumbnailScroller.css HTTP/1.1" 200 2066
66.249.88.105 - - [13/Jul/2019:07:12:55 -0500] "GET /galeria/galeria/jquery.fancybox.js?v=2.1.5 HTTP/1.1" 200 48706
66.249.88.109 - - [13/Jul/2019:07:12:55 -0500] "GET /galeria/galeria/jquery.fancybox.css?v=2.1.5 HTTP/1.1" 200 4895
66.249.88.107 - - [13/Jul/2019:07:12:55 -0500] "GET /galeria/carrusel/Carrusel/jquery-ui-1.8.13.custom.min.js HTTP/1.1" 200 10800
66.249.88.105 - - [13/Jul/2019:07:12:55 -0500] "GET /galeria/carrusel/Carrusel/jquery.thumbnailScroller.js HTTP/1.1" 200 8157
66.249.88.105 - - [13/Jul/2019:07:12:55 -0500] "GET /galeria/nivo-slider/demo/demo.html HTTP/1.1" 200 4101
66.249.88.107 - - [13/Jul/2019:07:12:56 -0500] "GET /galeria/nivo-slider/themes/default/default.css HTTP/1.1" 200 1569
66.249.88.105 - - [13/Jul/2019:07:12:56 -0500] "GET /galeria/nivo-slider/nivo-slider.css HTTP/1.1" 200 1507
66.249.88.109 - - [13/Jul/2019:07:12:56 -0500] "GET /galeria/nivo-slider/themes/orman/orman.css HTTP/1.1" 200 2152
66.249.88.107 - - [13/Jul/2019:07:12:56 -0500] "GET /galeria/nivo-slider/themes/pascal/pascal.css HTTP/1.1" 200 2258
66.249.88.107 - - [13/Jul/2019:07:12:56 -0500] "GET /galeria/nivo-slider/demo/style.css HTTP/1.1" 200 2222
66.249.88.109 - - [13/Jul/2019:07:12:57 -0500] "GET /galeria/nivo-slider/demo/images/banner%20lluvias.jpg HTTP/1.1" 200 254815
66.249.88.105 - - [13/Jul/2019:07:12:57 -0500] "GET /galeria/nivo-slider/demo/scripts/jquery-1.7.1.min.js HTTP/1.1" 200 93868
66.249.88.107 - - [13/Jul/2019:07:12:57 -0500] "GET /galeria/nivo-slider/jquery.nivo.slider.pack.js HTTP/1.1" 200 11561
66.249.88.107 - - [13/Jul/2019:07:12:57 -0500] "GET /galeria/nivo-slider/demo/images/Banner%20consumo%20sostenible%20final.jpg HTTP/1.1" 200 364746
66.249.88.107 - - [13/Jul/2019:07:12:57 -0500] "GET /galeria/nivo-slider/demo/images/caminatas%20julio%20principal.png HTTP/1.1" 200 662414
66.249.88.107 - - [13/Jul/2019:07:12:57 -0500] "GET /galeria/nivo-slider/demo/images/bannersectorambiente.png HTTP/1.1" 200 308540
66.249.88.107 - - [13/Jul/2019:07:12:57 -0500] "GET /galeria/nivo-slider/demo/images/4Simple_Slider.png HTTP/1.1" 200 11722
66.249.88.107 - - [13/Jul/2019:07:12:57 -0500] "GET /galeria/nivo-slider/themes/default/loading.gif HTTP/1.1" 200 1737
66.249.88.105 - - [13/Jul/2019:07:12:57 -0500] "GET /galeria/nivo-slider/demo/images/Banner%20RCD.jpg HTTP/1.1" 200 92197
66.249.88.105 - - [13/Jul/2019:07:12:57 -0500] "GET /galeria/nivo-slider/demo/images/Banner%20Conpes.jpg HTTP/1.1" 200 55220
66.249.88.109 - - [13/Jul/2019:07:12:57 -0500] "GET /galeria/nivo-slider/demo/images/Banner%20practicas%20sostenibles.jpg HTTP/1.1" 200 142958
66.249.88.107 - - [13/Jul/2019:07:12:58 -0500] "GET /galeria/nivo-slider/demo/images/Banner%20POT.png HTTP/1.1" 200 418238
66.249.88.107 - - [13/Jul/2019:07:12:58 -0500] "GET /galeria/nivo-slider/demo/images/incendios-forestales.png HTTP/1.1" 200 61469
66.249.88.107 - - [13/Jul/2019:07:12:58 -0500] "GET /galeria/nivo-slider/demo/images/BANNER%20punto.jpg HTTP/1.1" 200 75932
66.249.88.109 - - [13/Jul/2019:07:12:58 -0500] "GET /galeria/nivo-slider/demo/images/Banneranonimos.png HTTP/1.1" 200 109388
66.249.88.105 - - [13/Jul/2019:07:12:59 -0500] "GET /galeria/nivo-slider/demo/images/banner-humedales-de-bogota.jpg HTTP/1.1" 200 292611
66.249.88.107 - - [13/Jul/2019:07:12:59 -0500] "GET /galeria/nivo-slider/demo/images/banner-bolsas-plasticas.jpg HTTP/1.1" 200 317939
66.249.88.107 - - [13/Jul/2019:07:13:01 -0500] "GET /galeria/nivo-slider/themes/default/arrows.png HTTP/1.1" 200 824
66.249.88.109 - - [13/Jul/2019:07:13:01 -0500] "GET /galeria/nivo-slider/themes/default/bullets.png HTTP/1.1" 200 1281
192.168.175.104 - - [13/Jul/2019:07:13:04 -0500] "GET / HTTP/1.0" 200 9990
181.53.12.69 - - [13/Jul/2019:07:13:15 -0500] "GET /galeria/galeria/jquery.fancybox.css?v=2.1.5 HTTP/1.1" 200 4895
181.53.12.69 - - [13/Jul/2019:07:13:15 -0500] "GET /BLA/boletinlegal/js/jquery.scrollShow.js HTTP/1.1" 200 4586
181.53.12.69 - - [13/Jul/2019:07:13:15 -0500] "GET /galeria/galeria/jquery.fancybox.js?v=2.1.5 HTTP/1.1" 200 48706
66.249.64.20 - - [13/Jul/2019:07:13:32 -0500] "GET /BLA/resoluciones/RESOLUCIONES%202009/0436.pdf HTTP/1.1" 200 188825
66.249.64.19 - - [13/Jul/2019:07:13:34 -0500] "GET /BLA/resoluciones/AUTOS%202010/5932.pdf HTTP/1.1" 200 163520
186.84.90.0 - - [13/Jul/2019:07:13:34 -0500] "GET /BLA/boletinlegal/jurisprudencia/analisis/SENTENCIA%20C-703%20DE%202010.xls HTTP/1.1" 200 38912
66.249.64.19 - - [13/Jul/2019:07:13:37 -0500] "GET /BLA/resoluciones/AUTOS%202012/2925.pdf HTTP/1.1" 200 1147885
66.249.64.19 - - [13/Jul/2019:07:13:41 -0500] "GET /BLA/resoluciones/AUTOS%202013/0861.pdf HTTP/1.1" 200 1588902
192.168.175.104 - - [13/Jul/2019:07:13:42 -0500] "GET / HTTP/1.1" 200 9990
66.249.64.19 - - [13/Jul/2019:07:13:46 -0500] "GET /BLA/resoluciones/AUTOS%202007/0513.pdf HTTP/1.1" 200 407301
190.130.64.251 - - [13/Jul/2019:07:14:07 -0500] "GET /galeria/galeria/fotos/Humedal-Santa-Mar%C3%ADa-del-Lago1G.jpg HTTP/1.1" 200 290867
66.249.88.107 - - [13/Jul/2019:07:14:33 -0500] "GET /galeria/galeria/fotos/Humedal-Tibanica1G.jpg HTTP/1.1" 200 541579
66.249.64.20 - - [13/Jul/2019:07:14:41 -0500] "GET /galeria/galeria/fotos/Humedal-Tibanica2G.jpg HTTP/1.1" 304 -
66.249.64.20 - - [13/Jul/2019:07:14:42 -0500] "GET /BLA/resoluciones/AUTOS%202013/0424.pdf HTTP/1.1" 200 1106766
66.249.64.20 - - [13/Jul/2019:07:14:45 -0500] "GET /BLA/resoluciones/AUTOS%202009/0757.pdf HTTP/1.1" 200 107687
66.249.64.19 - - [13/Jul/2019:07:14:50 -0500] "GET /BLA/resoluciones/AUTOS%202015/1044.pdf HTTP/1.1" 200 534946
186.114.27.203 - - [13/Jul/2019:07:14:52 -0500] "GET /galeria/galeria/jquery.fancybox.css?v=2.1.5 HTTP/1.1" 200 4895
186.114.27.203 - - [13/Jul/2019:07:14:52 -0500] "GET /galeria/galeria/jquery.fancybox.js?v=2.1.5 HTTP/1.1" 200 48706
186.114.27.203 - - [13/Jul/2019:07:14:52 -0500] "GET /galeria/galeria/fotos/mirador1P.jpg HTTP/1.1" 200 11433
186.114.27.203 - - [13/Jul/2019:07:14:53 -0500] "GET /galeria/galeria/fotos/mirador2P.jpg HTTP/1.1" 200 10111
186.114.27.203 - - [13/Jul/2019:07:14:53 -0500] "GET /galeria/galeria/fotos/mirador3P.jpg HTTP/1.1" 200 9765
186.114.27.203 - - [13/Jul/2019:07:14:53 -0500] "GET /galeria/galeria/fotos/mirador4P.jpg HTTP/1.1" 200 11757
66.249.64.19 - - [13/Jul/2019:07:14:55 -0500] "GET /BLA/resoluciones/AUTOS%202015/1921.pdf HTTP/1.1" 200 594460
66.249.64.19 - - [13/Jul/2019:07:14:59 -0500] "GET /BLA/resoluciones/AUTOS%202015/1134.pdf HTTP/1.1" 200 624803
66.249.64.20 - - [13/Jul/2019:07:15:04 -0500] "GET /BLA/resoluciones/AUTOS%202015/1313.pdf HTTP/1.1" 200 644434
66.249.64.19 - - [13/Jul/2019:07:15:09 -0500] "GET /BLA/resoluciones/AUTOS%202015/3972.pdf HTTP/1.1" 200 694486
66.249.64.19 - - [13/Jul/2019:07:15:13 -0500] "GET /BLA/resoluciones/RESOLUCIONES%202012/0744.pdf HTTP/1.1" 200 508120
66.249.64.20 - - [13/Jul/2019:07:15:18 -0500] "GET /BLA/resoluciones/AUTOS%202010/1399.pdf HTTP/1.1" 200 292705
186.144.89.147 - - [13/Jul/2019:07:15:19 -0500] "GET /BLA/boletinlegal/js/jquery.scrollShow.js HTTP/1.1" 200 4586
186.144.89.147 - - [13/Jul/2019:07:15:19 -0500] "GET /galeria/galeria/jquery.fancybox.js?v=2.1.5 HTTP/1.1" 200 48706
186.144.89.147 - - [13/Jul/2019:07:15:19 -0500] "GET /galeria/galeria/jquery.fancybox.css?v=2.1.5 HTTP/1.1" 200 4895
66.249.64.19 - - [13/Jul/2019:07:15:22 -0500] "GET /BLA/resoluciones/AUTOS%202007/3774.pdf HTTP/1.1" 200 472199
66.249.64.19 - - [13/Jul/2019:07:15:27 -0500] "GET /BLA/resoluciones/RESOLUCIONES%202008/0100.pdf HTTP/1.1" 200 64680
66.249.64.20 - - [13/Jul/2019:07:15:31 -0500] "GET /BLA/resoluciones/AUTOS%202013/3190.pdf HTTP/1.1" 200 620148
66.249.64.19 - - [13/Jul/2019:07:15:35 -0500] "GET /BLA/resoluciones/AUTOS%202013/3328.pdf HTTP/1.1" 200 720054
195.154.122.3 - - [13/Jul/2019:07:15:38 -0500] "GET /galeria/galeria/jquery.fancybox.css?v=2.1.5 HTTP/1.1" 200 4895
195.154.122.3 - - [13/Jul/2019:07:15:38 -0500] "GET /galeria/galeria/jquery.fancybox.js?v=2.1.5 HTTP/1.1" 200 48706
195.154.122.3 - - [13/Jul/2019:07:15:38 -0500] "GET /galeria/carrusel/Carrusel/jquery.thumbnailScroller.css HTTP/1.1" 200 2066
195.154.122.3 - - [13/Jul/2019:07:15:38 -0500] "GET /BLA/boletinlegal/js/jquery.scrollShow.js HTTP/1.1" 200 4586
195.154.122.3 - - [13/Jul/2019:07:15:38 -0500] "GET /galeria/carrusel/Carrusel/jquery-ui-1.8.13.custom.min.js HTTP/1.1" 200 10800
195.154.122.3 - - [13/Jul/2019:07:15:39 -0500] "GET /galeria/carrusel/Carrusel/jquery.thumbnailScroller.js HTTP/1.1" 200 8157
195.154.122.3 - - [13/Jul/2019:07:15:39 -0500] "GET /galeria/nivo-slider/demo/demo.html HTTP/1.1" 200 4101
195.154.122.3 - - [13/Jul/2019:07:15:39 -0500] "GET /galeria/nivo-slider/themes/default/default.css HTTP/1.1" 200 1569
195.154.122.3 - - [13/Jul/2019:07:15:39 -0500] "GET /galeria/nivo-slider/themes/pascal/pascal.css HTTP/1.1" 200 2258
195.154.122.3 - - [13/Jul/2019:07:15:39 -0500] "GET /galeria/nivo-slider/themes/orman/orman.css HTTP/1.1" 200 2152
195.154.122.3 - - [13/Jul/2019:07:15:39 -0500] "GET /galeria/nivo-slider/nivo-slider.css HTTP/1.1" 200 1507
195.154.122.3 - - [13/Jul/2019:07:15:40 -0500] "GET /galeria/nivo-slider/demo/style.css HTTP/1.1" 200 2222
195.154.122.3 - - [13/Jul/2019:07:15:40 -0500] "GET /galeria/nivo-slider/demo/scripts/jquery-1.7.1.min.js HTTP/1.1" 200 93868
195.154.122.3 - - [13/Jul/2019:07:15:40 -0500] "GET /galeria/nivo-slider/jquery.nivo.slider.pack.js HTTP/1.1" 200 11561
179.15.171.152 - - [13/Jul/2019:07:15:58 -0500] "GET /BLA/boletinlegal/js/jquery.scrollShow.js HTTP/1.1" 200 4586
179.15.171.152 - - [13/Jul/2019:07:15:58 -0500] "GET /galeria/galeria/jquery.fancybox.js?v=2.1.5 HTTP/1.1" 200 48706
179.15.171.152 - - [13/Jul/2019:07:15:58 -0500] "GET /galeria/galeria/jquery.fancybox.css?v=2.1.5 HTTP/1.1" 200 4895
66.249.64.19 - - [13/Jul/2019:07:16:30 -0500] "GET /BLA/resoluciones/AUTOS%202017/3258.pdf HTTP/1.1" 200 1650901
66.249.64.19 - - [13/Jul/2019:07:16:33 -0500] "GET /BLA/resoluciones/AUTOS%202017/2013.pdf HTTP/1.1" 200 413750
66.249.64.20 - - [13/Jul/2019:07:16:35 -0500] "GET /BLA/resoluciones/RESOLUCIONES%202007/RES%202007%204301%20AL%204352/RESOLUCION%204325%20DE%202007.pdf HTTP/1.1" 200 983740
66.102.6.193 - - [13/Jul/2019:07:17:17 -0500] "GET /BLA/boletinlegal/js/jquery.scrollShow.js HTTP/1.1" 200 4586
66.102.6.197 - - [13/Jul/2019:07:17:17 -0500] "GET /galeria/galeria/jquery.fancybox.js?v=2.1.5 HTTP/1.1" 200 48706
66.102.6.197 - - [13/Jul/2019:07:17:17 -0500] "GET /galeria/galeria/jquery.fancybox.css?v=2.1.5 HTTP/1.1" 200 4895
66.102.6.193 - - [13/Jul/2019:07:17:19 -0500] "GET /galeria/galeria/jquery.fancybox.css?v=2.1.5 HTTP/1.1" 304 -
66.102.6.197 - - [13/Jul/2019:07:17:19 -0500] "GET /galeria/galeria/jquery.fancybox.js?v=2.1.5 HTTP/1.1" 304 -
69.162.124.233 - - [13/Jul/2019:07:17:38 -0500] "HEAD / HTTP/1.1" 200 -
201.245.192.253 - - [13/Jul/2019:07:17:59 -0500] "GET /kwsrmcab/Wsrmcab?wsdl HTTP/1.1" 200 5118
192.168.175.104 - - [13/Jul/2019:07:18:02 -0500] "GET / HTTP/1.0" 200 9990
66.249.88.109 - - [13/Jul/2019:07:18:25 -0500] "GET /galeria/galeria/jquery.fancybox.css?v=2.1.5 HTTP/1.1" 200 4895
66.249.88.105 - - [13/Jul/2019:07:18:25 -0500] "GET /BLA/boletinlegal/js/jquery.scrollShow.js HTTP/1.1" 200 4586
66.249.88.109 - - [13/Jul/2019:07:18:25 -0500] "GET /galeria/galeria/jquery.fancybox.js?v=2.1.5 HTTP/1.1" 200 48706
201.245.192.253 - - [13/Jul/2019:07:17:58 -0500] "POST /kwsrmcab/Wsrmcab HTTP/1.1" 200 29979
201.245.192.253 - - [13/Jul/2019:07:17:59 -0500] "POST /kwsrmcab/Wsrmcab HTTP/1.1" 200 29979
192.168.175.104 - - [13/Jul/2019:07:18:40 -0500] "GET / HTTP/1.1" 200 9990
66.249.64.20 - - [13/Jul/2019:07:19:09 -0500] "GET /BLA/resoluciones/AUTOS%202008/3464.pdf HTTP/1.1" 200 82928
66.249.64.19 - - [13/Jul/2019:07:19:10 -0500] "GET /BLA/resoluciones/AUTOS%202007/2829.pdf HTTP/1.1" 200 77033
66.249.64.19 - - [13/Jul/2019:07:19:14 -0500] "GET /BLA/resoluciones/AUTOS%202014/4912.pdf HTTP/1.1" 200 450727
66.249.64.19 - - [13/Jul/2019:07:19:19 -0500] "GET /BLA/resoluciones/AUTOS%202015/5256.pdf HTTP/1.1" 200 545800
66.249.64.19 - - [13/Jul/2019:07:19:24 -0500] "GET /BLA/resoluciones/RESOLUCIONES%202010/7587.pdf HTTP/1.1" 200 506852
66.249.64.19 - - [13/Jul/2019:07:19:29 -0500] "GET /BLA/resoluciones/RESOLUCIONES%202010/1100.pdf HTTP/1.1" 200 116462
66.249.64.20 - - [13/Jul/2019:07:19:34 -0500] "GET /BLA/resoluciones/AUTOS%202017/1351.pdf HTTP/1.1" 200 542478
66.249.64.20 - - [13/Jul/2019:07:19:39 -0500] "GET /BLA/resoluciones/RESOLUCIONES%202008/2579.pdf HTTP/1.1" 200 292200
186.84.3.223 - - [13/Jul/2019:07:19:40 -0500] "GET /galeria/galeria/jquery.fancybox.css?v=2.1.5 HTTP/1.1" 200 4895
186.84.3.223 - - [13/Jul/2019:07:19:40 -0500] "GET /galeria/galeria/jquery.fancybox.js?v=2.1.5 HTTP/1.1" 200 48706
186.84.3.223 - - [13/Jul/2019:07:19:40 -0500] "GET /BLA/boletinlegal/js/jquery.scrollShow.js HTTP/1.1" 200 4586
66.249.64.20 - - [13/Jul/2019:07:19:44 -0500] "GET /BLA/resoluciones/AUTOS%202017/2846.pdf HTTP/1.1" 200 1345545
66.249.64.19 - - [13/Jul/2019:07:20:39 -0500] "GET /BLA/resoluciones/RESOLUCIONES%202009/1864.pdf HTTP/1.1" 200 326302
66.249.79.185 - - [13/Jul/2019:07:20:40 -0500] "GET /BLA/resoluciones/AUTOS%202010/5370.pdf HTTP/1.1" 200 1508683
66.249.64.19 - - [13/Jul/2019:07:20:44 -0500] "GET /BLA/resoluciones/AUTOS%202010/5545.pdf HTTP/1.1" 200 911751
66.249.64.20 - - [13/Jul/2019:07:20:49 -0500] "GET /BLA/resoluciones/AUTOS%202014/1069.pdf HTTP/1.1" 200 630682
66.249.64.20 - - [13/Jul/2019:07:20:54 -0500] "GET /BLA/resoluciones/AUTOS%202012/1565.pdf HTTP/1.1" 200 281330
66.249.64.19 - - [13/Jul/2019:07:21:04 -0500] "GET /BLA/resoluciones/RESOLUCIONES%202009/1497.pdf HTTP/1.1" 200 223539
157.55.39.24 - - [13/Jul/2019:07:21:07 -0500] "GET /robots.txt HTTP/1.1" 404 1019
157.55.39.24 - - [13/Jul/2019:07:21:08 -0500] "GET /robots.txt HTTP/1.1" 404 1019
66.249.64.20 - - [13/Jul/2019:07:21:09 -0500] "GET /BLA/resoluciones/AUTOS%202008/0225.pdf HTTP/1.1" 200 107626
157.55.39.237 - - [13/Jul/2019:07:21:12 -0500] "GET /galeria/nivo-slider/demo/images/BANNERPERDIDADEDOCUMENTOSWEB.jpg HTTP/1.1" 200 91399
66.249.64.19 - - [13/Jul/2019:07:21:14 -0500] "GET /BLA/resoluciones/RESOLUCIONES%202007/RES%202007%202201%20AL%202300/RESOLUCION%202212%20%20%20DE%202007.pdf HTTP/1.1" 200 120222
66.249.64.19 - - [13/Jul/2019:07:21:18 -0500] "GET /BLA/resoluciones/RESOLUCIONES%202007/RES%202007%20601%20AL%20700/RESOLUCION%200700%20DE%202007.pdf HTTP/1.1" 200 1308173
66.249.64.19 - - [13/Jul/2019:07:21:23 -0500] "GET /BLA/resoluciones/RESOLUCIONES%202008/1187.pdf HTTP/1.1" 200 191195
66.249.64.20 - - [13/Jul/2019:07:21:28 -0500] "GET /BLA/resoluciones/AUTOS%202014/0188.pdf HTTP/1.1" 200 391347
66.249.64.19 - - [13/Jul/2019:07:21:33 -0500] "GET /BLA/resoluciones/RESOLUCIONES%202007/RES%202007%203401%20AL%203500/RESOLUCION%203455%20DE%202007.pdf HTTP/1.1" 200 999779
54.36.148.247 - - [13/Jul/2019:07:21:51 -0500] "GET /BLA/resoluciones/RESOLUCIONES%202004/RES%202004%20801-850/00000841.tif HTTP/1.1" 200 55414
69.162.124.233 - - [13/Jul/2019:07:22:38 -0500] "HEAD / HTTP/1.1" 200 -
192.168.175.104 - - [13/Jul/2019:07:23:01 -0500] "GET / HTTP/1.0" 200 9990
66.249.64.20 - - [13/Jul/2019:07:23:17 -0500] "GET /galeria/galeria/fotos/Soratama3G.jpg HTTP/1.1" 304 -
192.168.175.104 - - [13/Jul/2019:07:23:39 -0500] "GET / HTTP/1.1" 200 9990
190.146.187.80 - - [13/Jul/2019:07:24:04 -0500] "GET /galeria/galeria/jquery.fancybox.css?v=2.1.5 HTTP/1.1" 200 4895
190.146.187.80 - - [13/Jul/2019:07:24:04 -0500] "GET /BLA/boletinlegal/js/jquery.scrollShow.js HTTP/1.1" 200 4586
190.146.187.80 - - [13/Jul/2019:07:24:04 -0500] "GET /galeria/galeria/jquery.fancybox.js?v=2.1.5 HTTP/1.1" 200 48706
66.249.64.19 - - [13/Jul/2019:07:24:08 -0500] "GET /BLA/resoluciones/Notificaciones/AUTOS%202015/4300.doc HTTP/1.1" 200 216064
186.154.126.39 - - [13/Jul/2019:07:24:25 -0500] "GET /BLA/boletinlegal/js/jquery.scrollShow.js HTTP/1.1" 200 4586
186.154.126.39 - - [13/Jul/2019:07:24:25 -0500] "GET /galeria/galeria/jquery.fancybox.css?v=2.1.5 HTTP/1.1" 200 4895
186.154.126.39 - - [13/Jul/2019:07:24:26 -0500] "GET /galeria/galeria/jquery.fancybox.js?v=2.1.5 HTTP/1.1" 200 48706
123.126.113.172 - - [13/Jul/2019:07:24:58 -0500] "GET / HTTP/1.0" 400 946
66.249.64.20 - - [13/Jul/2019:07:24:59 -0500] "GET /BLA/resoluciones/RESOLUCIONES%202008/1824.pdf HTTP/1.1" 200 207865
123.126.113.172 - - [13/Jul/2019:07:24:59 -0500] "GET / HTTP/1.1" 200 9990
66.249.64.20 - - [13/Jul/2019:07:25:00 -0500] "GET /BLA/resoluciones/AUTOS%202013/1076.pdf HTTP/1.1" 200 1262015
66.249.64.19 - - [13/Jul/2019:07:25:10 -0500] "GET /BLA/resoluciones/AUTOS%202013/2525.pdf HTTP/1.1" 200 1975017
66.249.64.20 - - [13/Jul/2019:07:25:15 -0500] "GET /BLA/resoluciones/AUTOS%202013/3694.pdf HTTP/1.1" 200 1050932
66.249.64.19 - - [13/Jul/2019:07:25:21 -0500] "GET /BLA/resoluciones/AUTOS%202007/1517.pdf HTTP/1.1" 200 85888
66.249.64.19 - - [13/Jul/2019:07:25:26 -0500] "GET /BLA/resoluciones/AUTOS%202015/5858.pdf HTTP/1.1" 200 520987
157.55.39.109 - - [13/Jul/2019:07:25:57 -0500] "GET /BLA/boletinlegal/Circulares/2009/Circular%20Instructiva%20-%20Memorando%202009IE24363.pdf HTTP/1.1" 304 -
181.138.22.169 - - [13/Jul/2019:07:26:13 -0500] "GET /galeria/galeria/jquery.fancybox.css?v=2.1.5 HTTP/1.1" 200 4895
181.138.22.169 - - [13/Jul/2019:07:26:13 -0500] "GET /BLA/boletinlegal/js/jquery.scrollShow.js HTTP/1.1" 200 4586
181.138.22.169 - - [13/Jul/2019:07:26:13 -0500] "GET /galeria/galeria/jquery.fancybox.js?v=2.1.5 HTTP/1.1" 200 48706
66.249.79.189 - - [13/Jul/2019:07:26:23 -0500] "GET /BLA/resoluciones/RESOLUCIONES%202007/RES%202007%204301%20AL%204352/RESOLUCION%204322%20DE%202007.pdf HTTP/1.1" 200 680436
66.249.64.19 - - [13/Jul/2019:07:26:27 -0500] "GET /BLA/resoluciones/AUTOS%202016/2727.pdf HTTP/1.1" 200 618508
66.249.64.19 - - [13/Jul/2019:07:26:32 -0500] "GET /BLA/resoluciones/AUTOS%202015/1847.pdf HTTP/1.1" 200 649248
66.249.64.19 - - [13/Jul/2019:07:26:38 -0500] "GET /BLA/resoluciones/RESOLUCIONES%202007/RES%202007%201501%20AL%201600/RESOLUCION%201569%20DE%202007.pdf HTTP/1.1" 200 1319569
66.249.64.19 - - [13/Jul/2019:07:27:33 -0500] "GET /BLA/resoluciones/AUTOS%202007/3779.pdf HTTP/1.1" 200 72188
66.249.64.20 - - [13/Jul/2019:07:27:34 -0500] "GET /BLA/resoluciones/AUTOS%202007/3048.pdf HTTP/1.1" 200 173540
69.162.124.233 - - [13/Jul/2019:07:27:38 -0500] "HEAD / HTTP/1.1" 200 -
66.249.64.19 - - [13/Jul/2019:07:27:38 -0500] "GET /BLA/resoluciones/AUTOS%202017/5227.pdf HTTP/1.1" 200 366780
66.249.64.19 - - [13/Jul/2019:07:27:44 -0500] "GET /BLA/resoluciones/AUTOS%202008/0610.pdf HTTP/1.1" 200 161593
66.249.64.19 - - [13/Jul/2019:07:27:49 -0500] "GET /BLA/resoluciones/AUTOS%202007/0300.pdf HTTP/1.1" 200 63329
192.168.175.104 - - [13/Jul/2019:07:27:59 -0500] "GET / HTTP/1.0" 200 9990
66.249.64.19 - - [13/Jul/2019:07:28:05 -0500] "GET /BLA/resoluciones/AUTOS%202015/2162.pdf HTTP/1.1" 200 870193
66.249.64.19 - - [13/Jul/2019:07:28:10 -0500] "GET /BLA/resoluciones/AUTOS%202016/0088.pdf HTTP/1.1" 200 800110
66.249.64.20 - - [13/Jul/2019:07:28:15 -0500] "GET /BLA/resoluciones/AUTOS%202011/3711.pdf HTTP/1.1" 200 183464
66.249.64.19 - - [13/Jul/2019:07:28:21 -0500] "GET /BLA/resoluciones/AUTOS%202017/2287.pdf HTTP/1.1" 200 1360604
66.249.64.20 - - [13/Jul/2019:07:28:26 -0500] "GET /BLA/resoluciones/AUTOS%202009/1658.pdf HTTP/1.1" 200 108986
157.55.39.168 - - [13/Jul/2019:07:28:26 -0500] "GET /BLA/boletinlegal/norma_menu.php HTTP/1.1" 200 6318
66.249.64.19 - - [13/Jul/2019:07:28:31 -0500] "GET /BLA/resoluciones/AUTOS%202014/0254.pdf HTTP/1.1" 200 424489
201.245.192.253 - - [13/Jul/2019:07:27:58 -0500] "POST /kwsrmcab/Wsrmcab HTTP/1.1" 200 29979
201.245.192.253 - - [13/Jul/2019:07:27:59 -0500] "POST /kwsrmcab/Wsrmcab HTTP/1.1" 200 29979
66.249.64.20 - - [13/Jul/2019:07:28:36 -0500] "GET /BLA/resoluciones/AUTOS%202018/3797.pdf HTTP/1.1" 200 305124
192.168.175.104 - - [13/Jul/2019:07:28:37 -0500] "GET / HTTP/1.1" 200 9990
66.249.64.20 - - [13/Jul/2019:07:28:40 -0500] "GET /BLA/resoluciones/RESOLUCIONES%202007/RES%202007%203301%20AL%203400/RESOLUCION%203400%20DE%202007.pdf HTTP/1.1" 200 669605
66.249.64.20 - - [13/Jul/2019:07:28:45 -0500] "GET /BLA/resoluciones/AUTOS%202018/3100.pdf HTTP/1.1" 200 278169
216.244.66.195 - - [13/Jul/2019:07:28:56 -0500] "GET /robots.txt HTTP/1.1" 404 1018
66.249.64.20 - - [13/Jul/2019:07:29:41 -0500] "GET /BLA/resoluciones/AUTOS%202013/1616.pdf HTTP/1.1" 200 290460
66.249.64.20 - - [13/Jul/2019:07:29:45 -0500] "GET /BLA/resoluciones/AUTOS%202017/2540.pdf HTTP/1.1" 200 269492
191.95.50.145 - - [13/Jul/2019:07:29:47 -0500] "GET /BLA/resoluciones/AUTOS%202017/1502.pdf HTTP/1.1" 200 510628
191.95.50.145 - - [13/Jul/2019:07:29:48 -0500] "GET /favicon.ico HTTP/1.1" 200 7782
66.249.64.19 - - [13/Jul/2019:07:29:50 -0500] "GET /BLA/resoluciones/RESOLUCIONES%202008/3789.pdf HTTP/1.1" 200 88612
66.249.64.19 - - [13/Jul/2019:07:29:55 -0500] "GET /BLA/resoluciones/RESOLUCIONES%202013/0466.pdf HTTP/1.1" 200 4657784
190.60.193.46 - - [13/Jul/2019:07:29:56 -0500] "GET /galeria/carrusel/Carrusel/jquery.thumbnailScroller.css HTTP/1.1" 200 2066
190.60.193.46 - - [13/Jul/2019:07:29:56 -0500] "GET /BLA/boletinlegal/js/jquery.scrollShow.js HTTP/1.1" 200 4586
190.60.193.46 - - [13/Jul/2019:07:29:56 -0500] "GET /galeria/galeria/jquery.fancybox.js?v=2.1.5 HTTP/1.1" 200 48706
190.60.193.46 - - [13/Jul/2019:07:29:56 -0500] "GET /galeria/galeria/jquery.fancybox.css?v=2.1.5 HTTP/1.1" 200 4895
190.60.193.46 - - [13/Jul/2019:07:29:56 -0500] "GET /galeria/carrusel/Carrusel/jquery-ui-1.8.13.custom.min.js HTTP/1.1" 200 10800
190.60.193.46 - - [13/Jul/2019:07:29:56 -0500] "GET /galeria/carrusel/Carrusel/jquery.thumbnailScroller.js HTTP/1.1" 200 8157
190.60.193.46 - - [13/Jul/2019:07:29:57 -0500] "GET /galeria/nivo-slider/demo/demo.html HTTP/1.1" 200 4101
190.60.193.46 - - [13/Jul/2019:07:29:57 -0500] "GET /galeria/nivo-slider/themes/pascal/pascal.css HTTP/1.1" 200 2258
190.60.193.46 - - [13/Jul/2019:07:29:57 -0500] "GET /galeria/nivo-slider/demo/style.css HTTP/1.1" 200 2222
190.60.193.46 - - [13/Jul/2019:07:29:57 -0500] "GET /galeria/nivo-slider/nivo-slider.css HTTP/1.1" 200 1507
190.60.193.46 - - [13/Jul/2019:07:29:57 -0500] "GET /galeria/nivo-slider/themes/default/default.css HTTP/1.1" 200 1569
190.60.193.46 - - [13/Jul/2019:07:29:57 -0500] "GET /galeria/nivo-slider/demo/images/banner%20lluvias.jpg HTTP/1.1" 200 254815
190.60.193.46 - - [13/Jul/2019:07:29:57 -0500] "GET /galeria/nivo-slider/themes/orman/orman.css HTTP/1.1" 200 2152
190.60.193.46 - - [13/Jul/2019:07:29:57 -0500] "GET /galeria/nivo-slider/demo/scripts/jquery-1.7.1.min.js HTTP/1.1" 200 93868
190.60.193.46 - - [13/Jul/2019:07:29:57 -0500] "GET /galeria/nivo-slider/demo/images/bannersectorambiente.png HTTP/1.1" 200 308540
190.60.193.46 - - [13/Jul/2019:07:29:57 -0500] "GET /galeria/nivo-slider/demo/images/Banner%20POT.png HTTP/1.1" 200 418238
190.60.193.46 - - [13/Jul/2019:07:29:58 -0500] "GET /galeria/nivo-slider/demo/images/Banner%20consumo%20sostenible%20final.jpg HTTP/1.1" 200 364746
190.60.193.46 - - [13/Jul/2019:07:29:58 -0500] "GET /galeria/nivo-slider/demo/images/Banner%20RCD.jpg HTTP/1.1" 200 92197
190.60.193.46 - - [13/Jul/2019:07:29:58 -0500] "GET /galeria/nivo-slider/demo/images/Banner%20practicas%20sostenibles.jpg HTTP/1.1" 200 142958
190.60.193.46 - - [13/Jul/2019:07:29:58 -0500] "GET /galeria/nivo-slider/demo/images/Banner%20Conpes.jpg HTTP/1.1" 200 55220
190.60.193.46 - - [13/Jul/2019:07:29:58 -0500] "GET /galeria/nivo-slider/demo/images/banner-bolsas-plasticas.jpg HTTP/1.1" 200 317939
190.60.193.46 - - [13/Jul/2019:07:29:59 -0500] "GET /galeria/nivo-slider/demo/images/incendios-forestales.png HTTP/1.1" 200 61469
190.60.193.46 - - [13/Jul/2019:07:29:59 -0500] "GET /galeria/nivo-slider/demo/images/caminatas%20julio%20principal.png HTTP/1.1" 200 662414
190.60.193.46 - - [13/Jul/2019:07:29:59 -0500] "GET /galeria/nivo-slider/demo/images/Banneranonimos.png HTTP/1.1" 200 109388
190.60.193.46 - - [13/Jul/2019:07:29:59 -0500] "GET /galeria/nivo-slider/demo/images/BANNER%20punto.jpg HTTP/1.1" 200 75932
191.95.50.145 - - [13/Jul/2019:07:30:04 -0500] "GET /BLA/resoluciones/RESOLUCIONES%202018/0445.pdf HTTP/1.1" 200 801076
190.60.193.46 - - [13/Jul/2019:07:30:05 -0500] "GET /galeria/nivo-slider/themes/default/loading.gif HTTP/1.1" 200 1737
190.60.193.46 - - [13/Jul/2019:07:30:05 -0500] "GET /galeria/nivo-slider/demo/images/banner-humedales-de-bogota.jpg HTTP/1.1" 200 292611
190.60.193.46 - - [13/Jul/2019:07:30:06 -0500] "GET /galeria/nivo-slider/demo/images/4Simple_Slider.png HTTP/1.1" 200 11722
190.60.193.46 - - [13/Jul/2019:07:30:06 -0500] "GET /galeria/nivo-slider/jquery.nivo.slider.pack.js HTTP/1.1" 200 11561
190.60.193.46 - - [13/Jul/2019:07:30:06 -0500] "GET /galeria/nivo-slider/themes/default/arrows.png HTTP/1.1" 200 824
190.60.193.46 - - [13/Jul/2019:07:30:06 -0500] "GET /galeria/nivo-slider/themes/default/bullets.png HTTP/1.1" 200 1281
157.55.39.237 - - [13/Jul/2019:07:31:08 -0500] "GET /accesibilidad/discapacidad.html HTTP/1.1" 200 2647
66.249.64.19 - - [13/Jul/2019:07:31:44 -0500] "GET /BLA/resoluciones/AUTOS%202014/2092.pdf HTTP/1.1" 200 867920
190.127.196.158 - - [13/Jul/2019:07:31:47 -0500] "GET /galeria/galeria/jquery.fancybox.css?v=2.1.5 HTTP/1.1" 200 4895
190.127.196.158 - - [13/Jul/2019:07:31:47 -0500] "GET /BLA/boletinlegal/js/jquery.scrollShow.js HTTP/1.1" 200 4586
190.127.196.158 - - [13/Jul/2019:07:31:47 -0500] "GET /galeria/galeria/jquery.fancybox.js?v=2.1.5 HTTP/1.1" 200 48706
66.249.64.19 - - [13/Jul/2019:07:31:48 -0500] "GET /BLA/resoluciones/AUTOS%202018/0936.pdf HTTP/1.1" 200 279223
66.249.64.19 - - [13/Jul/2019:07:31:53 -0500] "GET /BLA/resoluciones/AUTOS%202016/0735.pdf HTTP/1.1" 200 502123
190.158.6.41 - - [13/Jul/2019:07:31:54 -0500] "GET /galeria/carrusel/Carrusel/jquery.thumbnailScroller.css HTTP/1.1" 200 2066
190.158.6.41 - - [13/Jul/2019:07:31:54 -0500] "GET /galeria/galeria/jquery.fancybox.css?v=2.1.5 HTTP/1.1" 200 4895
190.158.6.41 - - [13/Jul/2019:07:31:54 -0500] "GET /BLA/boletinlegal/js/jquery.scrollShow.js HTTP/1.1" 200 4586
190.158.6.41 - - [13/Jul/2019:07:31:54 -0500] "GET /galeria/galeria/jquery.fancybox.js?v=2.1.5 HTTP/1.1" 200 48706
190.158.6.41 - - [13/Jul/2019:07:31:55 -0500] "GET /galeria/carrusel/Carrusel/jquery-ui-1.8.13.custom.min.js HTTP/1.1" 200 10800
190.158.6.41 - - [13/Jul/2019:07:31:55 -0500] "GET /galeria/carrusel/Carrusel/jquery.thumbnailScroller.js HTTP/1.1" 200 8157
190.158.6.41 - - [13/Jul/2019:07:31:55 -0500] "GET /galeria/nivo-slider/demo/demo.html HTTP/1.1" 200 4101
190.158.6.41 - - [13/Jul/2019:07:31:56 -0500] "GET /galeria/nivo-slider/themes/default/default.css HTTP/1.1" 200 1569
190.158.6.41 - - [13/Jul/2019:07:31:56 -0500] "GET /galeria/nivo-slider/themes/pascal/pascal.css HTTP/1.1" 200 2258
190.158.6.41 - - [13/Jul/2019:07:31:56 -0500] "GET /galeria/nivo-slider/themes/orman/orman.css HTTP/1.1" 200 2152
190.158.6.41 - - [13/Jul/2019:07:31:56 -0500] "GET /galeria/nivo-slider/nivo-slider.css HTTP/1.1" 200 1507
190.158.6.41 - - [13/Jul/2019:07:31:56 -0500] "GET /galeria/nivo-slider/demo/style.css HTTP/1.1" 200 2222
190.158.6.41 - - [13/Jul/2019:07:31:56 -0500] "GET /galeria/nivo-slider/demo/scripts/jquery-1.7.1.min.js HTTP/1.1" 200 93868
190.158.6.41 - - [13/Jul/2019:07:31:56 -0500] "GET /galeria/nivo-slider/demo/images/banner%20lluvias.jpg HTTP/1.1" 200 254815
190.158.6.41 - - [13/Jul/2019:07:31:56 -0500] "GET /galeria/nivo-slider/demo/images/caminatas%20julio%20principal.png HTTP/1.1" 200 662414
190.158.6.41 - - [13/Jul/2019:07:31:56 -0500] "GET /galeria/nivo-slider/jquery.nivo.slider.pack.js HTTP/1.1" 200 11561
190.158.6.41 - - [13/Jul/2019:07:31:56 -0500] "GET /galeria/nivo-slider/demo/images/Banner%20consumo%20sostenible%20final.jpg HTTP/1.1" 200 364746
190.158.6.41 - - [13/Jul/2019:07:31:56 -0500] "GET /galeria/nivo-slider/demo/images/bannersectorambiente.png HTTP/1.1" 200 308540
190.158.6.41 - - [13/Jul/2019:07:31:57 -0500] "GET /galeria/nivo-slider/demo/images/Banner%20RCD.jpg HTTP/1.1" 200 92197
190.158.6.41 - - [13/Jul/2019:07:31:57 -0500] "GET /galeria/nivo-slider/demo/images/4Simple_Slider.png HTTP/1.1" 200 11722
190.158.6.41 - - [13/Jul/2019:07:31:58 -0500] "GET /galeria/nivo-slider/themes/default/loading.gif HTTP/1.1" 200 1737
190.158.6.41 - - [13/Jul/2019:07:31:58 -0500] "GET /galeria/nivo-slider/demo/images/Banner%20Conpes.jpg HTTP/1.1" 200 55220
66.249.64.20 - - [13/Jul/2019:07:31:58 -0500] "GET /BLA/resoluciones/RESOLUCIONES%202007/RES%202007%20701%20AL%20800/RESOLUCION%200754%20DE%202007.pdf HTTP/1.1" 200 616125
190.158.6.41 - - [13/Jul/2019:07:31:58 -0500] "GET /galeria/nivo-slider/demo/images/Banner%20practicas%20sostenibles.jpg HTTP/1.1" 200 142958
190.158.6.41 - - [13/Jul/2019:07:31:59 -0500] "GET /galeria/nivo-slider/demo/images/Banner%20POT.png HTTP/1.1" 200 418238
190.158.6.41 - - [13/Jul/2019:07:32:01 -0500] "GET /galeria/nivo-slider/demo/images/incendios-forestales.png HTTP/1.1" 200 61469
190.158.6.41 - - [13/Jul/2019:07:32:01 -0500] "GET /galeria/nivo-slider/demo/images/BANNER%20punto.jpg HTTP/1.1" 200 75932
190.158.6.41 - - [13/Jul/2019:07:32:01 -0500] "GET /galeria/nivo-slider/demo/images/Banneranonimos.png HTTP/1.1" 200 109388
190.158.6.41 - - [13/Jul/2019:07:32:01 -0500] "GET /galeria/nivo-slider/demo/images/banner-humedales-de-bogota.jpg HTTP/1.1" 200 292611
190.158.6.41 - - [13/Jul/2019:07:32:01 -0500] "GET /galeria/nivo-slider/demo/images/banner-bolsas-plasticas.jpg HTTP/1.1" 200 317939
66.249.64.19 - - [13/Jul/2019:07:32:03 -0500] "GET /BLA/resoluciones/AUTOS%202018/3505.pdf HTTP/1.1" 200 352228
190.158.6.41 - - [13/Jul/2019:07:32:06 -0500] "GET /galeria/nivo-slider/themes/default/arrows.png HTTP/1.1" 200 824
190.158.6.41 - - [13/Jul/2019:07:32:06 -0500] "GET /galeria/nivo-slider/themes/default/bullets.png HTTP/1.1" 200 1281
66.249.64.20 - - [13/Jul/2019:07:32:09 -0500] "GET /BLA/resoluciones/AUTOS%202018/3041.pdf HTTP/1.1" 200 2002393
66.249.64.19 - - [13/Jul/2019:07:32:14 -0500] "GET /BLA/resoluciones/RESOLUCIONES%202007/RES%202007%20601%20AL%20700/RESOLUCION%200670%20DE%202007.pdf HTTP/1.1" 200 376067
66.249.64.20 - - [13/Jul/2019:07:32:19 -0500] "GET /BLA/resoluciones/RESOLUCIONES%202008/1681.pdf HTTP/1.1" 200 128824
66.249.64.19 - - [13/Jul/2019:07:32:24 -0500] "GET /BLA/resoluciones/AUTOS%202010/0701.pdf HTTP/1.1" 200 184527
66.249.64.20 - - [13/Jul/2019:07:32:29 -0500] "GET /BLA/resoluciones/AUTOS%202018/2130.pdf HTTP/1.1" 200 282386
69.162.124.233 - - [13/Jul/2019:07:32:38 -0500] "HEAD / HTTP/1.1" 200 -
192.168.175.104 - - [13/Jul/2019:07:32:57 -0500] "GET / HTTP/1.0" 200 9990
66.249.64.19 - - [13/Jul/2019:07:33:24 -0500] "GET /BLA/resoluciones/AUTOS%202014/3452.pdf HTTP/1.1" 200 554850
66.249.64.19 - - [13/Jul/2019:07:33:25 -0500] "GET /BLA/resoluciones/RESOLUCIONES%202008/4371.pdf HTTP/1.1" 200 1169289
66.249.64.20 - - [13/Jul/2019:07:33:29 -0500] "GET /BLA/resoluciones/AUTOS%202013/3325.pdf HTTP/1.1" 200 660939
192.168.175.104 - - [13/Jul/2019:07:33:34 -0500] "GET / HTTP/1.1" 200 9990
66.249.81.31 - - [13/Jul/2019:07:33:38 -0500] "GET /galeria/galeria/fotos/Humedal-Tibanica1G.jpg HTTP/1.1" 200 541579
66.249.64.19 - - [13/Jul/2019:07:33:39 -0500] "GET /BLA/resoluciones/RESOLUCIONES%202007/RES%202007%202401%20AL%202500/RESOLUCION%202450%20%20DE%202007.pdf HTTP/1.1" 200 220896
66.249.64.20 - - [13/Jul/2019:07:33:44 -0500] "GET /BLA/resoluciones/RESOLUCIONES%202008/0903.pdf HTTP/1.1" 200 278789
66.249.64.19 - - [13/Jul/2019:07:33:49 -0500] "GET /BLA/resoluciones/AUTOS%202016/2770.pdf HTTP/1.1" 200 1252001
66.249.64.20 - - [13/Jul/2019:07:33:54 -0500] "GET /BLA/resoluciones/AUTOS%202017/0887.pdf HTTP/1.1" 200 551610
190.158.0.119 - - [13/Jul/2019:07:33:54 -0500] "GET /BLA/boletinlegal/js/jquery.scrollShow.js HTTP/1.1" 200 4586
190.158.0.119 - - [13/Jul/2019:07:33:54 -0500] "GET /galeria/galeria/jquery.fancybox.css?v=2.1.5 HTTP/1.1" 200 4895
190.158.0.119 - - [13/Jul/2019:07:33:55 -0500] "GET /galeria/galeria/jquery.fancybox.js?v=2.1.5 HTTP/1.1" 200 48706
66.249.64.20 - - [13/Jul/2019:07:33:59 -0500] "GET /BLA/resoluciones/AUTOS%202014/6733.pdf HTTP/1.1" 200 195292
190.158.0.119 - - [13/Jul/2019:07:34:01 -0500] "GET /BLA/boletinlegal/js/jquery.scrollShow.js HTTP/1.1" 304 -
190.158.0.119 - - [13/Jul/2019:07:34:01 -0500] "GET /galeria/galeria/jquery.fancybox.js?v=2.1.5 HTTP/1.1" 304 -
190.158.0.119 - - [13/Jul/2019:07:34:02 -0500] "GET /galeria/galeria/jquery.fancybox.css?v=2.1.5 HTTP/1.1" 304 -
66.102.8.147 - - [13/Jul/2019:07:34:34 -0500] "GET /galeria/galeria/fotos/Humedal-Tibanica1G.jpg HTTP/1.1" 200 541579
66.249.64.19 - - [13/Jul/2019:07:35:43 -0500] "GET /BLA/resoluciones/RESOLUCIONES%202008/4604.pdf HTTP/1.1" 200 48939
66.249.64.20 - - [13/Jul/2019:07:35:44 -0500] "GET /BLA/resoluciones/RESOLUCIONES%202007/RES%202007%203501%20AL%203600/RESOLUCION%203561%20DE%202007.pdf HTTP/1.1" 200 44919
66.249.64.19 - - [13/Jul/2019:07:35:49 -0500] "GET /BLA/resoluciones/AUTOS%202016/2040.pdf HTTP/1.1" 200 414428
66.249.64.19 - - [13/Jul/2019:07:35:54 -0500] "GET /BLA/resoluciones/RESOLUCIONES%202014/1557.pdf HTTP/1.1" 200 560215
66.249.64.19 - - [13/Jul/2019:07:35:59 -0500] "GET /BLA/resoluciones/AUTOS%202014/2616.pdf HTTP/1.1" 200 518135
66.249.64.19 - - [13/Jul/2019:07:36:09 -0500] "GET /BLA/resoluciones/AUTOS%202014/4862.pdf HTTP/1.1" 200 507174
66.249.64.19 - - [13/Jul/2019:07:36:14 -0500] "GET /BLA/resoluciones/AUTOS%202009/1863.pdf HTTP/1.1" 200 98345
66.249.64.19 - - [13/Jul/2019:07:36:19 -0500] "GET /BLA/resoluciones/AUTOS%202017/4920.pdf HTTP/1.1" 200 356251
66.249.64.19 - - [13/Jul/2019:07:36:29 -0500] "GET /BLA/resoluciones/RESOLUCIONES%202015/1189.pdf HTTP/1.1" 200 1159855
66.249.64.19 - - [13/Jul/2019:07:36:34 -0500] "GET /BLA/resoluciones/RESOLUCIONES%202017/0041.pdf HTTP/1.1" 200 666744
66.249.64.20 - - [13/Jul/2019:07:36:43 -0500] "GET /BLA/resoluciones/AUTOS%202014/3893.pdf HTTP/1.1" 200 568298
179.7.192.101 - - [13/Jul/2019:07:36:43 -0500] "GET /galeria/galeria/jquery.fancybox.css?v=2.1.5 HTTP/1.1" 200 4895
179.7.192.101 - - [13/Jul/2019:07:36:43 -0500] "GET /galeria/carrusel/Carrusel/jquery.thumbnailScroller.css HTTP/1.1" 200 2066
179.7.192.101 - - [13/Jul/2019:07:36:43 -0500] "GET /galeria/galeria/jquery.fancybox.js?v=2.1.5 HTTP/1.1" 200 48706
179.7.192.101 - - [13/Jul/2019:07:36:43 -0500] "GET /BLA/boletinlegal/js/jquery.scrollShow.js HTTP/1.1" 200 4586
179.7.192.101 - - [13/Jul/2019:07:36:44 -0500] "GET /galeria/carrusel/Carrusel/jquery-ui-1.8.13.custom.min.js HTTP/1.1" 200 10800
179.7.192.101 - - [13/Jul/2019:07:36:44 -0500] "GET /galeria/carrusel/Carrusel/jquery.thumbnailScroller.js HTTP/1.1" 200 8157
179.7.192.101 - - [13/Jul/2019:07:36:46 -0500] "GET /galeria/nivo-slider/demo/demo.html HTTP/1.1" 200 4101
179.7.192.101 - - [13/Jul/2019:07:36:48 -0500] "GET /galeria/nivo-slider/themes/default/default.css HTTP/1.1" 200 1569
179.7.192.101 - - [13/Jul/2019:07:36:48 -0500] "GET /galeria/nivo-slider/nivo-slider.css HTTP/1.1" 200 1507
179.7.192.101 - - [13/Jul/2019:07:36:48 -0500] "GET /galeria/nivo-slider/themes/orman/orman.css HTTP/1.1" 200 2152
179.7.192.101 - - [13/Jul/2019:07:36:48 -0500] "GET /galeria/nivo-slider/themes/pascal/pascal.css HTTP/1.1" 200 2258
66.249.64.19 - - [13/Jul/2019:07:36:48 -0500] "GET /BLA/resoluciones/AUTOS%202015/5305.pdf HTTP/1.1" 200 645440
179.7.192.101 - - [13/Jul/2019:07:36:48 -0500] "GET /galeria/nivo-slider/demo/style.css HTTP/1.1" 200 2222
179.7.192.101 - - [13/Jul/2019:07:36:48 -0500] "GET /galeria/nivo-slider/demo/images/caminatas%20julio%20principal.png HTTP/1.1" 200 662414
179.7.192.101 - - [13/Jul/2019:07:36:48 -0500] "GET /galeria/nivo-slider/jquery.nivo.slider.pack.js HTTP/1.1" 200 11561
179.7.192.101 - - [13/Jul/2019:07:36:48 -0500] "GET /galeria/nivo-slider/demo/scripts/jquery-1.7.1.min.js HTTP/1.1" 200 93868
179.7.192.101 - - [13/Jul/2019:07:36:48 -0500] "GET /galeria/nivo-slider/demo/images/Banner%20consumo%20sostenible%20final.jpg HTTP/1.1" 200 364746
179.7.192.101 - - [13/Jul/2019:07:36:48 -0500] "GET /galeria/nivo-slider/demo/images/banner%20lluvias.jpg HTTP/1.1" 200 254815
179.7.192.101 - - [13/Jul/2019:07:36:48 -0500] "GET /galeria/nivo-slider/themes/default/loading.gif HTTP/1.1" 200 1737
179.7.192.101 - - [13/Jul/2019:07:36:49 -0500] "GET /galeria/nivo-slider/demo/images/bannersectorambiente.png HTTP/1.1" 200 308540
179.7.192.101 - - [13/Jul/2019:07:36:49 -0500] "GET /galeria/nivo-slider/demo/images/Banner%20RCD.jpg HTTP/1.1" 200 92197
179.7.192.101 - - [13/Jul/2019:07:36:49 -0500] "GET /galeria/nivo-slider/demo/images/Banner%20Conpes.jpg HTTP/1.1" 200 55220
179.7.192.101 - - [13/Jul/2019:07:36:49 -0500] "GET /galeria/nivo-slider/demo/images/4Simple_Slider.png HTTP/1.1" 200 11722
179.7.192.101 - - [13/Jul/2019:07:36:49 -0500] "GET /galeria/nivo-slider/demo/images/Banner%20practicas%20sostenibles.jpg HTTP/1.1" 200 142958
179.7.192.101 - - [13/Jul/2019:07:36:50 -0500] "GET /galeria/nivo-slider/demo/images/Banner%20POT.png HTTP/1.1" 200 418238
179.7.192.101 - - [13/Jul/2019:07:36:50 -0500] "GET /galeria/nivo-slider/demo/images/incendios-forestales.png HTTP/1.1" 200 61469
179.7.192.101 - - [13/Jul/2019:07:36:50 -0500] "GET /galeria/nivo-slider/demo/images/BANNER%20punto.jpg HTTP/1.1" 200 75932
179.7.192.101 - - [13/Jul/2019:07:36:50 -0500] "GET /galeria/nivo-slider/demo/images/Banneranonimos.png HTTP/1.1" 200 109388
179.7.192.101 - - [13/Jul/2019:07:36:50 -0500] "GET /galeria/nivo-slider/demo/images/banner-humedales-de-bogota.jpg HTTP/1.1" 200 292611
179.7.192.101 - - [13/Jul/2019:07:36:50 -0500] "GET /galeria/nivo-slider/demo/images/banner-bolsas-plasticas.jpg HTTP/1.1" 200 317939
179.7.192.101 - - [13/Jul/2019:07:36:51 -0500] "GET /galeria/nivo-slider/themes/default/bullets.png HTTP/1.1" 200 1281
179.7.192.101 - - [13/Jul/2019:07:36:52 -0500] "GET /galeria/nivo-slider/themes/default/arrows.png HTTP/1.1" 200 824
66.249.64.20 - - [13/Jul/2019:07:36:52 -0500] "GET /BLA/resoluciones/RESOLUCIONES%202016/2045.pdf HTTP/1.1" 200 449685
186.28.55.20 - - [13/Jul/2019:07:37:21 -0500] "GET /galeria/galeria/fotos/mirador2G.jpg HTTP/1.1" 200 115084
69.162.124.233 - - [13/Jul/2019:07:37:37 -0500] "HEAD / HTTP/1.1" 200 -
192.168.175.104 - - [13/Jul/2019:07:37:55 -0500] "GET / HTTP/1.0" 200 9990
192.168.175.104 - - [13/Jul/2019:07:38:32 -0500] "GET / HTTP/1.1" 200 9990
66.249.64.19 - - [13/Jul/2019:07:38:37 -0500] "GET /BLA/resoluciones/RESOLUCIONES%202017/0843.pdf HTTP/1.1" 200 508045
66.249.64.20 - - [13/Jul/2019:07:38:38 -0500] "GET /BLA/resoluciones/AUTOS%202007/2817.pdf HTTP/1.1" 200 93658
