66.249.64.19 - - [13/Jul/2019:07:38:42 -0500] "GET /BLA/resoluciones/AUTOS%202016/2284.pdf HTTP/1.1" 200 348558
66.249.64.19 - - [13/Jul/2019:07:38:52 -0500] "GET /BLA/resoluciones/AUTOS%202014/5244.pdf HTTP/1.1" 200 548152
66.249.64.20 - - [13/Jul/2019:07:38:57 -0500] "GET /BLA/resoluciones/RESOLUCIONES%202010/4340.pdf HTTP/1.1" 200 450383
66.249.64.20 - - [13/Jul/2019:07:39:02 -0500] "GET /BLA/resoluciones/AUTOS%202014/0605.pdf HTTP/1.1" 200 914650
66.249.64.20 - - [13/Jul/2019:07:39:07 -0500] "GET /BLA/resoluciones/AUTOS%202010/6258.pdf HTTP/1.1" 200 195654
66.249.64.19 - - [13/Jul/2019:07:39:12 -0500] "GET /BLA/resoluciones/RESOLUCIONES%202009/0046.pdf HTTP/1.1" 200 249984
66.249.64.19 - - [13/Jul/2019:07:39:16 -0500] "GET /BLA/resoluciones/AUTOS%202017/0252.pdf HTTP/1.1" 200 668713
181.206.65.193 - - [13/Jul/2019:07:39:20 -0500] "GET /BLA/resoluciones/RESOLUCIONES%202010/7144.pdf HTTP/1.1" 200 293591
181.206.65.193 - - [13/Jul/2019:07:39:20 -0500] "GET /favicon.ico HTTP/1.1" 200 7782
66.249.64.19 - - [13/Jul/2019:07:39:26 -0500] "GET /BLA/resoluciones/AUTOS%202013/0586.pdf HTTP/1.1" 200 1572995
66.249.64.19 - - [13/Jul/2019:07:39:30 -0500] "GET /BLA/resoluciones/AUTOS%202017/2152.pdf HTTP/1.1" 200 460349
66.249.64.22 - - [13/Jul/2019:07:39:40 -0500] "GET /BLA/resoluciones/AUTOS%202013/1268.pdf HTTP/1.1" 200 1710887
66.249.64.19 - - [13/Jul/2019:07:39:44 -0500] "GET /BLA/resoluciones/AUTOS%202012/0819.pdf HTTP/1.1" 200 230108
54.36.148.155 - - [13/Jul/2019:07:40:26 -0500] "GET /BLA/resoluciones/RESOLUCIONES%202002/RES%202002%2001-50/2002RES22.tif HTTP/1.1" 200 78748
66.249.64.19 - - [13/Jul/2019:07:40:39 -0500] "GET /BLA/resoluciones/AUTOS%202009/2112.pdf HTTP/1.1" 200 102327
66.249.64.19 - - [13/Jul/2019:07:40:40 -0500] "GET /BLA/resoluciones/AUTOS%202016/1335.pdf HTTP/1.1" 200 1386566
66.249.64.20 - - [13/Jul/2019:07:40:44 -0500] "GET /BLA/resoluciones/AUTOS%202017/2985.pdf HTTP/1.1" 200 259263
66.249.64.20 - - [13/Jul/2019:07:40:48 -0500] "GET /BLA/resoluciones/AUTOS%202013/0414.pdf HTTP/1.1" 200 2131789
66.249.64.19 - - [13/Jul/2019:07:40:53 -0500] "GET /BLA/resoluciones/AUTOS%202013/2524.pdf HTTP/1.1" 200 1816183
66.249.64.22 - - [13/Jul/2019:07:40:58 -0500] "GET /BLA/resoluciones/AUTOS%202014/1773.pdf HTTP/1.1" 200 315266
66.249.64.19 - - [13/Jul/2019:07:41:07 -0500] "GET /BLA/resoluciones/RESOLUCIONES%202007/RES%202007%203201%20AL%203300/RESOLUCION%203218%20DE%202007.pdf HTTP/1.1" 200 205949
66.249.64.20 - - [13/Jul/2019:07:41:11 -0500] "GET /BLA/resoluciones/AUTOS%202014/5353.pdf HTTP/1.1" 200 540824
66.249.64.19 - - [13/Jul/2019:07:41:16 -0500] "GET /BLA/resoluciones/RESOLUCIONES%202007/RES%202007%203901%20AL%204000/RESOLUCION%203927%20DE%202007.pdf HTTP/1.1" 200 428905
66.249.64.19 - - [13/Jul/2019:07:41:20 -0500] "GET /BLA/resoluciones/Notificaciones/AUTOS%202017/04207.pdf HTTP/1.1" 200 325520
66.249.64.20 - - [13/Jul/2019:07:41:25 -0500] "GET /BLA/resoluciones/Notificaciones/AUTOS%201988/01236.pdf HTTP/1.1" 200 282192
66.249.64.20 - - [13/Jul/2019:07:41:29 -0500] "GET /BLA/resoluciones/AUTOS%202009/1878.pdf HTTP/1.1" 200 124767
66.249.64.19 - - [13/Jul/2019:07:41:33 -0500] "GET /BLA/resoluciones/AUTOS%202014/6285.pdf HTTP/1.1" 200 567480
66.249.64.29 - - [13/Jul/2019:07:41:38 -0500] "GET /Residuos/cosmeticos/cosmeticos.html HTTP/1.1" 200 1963
66.249.64.19 - - [13/Jul/2019:07:41:42 -0500] "GET /BLA/resoluciones/RESOLUCIONES%202010/5945.pdf HTTP/1.1" 200 313647
66.249.64.20 - - [13/Jul/2019:07:41:46 -0500] "GET /BLA/resoluciones/AUTOS%202011/3415.pdf HTTP/1.1" 200 214857
66.249.64.19 - - [13/Jul/2019:07:41:50 -0500] "GET /BLA/resoluciones/AUTOS%202008/0627.pdf HTTP/1.1" 200 102358
66.249.64.19 - - [13/Jul/2019:07:41:55 -0500] "GET /BLA/resoluciones/RESOLUCIONES%202007/RES%202007%203901%20AL%204000/RESOLUCION%204000%20DE%202007.pdf HTTP/1.1" 200 152164
66.249.64.19 - - [13/Jul/2019:07:41:59 -0500] "GET /BLA/resoluciones/RESOLUCIONES%202011/0907.pdf HTTP/1.1" 200 65689
66.249.64.20 - - [13/Jul/2019:07:42:03 -0500] "GET /BLA/resoluciones/RESOLUCIONES%202014/3272.pdf HTTP/1.1" 200 493681
66.249.64.19 - - [13/Jul/2019:07:42:07 -0500] "GET /BLA/resoluciones/RESOLUCIONES%202014/2831.pdf HTTP/1.1" 200 646631
66.249.64.19 - - [13/Jul/2019:07:42:11 -0500] "GET /BLA/resoluciones/RESOLUCIONES%202014/3791.pdf HTTP/1.1" 200 575962
186.29.7.199 - - [13/Jul/2019:07:42:13 -0500] "GET /galeria/galeria/jquery.fancybox.css?v=2.1.5 HTTP/1.1" 200 4895
66.249.64.19 - - [13/Jul/2019:07:42:15 -0500] "GET /BLA/resoluciones/RESOLUCIONES%202009/7454.pdf HTTP/1.1" 200 65550
186.29.7.199 - - [13/Jul/2019:07:42:16 -0500] "GET /BLA/boletinlegal/js/jquery.scrollShow.js HTTP/1.1" 200 4586
186.29.7.199 - - [13/Jul/2019:07:42:16 -0500] "GET /galeria/galeria/jquery.fancybox.js?v=2.1.5 HTTP/1.1" 200 48706
66.249.64.19 - - [13/Jul/2019:07:42:19 -0500] "GET /BLA/resoluciones/RESOLUCIONES%202007/RES%202007%201001%20AL%201100/RESOLUCION%201044%20DE%202007.pdf HTTP/1.1" 200 178424
66.249.64.20 - - [13/Jul/2019:07:42:23 -0500] "GET /BLA/resoluciones/RESOLUCIONES%202016/0534.pdf HTTP/1.1" 200 535579
66.249.64.19 - - [13/Jul/2019:07:42:26 -0500] "GET /BLA/resoluciones/RESOLUCIONES%202014/2645.pdf HTTP/1.1" 200 606729
69.162.124.233 - - [13/Jul/2019:07:42:37 -0500] "HEAD / HTTP/1.1" 200 -
192.168.175.104 - - [13/Jul/2019:07:42:53 -0500] "GET / HTTP/1.0" 200 9990
54.36.148.152 - - [13/Jul/2019:07:43:01 -0500] "GET /autoliquidacion/Solicitudes%20relacionadas%20con%20calidad%20del%20aire%20auditiva%20y%20visual/Acompa%C3%B1amiento%20para%20muestreo%20isocin%C3%A9tico%20y%20o%20determinaciones%20de%20emisiones%20a%20fuentes%20fijas/Aplicativo.html HTTP/1.1" 200 359
66.249.64.19 - - [13/Jul/2019:07:43:21 -0500] "GET /BLA/resoluciones/AUTOS%202018/5629.pdf HTTP/1.1" 200 285459
66.249.64.19 - - [13/Jul/2019:07:43:24 -0500] "GET /BLA/resoluciones/RESOLUCIONES%202017/2953.pdf HTTP/1.1" 200 308392
66.249.64.19 - - [13/Jul/2019:07:43:28 -0500] "GET /BLA/resoluciones/AUTOS%202007/3370.pdf HTTP/1.1" 200 284231
192.168.175.104 - - [13/Jul/2019:07:43:31 -0500] "GET / HTTP/1.1" 200 9990
66.249.64.19 - - [13/Jul/2019:07:43:32 -0500] "GET /BLA/resoluciones/RESOLUCIONES%202012/1262.pdf HTTP/1.1" 200 914571
66.249.64.19 - - [13/Jul/2019:07:43:36 -0500] "GET /BLA/resoluciones/AUTOS%202009/2225.pdf HTTP/1.1" 200 125160
66.249.64.19 - - [13/Jul/2019:07:43:40 -0500] "GET /BLA/resoluciones/RESOLUCIONES%202015/0177.pdf HTTP/1.1" 200 1055058
66.249.64.20 - - [13/Jul/2019:07:43:44 -0500] "GET /BLA/resoluciones/RESOLUCIONES%202014/2832.pdf HTTP/1.1" 200 227686
66.249.64.19 - - [13/Jul/2019:07:43:48 -0500] "GET /BLA/resoluciones/RESOLUCIONES%202015/1796.pdf HTTP/1.1" 200 914552
66.249.64.19 - - [13/Jul/2019:07:44:41 -0500] "GET /BLA/resoluciones/RESOLUCIONES%202013/2676.pdf HTTP/1.1" 200 835700
66.249.64.20 - - [13/Jul/2019:07:44:43 -0500] "GET /BLA/resoluciones/RESOLUCIONES%202012/1747.pdf HTTP/1.1" 200 1184714
66.249.64.20 - - [13/Jul/2019:07:44:45 -0500] "GET /BLA/resoluciones/AUTOS%202014/7295.pdf HTTP/1.1" 200 2126296
66.249.88.105 - - [13/Jul/2019:07:44:55 -0500] "GET /BLA/resoluciones/RESOLUCIONES%202013/1197.pdf HTTP/1.1" 200 1787007
66.249.64.19 - - [13/Jul/2019:07:45:40 -0500] "GET /SIIPEV/Diseno%20de%20Elementos%20de%20Mobiliario%20Urbano/Registros/RegistrosNegados.html HTTP/1.1" 200 18569
66.249.64.19 - - [13/Jul/2019:07:45:41 -0500] "GET /BLA/resoluciones/AUTOS%202014/0276.pdf HTTP/1.1" 200 749871
66.249.64.19 - - [13/Jul/2019:07:45:44 -0500] "GET /SIIPEV/Diseno%20de%20Elementos%20de%20Mobiliario%20Urbano/Registros/css/bootstrap.min.css HTTP/1.1" 200 113504
66.249.64.19 - - [13/Jul/2019:07:45:48 -0500] "GET /BLA/resoluciones/RESOLUCIONES%202011/3528.pdf HTTP/1.1" 200 521456
66.249.64.20 - - [13/Jul/2019:07:45:52 -0500] "GET /SIIPEV/Diseno%20de%20Elementos%20de%20Mobiliario%20Urbano/Registros/js/bootstrap.min.js HTTP/1.1" 200 35601
66.249.64.19 - - [13/Jul/2019:07:45:56 -0500] "GET /BLA/resoluciones/RESOLUCIONES%202014/2791.pdf HTTP/1.1" 200 707565
200.69.87.42 - - [13/Jul/2019:07:46:24 -0500] "GET /galeria/galeria/jquery.fancybox.css?v=2.1.5 HTTP/1.1" 200 4895
200.69.87.42 - - [13/Jul/2019:07:46:24 -0500] "GET /BLA/boletinlegal/js/jquery.scrollShow.js HTTP/1.1" 200 4586
200.69.87.42 - - [13/Jul/2019:07:46:24 -0500] "GET /galeria/galeria/jquery.fancybox.js?v=2.1.5 HTTP/1.1" 200 48706
66.249.64.20 - - [13/Jul/2019:07:46:54 -0500] "GET /BLA/resoluciones/RESOLUCIONES%202011/0387.pdf HTTP/1.1" 200 72445
69.162.124.233 - - [13/Jul/2019:07:47:37 -0500] "HEAD / HTTP/1.1" 200 -
66.249.64.19 - - [13/Jul/2019:07:47:45 -0500] "GET /BLA/resoluciones/RESOLUCIONES%202014/2992.pdf HTTP/1.1" 200 427700
66.249.64.19 - - [13/Jul/2019:07:47:46 -0500] "GET /BLA/resoluciones/RESOLUCIONES%202007/RES%202007%20501%20AL%20600/RESOLUCION%200549%20DE%202007.pdf HTTP/1.1" 200 372397
66.249.64.19 - - [13/Jul/2019:07:47:50 -0500] "GET /BLA/resoluciones/RESOLUCIONES%202008/3674.pdf HTTP/1.1" 200 280856
192.168.175.104 - - [13/Jul/2019:07:47:51 -0500] "GET / HTTP/1.0" 200 9990
66.249.64.19 - - [13/Jul/2019:07:47:54 -0500] "GET /BLA/resoluciones/AUTOS%202013/1079.pdf HTTP/1.1" 200 2105946
66.249.64.19 - - [13/Jul/2019:07:48:03 -0500] "GET /BLA/resoluciones/RESOLUCIONES%202014/0101.pdf HTTP/1.1" 200 833914
66.249.64.20 - - [13/Jul/2019:07:48:07 -0500] "GET /BLA/resoluciones/AUTOS%202015/6799.pdf HTTP/1.1" 200 482927
66.249.64.19 - - [13/Jul/2019:07:48:11 -0500] "GET /BLA/resoluciones/RESOLUCIONES%202014/1027.pdf HTTP/1.1" 200 835767
66.249.64.20 - - [13/Jul/2019:07:48:15 -0500] "GET /BLA/resoluciones/RESOLUCIONES%202014/3881.pdf HTTP/1.1" 200 205212
77.78.201.59 - - [13/Jul/2019:07:48:17 -0500] "GET / HTTP/1.1" 200 9990
66.249.64.20 - - [13/Jul/2019:07:48:20 -0500] "GET /BLA/resoluciones/RESOLUCIONES%202017/1599.pdf HTTP/1.1" 200 1819863
66.249.64.20 - - [13/Jul/2019:07:48:24 -0500] "GET /BLA/resoluciones/RESOLUCIONES%202011/0948.pdf HTTP/1.1" 200 69797
192.168.175.104 - - [13/Jul/2019:07:48:29 -0500] "GET / HTTP/1.1" 200 9990
190.24.108.252 - - [13/Jul/2019:07:48:30 -0500] "GET /BLA/boletinlegal/js/jquery.scrollShow.js HTTP/1.1" 200 4586
190.24.108.252 - - [13/Jul/2019:07:48:30 -0500] "GET /galeria/galeria/jquery.fancybox.css?v=2.1.5 HTTP/1.1" 200 4895
190.24.108.252 - - [13/Jul/2019:07:48:30 -0500] "GET /galeria/galeria/jquery.fancybox.js?v=2.1.5 HTTP/1.1" 200 48706
66.249.88.105 - - [13/Jul/2019:07:48:30 -0500] "GET /galeria/galeria/jquery.fancybox.css?v=2.1.5 HTTP/1.1" 200 4895
66.249.88.107 - - [13/Jul/2019:07:48:30 -0500] "GET /galeria/galeria/jquery.fancybox.js?v=2.1.5 HTTP/1.1" 200 48706
66.249.88.107 - - [13/Jul/2019:07:48:30 -0500] "GET /BLA/boletinlegal/js/jquery.scrollShow.js HTTP/1.1" 200 4586
66.249.64.20 - - [13/Jul/2019:07:50:08 -0500] "GET /BLA/resoluciones/RESOLUCIONES%202010/0684.pdf HTTP/1.1" 200 255153
66.249.64.19 - - [13/Jul/2019:07:50:09 -0500] "GET /BLA/resoluciones/AUTOS%202010/2285.pdf HTTP/1.1" 200 308181
66.249.64.27 - - [13/Jul/2019:07:50:13 -0500] "GET /SIG/Gesti%C3%B3n%20Talento%20Humano/126PA01-PR11.pdf HTTP/1.1" 200 61795
66.249.64.19 - - [13/Jul/2019:07:50:17 -0500] "GET /BLA/resoluciones/RESOLUCIONES%202009/6479.pdf HTTP/1.1" 200 98431
186.1.139.137 - - [13/Jul/2019:07:50:22 -0500] "GET /BLA/boletinlegal/js/jquery.scrollShow.js HTTP/1.1" 200 4586
186.1.139.137 - - [13/Jul/2019:07:50:22 -0500] "GET /galeria/galeria/jquery.fancybox.css?v=2.1.5 HTTP/1.1" 200 4895
186.1.139.137 - - [13/Jul/2019:07:50:22 -0500] "GET /galeria/galeria/jquery.fancybox.js?v=2.1.5 HTTP/1.1" 200 48706
66.249.64.19 - - [13/Jul/2019:07:50:22 -0500] "GET /BLA/resoluciones/RESOLUCIONES%202013/0132.pdf HTTP/1.1" 200 3552881
66.249.64.19 - - [13/Jul/2019:07:50:27 -0500] "GET /BLA/resoluciones/RESOLUCIONES%202014/0352.pdf HTTP/1.1" 200 798124
66.249.64.22 - - [13/Jul/2019:07:50:31 -0500] "GET /BLA/resoluciones/RESOLUCIONES%202018/1698.pdf HTTP/1.1" 200 402853
66.249.64.22 - - [13/Jul/2019:07:50:35 -0500] "GET /BLA/resoluciones/RESOLUCIONES%202017/2964.pdf HTTP/1.1" 200 304498
66.249.64.20 - - [13/Jul/2019:07:50:39 -0500] "GET /BLA/resoluciones/AUTOS%202014/6657.pdf HTTP/1.1" 200 565351
66.249.64.23 - - [13/Jul/2019:07:50:44 -0500] "GET /BLA/resoluciones/RESOLUCIONES%202014/3316.pdf HTTP/1.1" 200 649258
66.249.64.22 - - [13/Jul/2019:07:50:48 -0500] "GET /BLA/resoluciones/AUTOS%202010/3113.pdf HTTP/1.1" 200 934619
66.249.64.24 - - [13/Jul/2019:07:50:52 -0500] "GET /BLA/resoluciones/RESOLUCIONES%202018/1456.pdf HTTP/1.1" 200 803986
66.249.64.19 - - [13/Jul/2019:07:50:57 -0500] "GET /BLA/resoluciones/RESOLUCIONES%202011/1072.pdf HTTP/1.1" 200 380496
66.249.64.20 - - [13/Jul/2019:07:51:01 -0500] "GET /BLA/resoluciones/RESOLUCIONES%202011/0729.pdf HTTP/1.1" 200 492309
66.249.64.24 - - [13/Jul/2019:07:51:05 -0500] "GET /BLA/resoluciones/RESOLUCIONES%202017/2839.pdf HTTP/1.1" 200 279578
66.249.64.19 - - [13/Jul/2019:07:51:09 -0500] "GET /BLA/resoluciones/RESOLUCIONES%202017/2082.pdf HTTP/1.1" 200 321964
66.249.64.22 - - [13/Jul/2019:07:51:13 -0500] "GET /BLA/resoluciones/RESOLUCIONES%202011/2398.pdf HTTP/1.1" 200 642567
181.136.8.156 - - [13/Jul/2019:07:51:25 -0500] "GET /galeria/galeria/jquery.fancybox.css?v=2.1.5 HTTP/1.1" 200 4895
181.136.8.156 - - [13/Jul/2019:07:51:25 -0500] "GET /BLA/boletinlegal/js/jquery.scrollShow.js HTTP/1.1" 200 4586
181.136.8.156 - - [13/Jul/2019:07:51:25 -0500] "GET /galeria/galeria/jquery.fancybox.js?v=2.1.5 HTTP/1.1" 200 48706
66.249.64.20 - - [13/Jul/2019:07:52:07 -0500] "GET /BLA/resoluciones/RESOLUCIONES%202014/1041.pdf HTTP/1.1" 200 741408
66.249.64.29 - - [13/Jul/2019:07:52:09 -0500] "GET /Residuos/impresion/impresion.html HTTP/1.1" 200 1961
66.249.64.19 - - [13/Jul/2019:07:52:12 -0500] "GET /BLA/resoluciones/RESOLUCIONES%202017/1977.pdf HTTP/1.1" 200 406500
66.249.64.19 - - [13/Jul/2019:07:52:16 -0500] "GET /BLA/resoluciones/RESOLUCIONES%202011/6203.pdf HTTP/1.1" 200 615757
66.249.64.20 - - [13/Jul/2019:07:52:20 -0500] "GET /BLA/resoluciones/RESOLUCIONES%202017/0285.pdf HTTP/1.1" 200 377755
54.36.148.85 - - [13/Jul/2019:07:52:26 -0500] "GET /BLA/resoluciones/RESOLUCIONES%202004/RES%202004%20651-700/00000666.tif HTTP/1.1" 200 54226
66.249.64.20 - - [13/Jul/2019:07:52:28 -0500] "GET /BLA/resoluciones/RESOLUCIONES%202007/RES%202007%202801%20AL%202900/RESOLUCION%202864%20DE%202007.pdf HTTP/1.1" 200 345620
207.46.13.82 - - [13/Jul/2019:07:52:30 -0500] "GET /robots.txt HTTP/1.1" 404 1018
207.46.13.82 - - [13/Jul/2019:07:52:30 -0500] "GET /robots.txt HTTP/1.1" 404 1018
190.147.44.178 - - [13/Jul/2019:07:52:32 -0500] "GET /autoliquidacion/ HTTP/1.1" 200 6377
66.249.64.19 - - [13/Jul/2019:07:52:33 -0500] "GET /BLA/resoluciones/RESOLUCIONES%202010/2022.pdf HTTP/1.1" 200 337414
190.147.44.178 - - [13/Jul/2019:07:52:33 -0500] "GET /autoliquidacion/ HTTP/1.1" 200 6377
66.249.64.20 - - [13/Jul/2019:07:52:37 -0500] "GET /BLA/resoluciones/RESOLUCIONES%202011/0503.pdf HTTP/1.1" 200 795552
69.162.124.233 - - [13/Jul/2019:07:52:37 -0500] "HEAD / HTTP/1.1" 200 -
66.249.64.20 - - [13/Jul/2019:07:52:41 -0500] "GET /BLA/resoluciones/AUTOS%202017/1299.pdf HTTP/1.1" 200 372136
66.249.64.20 - - [13/Jul/2019:07:52:45 -0500] "GET /BLA/resoluciones/AUTOS%202014/7142.pdf HTTP/1.1" 200 745820
192.168.175.104 - - [13/Jul/2019:07:52:49 -0500] "GET / HTTP/1.0" 200 9990
66.249.88.107 - - [13/Jul/2019:07:53:13 -0500] "GET /BLA/resoluciones/RESOLUCIONES%202017/0520.pdf HTTP/1.1" 200 407112
191.156.26.8 - - [13/Jul/2019:07:53:19 -0500] "GET /galeria/galeria/jquery.fancybox.js?v=2.1.5 HTTP/1.1" 200 48706
191.156.26.8 - - [13/Jul/2019:07:53:19 -0500] "GET /galeria/galeria/jquery.fancybox.css?v=2.1.5 HTTP/1.1" 200 4895
191.156.26.8 - - [13/Jul/2019:07:53:19 -0500] "GET /BLA/boletinlegal/js/jquery.scrollShow.js HTTP/1.1" 200 4586
192.168.175.104 - - [13/Jul/2019:07:53:27 -0500] "GET / HTTP/1.1" 200 9990
66.249.64.19 - - [13/Jul/2019:07:53:39 -0500] "GET /BLA/resoluciones/RESOLUCIONES%202018/0661.pdf HTTP/1.1" 200 337743
66.249.64.19 - - [13/Jul/2019:07:53:39 -0500] "GET /BLA/resoluciones/RESOLUCIONES%202011/3729.pdf HTTP/1.1" 200 307904
66.249.64.19 - - [13/Jul/2019:07:53:43 -0500] "GET /BLA/resoluciones/RESOLUCIONES%202017/3249.pdf HTTP/1.1" 200 304478
66.249.64.19 - - [13/Jul/2019:07:53:47 -0500] "GET /BLA/resoluciones/RESOLUCIONES%202017/3349.pdf HTTP/1.1" 200 344175
66.249.64.19 - - [13/Jul/2019:07:53:51 -0500] "GET /BLA/resoluciones/RESOLUCIONES%202011/4418.pdf HTTP/1.1" 200 889093
66.249.64.20 - - [13/Jul/2019:07:53:55 -0500] "GET /BLA/resoluciones/RESOLUCIONES%202011/2320.pdf HTTP/1.1" 200 679744
66.249.64.20 - - [13/Jul/2019:07:53:59 -0500] "GET /BLA/resoluciones/AUTOS%202014/2466.pdf HTTP/1.1" 200 529394
191.95.48.88 - - [13/Jul/2019:07:54:21 -0500] "GET /galeria/galeria/jquery.fancybox.css?v=2.1.5 HTTP/1.1" 200 4895
191.95.48.88 - - [13/Jul/2019:07:54:21 -0500] "GET /BLA/boletinlegal/js/jquery.scrollShow.js HTTP/1.1" 200 4586
191.95.48.88 - - [13/Jul/2019:07:54:21 -0500] "GET /galeria/galeria/jquery.fancybox.js?v=2.1.5 HTTP/1.1" 200 48706
66.249.88.105 - - [13/Jul/2019:07:54:31 -0500] "GET /BLA/boletinlegal/js/jquery.scrollShow.js HTTP/1.1" 200 4586
66.249.88.105 - - [13/Jul/2019:07:54:31 -0500] "GET /galeria/galeria/jquery.fancybox.css?v=2.1.5 HTTP/1.1" 200 4895
66.249.88.107 - - [13/Jul/2019:07:54:31 -0500] "GET /galeria/galeria/jquery.fancybox.js?v=2.1.5 HTTP/1.1" 200 48706
66.249.88.105 - - [13/Jul/2019:07:54:31 -0500] "GET /galeria/carrusel/Carrusel/jquery.thumbnailScroller.css HTTP/1.1" 200 2066
66.249.88.107 - - [13/Jul/2019:07:54:31 -0500] "GET /galeria/carrusel/Carrusel/jquery-ui-1.8.13.custom.min.js HTTP/1.1" 200 10800
66.249.88.109 - - [13/Jul/2019:07:54:31 -0500] "GET /galeria/carrusel/Carrusel/jquery.thumbnailScroller.js HTTP/1.1" 200 8157
66.249.88.107 - - [13/Jul/2019:07:54:31 -0500] "GET /galeria/nivo-slider/demo/demo.html HTTP/1.1" 200 4101
66.249.88.107 - - [13/Jul/2019:07:54:31 -0500] "GET /galeria/nivo-slider/themes/pascal/pascal.css HTTP/1.1" 200 2258
66.249.88.109 - - [13/Jul/2019:07:54:31 -0500] "GET /galeria/nivo-slider/themes/default/default.css HTTP/1.1" 200 1569
66.249.88.105 - - [13/Jul/2019:07:54:31 -0500] "GET /galeria/nivo-slider/themes/orman/orman.css HTTP/1.1" 200 2152
66.249.88.107 - - [13/Jul/2019:07:54:32 -0500] "GET /galeria/nivo-slider/nivo-slider.css HTTP/1.1" 200 1507
66.249.88.109 - - [13/Jul/2019:07:54:32 -0500] "GET /galeria/nivo-slider/demo/style.css HTTP/1.1" 200 2222
66.249.88.109 - - [13/Jul/2019:07:54:32 -0500] "GET /galeria/nivo-slider/demo/scripts/jquery-1.7.1.min.js HTTP/1.1" 200 93868
66.249.88.107 - - [13/Jul/2019:07:54:32 -0500] "GET /galeria/nivo-slider/demo/images/caminatas%20julio%20principal.png HTTP/1.1" 200 662414
66.249.88.109 - - [13/Jul/2019:07:54:32 -0500] "GET /galeria/nivo-slider/demo/images/banner%20lluvias.jpg HTTP/1.1" 200 254815
66.249.88.109 - - [13/Jul/2019:07:54:32 -0500] "GET /galeria/nivo-slider/jquery.nivo.slider.pack.js HTTP/1.1" 200 11561
66.249.88.105 - - [13/Jul/2019:07:54:33 -0500] "GET /galeria/nivo-slider/demo/images/4Simple_Slider.png HTTP/1.1" 200 11722
66.249.88.109 - - [13/Jul/2019:07:54:33 -0500] "GET /galeria/nivo-slider/themes/default/loading.gif HTTP/1.1" 200 1737
66.249.88.107 - - [13/Jul/2019:07:54:33 -0500] "GET /galeria/nivo-slider/demo/images/bannersectorambiente.png HTTP/1.1" 200 308540
66.249.88.105 - - [13/Jul/2019:07:54:33 -0500] "GET /galeria/nivo-slider/demo/images/Banner%20consumo%20sostenible%20final.jpg HTTP/1.1" 200 364746
66.249.88.107 - - [13/Jul/2019:07:54:34 -0500] "GET /galeria/nivo-slider/demo/images/Banner%20RCD.jpg HTTP/1.1" 200 92197
66.249.88.109 - - [13/Jul/2019:07:54:34 -0500] "GET /galeria/nivo-slider/demo/images/Banner%20Conpes.jpg HTTP/1.1" 200 55220
66.249.88.105 - - [13/Jul/2019:07:54:35 -0500] "GET /galeria/nivo-slider/demo/images/Banner%20practicas%20sostenibles.jpg HTTP/1.1" 200 142958
66.249.88.107 - - [13/Jul/2019:07:54:38 -0500] "GET /galeria/nivo-slider/demo/images/Banner%20POT.png HTTP/1.1" 200 418238
66.249.88.107 - - [13/Jul/2019:07:54:40 -0500] "GET /galeria/nivo-slider/demo/images/incendios-forestales.png HTTP/1.1" 200 61469
66.249.88.109 - - [13/Jul/2019:07:54:41 -0500] "GET /galeria/nivo-slider/demo/images/BANNER%20punto.jpg HTTP/1.1" 200 75932
66.249.88.105 - - [13/Jul/2019:07:54:41 -0500] "GET /galeria/nivo-slider/demo/images/Banneranonimos.png HTTP/1.1" 200 109388
66.249.88.107 - - [13/Jul/2019:07:54:42 -0500] "GET /galeria/nivo-slider/demo/images/banner-humedales-de-bogota.jpg HTTP/1.1" 200 292611
66.249.88.109 - - [13/Jul/2019:07:54:43 -0500] "GET /galeria/nivo-slider/demo/images/banner-bolsas-plasticas.jpg HTTP/1.1" 200 317939
66.249.88.105 - - [13/Jul/2019:07:54:44 -0500] "GET /galeria/nivo-slider/themes/default/arrows.png HTTP/1.1" 200 824
66.249.88.107 - - [13/Jul/2019:07:54:44 -0500] "GET /galeria/nivo-slider/themes/default/bullets.png HTTP/1.1" 200 1281
66.249.64.19 - - [13/Jul/2019:07:54:53 -0500] "GET /BLA/resoluciones/RESOLUCIONES%202011/1376.pdf HTTP/1.1" 200 64663
66.249.64.19 - - [13/Jul/2019:07:54:54 -0500] "GET /BLA/resoluciones/RESOLUCIONES%202018/2813.pdf HTTP/1.1" 200 287224
66.249.64.19 - - [13/Jul/2019:07:54:57 -0500] "GET /BLA/resoluciones/RESOLUCIONES%202010/6647.pdf HTTP/1.1" 200 266300
66.249.64.19 - - [13/Jul/2019:07:55:02 -0500] "GET /BLA/resoluciones/RESOLUCIONES%202011/2833.pdf HTTP/1.1" 304 -
66.249.64.19 - - [13/Jul/2019:07:55:06 -0500] "GET /BLA/resoluciones/AUTOS%202013/0701.pdf HTTP/1.1" 200 2601836
66.249.64.19 - - [13/Jul/2019:07:55:10 -0500] "GET /BLA/resoluciones/RESOLUCIONES%202011/5002.pdf HTTP/1.1" 200 349609
66.249.64.20 - - [13/Jul/2019:07:55:14 -0500] "GET /BLA/resoluciones/RESOLUCIONES%202013/2504.pdf HTTP/1.1" 200 838872
66.249.64.19 - - [13/Jul/2019:07:55:18 -0500] "GET /BLA/resoluciones/RESOLUCIONES%202017/0702.pdf HTTP/1.1" 200 307017
66.249.64.19 - - [13/Jul/2019:07:55:22 -0500] "GET /BLA/resoluciones/RESOLUCIONES%202009/2743.pdf HTTP/1.1" 200 499771
66.249.64.28 - - [13/Jul/2019:07:55:26 -0500] "GET /PruebasSTORM/StormSDA_pruebas/userFiles/user_files/formulas/3/542.xml HTTP/1.1" 200 4955
66.249.64.20 - - [13/Jul/2019:07:55:30 -0500] "GET /BLA/resoluciones/RESOLUCIONES%202010/7792.pdf HTTP/1.1" 200 76347
66.249.64.20 - - [13/Jul/2019:07:55:45 -0500] "GET /BLA/resoluciones/AUTOS%202013/2408.pdf HTTP/1.1" 200 1130103
66.249.64.20 - - [13/Jul/2019:07:56:07 -0500] "GET /BLA/resoluciones/RESOLUCIONES%202014/0291.pdf HTTP/1.1" 200 761658
66.249.64.20 - - [13/Jul/2019:07:56:11 -0500] "GET /BLA/resoluciones/RESOLUCIONES%202012/0938.pdf HTTP/1.1" 200 572000
66.249.64.20 - - [13/Jul/2019:07:56:14 -0500] "GET /BLA/resoluciones/RESOLUCIONES%202017/2037.pdf HTTP/1.1" 200 251711
66.249.64.19 - - [13/Jul/2019:07:56:22 -0500] "GET /BLA/resoluciones/AUTOS%202017/2439.pdf HTTP/1.1" 200 365435
66.249.64.20 - - [13/Jul/2019:07:56:25 -0500] "GET /BLA/resoluciones/RESOLUCIONES%202014/1370.pdf HTTP/1.1" 200 265613
66.249.64.20 - - [13/Jul/2019:07:56:32 -0500] "GET /BLA/resoluciones/AUTOS%202014/4298.pdf HTTP/1.1" 200 524607
66.249.64.19 - - [13/Jul/2019:07:56:39 -0500] "GET /BLA/resoluciones/RESOLUCIONES%202010/6511.pdf HTTP/1.1" 200 1460978
66.249.64.20 - - [13/Jul/2019:07:56:42 -0500] "GET /BLA/resoluciones/RESOLUCIONES%202014/1617.pdf HTTP/1.1" 200 532210
66.249.64.19 - - [13/Jul/2019:07:57:08 -0500] "GET /BLA/resoluciones/RESOLUCIONES%202013/0480.pdf HTTP/1.1" 200 2564916
66.249.64.19 - - [13/Jul/2019:07:57:13 -0500] "GET /BLA/resoluciones/RESOLUCIONES%202017/1547.pdf HTTP/1.1" 200 733493
45.173.8.178 - - [13/Jul/2019:07:57:18 -0500] "GET /galeria/galeria/jquery.fancybox.css?v=2.1.5 HTTP/1.1" 200 4895
45.173.8.178 - - [13/Jul/2019:07:57:19 -0500] "GET /BLA/boletinlegal/js/jquery.scrollShow.js HTTP/1.1" 200 4586
45.173.8.178 - - [13/Jul/2019:07:57:19 -0500] "GET /galeria/galeria/jquery.fancybox.js?v=2.1.5 HTTP/1.1" 200 48706
40.77.167.66 - - [13/Jul/2019:07:57:34 -0500] "GET /transparencia/directorioservidores/diciembre2015.xlsx HTTP/1.1" 200 37314
69.162.124.233 - - [13/Jul/2019:07:57:37 -0500] "HEAD / HTTP/1.1" 200 -
192.168.175.104 - - [13/Jul/2019:07:57:47 -0500] "GET / HTTP/1.0" 200 9990
157.55.39.237 - - [13/Jul/2019:07:57:52 -0500] "GET /Anexos%20estudio%20Organizacional%20SDA/ANEXO%20No.%203-%20CONTRATACI%C3%93N%20%20OPS%C2%B4s%202008-2012/CONTRATOS%20SDA%202012%20POR%20DEPENDENCIA.xls HTTP/1.1" 200 269824
66.249.64.19 - - [13/Jul/2019:07:58:13 -0500] "GET /BLA/resoluciones/RESOLUCIONES%202010/7676.pdf HTTP/1.1" 200 463007
66.249.64.19 - - [13/Jul/2019:07:58:16 -0500] "GET /BLA/resoluciones/RESOLUCIONES%202017/0251.pdf HTTP/1.1" 200 498456
192.168.175.104 - - [13/Jul/2019:07:58:26 -0500] "GET / HTTP/1.1" 200 9990
66.249.64.19 - - [13/Jul/2019:07:58:26 -0500] "GET /BLA/resoluciones/RESOLUCIONES%202016/1652.pdf HTTP/1.1" 200 513926
66.249.64.20 - - [13/Jul/2019:07:58:33 -0500] "GET /BLA/resoluciones/RESOLUCIONES%202013/0266.pdf HTTP/1.1" 200 836951
54.36.150.58 - - [13/Jul/2019:07:59:00 -0500] "GET /www.ambientebogota.gov.co:81/ HTTP/1.1" 403 1020
66.249.64.22 - - [13/Jul/2019:07:59:25 -0500] "GET /BLA/resoluciones/RESOLUCIONES%202016/0805.pdf HTTP/1.1" 200 440750
207.46.13.82 - - [13/Jul/2019:07:59:33 -0500] "GET /Residuos/textiles/files/guia_textiles.pdf HTTP/1.1" 200 12356716
66.249.64.22 - - [13/Jul/2019:07:59:36 -0500] "GET /BLA/resoluciones/RESOLUCIONES%202017/1107.pdf HTTP/1.1" 200 804590
66.249.64.19 - - [13/Jul/2019:07:59:42 -0500] "GET /BLA/resoluciones/RESOLUCIONES%202007/RES%202007%203801%20AL%203900/RESOLUCION%203863%20DE%202007.pdf HTTP/1.1" 304 -
66.249.64.22 - - [13/Jul/2019:07:59:47 -0500] "GET /BLA/resoluciones/RESOLUCIONES%202017/2774.pdf HTTP/1.1" 200 287207
66.249.64.22 - - [13/Jul/2019:07:59:58 -0500] "GET /BLA/resoluciones/RESOLUCIONES%202015/0824.pdf HTTP/1.1" 200 831180
190.144.21.105 - - [13/Jul/2019:08:00:01 -0500] "GET /BLA/resoluciones/AUTOS%202014/2216.pdf HTTP/1.1" 200 1490812
190.144.21.105 - - [13/Jul/2019:08:00:01 -0500] "GET /favicon.ico HTTP/1.1" 200 7782
66.249.64.20 - - [13/Jul/2019:08:00:08 -0500] "GET /BLA/resoluciones/AUTOS%202016/1175.pdf HTTP/1.1" 200 370429
152.202.96.245 - - [13/Jul/2019:08:00:12 -0500] "GET /galeria/galeria/jquery.fancybox.js?v=2.1.5 HTTP/1.1" 200 48706
152.202.96.245 - - [13/Jul/2019:08:00:12 -0500] "GET /galeria/galeria/jquery.fancybox.css?v=2.1.5 HTTP/1.1" 200 4895
152.202.96.245 - - [13/Jul/2019:08:00:12 -0500] "GET /BLA/boletinlegal/js/jquery.scrollShow.js HTTP/1.1" 200 4586
181.57.75.4 - - [13/Jul/2019:08:00:15 -0500] "GET /BLA/boletinlegal/js/jquery.scrollShow.js HTTP/1.1" 200 4586
181.57.75.4 - - [13/Jul/2019:08:00:15 -0500] "GET /galeria/galeria/jquery.fancybox.css?v=2.1.5 HTTP/1.1" 200 4895
181.57.75.4 - - [13/Jul/2019:08:00:15 -0500] "GET /galeria/galeria/jquery.fancybox.js?v=2.1.5 HTTP/1.1" 200 48706
66.249.64.20 - - [13/Jul/2019:08:00:20 -0500] "GET /BLA/resoluciones/AUTOS%202018/3022.pdf HTTP/1.1" 200 286321
66.249.64.20 - - [13/Jul/2019:08:00:30 -0500] "GET /BLA/resoluciones/AUTOS%202018/2143.pdf HTTP/1.1" 200 268796
66.249.64.19 - - [13/Jul/2019:08:00:35 -0500] "GET /BLA/resoluciones/AUTOS%202011/7168.pdf HTTP/1.1" 200 135513
66.249.64.28 - - [13/Jul/2019:08:00:41 -0500] "GET /SIG/Gesti%C3%B3n%20Jur%C3%ADdica/126PA05-PR10.pdf HTTP/1.1" 200 67441
66.249.64.19 - - [13/Jul/2019:08:00:46 -0500] "GET /BLA/resoluciones/AUTOS%202014/2480.pdf HTTP/1.1" 200 609161
66.249.64.27 - - [13/Jul/2019:08:00:50 -0500] "GET /Anexos%20estudio%20Organizacional%20SDA/index.php?dir=ANEXO+No.+1-+NORMAS+LEGALES+DE+ESTRUCTURA+Y+PLANTA%2FDecreto+673+de+1995+Reestructura+el+DAMA_files%2F HTTP/1.1" 200 9347
66.249.64.19 - - [13/Jul/2019:08:00:52 -0500] "GET /BLA/resoluciones/RESOLUCIONES%202011/2843.pdf HTTP/1.1" 200 764536
66.249.64.27 - - [13/Jul/2019:08:00:59 -0500] "GET /SIG/ECS/126PM04-PR93.pdf HTTP/1.1" 200 4154124
66.249.64.29 - - [13/Jul/2019:08:01:05 -0500] "GET /Anexos%20estudio%20Organizacional%20SDA/dlf/styles.css HTTP/1.1" 200 3045
190.90.2.26 - - [13/Jul/2019:08:01:06 -0500] "GET /galeria/galeria/jquery.fancybox.css?v=2.1.5 HTTP/1.1" 200 4895
190.90.2.26 - - [13/Jul/2019:08:01:06 -0500] "GET /BLA/boletinlegal/js/jquery.scrollShow.js HTTP/1.1" 200 4586
190.90.2.26 - - [13/Jul/2019:08:01:06 -0500] "GET /galeria/galeria/jquery.fancybox.js?v=2.1.5 HTTP/1.1" 200 48706
66.249.64.20 - - [13/Jul/2019:08:01:07 -0500] "GET /BLA/resoluciones/RESOLUCIONES%202017/2549.pdf HTTP/1.1" 200 277976
190.217.108.93 - - [13/Jul/2019:08:01:12 -0500] "GET /BLA/boletinlegal/js/jquery.scrollShow.js HTTP/1.1" 200 4586
190.217.108.93 - - [13/Jul/2019:08:01:12 -0500] "GET /galeria/galeria/jquery.fancybox.css?v=2.1.5 HTTP/1.1" 200 4895
190.217.108.93 - - [13/Jul/2019:08:01:12 -0500] "GET /galeria/galeria/jquery.fancybox.js?v=2.1.5 HTTP/1.1" 200 48706
66.249.88.109 - - [13/Jul/2019:08:01:18 -0500] "GET /galeria/galeria/jquery.fancybox.css?v=2.1.5 HTTP/1.1" 200 4895
66.249.88.105 - - [13/Jul/2019:08:01:18 -0500] "GET /galeria/galeria/jquery.fancybox.js?v=2.1.5 HTTP/1.1" 200 48706
66.249.88.107 - - [13/Jul/2019:08:01:18 -0500] "GET /galeria/galeria/fotos/Soratama1P.jpg HTTP/1.1" 200 9622
66.249.88.107 - - [13/Jul/2019:08:01:19 -0500] "GET /galeria/galeria/fotos/Soratama2P.jpg HTTP/1.1" 200 10548
66.249.88.107 - - [13/Jul/2019:08:01:19 -0500] "GET /galeria/galeria/fotos/Soratama3P.jpg HTTP/1.1" 200 11298
66.249.88.107 - - [13/Jul/2019:08:01:19 -0500] "GET /galeria/galeria/fotos/Soratama4P.jpg HTTP/1.1" 200 10482
66.249.64.19 - - [13/Jul/2019:08:01:24 -0500] "GET /BLA/resoluciones/RESOLUCIONES%202018/2147.pdf HTTP/1.1" 200 283338
190.217.108.93 - - [13/Jul/2019:08:01:25 -0500] "GET /galeria/galeria/jquery.fancybox.css?v=2.1.5 HTTP/1.1" 200 4895
66.249.64.19 - - [13/Jul/2019:08:01:28 -0500] "GET /BLA/resoluciones/index.php?dir=RESOLUCIONES+2007%2FRES+2007+3401+AL+3500%2F HTTP/1.1" 200 26618
190.158.208.242 - - [13/Jul/2019:08:01:39 -0500] "GET /galeria/galeria/jquery.fancybox.css?v=2.1.5 HTTP/1.1" 200 4895
190.158.208.242 - - [13/Jul/2019:08:01:39 -0500] "GET /galeria/galeria/jquery.fancybox.js?v=2.1.5 HTTP/1.1" 200 48706
190.158.208.242 - - [13/Jul/2019:08:01:39 -0500] "GET /BLA/boletinlegal/js/jquery.scrollShow.js HTTP/1.1" 200 4586
66.249.64.22 - - [13/Jul/2019:08:01:42 -0500] "GET /BLA/resoluciones/RESOLUCIONES%202011/5766.pdf HTTP/1.1" 200 1762993
66.249.64.27 - - [13/Jul/2019:08:01:48 -0500] "GET /videos/?C=D;O=D HTTP/1.1" 200 51095
66.249.64.22 - - [13/Jul/2019:08:01:50 -0500] "GET /BLA/resoluciones/RESOLUCIONES%202012/1891.pdf HTTP/1.1" 200 5368574
66.249.64.28 - - [13/Jul/2019:08:02:00 -0500] "GET /SIG/Gesti%C3%B3n%20de%20Recursos%20Inform%C3%A1ticos%20y%20Tecnol%C3%B3gicos/126PA03-PR13.pdf HTTP/1.1" 200 2386574
66.249.64.22 - - [13/Jul/2019:08:02:06 -0500] "GET /BLA/resoluciones/RESOLUCIONES%202017/1843.pdf HTTP/1.1" 200 338474
66.249.64.19 - - [13/Jul/2019:08:02:12 -0500] "GET /BLA/resoluciones/AUTOS%202014/6804.pdf HTTP/1.1" 200 418991
66.249.88.107 - - [13/Jul/2019:08:02:12 -0500] "GET /galeria/galeria/jquery.fancybox.css?v=2.1.5 HTTP/1.1" 200 4895
66.249.88.109 - - [13/Jul/2019:08:02:12 -0500] "GET /BLA/boletinlegal/js/jquery.scrollShow.js HTTP/1.1" 200 4586
66.249.88.109 - - [13/Jul/2019:08:02:12 -0500] "GET /galeria/galeria/jquery.fancybox.js?v=2.1.5 HTTP/1.1" 200 48706
66.249.64.20 - - [13/Jul/2019:08:02:18 -0500] "GET /BLA/resoluciones/RESOLUCIONES%202018/1897.pdf HTTP/1.1" 200 264959
66.249.64.19 - - [13/Jul/2019:08:02:23 -0500] "GET /BLA/resoluciones/index.php?dir=RESOLUCIONES+2004%2FRES+2004+301-350%2F HTTP/1.1" 200 12062
66.249.64.20 - - [13/Jul/2019:08:02:27 -0500] "GET /BLA/resoluciones/RESOLUCIONES%202017/1782.pdf HTTP/1.1" 200 341062
66.249.64.19 - - [13/Jul/2019:08:02:28 -0500] "GET /BLA/resoluciones/RESOLUCIONES%202009/3111.pdf HTTP/1.1" 200 480717
66.249.64.27 - - [13/Jul/2019:08:02:35 -0500] "GET /PruebasSTORM/StormSDA_pruebas/userFiles/user_files/formulas/3/592.xml HTTP/1.1" 200 999
66.249.88.109 - - [13/Jul/2019:08:02:36 -0500] "GET /galeria/galeria/jquery.fancybox.css?v=2.1.5 HTTP/1.1" 200 4895
66.249.88.107 - - [13/Jul/2019:08:02:36 -0500] "GET /BLA/boletinlegal/js/jquery.scrollShow.js HTTP/1.1" 200 4586
66.249.88.109 - - [13/Jul/2019:08:02:36 -0500] "GET /galeria/carrusel/Carrusel/jquery.thumbnailScroller.css HTTP/1.1" 200 2066
66.249.88.107 - - [13/Jul/2019:08:02:36 -0500] "GET /galeria/galeria/jquery.fancybox.js?v=2.1.5 HTTP/1.1" 200 48706
66.249.88.109 - - [13/Jul/2019:08:02:37 -0500] "GET /galeria/carrusel/Carrusel/jquery-ui-1.8.13.custom.min.js HTTP/1.1" 200 10800
66.249.88.109 - - [13/Jul/2019:08:02:37 -0500] "GET /galeria/carrusel/Carrusel/jquery.thumbnailScroller.js HTTP/1.1" 200 8157
66.249.88.107 - - [13/Jul/2019:08:02:37 -0500] "GET /galeria/nivo-slider/demo/demo.html HTTP/1.1" 200 4101
69.162.124.233 - - [13/Jul/2019:08:02:37 -0500] "HEAD / HTTP/1.1" 200 -
66.249.88.109 - - [13/Jul/2019:08:02:38 -0500] "GET /galeria/nivo-slider/themes/default/default.css HTTP/1.1" 200 1569
66.249.88.109 - - [13/Jul/2019:08:02:38 -0500] "GET /galeria/nivo-slider/themes/orman/orman.css HTTP/1.1" 200 2152
66.249.88.105 - - [13/Jul/2019:08:02:38 -0500] "GET /galeria/nivo-slider/themes/pascal/pascal.css HTTP/1.1" 200 2258
66.249.88.105 - - [13/Jul/2019:08:02:38 -0500] "GET /galeria/nivo-slider/nivo-slider.css HTTP/1.1" 200 1507
66.249.88.105 - - [13/Jul/2019:08:02:38 -0500] "GET /galeria/nivo-slider/demo/style.css HTTP/1.1" 200 2222
66.249.88.105 - - [13/Jul/2019:08:02:39 -0500] "GET /galeria/nivo-slider/demo/scripts/jquery-1.7.1.min.js HTTP/1.1" 200 93868
66.249.88.107 - - [13/Jul/2019:08:02:40 -0500] "GET /galeria/nivo-slider/demo/images/4Simple_Slider.png HTTP/1.1" 200 11722
66.249.88.105 - - [13/Jul/2019:08:02:40 -0500] "GET /galeria/nivo-slider/themes/default/loading.gif HTTP/1.1" 200 1737
66.249.88.107 - - [13/Jul/2019:08:02:40 -0500] "GET /galeria/nivo-slider/jquery.nivo.slider.pack.js HTTP/1.1" 200 11561
66.249.88.105 - - [13/Jul/2019:08:02:40 -0500] "GET /galeria/nivo-slider/demo/images/banner%20lluvias.jpg HTTP/1.1" 200 254815
66.249.88.107 - - [13/Jul/2019:08:02:40 -0500] "GET /galeria/nivo-slider/demo/images/bannersectorambiente.png HTTP/1.1" 200 308540
66.249.88.109 - - [13/Jul/2019:08:02:40 -0500] "GET /galeria/nivo-slider/demo/images/Banner%20consumo%20sostenible%20final.jpg HTTP/1.1" 200 364746
66.249.88.109 - - [13/Jul/2019:08:02:40 -0500] "GET /galeria/nivo-slider/demo/images/caminatas%20julio%20principal.png HTTP/1.1" 200 662414
66.249.88.105 - - [13/Jul/2019:08:02:41 -0500] "GET /galeria/nivo-slider/demo/images/Banner%20Conpes.jpg HTTP/1.1" 200 55220
66.249.88.109 - - [13/Jul/2019:08:02:41 -0500] "GET /galeria/nivo-slider/demo/images/Banner%20RCD.jpg HTTP/1.1" 200 92197
66.249.88.107 - - [13/Jul/2019:08:02:42 -0500] "GET /galeria/nivo-slider/demo/images/Banner%20practicas%20sostenibles.jpg HTTP/1.1" 200 142958
66.249.88.109 - - [13/Jul/2019:08:02:43 -0500] "GET /galeria/nivo-slider/demo/images/Banner%20POT.png HTTP/1.1" 200 418238
66.249.88.107 - - [13/Jul/2019:08:02:43 -0500] "GET /galeria/nivo-slider/demo/images/incendios-forestales.png HTTP/1.1" 200 61469
66.249.88.105 - - [13/Jul/2019:08:02:43 -0500] "GET /galeria/nivo-slider/demo/images/BANNER%20punto.jpg HTTP/1.1" 200 75932
66.249.88.107 - - [13/Jul/2019:08:02:43 -0500] "GET /galeria/nivo-slider/demo/images/Banneranonimos.png HTTP/1.1" 200 109388
66.249.88.107 - - [13/Jul/2019:08:02:43 -0500] "GET /galeria/nivo-slider/demo/images/banner-humedales-de-bogota.jpg HTTP/1.1" 200 292611
66.249.88.107 - - [13/Jul/2019:08:02:44 -0500] "GET /galeria/nivo-slider/demo/images/banner-bolsas-plasticas.jpg HTTP/1.1" 200 317939
66.249.88.109 - - [13/Jul/2019:08:02:45 -0500] "GET /galeria/nivo-slider/themes/default/arrows.png HTTP/1.1" 200 824
66.249.88.105 - - [13/Jul/2019:08:02:45 -0500] "GET /galeria/nivo-slider/themes/default/bullets.png HTTP/1.1" 200 1281
192.168.175.104 - - [13/Jul/2019:08:02:45 -0500] "GET / HTTP/1.0" 200 9990
54.36.148.190 - - [13/Jul/2019:08:02:56 -0500] "GET /BLA/resoluciones/RESOLUCIONES%202002/RES%202002%201801-1850/20021845.tif HTTP/1.1" 200 212112
66.249.64.27 - - [13/Jul/2019:08:02:58 -0500] "GET /icons/movie.gif HTTP/1.1" 200 243
66.249.64.27 - - [13/Jul/2019:08:03:04 -0500] "GET /PruebasSTORM/StormSDA_pruebas/userFiles/user_files/formulas/3/685.xml HTTP/1.1" 200 972
62.4.15.23 - - [13/Jul/2019:08:03:05 -0500] "GET / HTTP/1.1" 200 9990
66.249.64.19 - - [13/Jul/2019:08:03:06 -0500] "GET /BLA/resoluciones/RESOLUCIONES%202014/1556.pdf HTTP/1.1" 304 -
66.249.64.19 - - [13/Jul/2019:08:03:08 -0500] "GET /BLA/resoluciones/AUTOS%202014/6388.pdf HTTP/1.1" 200 211871
66.249.64.19 - - [13/Jul/2019:08:03:09 -0500] "GET /BLA/resoluciones/AUTOS%202014/5561.pdf HTTP/1.1" 200 513208
66.249.64.19 - - [13/Jul/2019:08:03:10 -0500] "GET /BLA/resoluciones/RESOLUCIONES%202016/1268.pdf HTTP/1.1" 200 967162
66.249.64.19 - - [13/Jul/2019:08:03:13 -0500] "GET /BLA/resoluciones/RESOLUCIONES%202015/0769.pdf HTTP/1.1" 200 701860
66.249.64.20 - - [13/Jul/2019:08:03:19 -0500] "GET /BLA/resoluciones/AUTOS%202018/1645.pdf HTTP/1.1" 200 315588
66.249.64.19 - - [13/Jul/2019:08:03:20 -0500] "GET /BLA/resoluciones/RESOLUCIONES%202008/2430.pdf HTTP/1.1" 200 210419
192.168.175.104 - - [13/Jul/2019:08:03:24 -0500] "GET / HTTP/1.1" 200 9990
66.249.64.28 - - [13/Jul/2019:08:03:26 -0500] "GET /Autoliquidacion/TR%C3%81MITES%20ACEITES-RESIDUOS-ESTACIONES/aceites-ES/Lista%20de%20Chequeo%20Movilizador%20AU.xls HTTP/1.1" 200 107008
66.249.64.22 - - [13/Jul/2019:08:03:29 -0500] "GET /BLA/resoluciones/AUTOS%202016/2174.pdf HTTP/1.1" 304 -
66.249.64.20 - - [13/Jul/2019:08:03:31 -0500] "GET /BLA/resoluciones/RESOLUCIONES%202015/3149.pdf HTTP/1.1" 200 401172
66.249.64.19 - - [13/Jul/2019:08:03:34 -0500] "GET /BLA/resoluciones/RESOLUCIONES%202007/RES%202007%203801%20AL%203900/RESOLUCION%203880%20DE%202007.pdf HTTP/1.1" 200 280847
66.249.64.19 - - [13/Jul/2019:08:03:41 -0500] "GET /BLA/resoluciones/RESOLUCIONES%202017/1822.pdf HTTP/1.1" 200 344345
66.249.64.29 - - [13/Jul/2019:08:03:47 -0500] "GET /galeria/nivo-slider/demo/images/?C=N;O=A HTTP/1.1" 200 271171
66.249.64.23 - - [13/Jul/2019:08:03:50 -0500] "GET /BLA/resoluciones/AUTOS%202013/2485.pdf HTTP/1.1" 304 -
66.249.64.23 - - [13/Jul/2019:08:03:51 -0500] "GET /BLA/resoluciones/AUTOS%202015/0818.pdf HTTP/1.1" 304 -
181.234.194.68 - - [13/Jul/2019:08:04:33 -0500] "GET /galeria/galeria/jquery.fancybox.css?v=2.1.5 HTTP/1.1" 200 4895
181.234.194.68 - - [13/Jul/2019:08:04:33 -0500] "GET /BLA/boletinlegal/js/jquery.scrollShow.js HTTP/1.1" 200 4586
181.234.194.68 - - [13/Jul/2019:08:04:33 -0500] "GET /galeria/galeria/jquery.fancybox.js?v=2.1.5 HTTP/1.1" 200 48706
66.249.64.27 - - [13/Jul/2019:08:04:43 -0500] "GET /Anexos%20estudio%20Organizacional%20SDA/ANEXO%20No.%201-%20NORMAS%20LEGALES%20DE%20ESTRUCTURA%20Y%20PLANTA/Decreto%20308%20de%202001%20-%20Modifica%20estructura%20del%20DAMA.jsp_files/jquery-1.js HTTP/1.1" 200 57254
66.249.64.27 - - [13/Jul/2019:08:04:45 -0500] "GET /Anexos%20estudio%20Organizacional%20SDA/ANEXO%20No.%201-%20NORMAS%20LEGALES%20DE%20ESTRUCTURA%20Y%20PLANTA/Decreto%20308%20de%202001%20-%20Modifica%20estructura%20del%20DAMA.jsp_files/ladc.css HTTP/1.1" 200 5119
66.249.64.27 - - [13/Jul/2019:08:04:46 -0500] "GET /Anexos%20estudio%20Organizacional%20SDA/ANEXO%20No.%201-%20NORMAS%20LEGALES%20DE%20ESTRUCTURA%20Y%20PLANTA/Decreto%20308%20de%202001%20-%20Modifica%20estructura%20del%20DAMA.jsp_files/screen.css HTTP/1.1" 200 2444
66.249.64.19 - - [13/Jul/2019:08:04:48 -0500] "GET /BLA/resoluciones/AUTOS%202013/0733.pdf HTTP/1.1" 304 -
66.249.64.29 - - [13/Jul/2019:08:05:09 -0500] "GET /portalsiaccapacitaciones/Listas%20de%20Asistencia%202015/LA.%20HC%2029_07_2015.pdf HTTP/1.1" 200 853932
66.249.64.19 - - [13/Jul/2019:08:05:25 -0500] "GET /BLA/resoluciones/RESOLUCIONES%202007/RES%202007%20301%20AL%20400/RESOLUCION%200367%20DE%202007.pdf HTTP/1.1" 200 484792
190.26.221.101 - - [13/Jul/2019:08:05:31 -0500] "GET /galeria/galeria/jquery.fancybox.css?v=2.1.5 HTTP/1.1" 200 4895
190.26.221.101 - - [13/Jul/2019:08:05:31 -0500] "GET /galeria/galeria/jquery.fancybox.js?v=2.1.5 HTTP/1.1" 200 48706
190.26.221.101 - - [13/Jul/2019:08:05:31 -0500] "GET /BLA/boletinlegal/js/jquery.scrollShow.js HTTP/1.1" 200 4586
66.249.64.20 - - [13/Jul/2019:08:05:31 -0500] "GET /BLA/resoluciones/RESOLUCIONES%202018/0147.pdf HTTP/1.1" 200 269434
66.249.64.19 - - [13/Jul/2019:08:05:34 -0500] "GET /BLA/resoluciones/RESOLUCIONES%202011/4341.pdf HTTP/1.1" 200 601523
66.249.64.19 - - [13/Jul/2019:08:05:36 -0500] "GET /BLA/resoluciones/Notificaciones/REGISTROS%202014/01420.doc HTTP/1.1" 304 -
66.249.88.107 - - [13/Jul/2019:08:05:41 -0500] "GET /videos/galeria-cronicas/1V3wnplaylist.htm? HTTP/1.1" 200 4013
66.249.64.20 - - [13/Jul/2019:08:05:42 -0500] "GET /BLA/resoluciones/RESOLUCIONES%202010/5859.pdf HTTP/1.1" 200 146150
66.249.88.109 - - [13/Jul/2019:08:05:42 -0500] "GET /videos/galeria-cronicas/skin/blue.monday/jplayer.blue.monday.css HTTP/1.1" 200 12518
66.249.88.109 - - [13/Jul/2019:08:05:42 -0500] "GET /videos/galeria-cronicas/js/jquery.jplayer.min.js HTTP/1.1" 200 43668
66.249.88.105 - - [13/Jul/2019:08:05:42 -0500] "GET /videos/galeria-cronicas/js/jplayer.playlist.min.js HTTP/1.1" 200 8608
66.249.88.109 - - [13/Jul/2019:08:05:43 -0500] "GET /videos/galeria-cronicas/skin/blue.monday/jplayer.blue.monday.video.play.png HTTP/1.1" 200 14424
66.249.88.107 - - [13/Jul/2019:08:05:43 -0500] "GET /videos/galeria-cronicas/skin/blue.monday/jplayer.blue.monday.jpg HTTP/1.1" 200 23189
66.249.88.109 - - [13/Jul/2019:08:05:44 -0500] "GET /videos/galeria-cronicas/1videos/parche.mp4video.mp4 HTTP/1.1" 206 2821840
66.249.64.20 - - [13/Jul/2019:08:05:46 -0500] "GET /BLA/resoluciones/AUTOS%202013/1991.pdf HTTP/1.1" 200 2486351
66.249.88.109 - - [13/Jul/2019:08:05:52 -0500] "GET /galeria/galeria/jquery.fancybox.css?v=2.1.5 HTTP/1.1" 200 4895
66.249.88.107 - - [13/Jul/2019:08:05:52 -0500] "GET /galeria/galeria/jquery.fancybox.js?v=2.1.5 HTTP/1.1" 200 48706
66.249.88.107 - - [13/Jul/2019:08:05:52 -0500] "GET /BLA/boletinlegal/js/jquery.scrollShow.js HTTP/1.1" 200 4586
66.249.64.23 - - [13/Jul/2019:08:05:55 -0500] "GET /BLA/resoluciones/RESOLUCIONES%202008/4644.pdf HTTP/1.1" 200 248384
66.249.64.29 - - [13/Jul/2019:08:06:04 -0500] "GET /BLA/boletinlegal/conceptos.php HTTP/1.1" 200 7315
66.249.64.28 - - [13/Jul/2019:08:06:15 -0500] "GET /Residuos/pinturas/files/search/searchtext.xml HTTP/1.1" 200 193773
190.26.221.101 - - [13/Jul/2019:08:06:20 -0500] "GET /galeria/carrusel/Carrusel/jquery.thumbnailScroller.css HTTP/1.1" 200 2066
190.26.221.101 - - [13/Jul/2019:08:06:20 -0500] "GET /galeria/carrusel/Carrusel/jquery-ui-1.8.13.custom.min.js HTTP/1.1" 200 10800
190.26.221.101 - - [13/Jul/2019:08:06:20 -0500] "GET /galeria/carrusel/Carrusel/jquery.thumbnailScroller.js HTTP/1.1" 200 8157
190.26.221.101 - - [13/Jul/2019:08:06:21 -0500] "GET /galeria/nivo-slider/demo/demo.html HTTP/1.1" 200 4101
190.26.221.101 - - [13/Jul/2019:08:06:21 -0500] "GET /galeria/nivo-slider/themes/default/default.css HTTP/1.1" 200 1569
190.26.221.101 - - [13/Jul/2019:08:06:21 -0500] "GET /galeria/nivo-slider/themes/pascal/pascal.css HTTP/1.1" 200 2258
190.26.221.101 - - [13/Jul/2019:08:06:22 -0500] "GET /galeria/nivo-slider/demo/style.css HTTP/1.1" 200 2222
190.26.221.101 - - [13/Jul/2019:08:06:22 -0500] "GET /galeria/nivo-slider/demo/images/banner%20lluvias.jpg HTTP/1.1" 200 254815
190.26.221.101 - - [13/Jul/2019:08:06:22 -0500] "GET /galeria/nivo-slider/demo/scripts/jquery-1.7.1.min.js HTTP/1.1" 200 93868
190.26.221.101 - - [13/Jul/2019:08:06:22 -0500] "GET /galeria/nivo-slider/demo/images/banner-bolsas-plasticas.jpg HTTP/1.1" 200 317939
190.26.221.101 - - [13/Jul/2019:08:06:22 -0500] "GET /galeria/nivo-slider/nivo-slider.css HTTP/1.1" 200 1507
190.26.221.101 - - [13/Jul/2019:08:06:22 -0500] "GET /galeria/nivo-slider/themes/orman/orman.css HTTP/1.1" 200 2152
190.26.221.101 - - [13/Jul/2019:08:06:22 -0500] "GET /galeria/nivo-slider/demo/images/bannersectorambiente.png HTTP/1.1" 200 308540
190.26.221.101 - - [13/Jul/2019:08:06:22 -0500] "GET /galeria/nivo-slider/demo/images/caminatas%20julio%20principal.png HTTP/1.1" 200 662414
190.26.221.101 - - [13/Jul/2019:08:06:22 -0500] "GET /galeria/nivo-slider/demo/images/Banner%20POT.png HTTP/1.1" 200 418238
190.26.221.101 - - [13/Jul/2019:08:06:23 -0500] "GET /galeria/nivo-slider/demo/images/BANNER%20punto.jpg HTTP/1.1" 200 75932
190.26.221.101 - - [13/Jul/2019:08:06:30 -0500] "GET /galeria/nivo-slider/demo/images/incendios-forestales.png HTTP/1.1" 200 61469
54.36.150.74 - - [13/Jul/2019:08:06:40 -0500] "GET /BLA/resoluciones/RESOLUCIONES%202002/RES%202002%201551-1600/20021583.tif HTTP/1.1" 200 91802
69.162.124.233 - - [13/Jul/2019:08:07:37 -0500] "HEAD / HTTP/1.1" 200 -
192.168.175.104 - - [13/Jul/2019:08:07:43 -0500] "GET / HTTP/1.0" 200 9990
66.249.64.19 - - [13/Jul/2019:08:08:09 -0500] "GET /BLA/resoluciones/RESOLUCIONES%202016/0952.pdf HTTP/1.1" 200 5656134
192.168.175.104 - - [13/Jul/2019:08:08:22 -0500] "GET / HTTP/1.1" 200 9990
66.249.64.19 - - [13/Jul/2019:08:08:27 -0500] "GET /BLA/resoluciones/AUTOS%202017/0310.pdf HTTP/1.1" 200 686344
66.249.64.23 - - [13/Jul/2019:08:08:30 -0500] "GET /BLA/resoluciones/AUTOS%202013/0141.pdf HTTP/1.1" 200 2385824
201.245.192.253 - - [13/Jul/2019:08:07:58 -0500] "POST /kwsrmcab/Wsrmcab HTTP/1.1" 200 29836
201.245.192.253 - - [13/Jul/2019:08:07:58 -0500] "POST /kwsrmcab/Wsrmcab HTTP/1.1" 200 29836
66.249.64.20 - - [13/Jul/2019:08:08:39 -0500] "GET /BLA/resoluciones/RESOLUCIONES%202017/1488.pdf HTTP/1.1" 200 682487
66.249.64.29 - - [13/Jul/2019:08:08:44 -0500] "GET /StormSDA/user.jnlp HTTP/1.1" 200 1420
66.249.64.19 - - [13/Jul/2019:08:08:48 -0500] "GET /BLA/resoluciones/RESOLUCIONES%202017/0100.pdf HTTP/1.1" 200 961295
66.249.64.23 - - [13/Jul/2019:08:08:54 -0500] "GET /BLA/resoluciones/RESOLUCIONES%202013/0025.pdf HTTP/1.1" 200 5879706
201.245.192.253 - - [13/Jul/2019:08:08:32 -0500] "POST /kwsrmcab/Wsrmcab HTTP/1.1" 200 29808
201.245.192.253 - - [13/Jul/2019:08:08:33 -0500] "POST /kwsrmcab/Wsrmcab HTTP/1.1" 200 29808
66.249.64.19 - - [13/Jul/2019:08:09:09 -0500] "GET /BLA/resoluciones/Notificaciones/REGISTROS%202014/1709.doc HTTP/1.1" 200 199680
66.249.64.24 - - [13/Jul/2019:08:09:16 -0500] "GET /BLA/resoluciones/RESOLUCIONES%202012/1481.pdf HTTP/1.1" 304 -
66.249.64.31 - - [13/Jul/2019:08:09:23 -0500] "GET /portalsiaccapacitaciones/Soportes%20Capacitaciones%202016/Mesas%20de%20Trabajo%202016/Presentaci%C3%B3n%20Manejo%20AVU.pdf HTTP/1.1" 200 1770839
66.249.64.28 - - [13/Jul/2019:08:09:26 -0500] "GET /BLA/boletinlegal/jurisprudencia/analisis/analisis%20sentencia%20C-596-10.doc HTTP/1.1" 304 -
66.249.64.30 - - [13/Jul/2019:08:09:45 -0500] "GET /galeria/galeria/fotos/?C=S;O=D HTTP/1.1" 200 101231
170.238.239.75 - - [13/Jul/2019:08:11:03 -0500] "GET /galeria/galeria/jquery.fancybox.css?v=2.1.5 HTTP/1.1" 200 4895
170.238.239.75 - - [13/Jul/2019:08:11:03 -0500] "GET /BLA/boletinlegal/js/jquery.scrollShow.js HTTP/1.1" 200 4586
170.238.239.75 - - [13/Jul/2019:08:11:03 -0500] "GET /galeria/galeria/jquery.fancybox.js?v=2.1.5 HTTP/1.1" 200 48706
66.249.64.19 - - [13/Jul/2019:08:11:03 -0500] "GET /BLA/resoluciones/RESOLUCIONES%202018/4349.pdf HTTP/1.1" 200 243983
66.249.64.19 - - [13/Jul/2019:08:11:07 -0500] "GET /BLA/resoluciones/RESOLUCIONES%202007/RES%202007%204101%20AL%204200/RESOLUCION%204176%20%20DE%202007.pdf HTTP/1.1" 200 37969
66.249.64.28 - - [13/Jul/2019:08:11:08 -0500] "GET /SIG/Gestion%20Recursos%20Financieros/126PA02-PR02%20ACTAS%20FENECIMIENTO-PRESUPUESTO.pdf HTTP/1.1" 304 -
66.249.64.19 - - [13/Jul/2019:08:11:11 -0500] "GET /BLA/resoluciones/AUTOS%202015/1733.pdf HTTP/1.1" 200 856829
66.249.64.19 - - [13/Jul/2019:08:11:13 -0500] "GET /BLA/resoluciones/AUTOS%202007/0908.pdf HTTP/1.1" 200 76006
66.249.64.19 - - [13/Jul/2019:08:11:24 -0500] "GET /BLA/resoluciones/AUTOS%202015/3767.pdf HTTP/1.1" 200 859801
190.27.214.3 - - [13/Jul/2019:08:11:29 -0500] "GET /galeria/galeria/jquery.fancybox.css?v=2.1.5 HTTP/1.1" 200 4895
190.27.214.3 - - [13/Jul/2019:08:11:29 -0500] "GET /BLA/boletinlegal/js/jquery.scrollShow.js HTTP/1.1" 200 4586
190.27.214.3 - - [13/Jul/2019:08:11:29 -0500] "GET /galeria/galeria/jquery.fancybox.js?v=2.1.5 HTTP/1.1" 200 48706
190.216.198.146 - - [13/Jul/2019:08:11:30 -0500] "GET /galeria/galeria/jquery.fancybox.css?v=2.1.5 HTTP/1.1" 200 4895
190.216.198.146 - - [13/Jul/2019:08:11:30 -0500] "GET /galeria/galeria/jquery.fancybox.js?v=2.1.5 HTTP/1.1" 200 48706
190.216.198.146 - - [13/Jul/2019:08:11:30 -0500] "GET /BLA/boletinlegal/js/jquery.scrollShow.js HTTP/1.1" 200 4586
66.249.64.29 - - [13/Jul/2019:08:12:20 -0500] "GET /SIG/ECS/126PM04-PR16.pdf HTTP/1.1" 200 11500373
40.77.167.28 - - [13/Jul/2019:08:12:28 -0500] "GET /Autoliquidacion/Plan%20de%20manejo%20ambiental%20para%20sitios%20de%20aprovechamiento%20y%20o%20disposicion%20final%20de%20escombros/Aplicativo.html HTTP/1.1" 200 359
66.249.88.109 - - [13/Jul/2019:08:12:28 -0500] "GET /galeria/galeria/jquery.fancybox.css?v=2.1.5 HTTP/1.1" 200 4895
66.249.88.107 - - [13/Jul/2019:08:12:28 -0500] "GET /galeria/galeria/jquery.fancybox.js?v=2.1.5 HTTP/1.1" 200 48706
66.249.88.109 - - [13/Jul/2019:08:12:28 -0500] "GET /BLA/boletinlegal/js/jquery.scrollShow.js HTTP/1.1" 200 4586
69.162.124.233 - - [13/Jul/2019:08:12:37 -0500] "HEAD / HTTP/1.1" 200 -
66.249.64.27 - - [13/Jul/2019:08:12:40 -0500] "GET /POT-2013/memoria%20justificativa/ANEXOS_2,3,4.pdf HTTP/1.1" 200 617731
192.168.175.104 - - [13/Jul/2019:08:12:41 -0500] "GET / HTTP/1.0" 200 9990
66.249.64.22 - - [13/Jul/2019:08:12:48 -0500] "GET /BLA/resoluciones/AUTOS%202008/0391.pdf HTTP/1.1" 200 131316
66.249.88.109 - - [13/Jul/2019:08:12:49 -0500] "GET /galeria/galeria/jquery.fancybox.css?v=2.1.5 HTTP/1.1" 200 4895
66.249.88.109 - - [13/Jul/2019:08:12:49 -0500] "GET /galeria/galeria/jquery.fancybox.js?v=2.1.5 HTTP/1.1" 200 48706
66.249.88.107 - - [13/Jul/2019:08:12:49 -0500] "GET /BLA/boletinlegal/js/jquery.scrollShow.js HTTP/1.1" 200 4586
66.249.64.23 - - [13/Jul/2019:08:12:59 -0500] "GET /BLA/resoluciones/RESOLUCIONES%202012/1894.pdf HTTP/1.1" 200 24505640
192.168.175.104 - - [13/Jul/2019:08:13:20 -0500] "GET / HTTP/1.1" 200 9990
66.249.64.22 - - [13/Jul/2019:08:13:25 -0500] "GET /galeria/nivo-slider/demo/images/banner-bolsas-plasticas.jpg HTTP/1.1" 304 -
