66.249.88.105 - - [13/Jul/2019:00:42:27 -0500] "GET /galeria/nivo-slider/demo/scripts/jquery-1.7.1.min.js HTTP/1.1" 200 93868
66.249.88.105 - - [13/Jul/2019:00:42:27 -0500] "GET /galeria/nivo-slider/jquery.nivo.slider.pack.js HTTP/1.1" 200 11561
66.249.88.107 - - [13/Jul/2019:00:42:27 -0500] "GET /galeria/nivo-slider/demo/images/banner%20lluvias.jpg HTTP/1.1" 200 254815
66.249.88.107 - - [13/Jul/2019:00:42:27 -0500] "GET /galeria/nivo-slider/demo/images/caminatas%20julio%20principal.png HTTP/1.1" 200 662414
66.249.88.109 - - [13/Jul/2019:00:42:27 -0500] "GET /galeria/nivo-slider/demo/images/bannersectorambiente.png HTTP/1.1" 200 308540
66.249.88.109 - - [13/Jul/2019:00:42:27 -0500] "GET /galeria/nivo-slider/demo/images/Banner%20consumo%20sostenible%20final.jpg HTTP/1.1" 200 364746
66.249.88.105 - - [13/Jul/2019:00:42:27 -0500] "GET /galeria/nivo-slider/demo/images/Banner%20RCD.jpg HTTP/1.1" 200 92197
66.249.88.105 - - [13/Jul/2019:00:42:27 -0500] "GET /galeria/nivo-slider/demo/images/Banner%20POT.png HTTP/1.1" 200 418238
66.249.88.107 - - [13/Jul/2019:00:42:27 -0500] "GET /galeria/nivo-slider/demo/images/BANNER%20punto.jpg HTTP/1.1" 200 75932
66.249.88.109 - - [13/Jul/2019:00:42:27 -0500] "GET /galeria/nivo-slider/demo/images/Banner%20practicas%20sostenibles.jpg HTTP/1.1" 200 142958
66.249.88.109 - - [13/Jul/2019:00:42:27 -0500] "GET /galeria/nivo-slider/demo/images/banner-bolsas-plasticas.jpg HTTP/1.1" 200 317939
66.249.88.109 - - [13/Jul/2019:00:42:27 -0500] "GET /galeria/nivo-slider/demo/images/Banner%20Conpes.jpg HTTP/1.1" 200 55220
66.249.88.109 - - [13/Jul/2019:00:42:27 -0500] "GET /galeria/nivo-slider/demo/images/banner-humedales-de-bogota.jpg HTTP/1.1" 200 292611
66.249.88.105 - - [13/Jul/2019:00:42:27 -0500] "GET /galeria/nivo-slider/demo/images/incendios-forestales.png HTTP/1.1" 200 61469
66.249.88.107 - - [13/Jul/2019:00:42:27 -0500] "GET /galeria/nivo-slider/demo/images/Banneranonimos.png HTTP/1.1" 200 109388
66.249.88.107 - - [13/Jul/2019:00:42:27 -0500] "GET /galeria/nivo-slider/themes/default/loading.gif HTTP/1.1" 200 1737
66.249.88.109 - - [13/Jul/2019:00:42:27 -0500] "GET /galeria/nivo-slider/demo/images/4Simple_Slider.png HTTP/1.1" 200 11722
66.249.64.20 - - [13/Jul/2019:00:42:28 -0500] "GET /BLA/resoluciones/AUTOS%202009/2910.pdf HTTP/1.1" 200 93494
66.249.88.105 - - [13/Jul/2019:00:42:30 -0500] "GET /galeria/nivo-slider/themes/default/bullets.png HTTP/1.1" 200 1281
66.249.88.107 - - [13/Jul/2019:00:42:30 -0500] "GET /galeria/nivo-slider/themes/default/arrows.png HTTP/1.1" 200 824
66.249.64.19 - - [13/Jul/2019:00:42:35 -0500] "GET /BLA/resoluciones/RESOLUCIONES%202009/0932.pdf HTTP/1.1" 200 232616
66.249.64.20 - - [13/Jul/2019:00:42:38 -0500] "GET /BLA/resoluciones/RESOLUCIONES%202008/2155.pdf HTTP/1.1" 200 351519
66.249.64.19 - - [13/Jul/2019:00:42:40 -0500] "GET /BLA/resoluciones/AUTOS%202009/1439.pdf HTTP/1.1" 200 124669
66.249.64.20 - - [13/Jul/2019:00:42:45 -0500] "GET /BLA/resoluciones/RESOLUCIONES%202010/6033.pdf HTTP/1.1" 200 641917
66.249.64.20 - - [13/Jul/2019:00:42:51 -0500] "GET /BLA/resoluciones/RESOLUCIONES%202010/7070.pdf HTTP/1.1" 200 80165
66.249.64.20 - - [13/Jul/2019:00:42:57 -0500] "GET /BLA/resoluciones/AUTOS%202017/2666.pdf HTTP/1.1" 200 2479527
66.249.64.20 - - [13/Jul/2019:00:43:03 -0500] "GET /BLA/resoluciones/RESOLUCIONES%202010/0944.pdf HTTP/1.1" 200 106616
69.162.124.233 - - [13/Jul/2019:00:43:24 -0500] "HEAD / HTTP/1.1" 200 -
54.36.148.160 - - [13/Jul/2019:00:43:26 -0500] "GET /BLA/resoluciones/RESOLUCIONES%202003/RES%202003%20301-350/326.tif HTTP/1.1" 200 104648
66.249.64.20 - - [13/Jul/2019:00:43:59 -0500] "GET /BLA/resoluciones/AUTOS%202009/3443.pdf HTTP/1.1" 200 98412
66.249.64.19 - - [13/Jul/2019:00:43:59 -0500] "GET /BLA/resoluciones/AUTOS%202009/0732.pdf HTTP/1.1" 200 109775
66.249.64.20 - - [13/Jul/2019:00:44:01 -0500] "GET /BLA/resoluciones/RESOLUCIONES%202011/5913.pdf HTTP/1.1" 200 272465
66.249.64.19 - - [13/Jul/2019:00:44:06 -0500] "GET /BLA/resoluciones/AUTOS%202009/0325.pdf HTTP/1.1" 200 133089
66.249.64.20 - - [13/Jul/2019:00:44:09 -0500] "GET /BLA/resoluciones/AUTOS%202009/1540.pdf HTTP/1.1" 200 109271
66.249.64.19 - - [13/Jul/2019:00:44:11 -0500] "GET /BLA/resoluciones/AUTOS%202015/6963.pdf HTTP/1.1" 200 494258
66.249.64.19 - - [13/Jul/2019:00:44:13 -0500] "GET /BLA/resoluciones/RESOLUCIONES%202009/2535.pdf HTTP/1.1" 200 471986
66.249.64.19 - - [13/Jul/2019:00:44:16 -0500] "GET /BLA/resoluciones/RESOLUCIONES%202010/6023.pdf HTTP/1.1" 200 938657
66.249.64.19 - - [13/Jul/2019:00:44:18 -0500] "GET /BLA/resoluciones/RESOLUCIONES%202010/1131.pdf HTTP/1.1" 200 126118
66.249.64.19 - - [13/Jul/2019:00:44:21 -0500] "GET /BLA/resoluciones/AUTOS%202009/2200.pdf HTTP/1.1" 200 113792
66.249.64.20 - - [13/Jul/2019:00:44:23 -0500] "GET /BLA/resoluciones/RESOLUCIONES%202009/0232.pdf HTTP/1.1" 200 177819
66.249.64.19 - - [13/Jul/2019:00:44:25 -0500] "GET /BLA/resoluciones/AUTOS%202009/3061.pdf HTTP/1.1" 200 108393
66.249.64.20 - - [13/Jul/2019:00:44:28 -0500] "GET /BLA/resoluciones/RESOLUCIONES%202008/0778.pdf HTTP/1.1" 304 -
66.249.64.19 - - [13/Jul/2019:00:44:34 -0500] "GET /BLA/resoluciones/AUTOS%202014/6580.pdf HTTP/1.1" 200 566472
169.61.27.141 - - [13/Jul/2019:00:44:36 -0500] "GET /BLA/resoluciones/AUTOS%202010/5384.pdf HTTP/1.1" 200 2292758
169.61.27.141 - - [13/Jul/2019:00:44:36 -0500] "GET /favicon.ico HTTP/1.1" 200 7782
54.36.148.176 - - [13/Jul/2019:00:44:37 -0500] "GET /BLA/resoluciones/RESOLUCIONES%202002/RES%202002%201701-1750/20021729.tif HTTP/1.1" 200 41314
66.249.64.20 - - [13/Jul/2019:00:44:40 -0500] "GET /BLA/resoluciones/AUTOS%202007/1281.pdf HTTP/1.1" 200 89746
192.168.175.104 - - [13/Jul/2019:00:45:34 -0500] "GET / HTTP/1.0" 200 9990
186.154.129.220 - - [13/Jul/2019:00:45:56 -0500] "GET /BLA/resoluciones/AUTOS%202014/5698.pdf HTTP/1.1" 200 1693582
54.36.148.26 - - [13/Jul/2019:00:45:58 -0500] "GET /BLA/resoluciones/RESOLUCIONES%202004/RES%202004%2051-100/00000091.tif HTTP/1.1" 200 276724
186.154.129.220 - - [13/Jul/2019:00:45:58 -0500] "GET /favicon.ico HTTP/1.1" 200 7782
192.168.175.104 - - [13/Jul/2019:00:46:13 -0500] "GET / HTTP/1.1" 200 9990
66.249.64.20 - - [13/Jul/2019:00:46:29 -0500] "GET /BLA/resoluciones/RESOLUCIONES%202007/RES%202007%20701%20AL%20800/RESOLUCION%200786%20DE%202007.pdf HTTP/1.1" 200 110250
66.249.64.19 - - [13/Jul/2019:00:46:32 -0500] "GET /BLA/resoluciones/RESOLUCIONES%202015/1355.pdf HTTP/1.1" 200 662716
66.249.64.19 - - [13/Jul/2019:00:46:37 -0500] "GET /BLA/resoluciones/RESOLUCIONES%202016/0309.pdf HTTP/1.1" 200 1025227
66.249.88.105 - - [13/Jul/2019:00:46:37 -0500] "GET /BLA/boletinlegal/js/jquery.scrollShow.js HTTP/1.1" 200 4586
66.249.88.105 - - [13/Jul/2019:00:46:37 -0500] "GET /galeria/galeria/jquery.fancybox.css?v=2.1.5 HTTP/1.1" 200 4895
66.249.88.105 - - [13/Jul/2019:00:46:37 -0500] "GET /galeria/galeria/jquery.fancybox.js?v=2.1.5 HTTP/1.1" 200 48706
66.249.64.19 - - [13/Jul/2019:00:46:40 -0500] "GET /galeria/galeria/fotos/Humedal-Vaca3G.jpg HTTP/1.1" 304 -
66.249.64.20 - - [13/Jul/2019:00:46:42 -0500] "GET /BLA/resoluciones/AUTOS%202014/4475.pdf HTTP/1.1" 200 552205
66.249.64.19 - - [13/Jul/2019:00:46:45 -0500] "GET /BLA/resoluciones/RESOLUCIONES%202013/0764.pdf HTTP/1.1" 200 1684076
66.249.64.20 - - [13/Jul/2019:00:46:48 -0500] "GET /BLA/resoluciones/AUTOS%202014/5601.pdf HTTP/1.1" 200 428413
66.249.64.19 - - [13/Jul/2019:00:46:50 -0500] "GET /BLA/resoluciones/AUTOS%202014/1296.pdf HTTP/1.1" 200 1453485
66.249.64.19 - - [13/Jul/2019:00:46:53 -0500] "GET /BLA/resoluciones/AUTOS%202014/2111.pdf HTTP/1.1" 200 270221
66.249.64.19 - - [13/Jul/2019:00:46:55 -0500] "GET /BLA/resoluciones/AUTOS%202013/3113.pdf HTTP/1.1" 200 232339
66.249.64.23 - - [13/Jul/2019:00:46:58 -0500] "GET /BLA/resoluciones/AUTOS%202015/4808.pdf HTTP/1.1" 200 527781
66.249.64.29 - - [13/Jul/2019:00:47:01 -0500] "GET /re1/Resumen/quienes/lista%20colegios.htm HTTP/1.1" 404 1019
54.36.149.22 - - [13/Jul/2019:00:47:46 -0500] "GET /BLA/resoluciones/RESOLUCIONES%202002/RES%202002%20401-450/00000413.tif HTTP/1.1" 200 61356
191.95.50.152 - - [13/Jul/2019:00:47:46 -0500] "-" 408 -
191.95.50.152 - - [13/Jul/2019:00:47:46 -0500] "-" 408 -
66.249.64.19 - - [13/Jul/2019:00:47:53 -0500] "GET /BLA/resoluciones/RESOLUCIONES%202015/0193.pdf HTTP/1.1" 200 948534
66.249.64.20 - - [13/Jul/2019:00:47:56 -0500] "GET /BLA/resoluciones/AUTOS%202017/4507.pdf HTTP/1.1" 200 329875
66.249.64.19 - - [13/Jul/2019:00:47:58 -0500] "GET /BLA/resoluciones/AUTOS%202015/1593.pdf HTTP/1.1" 200 709335
66.249.64.19 - - [13/Jul/2019:00:48:01 -0500] "GET /BLA/resoluciones/RESOLUCIONES%202012/0619.pdf HTTP/1.1" 200 443982
66.249.64.20 - - [13/Jul/2019:00:48:04 -0500] "GET /BLA/resoluciones/RESOLUCIONES%202018/0807.pdf HTTP/1.1" 200 368568
66.249.64.20 - - [13/Jul/2019:00:48:07 -0500] "GET /BLA/resoluciones/AUTOS%202017/1218.pdf HTTP/1.1" 200 330118
66.249.64.19 - - [13/Jul/2019:00:48:09 -0500] "GET /BLA/resoluciones/RESOLUCIONES%202015/3008.pdf HTTP/1.1" 200 763892
66.249.64.20 - - [13/Jul/2019:00:48:12 -0500] "GET /BLA/resoluciones/RESOLUCIONES%202007/RES%202007%201301%20AL%201400/RESOLUCION%201392%20DE%202007.pdf HTTP/1.1" 200 148955
66.249.64.20 - - [13/Jul/2019:00:48:14 -0500] "GET /BLA/resoluciones/RESOLUCIONES%202011/3395.pdf HTTP/1.1" 200 1673465
66.249.64.19 - - [13/Jul/2019:00:48:17 -0500] "GET /BLA/resoluciones/AUTOS%202016/2333.pdf HTTP/1.1" 200 604612
66.249.64.113 - - [13/Jul/2019:00:48:20 -0500] "GET /phpold/autoliquidacion/19304.txt HTTP/1.1" 404 1015
66.249.64.19 - - [13/Jul/2019:00:48:23 -0500] "GET /BLA/resoluciones/RESOLUCIONES%202013/0949.pdf HTTP/1.1" 200 2673180
69.162.124.233 - - [13/Jul/2019:00:48:24 -0500] "HEAD / HTTP/1.1" 200 -
66.249.64.20 - - [13/Jul/2019:00:48:29 -0500] "GET /BLA/resoluciones/RESOLUCIONES%202018/0832.pdf HTTP/1.1" 200 3020489
66.249.64.19 - - [13/Jul/2019:00:48:35 -0500] "GET /BLA/resoluciones/AUTOS%202015/1960.pdf HTTP/1.1" 200 637975
54.36.150.51 - - [13/Jul/2019:00:48:36 -0500] "GET /BLA/resoluciones/RESOLUCIONES%202002/RES%202002%20251-300/00000284.tif HTTP/1.1" 200 115572
66.249.64.25 - - [13/Jul/2019:00:48:41 -0500] "GET /BLA/resoluciones/RESOLUCIONES%202010/7282.pdf HTTP/1.1" 200 1046033
54.36.150.19 - - [13/Jul/2019:00:48:43 -0500] "GET /autoliquidacion/index.php?dir=TR%C1MITES+ACEITES-RESIDUOS-ESTACIONES%2FREGISTRO+COMO+ACOPIADOR+PRIMARIO%2F HTTP/1.1" 200 3034
66.249.64.23 - - [13/Jul/2019:00:49:37 -0500] "GET /BLA/resoluciones/RESOLUCIONES%202008/0007.pdf HTTP/1.1" 200 1128719
66.249.64.20 - - [13/Jul/2019:00:49:39 -0500] "GET /BLA/resoluciones/AUTOS%202009/2758.pdf HTTP/1.1" 200 133163
186.0.77.132 - - [13/Jul/2019:00:50:12 -0500] "GET /galeria/galeria/jquery.fancybox.css?v=2.1.5 HTTP/1.1" 200 4895
186.0.77.132 - - [13/Jul/2019:00:50:14 -0500] "GET /BLA/boletinlegal/js/jquery.scrollShow.js HTTP/1.1" 200 4586
186.0.77.132 - - [13/Jul/2019:00:50:14 -0500] "GET /galeria/galeria/jquery.fancybox.js?v=2.1.5 HTTP/1.1" 200 48706
192.168.175.104 - - [13/Jul/2019:00:50:32 -0500] "GET / HTTP/1.0" 200 9990
66.249.64.19 - - [13/Jul/2019:00:50:36 -0500] "GET /BLA/resoluciones/AUTOS%202014/0688.pdf HTTP/1.1" 200 239613
192.168.175.104 - - [13/Jul/2019:00:51:12 -0500] "GET / HTTP/1.1" 200 9990
181.55.205.197 - - [13/Jul/2019:00:51:18 -0500] "GET /galeria/galeria/jquery.fancybox.css?v=2.1.5 HTTP/1.1" 200 4895
181.55.205.197 - - [13/Jul/2019:00:51:18 -0500] "GET /BLA/boletinlegal/js/jquery.scrollShow.js HTTP/1.1" 200 4586
181.55.205.197 - - [13/Jul/2019:00:51:18 -0500] "GET /galeria/galeria/jquery.fancybox.js?v=2.1.5 HTTP/1.1" 200 48706
66.249.64.19 - - [13/Jul/2019:00:51:28 -0500] "GET /portel_dama/libreria/php/2006/restauracion/22_proye/xtras_in/2a.pdf HTTP/1.1" 404 1018
54.36.150.121 - - [13/Jul/2019:00:52:12 -0500] "GET /BLA/resoluciones/RESOLUCIONES%202004/RES%202004%20651-700/00000669.tif HTTP/1.1" 200 118372
66.249.64.20 - - [13/Jul/2019:00:52:23 -0500] "GET /BLA/resoluciones/AUTOS%202016/0070.pdf HTTP/1.1" 200 522573
66.249.64.19 - - [13/Jul/2019:00:52:26 -0500] "GET /BLA/resoluciones/RESOLUCIONES%202017/0430.pdf HTTP/1.1" 200 328609
66.249.64.19 - - [13/Jul/2019:00:52:30 -0500] "GET /BLA/resoluciones/AUTOS%202013/2935.pdf HTTP/1.1" 200 1566149
66.249.64.19 - - [13/Jul/2019:00:52:33 -0500] "GET /BLA/resoluciones/AUTOS%202007/2815.pdf HTTP/1.1" 200 70930
69.162.124.233 - - [13/Jul/2019:00:53:24 -0500] "HEAD / HTTP/1.1" 200 -
66.249.64.20 - - [13/Jul/2019:00:53:31 -0500] "GET /BLA/resoluciones/AUTOS%202017/5041.pdf HTTP/1.1" 200 282100
66.249.64.20 - - [13/Jul/2019:00:53:33 -0500] "GET /BLA/resoluciones/RESOLUCIONES%202014/0857.pdf HTTP/1.1" 200 578489
66.249.64.19 - - [13/Jul/2019:00:53:37 -0500] "GET /BLA/resoluciones/RESOLUCIONES%202017/1252.pdf HTTP/1.1" 200 388045
66.249.64.19 - - [13/Jul/2019:00:53:40 -0500] "GET /BLA/resoluciones/RESOLUCIONES%202007/RES%202007%201301%20AL%201400/RESOLUCION%201312%20DE%202007.pdf HTTP/1.1" 200 410809
66.249.64.20 - - [13/Jul/2019:00:53:44 -0500] "GET /BLA/resoluciones/AUTOS%202015/6827.pdf HTTP/1.1" 200 553902
66.249.64.19 - - [13/Jul/2019:00:53:47 -0500] "GET /BLA/resoluciones/Notificaciones/REGISTROS%202015/1749.doc HTTP/1.1" 200 202240
66.249.64.20 - - [13/Jul/2019:00:53:51 -0500] "GET /BLA/resoluciones/AUTOS%202017/3086.pdf HTTP/1.1" 200 315831
66.249.64.20 - - [13/Jul/2019:00:53:54 -0500] "GET /BLA/resoluciones/RESOLUCIONES%202007/RES%202007%204001%20AL%204100/RESOLUCION%204045%20DE%202007.pdf HTTP/1.1" 200 311220
66.249.64.19 - - [13/Jul/2019:00:54:48 -0500] "GET /BLA/resoluciones/AUTOS%202014/0441.pdf HTTP/1.1" 200 357658
192.168.175.104 - - [13/Jul/2019:00:55:31 -0500] "GET / HTTP/1.0" 200 9990
66.249.64.19 - - [13/Jul/2019:00:55:51 -0500] "GET /BLA/resoluciones/AUTOS%202015/4315.pdf HTTP/1.1" 200 750887
66.249.64.20 - - [13/Jul/2019:00:55:54 -0500] "GET /BLA/resoluciones/AUTOS%202013/3648.pdf HTTP/1.1" 200 1670769
66.249.64.20 - - [13/Jul/2019:00:55:57 -0500] "GET /BLA/resoluciones/AUTOS%202013/2473.pdf HTTP/1.1" 200 1943423
66.249.64.20 - - [13/Jul/2019:00:56:00 -0500] "GET /BLA/resoluciones/RESOLUCIONES%202017/0407.pdf HTTP/1.1" 200 795227
66.249.64.20 - - [13/Jul/2019:00:56:03 -0500] "GET /BLA/resoluciones/AUTOS%202014/6680.pdf HTTP/1.1" 200 1791258
66.249.64.20 - - [13/Jul/2019:00:56:06 -0500] "GET /galeria/galeria/jquery.fancybox.css?v=2.1.5 HTTP/1.1" 200 4895
66.249.64.20 - - [13/Jul/2019:00:56:09 -0500] "GET /BLA/resoluciones/AUTOS%202015/5458.pdf HTTP/1.1" 200 518337
192.168.175.104 - - [13/Jul/2019:00:56:10 -0500] "GET / HTTP/1.1" 200 9990
66.249.64.19 - - [13/Jul/2019:00:56:12 -0500] "GET /BLA/resoluciones/AUTOS%202015/4240.pdf HTTP/1.1" 200 574108
66.249.64.19 - - [13/Jul/2019:00:56:15 -0500] "GET /BLA/resoluciones/AUTOS%202013/1537.pdf HTTP/1.1" 200 1691343
66.249.64.20 - - [13/Jul/2019:00:56:17 -0500] "GET /BLA/resoluciones/AUTOS%202012/1988.pdf HTTP/1.1" 200 1888377
66.249.64.23 - - [13/Jul/2019:00:56:20 -0500] "GET /BLA/resoluciones/RESOLUCIONES%202011/0768.pdf HTTP/1.1" 200 60847
66.249.64.20 - - [13/Jul/2019:00:56:23 -0500] "GET /BLA/resoluciones/RESOLUCIONES%202014/2605.pdf HTTP/1.1" 200 156990
66.249.64.19 - - [13/Jul/2019:00:56:26 -0500] "GET /BLA/resoluciones/RESOLUCIONES%202007/RES%202007%202301%20AL%202400/RESOLUCION%202355%20DE%202007.pdf HTTP/1.1" 200 563352
186.85.6.64 - - [13/Jul/2019:00:56:27 -0500] "GET /galeria/galeria/jquery.fancybox.css?v=2.1.5 HTTP/1.1" 200 4895
186.85.6.64 - - [13/Jul/2019:00:56:28 -0500] "GET /BLA/boletinlegal/js/jquery.scrollShow.js HTTP/1.1" 200 4586
186.85.6.64 - - [13/Jul/2019:00:56:28 -0500] "GET /galeria/galeria/jquery.fancybox.js?v=2.1.5 HTTP/1.1" 200 48706
66.249.64.19 - - [13/Jul/2019:00:56:29 -0500] "GET /BLA/resoluciones/AUTOS%202015/3399.pdf HTTP/1.1" 200 663695
66.249.64.22 - - [13/Jul/2019:00:56:32 -0500] "GET /BLA/resoluciones/RESOLUCIONES%202007/RES%202007%202001%20AL%202100/RESOLUCION%202037%20DE%202007.pdf HTTP/1.1" 200 438015
190.9.220.10 - - [13/Jul/2019:00:56:49 -0500] "GET /galeria/galeria/fotos/Humedal-Santa-Mar%C3%ADa-del-Lago1G.jpg HTTP/1.1" 200 290867
190.9.220.10 - - [13/Jul/2019:00:56:49 -0500] "GET /galeria/galeria/fotos/Humedal-Santa-Mar%C3%ADa-del-Lago4G.jpg HTTP/1.1" 200 361652
66.249.64.20 - - [13/Jul/2019:00:57:26 -0500] "GET /BLA/resoluciones/AUTOS%202015/0075.pdf HTTP/1.1" 200 541471
66.249.64.23 - - [13/Jul/2019:00:57:28 -0500] "GET /BLA/resoluciones/AUTOS%202016/0260.pdf HTTP/1.1" 200 566350
66.249.64.22 - - [13/Jul/2019:00:57:31 -0500] "GET /BLA/resoluciones/AUTOS%202016/0049.pdf HTTP/1.1" 200 746827
66.249.64.22 - - [13/Jul/2019:00:57:34 -0500] "GET /BLA/resoluciones/Notificaciones/AUTOS%202014/5836.doc HTTP/1.1" 200 151552
66.249.64.19 - - [13/Jul/2019:00:57:37 -0500] "GET /BLA/resoluciones/RESOLUCIONES%202008/5690.pdf HTTP/1.1" 200 155423
69.162.124.233 - - [13/Jul/2019:00:58:24 -0500] "HEAD / HTTP/1.1" 200 -
66.249.64.9 - - [13/Jul/2019:00:58:30 -0500] "GET /portel_dama/libreria/php/2006/ECOSISTEMAS%20FINAL%20web_mz27/x%20restauracion/sitio/55_artic/xtras/2.pdf HTTP/1.1" 404 1018
66.249.64.20 - - [13/Jul/2019:00:58:30 -0500] "GET /BLA/resoluciones/RESOLUCIONES%202007/RES%202007%201401%20AL%201500/RESOLUCION%201430%20DE%202007.pdf HTTP/1.1" 200 256385
66.102.6.84 - - [13/Jul/2019:00:58:35 -0500] "GET / HTTP/1.1" 200 9990
66.102.6.86 - - [13/Jul/2019:00:58:36 -0500] "GET /favicon.ico HTTP/1.1" 200 7782
66.249.64.19 - - [13/Jul/2019:00:58:36 -0500] "GET /BLA/resoluciones/RESOLUCIONES%202014/3766.pdf HTTP/1.1" 200 538871
190.9.220.10 - - [13/Jul/2019:00:58:41 -0500] "GET /galeria/galeria/fotos/Humedal-Santa-Mar%C3%ADa-del-Lago3G.jpg HTTP/1.1" 200 271832
66.249.64.19 - - [13/Jul/2019:00:58:42 -0500] "GET /BLA/resoluciones/AUTOS%202017/3174.pdf HTTP/1.1" 200 445521
66.249.64.19 - - [13/Jul/2019:00:58:45 -0500] "GET /BLA/resoluciones/RESOLUCIONES%202008/0102.pdf HTTP/1.1" 304 -
66.249.64.19 - - [13/Jul/2019:00:58:48 -0500] "GET /BLA/resoluciones/AUTOS%202015/1052.pdf HTTP/1.1" 200 2210866
66.249.64.19 - - [13/Jul/2019:00:58:51 -0500] "GET /BLA/resoluciones/RESOLUCIONES%202011/6032.pdf HTTP/1.1" 200 761709
66.249.64.22 - - [13/Jul/2019:00:58:57 -0500] "GET /BLA/resoluciones/RESOLUCIONES%202012/1239.pdf HTTP/1.1" 200 474610
207.46.13.28 - - [13/Jul/2019:00:59:55 -0500] "GET /portalsiaccapacitaciones/Soportes%20Capacitaciones%202017/Presentaci%c3%b3n%20sda%20Manejo%20y%20Gesti%c3%b3n%20de%20Vertimientos.pdf HTTP/1.1" 304 -
91.241.254.242 - - [13/Jul/2019:00:59:56 -0500] "GET /BLA/resoluciones/AUTOS%202014/6245.pdf HTTP/1.0" 200 564315
66.249.64.20 - - [13/Jul/2019:00:59:56 -0500] "GET /BLA/resoluciones/RESOLUCIONES%202010/5992.pdf HTTP/1.1" 200 2924521
91.241.254.242 - - [13/Jul/2019:00:59:57 -0500] "GET / HTTP/1.0" 200 9990
66.249.64.22 - - [13/Jul/2019:01:00:02 -0500] "GET /BLA/resoluciones/AUTOS%202017/1699.pdf HTTP/1.1" 304 -
66.249.64.20 - - [13/Jul/2019:01:00:04 -0500] "GET /BLA/resoluciones/RESOLUCIONES%202018/1466.pdf HTTP/1.1" 200 339441
66.249.64.20 - - [13/Jul/2019:01:00:05 -0500] "GET /BLA/resoluciones/RESOLUCIONES%202010/2647.pdf HTTP/1.1" 200 340970
54.36.148.165 - - [13/Jul/2019:01:00:17 -0500] "GET /autoliquidacion/Solicitud%20de%20Clasificaci%C3%B3n%20de%20Impacto%20Ambiental/Aplicativo.html HTTP/1.1" 200 359
200.87.95.39 - - [13/Jul/2019:01:00:24 -0500] "GET /galeria/galeria/jquery.fancybox.css?v=2.1.5 HTTP/1.1" 200 4895
200.87.95.39 - - [13/Jul/2019:01:00:24 -0500] "GET /galeria/galeria/jquery.fancybox.js?v=2.1.5 HTTP/1.1" 200 48706
200.87.95.39 - - [13/Jul/2019:01:00:24 -0500] "GET /BLA/boletinlegal/js/jquery.scrollShow.js HTTP/1.1" 200 4586
192.168.175.104 - - [13/Jul/2019:01:00:28 -0500] "GET / HTTP/1.0" 200 9990
192.168.175.104 - - [13/Jul/2019:01:01:08 -0500] "GET / HTTP/1.1" 200 9990
186.155.19.116 - - [13/Jul/2019:01:01:12 -0500] "GET /galeria/galeria/jquery.fancybox.css?v=2.1.5 HTTP/1.1" 200 4895
186.155.19.116 - - [13/Jul/2019:01:01:12 -0500] "GET /galeria/galeria/jquery.fancybox.js?v=2.1.5 HTTP/1.1" 200 48706
186.155.19.116 - - [13/Jul/2019:01:01:12 -0500] "GET /BLA/boletinlegal/js/jquery.scrollShow.js HTTP/1.1" 200 4586
66.249.64.20 - - [13/Jul/2019:01:01:54 -0500] "GET /BLA/resoluciones/AUTOS%202015/2280.pdf HTTP/1.1" 200 631161
66.249.64.20 - - [13/Jul/2019:01:01:56 -0500] "GET /BLA/resoluciones/RESOLUCIONES%202007/RES%202007%20601%20AL%20700/RESOLUCION%200642%20DE%202007.pdf HTTP/1.1" 200 834473
66.249.64.19 - - [13/Jul/2019:01:01:58 -0500] "GET /BLA/resoluciones/AUTOS%202015/1655.pdf HTTP/1.1" 200 975666
66.249.64.20 - - [13/Jul/2019:01:02:02 -0500] "GET /BLA/resoluciones/AUTOS%202015/0244.pdf HTTP/1.1" 200 334059
66.249.64.20 - - [13/Jul/2019:01:02:12 -0500] "GET /BLA/resoluciones/AUTOS%202016/0666.pdf HTTP/1.1" 200 696161
66.249.64.19 - - [13/Jul/2019:01:02:19 -0500] "GET /BLA/resoluciones/RESOLUCIONES%202009/1612.pdf HTTP/1.1" 200 628814
66.249.64.19 - - [13/Jul/2019:01:02:26 -0500] "GET /BLA/resoluciones/RESOLUCIONES%202008/2580.pdf HTTP/1.1" 200 830963
66.249.64.19 - - [13/Jul/2019:01:02:29 -0500] "GET /BLA/resoluciones/AUTOS%202014/1155.pdf HTTP/1.1" 200 516051
66.249.64.20 - - [13/Jul/2019:01:02:33 -0500] "GET /BLA/resoluciones/AUTOS%202014/3737.pdf HTTP/1.1" 200 553501
66.249.64.20 - - [13/Jul/2019:01:02:36 -0500] "GET /BLA/resoluciones/RESOLUCIONES%202011/6982.pdf HTTP/1.1" 200 1266045
54.36.149.8 - - [13/Jul/2019:01:03:11 -0500] "GET /BLA/resoluciones/RESOLUCIONES%202002/RES%202002%201651-1700/20021665.tif HTTP/1.1" 200 99944
69.162.124.233 - - [13/Jul/2019:01:03:24 -0500] "HEAD / HTTP/1.1" 200 -
66.249.64.19 - - [13/Jul/2019:01:03:30 -0500] "GET /BLA/resoluciones/AUTOS%202011/5393.pdf HTTP/1.1" 200 204347
66.249.64.19 - - [13/Jul/2019:01:03:31 -0500] "GET /BLA/resoluciones/AUTOS%202017/0215.pdf HTTP/1.1" 200 457982
66.249.64.20 - - [13/Jul/2019:01:03:33 -0500] "GET /BLA/resoluciones/AUTOS%202017/0075.pdf HTTP/1.1" 200 511748
66.249.64.19 - - [13/Jul/2019:01:03:37 -0500] "GET /BLA/resoluciones/AUTOS%202015/7240.pdf HTTP/1.1" 200 576755
66.249.64.20 - - [13/Jul/2019:01:03:40 -0500] "GET /BLA/resoluciones/AUTOS%202018/0202.pdf HTTP/1.1" 200 272255
54.36.150.161 - - [13/Jul/2019:01:03:43 -0500] "GET /BLA/resoluciones/RESOLUCIONES%202004/RES%202004%201751-1800/00001772.tif HTTP/1.1" 200 146492
66.249.64.20 - - [13/Jul/2019:01:03:44 -0500] "GET /BLA/resoluciones/AUTOS%202019/0034.pdf HTTP/1.1" 200 276060
66.249.64.20 - - [13/Jul/2019:01:03:47 -0500] "GET /BLA/resoluciones/AUTOS%202013/0635.pdf HTTP/1.1" 200 2594160
66.249.64.20 - - [13/Jul/2019:01:03:52 -0500] "GET /BLA/resoluciones/AUTOS%202018/4555.pdf HTTP/1.1" 200 292395
66.249.64.20 - - [13/Jul/2019:01:03:54 -0500] "GET /BLA/resoluciones/AUTOS%202017/3704.pdf HTTP/1.1" 200 309903
66.249.64.20 - - [13/Jul/2019:01:03:57 -0500] "GET /BLA/resoluciones/Notificaciones/AUTOS%202016/00219.doc HTTP/1.1" 200 190234
66.249.64.20 - - [13/Jul/2019:01:05:08 -0500] "GET /BLA/resoluciones/RESOLUCIONES%202007/RES%202007%203801%20AL%203900/RESOLUCION%203864%20DE%202007.pdf HTTP/1.1" 200 570967
66.249.64.20 - - [13/Jul/2019:01:05:15 -0500] "GET /BLA/resoluciones/AUTOS%202015/0431.pdf HTTP/1.1" 200 504764
66.249.64.20 - - [13/Jul/2019:01:05:18 -0500] "GET /BLA/resoluciones/AUTOS%202012/1914.pdf HTTP/1.1" 200 587234
66.249.64.19 - - [13/Jul/2019:01:05:21 -0500] "GET /BLA/resoluciones/AUTOS%202018/0961.pdf HTTP/1.1" 200 258856
192.168.175.104 - - [13/Jul/2019:01:05:27 -0500] "GET / HTTP/1.0" 200 9990
66.249.64.20 - - [13/Jul/2019:01:05:31 -0500] "GET /BLA/resoluciones/AUTOS%202013/0283.pdf HTTP/1.1" 200 934767
192.168.175.104 - - [13/Jul/2019:01:06:06 -0500] "GET / HTTP/1.1" 200 9990
66.249.64.20 - - [13/Jul/2019:01:06:28 -0500] "GET /BLA/resoluciones/AUTOS%202018/4111.pdf HTTP/1.1" 200 252708
66.249.64.19 - - [13/Jul/2019:01:07:22 -0500] "GET /BLA/resoluciones/AUTOS%202019/0071.pdf HTTP/1.1" 200 283189
66.249.64.20 - - [13/Jul/2019:01:07:25 -0500] "GET /BLA/resoluciones/AUTOS%202017/0941.pdf HTTP/1.1" 200 397040
66.249.64.19 - - [13/Jul/2019:01:07:28 -0500] "GET /BLA/resoluciones/AUTOS%202017/0693.pdf HTTP/1.1" 200 514471
66.249.64.19 - - [13/Jul/2019:01:07:32 -0500] "GET /BLA/resoluciones/AUTOS%202013/1781.pdf HTTP/1.1" 200 426098
66.249.64.20 - - [13/Jul/2019:01:07:35 -0500] "GET /BLA/resoluciones/AUTOS%202011/5473.pdf HTTP/1.1" 200 199702
66.249.64.19 - - [13/Jul/2019:01:07:39 -0500] "GET /BLA/resoluciones/AUTOS%202017/2387.pdf HTTP/1.1" 200 309154
66.249.64.19 - - [13/Jul/2019:01:07:42 -0500] "GET /BLA/resoluciones/AUTOS%202017/0522.pdf HTTP/1.1" 200 1647922
190.9.211.103 - - [13/Jul/2019:01:07:43 -0500] "GET /galeria/galeria/jquery.fancybox.css?v=2.1.5 HTTP/1.1" 200 4895
190.9.211.103 - - [13/Jul/2019:01:07:43 -0500] "GET /BLA/boletinlegal/js/jquery.scrollShow.js HTTP/1.1" 200 4586
190.9.211.103 - - [13/Jul/2019:01:07:43 -0500] "GET /galeria/galeria/jquery.fancybox.js?v=2.1.5 HTTP/1.1" 200 48706
66.249.64.19 - - [13/Jul/2019:01:07:46 -0500] "GET /BLA/resoluciones/AUTOS%202012/2430.pdf HTTP/1.1" 200 737417
66.249.64.20 - - [13/Jul/2019:01:07:49 -0500] "GET /BLA/resoluciones/AUTOS%202017/5222.pdf HTTP/1.1" 200 324179
66.249.64.20 - - [13/Jul/2019:01:07:52 -0500] "GET /BLA/resoluciones/AUTOS%202015/1437.pdf HTTP/1.1" 200 491197
66.249.64.19 - - [13/Jul/2019:01:07:56 -0500] "GET /BLA/resoluciones/Notificaciones/AUTOS%202013/3328.doc HTTP/1.1" 200 237056
66.249.88.105 - - [13/Jul/2019:01:07:58 -0500] "GET /galeria/galeria/jquery.fancybox.js?v=2.1.5 HTTP/1.1" 200 48706
66.249.88.105 - - [13/Jul/2019:01:07:58 -0500] "GET /BLA/boletinlegal/js/jquery.scrollShow.js HTTP/1.1" 200 4586
66.249.88.109 - - [13/Jul/2019:01:07:58 -0500] "GET /galeria/galeria/jquery.fancybox.css?v=2.1.5 HTTP/1.1" 200 4895
66.249.64.20 - - [13/Jul/2019:01:07:59 -0500] "GET /BLA/resoluciones/AUTOS%202013/1463.pdf HTTP/1.1" 200 166660
69.162.124.233 - - [13/Jul/2019:01:08:24 -0500] "HEAD / HTTP/1.1" 200 -
201.245.192.253 - - [13/Jul/2019:01:08:00 -0500] "POST /kwsrmcab/Wsrmcab HTTP/1.1" 200 29978
201.245.192.253 - - [13/Jul/2019:01:08:00 -0500] "POST /kwsrmcab/Wsrmcab HTTP/1.1" 200 29978
201.245.192.253 - - [13/Jul/2019:01:08:35 -0500] "POST /kwsrmcab/Wsrmcab HTTP/1.1" 200 29813
201.245.192.253 - - [13/Jul/2019:01:08:35 -0500] "POST /kwsrmcab/Wsrmcab HTTP/1.1" 200 29813
181.57.114.77 - - [13/Jul/2019:01:09:40 -0500] "GET /galeria/galeria/jquery.fancybox.css?v=2.1.5 HTTP/1.1" 200 4895
181.57.114.77 - - [13/Jul/2019:01:09:40 -0500] "GET /galeria/galeria/jquery.fancybox.js?v=2.1.5 HTTP/1.1" 200 48706
181.57.114.77 - - [13/Jul/2019:01:09:40 -0500] "GET /galeria/galeria/fotos/Jaboque1P.jpg HTTP/1.1" 200 29995
181.57.114.77 - - [13/Jul/2019:01:09:40 -0500] "GET /galeria/galeria/fotos/Jaboque2P.jpg HTTP/1.1" 200 31057
181.57.114.77 - - [13/Jul/2019:01:09:41 -0500] "GET /galeria/galeria/fotos/Jaboque3P.jpg HTTP/1.1" 200 35360
181.57.114.77 - - [13/Jul/2019:01:09:41 -0500] "GET /galeria/galeria/fotos/Jaboque4P.jpg HTTP/1.1" 200 27446
190.60.90.34 - - [13/Jul/2019:01:10:21 -0500] "GET /galeria/galeria/jquery.fancybox.css?v=2.1.5 HTTP/1.1" 200 4895
190.60.90.34 - - [13/Jul/2019:01:10:21 -0500] "GET /BLA/boletinlegal/js/jquery.scrollShow.js HTTP/1.1" 200 4586
190.60.90.34 - - [13/Jul/2019:01:10:21 -0500] "GET /galeria/galeria/jquery.fancybox.js?v=2.1.5 HTTP/1.1" 200 48706
192.168.175.104 - - [13/Jul/2019:01:10:25 -0500] "GET / HTTP/1.0" 200 9990
66.249.64.19 - - [13/Jul/2019:01:10:40 -0500] "GET /BLA/resoluciones/AUTOS%202014/3134.pdf HTTP/1.1" 200 459165
66.249.64.20 - - [13/Jul/2019:01:10:40 -0500] "GET /robots.txt HTTP/1.1" 404 1018
66.249.64.20 - - [13/Jul/2019:01:10:40 -0500] "GET /BLA/resoluciones/AUTOS%202016/2570.pdf HTTP/1.1" 200 455836
66.249.64.19 - - [13/Jul/2019:01:10:44 -0500] "GET /BLA/resoluciones/AUTOS%202017/2733.pdf HTTP/1.1" 200 266681
66.249.64.19 - - [13/Jul/2019:01:10:47 -0500] "GET /BLA/resoluciones/AUTOS%202018/5649.pdf HTTP/1.1" 200 322207
66.249.64.19 - - [13/Jul/2019:01:10:51 -0500] "GET /BLA/resoluciones/RESOLUCIONES%202007/RES%202007%203801%20AL%203900/RESOLUCION%203803%20DE%202007.pdf HTTP/1.1" 200 748399
66.249.64.20 - - [13/Jul/2019:01:10:55 -0500] "GET /BLA/resoluciones/RESOLUCIONES%202008/1354.pdf HTTP/1.1" 200 443629
66.249.64.20 - - [13/Jul/2019:01:11:03 -0500] "GET /BLA/resoluciones/AUTOS%202011/6095.pdf HTTP/1.1" 200 158253
192.168.175.104 - - [13/Jul/2019:01:11:04 -0500] "GET / HTTP/1.1" 200 9990
66.249.64.19 - - [13/Jul/2019:01:11:06 -0500] "GET /BLA/resoluciones/AUTOS%202010/3919.pdf HTTP/1.1" 200 4500160
66.249.64.19 - - [13/Jul/2019:01:11:12 -0500] "GET /BLA/resoluciones/RESOLUCIONES%202007/RES%202007%203201%20AL%203300/RESOLUCION%203232%20DE%202007.pdf HTTP/1.1" 200 608479
66.249.64.19 - - [13/Jul/2019:01:11:14 -0500] "GET /BLA/resoluciones/AUTOS%202007/3395.pdf HTTP/1.1" 200 161110
66.249.64.22 - - [13/Jul/2019:01:11:17 -0500] "GET /BLA/resoluciones/RESOLUCIONES%202008/2505.pdf HTTP/1.1" 200 266157
66.249.64.20 - - [13/Jul/2019:01:11:21 -0500] "GET /BLA/resoluciones/AUTOS%202013/1052.pdf HTTP/1.1" 200 403207
66.249.64.20 - - [13/Jul/2019:01:11:25 -0500] "GET /BLA/resoluciones/AUTOS%202016/1525.pdf HTTP/1.1" 200 582313
66.249.64.22 - - [13/Jul/2019:01:11:28 -0500] "GET /BLA/resoluciones/AUTOS%202014/2503.pdf HTTP/1.1" 200 570380
66.249.64.19 - - [13/Jul/2019:01:11:32 -0500] "GET /BLA/resoluciones/Autos%202008/0401.pdf HTTP/1.1" 200 113228
66.249.64.19 - - [13/Jul/2019:01:11:35 -0500] "GET /BLA/resoluciones/AUTOS%202016/1454.pdf HTTP/1.1" 200 471121
66.249.64.22 - - [13/Jul/2019:01:11:39 -0500] "GET /BLA/resoluciones/AUTOS%202015/4381.pdf HTTP/1.1" 200 647826
66.249.64.24 - - [13/Jul/2019:01:11:42 -0500] "GET /BLA/resoluciones/AUTOS%202015/6447.pdf HTTP/1.1" 200 554120
66.249.64.23 - - [13/Jul/2019:01:11:46 -0500] "GET /BLA/resoluciones/AUTOS%202016/2141.pdf HTTP/1.1" 200 958263
176.20.202.7 - - [13/Jul/2019:01:12:02 -0500] "GET /webdav/x32.php HTTP/1.1" 404 1018
66.249.64.23 - - [13/Jul/2019:01:12:43 -0500] "GET /BLA/resoluciones/AUTOS%202014/7169.pdf HTTP/1.1" 200 177650
66.249.64.22 - - [13/Jul/2019:01:12:46 -0500] "GET /BLA/resoluciones/RESOLUCIONES%202007/RES%202007%203801%20AL%203900/RESOLUCION%203808%20DE%202007.pdf HTTP/1.1" 200 845909
66.249.88.109 - - [13/Jul/2019:01:13:19 -0500] "GET /BLA/resoluciones/AUTOS%202014/2780.pdf HTTP/1.1" 200 543174
69.162.124.233 - - [13/Jul/2019:01:13:24 -0500] "HEAD / HTTP/1.1" 200 -
195.154.123.142 - - [13/Jul/2019:01:15:06 -0500] "GET /galeria/galeria/jquery.fancybox.css?v=2.1.5 HTTP/1.1" 200 4895
195.154.123.142 - - [13/Jul/2019:01:15:06 -0500] "GET /BLA/boletinlegal/js/jquery.scrollShow.js HTTP/1.1" 200 4586
195.154.123.142 - - [13/Jul/2019:01:15:06 -0500] "GET /galeria/galeria/jquery.fancybox.js?v=2.1.5 HTTP/1.1" 200 48706
66.102.6.193 - - [13/Jul/2019:01:15:14 -0500] "GET /videos/galeria-fotografica/index24.html? HTTP/1.1" 200 2210
66.102.6.197 - - [13/Jul/2019:01:15:14 -0500] "GET /videos/galeria-fotografica/index19.html? HTTP/1.1" 200 1972
66.102.6.195 - - [13/Jul/2019:01:15:14 -0500] "GET /videos/galeria-fotografica/js/jquery-flickr-gallery/jquery-flickr.css HTTP/1.1" 200 711
66.102.6.195 - - [13/Jul/2019:01:15:14 -0500] "GET /videos/galeria-fotografica/js/jquery-flickr-gallery/jquery-flickr-gallery.js HTTP/1.1" 200 9050
66.102.6.197 - - [13/Jul/2019:01:15:15 -0500] "GET /videos/galeria-fotografica/js/jquery-flickr-gallery/loader.gif HTTP/1.1" 200 2129
66.102.6.193 - - [13/Jul/2019:01:15:15 -0500] "GET /videos/galeria-fotografica/js/jquery-flickr-gallery/nxt.gif HTTP/1.1" 200 850
66.102.6.197 - - [13/Jul/2019:01:15:15 -0500] "GET /videos/galeria-fotografica/js/jquery-flickr-gallery/prv.gif HTTP/1.1" 200 67
66.249.64.19 - - [13/Jul/2019:01:15:20 -0500] "GET /BLA/resoluciones/RESOLUCIONES%202007/RES%202007%201001%20AL%201100/RESOLUCION%201071%20DE%202007.pdf HTTP/1.1" 304 -
66.249.64.20 - - [13/Jul/2019:01:15:21 -0500] "GET /BLA/resoluciones/RESOLUCIONES%202007/RES%202007%20201%20AL%20300/RESOLUCION%200219%20DE%202007.pdf HTTP/1.1" 200 279885
192.168.175.104 - - [13/Jul/2019:01:15:23 -0500] "GET / HTTP/1.0" 200 9990
66.249.64.20 - - [13/Jul/2019:01:15:24 -0500] "GET /BLA/resoluciones/AUTOS%202016/2410.pdf HTTP/1.1" 200 552418
66.249.64.19 - - [13/Jul/2019:01:15:29 -0500] "GET /BLA/resoluciones/RESOLUCIONES%202012/1500.pdf HTTP/1.1" 200 1049918
66.249.64.19 - - [13/Jul/2019:01:15:33 -0500] "GET /BLA/resoluciones/RESOLUCIONES%202014/3748.pdf HTTP/1.1" 200 533853
66.249.64.19 - - [13/Jul/2019:01:15:37 -0500] "GET /BLA/resoluciones/RESOLUCIONES%202016/2487.pdf HTTP/1.1" 200 423791
66.249.64.20 - - [13/Jul/2019:01:15:41 -0500] "GET /BLA/resoluciones/RESOLUCIONES%202010/6022.pdf HTTP/1.1" 200 569770
66.249.64.19 - - [13/Jul/2019:01:15:45 -0500] "GET /BLA/resoluciones/RESOLUCIONES%202009/9770.pdf HTTP/1.1" 200 257865
66.249.64.20 - - [13/Jul/2019:01:15:49 -0500] "GET /BLA/resoluciones/RESOLUCIONES%202010/6385.pdf HTTP/1.1" 200 467869
66.249.64.20 - - [13/Jul/2019:01:15:53 -0500] "GET /BLA/resoluciones/RESOLUCIONES%202010/1037.pdf HTTP/1.1" 200 109272
192.168.175.104 - - [13/Jul/2019:01:16:02 -0500] "GET / HTTP/1.1" 200 9990
216.244.66.197 - - [13/Jul/2019:01:16:16 -0500] "GET /robots.txt HTTP/1.1" 404 1019
35.205.75.161 - - [13/Jul/2019:01:17:03 -0500] "-" 408 -
66.249.64.20 - - [13/Jul/2019:01:17:12 -0500] "GET /BLA/resoluciones/AUTOS%202012/0153.pdf HTTP/1.1" 304 -
66.249.64.20 - - [13/Jul/2019:01:17:16 -0500] "GET /BLA/resoluciones/RESOLUCIONES%202017/1900.pdf HTTP/1.1" 200 439234
66.249.64.19 - - [13/Jul/2019:01:17:20 -0500] "GET /BLA/resoluciones/RESOLUCIONES%202010/0924.pdf HTTP/1.1" 200 99875
66.249.64.19 - - [13/Jul/2019:01:17:24 -0500] "GET /BLA/resoluciones/RESOLUCIONES%202012/0254.pdf HTTP/1.1" 200 123103
66.249.64.19 - - [13/Jul/2019:01:17:28 -0500] "GET /BLA/resoluciones/AUTOS%202015/1063.pdf HTTP/1.1" 304 -
66.249.64.19 - - [13/Jul/2019:01:17:31 -0500] "GET /BLA/resoluciones/RESOLUCIONES%202007/RES%202007%204201%20AL%204300/RESOLUCION%204251%20DE%202007.pdf HTTP/1.1" 200 63308
66.249.64.19 - - [13/Jul/2019:01:17:39 -0500] "GET /BLA/resoluciones/RESOLUCIONES%202010/5712.pdf HTTP/1.1" 200 79198
66.249.64.19 - - [13/Jul/2019:01:17:43 -0500] "GET /BLA/resoluciones/RESOLUCIONES%202010/7774.pdf HTTP/1.1" 200 71034
66.249.64.19 - - [13/Jul/2019:01:17:46 -0500] "GET /BLA/resoluciones/RESOLUCIONES%202010/6736.pdf HTTP/1.1" 200 525853
66.249.64.19 - - [13/Jul/2019:01:17:50 -0500] "GET /BLA/resoluciones/RESOLUCIONES%202011/4697.pdf HTTP/1.1" 200 410719
66.249.64.20 - - [13/Jul/2019:01:17:54 -0500] "GET /BLA/resoluciones/RESOLUCIONES%202013/2389.pdf HTTP/1.1" 200 1366656
66.249.64.19 - - [13/Jul/2019:01:17:57 -0500] "GET /BLA/resoluciones/RESOLUCIONES%202010/0443.pdf HTTP/1.1" 200 97389
69.162.124.233 - - [13/Jul/2019:01:18:24 -0500] "HEAD / HTTP/1.1" 200 -
201.245.192.253 - - [13/Jul/2019:01:18:00 -0500] "POST /kwsrmcab/Wsrmcab HTTP/1.1" 200 29978
201.245.192.253 - - [13/Jul/2019:01:17:59 -0500] "POST /kwsrmcab/Wsrmcab HTTP/1.1" 200 29978
66.249.64.19 - - [13/Jul/2019:01:18:51 -0500] "GET /BLA/resoluciones/AUTOS%202007/1323.pdf HTTP/1.1" 200 33647
66.249.64.19 - - [13/Jul/2019:01:18:51 -0500] "GET /BLA/resoluciones/RESOLUCIONES%202010/5689.pdf HTTP/1.1" 200 248802
66.249.64.20 - - [13/Jul/2019:01:18:55 -0500] "GET /BLA/resoluciones/RESOLUCIONES%202008/3841.pdf HTTP/1.1" 200 601240
66.249.64.19 - - [13/Jul/2019:01:18:58 -0500] "GET /BLA/resoluciones/RESOLUCIONES%202011/0985.pdf HTTP/1.1" 200 71625
66.249.64.19 - - [13/Jul/2019:01:19:02 -0500] "GET /BLA/resoluciones/RESOLUCIONES%202014/1182.pdf HTTP/1.1" 200 530847
66.249.64.19 - - [13/Jul/2019:01:19:06 -0500] "GET /BLA/resoluciones/RESOLUCIONES%202014/3909.pdf HTTP/1.1" 200 568689
66.249.64.19 - - [13/Jul/2019:01:19:09 -0500] "GET /BLA/resoluciones/index.php?dir=RESOLUCIONES+2005%2FRES+2005+1351-1400%2F HTTP/1.1" 200 12356
66.249.64.19 - - [13/Jul/2019:01:19:13 -0500] "GET /BLA/resoluciones/RESOLUCIONES%202010/1207.pdf HTTP/1.1" 200 96041
66.249.64.19 - - [13/Jul/2019:01:19:17 -0500] "GET /BLA/resoluciones/RESOLUCIONES%202014/0437.pdf HTTP/1.1" 200 506409
66.249.64.20 - - [13/Jul/2019:01:19:20 -0500] "GET /BLA/resoluciones/RESOLUCIONES%202014/0426.pdf HTTP/1.1" 200 580693
66.249.64.19 - - [13/Jul/2019:01:19:24 -0500] "GET /BLA/resoluciones/RESOLUCIONES%202017/3257.pdf HTTP/1.1" 200 378495
66.249.64.19 - - [13/Jul/2019:01:19:27 -0500] "GET /BLA/resoluciones/RESOLUCIONES%202011/3698.pdf HTTP/1.1" 200 554344
66.249.64.20 - - [13/Jul/2019:01:19:31 -0500] "GET /BLA/resoluciones/RESOLUCIONES%202018/2470.pdf HTTP/1.1" 200 288672
66.249.64.20 - - [13/Jul/2019:01:19:34 -0500] "GET /BLA/resoluciones/RESOLUCIONES%202011/5889.pdf HTTP/1.1" 200 688238
66.249.64.20 - - [13/Jul/2019:01:19:38 -0500] "GET /BLA/resoluciones/RESOLUCIONES%202010/7146.pdf HTTP/1.1" 200 349970
192.168.175.104 - - [13/Jul/2019:01:20:22 -0500] "GET / HTTP/1.0" 200 9990
66.249.64.19 - - [13/Jul/2019:01:20:34 -0500] "GET /BLA/resoluciones/RESOLUCIONES%202013/2573.pdf HTTP/1.1" 200 631862
66.249.64.20 - - [13/Jul/2019:01:20:35 -0500] "GET /BLA/resoluciones/RESOLUCIONES%202010/2656.pdf HTTP/1.1" 200 339156
66.249.64.20 - - [13/Jul/2019:01:20:38 -0500] "GET /BLA/resoluciones/RESOLUCIONES%202016/0328.pdf HTTP/1.1" 200 572451
66.249.64.19 - - [13/Jul/2019:01:20:42 -0500] "GET /BLA/resoluciones/RESOLUCIONES%202013/1858.pdf HTTP/1.1" 200 634490
192.168.175.104 - - [13/Jul/2019:01:21:01 -0500] "GET / HTTP/1.1" 200 9990
66.249.64.19 - - [13/Jul/2019:01:21:35 -0500] "GET /BLA/resoluciones/RESOLUCIONES%202010/0562.pdf HTTP/1.1" 200 89101
66.249.64.19 - - [13/Jul/2019:01:21:36 -0500] "GET /BLA/resoluciones/RESOLUCIONES%202017/2454.pdf HTTP/1.1" 200 4309553
66.249.64.19 - - [13/Jul/2019:01:21:41 -0500] "GET /BLA/resoluciones/RESOLUCIONES%202017/0264.pdf HTTP/1.1" 200 468646
66.249.64.20 - - [13/Jul/2019:01:21:47 -0500] "GET /BLA/resoluciones/RESOLUCIONES%202011/6103.pdf HTTP/1.1" 200 297035
66.249.64.22 - - [13/Jul/2019:01:21:50 -0500] "GET /BLA/resoluciones/RESOLUCIONES%202015/2931.pdf HTTP/1.1" 200 679478
66.249.64.22 - - [13/Jul/2019:01:21:54 -0500] "GET /BLA/resoluciones/RESOLUCIONES%202018/1386.pdf HTTP/1.1" 200 529332
66.249.64.19 - - [13/Jul/2019:01:22:48 -0500] "GET /BLA/resoluciones/index.php?dir=RESOLUCIONES+2007%2FRES+2007+4201+AL+4300%2F HTTP/1.1" 200 26607
69.162.124.233 - - [13/Jul/2019:01:23:24 -0500] "HEAD / HTTP/1.1" 200 -
207.46.13.223 - - [13/Jul/2019:01:24:16 -0500] "GET / HTTP/1.1" 200 9990
66.249.64.19 - - [13/Jul/2019:01:24:30 -0500] "GET /BLA/resoluciones/AUTOS%202007/1425.pdf HTTP/1.1" 200 32647
66.249.64.19 - - [13/Jul/2019:01:24:34 -0500] "GET /resoluciones/RESOLUCIONES%202009/3864.pdf HTTP/1.1" 404 1018
66.249.64.19 - - [13/Jul/2019:01:24:38 -0500] "GET /resoluciones/RESOLUCIONES%202008/2978.pdf HTTP/1.1" 404 1018
66.249.64.19 - - [13/Jul/2019:01:24:42 -0500] "GET /BLA/resoluciones/AUTOS%202018/4880.pdf HTTP/1.1" 200 216933
66.249.64.19 - - [13/Jul/2019:01:24:46 -0500] "GET /BLA/resoluciones/RESOLUCIONES%202013/1299.pdf HTTP/1.1" 200 4060014
66.249.64.19 - - [13/Jul/2019:01:24:51 -0500] "GET /BLA/resoluciones/RESOLUCIONES%202013/0331.pdf HTTP/1.1" 200 2324998
66.249.64.23 - - [13/Jul/2019:01:24:59 -0500] "GET /BLA/resoluciones/RESOLUCIONES%202016/1745.pdf HTTP/1.1" 200 479797
66.249.64.20 - - [13/Jul/2019:01:25:03 -0500] "GET /BLA/resoluciones/RESOLUCIONES%202008/5735.pdf HTTP/1.1" 304 -
66.249.64.19 - - [13/Jul/2019:01:25:07 -0500] "GET /BLA/resoluciones/RESOLUCIONES%202013/0157.pdf HTTP/1.1" 200 605209
190.24.176.234 - - [13/Jul/2019:01:25:13 -0500] "GET /galeria/galeria/jquery.fancybox.css?v=2.1.5 HTTP/1.1" 200 4895
190.24.176.234 - - [13/Jul/2019:01:25:13 -0500] "GET /BLA/boletinlegal/js/jquery.scrollShow.js HTTP/1.1" 200 4586
190.24.176.234 - - [13/Jul/2019:01:25:13 -0500] "GET /galeria/galeria/jquery.fancybox.js?v=2.1.5 HTTP/1.1" 200 48706
192.168.175.104 - - [13/Jul/2019:01:25:20 -0500] "GET / HTTP/1.0" 200 9990
46.229.168.142 - - [13/Jul/2019:01:25:50 -0500] "GET /robots.txt HTTP/1.1" 404 1019
46.229.168.129 - - [13/Jul/2019:01:25:50 -0500] "GET /Autoliquidacion/index.php?dir=TR%C3%83%C2%83%C3%82%C2%83%C3%83%C2%82%C3%82%C2%83%C3%83%C2%83%C3%82%C2%82%C3%83%C2%82%C3%82%C2%83%C3%83%C2%83%C3%82%C2%83%C3%83%C2%82%C3%82%C2%82%C3%83%C2%83%C3%82%C2%82%C3%83%C2%82%C3%82%C2%83%C3%83%C2%83%C3%82%C2%83%C3%83%C2%82%C3%82%C2%83%C3%83%C2%83%C3%82%C2%82%C3%83%C2%82%C3%82%C2%82%C3%83%C2%83%C3%82%C2%83%C3%83%C2%82%C3%82%C2%82%C3%83%C2%83%C3%82%C2%82%C3%83%C2%82%C3%82%C2%83%C3%83%C2%83%C3%82%C2%83%C3%83%C2%82%C3%82%C2%83%C3%83%C2%83%C3%82%C2%82%C3%83%C2%82%C3%82%C2%83%C3%83%C2%83%C3%82%C2%83%C3%83%C2%82%C3%82%C2%82%C3%83%C2%83%C3%82%C2%82%C3%83%C2%82%C3%82%C2%82%C3%83%C2%83%C3%82%C2%83%C3%83%C2%82%C3%82%C2%83%C3%83%C2%83%C3%82%C2%82%C3%83%C2%82%C3%82%C2%82%C3%83%C2%83%C3%82%C2%83%C3%83%C2%82%C3%82%C2%82%C3%83%C2%83%C3%82%C2%82%C3%83%C2%82%C3%82%C2%81MITES%2BACEITES-RESIDUOS-ESTACIONES%2F&order=asc&sort=name HTTP/1.1" 200 7405
192.168.175.104 - - [13/Jul/2019:01:26:00 -0500] "GET / HTTP/1.1" 200 9990
66.249.64.19 - - [13/Jul/2019:01:26:01 -0500] "GET /BLA/resoluciones/AUTOS%202014/7131.pdf HTTP/1.1" 200 543672
66.249.64.19 - - [13/Jul/2019:01:26:05 -0500] "GET /BLA/resoluciones/AUTOS%202018/2501.pdf HTTP/1.1" 200 273436
66.249.64.19 - - [13/Jul/2019:01:26:09 -0500] "GET /BLA/resoluciones/RESOLUCIONES%202014/2198.pdf HTTP/1.1" 304 -
66.249.64.19 - - [13/Jul/2019:01:26:13 -0500] "GET /BLA/resoluciones/RESOLUCIONES%202007/RES%202007%203401%20AL%203500/RESOLUCION%203448%20DE%202007.pdf HTTP/1.1" 200 1048712
66.249.64.19 - - [13/Jul/2019:01:26:18 -0500] "GET /galeria/galeria/fotos/Humedal-la-conejera4G.jpg HTTP/1.1" 304 -
66.249.64.19 - - [13/Jul/2019:01:26:22 -0500] "GET /BLA/resoluciones/RESOLUCIONES%202007/RES%202007%203601%20AL%203700/RESOLUCION%203632%20DE%202007.pdf HTTP/1.1" 200 654997
66.249.64.19 - - [13/Jul/2019:01:26:26 -0500] "GET /BLA/resoluciones/AUTOS%202013/0618.pdf HTTP/1.1" 304 -
66.249.64.19 - - [13/Jul/2019:01:26:30 -0500] "GET /BLA/resoluciones/AUTOS%202015/3649.pdf HTTP/1.1" 304 -
66.249.64.19 - - [13/Jul/2019:01:26:34 -0500] "GET /BLA/resoluciones/RESOLUCIONES%202014/2799.pdf HTTP/1.1" 200 230437
66.249.64.19 - - [13/Jul/2019:01:26:37 -0500] "GET /BLA/resoluciones/AUTOS%202015/6376.pdf HTTP/1.1" 200 794727
66.249.64.19 - - [13/Jul/2019:01:26:41 -0500] "GET /BLA/resoluciones/AUTOS%202010/2227.pdf HTTP/1.1" 304 -
66.249.64.20 - - [13/Jul/2019:01:26:45 -0500] "GET /BLA/resoluciones/AUTOS%202015/1744.pdf HTTP/1.1" 304 -
54.36.148.249 - - [13/Jul/2019:01:26:47 -0500] "GET /galeria/galeria/fotos/Humedal-Santa-Mar%C3%ADa-del-Lago2G.jpg HTTP/1.1" 200 313606
66.249.64.20 - - [13/Jul/2019:01:26:49 -0500] "GET /BLA/resoluciones/AUTOS%202015/4192.pdf HTTP/1.1" 304 -
157.55.39.156 - - [13/Jul/2019:01:26:50 -0500] "GET /BLA/boletinlegal/Circulares/2018/Circular%20No.%2011%20del%2024%20de%20Septiembre%20de%202018.pdf HTTP/1.1" 200 169541
66.249.64.19 - - [13/Jul/2019:01:26:53 -0500] "GET /BLA/resoluciones/RESOLUCIONES%202015/0420.pdf HTTP/1.1" 200 616286
54.36.150.37 - - [13/Jul/2019:01:26:59 -0500] "GET /BLA/resoluciones/RESOLUCIONES%202002/RES%202002%201051-1100/00001059.tif HTTP/1.1" 200 66100
40.77.167.111 - - [13/Jul/2019:01:27:17 -0500] "GET /galeria/galeria/fotos/caminata1Gra.jpg HTTP/1.1" 200 172066
66.249.64.22 - - [13/Jul/2019:01:27:59 -0500] "GET /BLA/resoluciones/RESOLUCIONES%202015/1054.pdf HTTP/1.1" 200 487632
181.58.129.55 - - [13/Jul/2019:01:28:09 -0500] "GET /galeria/galeria/jquery.fancybox.css?v=2.1.5 HTTP/1.1" 200 4895
181.58.129.55 - - [13/Jul/2019:01:28:09 -0500] "GET /BLA/boletinlegal/js/jquery.scrollShow.js HTTP/1.1" 200 4586
181.58.129.55 - - [13/Jul/2019:01:28:09 -0500] "GET /galeria/galeria/jquery.fancybox.js?v=2.1.5 HTTP/1.1" 200 48706
69.162.124.233 - - [13/Jul/2019:01:28:24 -0500] "HEAD / HTTP/1.1" 200 -
201.245.192.253 - - [13/Jul/2019:01:27:59 -0500] "POST /kwsrmcab/Wsrmcab HTTP/1.1" 200 29978
201.245.192.253 - - [13/Jul/2019:01:27:59 -0500] "POST /kwsrmcab/Wsrmcab HTTP/1.1" 200 29978
66.249.64.19 - - [13/Jul/2019:01:29:52 -0500] "GET /BLA/resoluciones/AUTOS%202015/0104.pdf HTTP/1.1" 200 708068
66.249.64.19 - - [13/Jul/2019:01:29:55 -0500] "GET /BLA/resoluciones/RESOLUCIONES%202014/2810.pdf HTTP/1.1" 304 -
66.249.64.19 - - [13/Jul/2019:01:29:59 -0500] "GET /BLA/resoluciones/AUTOS%202016/0472.pdf HTTP/1.1" 304 -
66.249.64.19 - - [13/Jul/2019:01:30:02 -0500] "GET /BLA/resoluciones/RESOLUCIONES%202014/3853.pdf HTTP/1.1" 304 -
192.168.175.104 - - [13/Jul/2019:01:30:17 -0500] "GET / HTTP/1.0" 200 9990
66.249.64.20 - - [13/Jul/2019:01:30:56 -0500] "GET /BLA/resoluciones/AUTOS%202016/1685.pdf HTTP/1.1" 200 361073
192.168.175.104 - - [13/Jul/2019:01:30:57 -0500] "GET / HTTP/1.1" 200 9990
66.249.64.20 - - [13/Jul/2019:01:31:53 -0500] "GET /BLA/resoluciones/RESOLUCIONES%202016/1037.pdf HTTP/1.1" 200 564531
66.249.64.20 - - [13/Jul/2019:01:31:55 -0500] "GET /BLA/resoluciones/AUTOS%202013/1326.pdf HTTP/1.1" 200 1790917
66.249.64.19 - - [13/Jul/2019:01:32:01 -0500] "GET /BLA/resoluciones/AUTOS%202011/7590.pdf HTTP/1.1" 304 -
66.249.64.20 - - [13/Jul/2019:01:32:05 -0500] "GET /transparencia/directorioservidores/2016/marzo2016.xlsx HTTP/1.1" 200 88453
66.249.64.19 - - [13/Jul/2019:01:32:13 -0500] "GET /BLA/resoluciones/AUTOS%202016/1797.pdf HTTP/1.1" 200 364465
66.249.64.19 - - [13/Jul/2019:01:32:16 -0500] "GET /BLA/resoluciones/RESOLUCIONES%202017/0623.pdf HTTP/1.1" 200 943107
66.249.64.20 - - [13/Jul/2019:01:32:35 -0500] "GET /BLA/resoluciones/RESOLUCIONES%202014/3224.pdf HTTP/1.1" 304 -
66.249.64.20 - - [13/Jul/2019:01:32:59 -0500] "GET /BLA/resoluciones/AUTOS%202015/2008.pdf HTTP/1.1" 200 610141
66.249.64.19 - - [13/Jul/2019:01:33:26 -0500] "GET /BLA/resoluciones/RESOLUCIONES%202007/RES%202007%202201%20AL%202300/RESOLUCION%202263%20DE%202007.pdf HTTP/1.1" 304 -
66.249.64.19 - - [13/Jul/2019:01:33:29 -0500] "GET /BLA/resoluciones/AUTOS%202011/7145.pdf HTTP/1.1" 200 204784
66.249.64.20 - - [13/Jul/2019:01:33:49 -0500] "GET /BLA/resoluciones/RESOLUCIONES%202009/3836.pdf HTTP/1.1" 200 391224
66.249.64.20 - - [13/Jul/2019:01:33:58 -0500] "GET /BLA/resoluciones/RESOLUCIONES%202013/1907.pdf HTTP/1.1" 200 847540
66.249.64.19 - - [13/Jul/2019:01:34:04 -0500] "GET /BLA/resoluciones/RESOLUCIONES%202015/1288.pdf HTTP/1.1" 200 759730
216.244.66.195 - - [13/Jul/2019:01:34:14 -0500] "GET /robots.txt HTTP/1.1" 404 1018
66.249.64.19 - - [13/Jul/2019:01:34:16 -0500] "GET /siipev/Diseno%20de%20Elementos%20de%20Mobiliario%20Urbano/Otros%20Elementos/PARTE%20B/Dise%C3%B1o%20de%20Elementos%20M100-M101.pdf HTTP/1.1" 200 282657
66.249.64.19 - - [13/Jul/2019:01:34:28 -0500] "GET /BLA/resoluciones/RESOLUCIONES%202012/1230.pdf HTTP/1.1" 200 533724
66.249.64.20 - - [13/Jul/2019:01:34:39 -0500] "GET /galeria/galeria/fotos/Entrenube2P.jpg HTTP/1.1" 304 -
66.249.64.19 - - [13/Jul/2019:01:34:40 -0500] "GET /BLA/resoluciones/RESOLUCIONES%202011/2382.pdf HTTP/1.1" 200 357347
66.249.64.27 - - [13/Jul/2019:01:35:10 -0500] "GET /robots.txt HTTP/1.1" 404 1019
66.249.64.29 - - [13/Jul/2019:01:35:10 -0500] "GET /BLA/boletinlegal/jurisprudencia/analisis/AnalisisT-606-15.docx HTTP/1.1" 304 -
192.168.175.104 - - [13/Jul/2019:01:35:15 -0500] "GET / HTTP/1.0" 200 9990
110.249.212.46 - - [13/Jul/2019:01:35:28 -0500] "GET http://110.249.212.46/testget?q=23333&port=80 HTTP/1.1" 400 945
110.249.212.46 - - [13/Jul/2019:01:35:28 -0500] "GET http://110.249.212.46/testget?q=23333&port=80 HTTP/1.1" 400 945
110.249.212.46 - - [13/Jul/2019:01:35:29 -0500] "GET http://110.249.212.46/testget?q=23333&port=80 HTTP/1.1" 400 945
66.249.88.105 - - [13/Jul/2019:01:35:32 -0500] "GET /galeria/galeria/jquery.fancybox.css?v=2.1.5 HTTP/1.1" 200 4895
66.249.88.109 - - [13/Jul/2019:01:35:32 -0500] "GET /galeria/galeria/jquery.fancybox.js?v=2.1.5 HTTP/1.1" 200 48706
66.249.88.105 - - [13/Jul/2019:01:35:32 -0500] "GET /BLA/boletinlegal/js/jquery.scrollShow.js HTTP/1.1" 200 4586
66.249.64.19 - - [13/Jul/2019:01:35:39 -0500] "GET /BLA/resoluciones/RESOLUCIONES%202007/RES%202007%201101%20AL%201200/RESOLUCION%201188%20DE%202007.pdf HTTP/1.1" 200 432956
66.249.64.30 - - [13/Jul/2019:01:35:50 -0500] "GET /portel_dama/libreria/php/2006/ECOSISTEMAS%20FINAL%20web_mz27/restauracion/sitio/55_artic/xtras/13.pdf HTTP/1.1" 404 1019
192.168.175.104 - - [13/Jul/2019:01:35:55 -0500] "GET / HTTP/1.1" 200 9990
66.249.64.19 - - [13/Jul/2019:01:35:57 -0500] "GET /BLA/resoluciones/RESOLUCIONES%202010/6285.pdf HTTP/1.1" 200 3274420
181.251.79.111 - - [13/Jul/2019:01:36:07 -0500] "GET /BLA/boletinlegal/js/jquery.scrollShow.js HTTP/1.1" 200 4586
181.251.79.111 - - [13/Jul/2019:01:36:07 -0500] "GET /galeria/galeria/jquery.fancybox.js?v=2.1.5 HTTP/1.1" 200 48706
181.251.79.111 - - [13/Jul/2019:01:36:07 -0500] "GET /galeria/galeria/jquery.fancybox.css?v=2.1.5 HTTP/1.1" 200 4895
181.251.79.111 - - [13/Jul/2019:01:36:10 -0500] "GET /BLA/boletinlegal/js/jquery.scrollShow.js HTTP/1.1" 304 -
181.251.79.111 - - [13/Jul/2019:01:36:10 -0500] "GET /galeria/galeria/jquery.fancybox.js?v=2.1.5 HTTP/1.1" 304 -
181.251.79.111 - - [13/Jul/2019:01:36:10 -0500] "GET /galeria/galeria/jquery.fancybox.css?v=2.1.5 HTTP/1.1" 304 -
66.249.64.19 - - [13/Jul/2019:01:36:15 -0500] "GET /BLA/resoluciones/RESOLUCIONES%202013/0581.pdf HTTP/1.1" 200 2543618
66.249.64.20 - - [13/Jul/2019:01:36:21 -0500] "GET /BLA/resoluciones/AUTOS%202014/6763.pdf HTTP/1.1" 200 593976
66.249.64.19 - - [13/Jul/2019:01:36:33 -0500] "GET /BLA/resoluciones/AUTOS%202015/6122.pdf HTTP/1.1" 304 -
66.249.64.28 - - [13/Jul/2019:01:37:30 -0500] "GET /BLA/boletinlegal/jurisprudencia/analisis/SENTENCIA%20C-703%20DE%202010.xls HTTP/1.1" 304 -
66.249.64.19 - - [13/Jul/2019:01:37:32 -0500] "GET /BLA/resoluciones/AUTOS%202015/1473.pdf HTTP/1.1" 200 575879
66.249.64.19 - - [13/Jul/2019:01:37:34 -0500] "GET /BLA/resoluciones/RESOLUCIONES%202007/RES%202007%201401%20AL%201500/RESOLUCION%201409%20DE%202007.pdf HTTP/1.1" 200 276957
66.249.64.19 - - [13/Jul/2019:01:37:37 -0500] "GET /BLA/resoluciones/RESOLUCIONES%202014/3395.pdf HTTP/1.1" 200 583030
66.249.64.19 - - [13/Jul/2019:01:37:45 -0500] "GET /BLA/resoluciones/RESOLUCIONES%202007/RES%202007%20601%20AL%20700/RESOLUCION%200623%20DE%202007.pdf HTTP/1.1" 200 541812
66.249.64.19 - - [13/Jul/2019:01:37:47 -0500] "GET /BLA/resoluciones/RESOLUCIONES%202018/1673.pdf HTTP/1.1" 200 357800
