46.229.168.135 - - [25/Dec/2019:00:45:36 -0500] "GET /Anexos%20estudio%20Organizacional%20SDA/index.php?dir=ANEXO%2BNo.%2B6%2B-%2BAN%C3%83%C2%83%C3%82%C2%83%C3%83%C2%82%C3%82%C2%83%C3%83%C2%83%C3%82%C2%82%C3%83%C2%82%C3%82%C2%83%C3%83%C2%83%C3%82%C2%83%C3%83%C2%82%C3%82%C2%82%C3%83%C2%83%C3%82%C2%82%C3%83%C2%82%C3%82%C2%83%C3%83%C2%83%C3%82%C2%83%C3%83%C2%82%C3%82%C2%83%C3%83%C2%83%C3%82%C2%82%C3%83%C2%82%C3%82%C2%82%C3%83%C2%83%C3%82%C2%83%C3%83%C2%82%C3%82%C2%82%C3%83%C2%83%C3%82%C2%82%C3%83%C2%82%C3%82%C2%83%C3%83%C2%83%C3%82%C2%83%C3%83%C2%82%C3%82%C2%83%C3%83%C2%83%C3%82%C2%82%C3%83%C2%82%C3%82%C2%83%C3%83%C2%83%C3%82%C2%83%C3%83%C2%82%C3%82%C2%82%C3%83%C2%83%C3%82%C2%82%C3%83%C2%82%C3%82%C2%82%C3%83%C2%83%C3%82%C2%83%C3%83%C2%82%C3%82%C2%83%C3%83%C2%83%C3%82%C2%82%C3%83%C2%82%C3%82%C2%82%C3%83%C2%83%C3%82%C2%83%C3%83%C2%82%C3%82%C2%82%C3%83%C2%83%C3%82%C2%82%C3%83%C2%82%C3%82%C2%83%C3%83%C2%83%C3%82%C2%83%C3%83%C2%82%C3%82%C2%83%C3%83%C2%83%C3%82%C2%82%C3%83%C2%82%C3%82%C2%83%C3%83%C2%83%C3%82%C2%83%C3%83%C2%82%C3%82%C2%82%C3%83%C2%83%C3%82%C2%82%C3%83%C2%82%C3%82%C2%83%C3%83%C2%83%C3%82%C2%83%C3%83%C2%82%C3%82%C2%83%C3%83%C2%83%C3%82%C2%82%C3%83%C2%82%C3%82%C2%82%C3%83%C2%83%C3%82%C2%83%C3%83%C2%82%C3%82%C2%82%C3%83%C2%83%C3%82%C2%82%C3%83%C2%82%C3%82%C2%82%C3%83%C2%83%C3%82%C2%83%C3%83%C2%82%C3%82%C2%83%C3%83%C2%83%C3%82%C2%82%C3%83%C2%82%C3%82%C2%83%C3%83%C2%83%C3%82%C2%83%C3%83%C2%82%C3%82%C2%82%C3%83%C2%83%C3%82%C2%82%C3%83%C2%82%C3%82%C2%82%C3%83%C2%83%C3%82%C2%83%C3%83%C2%82%C3%82%C2%83%C3%83%C2%83%C3%82%C2%82%C3%83%C2%82%C3%82%C2%82%C3%83%C2%83%C3%82%C2%83%C3%83%C2%82%C3%82%C2%82%C3%83%C2%83%C3%82%C2%82%C3%83%C2%82%C3%82%C2%81LISIS%2BCOMPARADO%2BDECRETOS%2B109%2BY%2B175%2B2009%2BVRS.%2BESTUDIO%2BSERAMBIENTE%2F&order=desc&sort=name HTTP/1.1" 200 7788
66.249.66.81 - - [25/Dec/2019:00:46:12 -0500] "GET /BLA/resoluciones/RESOLUCIONES%202007/RES%202007%204001%20AL%204100/RESOLUCION%204076%20DE%202007.pdf HTTP/1.1" 200 1181433
66.249.66.83 - - [25/Dec/2019:00:46:26 -0500] "GET /BLA/resoluciones/RESOLUCIONES%202014/2604.pdf HTTP/1.1" 200 734646
66.249.66.81 - - [25/Dec/2019:00:46:49 -0500] "GET /BLA/resoluciones/RESOLUCIONES%202007/RES%202007%20201%20AL%20300/RESOLUCION%200264%20DE%202007.pdf HTTP/1.1" 200 212795
66.249.66.83 - - [25/Dec/2019:00:47:27 -0500] "GET /BLA/resoluciones/RESOLUCIONES%202009/2853.pdf HTTP/1.1" 200 437146
66.249.66.81 - - [25/Dec/2019:00:48:42 -0500] "GET /BLA/resoluciones/AUTOS%202017/3341.pdf HTTP/1.1" 200 298467
207.180.219.145 - - [25/Dec/2019:00:49:00 -0500] "GET /robots.txt HTTP/1.1" 404 1015
69.162.124.232 - - [25/Dec/2019:00:49:02 -0500] "HEAD / HTTP/1.1" 200 -
207.180.219.145 - - [25/Dec/2019:00:49:08 -0500] "GET / HTTP/1.1" 200 9990
66.249.66.81 - - [25/Dec/2019:00:49:20 -0500] "GET /BLA/resoluciones/Notificaciones/AUTOS%202014/6086.doc HTTP/1.1" 200 153600
66.249.66.82 - - [25/Dec/2019:00:49:52 -0500] "GET /BLA/resoluciones/AUTOS%202015/1922.pdf HTTP/1.1" 200 492389
66.249.66.81 - - [25/Dec/2019:00:49:59 -0500] "GET /BLA/resoluciones/RESOLUCIONES%202016/1785.pdf HTTP/1.1" 200 439648
216.244.66.195 - - [25/Dec/2019:00:50:19 -0500] "GET /BLA/resoluciones/RESOLUCIONES%202008/1816.pdf HTTP/1.1" 200 256093
66.249.66.82 - - [25/Dec/2019:00:50:35 -0500] "GET /BLA/resoluciones/AUTOS%202014/5370.pdf HTTP/1.1" 304 -
157.55.39.144 - - [25/Dec/2019:00:50:43 -0500] "GET /BLA/boletinlegal/js/jquery.scrollShow.js HTTP/1.1" 200 4586
54.36.148.227 - - [25/Dec/2019:00:51:30 -0500] "GET /BLA/resoluciones/RESOLUCIONES%202003/RES%202003%20951-1000/977.tif HTTP/1.1" 200 109460
46.229.168.133 - - [25/Dec/2019:00:51:36 -0500] "GET /Anexos%20estudio%20Organizacional%20SDA/index.php HTTP/1.1" 200 5840
66.249.66.81 - - [25/Dec/2019:00:51:50 -0500] "GET /BLA/resoluciones/AUTOS%202015/4761.pdf HTTP/1.1" 200 1175742
66.249.88.25 - - [25/Dec/2019:00:52:23 -0500] "GET /galeria/galeria/jquery.fancybox.css?v=2.1.5 HTTP/1.1" 200 4895
66.249.66.82 - - [25/Dec/2019:00:52:28 -0500] "GET /BLA/resoluciones/AUTOS%202014/3358.pdf HTTP/1.1" 304 -
216.244.66.195 - - [25/Dec/2019:00:52:35 -0500] "GET /BLA/resoluciones/RESOLUCIONES%202008/1864.pdf HTTP/1.1" 200 384790
66.249.66.82 - - [25/Dec/2019:00:53:06 -0500] "GET /BLA/resoluciones/AUTOS%202014/0036.pdf HTTP/1.1" 304 -
66.249.66.81 - - [25/Dec/2019:00:53:18 -0500] "GET /BLA/resoluciones/AUTOS%202014/3124.pdf HTTP/1.1" 200 489844
190.63.148.89 - - [25/Dec/2019:00:53:28 -0500] "GET /galeria/galeria/jquery.fancybox.css?v=2.1.5 HTTP/1.1" 200 4895
190.63.148.89 - - [25/Dec/2019:00:53:32 -0500] "GET /BLA/boletinlegal/js/jquery.scrollShow.js HTTP/1.1" 200 4586
190.63.148.89 - - [25/Dec/2019:00:53:32 -0500] "GET /galeria/galeria/jquery.fancybox.js?v=2.1.5 HTTP/1.1" 200 48706
66.249.66.81 - - [25/Dec/2019:00:54:21 -0500] "GET /BLA/resoluciones/AUTOS%202017/1336.pdf HTTP/1.1" 304 -
66.249.66.81 - - [25/Dec/2019:00:54:39 -0500] "GET /sig/Gesti%C3%83%C2%B3n%20de%20Recursos%20F%C3%83%C2%ADsicos/126PA04-PR38.pdf HTTP/1.1" 404 1018
216.244.66.195 - - [25/Dec/2019:00:54:57 -0500] "GET /BLA/resoluciones/RESOLUCIONES%202008/1968.pdf HTTP/1.1" 200 57321
69.162.124.232 - - [25/Dec/2019:00:54:58 -0500] "HEAD / HTTP/1.1" 200 -
66.249.66.81 - - [25/Dec/2019:00:54:59 -0500] "GET /BLA/resoluciones/RESOLUCIONES%202015/2852.pdf HTTP/1.1" 200 804367
66.249.66.81 - - [25/Dec/2019:00:55:36 -0500] "GET /BLA/resoluciones/AUTOS%202017/4168.pdf HTTP/1.1" 304 -
66.249.66.82 - - [25/Dec/2019:00:56:14 -0500] "GET /BLA/resoluciones/AUTOS%202017/0984.pdf HTTP/1.1" 200 580075
216.244.66.195 - - [25/Dec/2019:00:57:10 -0500] "GET /BLA/resoluciones/RESOLUCIONES%202009/0061.pdf HTTP/1.1" 200 164240
66.249.66.81 - - [25/Dec/2019:00:57:29 -0500] "GET /BLA/resoluciones/AUTOS%202013/0650.pdf HTTP/1.1" 304 -
66.249.66.81 - - [25/Dec/2019:00:58:07 -0500] "GET /BLA/resoluciones/AUTOS%202013/0066.pdf HTTP/1.1" 200 3199509
66.249.66.81 - - [25/Dec/2019:00:58:11 -0500] "GET /BLA/resoluciones/AUTOS%202017/2571.pdf HTTP/1.1" 200 261745
207.46.13.203 - - [25/Dec/2019:00:58:33 -0500] "GET / HTTP/1.1" 200 9990
66.249.66.83 - - [25/Dec/2019:00:58:44 -0500] "GET /BLA/resoluciones/AUTOS%202015/0371.pdf HTTP/1.1" 304 -
66.249.66.81 - - [25/Dec/2019:00:59:22 -0500] "GET /BLA/resoluciones/AUTOS%202015/3405.pdf HTTP/1.1" 200 1099786
216.244.66.195 - - [25/Dec/2019:00:59:27 -0500] "GET /BLA/resoluciones/RESOLUCIONES%202009/0197.pdf HTTP/1.1" 200 255620
66.249.66.83 - - [25/Dec/2019:00:59:49 -0500] "GET /sig/Gesti%C3%83%C2%B3n%20de%20Recursos%20F%C3%83%C2%ADsicos/126PA04-PR32.pdf HTTP/1.1" 404 1018
69.162.124.232 - - [25/Dec/2019:00:59:58 -0500] "HEAD / HTTP/1.1" 200 -
66.249.66.82 - - [25/Dec/2019:01:00:00 -0500] "GET /BLA/resoluciones/RESOLUCIONES%202012/1122.pdf HTTP/1.1" 200 520293
89.21.61.229 - - [25/Dec/2019:01:00:28 -0500] "GET / HTTP/1.1" 200 9990
66.249.66.82 - - [25/Dec/2019:01:00:38 -0500] "GET /BLA/resoluciones/RESOLUCIONES%202017/1280.pdf HTTP/1.1" 200 975219
66.249.66.79 - - [25/Dec/2019:01:01:15 -0500] "GET /POT-2013/index.php?dir=Cartografia%2F HTTP/1.1" 200 11465
66.249.66.79 - - [25/Dec/2019:01:01:17 -0500] "GET /POT-2013/dlf/styles.css HTTP/1.1" 200 3045
216.244.66.195 - - [25/Dec/2019:01:01:43 -0500] "GET /BLA/resoluciones/RESOLUCIONES%202009/0272.pdf HTTP/1.1" 200 54411
157.55.39.221 - - [25/Dec/2019:01:01:58 -0500] "GET / HTTP/1.1" 200 9990
216.244.66.195 - - [25/Dec/2019:01:02:18 -0500] "GET /BLA/resoluciones/RESOLUCIONES%202009/0455.pdf HTTP/1.1" 200 396752
66.249.66.83 - - [25/Dec/2019:01:02:30 -0500] "GET /BLA/resoluciones/AUTOS%202007/2044.pdf HTTP/1.1" 304 -
216.244.66.195 - - [25/Dec/2019:01:03:08 -0500] "GET /BLA/resoluciones/RESOLUCIONES%202009/0647.pdf HTTP/1.1" 200 288624
186.84.89.120 - - [25/Dec/2019:01:03:12 -0500] "GET /BLA/boletinlegal/js/jquery.scrollShow.js HTTP/1.1" 200 4586
186.84.89.120 - - [25/Dec/2019:01:03:12 -0500] "GET /galeria/galeria/jquery.fancybox.js?v=2.1.5 HTTP/1.1" 200 48706
186.84.89.120 - - [25/Dec/2019:01:03:12 -0500] "GET /galeria/galeria/jquery.fancybox.css?v=2.1.5 HTTP/1.1" 200 4895
186.84.89.120 - - [25/Dec/2019:01:03:13 -0500] "GET /galeria/carrusel/Carrusel/jquery.thumbnailScroller.js HTTP/1.1" 200 8157
186.84.89.120 - - [25/Dec/2019:01:03:14 -0500] "GET /galeria/nivo-slider/demo/inicio.html HTTP/1.1" 200 4435
186.84.89.120 - - [25/Dec/2019:01:03:14 -0500] "GET /galeria/nivo-slider/themes/default/default.css HTTP/1.1" 200 1569
186.84.89.120 - - [25/Dec/2019:01:03:14 -0500] "GET /galeria/nivo-slider/themes/pascal/pascal.css HTTP/1.1" 200 2258
186.84.89.120 - - [25/Dec/2019:01:03:14 -0500] "GET /galeria/nivo-slider/themes/orman/orman.css HTTP/1.1" 200 2152
186.84.89.120 - - [25/Dec/2019:01:03:14 -0500] "GET /galeria/nivo-slider/nivo-slider.css HTTP/1.1" 200 1507
186.84.89.120 - - [25/Dec/2019:01:03:14 -0500] "GET /galeria/nivo-slider/jquery.nivo.slider.pack.js HTTP/1.1" 200 11561
186.84.89.120 - - [25/Dec/2019:01:03:14 -0500] "GET /galeria/nivo-slider/demo/scripts/jquery-1.7.1.min.js HTTP/1.1" 200 93868
186.84.89.120 - - [25/Dec/2019:01:03:14 -0500] "GET /galeria/nivo-slider/demo/images/Bannercalculadora.jpg HTTP/1.1" 200 313099
186.84.89.120 - - [25/Dec/2019:01:03:14 -0500] "GET /galeria/nivo-slider/demo/style.css HTTP/1.1" 200 2222
186.84.89.120 - - [25/Dec/2019:01:03:14 -0500] "GET /galeria/nivo-slider/demo/images/bannerwebmusgo.jpg HTTP/1.1" 200 367364
186.84.89.120 - - [25/Dec/2019:01:03:14 -0500] "GET /galeria/nivo-slider/demo/images/banneragendamiento.jpg HTTP/1.1" 200 116897
186.84.89.120 - - [25/Dec/2019:01:03:15 -0500] "GET /galeria/nivo-slider/demo/images/bannerjardines.jpg HTTP/1.1" 200 417948
186.84.89.120 - - [25/Dec/2019:01:03:15 -0500] "GET /galeria/nivo-slider/demo/images/banneriniciativa.jpg HTTP/1.1" 200 200385
186.84.89.120 - - [25/Dec/2019:01:03:15 -0500] "GET /galeria/nivo-slider/themes/default/loading.gif HTTP/1.1" 200 1737
186.84.89.120 - - [25/Dec/2019:01:03:15 -0500] "GET /galeria/nivo-slider/demo/images/4Simple_Slider.png HTTP/1.1" 200 11722
186.84.89.120 - - [25/Dec/2019:01:03:15 -0500] "GET /galeria/nivo-slider/demo/images/diciembrecaminatas.png HTTP/1.1" 200 510724
186.84.89.120 - - [25/Dec/2019:01:03:16 -0500] "GET /galeria/nivo-slider/demo/images/Banner%20tinguas.jpg HTTP/1.1" 200 214878
186.84.89.120 - - [25/Dec/2019:01:03:16 -0500] "GET /galeria/nivo-slider/demo/images/Bannerserpiente2019.jpg HTTP/1.1" 200 270374
186.84.89.120 - - [25/Dec/2019:01:03:16 -0500] "GET /galeria/nivo-slider/demo/images/puntos%20atencion%20BANNER.jpg HTTP/1.1" 200 244208
186.84.89.120 - - [25/Dec/2019:01:03:17 -0500] "GET /galeria/nivo-slider/demo/images/Banner%20Visor%20Geografico%20Ambiental.jpg HTTP/1.1" 200 204673
186.84.89.120 - - [25/Dec/2019:01:03:17 -0500] "GET /galeria/nivo-slider/demo/images/Banner%20consumo%20sostenible%20final.jpg HTTP/1.1" 200 364746
186.84.89.120 - - [25/Dec/2019:01:03:17 -0500] "GET /galeria/nivo-slider/demo/images/Banner%20RCD.jpg HTTP/1.1" 200 92197
186.84.89.120 - - [25/Dec/2019:01:03:17 -0500] "GET /galeria/nivo-slider/demo/images/Banner%20Conpes.jpg HTTP/1.1" 200 55220
186.84.89.120 - - [25/Dec/2019:01:03:17 -0500] "GET /galeria/nivo-slider/demo/images/Banner%20practicas%20sostenibles.jpg HTTP/1.1" 200 142958
186.84.89.120 - - [25/Dec/2019:01:03:17 -0500] "GET /galeria/nivo-slider/demo/images/Banner%20POT.png HTTP/1.1" 200 418238
186.84.89.120 - - [25/Dec/2019:01:03:17 -0500] "GET /galeria/nivo-slider/demo/images/Banneranonimos.png HTTP/1.1" 200 109388
186.84.89.120 - - [25/Dec/2019:01:03:18 -0500] "GET /galeria/nivo-slider/themes/default/arrows.png HTTP/1.1" 200 824
186.84.89.120 - - [25/Dec/2019:01:03:18 -0500] "GET /galeria/nivo-slider/themes/default/bullets.png HTTP/1.1" 200 1281
66.249.66.81 - - [25/Dec/2019:01:03:45 -0500] "GET /BLA/resoluciones/RESOLUCIONES%202008/0340.pdf HTTP/1.1" 304 -
216.244.66.195 - - [25/Dec/2019:01:04:08 -0500] "GET /BLA/resoluciones/RESOLUCIONES%202009/0799.pdf HTTP/1.1" 200 285511
66.249.66.82 - - [25/Dec/2019:01:04:23 -0500] "GET /BLA/resoluciones/AUTOS%202013/5889.pdf HTTP/1.1" 304 -
66.249.66.155 - - [25/Dec/2019:01:05:01 -0500] "GET /BLA/boletinlegal/actos.php HTTP/1.1" 200 8778
66.249.66.155 - - [25/Dec/2019:01:05:03 -0500] "GET /BLA/boletinlegal/js/lib.js HTTP/1.1" 200 6474
66.249.66.153 - - [25/Dec/2019:01:05:04 -0500] "GET /BLA/boletinlegal/js/popup.js HTTP/1.1" 200 1270
69.162.124.232 - - [25/Dec/2019:01:05:31 -0500] "HEAD / HTTP/1.1" 200 -
66.249.66.82 - - [25/Dec/2019:01:05:38 -0500] "GET /BLA/resoluciones/AUTOS%202015/1268.pdf HTTP/1.1" 304 -
216.244.66.195 - - [25/Dec/2019:01:05:55 -0500] "GET /BLA/resoluciones/RESOLUCIONES%202009/1072.pdf HTTP/1.1" 200 47203
66.249.66.82 - - [25/Dec/2019:01:06:16 -0500] "GET /BLA/resoluciones/RESOLUCIONES%202014/0826.pdf HTTP/1.1" 304 -
54.36.150.107 - - [25/Dec/2019:01:06:29 -0500] "GET /BLA/resoluciones/index.php?dir=RESOLUCIONES+2003%2FRES+2003+1801-1850%2F HTTP/1.1" 200 12154
190.24.21.97 - - [25/Dec/2019:01:06:33 -0500] "GET /galeria/galeria/jquery.fancybox.css?v=2.1.5 HTTP/1.1" 200 4895
190.24.21.97 - - [25/Dec/2019:01:06:33 -0500] "GET /BLA/boletinlegal/js/jquery.scrollShow.js HTTP/1.1" 200 4586
190.24.21.97 - - [25/Dec/2019:01:06:33 -0500] "GET /galeria/galeria/jquery.fancybox.js?v=2.1.5 HTTP/1.1" 200 48706
190.24.21.97 - - [25/Dec/2019:01:06:39 -0500] "GET /BLA/boletinlegal/js/jquery.scrollShow.js HTTP/1.1" 304 -
190.24.21.97 - - [25/Dec/2019:01:06:39 -0500] "GET /galeria/galeria/jquery.fancybox.js?v=2.1.5 HTTP/1.1" 304 -
190.24.21.97 - - [25/Dec/2019:01:06:39 -0500] "GET /galeria/galeria/jquery.fancybox.css?v=2.1.5 HTTP/1.1" 304 -
66.249.66.81 - - [25/Dec/2019:01:06:53 -0500] "GET /BLA/resoluciones/AUTOS%202015/4869.pdf HTTP/1.1" 304 -
66.249.66.81 - - [25/Dec/2019:01:07:31 -0500] "GET /BLA/resoluciones/RESOLUCIONES%202007/RES%202007%20701%20AL%20800/RESOLUCION%200717%20DE%202007.pdf HTTP/1.1" 200 225688
66.249.66.82 - - [25/Dec/2019:01:08:09 -0500] "GET /BLA/resoluciones/RESOLUCIONES%202010/6698.pdf HTTP/1.1" 304 -
216.244.66.195 - - [25/Dec/2019:01:08:10 -0500] "GET /BLA/resoluciones/RESOLUCIONES%202009/1182.pdf HTTP/1.1" 200 215192
99.229.65.220 - - [25/Dec/2019:01:08:18 -0500] "GET /favicon.ico HTTP/1.1" 200 7782
66.249.66.81 - - [25/Dec/2019:01:08:46 -0500] "GET /BLA/resoluciones/AUTOS%202007/2217.pdf HTTP/1.1" 200 143238
66.249.66.81 - - [25/Dec/2019:01:09:24 -0500] "GET /BLA/resoluciones/AUTOS%202014/4096.pdf HTTP/1.1" 200 513359
209.17.96.210 - - [25/Dec/2019:01:09:55 -0500] "GET / HTTP/1.1" 200 9990
66.249.66.81 - - [25/Dec/2019:01:10:02 -0500] "GET /BLA/resoluciones/AUTOS%202007/0806.pdf HTTP/1.1" 200 105114
216.244.66.195 - - [25/Dec/2019:01:10:19 -0500] "GET /BLA/resoluciones/RESOLUCIONES%202009/1240.pdf HTTP/1.1" 200 632854
66.249.66.81 - - [25/Dec/2019:01:10:39 -0500] "GET /BLA/resoluciones/AUTOS%202014/5336.pdf HTTP/1.1" 200 445514
216.244.66.195 - - [25/Dec/2019:01:11:09 -0500] "GET /BLA/resoluciones/RESOLUCIONES%202009/1296.pdf HTTP/1.1" 200 853950
66.249.66.155 - - [25/Dec/2019:01:11:11 -0500] "GET /Autoliquidacion/Grupo%20Forestal%20-%20Silvicultura/Instructivo-solicitud-Verificaci%C3%83%C2%B3n-para-expedici%C3%83%C2%B3n-SUNL.pdf HTTP/1.1" 404 1019
66.249.66.82 - - [25/Dec/2019:01:11:17 -0500] "GET /BLA/resoluciones/AUTOS%202016/0090.pdf HTTP/1.1" 200 650140
66.249.66.81 - - [25/Dec/2019:01:11:44 -0500] "GET /resoluciones/RESOLUCIONES%202009/8244.pdf HTTP/1.1" 404 1018
186.155.82.86 - - [25/Dec/2019:01:11:54 -0500] "GET /galeria/galeria/jquery.fancybox.js?v=2.1.5 HTTP/1.1" 200 48706
186.155.82.86 - - [25/Dec/2019:01:11:54 -0500] "GET /BLA/boletinlegal/js/jquery.scrollShow.js HTTP/1.1" 200 4586
186.155.82.86 - - [25/Dec/2019:01:11:54 -0500] "GET /galeria/galeria/jquery.fancybox.css?v=2.1.5 HTTP/1.1" 200 4895
66.249.66.81 - - [25/Dec/2019:01:11:54 -0500] "GET /BLA/resoluciones/RESOLUCIONES%202018/2766.pdf HTTP/1.1" 200 264332
66.249.66.81 - - [25/Dec/2019:01:12:06 -0500] "GET /BLA/resoluciones/AUTOS%202014/5167.pdf HTTP/1.1" 200 566373
66.249.66.81 - - [25/Dec/2019:01:12:20 -0500] "GET /BLA/resoluciones/AUTOS%202014/3377.pdf HTTP/1.1" 200 580430
54.36.150.159 - - [25/Dec/2019:01:12:28 -0500] "GET /BLA/resoluciones/RESOLUCIONES%202004/RES%202004%20901-950/00000930.tif HTTP/1.1" 200 183770
66.249.66.83 - - [25/Dec/2019:01:12:32 -0500] "GET /BLA/resoluciones/AUTOS%202014/6331.pdf HTTP/1.1" 200 538232
66.249.66.81 - - [25/Dec/2019:01:12:40 -0500] "GET /BLA/resoluciones/AUTOS%202014/2771.pdf HTTP/1.1" 200 465836
177.105.235.76 - - [25/Dec/2019:01:12:56 -0500] "GET / HTTP/1.1" 200 9990
66.249.66.82 - - [25/Dec/2019:01:13:10 -0500] "GET /BLA/resoluciones/RESOLUCIONES%202012/1804.pdf HTTP/1.1" 200 1121256
66.249.66.81 - - [25/Dec/2019:01:13:15 -0500] "GET /BLA/resoluciones/RESOLUCIONES%202009/5354.pdf HTTP/1.1" 200 428652
216.244.66.195 - - [25/Dec/2019:01:13:30 -0500] "GET /BLA/resoluciones/RESOLUCIONES%202009/1333.pdf HTTP/1.1" 200 535781
69.162.124.232 - - [25/Dec/2019:01:13:33 -0500] "HEAD / HTTP/1.1" 200 -
66.249.66.82 - - [25/Dec/2019:01:13:41 -0500] "GET /BLA/resoluciones/AUTOS%202015/6790.pdf HTTP/1.1" 200 839643
66.249.66.81 - - [25/Dec/2019:01:13:52 -0500] "GET /BLA/resoluciones/RESOLUCIONES%202010/0700.pdf HTTP/1.1" 200 104370
66.249.66.82 - - [25/Dec/2019:01:14:05 -0500] "GET /BLA/resoluciones/AUTOS%202017/1264.pdf HTTP/1.1" 200 304258
66.249.66.81 - - [25/Dec/2019:01:14:17 -0500] "GET /BLA/resoluciones/RESOLUCIONES%202014/3449.pdf HTTP/1.1" 200 769158
66.249.66.81 - - [25/Dec/2019:01:14:29 -0500] "GET /BLA/resoluciones/RESOLUCIONES%202007/RES%202007%201401%20AL%201500/RESOLUCION%201470%20DE%202007.pdf HTTP/1.1" 200 1048908
66.249.66.82 - - [25/Dec/2019:01:14:31 -0500] "GET /BLA/resoluciones/RESOLUCIONES%202010/4653.pdf HTTP/1.1" 200 258591
66.249.66.83 - - [25/Dec/2019:01:15:40 -0500] "GET /BLA/resoluciones/RESOLUCIONES%202017/2000.pdf HTTP/1.1" 304 -
216.244.66.195 - - [25/Dec/2019:01:15:47 -0500] "GET /BLA/resoluciones/RESOLUCIONES%202009/1502.pdf HTTP/1.1" 200 436588
66.249.66.81 - - [25/Dec/2019:01:15:49 -0500] "GET /BLA/resoluciones/RESOLUCIONES%202009/7223.pdf HTTP/1.1" 200 200627
190.25.38.247 - - [25/Dec/2019:01:16:14 -0500] "GET /galeria/galeria/jquery.fancybox.js?v=2.1.5 HTTP/1.1" 200 48706
190.25.38.247 - - [25/Dec/2019:01:16:14 -0500] "GET /BLA/boletinlegal/js/jquery.scrollShow.js HTTP/1.1" 200 4586
190.25.38.247 - - [25/Dec/2019:01:16:14 -0500] "GET /galeria/galeria/jquery.fancybox.css?v=2.1.5 HTTP/1.1" 200 4895
190.25.38.247 - - [25/Dec/2019:01:16:14 -0500] "GET /galeria/carrusel/Carrusel/jquery.thumbnailScroller.css HTTP/1.1" 200 2066
190.25.38.247 - - [25/Dec/2019:01:16:15 -0500] "GET /galeria/carrusel/Carrusel/jquery-ui-1.8.13.custom.min.js HTTP/1.1" 200 10800
190.25.38.247 - - [25/Dec/2019:01:16:15 -0500] "GET /galeria/carrusel/Carrusel/jquery.thumbnailScroller.js HTTP/1.1" 200 8157
66.249.66.81 - - [25/Dec/2019:01:16:18 -0500] "GET /BLA/resoluciones/RESOLUCIONES%202017/2000.pdf HTTP/1.1" 200 660294
201.245.192.253 - - [25/Dec/2019:01:15:48 -0500] "POST /kwsrmcab/Wsrmcab HTTP/1.1" 200 32279
201.245.192.253 - - [25/Dec/2019:01:15:48 -0500] "POST /kwsrmcab/Wsrmcab HTTP/1.1" 200 32433
46.229.168.130 - - [25/Dec/2019:01:16:38 -0500] "GET /robots.txt HTTP/1.1" 404 1019
46.229.168.154 - - [25/Dec/2019:01:16:38 -0500] "GET /Autoliquidacion/index.php?dir=Cobro%2BEvaluacion%2BCertificaci%C3%83%C2%83%C3%82%C2%83%C3%83%C2%82%C3%82%C2%83%C3%83%C2%83%C3%82%C2%82%C3%83%C2%82%C3%82%C2%B3n%2BPara%2BLa%2BDeducci%C3%83%C2%83%C3%82%C2%83%C3%83%C2%82%C3%82%C2%83%C3%83%C2%83%C3%82%C2%82%C3%83%C2%82%C3%82%C2%B3n%2BPor%2BInversi%C3%83%C2%83%C3%82%C2%83%C3%83%C2%82%C3%82%C2%83%C3%83%C2%83%C3%82%C2%82%C3%83%C2%82%C3%82%C2%B3n%2BEn%2BMedio%2BAmbiente%2F&order=desc&sort=name HTTP/1.1" 200 7050
66.249.88.23 - - [25/Dec/2019:01:16:48 -0500] "GET /BLA/boletinlegal/js/jquery.scrollShow.js HTTP/1.1" 200 4586
66.249.88.23 - - [25/Dec/2019:01:16:48 -0500] "GET /galeria/galeria/jquery.fancybox.js?v=2.1.5 HTTP/1.1" 200 48706
66.249.88.23 - - [25/Dec/2019:01:16:48 -0500] "GET /galeria/galeria/jquery.fancybox.css?v=2.1.5 HTTP/1.1" 200 4895
66.249.66.81 - - [25/Dec/2019:01:16:53 -0500] "GET /BLA/resoluciones/AUTOS%202016/2545.pdf HTTP/1.1" 200 519434
201.245.192.253 - - [25/Dec/2019:01:16:24 -0500] "POST /kwsrmcab/Wsrmcab HTTP/1.1" 200 32279
66.249.66.81 - - [25/Dec/2019:01:17:09 -0500] "GET /BLA/resoluciones/AUTOS%202015/7320.pdf HTTP/1.1" 200 616546
66.249.66.81 - - [25/Dec/2019:01:17:24 -0500] "GET /BLA/resoluciones/AUTOS%202014/0990.pdf HTTP/1.1" 200 292484
66.249.66.81 - - [25/Dec/2019:01:17:33 -0500] "GET /BLA/resoluciones/AUTOS%202016/0049.pdf HTTP/1.1" 200 746827
66.249.66.81 - - [25/Dec/2019:01:17:43 -0500] "GET /BLA/resoluciones/AUTOS%202010/5032.pdf HTTP/1.1" 200 1302296
216.244.66.195 - - [25/Dec/2019:01:17:53 -0500] "GET /BLA/resoluciones/RESOLUCIONES%202009/1512.pdf HTTP/1.1" 200 796255
66.249.66.82 - - [25/Dec/2019:01:18:11 -0500] "GET /BLA/resoluciones/AUTOS%202015/2093.pdf HTTP/1.1" 304 -
216.244.66.195 - - [25/Dec/2019:01:18:33 -0500] "GET /BLA/resoluciones/RESOLUCIONES%202009/1556.pdf HTTP/1.1" 200 294873
66.249.66.81 - - [25/Dec/2019:01:18:48 -0500] "GET /BLA/resoluciones/AUTOS%202015/0949.pdf HTTP/1.1" 200 593517
66.249.66.83 - - [25/Dec/2019:01:18:59 -0500] "GET /BLA/resoluciones/RESOLUCIONES%202015/0775.pdf HTTP/1.1" 200 4250452
66.249.66.82 - - [25/Dec/2019:01:19:04 -0500] "GET /BLA/resoluciones/AUTOS%202014/6313.pdf HTTP/1.1" 200 538734
13.66.139.0 - - [25/Dec/2019:01:19:09 -0500] "GET /SIG/index.php?dir=ECS/&sort=name&order=desc HTTP/1.1" 200 16569
66.249.66.81 - - [25/Dec/2019:01:19:12 -0500] "GET /BLA/resoluciones/AUTOS%202008/1015.pdf HTTP/1.1" 200 366911
66.249.66.81 - - [25/Dec/2019:01:19:27 -0500] "GET /BLA/resoluciones/RESOLUCIONES%202010/4001.pdf HTTP/1.1" 304 -
66.249.66.82 - - [25/Dec/2019:01:19:32 -0500] "GET /BLA/resoluciones/RESOLUCIONES%202009/6435.pdf HTTP/1.1" 200 437815
66.249.66.81 - - [25/Dec/2019:01:19:59 -0500] "GET /BLA/resoluciones/RESOLUCIONES%202008/2153.pdf HTTP/1.1" 200 293384
201.244.50.38 - - [25/Dec/2019:01:20:38 -0500] "GET /BLA/boletinlegal/js/jquery.scrollShow.js HTTP/1.1" 200 4586
201.244.50.38 - - [25/Dec/2019:01:20:38 -0500] "GET /galeria/galeria/jquery.fancybox.js?v=2.1.5 HTTP/1.1" 200 48706
201.244.50.38 - - [25/Dec/2019:01:20:38 -0500] "GET /galeria/galeria/jquery.fancybox.css?v=2.1.5 HTTP/1.1" 200 4895
66.249.66.82 - - [25/Dec/2019:01:20:41 -0500] "GET /BLA/resoluciones/RESOLUCIONES%202012/1081.pdf HTTP/1.1" 200 435221
66.249.66.153 - - [25/Dec/2019:01:20:48 -0500] "GET /BLA/boletinlegal/Directivas/2017/Directiva%20No.%2001%20del%2017%20de%20Enero%20de%202017.pdf HTTP/1.1" 200 2804310
209.17.97.2 - - [25/Dec/2019:01:20:51 -0500] "GET / HTTP/1.1" 200 9990
66.249.66.81 - - [25/Dec/2019:01:21:03 -0500] "GET /Publicaciones/2019EE209109.pdf HTTP/1.1" 404 228
66.249.66.81 - - [25/Dec/2019:01:21:18 -0500] "GET /BLA/resoluciones/AUTOS%202012/2933.pdf HTTP/1.1" 200 858856
201.244.50.38 - - [25/Dec/2019:01:21:21 -0500] "GET /BLA/boletinlegal/js/jquery.scrollShow.js HTTP/1.1" 304 -
201.244.50.38 - - [25/Dec/2019:01:21:21 -0500] "GET /galeria/galeria/jquery.fancybox.js?v=2.1.5 HTTP/1.1" 304 -
201.244.50.38 - - [25/Dec/2019:01:21:21 -0500] "GET /galeria/galeria/jquery.fancybox.css?v=2.1.5 HTTP/1.1" 304 -
66.249.88.23 - - [25/Dec/2019:01:21:23 -0500] "GET /galeria/galeria/jquery.fancybox.css?v=2.1.5 HTTP/1.1" 200 4895
66.249.88.23 - - [25/Dec/2019:01:21:23 -0500] "GET /BLA/boletinlegal/js/jquery.scrollShow.js HTTP/1.1" 200 4586
66.249.88.25 - - [25/Dec/2019:01:21:23 -0500] "GET /galeria/galeria/jquery.fancybox.js?v=2.1.5 HTTP/1.1" 200 48706
66.249.66.81 - - [25/Dec/2019:01:22:18 -0500] "GET /BLA/resoluciones/RESOLUCIONES%202018/2669.pdf HTTP/1.1" 200 282086
66.249.66.81 - - [25/Dec/2019:01:23:12 -0500] "GET /BLA/resoluciones/AUTOS%202010/6921.pdf HTTP/1.1" 200 2076333
69.162.124.232 - - [25/Dec/2019:01:23:26 -0500] "HEAD / HTTP/1.1" 200 -
216.244.66.197 - - [25/Dec/2019:01:23:40 -0500] "GET /BLA/boletinlegal/actos.php HTTP/1.1" 200 8778
66.249.66.81 - - [25/Dec/2019:01:23:51 -0500] "GET /BLA/resoluciones/AUTOS%202016/2957.pdf HTTP/1.1" 200 1297974
66.249.66.81 - - [25/Dec/2019:01:24:27 -0500] "GET /BLA/resoluciones/AUTOS%202015/3759.pdf HTTP/1.1" 304 -
66.249.66.81 - - [25/Dec/2019:01:25:06 -0500] "GET /BLA/resoluciones/RESOLUCIONES%202015/0951.pdf HTTP/1.1" 200 548265
66.249.66.81 - - [25/Dec/2019:01:25:17 -0500] "GET /BLA/resoluciones/AUTOS%202015/1134.pdf HTTP/1.1" 200 624803
207.46.13.132 - - [25/Dec/2019:01:25:51 -0500] "GET / HTTP/1.1" 200 9990
66.249.66.81 - - [25/Dec/2019:01:26:12 -0500] "GET /BLA/resoluciones/RESOLUCIONES%202009/0241.pdf HTTP/1.1" 200 569465
201.245.192.253 - - [25/Dec/2019:01:25:48 -0500] "POST /kwsrmcab/Wsrmcab HTTP/1.1" 200 32433
66.249.66.83 - - [25/Dec/2019:01:26:32 -0500] "GET /BLA/resoluciones/RESOLUCIONES%202009/1260.pdf HTTP/1.1" 200 684752
54.36.150.183 - - [25/Dec/2019:01:26:37 -0500] "GET /BLA/resoluciones/RESOLUCIONES%202003/RES%202003%20501-550/515.tif HTTP/1.1" 200 213204
66.249.66.83 - - [25/Dec/2019:01:27:35 -0500] "GET /BLA/resoluciones/RESOLUCIONES%202013/0120.pdf HTTP/1.1" 200 7266053
66.249.66.85 - - [25/Dec/2019:01:28:13 -0500] "GET /BLA/resoluciones/RESOLUCIONES%202007/RES%202007%201%20AL%20100/RESOLUCION%200058%20DE%202007.pdf HTTP/1.1" 200 233580
69.162.124.232 - - [25/Dec/2019:01:29:28 -0500] "HEAD / HTTP/1.1" 200 -
66.249.66.84 - - [25/Dec/2019:01:29:28 -0500] "GET /BLA/resoluciones/AUTOS%202013/1874.pdf HTTP/1.1" 304 -
66.249.66.83 - - [25/Dec/2019:01:30:43 -0500] "GET /BLA/resoluciones/RESOLUCIONES%202010/6900.pdf HTTP/1.1" 200 111561
66.249.66.83 - - [25/Dec/2019:01:31:21 -0500] "GET /BLA/resoluciones/AUTOS%202014/2480.pdf HTTP/1.1" 200 609161
66.249.66.82 - - [25/Dec/2019:01:31:59 -0500] "GET /BLA/resoluciones/RESOLUCIONES%202014/2758.pdf HTTP/1.1" 200 622091
66.249.66.81 - - [25/Dec/2019:01:32:20 -0500] "GET /BLA/resoluciones/AUTOS%202014/5396.pdf HTTP/1.1" 200 520951
66.249.66.81 - - [25/Dec/2019:01:32:36 -0500] "GET /BLA/resoluciones/AUTOS%202014/6726.pdf HTTP/1.1" 200 221231
66.249.66.81 - - [25/Dec/2019:01:32:43 -0500] "GET /BLA/resoluciones/AUTOS%202010/1597.pdf HTTP/1.1" 304 -
66.249.66.81 - - [25/Dec/2019:01:32:52 -0500] "GET /BLA/resoluciones/AUTOS%202014/5043.pdf HTTP/1.1" 200 445320
66.249.66.81 - - [25/Dec/2019:01:33:05 -0500] "GET /BLA/resoluciones/AUTOS%202014/1020.pdf HTTP/1.1" 200 551503
216.244.66.195 - - [25/Dec/2019:01:33:09 -0500] "GET /BLA/resoluciones/RESOLUCIONES%202009/0870.pdf HTTP/1.1" 200 343267
66.249.66.82 - - [25/Dec/2019:01:33:18 -0500] "GET /BLA/resoluciones/RESOLUCIONES%202009/6047.pdf HTTP/1.1" 200 494067
66.249.66.82 - - [25/Dec/2019:01:33:25 -0500] "GET /resoluciones/RESOLUCIONES%202009/2869.pdf HTTP/1.1" 404 1018
66.249.66.81 - - [25/Dec/2019:01:33:56 -0500] "GET /BLA/resoluciones/RESOLUCIONES%202014/1055.pdf HTTP/1.1" 200 914975
66.249.66.81 - - [25/Dec/2019:01:34:11 -0500] "GET /resoluciones/RESOLUCIONES%202009/9360.pdf HTTP/1.1" 404 1018
66.249.66.83 - - [25/Dec/2019:01:34:29 -0500] "GET /BLA/resoluciones/RESOLUCIONES%202007/RES%202007%202301%20AL%202400/RESOLUCION%202362%20DE%202007.pdf HTTP/1.1" 304 -
66.249.66.82 - - [25/Dec/2019:01:35:07 -0500] "GET /BLA/resoluciones/RESOLUCIONES%202007/RES%202007%201801%20AL%201900/RESOLUCION%201865%20DE%202007.pdf HTTP/1.1" 304 -
66.249.66.81 - - [25/Dec/2019:01:35:10 -0500] "GET /BLA/resoluciones/RESOLUCIONES%202011/3042.pdf HTTP/1.1" 200 708278
216.244.66.195 - - [25/Dec/2019:01:35:20 -0500] "GET /BLA/resoluciones/RESOLUCIONES%202009/0896.pdf HTTP/1.1" 200 16481
201.245.192.253 - - [25/Dec/2019:01:35:48 -0500] "POST /kwsrmcab/Wsrmcab HTTP/1.1" 503 1020
216.244.66.195 - - [25/Dec/2019:01:35:59 -0500] "GET /BLA/resoluciones/RESOLUCIONES%202009/0945.pdf HTTP/1.1" 200 432018
13.66.139.0 - - [25/Dec/2019:01:36:15 -0500] "GET /POT-2013/Cartografia/09_EEP.pdf HTTP/1.1" 304 -
181.48.254.132 - - [25/Dec/2019:01:36:25 -0500] "GET /BLA/resoluciones/RESOLUCIONES%202013/0044.pdf&prev=search HTTP/1.1" 404 1018
66.249.66.81 - - [25/Dec/2019:01:37:00 -0500] "GET /BLA/resoluciones/RESOLUCIONES%202008/5679.pdf HTTP/1.1" 200 188073
51.68.180.1 - - [25/Dec/2019:01:37:37 -0500] "GET /administrator/index.php HTTP/1.1" 404 1015
216.244.66.195 - - [25/Dec/2019:01:38:18 -0500] "GET /BLA/resoluciones/RESOLUCIONES%202009/1086.pdf HTTP/1.1" 200 274742
66.249.66.155 - - [25/Dec/2019:01:37:37 -0500] "GET /BLA/boletinlegal/ HTTP/1.1" 200 68662
66.249.66.81 - - [25/Dec/2019:01:39:16 -0500] "GET /BLA/resoluciones/AUTOS%202013/3694.pdf HTTP/1.1" 200 1050932
66.249.66.82 - - [25/Dec/2019:01:39:30 -0500] "GET /BLA/resoluciones/AUTOS%202013/0493.pdf HTTP/1.1" 304 -
157.55.39.44 - - [25/Dec/2019:01:40:23 -0500] "GET /robots.txt HTTP/1.1" 404 1019
157.55.39.86 - - [25/Dec/2019:01:40:29 -0500] "GET /BLA/boletinlegal/Circulares/2013/Circular%20No.%208%20del%201%20de%20Noviembre%20de%202013.pdf HTTP/1.1" 304 -
216.244.66.195 - - [25/Dec/2019:01:40:36 -0500] "GET /BLA/resoluciones/RESOLUCIONES%202009/1093.pdf HTTP/1.1" 200 284019
69.162.124.232 - - [25/Dec/2019:01:40:45 -0500] "HEAD / HTTP/1.1" 200 -
66.249.66.82 - - [25/Dec/2019:01:40:52 -0500] "GET /BLA/resoluciones/RESOLUCIONES%202006/RES%202006%201601-1650/00001605.tif HTTP/1.1" 304 -
54.36.150.183 - - [25/Dec/2019:01:41:01 -0500] "GET /BLA/resoluciones/RESOLUCIONES%202003/RES%202003%20301-350/347.tif HTTP/1.1" 200 160916
66.249.66.81 - - [25/Dec/2019:01:41:23 -0500] "GET /BLA/resoluciones/RESOLUCIONES%202011/5423.pdf HTTP/1.1" 200 490219
66.249.66.81 - - [25/Dec/2019:01:42:01 -0500] "GET /BLA/resoluciones/RESOLUCIONES%202010/7324.pdf HTTP/1.1" 200 512327
42.236.10.78 - - [25/Dec/2019:01:42:18 -0500] "GET /galeria/galeria/jquery.fancybox.css?v=2.1.5 HTTP/1.1" 200 4895
42.236.10.75 - - [25/Dec/2019:01:42:18 -0500] "GET /galeria/carrusel/Carrusel/jquery.thumbnailScroller.css HTTP/1.1" 200 2066
42.236.10.84 - - [25/Dec/2019:01:42:18 -0500] "GET /galeria/galeria/jquery.fancybox.js?v=2.1.5 HTTP/1.1" 200 48706
42.236.10.93 - - [25/Dec/2019:01:42:18 -0500] "GET /BLA/boletinlegal/js/jquery.scrollShow.js HTTP/1.1" 200 4586
66.249.66.81 - - [25/Dec/2019:01:42:38 -0500] "GET /BLA/resoluciones/RESOLUCIONES%202011/1302.pdf HTTP/1.1" 200 74663
66.249.66.81 - - [25/Dec/2019:01:42:55 -0500] "GET /BLA/resoluciones/RESOLUCIONES%202007/RES%202007%203001%20AL%203100/RESOLUCION%203014%20DE%202007.pdf HTTP/1.1" 200 1170012
216.244.66.195 - - [25/Dec/2019:01:42:56 -0500] "GET /BLA/resoluciones/RESOLUCIONES%202009/1237.pdf HTTP/1.1" 200 636032
66.249.66.82 - - [25/Dec/2019:01:43:16 -0500] "GET /BLA/resoluciones/RESOLUCIONES%202009/1685.pdf HTTP/1.1" 200 650541
216.244.66.195 - - [25/Dec/2019:01:43:46 -0500] "GET /BLA/resoluciones/RESOLUCIONES%202009/1263.pdf HTTP/1.1" 200 596287
66.249.66.82 - - [25/Dec/2019:01:44:31 -0500] "GET /BLA/resoluciones/RESOLUCIONES%202017/1799.pdf HTTP/1.1" 200 496444
66.249.66.81 - - [25/Dec/2019:01:44:46 -0500] "GET /BLA/resoluciones/AUTOS%202017/3604.pdf HTTP/1.1" 200 687253
66.249.66.81 - - [25/Dec/2019:01:44:54 -0500] "GET /portel_dama/libreria/php/2006/ECOSISTEMAS%20FINAL%20web_mz27/x%20restauracion/sitio/55_artic/xtras/13.pdf HTTP/1.1" 404 1018
66.249.66.82 - - [25/Dec/2019:01:45:46 -0500] "GET /BLA/resoluciones/AUTOS%202014/2144.pdf HTTP/1.1" 304 -
66.249.66.81 - - [25/Dec/2019:01:46:05 -0500] "GET /portel_dama/libreria/php/2006/restauracion/55_artic/xtras/2.pdf HTTP/1.1" 404 1018
216.244.66.195 - - [25/Dec/2019:01:46:07 -0500] "GET /BLA/resoluciones/RESOLUCIONES%202009/1336.pdf HTTP/1.1" 200 535372
66.249.66.81 - - [25/Dec/2019:01:47:00 -0500] "GET /BLA/resoluciones/AUTOS%202017/1251.pdf HTTP/1.1" 200 409678
128.14.134.134 - - [25/Dec/2019:01:47:05 -0500] "GET / HTTP/1.1" 200 9990
66.249.66.81 - - [25/Dec/2019:01:47:07 -0500] "GET /BLA/resoluciones/RESOLUCIONES%202014/2833.pdf HTTP/1.1" 304 -
209.41.75.140 - - [25/Dec/2019:01:47:54 -0500] "GET /galeria/galeria/jquery.fancybox.css?v=2.1.5 HTTP/1.1" 200 4895
209.41.75.140 - - [25/Dec/2019:01:47:54 -0500] "GET /BLA/boletinlegal/js/jquery.scrollShow.js HTTP/1.1" 200 4586
209.41.75.140 - - [25/Dec/2019:01:47:54 -0500] "GET /galeria/galeria/jquery.fancybox.js?v=2.1.5 HTTP/1.1" 200 48706
66.249.66.81 - - [25/Dec/2019:01:48:17 -0500] "GET /BLA/resoluciones/AUTOS%202015/0175.pdf HTTP/1.1" 304 -
216.244.66.195 - - [25/Dec/2019:01:48:27 -0500] "GET /BLA/resoluciones/RESOLUCIONES%202009/1517.pdf HTTP/1.1" 200 414596
209.41.75.140 - - [25/Dec/2019:01:48:45 -0500] "GET /BLA/boletinlegal/js/jquery.scrollShow.js HTTP/1.1" 200 4586
209.41.75.140 - - [25/Dec/2019:01:48:47 -0500] "GET /galeria/galeria/jquery.fancybox.js?v=2.1.5 HTTP/1.1" 200 48706
209.41.75.140 - - [25/Dec/2019:01:48:48 -0500] "GET /galeria/galeria/jquery.fancybox.css?v=2.1.5 HTTP/1.1" 200 4895
66.249.66.83 - - [25/Dec/2019:01:48:55 -0500] "GET /BLA/resoluciones/RESOLUCIONES%202017/0972.pdf HTTP/1.1" 200 342933
69.162.124.232 - - [25/Dec/2019:01:49:17 -0500] "HEAD / HTTP/1.1" 200 -
191.91.239.8 - - [25/Dec/2019:01:49:25 -0500] "GET /galeria/galeria/jquery.fancybox.css?v=2.1.5 HTTP/1.1" 200 4895
191.91.239.8 - - [25/Dec/2019:01:49:26 -0500] "GET /BLA/boletinlegal/js/jquery.scrollShow.js HTTP/1.1" 200 4586
191.91.239.8 - - [25/Dec/2019:01:49:26 -0500] "GET /galeria/galeria/jquery.fancybox.js?v=2.1.5 HTTP/1.1" 200 48706
66.249.66.81 - - [25/Dec/2019:01:49:32 -0500] "GET /BLA/resoluciones/AUTOS%202016/0466.pdf HTTP/1.1" 200 814175
158.174.122.199 - - [25/Dec/2019:01:49:36 -0500] "-" 408 -
66.249.66.82 - - [25/Dec/2019:01:49:44 -0500] "GET /BLA/resoluciones/AUTOS%202017/3578.pdf HTTP/1.1" 200 273694
66.249.66.82 - - [25/Dec/2019:01:50:10 -0500] "GET /BLA/resoluciones/RESOLUCIONES%202015/1659.pdf HTTP/1.1" 200 1315734
66.249.66.82 - - [25/Dec/2019:01:50:42 -0500] "GET /BLA/resoluciones/AUTOS%202014/3828.pdf HTTP/1.1" 200 480949
216.244.66.195 - - [25/Dec/2019:01:50:45 -0500] "GET /BLA/resoluciones/RESOLUCIONES%202009/1802.pdf HTTP/1.1" 200 757250
66.249.66.81 - - [25/Dec/2019:01:50:49 -0500] "GET /BLA/resoluciones/RESOLUCIONES%202017/2105.pdf HTTP/1.1" 304 -
66.249.66.81 - - [25/Dec/2019:01:51:16 -0500] "GET /BLA/resoluciones/RESOLUCIONES%202010/4357.pdf HTTP/1.1" 200 501475
66.249.66.81 - - [25/Dec/2019:01:51:25 -0500] "GET /BLA/resoluciones/RESOLUCIONES%202016/0459.pdf HTTP/1.1" 304 -
216.244.66.195 - - [25/Dec/2019:01:51:36 -0500] "GET /BLA/resoluciones/RESOLUCIONES%202009/1847.pdf HTTP/1.1" 200 517180
207.46.13.30 - - [25/Dec/2019:01:52:14 -0500] "GET /BLA/boletinlegal/Circulares/2012/Circular%20No.%208%20del%2021%20de%20Agosto%20de%202012.pdf HTTP/1.1" 200 963197
216.244.66.195 - - [25/Dec/2019:01:53:56 -0500] "GET /BLA/resoluciones/RESOLUCIONES%202009/1889.pdf HTTP/1.1" 200 590759
66.249.66.81 - - [25/Dec/2019:01:54:33 -0500] "GET /BLA/resoluciones/RESOLUCIONES%202009/2669.pdf HTTP/1.1" 200 588461
169.197.108.38 - - [25/Dec/2019:01:54:56 -0500] "GET / HTTP/1.1" 200 9990
66.249.66.81 - - [25/Dec/2019:01:55:11 -0500] "GET /BLA/resoluciones/RESOLUCIONES%202019/0312.pdf HTTP/1.1" 304 -
66.249.66.82 - - [25/Dec/2019:01:55:39 -0500] "GET /BLA/resoluciones/AUTOS%202015/4350.pdf HTTP/1.1" 200 506540
66.249.66.82 - - [25/Dec/2019:01:55:48 -0500] "GET /BLA/resoluciones/RESOLUCIONES%202017/1850.pdf HTTP/1.1" 304 -
216.244.66.195 - - [25/Dec/2019:01:56:14 -0500] "GET /BLA/resoluciones/RESOLUCIONES%202009/1965.pdf HTTP/1.1" 200 491427
69.162.124.232 - - [25/Dec/2019:01:56:16 -0500] "HEAD / HTTP/1.1" 200 -
66.249.66.81 - - [25/Dec/2019:01:56:26 -0500] "GET /BLA/resoluciones/RESOLUCIONES%202017/0793.pdf HTTP/1.1" 304 -
201.244.50.38 - - [25/Dec/2019:01:56:28 -0500] "GET /galeria/galeria/jquery.fancybox.js?v=2.1.5 HTTP/1.1" 304 -
201.244.50.38 - - [25/Dec/2019:01:56:28 -0500] "GET /BLA/boletinlegal/js/jquery.scrollShow.js HTTP/1.1" 304 -
66.249.66.82 - - [25/Dec/2019:01:56:41 -0500] "GET /resoluciones/RESOLUCIONES%202007/RES%202007%20701%20AL%20800/RESOLUCION%200717%20DE%202007.pdf HTTP/1.1" 404 1018
93.160.60.22 - - [25/Dec/2019:01:56:43 -0500] "GET / HTTP/1.1" 200 9990
216.244.66.195 - - [25/Dec/2019:01:56:52 -0500] "GET /BLA/resoluciones/RESOLUCIONES%202010/0004.pdf HTTP/1.1" 200 348884
66.249.66.81 - - [25/Dec/2019:01:57:24 -0500] "GET /BLA/resoluciones/RESOLUCIONES%202010/5163.pdf HTTP/1.1" 200 979918
66.249.66.81 - - [25/Dec/2019:01:57:41 -0500] "GET /BLA/resoluciones/AUTOS%202017/4057.pdf HTTP/1.1" 304 -
54.36.150.84 - - [25/Dec/2019:01:58:09 -0500] "GET /BLA/resoluciones/RESOLUCIONES%202003/RES%202003%20901-950/922.tif HTTP/1.1" 200 332152
216.244.66.195 - - [25/Dec/2019:01:58:15 -0500] "GET /BLA/resoluciones/RESOLUCIONES%202010/0035.pdf HTTP/1.1" 200 467718
66.249.66.81 - - [25/Dec/2019:01:58:19 -0500] "GET /BLA/resoluciones/RESOLUCIONES%202013/0298.pdf HTTP/1.1" 200 3140015
66.249.66.81 - - [25/Dec/2019:01:59:19 -0500] "GET /BLA/resoluciones/RESOLUCIONES%202009/4458.pdf HTTP/1.1" 200 411262
216.244.66.195 - - [25/Dec/2019:01:59:26 -0500] "GET /BLA/resoluciones/RESOLUCIONES%202010/0213.pdf HTTP/1.1" 200 534555
216.244.66.195 - - [25/Dec/2019:02:00:09 -0500] "GET /BLA/resoluciones/RESOLUCIONES%202010/0227.pdf HTTP/1.1" 200 215415
66.249.66.156 - - [25/Dec/2019:02:00:50 -0500] "GET /Anexos%20estudio%20Organizacional%20SDA/ANEXO%20No.%204%20-%20ENCUESTA%20DE%20AN%C3%81LISIS%20ORGANIZACIONAL/ENCUESTA%20SUBDIRECCI%C3%93N%20SILVICULTURA.DOC HTTP/1.1" 304 -
216.244.66.195 - - [25/Dec/2019:02:01:16 -0500] "GET /BLA/resoluciones/RESOLUCIONES%202010/0305.pdf HTTP/1.1" 200 567517
66.249.66.83 - - [25/Dec/2019:02:01:27 -0500] "GET /BLA/resoluciones/RESOLUCIONES%202008/3800.pdf HTTP/1.1" 304 -
66.249.88.23 - - [25/Dec/2019:02:01:36 -0500] "GET /galeria/galeria/jquery.fancybox.css?v=2.1.5 HTTP/1.1" 200 4895
66.249.88.19 - - [25/Dec/2019:02:01:36 -0500] "GET /galeria/galeria/jquery.fancybox.js?v=2.1.5 HTTP/1.1" 200 48706
66.249.88.25 - - [25/Dec/2019:02:01:36 -0500] "GET /BLA/boletinlegal/js/jquery.scrollShow.js HTTP/1.1" 200 4586
66.249.66.81 - - [25/Dec/2019:02:03:08 -0500] "GET /BLA/resoluciones/RESOLUCIONES%202015/1280.pdf HTTP/1.1" 200 536902
69.162.124.232 - - [25/Dec/2019:02:03:11 -0500] "HEAD / HTTP/1.1" 200 -
66.249.66.81 - - [25/Dec/2019:02:03:20 -0500] "GET /BLA/resoluciones/RESOLUCIONES%202007/RES%202007%201601%20AL%201725/RESOLUCION%201604%20DE%202007.pdf HTTP/1.1" 200 212237
66.249.66.81 - - [25/Dec/2019:02:03:58 -0500] "GET /BLA/resoluciones/RESOLUCIONES%202010/0149.pdf HTTP/1.1" 200 552889
66.249.66.81 - - [25/Dec/2019:02:04:35 -0500] "GET /BLA/resoluciones/RESOLUCIONES%202010/7877.pdf HTTP/1.1" 200 472928
66.249.66.81 - - [25/Dec/2019:02:05:13 -0500] "GET /BLA/resoluciones/RESOLUCIONES%202008/3328.pdf HTTP/1.1" 200 31206
54.36.150.124 - - [25/Dec/2019:02:05:26 -0500] "GET /BLA/resoluciones/RESOLUCIONES%202006/RES%202006%202301-2350/00002316.tif HTTP/1.1" 200 76704
66.249.66.83 - - [25/Dec/2019:02:05:51 -0500] "GET /BLA/resoluciones/RESOLUCIONES%202007/RES%202007%203201%20AL%203300/RESOLUCION%203289%20DE%202007.pdf HTTP/1.1" 200 442479
66.249.66.82 - - [25/Dec/2019:02:06:28 -0500] "GET /BLA/resoluciones/AUTOS%202013/1801.pdf HTTP/1.1" 200 638124
66.102.8.187 - - [25/Dec/2019:02:06:28 -0500] "GET /BLA/boletinlegal/js/jquery.scrollShow.js HTTP/1.1" 200 4586
66.102.8.191 - - [25/Dec/2019:02:06:28 -0500] "GET /galeria/galeria/jquery.fancybox.js?v=2.1.5 HTTP/1.1" 200 48706
66.102.8.187 - - [25/Dec/2019:02:06:28 -0500] "GET /galeria/galeria/jquery.fancybox.css?v=2.1.5 HTTP/1.1" 200 4895
66.102.8.187 - - [25/Dec/2019:02:06:29 -0500] "GET /galeria/nivo-slider/themes/default/bullets.png HTTP/1.1" 200 1281
66.102.8.191 - - [25/Dec/2019:02:06:29 -0500] "GET /galeria/nivo-slider/themes/default/arrows.png HTTP/1.1" 200 824
5.255.250.154 - - [25/Dec/2019:02:06:45 -0500] "GET /robots.txt HTTP/1.1" 404 1038
5.255.250.154 - - [25/Dec/2019:02:06:48 -0500] "GET / HTTP/1.1" 200 9990
66.249.66.82 - - [25/Dec/2019:02:06:52 -0500] "GET /Publicaciones/2019EE52395.pdf HTTP/1.1" 404 227
103.27.125.18 - - [25/Dec/2019:02:06:59 -0500] "GET / HTTP/1.1" 200 9990
66.249.66.81 - - [25/Dec/2019:02:07:06 -0500] "GET /BLA/resoluciones/AUTOS%202014/2203.pdf HTTP/1.1" 200 493354
69.162.124.232 - - [25/Dec/2019:02:07:29 -0500] "HEAD / HTTP/1.1" 200 -
5.255.250.75 - - [25/Dec/2019:02:07:29 -0500] "GET /robots.txt HTTP/1.1" 404 1019
77.88.47.55 - - [25/Dec/2019:02:07:33 -0500] "GET /StormSDA/userFiles%20-%20Copy%2019-07-2012/user_files/formatos/2.xml HTTP/1.1" 200 1629
66.249.66.81 - - [25/Dec/2019:02:07:43 -0500] "GET /BLA/resoluciones/RESOLUCIONES%202008/0928.pdf HTTP/1.1" 200 50294
66.249.66.82 - - [25/Dec/2019:02:08:21 -0500] "GET /BLA/resoluciones/AUTOS%202015/6391.pdf HTTP/1.1" 200 711629
66.249.66.81 - - [25/Dec/2019:02:08:59 -0500] "GET /BLA/resoluciones/RESOLUCIONES%202014/0721.pdf HTTP/1.1" 200 576677
66.249.66.81 - - [25/Dec/2019:02:09:11 -0500] "GET /BLA/resoluciones/AUTOS%202009/1861.pdf HTTP/1.1" 200 101532
66.249.66.81 - - [25/Dec/2019:02:09:18 -0500] "GET /BLA/resoluciones/AUTOS%202014/5789.pdf HTTP/1.1" 200 208276
66.249.66.81 - - [25/Dec/2019:02:09:36 -0500] "GET /BLA/resoluciones/AUTOS%202007/2552.pdf HTTP/1.1" 200 47972
66.249.66.81 - - [25/Dec/2019:02:10:14 -0500] "GET /BLA/resoluciones/AUTOS%202010/5781.pdf HTTP/1.1" 200 283710
66.249.66.81 - - [25/Dec/2019:02:10:52 -0500] "GET /BLA/resoluciones/AUTOS%202016/0936.pdf HTTP/1.1" 200 480819
66.249.66.82 - - [25/Dec/2019:02:11:29 -0500] "GET /BLA/resoluciones/AUTOS%202011/4029.pdf HTTP/1.1" 200 302676
66.249.88.23 - - [25/Dec/2019:02:11:52 -0500] "GET /galeria/galeria/jquery.fancybox.css?v=2.1.5 HTTP/1.1" 200 4895
66.249.88.19 - - [25/Dec/2019:02:11:52 -0500] "GET /galeria/carrusel/Carrusel/jquery.thumbnailScroller.css HTTP/1.1" 200 2066
66.249.88.23 - - [25/Dec/2019:02:11:52 -0500] "GET /galeria/galeria/jquery.fancybox.js?v=2.1.5 HTTP/1.1" 200 48706
66.249.88.25 - - [25/Dec/2019:02:11:52 -0500] "GET /BLA/boletinlegal/js/jquery.scrollShow.js HTTP/1.1" 200 4586
66.249.88.25 - - [25/Dec/2019:02:11:52 -0500] "GET /galeria/carrusel/Carrusel/jquery-ui-1.8.13.custom.min.js HTTP/1.1" 200 10800
66.249.88.19 - - [25/Dec/2019:02:11:52 -0500] "GET /galeria/carrusel/Carrusel/jquery.thumbnailScroller.js HTTP/1.1" 200 8157
66.249.66.81 - - [25/Dec/2019:02:11:55 -0500] "GET /portel_dama/libreria/pdf/ecosistemas/areas_prot/sitio/xtras/2.pdf HTTP/1.1" 404 1018
66.249.88.19 - - [25/Dec/2019:02:11:55 -0500] "GET /galeria/nivo-slider/demo/inicio.html HTTP/1.1" 200 4435
190.15.0.65 - - [25/Dec/2019:02:11:56 -0500] "GET /galeria/nivo-slider/demo/images/banneriniciativa.jpg HTTP/1.1" 304 -
66.249.88.19 - - [25/Dec/2019:02:11:56 -0500] "GET /galeria/nivo-slider/themes/default/default.css HTTP/1.1" 200 1569
66.249.88.23 - - [25/Dec/2019:02:11:56 -0500] "GET /galeria/nivo-slider/themes/pascal/pascal.css HTTP/1.1" 200 2258
66.249.88.23 - - [25/Dec/2019:02:11:56 -0500] "GET /galeria/nivo-slider/nivo-slider.css HTTP/1.1" 200 1507
66.249.88.25 - - [25/Dec/2019:02:11:56 -0500] "GET /galeria/nivo-slider/themes/orman/orman.css HTTP/1.1" 200 2152
66.249.88.19 - - [25/Dec/2019:02:11:56 -0500] "GET /galeria/nivo-slider/demo/images/Bannercalculadora.jpg HTTP/1.1" 200 313099
66.249.88.23 - - [25/Dec/2019:02:11:56 -0500] "GET /galeria/nivo-slider/demo/style.css HTTP/1.1" 200 2222
66.249.88.23 - - [25/Dec/2019:02:11:56 -0500] "GET /galeria/nivo-slider/demo/scripts/jquery-1.7.1.min.js HTTP/1.1" 200 93868
66.249.88.25 - - [25/Dec/2019:02:11:57 -0500] "GET /galeria/nivo-slider/jquery.nivo.slider.pack.js HTTP/1.1" 200 11561
66.249.88.25 - - [25/Dec/2019:02:11:57 -0500] "GET /galeria/nivo-slider/demo/images/bannerwebmusgo.jpg HTTP/1.1" 200 367364
66.249.88.25 - - [25/Dec/2019:02:11:57 -0500] "GET /galeria/nivo-slider/demo/images/banneragendamiento.jpg HTTP/1.1" 200 116897
66.249.88.19 - - [25/Dec/2019:02:11:57 -0500] "GET /galeria/nivo-slider/demo/images/bannerjardines.jpg HTTP/1.1" 200 417948
66.249.88.23 - - [25/Dec/2019:02:11:57 -0500] "GET /galeria/nivo-slider/demo/images/4Simple_Slider.png HTTP/1.1" 200 11722
66.249.88.25 - - [25/Dec/2019:02:11:57 -0500] "GET /galeria/nivo-slider/themes/default/loading.gif HTTP/1.1" 200 1737
66.249.88.25 - - [25/Dec/2019:02:11:57 -0500] "GET /galeria/nivo-slider/demo/images/banneriniciativa.jpg HTTP/1.1" 200 200385
66.249.88.25 - - [25/Dec/2019:02:11:57 -0500] "GET /galeria/nivo-slider/demo/images/diciembrecaminatas.png HTTP/1.1" 200 510724
66.249.88.19 - - [25/Dec/2019:02:11:57 -0500] "GET /galeria/nivo-slider/demo/images/Banner%20tinguas.jpg HTTP/1.1" 200 214878
66.249.88.23 - - [25/Dec/2019:02:11:57 -0500] "GET /galeria/nivo-slider/demo/images/Bannerserpiente2019.jpg HTTP/1.1" 200 270374
66.249.88.25 - - [25/Dec/2019:02:11:58 -0500] "GET /galeria/nivo-slider/demo/images/puntos%20atencion%20BANNER.jpg HTTP/1.1" 200 244208
66.249.88.19 - - [25/Dec/2019:02:11:58 -0500] "GET /galeria/nivo-slider/demo/images/Banner%20Visor%20Geografico%20Ambiental.jpg HTTP/1.1" 200 204673
66.249.88.23 - - [25/Dec/2019:02:11:59 -0500] "GET /galeria/nivo-slider/demo/images/Banner%20consumo%20sostenible%20final.jpg HTTP/1.1" 200 364746
66.249.88.25 - - [25/Dec/2019:02:11:59 -0500] "GET /galeria/nivo-slider/demo/images/Banner%20RCD.jpg HTTP/1.1" 200 92197
66.249.88.19 - - [25/Dec/2019:02:11:59 -0500] "GET /galeria/nivo-slider/demo/images/Banner%20practicas%20sostenibles.jpg HTTP/1.1" 200 142958
66.249.88.25 - - [25/Dec/2019:02:11:59 -0500] "GET /galeria/nivo-slider/demo/images/Banner%20Conpes.jpg HTTP/1.1" 200 55220
66.249.88.23 - - [25/Dec/2019:02:11:59 -0500] "GET /galeria/nivo-slider/demo/images/Banner%20POT.png HTTP/1.1" 200 418238
66.249.88.23 - - [25/Dec/2019:02:11:59 -0500] "GET /galeria/nivo-slider/demo/images/Banneranonimos.png HTTP/1.1" 200 109388
66.249.88.23 - - [25/Dec/2019:02:12:02 -0500] "GET /galeria/nivo-slider/themes/default/arrows.png HTTP/1.1" 200 824
66.249.88.23 - - [25/Dec/2019:02:12:02 -0500] "GET /galeria/nivo-slider/themes/default/bullets.png HTTP/1.1" 200 1281
66.249.66.81 - - [25/Dec/2019:02:12:07 -0500] "GET /BLA/resoluciones/Notificaciones/AUTOS%202014/5623.doc HTTP/1.1" 304 -
69.162.124.232 - - [25/Dec/2019:02:12:29 -0500] "HEAD / HTTP/1.1" 200 -
35.202.2.1 - - [25/Dec/2019:02:12:58 -0500] "GET /robots.txt HTTP/1.1" 404 1018
99.203.94.171 - - [25/Dec/2019:02:13:32 -0500] "-" 408 -
66.249.66.83 - - [25/Dec/2019:02:14:37 -0500] "GET /BLA/resoluciones/AUTOS%202015/2262.pdf HTTP/1.1" 200 655600
35.202.2.1 - - [25/Dec/2019:02:14:38 -0500] "GET /Residuos/textiles/textiles.html HTTP/1.1" 200 1959
66.249.66.81 - - [25/Dec/2019:02:15:15 -0500] "GET /BLA/resoluciones/AUTOS%202017/2661.pdf HTTP/1.1" 304 -
66.249.66.83 - - [25/Dec/2019:02:15:48 -0500] "GET /BLA/resoluciones/AUTOS%202013/2813.pdf HTTP/1.1" 200 259542
66.249.66.81 - - [25/Dec/2019:02:15:55 -0500] "GET /BLA/resoluciones/AUTOS%202014/1582.pdf HTTP/1.1" 304 -
46.229.168.149 - - [25/Dec/2019:02:16:00 -0500] "GET /robots.txt HTTP/1.1" 404 1049
46.229.168.138 - - [25/Dec/2019:02:16:00 -0500] "GET /www.bogota.gov.co/sdqs HTTP/1.1" 404 1049
66.249.66.82 - - [25/Dec/2019:02:16:30 -0500] "GET /BLA/resoluciones/AUTOS%202014/5960.pdf HTTP/1.1" 304 -
201.245.192.253 - - [25/Dec/2019:02:15:48 -0500] "POST /kwsrmcab/Wsrmcab HTTP/1.1" 200 32221
201.245.192.253 - - [25/Dec/2019:02:15:48 -0500] "POST /kwsrmcab/Wsrmcab HTTP/1.1" 200 32198
66.249.66.82 - - [25/Dec/2019:02:17:08 -0500] "GET /BLA/resoluciones/AUTOS%202015/3683.pdf HTTP/1.1" 200 582849
201.245.192.253 - - [25/Dec/2019:02:16:48 -0500] "POST /kwsrmcab/Wsrmcab HTTP/1.1" 200 32287
69.162.124.232 - - [25/Dec/2019:02:17:29 -0500] "HEAD / HTTP/1.1" 200 -
66.249.66.83 - - [25/Dec/2019:02:17:46 -0500] "GET /BLA/resoluciones/AUTOS%202007/2815.pdf HTTP/1.1" 304 -
66.249.66.81 - - [25/Dec/2019:02:18:07 -0500] "GET /BLA/resoluciones/Autos%202008/3237.pdf HTTP/1.1" 200 69389
46.229.168.133 - - [25/Dec/2019:02:18:08 -0500] "GET /robots.txt HTTP/1.1" 404 1019
46.229.168.163 - - [25/Dec/2019:02:18:08 -0500] "GET /Anexos%20estudio%20Organizacional%20SDA/index.php?dir=ANEXO%2BNo.%2B8%2B-%2BMATRICES%2BDE%2BREGISTRO%2BY%2BDE%2BSALIDA%2BMEDICI%C3%83%C2%83%C3%82%C2%83%C3%83%C2%82%C3%82%C2%83%C3%83%C2%83%C3%82%C2%82%C3%83%C2%82%C3%82%C2%93N%2BCARGAS%2BLABORALES%2BSDA%2F&order=desc&sort=size HTTP/1.1" 200 6333
66.249.66.81 - - [25/Dec/2019:02:18:13 -0500] "GET /BLA/resoluciones/AUTOS%202011/0325.pdf HTTP/1.1" 200 154187
66.249.66.81 - - [25/Dec/2019:02:18:22 -0500] "GET /BLA/resoluciones/AUTOS%202007/3295.pdf HTTP/1.1" 200 411142
66.249.88.19 - - [25/Dec/2019:02:18:27 -0500] "GET /galeria/galeria/jquery.fancybox.css?v=2.1.5 HTTP/1.1" 200 4895
66.249.88.23 - - [25/Dec/2019:02:18:27 -0500] "GET /BLA/boletinlegal/js/jquery.scrollShow.js HTTP/1.1" 200 4586
66.249.88.23 - - [25/Dec/2019:02:18:27 -0500] "GET /galeria/galeria/jquery.fancybox.js?v=2.1.5 HTTP/1.1" 200 48706
66.249.66.81 - - [25/Dec/2019:02:18:31 -0500] "GET /BLA/resoluciones/AUTOS%202010/2905.pdf HTTP/1.1" 200 741488
54.36.150.165 - - [25/Dec/2019:02:19:00 -0500] "GET /BLA/resoluciones/RESOLUCIONES%202000/2000%202450-2499.tif HTTP/1.1" 200 4743204
66.249.66.81 - - [25/Dec/2019:02:19:01 -0500] "GET /BLA/resoluciones/RESOLUCIONES%202010/7144.pdf HTTP/1.1" 200 293591
66.249.66.81 - - [25/Dec/2019:02:19:08 -0500] "GET /BLA/resoluciones/AUTOS%202011/2485.pdf HTTP/1.1" 200 86140
66.249.66.82 - - [25/Dec/2019:02:19:15 -0500] "GET /BLA/resoluciones/RESOLUCIONES%202009/1734.pdf HTTP/1.1" 200 238398
46.229.168.151 - - [25/Dec/2019:02:19:18 -0500] "GET /Autoliquidacion/index.php?dir=Grupo%2BForestal%2B-%2BIndustria%2Bde%2Bla%2BMadera%2F&order=desc&sort=date HTTP/1.1" 200 6648
66.249.66.81 - - [25/Dec/2019:02:19:21 -0500] "GET /BLA/resoluciones/AUTOS%202011/1533.pdf HTTP/1.1" 200 155991
66.249.66.81 - - [25/Dec/2019:02:20:16 -0500] "GET /BLA/resoluciones/RESOLUCIONES%202016/0347.pdf HTTP/1.1" 200 859063
66.249.66.81 - - [25/Dec/2019:02:20:54 -0500] "GET /BLA/boletinlegal/conceptos/2013/147.pdf HTTP/1.1" 304 -
5.255.250.154 - - [25/Dec/2019:02:21:29 -0500] "GET /StormSDA/userFiles/user_files/Str_Informe.xml HTTP/1.1" 200 346
66.249.66.83 - - [25/Dec/2019:02:21:31 -0500] "GET /BLA/resoluciones/RESOLUCIONES%202014/3907.pdf HTTP/1.1" 200 603396
66.249.66.83 - - [25/Dec/2019:02:21:40 -0500] "GET /BLA/resoluciones/AUTOS%202010/2482.pdf HTTP/1.1" 200 226015
66.249.88.25 - - [25/Dec/2019:02:21:44 -0500] "GET /BLA/boletinlegal/js/jquery.scrollShow.js HTTP/1.1" 200 4586
