216.244.66.195 - - [25/Dec/2019:05:18:54 -0500] "GET /BLA/resoluciones/RESOLUCIONES%202003/RES%202003%201801-1850/20031844.tif HTTP/1.1" 200 171598
216.244.66.195 - - [25/Dec/2019:05:18:58 -0500] "GET /BLA/resoluciones/RESOLUCIONES%202003/RES%202003%201801-1850/20031845.tif HTTP/1.1" 200 316022
66.249.66.81 - - [25/Dec/2019:05:19:00 -0500] "GET /BLA/resoluciones/AUTOS%202015/2751.pdf HTTP/1.1" 304 -
46.229.168.163 - - [25/Dec/2019:05:19:23 -0500] "GET /Anexos%20estudio%20Organizacional%20SDA/index.php?dir=ANEXO%2BNo.11-PROYECTO%2BDE%2BDECRETO%2BMODIFICATORIO%2BPLANTA%2BDE%2BCARGOS%2BSDA%2F HTTP/1.1" 200 6211
66.249.66.81 - - [25/Dec/2019:05:20:16 -0500] "GET /BLA/resoluciones/AUTOS%202015/2993.pdf HTTP/1.1" 200 580063
216.244.66.195 - - [25/Dec/2019:05:20:38 -0500] "GET /BLA/resoluciones/RESOLUCIONES%202004/RES%202004%201251-1300/00001256.tif HTTP/1.1" 200 128818
216.244.66.195 - - [25/Dec/2019:05:20:46 -0500] "GET /BLA/resoluciones/RESOLUCIONES%202004/RES%202004%202001-2050/00002007.tif HTTP/1.1" 200 45920
216.244.66.195 - - [25/Dec/2019:05:20:58 -0500] "GET /BLA/resoluciones/RESOLUCIONES%202004/RES%202004%202001-2050/00002015.tif HTTP/1.1" 200 46586
216.244.66.195 - - [25/Dec/2019:05:21:07 -0500] "GET /BLA/resoluciones/RESOLUCIONES%202006/RES%202006%201151-1200/00001171.tif HTTP/1.1" 200 154652
216.244.66.195 - - [25/Dec/2019:05:21:16 -0500] "GET /BLA/resoluciones/RESOLUCIONES%202006/RES%202006%201401-1450/00001421.tif HTTP/1.1" 200 245374
66.249.66.83 - - [25/Dec/2019:05:21:31 -0500] "GET /BLA/resoluciones/AUTOS%202016/1379.pdf HTTP/1.1" 200 497341
216.244.66.195 - - [25/Dec/2019:05:22:14 -0500] "GET /BLA/resoluciones/RESOLUCIONES%202006/RES%202006%201401-1450/00001443.tif HTTP/1.1" 200 235228
66.249.66.82 - - [25/Dec/2019:05:22:46 -0500] "GET /BLA/resoluciones/AUTOS%202016/0509.pdf HTTP/1.1" 304 -
54.36.148.87 - - [25/Dec/2019:05:23:09 -0500] "GET /BLA/resoluciones/RESOLUCIONES%202004/RES%202004%201001-1050/00001028.tif HTTP/1.1" 200 150348
66.249.66.82 - - [25/Dec/2019:05:23:24 -0500] "GET /BLA/resoluciones/RESOLUCIONES%202007/RES%202007%203801%20AL%203900/RESOLUCION%203850%20DE%202007.pdf HTTP/1.1" 304 -
216.244.66.195 - - [25/Dec/2019:05:23:38 -0500] "GET /BLA/resoluciones/RESOLUCIONES%202007/RES%202007%203801%20AL%203900/RESOLUCION%203802%20DE%202007.pdf HTTP/1.1" 200 417932
66.249.66.82 - - [25/Dec/2019:05:24:01 -0500] "GET /BLA/resoluciones/AUTOS%202008/2918.pdf HTTP/1.1" 304 -
66.249.66.82 - - [25/Dec/2019:05:25:17 -0500] "GET /BLA/resoluciones/RESOLUCIONES%202013/0180.pdf HTTP/1.1" 304 -
46.229.168.147 - - [25/Dec/2019:05:25:26 -0500] "GET /robots.txt HTTP/1.1" 404 1019
46.229.168.130 - - [25/Dec/2019:05:25:27 -0500] "GET /Autoliquidacion/index.php?dir=TR%C3%83%C2%83%C3%82%C2%83%C3%83%C2%82%C3%82%C2%83%C3%83%C2%83%C3%82%C2%82%C3%83%C2%82%C3%82%C2%83%C3%83%C2%83%C3%82%C2%83%C3%83%C2%82%C3%82%C2%82%C3%83%C2%83%C3%82%C2%82%C3%83%C2%82%C3%82%C2%83%C3%83%C2%83%C3%82%C2%83%C3%83%C2%82%C3%82%C2%83%C3%83%C2%83%C3%82%C2%82%C3%83%C2%82%C3%82%C2%82%C3%83%C2%83%C3%82%C2%83%C3%83%C2%82%C3%82%C2%82%C3%83%C2%83%C3%82%C2%82%C3%83%C2%82%C3%82%C2%83%C3%83%C2%83%C3%82%C2%83%C3%83%C2%82%C3%82%C2%83%C3%83%C2%83%C3%82%C2%82%C3%83%C2%82%C3%82%C2%83%C3%83%C2%83%C3%82%C2%83%C3%83%C2%82%C3%82%C2%82%C3%83%C2%83%C3%82%C2%82%C3%83%C2%82%C3%82%C2%82%C3%83%C2%83%C3%82%C2%83%C3%83%C2%82%C3%82%C2%83%C3%83%C2%83%C3%82%C2%82%C3%83%C2%82%C3%82%C2%82%C3%83%C2%83%C3%82%C2%83%C3%83%C2%82%C3%82%C2%82%C3%83%C2%83%C3%82%C2%82%C3%83%C2%82%C3%82%C2%83%C3%83%C2%83%C3%82%C2%83%C3%83%C2%82%C3%82%C2%83%C3%83%C2%83%C3%82%C2%82%C3%83%C2%82%C3%82%C2%83%C3%83%C2%83%C3%82%C2%83%C3%83%C2%82%C3%82%C2%82%C3%83%C2%83%C3%82%C2%82%C3%83%C2%82%C3%82%C2%83%C3%83%C2%83%C3%82%C2%83%C3%83%C2%82%C3%82%C2%83%C3%83%C2%83%C3%82%C2%82%C3%83%C2%82%C3%82%C2%82%C3%83%C2%83%C3%82%C2%83%C3%83%C2%82%C3%82%C2%82%C3%83%C2%83%C3%82%C2%82%C3%83%C2%82%C3%82%C2%82%C3%83%C2%83%C3%82%C2%83%C3%83%C2%82%C3%82%C2%83%C3%83%C2%83%C3%82%C2%82%C3%83%C2%82%C3%82%C2%83%C3%83%C2%83%C3%82%C2%83%C3%83%C2%82%C3%82%C2%82%C3%83%C2%83%C3%82%C2%82%C3%83%C2%82%C3%82%C2%82%C3%83%C2%83%C3%82%C2%83%C3%83%C2%82%C3%82%C2%83%C3%83%C2%83%C3%82%C2%82%C3%83%C2%82%C3%82%C2%82%C3%83%C2%83%C3%82%C2%83%C3%83%C2%82%C3%82%C2%82%C3%83%C2%83%C3%82%C2%82%C3%83%C2%82%C3%82%C2%81MITES%2BACEITES-RESIDUOS-ESTACIONES%2FREGISTRO%2BCOMO%2BACOPIADOR%2BPRIMARIO%2F&order=desc&sort=size HTTP/1.1" 200 9847
66.249.66.81 - - [25/Dec/2019:05:25:40 -0500] "GET /BLA/resoluciones/AUTOS%202009/0241.pdf HTTP/1.1" 200 74826
66.249.66.81 - - [25/Dec/2019:05:25:54 -0500] "GET /BLA/resoluciones/AUTOS%202015/2083.pdf HTTP/1.1" 200 718542
216.244.66.195 - - [25/Dec/2019:05:25:56 -0500] "GET /BLA/resoluciones/RESOLUCIONES%202007/RES%202007%203801%20AL%203900/RESOLUCION%203845%20DE%202007.pdf HTTP/1.1" 200 691797
201.245.192.253 - - [25/Dec/2019:05:25:47 -0500] "POST /kwsrmcab/Wsrmcab HTTP/1.1" 200 32432
83.110.97.39 - - [25/Dec/2019:05:27:03 -0500] "GET / HTTP/1.1" 200 9990
83.110.97.39 - - [25/Dec/2019:05:27:04 -0500] "GET /css/bootstrap.min.css HTTP/1.1" 200 105939
83.110.97.39 - - [25/Dec/2019:05:27:04 -0500] "GET /css/style.css HTTP/1.1" 200 3610
83.110.97.39 - - [25/Dec/2019:05:27:04 -0500] "GET /js/jquery.js HTTP/1.1" 200 97120
66.249.66.81 - - [25/Dec/2019:05:27:10 -0500] "GET /BLA/resoluciones/RESOLUCIONES%202017/1642.pdf HTTP/1.1" 304 -
69.162.124.232 - - [25/Dec/2019:05:27:24 -0500] "HEAD / HTTP/1.1" 200 -
46.229.168.137 - - [25/Dec/2019:05:27:25 -0500] "GET /Autoliquidacion/index.php?dir=TR%C3%83%C2%83%C3%82%C2%83%C3%83%C2%82%C3%82%C2%83%C3%83%C2%83%C3%82%C2%82%C3%83%C2%82%C3%82%C2%83%C3%83%C2%83%C3%82%C2%83%C3%83%C2%82%C3%82%C2%82%C3%83%C2%83%C3%82%C2%82%C3%83%C2%82%C3%82%C2%83%C3%83%C2%83%C3%82%C2%83%C3%83%C2%82%C3%82%C2%83%C3%83%C2%83%C3%82%C2%82%C3%83%C2%82%C3%82%C2%82%C3%83%C2%83%C3%82%C2%83%C3%83%C2%82%C3%82%C2%82%C3%83%C2%83%C3%82%C2%82%C3%83%C2%82%C3%82%C2%83%C3%83%C2%83%C3%82%C2%83%C3%83%C2%82%C3%82%C2%83%C3%83%C2%83%C3%82%C2%82%C3%83%C2%82%C3%82%C2%83%C3%83%C2%83%C3%82%C2%83%C3%83%C2%82%C3%82%C2%82%C3%83%C2%83%C3%82%C2%82%C3%83%C2%82%C3%82%C2%82%C3%83%C2%83%C3%82%C2%83%C3%83%C2%82%C3%82%C2%83%C3%83%C2%83%C3%82%C2%82%C3%83%C2%82%C3%82%C2%82%C3%83%C2%83%C3%82%C2%83%C3%83%C2%82%C3%82%C2%82%C3%83%C2%83%C3%82%C2%82%C3%83%C2%82%C3%82%C2%83%C3%83%C2%83%C3%82%C2%83%C3%83%C2%82%C3%82%C2%83%C3%83%C2%83%C3%82%C2%82%C3%83%C2%82%C3%82%C2%83%C3%83%C2%83%C3%82%C2%83%C3%83%C2%82%C3%82%C2%82%C3%83%C2%83%C3%82%C2%82%C3%83%C2%82%C3%82%C2%83%C3%83%C2%83%C3%82%C2%83%C3%83%C2%82%C3%82%C2%83%C3%83%C2%83%C3%82%C2%82%C3%83%C2%82%C3%82%C2%82%C3%83%C2%83%C3%82%C2%83%C3%83%C2%82%C3%82%C2%82%C3%83%C2%83%C3%82%C2%82%C3%83%C2%82%C3%82%C2%82%C3%83%C2%83%C3%82%C2%83%C3%83%C2%82%C3%82%C2%83%C3%83%C2%83%C3%82%C2%82%C3%83%C2%82%C3%82%C2%83%C3%83%C2%83%C3%82%C2%83%C3%83%C2%82%C3%82%C2%82%C3%83%C2%83%C3%82%C2%82%C3%83%C2%82%C3%82%C2%82%C3%83%C2%83%C3%82%C2%83%C3%83%C2%82%C3%82%C2%83%C3%83%C2%83%C3%82%C2%82%C3%83%C2%82%C3%82%C2%82%C3%83%C2%83%C3%82%C2%83%C3%83%C2%82%C3%82%C2%82%C3%83%C2%83%C3%82%C2%82%C3%83%C2%82%C3%82%C2%81MITES%2BACEITES-RESIDUOS-ESTACIONES%2F&order=desc&sort=name HTTP/1.1" 200 8172
66.249.66.82 - - [25/Dec/2019:05:27:47 -0500] "GET /BLA/resoluciones/AUTOS%202014/5809.pdf HTTP/1.1" 304 -
216.244.66.195 - - [25/Dec/2019:05:28:12 -0500] "GET /BLA/resoluciones/RESOLUCIONES%202007/RES%202007%204101%20AL%204200/RESOLUCION%204157%20DE%202007.pdf HTTP/1.1" 200 374121
216.244.66.195 - - [25/Dec/2019:05:28:51 -0500] "GET /BLA/resoluciones/RESOLUCIONES%202007/RES%202007%204101%20AL%204200/RESOLUCION%204170%20DE%202007.pdf HTTP/1.1" 200 1126644
66.249.66.82 - - [25/Dec/2019:05:29:02 -0500] "GET /Caja%20Herramientas%20PIGA/Doc%20Secretaria%20General/Lineamiento%201%20Responsabilidad%20y%20Autoridad%20SIG.pdf HTTP/1.1" 304 -
66.249.66.81 - - [25/Dec/2019:05:29:40 -0500] "GET /BLA/resoluciones/RESOLUCIONES%202007/RES%202007%201501%20AL%201600/RESOLUCION%201576%20DE%202007.pdf HTTP/1.1" 200 511568
66.249.66.82 - - [25/Dec/2019:05:31:33 -0500] "GET /BLA/resoluciones/AUTOS%202018/2513.pdf HTTP/1.1" 200 272615
54.36.148.185 - - [25/Dec/2019:05:32:05 -0500] "GET /BLA/resoluciones/RESOLUCIONES%202004/RES%202004%20651-700/00000658.tif HTTP/1.1" 200 292636
66.249.66.82 - - [25/Dec/2019:05:32:11 -0500] "GET /BLA/resoluciones/RESOLUCIONES%202010/5683.pdf HTTP/1.1" 200 299769
42.236.12.170 - - [25/Dec/2019:05:32:13 -0500] "GET / HTTP/1.1" 200 9990
42.236.10.82 - - [25/Dec/2019:05:32:13 -0500] "GET / HTTP/1.1" 200 9990
42.236.10.79 - - [25/Dec/2019:05:32:14 -0500] "GET / HTTP/1.1" 200 9990
42.236.10.77 - - [25/Dec/2019:05:32:14 -0500] "GET / HTTP/1.1" 200 9990
42.236.12.150 - - [25/Dec/2019:05:32:14 -0500] "GET / HTTP/1.1" 200 9990
42.236.10.91 - - [25/Dec/2019:05:32:14 -0500] "GET / HTTP/1.1" 200 9990
42.236.10.90 - - [25/Dec/2019:05:32:14 -0500] "GET / HTTP/1.1" 200 9990
42.236.10.116 - - [25/Dec/2019:05:32:14 -0500] "GET / HTTP/1.1" 200 9990
207.46.13.30 - - [25/Dec/2019:05:32:36 -0500] "GET /SIIPEV/Diseno%20de%20Elementos%20de%20Mobiliario%20Urbano/Registros/js/dataTables.bootstrap.js HTTP/1.1" 200 4287
40.77.167.36 - - [25/Dec/2019:05:32:40 -0500] "GET /SIIPEV/Diseno%20de%20Elementos%20de%20Mobiliario%20Urbano/Registros/js/jquery.min.js HTTP/1.1" 200 95786
207.46.13.18 - - [25/Dec/2019:05:32:46 -0500] "GET /SIIPEV/Diseno%20de%20Elementos%20de%20Mobiliario%20Urbano/Registros/css/bootstrap.min.css HTTP/1.1" 200 113504
66.249.66.82 - - [25/Dec/2019:05:32:47 -0500] "GET /BLA/resoluciones/AUTOS%202006/AUTOS%202006%202401%20-%202500/00002463.tif HTTP/1.1" 304 -
66.249.66.83 - - [25/Dec/2019:05:32:48 -0500] "GET /BLA/resoluciones/RESOLUCIONES%202017/3515.pdf HTTP/1.1" 304 -
66.249.66.82 - - [25/Dec/2019:05:33:26 -0500] "GET /BLA/resoluciones/AUTOS%202016/1492.pdf HTTP/1.1" 304 -
66.249.88.25 - - [25/Dec/2019:05:33:35 -0500] "GET /galeria/galeria/jquery.fancybox.css?v=2.1.5 HTTP/1.1" 200 4895
66.249.88.25 - - [25/Dec/2019:05:33:35 -0500] "GET /galeria/galeria/jquery.fancybox.js?v=2.1.5 HTTP/1.1" 200 48706
66.249.88.19 - - [25/Dec/2019:05:33:35 -0500] "GET /BLA/boletinlegal/js/jquery.scrollShow.js HTTP/1.1" 200 4586
157.55.39.8 - - [25/Dec/2019:05:34:11 -0500] "GET /SIIPEV/Diseno%20de%20Elementos%20de%20Mobiliario%20Urbano/Registros/js/jquery.dataTables.min.js HTTP/1.1" 200 78766
157.55.39.8 - - [25/Dec/2019:05:34:11 -0500] "GET /SIIPEV/Diseno%20de%20Elementos%20de%20Mobiliario%20Urbano/Registros/css/dataTables.bootstrap.css HTTP/1.1" 200 7679
66.249.66.81 - - [25/Dec/2019:05:35:07 -0500] "GET /BLA/resoluciones/RESOLUCIONES%202010/1030.pdf HTTP/1.1" 200 1088521
201.245.192.253 - - [25/Dec/2019:05:35:47 -0500] "POST /kwsrmcab/Wsrmcab HTTP/1.1" 200 32432
69.162.124.232 - - [25/Dec/2019:05:36:57 -0500] "HEAD / HTTP/1.1" 200 -
66.249.66.81 - - [25/Dec/2019:05:39:05 -0500] "GET /BLA/resoluciones/RESOLUCIONES%202018/2372.pdf HTTP/1.1" 304 -
66.249.66.157 - - [25/Dec/2019:05:39:42 -0500] "GET /BLA/boletinlegal/jurisprudencia/analisis/AnalisisC-035-16.docx HTTP/1.1" 200 25011
66.249.66.81 - - [25/Dec/2019:05:40:20 -0500] "GET /BLA/resoluciones/AUTOS%202017/5056.pdf HTTP/1.1" 304 -
181.59.201.134 - - [25/Dec/2019:05:40:27 -0500] "GET /galeria/galeria/jquery.fancybox.css?v=2.1.5 HTTP/1.1" 200 4895
181.59.201.134 - - [25/Dec/2019:05:40:28 -0500] "GET /BLA/boletinlegal/js/jquery.scrollShow.js HTTP/1.1" 200 4586
181.59.201.134 - - [25/Dec/2019:05:40:28 -0500] "GET /galeria/galeria/jquery.fancybox.js?v=2.1.5 HTTP/1.1" 200 48706
54.36.148.158 - - [25/Dec/2019:05:41:07 -0500] "GET /BLA/resoluciones/RESOLUCIONES%202005/RES%202005%20151-200/00000161.tif HTTP/1.1" 200 44432
54.36.148.184 - - [25/Dec/2019:05:41:08 -0500] "GET /robots.txt HTTP/1.1" 404 1019
69.162.124.232 - - [25/Dec/2019:05:42:50 -0500] "HEAD / HTTP/1.1" 200 -
66.249.66.82 - - [25/Dec/2019:05:43:28 -0500] "GET /BLA/resoluciones/RESOLUCIONES%202009/6498.pdf HTTP/1.1" 200 431171
66.249.66.82 - - [25/Dec/2019:05:44:06 -0500] "GET /BLA/resoluciones/RESOLUCIONES%202017/1794.pdf HTTP/1.1" 200 581164
66.249.66.81 - - [25/Dec/2019:05:44:35 -0500] "GET /BLA/resoluciones/RESOLUCIONES%202008/0204.pdf HTTP/1.1" 200 276846
66.249.66.81 - - [25/Dec/2019:05:44:43 -0500] "GET /BLA/resoluciones/AUTOS%202015/1731.pdf HTTP/1.1" 200 926710
66.249.66.81 - - [25/Dec/2019:05:45:21 -0500] "GET /BLA/resoluciones/AUTOS%202007/0937.pdf HTTP/1.1" 200 23683
54.36.150.74 - - [25/Dec/2019:05:45:33 -0500] "GET /BLA/resoluciones/RESOLUCIONES%202004/RES%202004%201001-1050/00001035.tif HTTP/1.1" 200 109296
66.249.66.81 - - [25/Dec/2019:05:45:58 -0500] "GET /BLA/resoluciones/RESOLUCIONES%202017/1940.pdf HTTP/1.1" 304 -
201.245.192.253 - - [25/Dec/2019:05:46:02 -0500] "GET /galeria/nivo-slider/demo/images/bannerjardines.jpg HTTP/1.1" 304 -
157.55.39.8 - - [25/Dec/2019:05:46:21 -0500] "GET /galeria/nivo-slider/demo/scripts/jquery-1.7.1.min.js HTTP/1.1" 200 93868
66.249.66.81 - - [25/Dec/2019:05:46:36 -0500] "GET /BLA/resoluciones/RESOLUCIONES%202007/RES%202007%202301%20AL%202400/RESOLUCION%202344%20DE%202007.pdf HTTP/1.1" 304 -
66.249.66.81 - - [25/Dec/2019:05:47:14 -0500] "GET /BLA/resoluciones/RESOLUCIONES%202015/1543.pdf HTTP/1.1" 200 756381
207.46.13.18 - - [25/Dec/2019:05:47:30 -0500] "GET /galeria/mapa/humedal.html HTTP/1.1" 200 13190
14.253.185.27 - - [25/Dec/2019:05:47:44 -0500] "GET /BLA/resoluciones/AUTOS%202013/0914.pdf HTTP/1.1" 200 292187
66.249.66.81 - - [25/Dec/2019:05:47:51 -0500] "GET /BLA/resoluciones/RESOLUCIONES%202014/3473.pdf HTTP/1.1" 200 4891448
54.36.150.118 - - [25/Dec/2019:05:47:54 -0500] "GET /BLA/resoluciones/RESOLUCIONES%202005/RES%202005%20901-950/00000922.tif HTTP/1.1" 200 441434
66.249.66.83 - - [25/Dec/2019:05:48:29 -0500] "GET /BLA/resoluciones/RESOLUCIONES%202017/0969.pdf HTTP/1.1" 200 802987
66.249.66.82 - - [25/Dec/2019:05:49:07 -0500] "GET /BLA/resoluciones/AUTOS%202017/0714.pdf HTTP/1.1" 200 341172
66.249.66.82 - - [25/Dec/2019:05:49:44 -0500] "GET /BLA/resoluciones/AUTOS%202017/2538.pdf HTTP/1.1" 200 270838
66.249.66.82 - - [25/Dec/2019:05:50:22 -0500] "GET /Residuos/quimicos/files/guia_quimicos.pdf HTTP/1.1" 304 -
89.208.84.160 - - [25/Dec/2019:05:50:52 -0500] "GET /BLA/boletinlegal/js/jquery.scrollShow.js HTTP/1.1" 200 4586
89.208.84.160 - - [25/Dec/2019:05:50:52 -0500] "GET /galeria/galeria/jquery.fancybox.css?v=2.1.5 HTTP/1.1" 200 4895
89.208.84.160 - - [25/Dec/2019:05:50:52 -0500] "GET /galeria/galeria/jquery.fancybox.js?v=2.1.5 HTTP/1.1" 200 48706
66.249.66.82 - - [25/Dec/2019:05:50:59 -0500] "GET /BLA/resoluciones/RESOLUCIONES%202017/1275.pdf HTTP/1.1" 200 577492
66.249.66.81 - - [25/Dec/2019:05:52:15 -0500] "GET /BLA/resoluciones/Notificaciones/AUTOS%202014/5836.doc HTTP/1.1" 200 151552
66.249.66.82 - - [25/Dec/2019:05:52:52 -0500] "GET /BLA/resoluciones/AUTOS%202016/1291.pdf HTTP/1.1" 304 -
66.249.66.81 - - [25/Dec/2019:05:54:03 -0500] "GET /BLA/resoluciones/RESOLUCIONES%202008/5351.pdf HTTP/1.1" 200 352800
66.249.66.81 - - [25/Dec/2019:05:54:10 -0500] "GET /BLA/resoluciones/RESOLUCIONES%202007/RES%202007%201401%20AL%201500/RESOLUCION%201411%20DE%202007.pdf HTTP/1.1" 304 -
66.249.66.81 - - [25/Dec/2019:05:55:23 -0500] "GET /BLA/resoluciones/RESOLUCIONES%202010/2528.pdf HTTP/1.1" 200 491991
66.249.66.81 - - [25/Dec/2019:05:56:00 -0500] "GET /BLA/resoluciones/AUTOS%202015/0298.pdf HTTP/1.1" 304 -
69.162.124.232 - - [25/Dec/2019:05:56:07 -0500] "HEAD / HTTP/1.1" 200 -
54.37.67.60 - - [25/Dec/2019:05:56:22 -0500] "HEAD /BLA/resoluciones/AUTOS%202012/2643.pdf HTTP/1.1" 200 -
66.249.66.82 - - [25/Dec/2019:05:56:38 -0500] "GET /BLA/resoluciones/AUTOS%202014/5206.pdf HTTP/1.1" 304 -
54.36.150.48 - - [25/Dec/2019:05:56:39 -0500] "GET /BLA/resoluciones/RESOLUCIONES%202004/RES%202004%20801-850/00000815.tif HTTP/1.1" 200 326674
54.36.150.48 - - [25/Dec/2019:05:56:44 -0500] "GET /galeria/galeria/fotos/boa8G.jpg HTTP/1.1" 200 268973
66.249.66.82 - - [25/Dec/2019:05:57:16 -0500] "GET /BLA/resoluciones/RESOLUCIONES%202014/2771.pdf HTTP/1.1" 304 -
66.249.66.82 - - [25/Dec/2019:05:57:53 -0500] "GET /BLA/resoluciones/RESOLUCIONES%202015/0551.pdf HTTP/1.1" 200 1155906
66.249.66.82 - - [25/Dec/2019:05:58:31 -0500] "GET /BLA/resoluciones/AUTOS%202016/0040.pdf HTTP/1.1" 200 482685
66.249.66.82 - - [25/Dec/2019:05:59:09 -0500] "GET /BLA/resoluciones/AUTOS%202013/2370.pdf HTTP/1.1" 200 1150337
66.249.66.83 - - [25/Dec/2019:05:59:46 -0500] "GET /BLA/resoluciones/AUTOS%202017/0795.pdf HTTP/1.1" 304 -
66.249.66.81 - - [25/Dec/2019:06:00:24 -0500] "GET /BLA/resoluciones/AUTOS%202015/4773.pdf HTTP/1.1" 200 596335
66.249.66.81 - - [25/Dec/2019:06:01:02 -0500] "GET /BLA/resoluciones/RESOLUCIONES%202017/1746.pdf HTTP/1.1" 304 -
5.255.250.154 - - [25/Dec/2019:06:01:04 -0500] "GET /robots.txt HTTP/1.1" 404 1019
69.162.124.232 - - [25/Dec/2019:06:01:07 -0500] "HEAD / HTTP/1.1" 200 -
5.255.250.154 - - [25/Dec/2019:06:01:07 -0500] "GET /StormSDA/lib/lib.jnlp.bak HTTP/1.1" 200 1223
66.249.66.81 - - [25/Dec/2019:06:02:17 -0500] "GET /BLA/resoluciones/AUTOS%202017/1638.pdf HTTP/1.1" 304 -
66.249.66.83 - - [25/Dec/2019:06:02:54 -0500] "GET /BLA/resoluciones/AUTOS%202016/0280.pdf HTTP/1.1" 200 567059
157.55.39.80 - - [25/Dec/2019:06:03:19 -0500] "GET /BLA/boletinlegal/jurisprudencia/analisis/ANALISIST-046-99.docx HTTP/1.1" 200 20918
66.249.66.82 - - [25/Dec/2019:06:03:31 -0500] "GET /BLA/resoluciones/AUTOS%202009/0318.pdf HTTP/1.1" 200 95967
207.46.13.30 - - [25/Dec/2019:06:04:08 -0500] "GET /BLA/resoluciones/RESOLUCIONES%202010/5788.pdf HTTP/1.1" 200 281164
66.249.66.82 - - [25/Dec/2019:06:04:10 -0500] "GET /BLA/resoluciones/RESOLUCIONES%202010/6189.pdf HTTP/1.1" 304 -
66.249.66.82 - - [25/Dec/2019:06:04:47 -0500] "GET /BLA/resoluciones/AUTOS%202012/1458.pdf HTTP/1.1" 304 -
35.202.2.1 - - [25/Dec/2019:06:07:00 -0500] "GET /robots.txt HTTP/1.1" 404 1018
66.249.66.82 - - [25/Dec/2019:06:08:33 -0500] "GET /BLA/resoluciones/RESOLUCIONES%202017/1985.pdf HTTP/1.1" 200 430826
66.249.66.81 - - [25/Dec/2019:06:09:11 -0500] "GET /BLA/resoluciones/AUTOS%202013/2051.pdf HTTP/1.1" 304 -
35.202.2.1 - - [25/Dec/2019:06:09:39 -0500] "GET /Residuos/maderas/maderas.html HTTP/1.1" 200 1957
207.46.13.190 - - [25/Dec/2019:06:09:46 -0500] "GET /portalsiaccapacitaciones/Listas%20de%20Asistencia%202016/LISTA%20DE%20ASISTENCIA%20MESA%20PIGA%2013%20DICIEMBRE.pdf HTTP/1.1" 304 -
66.249.66.82 - - [25/Dec/2019:06:09:48 -0500] "GET /BLA/resoluciones/RESOLUCIONES%202007/RES%202007%202301%20AL%202400/RESOLUCION%202349%20DE%202007.pdf HTTP/1.1" 200 870651
162.210.196.130 - - [25/Dec/2019:06:10:21 -0500] "GET /robots.txt HTTP/1.1" 404 1019
162.210.196.130 - - [25/Dec/2019:06:10:24 -0500] "GET / HTTP/1.1" 200 9990
46.229.168.129 - - [25/Dec/2019:06:10:41 -0500] "GET /robots.txt HTTP/1.1" 404 1019
46.229.168.144 - - [25/Dec/2019:06:10:41 -0500] "GET /Autoliquidacion/index.php?dir=TR%C3%83%C2%83%C3%82%C2%83%C3%83%C2%82%C3%82%C2%83%C3%83%C2%83%C3%82%C2%82%C3%83%C2%82%C3%82%C2%83%C3%83%C2%83%C3%82%C2%83%C3%83%C2%82%C3%82%C2%82%C3%83%C2%83%C3%82%C2%82%C3%83%C2%82%C3%82%C2%83%C3%83%C2%83%C3%82%C2%83%C3%83%C2%82%C3%82%C2%83%C3%83%C2%83%C3%82%C2%82%C3%83%C2%82%C3%82%C2%82%C3%83%C2%83%C3%82%C2%83%C3%83%C2%82%C3%82%C2%82%C3%83%C2%83%C3%82%C2%82%C3%83%C2%82%C3%82%C2%81MITES%2BAGUAS%2BSUPERFICIALES%2F&order=asc&sort=name HTTP/1.1" 200 6997
66.249.66.81 - - [25/Dec/2019:06:11:04 -0500] "GET /BLA/resoluciones/AUTOS%202013/0394.pdf HTTP/1.1" 200 2140692
69.162.124.232 - - [25/Dec/2019:06:11:07 -0500] "HEAD / HTTP/1.1" 200 -
66.249.66.82 - - [25/Dec/2019:06:11:20 -0500] "GET /BLA/resoluciones/RESOLUCIONES%202017/1952.pdf HTTP/1.1" 200 3291861
66.249.66.81 - - [25/Dec/2019:06:11:26 -0500] "GET /BLA/resoluciones/RESOLUCIONES%202017/1952.pdf HTTP/1.1" 200 3291861
66.249.66.82 - - [25/Dec/2019:06:11:41 -0500] "GET /BLA/boletinlegal/jurisprudencia/analisis/AnalisisC-035-16.docx HTTP/1.1" 304 -
66.249.66.83 - - [25/Dec/2019:06:12:56 -0500] "GET /BLA/resoluciones/AUTOS%202017/0109.pdf HTTP/1.1" 304 -
190.15.0.65 - - [25/Dec/2019:06:12:57 -0500] "GET /galeria/nivo-slider/demo/images/bannerwebmusgo.jpg HTTP/1.1" 304 -
66.249.66.81 - - [25/Dec/2019:06:13:34 -0500] "GET /BLA/resoluciones/RESOLUCIONES%202007/RES%202007%203201%20AL%203300/RESOLUCION%203240%20DE%202007.pdf HTTP/1.1" 304 -
66.249.66.82 - - [25/Dec/2019:06:14:12 -0500] "GET /BLA/resoluciones/AUTOS%202008/2128.pdf HTTP/1.1" 304 -
66.249.66.81 - - [25/Dec/2019:06:14:49 -0500] "GET /BLA/resoluciones/RESOLUCIONES%202008/4001.pdf HTTP/1.1" 200 433457
216.244.66.195 - - [25/Dec/2019:06:15:14 -0500] "GET /BLA/resoluciones/RESOLUCIONES%202010/0315.pdf HTTP/1.1" 200 124156
216.244.66.195 - - [25/Dec/2019:06:15:19 -0500] "GET /BLA/resoluciones/RESOLUCIONES%202010/0329.pdf HTTP/1.1" 200 511642
66.249.66.82 - - [25/Dec/2019:06:15:27 -0500] "GET /BLA/resoluciones/RESOLUCIONES%202009/2174.pdf HTTP/1.1" 200 646617
66.249.66.82 - - [25/Dec/2019:06:16:05 -0500] "GET /BLA/resoluciones/AUTOS%202015/3843.pdf HTTP/1.1" 304 -
216.244.66.195 - - [25/Dec/2019:06:16:20 -0500] "GET /BLA/resoluciones/RESOLUCIONES%202010/0372.pdf HTTP/1.1" 200 498488
201.245.192.253 - - [25/Dec/2019:06:15:47 -0500] "POST /kwsrmcab/Wsrmcab HTTP/1.1" 200 32434
201.245.192.253 - - [25/Dec/2019:06:15:47 -0500] "POST /kwsrmcab/Wsrmcab HTTP/1.1" 200 32287
66.249.66.83 - - [25/Dec/2019:06:16:42 -0500] "GET /BLA/resoluciones/AUTOS%202014/5110.pdf HTTP/1.1" 304 -
201.245.192.253 - - [25/Dec/2019:06:16:25 -0500] "POST /kwsrmcab/Wsrmcab HTTP/1.1" 200 32287
66.249.66.81 - - [25/Dec/2019:06:17:58 -0500] "GET /BLA/resoluciones/AUTOS%202019/0239.pdf HTTP/1.1" 304 -
216.244.66.195 - - [25/Dec/2019:06:18:29 -0500] "GET /BLA/resoluciones/RESOLUCIONES%202010/0455.pdf HTTP/1.1" 200 100330
66.249.66.81 - - [25/Dec/2019:06:18:35 -0500] "GET /BLA/resoluciones/AUTOS%202007/0855.pdf HTTP/1.1" 304 -
69.162.124.232 - - [25/Dec/2019:06:18:57 -0500] "HEAD / HTTP/1.1" 200 -
66.249.66.81 - - [25/Dec/2019:06:19:13 -0500] "GET /BLA/resoluciones/RESOLUCIONES%202017/0150.pdf HTTP/1.1" 304 -
66.249.66.81 - - [25/Dec/2019:06:19:50 -0500] "GET /BLA/resoluciones/RESOLUCIONES%202015/0935.pdf HTTP/1.1" 200 1150983
66.249.66.82 - - [25/Dec/2019:06:20:05 -0500] "GET /BLA/resoluciones/RESOLUCIONES%202017/1952.pdf HTTP/1.1" 200 3291861
66.249.66.82 - - [25/Dec/2019:06:20:09 -0500] "GET /BLA/resoluciones/RESOLUCIONES%202017/1952.pdf HTTP/1.1" 200 3291861
216.244.66.195 - - [25/Dec/2019:06:20:21 -0500] "GET /BLA/resoluciones/RESOLUCIONES%202010/0471.pdf HTTP/1.1" 200 112892
216.244.66.195 - - [25/Dec/2019:06:21:10 -0500] "GET /BLA/resoluciones/RESOLUCIONES%202010/0485.pdf HTTP/1.1" 200 96887
66.249.66.81 - - [25/Dec/2019:06:21:43 -0500] "GET /BLA/resoluciones/AUTOS%202018/3933.pdf HTTP/1.1" 200 261126
216.244.66.195 - - [25/Dec/2019:06:21:47 -0500] "GET /BLA/resoluciones/RESOLUCIONES%202010/0743.pdf HTTP/1.1" 200 438061
66.249.66.81 - - [25/Dec/2019:06:22:21 -0500] "GET /BLA/resoluciones/RESOLUCIONES%202011/5891.pdf HTTP/1.1" 200 627521
66.249.66.82 - - [25/Dec/2019:06:22:32 -0500] "GET /Publicaciones/2019EE46935.pdf HTTP/1.1" 404 227
66.249.66.82 - - [25/Dec/2019:06:22:59 -0500] "GET /BLA/resoluciones/AUTOS%202014/1232.pdf HTTP/1.1" 200 198617
69.162.124.232 - - [25/Dec/2019:06:23:57 -0500] "HEAD / HTTP/1.1" 200 -
216.244.66.195 - - [25/Dec/2019:06:24:03 -0500] "GET /BLA/resoluciones/RESOLUCIONES%202010/0926.pdf HTTP/1.1" 200 104608
40.77.189.62 - - [25/Dec/2019:06:24:09 -0500] "GET /galeria/carrusel/Carrusel/jquery.thumbnailScroller.css HTTP/1.1" 200 2066
40.77.188.246 - - [25/Dec/2019:06:24:09 -0500] "GET /galeria/nivo-slider/nivo-slider.css HTTP/1.1" 200 1507
40.77.188.182 - - [25/Dec/2019:06:24:09 -0500] "GET /galeria/nivo-slider/demo/style.css HTTP/1.1" 200 2222
66.249.66.81 - - [25/Dec/2019:06:24:14 -0500] "GET /BLA/resoluciones/AUTOS%202015/7239.pdf HTTP/1.1" 304 -
37.36.113.230 - - [25/Dec/2019:06:24:25 -0500] "GET /galeria/carrusel/Carrusel/jquery.thumbnailScroller.css HTTP/1.1" 200 2066
37.36.113.230 - - [25/Dec/2019:06:24:25 -0500] "GET /galeria/galeria/jquery.fancybox.js?v=2.1.5 HTTP/1.1" 200 48706
37.36.113.230 - - [25/Dec/2019:06:24:25 -0500] "GET /galeria/galeria/jquery.fancybox.css?v=2.1.5 HTTP/1.1" 200 4895
37.36.113.230 - - [25/Dec/2019:06:24:25 -0500] "GET /BLA/boletinlegal/js/jquery.scrollShow.js HTTP/1.1" 200 4586
37.36.113.230 - - [25/Dec/2019:06:24:25 -0500] "GET /galeria/carrusel/Carrusel/jquery-ui-1.8.13.custom.min.js HTTP/1.1" 200 10800
37.36.113.230 - - [25/Dec/2019:06:24:25 -0500] "GET /galeria/carrusel/Carrusel/jquery.thumbnailScroller.js HTTP/1.1" 200 8157
37.36.113.230 - - [25/Dec/2019:06:24:28 -0500] "GET /galeria/nivo-slider/demo/inicio.html HTTP/1.1" 200 4435
37.36.113.230 - - [25/Dec/2019:06:24:28 -0500] "GET /galeria/nivo-slider/nivo-slider.css HTTP/1.1" 200 1507
37.36.113.230 - - [25/Dec/2019:06:24:28 -0500] "GET /galeria/nivo-slider/themes/pascal/pascal.css HTTP/1.1" 200 2258
37.36.113.230 - - [25/Dec/2019:06:24:28 -0500] "GET /galeria/nivo-slider/demo/scripts/jquery-1.7.1.min.js HTTP/1.1" 200 93868
37.36.113.230 - - [25/Dec/2019:06:24:28 -0500] "GET /galeria/nivo-slider/themes/orman/orman.css HTTP/1.1" 200 2152
37.36.113.230 - - [25/Dec/2019:06:24:28 -0500] "GET /galeria/nivo-slider/themes/default/default.css HTTP/1.1" 200 1569
37.36.113.230 - - [25/Dec/2019:06:24:28 -0500] "GET /galeria/nivo-slider/demo/style.css HTTP/1.1" 200 2222
37.36.113.230 - - [25/Dec/2019:06:24:28 -0500] "GET /galeria/nivo-slider/jquery.nivo.slider.pack.js HTTP/1.1" 200 11561
37.36.113.230 - - [25/Dec/2019:06:24:28 -0500] "GET /galeria/nivo-slider/demo/images/bannerwebmusgo.jpg HTTP/1.1" 200 367364
37.36.113.230 - - [25/Dec/2019:06:24:28 -0500] "GET /galeria/nivo-slider/demo/images/Bannercalculadora.jpg HTTP/1.1" 200 313099
37.36.113.230 - - [25/Dec/2019:06:24:28 -0500] "GET /galeria/nivo-slider/demo/images/banneragendamiento.jpg HTTP/1.1" 200 116897
37.36.113.230 - - [25/Dec/2019:06:24:28 -0500] "GET /galeria/nivo-slider/demo/images/bannerjardines.jpg HTTP/1.1" 200 417948
37.36.113.230 - - [25/Dec/2019:06:24:28 -0500] "GET /galeria/nivo-slider/demo/images/banneriniciativa.jpg HTTP/1.1" 200 200385
37.36.113.230 - - [25/Dec/2019:06:24:28 -0500] "GET /galeria/nivo-slider/demo/images/diciembrecaminatas.png HTTP/1.1" 200 510724
138.197.202.197 - - [25/Dec/2019:06:24:30 -0500] "GET /galeria/nivo-slider/demo/inicio.html HTTP/1.1" 200 4435
37.36.113.230 - - [25/Dec/2019:06:24:38 -0500] "GET /galeria/nivo-slider/demo/images/Banner%20tinguas.jpg HTTP/1.1" 200 214878
66.249.66.83 - - [25/Dec/2019:06:24:51 -0500] "GET /BLA/resoluciones/AUTOS%202017/3670.pdf HTTP/1.1" 200 260247
216.244.66.195 - - [25/Dec/2019:06:25:05 -0500] "GET /BLA/resoluciones/RESOLUCIONES%202010/0932.pdf HTTP/1.1" 200 106808
66.249.66.82 - - [25/Dec/2019:06:25:14 -0500] "GET /galeria/nivo-slider/demo/demo.html HTTP/1.1" 404 1856
201.245.192.253 - - [25/Dec/2019:06:25:22 -0500] "GET /galeria/nivo-slider/demo/images/bannerperiodista.jpg HTTP/1.1" 304 -
66.249.66.83 - - [25/Dec/2019:06:25:29 -0500] "GET /BLA/resoluciones/RESOLUCIONES%202013/0572.pdf HTTP/1.1" 200 737782
216.244.66.195 - - [25/Dec/2019:06:25:52 -0500] "GET /BLA/resoluciones/RESOLUCIONES%202010/0973.pdf HTTP/1.1" 200 59042
66.249.66.82 - - [25/Dec/2019:06:26:07 -0500] "GET /BLA/resoluciones/RESOLUCIONES%202011/0105.pdf HTTP/1.1" 200 356854
201.245.192.253 - - [25/Dec/2019:06:25:48 -0500] "POST /kwsrmcab/Wsrmcab HTTP/1.1" 200 32434
66.249.66.82 - - [25/Dec/2019:06:26:44 -0500] "GET /BLA/resoluciones/RESOLUCIONES%202011/0226.pdf HTTP/1.1" 200 77759
157.55.39.242 - - [25/Dec/2019:06:26:48 -0500] "GET / HTTP/1.1" 200 9990
216.244.66.195 - - [25/Dec/2019:06:27:19 -0500] "GET /BLA/resoluciones/RESOLUCIONES%202010/0997.pdf HTTP/1.1" 200 119318
66.249.66.82 - - [25/Dec/2019:06:27:22 -0500] "GET /BLA/resoluciones/AUTOS%202013/0813.pdf HTTP/1.1" 200 1312496
66.249.66.83 - - [25/Dec/2019:06:28:37 -0500] "GET /BLA/resoluciones/RESOLUCIONES%202010/4514.pdf HTTP/1.1" 200 375773
69.162.124.232 - - [25/Dec/2019:06:28:57 -0500] "HEAD / HTTP/1.1" 200 -
40.77.167.65 - - [25/Dec/2019:06:29:10 -0500] "GET /SIG/ECS/126PM04-PR109.pdf HTTP/1.1" 200 3746786
54.36.148.155 - - [25/Dec/2019:06:29:30 -0500] "GET /BLA/resoluciones/RESOLUCIONES%202002/RES%202002%20351-400/00000376.tif HTTP/1.1" 200 58610
216.244.66.195 - - [25/Dec/2019:06:29:34 -0500] "GET /BLA/resoluciones/RESOLUCIONES%202010/1192.pdf HTTP/1.1" 200 118646
66.249.66.83 - - [25/Dec/2019:06:29:52 -0500] "GET /BLA/resoluciones/AUTOS%202013/2773.pdf HTTP/1.1" 200 1847063
66.249.66.81 - - [25/Dec/2019:06:30:30 -0500] "GET /siipev/Diseno%20de%20Elementos%20de%20Mobiliario%20Urbano/Acciones%20Populares/AccionesPopulares.html HTTP/1.1" 304 -
66.249.66.81 - - [25/Dec/2019:06:31:08 -0500] "GET /BLA/resoluciones/RESOLUCIONES%202012/1556.pdf HTTP/1.1" 200 3312756
66.249.66.155 - - [25/Dec/2019:06:31:46 -0500] "GET /robots.txt HTTP/1.1" 404 1019
66.249.66.155 - - [25/Dec/2019:06:31:46 -0500] "GET /SIG/Gesti%C3%B3n%20Ambiental/126PM03-PR14.pdf HTTP/1.1" 304 -
216.244.66.195 - - [25/Dec/2019:06:31:49 -0500] "GET /BLA/resoluciones/RESOLUCIONES%202010/1269.pdf HTTP/1.1" 200 110160
66.249.66.81 - - [25/Dec/2019:06:31:55 -0500] "GET /BLA/resoluciones/AUTOS%202009/1133.pdf HTTP/1.1" 200 86254
216.244.66.195 - - [25/Dec/2019:06:32:34 -0500] "GET /BLA/resoluciones/RESOLUCIONES%202010/1313.pdf HTTP/1.1" 200 109926
66.249.66.81 - - [25/Dec/2019:06:33:01 -0500] "GET /BLA/resoluciones/RESOLUCIONES%202018/1206.pdf HTTP/1.1" 304 -
216.244.66.195 - - [25/Dec/2019:06:33:24 -0500] "GET /BLA/resoluciones/RESOLUCIONES%202010/1332.pdf HTTP/1.1" 200 89319
66.249.66.81 - - [25/Dec/2019:06:33:38 -0500] "GET /BLA/resoluciones/RESOLUCIONES%202014/2785.pdf HTTP/1.1" 304 -
69.162.124.232 - - [25/Dec/2019:06:33:39 -0500] "HEAD / HTTP/1.1" 200 -
66.249.88.23 - - [25/Dec/2019:06:34:12 -0500] "GET /galeria/galeria/jquery.fancybox.js?v=2.1.5 HTTP/1.1" 200 48706
66.249.88.23 - - [25/Dec/2019:06:34:12 -0500] "GET /galeria/galeria/jquery.fancybox.css?v=2.1.5 HTTP/1.1" 200 4895
66.249.88.23 - - [25/Dec/2019:06:34:12 -0500] "GET /BLA/boletinlegal/js/jquery.scrollShow.js HTTP/1.1" 200 4586
66.249.66.82 - - [25/Dec/2019:06:34:16 -0500] "GET /BLA/resoluciones/RESOLUCIONES%202016/0951.pdf HTTP/1.1" 304 -
216.244.66.195 - - [25/Dec/2019:06:34:42 -0500] "GET /BLA/resoluciones/RESOLUCIONES%202010/1379.pdf HTTP/1.1" 200 352578
66.249.66.82 - - [25/Dec/2019:06:34:54 -0500] "GET /BLA/resoluciones/AUTOS%202015/3352.pdf HTTP/1.1" 200 494476
167.114.210.33 - - [25/Dec/2019:06:35:02 -0500] "GET /galeria/galeria/fotos/Humedal-la-conejera1G.jpg HTTP/1.1" 200 340987
66.249.66.82 - - [25/Dec/2019:06:36:09 -0500] "GET /BLA/resoluciones/RESOLUCIONES%202010/0925.pdf HTTP/1.1" 200 100378
201.245.192.253 - - [25/Dec/2019:06:35:47 -0500] "POST /kwsrmcab/Wsrmcab HTTP/1.1" 200 32434
216.244.66.195 - - [25/Dec/2019:06:37:00 -0500] "GET /BLA/resoluciones/RESOLUCIONES%202010/1450.pdf HTTP/1.1" 200 555590
66.249.66.81 - - [25/Dec/2019:06:37:24 -0500] "GET /BLA/resoluciones/AUTOS%202017/0265.pdf HTTP/1.1" 200 625782
216.244.66.195 - - [25/Dec/2019:06:37:50 -0500] "GET /BLA/resoluciones/RESOLUCIONES%202010/1541.pdf HTTP/1.1" 200 53478
66.249.66.81 - - [25/Dec/2019:06:38:02 -0500] "GET /BLA/resoluciones/AUTOS%202013/2310.pdf HTTP/1.1" 304 -
69.162.124.232 - - [25/Dec/2019:06:38:39 -0500] "HEAD / HTTP/1.1" 200 -
66.249.66.82 - - [25/Dec/2019:06:38:39 -0500] "GET /BLA/resoluciones/RESOLUCIONES%202007/RES%202007%201301%20AL%201400/RESOLUCION%201326%20DE%202007.pdf HTTP/1.1" 304 -
66.249.66.159 - - [25/Dec/2019:06:39:17 -0500] "GET /BLA/boletinlegal/jurisprudencia/analisis/CUADRO%20ANALISIS%20SENTENCIA%20T-411%20DE%201992.doc HTTP/1.1" 200 41984
216.244.66.195 - - [25/Dec/2019:06:39:28 -0500] "GET /BLA/resoluciones/RESOLUCIONES%202010/1616.pdf HTTP/1.1" 200 513425
216.244.66.195 - - [25/Dec/2019:06:40:18 -0500] "GET /BLA/resoluciones/RESOLUCIONES%202010/1785.pdf HTTP/1.1" 200 538744
66.249.66.83 - - [25/Dec/2019:06:41:47 -0500] "GET /BLA/resoluciones/AUTOS%202016/0415.pdf HTTP/1.1" 304 -
195.154.122.133 - - [25/Dec/2019:06:41:48 -0500] "GET /BLA/boletinlegal/js/jquery.scrollShow.js HTTP/1.1" 200 4586
195.154.122.133 - - [25/Dec/2019:06:41:48 -0500] "GET /galeria/galeria/jquery.fancybox.css?v=2.1.5 HTTP/1.1" 200 4895
195.154.122.133 - - [25/Dec/2019:06:41:48 -0500] "GET /galeria/carrusel/Carrusel/jquery.thumbnailScroller.css HTTP/1.1" 200 2066
195.154.122.133 - - [25/Dec/2019:06:41:48 -0500] "GET /galeria/galeria/jquery.fancybox.js?v=2.1.5 HTTP/1.1" 200 48706
195.154.122.133 - - [25/Dec/2019:06:41:49 -0500] "GET /galeria/carrusel/Carrusel/jquery-ui-1.8.13.custom.min.js HTTP/1.1" 200 10800
195.154.122.133 - - [25/Dec/2019:06:41:50 -0500] "GET /galeria/carrusel/Carrusel/jquery.thumbnailScroller.js HTTP/1.1" 200 8157
195.154.122.133 - - [25/Dec/2019:06:41:50 -0500] "GET /galeria/nivo-slider/demo/inicio.html HTTP/1.1" 200 4435
195.154.122.133 - - [25/Dec/2019:06:41:50 -0500] "GET /galeria/nivo-slider/themes/pascal/pascal.css HTTP/1.1" 200 2258
195.154.122.133 - - [25/Dec/2019:06:41:50 -0500] "GET /galeria/nivo-slider/themes/default/default.css HTTP/1.1" 200 1569
195.154.122.133 - - [25/Dec/2019:06:41:50 -0500] "GET /galeria/nivo-slider/themes/orman/orman.css HTTP/1.1" 200 2152
195.154.122.133 - - [25/Dec/2019:06:41:50 -0500] "GET /galeria/nivo-slider/nivo-slider.css HTTP/1.1" 200 1507
195.154.122.133 - - [25/Dec/2019:06:41:50 -0500] "GET /galeria/nivo-slider/demo/scripts/jquery-1.7.1.min.js HTTP/1.1" 200 93868
195.154.122.133 - - [25/Dec/2019:06:41:50 -0500] "GET /galeria/nivo-slider/demo/style.css HTTP/1.1" 200 2222
195.154.122.133 - - [25/Dec/2019:06:41:50 -0500] "GET /galeria/nivo-slider/jquery.nivo.slider.pack.js HTTP/1.1" 200 11561
66.249.66.83 - - [25/Dec/2019:06:42:25 -0500] "GET /BLA/resoluciones/RESOLUCIONES%202012/1339.pdf HTTP/1.1" 304 -
216.244.66.195 - - [25/Dec/2019:06:42:38 -0500] "GET /BLA/resoluciones/RESOLUCIONES%202010/1824.pdf HTTP/1.1" 200 493949
109.74.154.72 - - [25/Dec/2019:06:42:55 -0500] "GET / HTTP/1.1" 200 9990
109.74.154.72 - - [25/Dec/2019:06:42:56 -0500] "GET /js/jquery.js HTTP/1.1" 200 97120
109.74.154.72 - - [25/Dec/2019:06:42:56 -0500] "GET /js/bootstrap.min.js HTTP/1.1" 200 28538
109.74.154.72 - - [25/Dec/2019:06:43:00 -0500] "HEAD /images/INTERNET.jpg HTTP/1.1" 200 -
109.74.154.72 - - [25/Dec/2019:06:43:00 -0500] "HEAD /images/SDA.jpg HTTP/1.1" 200 -
109.74.154.72 - - [25/Dec/2019:06:43:00 -0500] "HEAD /images/NINOS.jpg HTTP/1.1" 200 -
109.74.154.72 - - [25/Dec/2019:06:43:00 -0500] "HEAD /images/INTRANET.jpg HTTP/1.1" 200 -
109.74.154.72 - - [25/Dec/2019:06:43:00 -0500] "HEAD /images/LINEA.jpg HTTP/1.1" 200 -
109.74.154.72 - - [25/Dec/2019:06:43:00 -0500] "HEAD /images/RMCAB.jpg HTTP/1.1" 200 -
109.74.154.72 - - [25/Dec/2019:06:43:00 -0500] "HEAD /images/BLA.jpg HTTP/1.1" 200 -
109.74.154.72 - - [25/Dec/2019:06:43:00 -0500] "HEAD /images/FOREST.jpg HTTP/1.1" 200 -
109.74.154.72 - - [25/Dec/2019:06:43:00 -0500] "HEAD /images/SDQS.jpg HTTP/1.1" 200 -
109.74.154.72 - - [25/Dec/2019:06:43:00 -0500] "HEAD /images/CORREO.jpg HTTP/1.1" 200 -
109.74.154.72 - - [25/Dec/2019:06:43:00 -0500] "HEAD /images/CATALOGO.jpg HTTP/1.1" 200 -
109.74.154.72 - - [25/Dec/2019:06:43:00 -0500] "HEAD /images/FORMATOS.jpg HTTP/1.1" 200 -
66.249.66.82 - - [25/Dec/2019:06:43:40 -0500] "GET /BLA/resoluciones/AUTOS%202014/2365.pdf HTTP/1.1" 304 -
66.249.66.81 - - [25/Dec/2019:06:44:18 -0500] "GET /BLA/resoluciones/AUTOS%202013/0829.pdf HTTP/1.1" 200 1935124
69.162.124.232 - - [25/Dec/2019:06:44:29 -0500] "HEAD / HTTP/1.1" 200 -
54.36.150.87 - - [25/Dec/2019:06:45:21 -0500] "GET /BLA/resoluciones/RESOLUCIONES%202005/RES%202005%203101-3150/00003117.tif HTTP/1.1" 200 130278
66.249.66.81 - - [25/Dec/2019:06:46:11 -0500] "GET /BLA/resoluciones/RESOLUCIONES%202011/0753.pdf HTTP/1.1" 304 -
54.36.150.82 - - [25/Dec/2019:06:47:05 -0500] "GET /BLA/resoluciones/RESOLUCIONES%202004/RES%202004%20251-300/00000268.tif HTTP/1.1" 200 405580
66.249.66.81 - - [25/Dec/2019:06:47:26 -0500] "GET /BLA/resoluciones/RESOLUCIONES%202014/3874.pdf HTTP/1.1" 200 508473
66.249.66.82 - - [25/Dec/2019:06:48:41 -0500] "GET /BLA/resoluciones/RESOLUCIONES%202010/3946.pdf HTTP/1.1" 200 504246
66.249.88.19 - - [25/Dec/2019:06:48:59 -0500] "GET /galeria/galeria/jquery.fancybox.css?v=2.1.5 HTTP/1.1" 200 4895
66.249.88.23 - - [25/Dec/2019:06:48:59 -0500] "GET /BLA/boletinlegal/js/jquery.scrollShow.js HTTP/1.1" 200 4586
66.249.88.23 - - [25/Dec/2019:06:48:59 -0500] "GET /galeria/galeria/jquery.fancybox.js?v=2.1.5 HTTP/1.1" 200 48706
66.249.66.81 - - [25/Dec/2019:06:49:19 -0500] "GET /BLA/resoluciones/AUTOS%202014/6913.pdf HTTP/1.1" 200 1985112
69.162.124.232 - - [25/Dec/2019:06:49:29 -0500] "HEAD / HTTP/1.1" 200 -
66.249.66.81 - - [25/Dec/2019:06:51:12 -0500] "GET /BLA/resoluciones/RESOLUCIONES%202010/1417.pdf HTTP/1.1" 200 563613
66.249.66.83 - - [25/Dec/2019:06:51:50 -0500] "GET /BLA/resoluciones/RESOLUCIONES%202007/RES%202007%202201%20AL%202300/RESOLUCION%202254%20DE%202007.pdf HTTP/1.1" 200 789850
190.156.138.117 - - [25/Dec/2019:06:52:37 -0500] "GET /galeria/galeria/jquery.fancybox.css?v=2.1.5 HTTP/1.1" 200 4895
190.156.138.117 - - [25/Dec/2019:06:52:37 -0500] "GET /BLA/boletinlegal/js/jquery.scrollShow.js HTTP/1.1" 200 4586
190.156.138.117 - - [25/Dec/2019:06:52:37 -0500] "GET /galeria/galeria/jquery.fancybox.js?v=2.1.5 HTTP/1.1" 200 48706
190.156.138.117 - - [25/Dec/2019:06:52:38 -0500] "GET /galeria/carrusel/Carrusel/jquery.thumbnailScroller.css HTTP/1.1" 200 2066
190.156.138.117 - - [25/Dec/2019:06:52:39 -0500] "GET /galeria/carrusel/Carrusel/jquery-ui-1.8.13.custom.min.js HTTP/1.1" 200 10800
190.156.138.117 - - [25/Dec/2019:06:52:39 -0500] "GET /galeria/nivo-slider/demo/inicio.html HTTP/1.1" 200 4435
190.156.138.117 - - [25/Dec/2019:06:52:39 -0500] "GET /galeria/carrusel/Carrusel/jquery.thumbnailScroller.js HTTP/1.1" 200 8157
190.156.138.117 - - [25/Dec/2019:06:52:40 -0500] "GET /galeria/nivo-slider/themes/pascal/pascal.css HTTP/1.1" 200 2258
190.156.138.117 - - [25/Dec/2019:06:52:40 -0500] "GET /galeria/nivo-slider/themes/default/default.css HTTP/1.1" 200 1569
190.156.138.117 - - [25/Dec/2019:06:52:40 -0500] "GET /galeria/nivo-slider/themes/orman/orman.css HTTP/1.1" 200 2152
190.156.138.117 - - [25/Dec/2019:06:52:40 -0500] "GET /galeria/nivo-slider/nivo-slider.css HTTP/1.1" 200 1507
190.156.138.117 - - [25/Dec/2019:06:52:40 -0500] "GET /galeria/nivo-slider/demo/style.css HTTP/1.1" 200 2222
190.156.138.117 - - [25/Dec/2019:06:52:40 -0500] "GET /galeria/nivo-slider/demo/scripts/jquery-1.7.1.min.js HTTP/1.1" 200 93868
190.156.138.117 - - [25/Dec/2019:06:52:40 -0500] "GET /galeria/nivo-slider/jquery.nivo.slider.pack.js HTTP/1.1" 200 11561
190.156.138.117 - - [25/Dec/2019:06:52:41 -0500] "GET /galeria/nivo-slider/demo/images/Bannercalculadora.jpg HTTP/1.1" 200 313099
190.156.138.117 - - [25/Dec/2019:06:52:41 -0500] "GET /galeria/nivo-slider/demo/images/bannerwebmusgo.jpg HTTP/1.1" 200 367364
190.156.138.117 - - [25/Dec/2019:06:52:41 -0500] "GET /galeria/nivo-slider/demo/images/4Simple_Slider.png HTTP/1.1" 200 11722
186.80.28.18 - - [25/Dec/2019:06:52:41 -0500] "GET /galeria/galeria/jquery.fancybox.css?v=2.1.5 HTTP/1.1" 200 4895
186.80.28.18 - - [25/Dec/2019:06:52:41 -0500] "GET /BLA/boletinlegal/js/jquery.scrollShow.js HTTP/1.1" 200 4586
186.80.28.18 - - [25/Dec/2019:06:52:41 -0500] "GET /galeria/galeria/jquery.fancybox.js?v=2.1.5 HTTP/1.1" 200 48706
190.156.138.117 - - [25/Dec/2019:06:52:41 -0500] "GET /galeria/nivo-slider/demo/images/bannerjardines.jpg HTTP/1.1" 200 417948
190.156.138.117 - - [25/Dec/2019:06:52:41 -0500] "GET /galeria/nivo-slider/demo/images/banneragendamiento.jpg HTTP/1.1" 200 116897
190.156.138.117 - - [25/Dec/2019:06:52:42 -0500] "GET /galeria/nivo-slider/demo/images/banneriniciativa.jpg HTTP/1.1" 200 200385
190.156.138.117 - - [25/Dec/2019:06:52:42 -0500] "GET /galeria/nivo-slider/themes/default/loading.gif HTTP/1.1" 200 1737
190.156.138.117 - - [25/Dec/2019:06:52:42 -0500] "GET /galeria/nivo-slider/demo/images/diciembrecaminatas.png HTTP/1.1" 200 510724
190.156.138.117 - - [25/Dec/2019:06:52:42 -0500] "GET /galeria/nivo-slider/demo/images/Banner%20tinguas.jpg HTTP/1.1" 200 214878
190.156.138.117 - - [25/Dec/2019:06:52:43 -0500] "GET /galeria/nivo-slider/demo/images/puntos%20atencion%20BANNER.jpg HTTP/1.1" 200 244208
190.156.138.117 - - [25/Dec/2019:06:52:43 -0500] "GET /galeria/nivo-slider/demo/images/Bannerserpiente2019.jpg HTTP/1.1" 200 270374
190.156.138.117 - - [25/Dec/2019:06:52:44 -0500] "GET /galeria/nivo-slider/demo/images/Banner%20Visor%20Geografico%20Ambiental.jpg HTTP/1.1" 200 204673
190.156.138.117 - - [25/Dec/2019:06:52:44 -0500] "GET /galeria/nivo-slider/demo/images/Banner%20consumo%20sostenible%20final.jpg HTTP/1.1" 200 364746
190.156.138.117 - - [25/Dec/2019:06:52:44 -0500] "GET /galeria/nivo-slider/demo/images/Banner%20RCD.jpg HTTP/1.1" 200 92197
190.156.138.117 - - [25/Dec/2019:06:52:45 -0500] "GET /galeria/nivo-slider/demo/images/Banner%20Conpes.jpg HTTP/1.1" 200 55220
190.156.138.117 - - [25/Dec/2019:06:52:45 -0500] "GET /galeria/nivo-slider/demo/images/Banner%20practicas%20sostenibles.jpg HTTP/1.1" 200 142958
190.156.138.117 - - [25/Dec/2019:06:52:45 -0500] "GET /galeria/nivo-slider/demo/images/Banner%20POT.png HTTP/1.1" 200 418238
190.156.138.117 - - [25/Dec/2019:06:52:46 -0500] "GET /galeria/nivo-slider/demo/images/Banneranonimos.png HTTP/1.1" 200 109388
190.156.138.117 - - [25/Dec/2019:06:52:47 -0500] "GET /galeria/nivo-slider/themes/default/arrows.png HTTP/1.1" 200 824
190.156.138.117 - - [25/Dec/2019:06:52:47 -0500] "GET /galeria/nivo-slider/themes/default/bullets.png HTTP/1.1" 200 1281
66.249.66.82 - - [25/Dec/2019:06:53:05 -0500] "GET /BLA/resoluciones/RESOLUCIONES%202007/RES%202007%203201%20AL%203300/RESOLUCION%203274%20DE%202007.pdf HTTP/1.1" 200 871823
66.249.66.82 - - [25/Dec/2019:06:53:42 -0500] "GET /BLA/resoluciones/AUTOS%202014/1531.pdf HTTP/1.1" 200 596720
66.249.66.81 - - [25/Dec/2019:06:54:20 -0500] "GET /BLA/resoluciones/RESOLUCIONES%202007/RES%202007%20701%20AL%20800/RESOLUCION%200736%20DE%202007.pdf HTTP/1.1" 200 220971
192.99.13.75 - - [25/Dec/2019:06:54:31 -0500] "GET /robots.txt HTTP/1.1" 404 1019
192.99.13.75 - - [25/Dec/2019:06:54:33 -0500] "GET /SIG/index.php/ECS/126PM04-PR80.pdf/?dir=Control%20y%20mejora// HTTP/1.1" 200 3075
192.99.13.75 - - [25/Dec/2019:06:54:34 -0500] "GET /SIG/index.php/ECS/126PM04-PR80.pdf/?dir=Direccionamiento%20Estrategico// HTTP/1.1" 200 4249
192.99.13.75 - - [25/Dec/2019:06:54:38 -0500] "GET /SIG/index.php/ECS/126PM04-PR80.pdf/?dir=Direccionamiento%20Estrategico//&sort=name&order=desc/ HTTP/1.1" 200 4248
192.99.13.75 - - [25/Dec/2019:06:54:41 -0500] "GET /SIG/index.php/ECS/126PM04-PR80.pdf/?dir=Direccionamiento%20Estrategico//&sort=size&order=asc/ HTTP/1.1" 200 4248
192.99.13.75 - - [25/Dec/2019:06:54:44 -0500] "GET /SIG/index.php/ECS/126PM04-PR80.pdf/?dir=ECS// HTTP/1.1" 200 16895
192.99.13.75 - - [25/Dec/2019:06:54:49 -0500] "GET /SIG/index.php/ECS/126PM04-PR80.pdf/?dir=Gestion%20Documental// HTTP/1.1" 200 5851
192.99.13.75 - - [25/Dec/2019:06:54:52 -0500] "GET /SIG/index.php/ECS/126PM04-PR80.pdf/?dir=Gestion%20Recursos%20Financieros// HTTP/1.1" 200 9159
192.99.13.75 - - [25/Dec/2019:06:54:57 -0500] "GET /SIG/index.php/ECS/126PM04-PR82.pdf/?dir=&sort=date&order=asc/ HTTP/1.1" 200 4959
66.249.66.81 - - [25/Dec/2019:06:54:58 -0500] "GET /AFLUENTESYEFUENTES/files/res/pages/page_0082.swf HTTP/1.1" 200 532898
192.99.13.75 - - [25/Dec/2019:06:55:01 -0500] "GET /SIG/index.php/ECS/126PM04-PR82.pdf/?dir=&sort=name&order=desc/ HTTP/1.1" 200 4959
192.99.13.75 - - [25/Dec/2019:06:55:04 -0500] "GET /SIG/index.php/ECS/126PM04-PR82.pdf/?dir=&sort=size&order=asc/ HTTP/1.1" 200 4959
192.99.13.75 - - [25/Dec/2019:06:55:08 -0500] "GET /SIG/index.php/ECS/126PM04-PR82.pdf/?dir=Comunicaciones// HTTP/1.1" 200 3186
66.249.66.81 - - [25/Dec/2019:06:55:12 -0500] "GET /AFLUENTESYEFUENTES/files/res/pages/page_0082.swf HTTP/1.1" 200 532898
192.99.13.75 - - [25/Dec/2019:06:55:13 -0500] "GET /SIG/index.php/ECS/126PM04-PR82.pdf/?dir=Control%20Disciplinario// HTTP/1.1" 200 2985
192.99.13.75 - - [25/Dec/2019:06:55:16 -0500] "GET /SIG/index.php/ECS/126PM04-PR82.pdf/?dir=Control%20y%20mejora// HTTP/1.1" 200 3075
190.158.122.78 - - [25/Dec/2019:06:55:17 -0500] "GET /galeria/galeria/jquery.fancybox.css?v=2.1.5 HTTP/1.1" 200 4895
190.158.122.78 - - [25/Dec/2019:06:55:17 -0500] "GET /BLA/boletinlegal/js/jquery.scrollShow.js HTTP/1.1" 200 4586
190.158.122.78 - - [25/Dec/2019:06:55:17 -0500] "GET /galeria/galeria/jquery.fancybox.js?v=2.1.5 HTTP/1.1" 200 48706
192.99.13.75 - - [25/Dec/2019:06:55:20 -0500] "GET /SIG/index.php/ECS/126PM04-PR82.pdf/?dir=Direccionamiento%20Estrategico// HTTP/1.1" 200 4249
190.158.122.78 - - [25/Dec/2019:06:55:20 -0500] "GET /BLA/boletinlegal/js/jquery.scrollShow.js HTTP/1.1" 304 -
190.158.122.78 - - [25/Dec/2019:06:55:20 -0500] "GET /galeria/galeria/jquery.fancybox.js?v=2.1.5 HTTP/1.1" 304 -
190.158.122.78 - - [25/Dec/2019:06:55:20 -0500] "GET /galeria/galeria/jquery.fancybox.css?v=2.1.5 HTTP/1.1" 304 -
192.99.13.75 - - [25/Dec/2019:06:55:27 -0500] "GET /SIG/index.php/ECS/126PM04-PR82.pdf/?dir=ECS// HTTP/1.1" 200 16895
192.99.13.75 - - [25/Dec/2019:06:55:32 -0500] "GET /SIG/index.php/ECS/126PM04-PR82.pdf/?dir=Gestion%20Documental// HTTP/1.1" 200 5851
66.249.66.82 - - [25/Dec/2019:06:55:35 -0500] "GET /BLA/resoluciones/AUTOS%202014/1850.pdf HTTP/1.1" 200 566759
192.99.13.75 - - [25/Dec/2019:06:55:36 -0500] "GET /SIG/index.php/ECS/126PM04-PR82.pdf/?dir=Gestion%20Recursos%20Financieros// HTTP/1.1" 200 9159
192.99.13.75 - - [25/Dec/2019:06:55:42 -0500] "GET /SIG/index.php/ECS/126PM04-PR83.pdf/?dir=&sort=name&order=desc/ HTTP/1.1" 200 4959
192.99.13.75 - - [25/Dec/2019:06:55:45 -0500] "GET /SIG/index.php/ECS/126PM04-PR83.pdf/?dir=&sort=size&order=asc/ HTTP/1.1" 200 4959
192.99.13.75 - - [25/Dec/2019:06:55:51 -0500] "GET /SIG/index.php/ECS/126PM04-PR83.pdf/?dir=Comunicaciones// HTTP/1.1" 200 3186
192.99.13.75 - - [25/Dec/2019:06:56:02 -0500] "GET /SIG/index.php/ECS/126PM04-PR87.pdf/?dir=&sort=date&order=asc/ HTTP/1.1" 200 4959
66.249.66.82 - - [25/Dec/2019:06:56:13 -0500] "GET /BLA/resoluciones/AUTOS%202015/1322.pdf HTTP/1.1" 200 618876
192.99.13.75 - - [25/Dec/2019:06:56:14 -0500] "GET /SIG/index.php/ECS/126PM04-PR87.pdf/?dir=&sort=name&order=desc/ HTTP/1.1" 200 4959
192.99.13.75 - - [25/Dec/2019:06:56:27 -0500] "GET /SIG/index.php/ECS/126PM04-PR87.pdf/?dir=&sort=size&order=asc/ HTTP/1.1" 200 4959
192.99.13.75 - - [25/Dec/2019:06:56:36 -0500] "GET /SIG/index.php/ECS/126PM04-PR87.pdf/?dir=Comunicaciones// HTTP/1.1" 200 3186
181.188.160.58 - - [25/Dec/2019:06:56:39 -0500] "GET /BLA/boletinlegal/js/jquery.scrollShow.js HTTP/1.1" 200 4586
181.188.160.58 - - [25/Dec/2019:06:56:39 -0500] "GET /galeria/galeria/jquery.fancybox.css?v=2.1.5 HTTP/1.1" 200 4895
181.188.160.58 - - [25/Dec/2019:06:56:39 -0500] "GET /galeria/galeria/jquery.fancybox.js?v=2.1.5 HTTP/1.1" 200 48706
181.188.160.58 - - [25/Dec/2019:06:56:39 -0500] "GET /galeria/carrusel/Carrusel/jquery.thumbnailScroller.css HTTP/1.1" 200 2066
181.188.160.58 - - [25/Dec/2019:06:56:39 -0500] "GET /galeria/carrusel/Carrusel/jquery-ui-1.8.13.custom.min.js HTTP/1.1" 200 10800
181.188.160.58 - - [25/Dec/2019:06:56:39 -0500] "GET /galeria/carrusel/Carrusel/jquery.thumbnailScroller.js HTTP/1.1" 200 8157
192.99.13.75 - - [25/Dec/2019:06:56:49 -0500] "GET /SIG/index.php/ECS/126PM04-PR87.pdf/?dir=Control%20Disciplinario// HTTP/1.1" 200 2985
181.188.160.58 - - [25/Dec/2019:06:57:04 -0500] "GET /galeria/nivo-slider/demo/inicio.html HTTP/1.1" 200 4435
181.188.160.58 - - [25/Dec/2019:06:57:04 -0500] "GET /galeria/nivo-slider/themes/orman/orman.css HTTP/1.1" 200 2152
181.188.160.58 - - [25/Dec/2019:06:57:04 -0500] "GET /galeria/nivo-slider/demo/images/Bannerserpiente2019.jpg HTTP/1.1" 200 270374
181.188.160.58 - - [25/Dec/2019:06:57:04 -0500] "GET /galeria/nivo-slider/themes/pascal/pascal.css HTTP/1.1" 200 2258
181.188.160.58 - - [25/Dec/2019:06:57:04 -0500] "GET /galeria/nivo-slider/demo/images/puntos%20atencion%20BANNER.jpg HTTP/1.1" 200 244208
181.188.160.58 - - [25/Dec/2019:06:57:04 -0500] "GET /galeria/nivo-slider/demo/images/Banner%20tinguas.jpg HTTP/1.1" 200 214878
181.188.160.58 - - [25/Dec/2019:06:57:04 -0500] "GET /galeria/nivo-slider/demo/images/Banner%20Visor%20Geografico%20Ambiental.jpg HTTP/1.1" 200 204673
181.188.160.58 - - [25/Dec/2019:06:57:04 -0500] "GET /galeria/nivo-slider/nivo-slider.css HTTP/1.1" 200 1507
181.188.160.58 - - [25/Dec/2019:06:57:04 -0500] "GET /galeria/nivo-slider/demo/images/Banner%20consumo%20sostenible%20final.jpg HTTP/1.1" 200 364746
181.188.160.58 - - [25/Dec/2019:06:57:04 -0500] "GET /galeria/nivo-slider/demo/images/Banner%20RCD.jpg HTTP/1.1" 200 92197
69.162.124.232 - - [25/Dec/2019:06:57:04 -0500] "HEAD / HTTP/1.1" 200 -
181.188.160.58 - - [25/Dec/2019:06:57:05 -0500] "GET /galeria/nivo-slider/demo/images/Banner%20Conpes.jpg HTTP/1.1" 200 55220
181.188.160.58 - - [25/Dec/2019:06:57:05 -0500] "GET /galeria/nivo-slider/demo/images/Bannercalculadora.jpg HTTP/1.1" 200 313099
181.188.160.58 - - [25/Dec/2019:06:57:05 -0500] "GET /galeria/nivo-slider/demo/images/Banner%20practicas%20sostenibles.jpg HTTP/1.1" 200 142958
181.188.160.58 - - [25/Dec/2019:06:57:05 -0500] "GET /galeria/nivo-slider/demo/images/Banner%20POT.png HTTP/1.1" 200 418238
181.188.160.58 - - [25/Dec/2019:06:57:05 -0500] "GET /galeria/nivo-slider/demo/images/bannerjardines.jpg HTTP/1.1" 200 417948
181.188.160.58 - - [25/Dec/2019:06:57:05 -0500] "GET /galeria/nivo-slider/demo/images/banneriniciativa.jpg HTTP/1.1" 200 200385
181.188.160.58 - - [25/Dec/2019:06:57:05 -0500] "GET /galeria/nivo-slider/demo/images/diciembrecaminatas.png HTTP/1.1" 200 510724
181.188.160.58 - - [25/Dec/2019:06:57:06 -0500] "GET /galeria/nivo-slider/demo/style.css HTTP/1.1" 200 2222
181.188.160.58 - - [25/Dec/2019:06:57:06 -0500] "GET /galeria/nivo-slider/demo/images/Banneranonimos.png HTTP/1.1" 200 109388
181.188.160.58 - - [25/Dec/2019:06:57:06 -0500] "GET /galeria/nivo-slider/demo/scripts/jquery-1.7.1.min.js HTTP/1.1" 200 93868
181.188.160.58 - - [25/Dec/2019:06:57:07 -0500] "GET /galeria/nivo-slider/themes/default/default.css HTTP/1.1" 200 1569
