!C99Shell v. 1.0 pre-release build #13!

Software: Apache. PHP/5.5.15 

uname -a: Windows NT SVR-DMZ 6.1 build 7600 (Windows Server 2008 R2 Enterprise Edition) i586 

SYSTEM 

Safe-mode: OFF (not secure)

E:\nuevo\apache\logs\   drwxrwxrwx
Free 7.33 GB of 239.26 GB (3.07%)
Detected drives: [ a ] [ c ] [ d ] [ e ] [ f ]
Home    Back    Forward    UPDIR    Refresh    Search    Buffer    Encoder    Tools    Proc.    FTP brute    Sec.    SQL    PHP-code    Update    Feedback    Self remove    Logout    


Viewing file:     access.2019.12.25.log (1.28 MB)      -rw-rw-rw-
Select action/file-type:
(+) | (+) | (+) | Code (+) | Session (+) | (+) | SDB (+) | (+) | (+) | (+) | (+) | (+) |
66.249.66.81 - - [25/Dec/2019:00:01:02 -0500] "GET /BLA/resoluciones/AUTOS%202015/0861.pdf HTTP/1.1" 200 554709
46.229.168.150 - - [25/Dec/2019:00:01:32 -0500] "GET /Autoliquidacion/index.php?dir=Grupo%2BForestal%2B-%2BIndustria%2Bde%2Bla%2BMadera%2F&order=asc&sort=date HTTP/1.1" 200 6649
66.249.66.81 - - [25/Dec/2019:00:02:18 -0500] "GET /BLA/resoluciones/RESOLUCIONES%202010/7280.pdf HTTP/1.1" 200 858640
69.162.124.232 - - [25/Dec/2019:00:02:56 -0500] "HEAD / HTTP/1.1" 200 -
66.249.66.81 - - [25/Dec/2019:00:03:48 -0500] "GET /BLA/resoluciones/RESOLUCIONES%202010/5628.pdf HTTP/1.1" 200 2747216
66.249.66.81 - - [25/Dec/2019:00:04:11 -0500] "GET /BLA/resoluciones/AUTOS%202014/6718.pdf HTTP/1.1" 304 -
216.244.66.195 - - [25/Dec/2019:00:04:34 -0500] "GET /BLA/resoluciones/RESOLUCIONES%202008/1037.pdf HTTP/1.1" 200 349544
46.229.168.141 - - [25/Dec/2019:00:04:47 -0500] "GET /Autoliquidacion/index.php?dir=TR%C3%83%C2%83%C3%82%C2%83%C3%83%C2%82%C3%82%C2%81MITES%2BMINER%C3%83%C2%83%C3%82%C2%83%C3%83%C2%82%C3%82%C2%8DA%2F&order=desc&sort=size HTTP/1.1" 200 6669
66.249.66.81 - - [25/Dec/2019:00:05:26 -0500] "GET /BLA/resoluciones/RESOLUCIONES%202017/0050.pdf HTTP/1.1" 304 -
66.249.66.82 - - [25/Dec/2019:00:06:03 -0500] "GET /BLA/resoluciones/RESOLUCIONES%202007/RES%202007%201401%20AL%201500/RESOLUCION%201440%20DE%202007.pdf HTTP/1.1" 304 -
216.244.66.195 - - [25/Dec/2019:00:06:12 -0500] "GET /BLA/resoluciones/RESOLUCIONES%202008/1387.pdf HTTP/1.1" 200 345795
54.36.149.18 - - [25/Dec/2019:00:06:13 -0500] "GET /BLA/resoluciones/RESOLUCIONES%202005/RES%202005%202901-2950/00002929.tif HTTP/1.1" 200 36636
66.249.66.81 - - [25/Dec/2019:00:07:19 -0500] "GET /BLA/resoluciones/RESOLUCIONES%202007/RES%202007%201401%20AL%201500/RESOLUCION%201477%20DE%202007.pdf HTTP/1.1" 304 -
216.244.66.195 - - [25/Dec/2019:00:07:31 -0500] "GET /BLA/resoluciones/RESOLUCIONES%202008/1402.pdf HTTP/1.1" 200 173115
66.249.66.81 - - [25/Dec/2019:00:07:56 -0500] "GET /BLA/resoluciones/AUTOS%202014/5420.pdf HTTP/1.1" 304 -
216.244.66.195 - - [25/Dec/2019:00:08:20 -0500] "GET /BLA/resoluciones/RESOLUCIONES%202008/1499.pdf HTTP/1.1" 200 247996
13.66.139.0 - - [25/Dec/2019:00:08:24 -0500] "GET /dama.php HTTP/1.1" 404 1019
66.249.66.81 - - [25/Dec/2019:00:08:30 -0500] "GET /BLA/resoluciones/AUTOS%202017/3379.pdf HTTP/1.1" 200 392016
66.249.66.81 - - [25/Dec/2019:00:08:37 -0500] "GET /BLA/resoluciones/AUTOS%202014/2122.pdf HTTP/1.1" 304 -
69.162.124.232 - - [25/Dec/2019:00:08:40 -0500] "HEAD / HTTP/1.1" 200 -
40.77.167.207 - - [25/Dec/2019:00:09:05 -0500] "GET /POT-2013/Cartografia/14_Sistema%20de%20Movilidad_Subsistema%20Vial_FEB.pdf HTTP/1.1" 304 -
66.249.66.81 - - [25/Dec/2019:00:09:12 -0500] "GET /BLA/resoluciones/RESOLUCIONES%202007/RES%202007%203901%20AL%204000/RESOLUCION%203957%20DE%202007.pdf HTTP/1.1" 200 522966
66.249.66.83 - - [25/Dec/2019:00:09:49 -0500] "GET /autoliquidacion/Grupo%20Forestal%20-%20Industria%20de%20la%20Madera/Diligenciamiento%20reporte%20libro%20operaciones.pdf HTTP/1.1" 304 -
54.36.150.49 - - [25/Dec/2019:00:10:13 -0500] "GET /BLA/resoluciones/RESOLUCIONES%202006/RES%202006%201751-1800/00001781.tif HTTP/1.1" 200 161420
54.36.148.17 - - [25/Dec/2019:00:10:29 -0500] "GET /BLA/resoluciones/RESOLUCIONES%202003/RES%202003%201101-1150/1120.tif HTTP/1.1" 200 221240
216.244.66.195 - - [25/Dec/2019:00:10:37 -0500] "GET /BLA/resoluciones/RESOLUCIONES%202008/1755.pdf HTTP/1.1" 200 49222
66.249.66.81 - - [25/Dec/2019:00:11:04 -0500] "GET /BLA/resoluciones/AUTOS%202014/4394.pdf HTTP/1.1" 304 -
216.244.66.195 - - [25/Dec/2019:00:11:23 -0500] "GET /BLA/resoluciones/RESOLUCIONES%202008/1951.pdf HTTP/1.1" 200 55732
66.249.66.81 - - [25/Dec/2019:00:12:20 -0500] "GET /BLA/resoluciones/RESOLUCIONES%202007/RES%202007%201301%20AL%201400/RESOLUCION%201327%20DE%202007.pdf HTTP/1.1" 304 -
46.229.168.146 - - [25/Dec/2019:00:12:43 -0500] "GET /robots.txt HTTP/1.1" 404 1019
46.229.168.153 - - [25/Dec/2019:00:12:43 -0500] "GET /Anexos%20estudio%20Organizacional%20SDA/index.php?dir=ANEXO%2BNo.%2B3-%2BCONTRATACI%C3%83%C2%83%C3%82%C2%83%C3%83%C2%82%C3%82%C2%83%C3%83%C2%83%C3%82%C2%82%C3%83%C2%82%C3%82%C2%83%C3%83%C2%83%C3%82%C2%83%C3%83%C2%82%C3%82%C2%82%C3%83%C2%83%C3%82%C2%82%C3%83%C2%82%C3%82%C2%83%C3%83%C2%83%C3%82%C2%83%C3%83%C2%82%C3%82%C2%83%C3%83%C2%83%C3%82%C2%82%C3%83%C2%82%C3%82%C2%82%C3%83%C2%83%C3%82%C2%83%C3%83%C2%82%C3%82%C2%82%C3%83%C2%83%C3%82%C2%82%C3%83%C2%82%C3%82%C2%83%C3%83%C2%83%C3%82%C2%83%C3%83%C2%82%C3%82%C2%83%C3%83%C2%83%C3%82%C2%82%C3%83%C2%82%C3%82%C2%83%C3%83%C2%83%C3%82%C2%83%C3%83%C2%82%C3%82%C2%82%C3%83%C2%83%C3%82%C2%82%C3%83%C2%82%C3%82%C2%82%C3%83%C2%83%C3%82%C2%83%C3%83%C2%82%C3%82%C2%83%C3%83%C2%83%C3%82%C2%82%C3%83%C2%82%C3%82%C2%82%C3%83%C2%83%C3%82%C2%83%C3%83%C2%82%C3%82%C2%82%C3%83%C2%83%C3%82%C2%82%C3%83%C2%82%C3%82%C2%83%C3%83%C2%83%C3%82%C2%83%C3%83%C2%82%C3%82%C2%83%C3%83%C2%83%C3%82%C2%82%C3%83%C2%82%C3%82%C2%83%C3%83%C2%83%C3%82%C2%83%C3%83%C2%82%C3%82%C2%82%C3%83%C2%83%C3%82%C2%82%C3%83%C2%82%C3%82%C2%83%C3%83%C2%83%C3%82%C2%83%C3%83%C2%82%C3%82%C2%83%C3%83%C2%83%C3%82%C2%82%C3%83%C2%82%C3%82%C2%82%C3%83%C2%83%C3%82%C2%83%C3%83%C2%82%C3%82%C2%82%C3%83%C2%83%C3%82%C2%82%C3%83%C2%82%C3%82%C2%82%C3%83%C2%83%C3%82%C2%83%C3%83%C2%82%C3%82%C2%83%C3%83%C2%83%C3%82%C2%82%C3%83%C2%82%C3%82%C2%83%C3%83%C2%83%C3%82%C2%83%C3%83%C2%82%C3%82%C2%82%C3%83%C2%83%C3%82%C2%82%C3%83%C2%82%C3%82%C2%82%C3%83%C2%83%C3%82%C2%83%C3%83%C2%82%C3%82%C2%83%C3%83%C2%83%C3%82%C2%82%C3%83%C2%82%C3%82%C2%82%C3%83%C2%83%C3%82%C2%83%C3%83%C2%82%C3%82%C2%82%C3%83%C2%83%C3%82%C2%82%C3%83%C2%82%C3%82%C2%93N%2B%2BOPS%C3%83%C2%83%C3%82%C2%83%C3%83%C2%82%C3%82%C2%83%C3%83%C2%83%C3%82%C2%82%C3%83%C2%82%C3%82%C2%83%C3%83%C2%83%C3%82%C2%83%C3%83%C2%82%C3%82%C2%82%C3%83%C2%83%C3%82%C2%82%C3%83%C2%82%C3%82%C2%83%C3%83%C2%83%C3%82%C2%83%C3%83%C2%82%C3%82%C2%83%C3%83%C2%83%C3%82%C2%82%C3%83%C2%82%C3%82%C2%82%C3%83%C2%83%C3%82%C2%83%C3%83%C2%82%C3%82%C2%82%C3%83%C2%83%C3%82%C2%82%C3%83%C2%82%C3%82%C2%83%C3%83%C2%83%C3%82%C2%83%C3%83%C2%82%C3%82%C2%83%C3%83%C2%83%C3%82%C2%82%C3%83%C2%82%C3%82%C2%83%C3%83%C2%83%C3%82%C2%83%C3%83%C2%82%C3%82%C2%82%C3%83%C2%83%C3%82%C2%82%C3%83%C2%82%C3%82%C2%82%C3%83%C2%83%C3%82%C2%83%C3%83%C2%82%C3%82%C2%83%C3%83%C2%83%C3%82%C2%82%C3%83%C2%82%C3%82%C2%82%C3%83%C2%83%C3%82%C2%83%C3%83%C2%82%C3%82%C2%82%C3%83%C2%83%C3%82%C2%82%C3%83%C2%82%C3%82%C2%82%C3%83%C2%83%C3%82%C2%83%C3%83%C2%82%C3%82%C2%83%C3%83%C2%83%C3%82%C2%82%C3%83%C2%82%C3%82%C2%83%C3%83%C2%83%C3%82%C2%83%C3%83%C2%82%C3%82%C2%82%C3%83%C2%83%C3%82%C2%82%C3%83%C2%82%C3%82%C2%83%C3%83%C2%83%C3%82%C2%83%C3%83%C2%82%C3%82%C2%83%C3%83%C2%83%C3%82%C2%82%C3%83%C2%82%C3%82%C2%82%C3%83%C2%83%C3%82%C2%83%C3%83%C2%82%C3%82%C2%82%C3%83%C2%83%C3%82%C2%82%C3%83%C2%82%C3%82%C2%82%C3%83%C2%83%C3%82%C2%83%C3%83%C2%82%C3%82%C2%83%C3%83%C2%83%C3%82%C2%82%C3%83%C2%82%C3%82%C2%83%C3%83%C2%83%C3%82%C2%83%C3%83%C2%82%C3%82%C2%82%C3%83%C2%83%C3%82%C2%82%C3%83%C2%82%C3%82%C2%82%C3%83%C2%83%C3%82%C2%83%C3%83%C2%82%C3%82%C2%83%C3%83%C2%83%C3%82%C2%82%C3%83%C2%82%C3%82%C2%82%C3%83%C2%83%C3%82%C2%83%C3%83%C2%82%C3%82%C2%82%C3%83%C2%83%C3%82%C2%82%C3%83%C2%82%C3%82%C2%B4s%2B2008-2012%2F&order=asc&sort=size HTTP/1.1" 200 9205
216.244.66.195 - - [25/Dec/2019:00:12:45 -0500] "GET /BLA/resoluciones/RESOLUCIONES%202008/1979.pdf HTTP/1.1" 200 157283
216.244.66.195 - - [25/Dec/2019:00:13:34 -0500] "GET /BLA/resoluciones/RESOLUCIONES%202009/0034.pdf HTTP/1.1" 200 410406
69.162.124.232 - - [25/Dec/2019:00:13:40 -0500] "HEAD / HTTP/1.1" 200 -
66.249.66.81 - - [25/Dec/2019:00:14:08 -0500] "GET /SIIPEV/Diseno%20de%20Elementos%20de%20Mobiliario%20Urbano/Registros/RegistrosNegados.html? HTTP/1.1" 200 18569
66.249.66.81 - - [25/Dec/2019:00:14:08 -0500] "GET /robots.txt HTTP/1.1" 404 1018
66.249.66.81 - - [25/Dec/2019:00:14:09 -0500] "GET /SIIPEV/Diseno%20de%20Elementos%20de%20Mobiliario%20Urbano/Registros/js/bootstrap.min.js HTTP/1.1" 200 35601
66.249.66.81 - - [25/Dec/2019:00:14:11 -0500] "GET /SIIPEV/Diseno%20de%20Elementos%20de%20Mobiliario%20Urbano/Registros/js/jquery.dataTables.min.js HTTP/1.1" 200 78766
66.249.66.81 - - [25/Dec/2019:00:14:17 -0500] "GET /SIIPEV/Diseno%20de%20Elementos%20de%20Mobiliario%20Urbano/Registros/css/dataTables.bootstrap.css HTTP/1.1" 200 7679
66.249.66.81 - - [25/Dec/2019:00:14:20 -0500] "GET /SIIPEV/Diseno%20de%20Elementos%20de%20Mobiliario%20Urbano/Registros/js/dataTables.bootstrap.js HTTP/1.1" 200 4287
66.249.66.81 - - [25/Dec/2019:00:14:23 -0500] "GET /SIIPEV/Diseno%20de%20Elementos%20de%20Mobiliario%20Urbano/Registros/js/jquery.min.js HTTP/1.1" 200 95786
66.249.66.81 - - [25/Dec/2019:00:14:25 -0500] "GET /SIIPEV/Diseno%20de%20Elementos%20de%20Mobiliario%20Urbano/Registros/css/bootstrap.min.css HTTP/1.1" 200 113504
66.249.88.23 - - [25/Dec/2019:00:15:11 -0500] "GET /galeria/galeria/jquery.fancybox.js?v=2.1.5 HTTP/1.1" 200 48706
66.249.88.25 - - [25/Dec/2019:00:15:11 -0500] "GET /galeria/galeria/jquery.fancybox.css?v=2.1.5 HTTP/1.1" 200 4895
66.249.88.19 - - [25/Dec/2019:00:15:11 -0500] "GET /BLA/boletinlegal/js/jquery.scrollShow.js HTTP/1.1" 200 4586
66.249.66.82 - - [25/Dec/2019:00:15:28 -0500] "GET /BLA/resoluciones/RESOLUCIONES%202016/1287.pdf HTTP/1.1" 304 -
216.244.66.195 - - [25/Dec/2019:00:15:53 -0500] "GET /BLA/resoluciones/RESOLUCIONES%202009/0084.pdf HTTP/1.1" 200 228221
66.249.66.82 - - [25/Dec/2019:00:16:06 -0500] "GET /BLA/resoluciones/AUTOS%202013/2402.pdf HTTP/1.1" 304 -
201.245.192.253 - - [25/Dec/2019:00:15:48 -0500] "POST /kwsrmcab/Wsrmcab HTTP/1.1" 200 31953
201.245.192.253 - - [25/Dec/2019:00:15:49 -0500] "POST /kwsrmcab/Wsrmcab HTTP/1.1" 200 32434
66.249.66.81 - - [25/Dec/2019:00:16:43 -0500] "GET /BLA/resoluciones/AUTOS%202014/5060.pdf HTTP/1.1" 304 -
201.245.192.253 - - [25/Dec/2019:00:16:23 -0500] "POST /kwsrmcab/Wsrmcab HTTP/1.1" 200 31953
66.249.66.81 - - [25/Dec/2019:00:17:21 -0500] "GET /BLA/resoluciones/AUTOS%202013/2391.pdf HTTP/1.1" 200 1907278
216.244.66.195 - - [25/Dec/2019:00:17:31 -0500] "GET /BLA/resoluciones/RESOLUCIONES%202009/0106.pdf HTTP/1.1" 200 271726
66.249.66.82 - - [25/Dec/2019:00:17:58 -0500] "GET /BLA/resoluciones/AUTOS%202018/4494.pdf HTTP/1.1" 200 298982
69.162.124.232 - - [25/Dec/2019:00:18:40 -0500] "HEAD / HTTP/1.1" 200 -
5.9.141.8 - - [25/Dec/2019:00:18:56 -0500] "GET /robots.txt HTTP/1.1" 404 1015
5.9.141.8 - - [25/Dec/2019:00:18:57 -0500] "GET /Anexos%20estudio%20Organizacional%20SDA/index.php?dir=ANEXO%20No.%201-%20NORMAS%20LEGALES%20DE%20ESTRUCTURA%20Y%20PLANTA/Decreto%20109%20de%202009%20-%20Modifica%20la%20estructura%20de%20la%20SDA.jsp_files/&sort=name&order=asc/ HTTP/1.1" 200 10510
5.9.141.8 - - [25/Dec/2019:00:18:59 -0500] "GET /Anexos%20estudio%20Organizacional%20SDA/index.php?dir=ANEXO%20No.%201-%20NORMAS%20LEGALES%20DE%20ESTRUCTURA%20Y%20PLANTA/Decreto%20175%20de%202009%20_files/&sort=name&order=asc/ HTTP/1.1" 200 9180
5.9.141.8 - - [25/Dec/2019:00:19:01 -0500] "GET /Anexos%20estudio%20Organizacional%20SDA/index.php?dir=ANEXO%20No.%201-%20NORMAS%20LEGALES%20DE%20ESTRUCTURA%20Y%20PLANTA/Decreto%20175%20de%202009_files/&sort=name&order=asc/ HTTP/1.1" 200 9142
216.244.66.195 - - [25/Dec/2019:00:19:02 -0500] "GET /BLA/resoluciones/RESOLUCIONES%202009/0198.pdf HTTP/1.1" 200 240902
5.9.141.8 - - [25/Dec/2019:00:19:03 -0500] "GET /Anexos%20estudio%20Organizacional%20SDA/index.php?dir=ANEXO%20No.%201-%20NORMAS%20LEGALES%20DE%20ESTRUCTURA%20Y%20PLANTA/Decreto%20distrital%20110%20de%202009%20-%20modifica%20planta%20de%20empleos%20SDA.jsp_files// HTTP/1.1" 200 11157
5.9.141.8 - - [25/Dec/2019:00:19:05 -0500] "GET /Anexos%20estudio%20Organizacional%20SDA/index.php?dir=ANEXO%20No.%201-%20NORMAS%20LEGALES%20DE%20ESTRUCTURA%20Y%20PLANTA/Decreto%20distrital%20110%20de%202009%20-%20modifica%20planta%20de%20empleos%20SDA.jsp_files/&sort=date&order=asc/ HTTP/1.1" 200 10455
5.9.141.8 - - [25/Dec/2019:00:19:06 -0500] "GET /Anexos%20estudio%20Organizacional%20SDA/index.php?dir=ANEXO%20No.%201-%20NORMAS%20LEGALES%20DE%20ESTRUCTURA%20Y%20PLANTA/Decreto%20distrital%20110%20de%202009%20-%20modifica%20planta%20de%20empleos%20SDA.jsp_files/&sort=name&order=asc/ HTTP/1.1" 200 10814
5.9.141.8 - - [25/Dec/2019:00:19:08 -0500] "GET /Anexos%20estudio%20Organizacional%20SDA/index.php?dir=ANEXO%20No.%201-%20NORMAS%20LEGALES%20DE%20ESTRUCTURA%20Y%20PLANTA/Decreto%20distrital%20110%20de%202009%20-%20modifica%20planta%20de%20empleos%20SDA.jsp_files/&sort=size&order=asc/ HTTP/1.1" 200 10993
5.9.141.8 - - [25/Dec/2019:00:19:10 -0500] "GET /Anexos%20estudio%20Organizacional%20SDA/index.php?dir=ANEXO%20No.%2010%20-%20COSTO%20DETALLADO%20PLANTA%20DE%20CARGOS%20ACTUAL// HTTP/1.1" 200 2614
5.9.141.8 - - [25/Dec/2019:00:19:12 -0500] "GET /Anexos%20estudio%20Organizacional%20SDA/index.php?dir=ANEXO%20No.%2010%20-%20COSTO%20DETALLADO%20PLANTA%20DE%20CARGOS%20ACTUAL/&sort=date&order=asc/ HTTP/1.1" 200 2420
5.9.141.8 - - [25/Dec/2019:00:19:14 -0500] "GET /Anexos%20estudio%20Organizacional%20SDA/index.php?dir=ANEXO%20No.%2010%20-%20COSTO%20DETALLADO%20PLANTA%20DE%20CARGOS%20ACTUAL/&sort=date&order=desc/ HTTP/1.1" 200 2420
5.9.141.8 - - [25/Dec/2019:00:19:16 -0500] "GET /Anexos%20estudio%20Organizacional%20SDA/index.php?dir=ANEXO%20No.%2010%20-%20COSTO%20DETALLADO%20PLANTA%20DE%20CARGOS%20ACTUAL/&sort=name&order=asc/ HTTP/1.1" 200 2420
5.9.141.8 - - [25/Dec/2019:00:19:17 -0500] "GET /Anexos%20estudio%20Organizacional%20SDA/index.php?dir=ANEXO%20No.%2010%20-%20COSTO%20DETALLADO%20PLANTA%20DE%20CARGOS%20ACTUAL/&sort=size&order=asc/ HTTP/1.1" 200 2420
5.9.141.8 - - [25/Dec/2019:00:19:19 -0500] "GET /Anexos%20estudio%20Organizacional%20SDA/index.php?dir=ANEXO%20No.%2010%20-%20COSTO%20DETALLADO%20PLANTA%20DE%20CARGOS%20ACTUAL/&sort=size&order=desc/ HTTP/1.1" 200 2420
5.9.141.8 - - [25/Dec/2019:00:19:21 -0500] "GET /PORTAL_SIAC/swf/?C=D;O=A/ HTTP/1.1" 200 6169
5.9.141.8 - - [25/Dec/2019:00:19:22 -0500] "GET /PORTAL_SIAC/swf/?C=D;O=D/ HTTP/1.1" 200 6169
5.9.141.8 - - [25/Dec/2019:00:19:24 -0500] "GET /PORTAL_SIAC/swf/?C=N;O=A/ HTTP/1.1" 200 6169
5.9.141.8 - - [25/Dec/2019:00:19:26 -0500] "GET /PORTAL_SIAC/swf/?C=N;O=D/ HTTP/1.1" 200 6169
5.9.141.8 - - [25/Dec/2019:00:19:27 -0500] "GET /PruebasSTORM/StormSDA_pruebas/forms/?C=D;O=A/ HTTP/1.1" 200 3534
5.9.141.8 - - [25/Dec/2019:00:19:29 -0500] "GET /PruebasSTORM/StormSDA_pruebas/forms/?C=S;O=D/ HTTP/1.1" 200 3534
5.9.141.8 - - [25/Dec/2019:00:19:31 -0500] "GET /PruebasSTORM/StormSDA_pruebas/stormWeb/img/?C=D;O=D/ HTTP/1.1" 200 2984
5.9.141.8 - - [25/Dec/2019:00:19:32 -0500] "GET /PruebasSTORM/StormSDA_pruebas/stormWeb/img/?C=M;O=D/ HTTP/1.1" 200 2984
5.9.141.8 - - [25/Dec/2019:00:19:34 -0500] "GET /PruebasSTORM/StormSDA_pruebas/stormWeb/img/?C=S;O=D/ HTTP/1.1" 200 2984
5.9.141.8 - - [25/Dec/2019:00:19:36 -0500] "GET /StormSDA/forms/?C=D;O=D/ HTTP/1.1" 200 3471
5.9.141.8 - - [25/Dec/2019:00:19:37 -0500] "GET /robots.txt HTTP/1.1" 404 1015
5.9.141.8 - - [25/Dec/2019:00:19:39 -0500] "GET /StormSDA/forms/?C=D;O=D/ HTTP/1.1" 200 3472
5.9.141.8 - - [25/Dec/2019:00:19:41 -0500] "GET /StormSDA/forms/?C=M;O=D/ HTTP/1.1" 200 3471
5.9.141.8 - - [25/Dec/2019:00:19:42 -0500] "GET /StormSDA/forms/?C=M;O=D/ HTTP/1.1" 200 3472
66.249.66.81 - - [25/Dec/2019:00:19:44 -0500] "GET /BLA/resoluciones/AUTOS%202015/3750.pdf HTTP/1.1" 200 144068
5.9.141.8 - - [25/Dec/2019:00:19:44 -0500] "GET /StormSDA/forms/?C=N;O=A/ HTTP/1.1" 200 3472
5.9.141.8 - - [25/Dec/2019:00:19:46 -0500] "GET /StormSDA/forms/?C=S;O=A/ HTTP/1.1" 200 3471
5.9.141.8 - - [25/Dec/2019:00:19:47 -0500] "GET /StormSDA/forms/?C=S;O=D/ HTTP/1.1" 200 3472
5.9.141.8 - - [25/Dec/2019:00:19:49 -0500] "GET /StormSDA/lib/?C=D;O=D/ HTTP/1.1" 200 6376
5.9.141.8 - - [25/Dec/2019:00:19:51 -0500] "GET /StormSDA/lib/?C=M;O=D/ HTTP/1.1" 200 6376
66.249.66.82 - - [25/Dec/2019:00:19:51 -0500] "GET /BLA/resoluciones/AUTOS%202016/1489.pdf HTTP/1.1" 200 297162
5.9.141.8 - - [25/Dec/2019:00:19:52 -0500] "GET /StormSDA/lib/?C=N;O=A/ HTTP/1.1" 200 6376
5.9.141.8 - - [25/Dec/2019:00:19:54 -0500] "GET /StormSDA/lib/?C=S;O=D/ HTTP/1.1" 200 6376
5.9.141.8 - - [25/Dec/2019:00:19:56 -0500] "GET /StormSDA/lib/win32/?C=D;O=A/ HTTP/1.1" 200 1199
5.9.141.8 - - [25/Dec/2019:00:19:57 -0500] "GET /StormSDA/lib/win32/?C=D;O=D/ HTTP/1.1" 200 1200
5.9.141.8 - - [25/Dec/2019:00:19:59 -0500] "GET /StormSDA/lib/win32/?C=M;O=A/ HTTP/1.1" 200 1199
5.9.141.8 - - [25/Dec/2019:00:20:01 -0500] "GET /StormSDA/lib/win32/?C=M;O=D/ HTTP/1.1" 200 1200
216.244.66.195 - - [25/Dec/2019:00:20:02 -0500] "GET /BLA/resoluciones/RESOLUCIONES%202009/0327.pdf HTTP/1.1" 200 237524
5.9.141.8 - - [25/Dec/2019:00:20:03 -0500] "GET /StormSDA/lib/win32/?C=N;O=A/ HTTP/1.1" 200 1200
5.9.141.8 - - [25/Dec/2019:00:20:04 -0500] "GET /StormSDA/lib/win32/?C=N;O=D/ HTTP/1.1" 200 1199
5.9.141.8 - - [25/Dec/2019:00:20:06 -0500] "GET /StormSDA/lib/win32/?C=S;O=A/ HTTP/1.1" 200 1199
5.9.141.8 - - [25/Dec/2019:00:20:08 -0500] "GET /StormSDA/lib/win32/?C=S;O=D/ HTTP/1.1" 200 1200
66.249.66.81 - - [25/Dec/2019:00:20:09 -0500] "GET /BLA/resoluciones/AUTOS%202018/3454.pdf HTTP/1.1" 200 328224
5.9.141.8 - - [25/Dec/2019:00:20:09 -0500] "GET /StormSDA/nsjars/?C=D;O=A/ HTTP/1.1" 200 5598
5.9.141.8 - - [25/Dec/2019:00:20:11 -0500] "GET /StormSDA/nsjars/?C=D;O=D/ HTTP/1.1" 200 5598
5.9.141.8 - - [25/Dec/2019:00:20:13 -0500] "GET /StormSDA/nsjars/?C=M;O=A/ HTTP/1.1" 200 5598
5.9.141.8 - - [25/Dec/2019:00:20:14 -0500] "GET /StormSDA/nsjars/?C=M;O=D/ HTTP/1.1" 200 5598
5.9.141.8 - - [25/Dec/2019:00:20:16 -0500] "GET /StormSDA/nsjars/?C=M;O=D/ HTTP/1.1" 200 5599
5.9.141.8 - - [25/Dec/2019:00:20:18 -0500] "GET /StormSDA/nsjars/?C=N;O=A/ HTTP/1.1" 200 5599
5.9.141.8 - - [25/Dec/2019:00:20:20 -0500] "GET /StormSDA/nsjars/?C=S;O=A/ HTTP/1.1" 200 5598
5.9.141.8 - - [25/Dec/2019:00:20:21 -0500] "GET /StormSDA/nsjars/?C=S;O=A/ HTTP/1.1" 200 5599
5.9.141.8 - - [25/Dec/2019:00:20:23 -0500] "GET /StormSDA/nsjars/?C=S;O=D/ HTTP/1.1" 200 5598
5.9.141.8 - - [25/Dec/2019:00:20:25 -0500] "GET /StormSDA/nsjars/?C=S;O=D/ HTTP/1.1" 200 5599
5.9.141.8 - - [25/Dec/2019:00:20:27 -0500] "GET /StormSDA/storm/?C=M;O=D/ HTTP/1.1" 200 5554
5.9.141.8 - - [25/Dec/2019:00:20:28 -0500] "GET /StormSDA/storm/?C=N;O=A/ HTTP/1.1" 200 5553
66.249.66.83 - - [25/Dec/2019:00:20:29 -0500] "GET /BLA/resoluciones/AUTOS%202014/7387.pdf HTTP/1.1" 200 2226412
5.9.141.8 - - [25/Dec/2019:00:20:30 -0500] "GET /StormSDA/storm/?C=N;O=A/ HTTP/1.1" 200 5554
5.9.141.8 - - [25/Dec/2019:00:20:32 -0500] "GET /StormSDA/stormWeb/?C=D;O=A/ HTTP/1.1" 200 1187
5.9.141.8 - - [25/Dec/2019:00:20:33 -0500] "GET /StormSDA/stormWeb/?C=M;O=A/ HTTP/1.1" 200 1187
5.9.141.8 - - [25/Dec/2019:00:20:35 -0500] "GET /StormSDA/stormWeb/?C=N;O=D/ HTTP/1.1" 200 1187
5.9.141.8 - - [25/Dec/2019:00:20:37 -0500] "GET /StormSDA/stormWeb/?C=S;O=A/ HTTP/1.1" 200 1187
5.9.141.8 - - [25/Dec/2019:00:20:39 -0500] "GET /StormSDA/userFiles%20-%20Copy%2019-07-2012/?C=M;O=A/ HTTP/1.1" 200 5897
5.9.141.8 - - [25/Dec/2019:00:20:40 -0500] "GET /StormSDA/userFiles%20-%20Copy%2019-07-2012/?C=M;O=D/ HTTP/1.1" 200 5897
5.9.141.8 - - [25/Dec/2019:00:20:42 -0500] "GET /StormSDA/userFiles%20-%20Copy%2019-07-2012/?C=N;O=A/ HTTP/1.1" 200 5897
5.9.141.8 - - [25/Dec/2019:00:20:44 -0500] "GET /StormSDA/userFiles%20-%20Copy%2019-07-2012/user_files/1/?C=N;O=D/ HTTP/1.1" 200 1747
5.9.141.8 - - [25/Dec/2019:00:20:45 -0500] "GET /StormSDA/userFiles%20-%20Copy%2019-07-2012/user_files/88/?C=D;O=A/ HTTP/1.1" 200 874
5.9.141.8 - - [25/Dec/2019:00:20:47 -0500] "GET /StormSDA/userFiles%20-%20Copy%2019-07-2012/user_files/90/?C=M;O=D/ HTTP/1.1" 200 873
5.9.141.8 - - [25/Dec/2019:00:20:49 -0500] "GET /StormSDA/userFiles%20-%20Copy%2019-07-2012/user_files/90/?C=N;O=D/ HTTP/1.1" 200 873
5.9.141.8 - - [25/Dec/2019:00:20:51 -0500] "GET /StormSDA/userFiles%20-%20Copy%2019-07-2012/user_files/90/?C=S;O=D/ HTTP/1.1" 200 873
5.9.141.8 - - [25/Dec/2019:00:20:53 -0500] "GET /StormSDA/userFiles%20-%20Copy%2019-07-2012/user_files/94/?C=M;O=D/ HTTP/1.1" 200 873
5.9.141.8 - - [25/Dec/2019:00:20:54 -0500] "GET /StormSDA/userFiles%20-%20Copy%2019-07-2012/user_files/94/?C=S;O=D/ HTTP/1.1" 200 873
5.9.141.8 - - [25/Dec/2019:00:20:56 -0500] "GET /StormSDA/userFiles%20-%20Copy%2019-07-2012/user_files/95/?C=D;O=A/ HTTP/1.1" 200 873
5.9.141.8 - - [25/Dec/2019:00:20:58 -0500] "GET /StormSDA/userFiles%20-%20Copy%2019-07-2012/user_files/95/?C=D;O=D/ HTTP/1.1" 200 873
5.9.141.8 - - [25/Dec/2019:00:20:59 -0500] "GET /StormSDA/userFiles%20-%20Copy%2019-07-2012/user_files/95/?C=M;O=A/ HTTP/1.1" 200 873
5.9.141.8 - - [25/Dec/2019:00:21:01 -0500] "GET /StormSDA/userFiles%20-%20Copy%2019-07-2012/user_files/95/?C=M;O=D/ HTTP/1.1" 200 873
5.9.141.8 - - [25/Dec/2019:00:21:03 -0500] "GET /StormSDA/userFiles%20-%20Copy%2019-07-2012/user_files/95/?C=N;O=D/ HTTP/1.1" 200 873
5.9.141.8 - - [25/Dec/2019:00:21:05 -0500] "GET /StormSDA/userFiles%20-%20Copy%2019-07-2012/user_files/95/?C=S;O=A/ HTTP/1.1" 200 873
5.9.141.8 - - [25/Dec/2019:00:21:06 -0500] "GET /StormSDA/userFiles%20-%20Copy%2019-07-2012/user_files/95/?C=S;O=D/ HTTP/1.1" 200 873
5.9.141.8 - - [25/Dec/2019:00:21:08 -0500] "GET /StormSDA/userFiles%20-%20Copy%2019-07-2012/user_files/96/?C=M;O=D/ HTTP/1.1" 200 873
5.9.141.8 - - [25/Dec/2019:00:21:10 -0500] "GET /StormSDA/userFiles%20-%20Copy%2019-07-2012/user_files/formatos/?C=D;O=D/ HTTP/1.1" 200 1514
5.9.141.8 - - [25/Dec/2019:00:21:12 -0500] "GET /StormSDA/userFiles%20-%20Copy%2019-07-2012/user_files/formatos/?C=D;O=D/ HTTP/1.1" 200 1515
46.229.168.151 - - [25/Dec/2019:00:21:14 -0500] "GET /Autoliquidacion/index.php?dir=TR%C3%83%C2%83%C3%82%C2%83%C3%83%C2%82%C3%82%C2%83%C3%83%C2%83%C3%82%C2%82%C3%83%C2%82%C3%82%C2%83%C3%83%C2%83%C3%82%C2%83%C3%83%C2%82%C3%82%C2%82%C3%83%C2%83%C3%82%C2%82%C3%83%C2%82%C3%82%C2%83%C3%83%C2%83%C3%82%C2%83%C3%83%C2%82%C3%82%C2%83%C3%83%C2%83%C3%82%C2%82%C3%83%C2%82%C3%82%C2%82%C3%83%C2%83%C3%82%C2%83%C3%83%C2%82%C3%82%C2%82%C3%83%C2%83%C3%82%C2%82%C3%83%C2%82%C3%82%C2%81MITES%2BAGUAS%2BSUBTERR%C3%83%C2%83%C3%82%C2%83%C3%83%C2%82%C3%82%C2%83%C3%83%C2%83%C3%82%C2%82%C3%83%C2%82%C3%82%C2%83%C3%83%C2%83%C3%82%C2%83%C3%83%C2%82%C3%82%C2%82%C3%83%C2%83%C3%82%C2%82%C3%83%C2%82%C3%82%C2%83%C3%83%C2%83%C3%82%C2%83%C3%83%C2%82%C3%82%C2%83%C3%83%C2%83%C3%82%C2%82%C3%83%C2%82%C3%82%C2%82%C3%83%C2%83%C3%82%C2%83%C3%83%C2%82%C3%82%C2%82%C3%83%C2%83%C3%82%C2%82%C3%83%C2%82%C3%82%C2%81NEAS%2F&order=asc&sort=size HTTP/1.1" 200 7375
5.9.141.8 - - [25/Dec/2019:00:21:14 -0500] "GET /StormSDA/userFiles%20-%20Copy%2019-07-2012/user_files/formatos/?C=M;O=D/ HTTP/1.1" 200 1514
5.9.141.8 - - [25/Dec/2019:00:21:15 -0500] "GET /StormSDA/userFiles%20-%20Copy%2019-07-2012/user_files/formatos/?C=M;O=D/ HTTP/1.1" 200 1515
5.9.141.8 - - [25/Dec/2019:00:21:17 -0500] "GET /StormSDA/userFiles%20-%20Copy%2019-07-2012/user_files/formatos/?C=N;O=A/ HTTP/1.1" 200 1515
66.249.88.23 - - [25/Dec/2019:00:21:19 -0500] "GET /galeria/galeria/jquery.fancybox.css?v=2.1.5 HTTP/1.1" 200 4895
66.249.88.19 - - [25/Dec/2019:00:21:19 -0500] "GET /BLA/boletinlegal/js/jquery.scrollShow.js HTTP/1.1" 200 4586
66.249.88.23 - - [25/Dec/2019:00:21:19 -0500] "GET /galeria/galeria/jquery.fancybox.js?v=2.1.5 HTTP/1.1" 200 48706
5.9.141.8 - - [25/Dec/2019:00:21:19 -0500] "GET /StormSDA/userFiles%20-%20Copy%2019-07-2012/user_files/formatos/?C=S;O=A/ HTTP/1.1" 200 1515
66.249.88.25 - - [25/Dec/2019:00:21:19 -0500] "GET /galeria/galeria/jquery.fancybox.css?v=2.1.5 HTTP/1.1" 200 4895
66.249.88.25 - - [25/Dec/2019:00:21:19 -0500] "GET /galeria/galeria/jquery.fancybox.js?v=2.1.5 HTTP/1.1" 200 48706
66.249.88.23 - - [25/Dec/2019:00:21:19 -0500] "GET /BLA/boletinlegal/js/jquery.scrollShow.js HTTP/1.1" 200 4586
5.9.141.8 - - [25/Dec/2019:00:21:20 -0500] "GET /StormSDA/userFiles%20-%20Copy%2019-07-2012/user_files/formatos/?C=S;O=D/ HTTP/1.1" 200 1514
5.9.141.8 - - [25/Dec/2019:00:21:22 -0500] "GET /StormSDA/userFiles%20-%20Copy%2019-07-2012/user_files/formulas/2/?C=D;O=A/ HTTP/1.1" 200 899
5.9.141.8 - - [25/Dec/2019:00:21:24 -0500] "GET /StormSDA/userFiles%20-%20Copy%2019-07-2012/user_files/formulas/2/?C=M;O=A/ HTTP/1.1" 200 899
5.9.141.8 - - [25/Dec/2019:00:21:25 -0500] "GET /StormSDA/userFiles/?C=M;O=D/ HTTP/1.1" 200 6084
5.9.141.8 - - [25/Dec/2019:00:21:28 -0500] "GET /StormSDA/userFiles/?C=N;O=A/ HTTP/1.1" 200 6084
5.9.141.8 - - [25/Dec/2019:00:21:30 -0500] "GET /StormSDA/userFiles/?C=S;O=D/ HTTP/1.1" 200 6083
5.9.141.8 - - [25/Dec/2019:00:21:32 -0500] "GET /StormSDA/userFiles/?C=S;O=D/ HTTP/1.1" 200 6084
5.9.141.8 - - [25/Dec/2019:00:21:34 -0500] "GET /StormSDA/userFiles/user_files/1/?C=D;O=A/ HTTP/1.1" 200 1688
5.9.141.8 - - [25/Dec/2019:00:21:36 -0500] "GET /StormSDA/userFiles/user_files/1/?C=D;O=D/ HTTP/1.1" 200 1688
5.9.141.8 - - [25/Dec/2019:00:21:37 -0500] "GET /StormSDA/userFiles/user_files/1/?C=M;O=A/ HTTP/1.1" 200 1688
5.9.141.8 - - [25/Dec/2019:00:21:39 -0500] "GET /StormSDA/userFiles/user_files/1/?C=N;O=A/ HTTP/1.1" 200 1688
5.9.141.8 - - [25/Dec/2019:00:21:41 -0500] "GET /StormSDA/userFiles/user_files/1/?C=N;O=D/ HTTP/1.1" 200 1688
5.9.141.8 - - [25/Dec/2019:00:21:43 -0500] "GET /StormSDA/userFiles/user_files/1/?C=S;O=A/ HTTP/1.1" 200 1688
5.9.141.8 - - [25/Dec/2019:00:21:44 -0500] "GET /StormSDA/userFiles/user_files/86/?C=S;O=D/ HTTP/1.1" 200 813
5.9.141.8 - - [25/Dec/2019:00:21:46 -0500] "GET /StormSDA/userFiles/user_files/92/?C=D;O=A/ HTTP/1.1" 200 813
5.9.141.8 - - [25/Dec/2019:00:21:48 -0500] "GET /StormSDA/userFiles/user_files/93/?C=M;O=D/ HTTP/1.1" 200 813
5.9.141.8 - - [25/Dec/2019:00:21:50 -0500] "GET /StormSDA/userFiles/user_files/93/?C=S;O=D/ HTTP/1.1" 200 813
5.9.141.8 - - [25/Dec/2019:00:21:51 -0500] "GET /StormSDA/userFiles/user_files/94/?C=D;O=D/ HTTP/1.1" 200 813
5.9.141.8 - - [25/Dec/2019:00:21:53 -0500] "GET /StormSDA/userFiles/user_files/94/?C=N;O=A/ HTTP/1.1" 200 813
5.9.141.8 - - [25/Dec/2019:00:21:55 -0500] "GET /StormSDA/userFiles/user_files/?C=D;O=D/ HTTP/1.1" 200 8984
5.9.141.8 - - [25/Dec/2019:00:21:57 -0500] "GET /StormSDA/userFiles/user_files/?C=M;O=A/ HTTP/1.1" 200 8984
5.9.141.8 - - [25/Dec/2019:00:21:59 -0500] "GET /StormSDA/userFiles/user_files/formatos/?C=N;O=D/ HTTP/1.1" 200 1454
5.9.141.8 - - [25/Dec/2019:00:22:02 -0500] "GET /StormSDA/userFiles/user_files/formatos/eventos/?C=D;O=A/ HTTP/1.1" 200 850
5.9.141.8 - - [25/Dec/2019:00:22:05 -0500] "GET /StormSDA/userFiles/user_files/formatos/eventos/?C=D;O=A/ HTTP/1.1" 200 851
5.9.141.8 - - [25/Dec/2019:00:22:07 -0500] "GET /StormSDA/userFiles/user_files/formatos/eventos/?C=D;O=D/ HTTP/1.1" 200 850
5.9.141.8 - - [25/Dec/2019:00:22:08 -0500] "GET /StormSDA/userFiles/user_files/formatos/eventos/?C=M;O=A/ HTTP/1.1" 200 850
5.9.141.8 - - [25/Dec/2019:00:22:10 -0500] "GET /StormSDA/userFiles/user_files/formatos/eventos/?C=M;O=D/ HTTP/1.1" 200 850
5.9.141.8 - - [25/Dec/2019:00:22:12 -0500] "GET /StormSDA/userFiles/user_files/formatos/eventos/?C=N;O=A/ HTTP/1.1" 200 850
5.9.141.8 - - [25/Dec/2019:00:22:13 -0500] "GET /StormSDA/userFiles/user_files/formatos/eventos/?C=N;O=D/ HTTP/1.1" 200 850
5.9.141.8 - - [25/Dec/2019:00:22:15 -0500] "GET /StormSDA/userFiles/user_files/formatos/eventos/?C=N;O=D/ HTTP/1.1" 200 851
216.244.66.195 - - [25/Dec/2019:00:22:15 -0500] "GET /BLA/resoluciones/RESOLUCIONES%202009/0504.pdf HTTP/1.1" 200 298881
5.9.141.8 - - [25/Dec/2019:00:22:17 -0500] "GET /StormSDA/userFiles/user_files/formatos/eventos/?C=S;O=A/ HTTP/1.1" 200 850
5.9.141.8 - - [25/Dec/2019:00:22:18 -0500] "GET /StormSDA/userFiles/user_files/formatos/eventos/?C=S;O=D/ HTTP/1.1" 200 850
5.9.141.8 - - [25/Dec/2019:00:22:20 -0500] "GET /StormSDA/userFiles/user_files/formulas/3/?C=N;O=D/ HTTP/1.1" 200 838
5.9.141.8 - - [25/Dec/2019:00:22:22 -0500] "GET /StormSDA/userFiles/user_files/formulas/4/?C=D;O=A/ HTTP/1.1" 200 838
66.249.66.82 - - [25/Dec/2019:00:22:22 -0500] "GET /BLA/resoluciones/RESOLUCIONES%202014/1792.pdf HTTP/1.1" 200 5184818
5.9.141.8 - - [25/Dec/2019:00:22:24 -0500] "GET /StormSDA/userFiles/user_files/formulas/4/?C=D;O=D/ HTTP/1.1" 200 838
5.9.141.8 - - [25/Dec/2019:00:22:25 -0500] "GET /StormSDA/userFiles/user_files/formulas/4/?C=M;O=A/ HTTP/1.1" 200 838
5.9.141.8 - - [25/Dec/2019:00:22:27 -0500] "GET /StormSDA/userFiles/user_files/formulas/4/?C=M;O=D/ HTTP/1.1" 200 838
5.9.141.8 - - [25/Dec/2019:00:22:32 -0500] "GET /StormSDA/userFiles/user_files/formulas/4/?C=N;O=A/ HTTP/1.1" 200 838
5.9.141.8 - - [25/Dec/2019:00:22:34 -0500] "GET /StormSDA/userFiles/user_files/formulas/4/?C=N;O=D/ HTTP/1.1" 200 838
5.9.141.8 - - [25/Dec/2019:00:22:36 -0500] "GET /StormSDA/userFiles/user_files/formulas/4/?C=S;O=A/ HTTP/1.1" 200 838
5.9.141.8 - - [25/Dec/2019:00:22:38 -0500] "GET /StormSDA/userFiles/user_files/formulas/4/?C=S;O=D/ HTTP/1.1" 200 838
5.9.141.8 - - [25/Dec/2019:00:22:40 -0500] "GET /StormSDA/userFiles/user_files/formulas/?C=N;O=D/ HTTP/1.1" 200 1440
5.9.141.8 - - [25/Dec/2019:00:22:42 -0500] "GET /StormSDA/userFiles/user_files/listas/?C=D;O=D/ HTTP/1.1" 200 1239
5.9.141.8 - - [25/Dec/2019:00:22:44 -0500] "GET /StormSDA/userFiles/user_files/listas/?C=M;O=A/ HTTP/1.1" 200 1239
5.9.141.8 - - [25/Dec/2019:00:22:46 -0500] "GET /StormSDA/userFiles/user_files/listas/?C=N;O=D/ HTTP/1.1" 200 1239
5.9.141.8 - - [25/Dec/2019:00:22:48 -0500] "GET /StormSDA/userFiles/user_files/listas/?C=S;O=D/ HTTP/1.1" 200 1239
5.9.141.8 - - [25/Dec/2019:00:22:50 -0500] "GET /galeria/?C=D;O=A/ HTTP/1.1" 200 3296
5.9.141.8 - - [25/Dec/2019:00:22:52 -0500] "GET /galeria/?C=M;O=A/ HTTP/1.1" 200 3296
5.9.141.8 - - [25/Dec/2019:00:22:53 -0500] "GET /galeria/?C=M;O=D/ HTTP/1.1" 200 3296
5.9.141.8 - - [25/Dec/2019:00:22:55 -0500] "GET /galeria/?C=S;O=A/ HTTP/1.1" 200 3296
66.249.66.84 - - [25/Dec/2019:00:22:57 -0500] "GET /BLA/resoluciones/AUTOS%202014/0016.pdf HTTP/1.1" 200 569658
5.9.141.8 - - [25/Dec/2019:00:22:59 -0500] "GET /galeria/?C=S;O=D/ HTTP/1.1" 200 3296
5.9.141.8 - - [25/Dec/2019:00:23:01 -0500] "GET /galeria/Carrusel2/?C=D;O=A/ HTTP/1.1" 200 2143
5.9.141.8 - - [25/Dec/2019:00:23:03 -0500] "GET /galeria/Carrusel2/?C=D;O=D/ HTTP/1.1" 200 2143
5.9.141.8 - - [25/Dec/2019:00:23:04 -0500] "GET /galeria/Carrusel2/?C=M;O=A/ HTTP/1.1" 200 2143
5.9.141.8 - - [25/Dec/2019:00:23:06 -0500] "GET /galeria/Carrusel2/?C=M;O=D/ HTTP/1.1" 200 2143
5.9.141.8 - - [25/Dec/2019:00:23:09 -0500] "GET /galeria/Carrusel2/?C=N;O=A/ HTTP/1.1" 200 2143
5.9.141.8 - - [25/Dec/2019:00:23:10 -0500] "GET /galeria/carrusel/?C=D;O=D/ HTTP/1.1" 200 971
66.249.66.84 - - [25/Dec/2019:00:23:12 -0500] "GET /BLA/resoluciones/AUTOS%202014/6960.pdf HTTP/1.1" 200 212538
5.9.141.8 - - [25/Dec/2019:00:23:12 -0500] "GET /galeria/carrusel/?C=S;O=A/ HTTP/1.1" 200 971
5.9.141.8 - - [25/Dec/2019:00:23:14 -0500] "GET /galeria/galeria/helpers/?C=M;O=D/ HTTP/1.1" 200 2161
5.9.141.8 - - [25/Dec/2019:00:23:16 -0500] "GET /galeria/galeria/helpers/?C=N;O=A/ HTTP/1.1" 200 2161
5.9.141.8 - - [25/Dec/2019:00:23:17 -0500] "GET /galeria/galeria/helpers/?C=S;O=D/ HTTP/1.1" 200 2161
5.9.141.8 - - [25/Dec/2019:00:23:19 -0500] "GET /galeria/juegos/objects/?C=D;O=A/ HTTP/1.1" 200 778
5.9.141.8 - - [25/Dec/2019:00:23:21 -0500] "GET /galeria/juegos/objects/?C=M;O=A/ HTTP/1.1" 200 778
5.9.141.8 - - [25/Dec/2019:00:23:23 -0500] "GET /galeria/juegos/objects/?C=N;O=D/ HTTP/1.1" 200 778
5.9.141.8 - - [25/Dec/2019:00:23:24 -0500] "GET /galeria/juegos/objects/?C=S;O=A/ HTTP/1.1" 200 778
5.9.141.8 - - [25/Dec/2019:00:23:26 -0500] "GET /galeria/nivo-slider/?C=D;O=A/ HTTP/1.1" 200 2703
5.9.141.8 - - [25/Dec/2019:00:23:28 -0500] "GET /galeria/nivo-slider/?C=M;O=A/ HTTP/1.1" 200 2703
5.9.141.8 - - [25/Dec/2019:00:23:29 -0500] "GET /galeria/nivo-slider/?C=N;O=D/ HTTP/1.1" 200 2703
5.9.141.8 - - [25/Dec/2019:00:23:31 -0500] "GET /galeria/nivo-slider/?C=S;O=A/ HTTP/1.1" 200 2703
5.9.141.8 - - [25/Dec/2019:00:23:33 -0500] "GET /galeria/nivo-slider/demo/?C=S;O=D/ HTTP/1.1" 200 6450
5.9.141.8 - - [25/Dec/2019:00:23:35 -0500] "GET /galeria/nivo-slider/demo/images/?C=D;O=A/ HTTP/1.1" 200 282466
66.249.66.82 - - [25/Dec/2019:00:23:37 -0500] "GET /BLA/resoluciones/AUTOS%202015/1216.pdf HTTP/1.1" 200 587180
5.9.141.8 - - [25/Dec/2019:00:23:38 -0500] "GET /galeria/nivo-slider/demo/images/?C=M;O=A/ HTTP/1.1" 200 282466
5.9.141.8 - - [25/Dec/2019:00:23:41 -0500] "GET /galeria/nivo-slider/demo/images/?C=N;O=D/ HTTP/1.1" 200 282466
5.9.141.8 - - [25/Dec/2019:00:23:44 -0500] "GET /galeria/nivo-slider/demo/images/?C=S;O=A/ HTTP/1.1" 200 282466
5.9.141.8 - - [25/Dec/2019:00:23:47 -0500] "GET /galeria/nivo-slider/themes/orman/?C=D;O=D/ HTTP/1.1" 200 2087
5.9.141.8 - - [25/Dec/2019:00:23:49 -0500] "GET /galeria/pdf/?C=D;O=A/ HTTP/1.1" 200 749
5.9.141.8 - - [25/Dec/2019:00:23:51 -0500] "GET /galeria/pdf/?C=M;O=A/ HTTP/1.1" 200 749
5.9.141.8 - - [25/Dec/2019:00:23:52 -0500] "GET /galeria/pdf/?C=N;O=D/ HTTP/1.1" 200 749
5.9.141.8 - - [25/Dec/2019:00:23:54 -0500] "GET /galeria/pdf/?C=S;O=A/ HTTP/1.1" 200 749
5.9.141.8 - - [25/Dec/2019:00:23:55 -0500] "GET /robots.txt HTTP/1.1" 404 1019
5.9.141.8 - - [25/Dec/2019:00:23:57 -0500] "GET /Anexos%20estudio%20Organizacional%20SDA/index.php?dir=ANEXO%20No.%201-%20NORMAS%20LEGALES%20DE%20ESTRUCTURA%20Y%20PLANTA/Decreto%20175%20de%202009_files/&sort=name&order=asc/ HTTP/1.1" 200 9142
5.9.141.8 - - [25/Dec/2019:00:23:59 -0500] "GET /Anexos%20estudio%20Organizacional%20SDA/index.php?dir=ANEXO%20No.%201-%20NORMAS%20LEGALES%20DE%20ESTRUCTURA%20Y%20PLANTA/Decreto%20308%20de%202001%20-%20Modifica%20estructura%20del%20DAMA.jsp_files/&sort=name&order=asc/ HTTP/1.1" 200 10792
5.9.141.8 - - [25/Dec/2019:00:24:01 -0500] "GET /Anexos%20estudio%20Organizacional%20SDA/index.php?dir=ANEXO%20No.%201-%20NORMAS%20LEGALES%20DE%20ESTRUCTURA%20Y%20PLANTA/Decreto%20561%20de%202006%20-%20Establece%20estructura%20de%20la%20SDA.jsp_files/&sort=size&order=asc/ HTTP/1.1" 200 10603
5.9.141.8 - - [25/Dec/2019:00:24:03 -0500] "GET /Anexos%20estudio%20Organizacional%20SDA/index.php?dir=ANEXO%20No.%201-%20NORMAS%20LEGALES%20DE%20ESTRUCTURA%20Y%20PLANTA/Decreto%20562%20de%202006%20-%20Establece%20planta%20de%20cargos%20de%20SDA.jsp_files/&sort=date&order=asc/ HTTP/1.1" 200 10554
5.9.141.8 - - [25/Dec/2019:00:24:04 -0500] "GET /Anexos%20estudio%20Organizacional%20SDA/index.php?dir=ANEXO%20No.%201-%20NORMAS%20LEGALES%20DE%20ESTRUCTURA%20Y%20PLANTA/Decreto%20562%20de%202006%20-%20Establece%20planta%20de%20cargos%20de%20SDA.jsp_files/&sort=size&order=asc/ HTTP/1.1" 200 10720
5.9.141.8 - - [25/Dec/2019:00:24:06 -0500] "GET /Anexos%20estudio%20Organizacional%20SDA/index.php?dir=ANEXO%20No.%201-%20NORMAS%20LEGALES%20DE%20ESTRUCTURA%20Y%20PLANTA/Decreto%20673%20de%201995%20Reestructura%20el%20DAMA_files/&sort=date&order=asc/ HTTP/1.1" 200 9506
5.9.141.8 - - [25/Dec/2019:00:24:08 -0500] "GET /Anexos%20estudio%20Organizacional%20SDA/index.php?dir=ANEXO%20No.%207%20-%20PROYECTO%20DE%20DECRETO%20MODIFICATORIO%20DE%20ESTRUCTURA%20DE%20LA%20SDA// HTTP/1.1" 200 2821
5.9.141.8 - - [25/Dec/2019:00:24:10 -0500] "GET /Autoliquidacion/index.php?dir=Solicitudes%20relacionadas%20con%20calidad%20del%20aire%20auditiva%20y%20visual/Registro%20de%20Elementos%20de%20publicidad%20Exterior%20Visual/&sort=date&order=asc/ HTTP/1.1" 200 4344
5.9.141.8 - - [25/Dec/2019:00:24:12 -0500] "GET /PruebasSTORM/Pruebas/?C=D;O=A/ HTTP/1.1" 200 776
5.9.141.8 - - [25/Dec/2019:00:24:13 -0500] "GET /PruebasSTORM/StormSDA_pruebas/nsjars/?C=M;O=A/ HTTP/1.1" 200 4116
66.249.66.81 - - [25/Dec/2019:00:24:15 -0500] "GET /BLA/resoluciones/AUTOS%202015/0938.pdf HTTP/1.1" 304 -
5.9.141.8 - - [25/Dec/2019:00:24:15 -0500] "GET /PruebasSTORM/StormSDA_pruebas/userFiles/user_files/formulas/4/?C=N;O=D/ HTTP/1.1" 200 905
5.9.141.8 - - [25/Dec/2019:00:24:17 -0500] "GET /StormSDA/?C=M;O=A/ HTTP/1.1" 200 4409
5.9.141.8 - - [25/Dec/2019:00:24:19 -0500] "GET /StormSDA/?C=S;O=A/ HTTP/1.1" 200 4409
5.9.141.8 - - [25/Dec/2019:00:24:20 -0500] "GET /StormSDA/userFiles%20-%20Copy%2019-07-2012/user_files/listas/?C=D;O=A/ HTTP/1.1" 200 1303
5.9.141.8 - - [25/Dec/2019:00:24:22 -0500] "GET /StormSDA/userFiles%20-%20Copy%2019-07-2012/user_files/listas/?C=M;O=A/ HTTP/1.1" 200 1303
5.9.141.8 - - [25/Dec/2019:00:24:24 -0500] "GET /StormSDA/userFiles%20-%20Copy%2019-07-2012/user_files/listas/?C=N;O=D/ HTTP/1.1" 200 1303
5.9.141.8 - - [25/Dec/2019:00:24:25 -0500] "GET /StormSDA/userFiles%20-%20Copy%2019-07-2012/user_files/listas/?C=S;O=A/ HTTP/1.1" 200 1303
5.9.141.8 - - [25/Dec/2019:00:24:27 -0500] "GET /StormSDA/userFiles/user_files/88/?C=N;O=D/ HTTP/1.1" 200 817
5.9.141.8 - - [25/Dec/2019:00:24:29 -0500] "GET /StormSDA/userFiles/user_files/89/?C=S;O=A/ HTTP/1.1" 200 817
5.9.141.8 - - [25/Dec/2019:00:24:30 -0500] "GET /StormSDA/userFiles/user_files/90/?C=D;O=A/ HTTP/1.1" 200 817
5.9.141.8 - - [25/Dec/2019:00:24:32 -0500] "GET /StormSDA/userFiles/user_files/90/?C=M;O=A/ HTTP/1.1" 200 817
216.244.66.195 - - [25/Dec/2019:00:24:33 -0500] "GET /BLA/resoluciones/RESOLUCIONES%202009/0708.pdf HTTP/1.1" 200 135589
5.9.141.8 - - [25/Dec/2019:00:24:34 -0500] "GET /StormSDA/userFiles/user_files/91/?C=N;O=D/ HTTP/1.1" 200 817
5.9.141.8 - - [25/Dec/2019:00:24:36 -0500] "GET /StormSDA/userFiles/user_files/91/?C=S;O=A/ HTTP/1.1" 200 817
5.9.141.8 - - [25/Dec/2019:00:24:37 -0500] "GET /StormSDA/userFiles/user_files/92/?C=N;O=D/ HTTP/1.1" 200 817
5.9.141.8 - - [25/Dec/2019:00:24:39 -0500] "GET /StormSDA/userFiles/user_files/94/?C=M;O=A/ HTTP/1.1" 200 817
5.9.141.8 - - [25/Dec/2019:00:24:41 -0500] "GET /StormSDA/userFiles/user_files/94/?C=S;O=A/ HTTP/1.1" 200 817
5.9.141.8 - - [25/Dec/2019:00:24:42 -0500] "GET /StormSDA/userFiles/user_files/98/?C=D;O=A/ HTTP/1.1" 200 817
5.9.141.8 - - [25/Dec/2019:00:24:44 -0500] "GET /StormSDA/userFiles/user_files/98/?C=M;O=A/ HTTP/1.1" 200 817
66.249.66.81 - - [25/Dec/2019:00:24:45 -0500] "GET /BLA/resoluciones/RESOLUCIONES%202009/3459.pdf HTTP/1.1" 200 798397
5.9.141.8 - - [25/Dec/2019:00:24:46 -0500] "GET /StormSDA/userFiles/user_files/98/?C=N;O=D/ HTTP/1.1" 200 817
5.9.141.8 - - [25/Dec/2019:00:24:47 -0500] "GET /StormSDA/userFiles/user_files/98/?C=S;O=A/ HTTP/1.1" 200 817
5.9.141.8 - - [25/Dec/2019:00:24:49 -0500] "GET /StormSDA/userFiles/user_files/?C=N;O=D/ HTTP/1.1" 200 8988
5.9.141.8 - - [25/Dec/2019:00:24:51 -0500] "GET /galeria/?C=N;O=A/ HTTP/1.1" 200 3300
5.9.141.8 - - [25/Dec/2019:00:24:52 -0500] "GET /robots.txt HTTP/1.1" 404 1019
5.9.141.8 - - [25/Dec/2019:00:24:54 -0500] "GET /galeria/galeria/helpers/?C=N;O=A/ HTTP/1.1" 200 2166
66.249.66.82 - - [25/Dec/2019:00:24:54 -0500] "GET /BLA/resoluciones/RESOLUCIONES%202015/1055.pdf HTTP/1.1" 200 526829
5.9.141.8 - - [25/Dec/2019:00:24:56 -0500] "GET /galeria/nivo-slider/themes/?C=S;O=D/ HTTP/1.1" 200 1425
5.9.141.8 - - [25/Dec/2019:00:24:57 -0500] "GET /galeria/nivo-slider/themes/orman/?C=D;O=D/ HTTP/1.1" 200 2091
5.9.141.8 - - [25/Dec/2019:00:24:59 -0500] "GET /galeria/nivo-slider/themes/orman/?C=M;O=D/ HTTP/1.1" 200 2091
5.9.141.8 - - [25/Dec/2019:00:25:00 -0500] "GET /galeria/nivo-slider/themes/orman/?C=N;O=A/ HTTP/1.1" 200 2091
5.9.141.8 - - [25/Dec/2019:00:25:02 -0500] "GET /galeria/nivo-slider/themes/orman/?C=S;O=D/ HTTP/1.1" 200 2091
69.162.124.232 - - [25/Dec/2019:00:25:12 -0500] "HEAD / HTTP/1.1" 200 -
216.244.66.195 - - [25/Dec/2019:00:25:22 -0500] "GET /BLA/resoluciones/RESOLUCIONES%202009/0753.pdf HTTP/1.1" 200 608631
66.249.66.82 - - [25/Dec/2019:00:25:30 -0500] "GET /BLA/resoluciones/RESOLUCIONES%202016/0461.pdf HTTP/1.1" 200 808902
66.249.66.82 - - [25/Dec/2019:00:26:08 -0500] "GET /BLA/resoluciones/AUTOS%202015/7206.pdf HTTP/1.1" 304 -
216.244.66.195 - - [25/Dec/2019:00:26:12 -0500] "GET /BLA/resoluciones/RESOLUCIONES%202009/0822.pdf HTTP/1.1" 200 202921
201.245.192.253 - - [25/Dec/2019:00:25:48 -0500] "POST /kwsrmcab/Wsrmcab HTTP/1.1" 200 32434
66.249.66.81 - - [25/Dec/2019:00:26:37 -0500] "GET /BLA/resoluciones/Autos%202008/0401.pdf HTTP/1.1" 200 113228
66.249.66.82 - - [25/Dec/2019:00:26:43 -0500] "GET /BLA/resoluciones/RESOLUCIONES%202009/7465.pdf HTTP/1.1" 200 712194
66.249.66.82 - - [25/Dec/2019:00:26:55 -0500] "GET /BLA/resoluciones/RESOLUCIONES%202014/1715.pdf HTTP/1.1" 304 -
66.249.88.25 - - [25/Dec/2019:00:27:16 -0500] "GET /galeria/galeria/jquery.fancybox.css?v=2.1.5 HTTP/1.1" 200 4895
66.249.88.23 - - [25/Dec/2019:00:27:16 -0500] "GET /BLA/boletinlegal/js/jquery.scrollShow.js HTTP/1.1" 200 4586
66.249.88.23 - - [25/Dec/2019:00:27:16 -0500] "GET /galeria/galeria/jquery.fancybox.js?v=2.1.5 HTTP/1.1" 200 48706
66.249.66.81 - - [25/Dec/2019:00:27:23 -0500] "GET /BLA/resoluciones/AUTOS%202016/0085.pdf HTTP/1.1" 304 -
66.249.66.82 - - [25/Dec/2019:00:28:00 -0500] "GET /BLA/resoluciones/AUTOS%202015/1441.pdf HTTP/1.1" 304 -
216.244.66.195 - - [25/Dec/2019:00:28:30 -0500] "GET /BLA/resoluciones/RESOLUCIONES%202009/0849.pdf HTTP/1.1" 200 295955
66.249.66.82 - - [25/Dec/2019:00:28:38 -0500] "GET /BLA/resoluciones/AUTOS%202016/0260.pdf HTTP/1.1" 304 -
54.36.148.230 - - [25/Dec/2019:00:29:24 -0500] "GET /BLA/resoluciones/RESOLUCIONES%202002/RES%202002%20551-600/00000552.tif HTTP/1.1" 200 64842
66.249.66.82 - - [25/Dec/2019:00:29:53 -0500] "GET /BLA/resoluciones/AUTOS%202015/0162.pdf HTTP/1.1" 304 -
216.244.66.195 - - [25/Dec/2019:00:30:37 -0500] "GET /BLA/resoluciones/RESOLUCIONES%202009/0902.pdf HTTP/1.1" 200 403636
54.36.148.245 - - [25/Dec/2019:00:30:52 -0500] "GET /BLA/resoluciones/RESOLUCIONES%202004/RES%202004%20201-250/00000246.tif HTTP/1.1" 200 194082
181.236.214.112 - - [25/Dec/2019:00:32:14 -0500] "GET /BLA/boletinlegal/js/jquery.scrollShow.js HTTP/1.1" 200 4586
181.236.214.112 - - [25/Dec/2019:00:32:14 -0500] "GET /galeria/galeria/jquery.fancybox.js?v=2.1.5 HTTP/1.1" 200 48706
181.236.214.112 - - [25/Dec/2019:00:32:14 -0500] "GET /galeria/galeria/jquery.fancybox.css?v=2.1.5 HTTP/1.1" 200 4895
66.249.66.81 - - [25/Dec/2019:00:32:23 -0500] "GET /BLA/resoluciones/RESOLUCIONES%202008/1691.pdf HTTP/1.1" 200 226215
216.244.66.195 - - [25/Dec/2019:00:32:52 -0500] "GET /BLA/resoluciones/RESOLUCIONES%202009/0930.pdf HTTP/1.1" 200 223347
66.249.66.81 - - [25/Dec/2019:00:33:02 -0500] "GET /BLA/resoluciones/AUTOS%202017/0525.pdf HTTP/1.1" 304 -
99.203.94.171 - - [25/Dec/2019:00:33:32 -0500] "GET /BLA/resoluciones/AUTOS%202013/2560.pdf HTTP/1.1" 200 1787539
40.77.167.36 - - [25/Dec/2019:00:33:40 -0500] "GET /BLA/resoluciones/index.php?dir=RESOLUCIONES%202007/RES%202007%201%20AL%20100/&sort=size&order=asc HTTP/1.1" 200 26175
69.162.124.232 - - [25/Dec/2019:00:34:29 -0500] "HEAD / HTTP/1.1" 200 -
216.244.66.195 - - [25/Dec/2019:00:34:47 -0500] "GET /BLA/resoluciones/RESOLUCIONES%202009/1000.pdf HTTP/1.1" 200 430498
66.249.66.81 - - [25/Dec/2019:00:34:54 -0500] "GET /BLA/resoluciones/RESOLUCIONES%202007/RES%202007%202301%20AL%202400/RESOLUCION%202342%20DE%202007.pdf HTTP/1.1" 304 -
51.158.109.172 - - [25/Dec/2019:00:35:07 -0500] "GET / HTTP/1.1" 200 9990
216.244.66.195 - - [25/Dec/2019:00:35:25 -0500] "GET /BLA/resoluciones/RESOLUCIONES%202009/1138.pdf HTTP/1.1" 200 53497
216.244.66.195 - - [25/Dec/2019:00:35:58 -0500] "GET /BLA/resoluciones/RESOLUCIONES%202009/1204.pdf HTTP/1.1" 200 349193
54.36.148.130 - - [25/Dec/2019:00:36:05 -0500] "GET /autoliquidacion/index.php?dir=Solicitudes+relacionadas+con+calidad+del+aire+auditiva+y+visual%2FEvaluaci%F3n+conceptos+favorabilidad+realizaci%F3n+Eventos%2F HTTP/1.1" 200 2885
66.249.66.79 - - [25/Dec/2019:00:36:10 -0500] "GET /BLA/boletinlegal/jurisprudencia/analisis/CUADRO%20ANALISIS%20SENTENCIA%20T-411%20DE%201992.doc HTTP/1.1" 200 41984
201.245.192.253 - - [25/Dec/2019:00:35:48 -0500] "POST /kwsrmcab/Wsrmcab HTTP/1.1" 200 32434
207.46.13.203 - - [25/Dec/2019:00:37:22 -0500] "GET /portalsiaccapacitaciones/Listas%20de%20Asistencia%202016/ HTTP/1.1" 200 6179
46.165.245.154 - - [25/Dec/2019:00:37:31 -0500] "GET / HTTP/1.1" 200 9990
195.154.122.114 - - [25/Dec/2019:00:38:04 -0500] "GET /galeria/carrusel/Carrusel/jquery.thumbnailScroller.css HTTP/1.1" 200 2066
195.154.122.114 - - [25/Dec/2019:00:38:05 -0500] "GET /galeria/galeria/jquery.fancybox.css?v=2.1.5 HTTP/1.1" 200 4895
195.154.122.114 - - [25/Dec/2019:00:38:05 -0500] "GET /BLA/boletinlegal/js/jquery.scrollShow.js HTTP/1.1" 200 4586
195.154.122.114 - - [25/Dec/2019:00:38:05 -0500] "GET /galeria/galeria/jquery.fancybox.js?v=2.1.5 HTTP/1.1" 200 48706
195.154.122.114 - - [25/Dec/2019:00:38:06 -0500] "GET /galeria/carrusel/Carrusel/jquery-ui-1.8.13.custom.min.js HTTP/1.1" 200 10800
195.154.122.114 - - [25/Dec/2019:00:38:06 -0500] "GET /galeria/carrusel/Carrusel/jquery.thumbnailScroller.js HTTP/1.1" 200 8157
195.154.122.114 - - [25/Dec/2019:00:38:06 -0500] "GET /galeria/nivo-slider/demo/inicio.html HTTP/1.1" 200 4435
195.154.122.114 - - [25/Dec/2019:00:38:06 -0500] "GET /galeria/nivo-slider/themes/orman/orman.css HTTP/1.1" 200 2152
195.154.122.114 - - [25/Dec/2019:00:38:06 -0500] "GET /galeria/nivo-slider/themes/pascal/pascal.css HTTP/1.1" 200 2258
195.154.122.114 - - [25/Dec/2019:00:38:06 -0500] "GET /galeria/nivo-slider/themes/default/default.css HTTP/1.1" 200 1569
195.154.122.114 - - [25/Dec/2019:00:38:06 -0500] "GET /galeria/nivo-slider/nivo-slider.css HTTP/1.1" 200 1507
195.154.122.114 - - [25/Dec/2019:00:38:06 -0500] "GET /galeria/nivo-slider/demo/style.css HTTP/1.1" 200 2222
195.154.122.114 - - [25/Dec/2019:00:38:06 -0500] "GET /galeria/nivo-slider/demo/scripts/jquery-1.7.1.min.js HTTP/1.1" 200 93868
195.154.122.114 - - [25/Dec/2019:00:38:07 -0500] "GET /galeria/nivo-slider/jquery.nivo.slider.pack.js HTTP/1.1" 200 11561
66.249.66.83 - - [25/Dec/2019:00:38:40 -0500] "GET /BLA/resoluciones/AUTOS%202015/1404.pdf HTTP/1.1" 304 -
66.249.66.83 - - [25/Dec/2019:00:39:30 -0500] "GET /BLA/resoluciones/AUTOS%202014/5236.pdf HTTP/1.1" 200 420357
157.55.39.144 - - [25/Dec/2019:00:39:37 -0500] "GET /BLA/resoluciones/RESOLUCIONES%202010/5566.pdf HTTP/1.1" 200 505359
40.77.167.36 - - [25/Dec/2019:00:39:46 -0500] "GET /BLA/resoluciones/RESOLUCIONES%202010/5758.pdf HTTP/1.1" 200 97591
66.249.66.81 - - [25/Dec/2019:00:39:55 -0500] "GET /BLA/resoluciones/AUTOS%202013/0976.pdf HTTP/1.1" 304 -
66.249.66.82 - - [25/Dec/2019:00:40:27 -0500] "GET /BLA/resoluciones/RESOLUCIONES%202006/RES%202006%202201-2250/00002237.tif HTTP/1.1" 304 -
66.249.66.81 - - [25/Dec/2019:00:40:33 -0500] "GET /BLA/resoluciones/AUTOS%202014/3586.pdf HTTP/1.1" 200 1184932
46.229.168.162 - - [25/Dec/2019:00:41:08 -0500] "GET /robots.txt HTTP/1.1" 404 1019
46.229.168.132 - - [25/Dec/2019:00:41:08 -0500] "GET /Autoliquidacion/index.php?dir=TR%C3%83%C2%81MITES%2BACEITES-RESIDUOS-ESTACIONES%2F&order=desc&sort=size HTTP/1.1" 200 6648
66.249.66.81 - - [25/Dec/2019:00:41:11 -0500] "GET /BLA/resoluciones/AUTOS%202007/1339.pdf HTTP/1.1" 200 53810
69.162.124.232 - - [25/Dec/2019:00:41:29 -0500] "HEAD / HTTP/1.1" 200 -
54.36.150.184 - - [25/Dec/2019:00:41:47 -0500] "GET /BLA/resoluciones/RESOLUCIONES%202003/RES%202003%20551-600/556.tif HTTP/1.1" 200 1628480
66.249.66.81 - - [25/Dec/2019:00:41:48 -0500] "GET /BLA/resoluciones/RESOLUCIONES%202011/2151.pdf HTTP/1.1" 200 508771
66.249.66.81 - - [25/Dec/2019:00:42:16 -0500] "GET /BLA/resoluciones/AUTOS%202015/2117.pdf HTTP/1.1" 200 575321
46.229.168.151 - - [25/Dec/2019:00:42:29 -0500] "GET /Autoliquidacion/index.php?dir=Solicitud%2Bde%2Bexpedici%C3%83%C2%83%C3%82%C2%83%C3%83%C2%82%C3%82%C2%83%C3%83%C2%83%C3%82%C2%82%C3%83%C2%82%C3%82%C2%83%C3%83%C2%83%C3%82%C2%83%C3%83%C2%82%C3%82%C2%82%C3%83%C2%83%C3%82%C2%82%C3%83%C2%82%C3%82%C2%83%C3%83%C2%83%C3%82%C2%83%C3%83%C2%82%C3%82%C2%83%C3%83%C2%83%C3%82%C2%82%C3%83%C2%82%C3%82%C2%82%C3%83%C2%83%C3%82%C2%83%C3%83%C2%82%C3%82%C2%82%C3%83%C2%83%C3%82%C2%82%C3%83%C2%82%C3%82%C2%B3n%2Bde%2Bcertificados%2Bde%2Bestado%2Bde%2Bconservaci%C3%83%C2%83%C3%82%C2%83%C3%83%C2%82%C3%82%C2%83%C3%83%C2%83%C3%82%C2%82%C3%83%C2%82%C3%82%C2%83%C3%83%C2%83%C3%82%C2%83%C3%83%C2%82%C3%82%C2%82%C3%83%C2%83%C3%82%C2%82%C3%83%C2%82%C3%82%C2%83%C3%83%C2%83%C3%82%C2%83%C3%83%C2%82%C3%82%C2%83%C3%83%C2%83%C3%82%C2%82%C3%83%C2%82%C3%82%C2%82%C3%83%C2%83%C3%82%C2%83%C3%83%C2%82%C3%82%C2%82%C3%83%C2%83%C3%82%C2%82%C3%83%C2%82%C3%82%C2%B3n%2Bambiental%2B%28CECA%29%2F&order=asc&sort=name HTTP/1.1" 200 7540
66.249.66.81 - - [25/Dec/2019:00:43:04 -0500] "GET /BLA/resoluciones/RESOLUCIONES%202011/1054.pdf HTTP/1.1" 200 450563
66.249.66.82 - - [25/Dec/2019:00:43:31 -0500] "GET /BLA/resoluciones/AUTOS%202017/0601.pdf HTTP/1.1" 200 513061
66.249.66.81 - - [25/Dec/2019:00:43:41 -0500] "GET /BLA/resoluciones/RESOLUCIONES%202011/2445.pdf HTTP/1.1" 200 595472
66.249.66.81 - - [25/Dec/2019:00:43:58 -0500] "GET /BLA/resoluciones/RESOLUCIONES%202009/1148.pdf HTTP/1.1" 200 438707
66.249.66.82 - - [25/Dec/2019:00:44:19 -0500] "GET /BLA/resoluciones/AUTOS%202008/1472.pdf HTTP/1.1" 200 79539
66.249.66.82 - - [25/Dec/2019:00:44:56 -0500] "GET /BLA/resoluciones/AUTOS%202010/1164.pdf HTTP/1.1" 200 150078
54.36.148.4 - - [25/Dec/2019:00:45:23 -0500] "GET /www.bogota.gov.co/sdqs HTTP/1.1" 404 1019
66.249.66.83 - - [25/Dec/2019:00:45:34 -0500] "GET /BLA/resoluciones/AUTOS%202011/2189.pdf HTTP/1.1" 200 208535
