66.249.88.23 - - [25/Dec/2019:02:21:44 -0500] "GET /galeria/galeria/jquery.fancybox.js?v=2.1.5 HTTP/1.1" 200 48706
66.249.88.25 - - [25/Dec/2019:02:21:44 -0500] "GET /galeria/galeria/jquery.fancybox.css?v=2.1.5 HTTP/1.1" 200 4895
66.249.66.81 - - [25/Dec/2019:02:21:49 -0500] "GET /BLA/resoluciones/AUTOS%202010/6586.pdf HTTP/1.1" 200 203684
66.249.66.81 - - [25/Dec/2019:02:22:09 -0500] "GET /BLA/resoluciones/AUTOS%202014/6908.pdf HTTP/1.1" 304 -
66.249.66.81 - - [25/Dec/2019:02:22:11 -0500] "GET /ial/presentaciones/pte1/1.pdf HTTP/1.1" 404 1018
66.249.88.25 - - [25/Dec/2019:02:22:43 -0500] "GET /galeria/carrusel/Carrusel/jquery.thumbnailScroller.css HTTP/1.1" 200 2066
66.249.88.23 - - [25/Dec/2019:02:22:43 -0500] "GET /galeria/carrusel/Carrusel/jquery.thumbnailScroller.js HTTP/1.1" 200 8157
66.249.88.25 - - [25/Dec/2019:02:22:43 -0500] "GET /galeria/carrusel/Carrusel/jquery-ui-1.8.13.custom.min.js HTTP/1.1" 200 10800
66.249.88.23 - - [25/Dec/2019:02:22:43 -0500] "GET /galeria/nivo-slider/demo/inicio.html HTTP/1.1" 200 4435
66.249.88.25 - - [25/Dec/2019:02:22:44 -0500] "GET /galeria/nivo-slider/themes/default/default.css HTTP/1.1" 200 1569
66.249.88.25 - - [25/Dec/2019:02:22:44 -0500] "GET /galeria/nivo-slider/themes/pascal/pascal.css HTTP/1.1" 200 2258
66.249.88.23 - - [25/Dec/2019:02:22:44 -0500] "GET /galeria/nivo-slider/themes/orman/orman.css HTTP/1.1" 200 2152
66.249.88.25 - - [25/Dec/2019:02:22:44 -0500] "GET /galeria/nivo-slider/nivo-slider.css HTTP/1.1" 200 1507
66.249.88.19 - - [25/Dec/2019:02:22:44 -0500] "GET /galeria/nivo-slider/demo/style.css HTTP/1.1" 200 2222
66.249.88.25 - - [25/Dec/2019:02:22:44 -0500] "GET /galeria/nivo-slider/demo/images/Bannercalculadora.jpg HTTP/1.1" 200 313099
66.249.88.25 - - [25/Dec/2019:02:22:44 -0500] "GET /galeria/nivo-slider/demo/scripts/jquery-1.7.1.min.js HTTP/1.1" 200 93868
66.249.88.25 - - [25/Dec/2019:02:22:44 -0500] "GET /galeria/nivo-slider/jquery.nivo.slider.pack.js HTTP/1.1" 200 11561
66.249.88.25 - - [25/Dec/2019:02:22:44 -0500] "GET /galeria/nivo-slider/demo/images/bannerwebmusgo.jpg HTTP/1.1" 200 367364
66.249.88.19 - - [25/Dec/2019:02:22:44 -0500] "GET /galeria/nivo-slider/demo/images/bannerjardines.jpg HTTP/1.1" 200 417948
66.249.88.25 - - [25/Dec/2019:02:22:44 -0500] "GET /galeria/nivo-slider/demo/images/4Simple_Slider.png HTTP/1.1" 200 11722
66.249.88.19 - - [25/Dec/2019:02:22:44 -0500] "GET /galeria/nivo-slider/demo/images/banneragendamiento.jpg HTTP/1.1" 200 116897
66.249.88.25 - - [25/Dec/2019:02:22:44 -0500] "GET /galeria/nivo-slider/themes/default/loading.gif HTTP/1.1" 200 1737
66.249.88.19 - - [25/Dec/2019:02:22:44 -0500] "GET /galeria/nivo-slider/demo/images/banneriniciativa.jpg HTTP/1.1" 200 200385
66.249.88.23 - - [25/Dec/2019:02:22:44 -0500] "GET /galeria/nivo-slider/demo/images/diciembrecaminatas.png HTTP/1.1" 200 510724
66.249.88.19 - - [25/Dec/2019:02:22:44 -0500] "GET /galeria/nivo-slider/demo/images/Banner%20tinguas.jpg HTTP/1.1" 200 214878
66.249.88.19 - - [25/Dec/2019:02:22:45 -0500] "GET /galeria/nivo-slider/demo/images/Bannerserpiente2019.jpg HTTP/1.1" 200 270374
66.249.88.19 - - [25/Dec/2019:02:22:45 -0500] "GET /galeria/nivo-slider/demo/images/puntos%20atencion%20BANNER.jpg HTTP/1.1" 200 244208
66.249.88.25 - - [25/Dec/2019:02:22:45 -0500] "GET /galeria/nivo-slider/demo/images/Banner%20Visor%20Geografico%20Ambiental.jpg HTTP/1.1" 200 204673
66.249.88.25 - - [25/Dec/2019:02:22:45 -0500] "GET /galeria/nivo-slider/demo/images/Banner%20consumo%20sostenible%20final.jpg HTTP/1.1" 200 364746
66.249.88.19 - - [25/Dec/2019:02:22:45 -0500] "GET /galeria/nivo-slider/demo/images/Banner%20RCD.jpg HTTP/1.1" 200 92197
66.249.88.19 - - [25/Dec/2019:02:22:46 -0500] "GET /galeria/nivo-slider/demo/images/Banner%20Conpes.jpg HTTP/1.1" 200 55220
66.249.88.23 - - [25/Dec/2019:02:22:46 -0500] "GET /galeria/nivo-slider/demo/images/Banner%20practicas%20sostenibles.jpg HTTP/1.1" 200 142958
66.249.88.23 - - [25/Dec/2019:02:22:46 -0500] "GET /galeria/nivo-slider/demo/images/Banner%20POT.png HTTP/1.1" 200 418238
66.249.88.19 - - [25/Dec/2019:02:22:46 -0500] "GET /galeria/nivo-slider/demo/images/Banneranonimos.png HTTP/1.1" 200 109388
66.249.66.81 - - [25/Dec/2019:02:22:47 -0500] "GET /BLA/resoluciones/AUTOS%202014/4906.pdf HTTP/1.1" 304 -
66.249.88.23 - - [25/Dec/2019:02:22:49 -0500] "GET /galeria/nivo-slider/themes/default/arrows.png HTTP/1.1" 200 824
66.249.88.19 - - [25/Dec/2019:02:22:49 -0500] "GET /galeria/nivo-slider/themes/default/bullets.png HTTP/1.1" 200 1281
66.249.88.23 - - [25/Dec/2019:02:22:54 -0500] "GET /galeria/galeria/jquery.fancybox.js?v=2.1.5 HTTP/1.1" 200 48706
66.249.88.25 - - [25/Dec/2019:02:22:54 -0500] "GET /galeria/carrusel/Carrusel/jquery.thumbnailScroller.js HTTP/1.1" 200 8157
66.249.88.25 - - [25/Dec/2019:02:22:54 -0500] "GET /BLA/boletinlegal/js/jquery.scrollShow.js HTTP/1.1" 200 4586
66.249.88.19 - - [25/Dec/2019:02:22:54 -0500] "GET /galeria/carrusel/Carrusel/jquery-ui-1.8.13.custom.min.js HTTP/1.1" 200 10800
66.249.88.19 - - [25/Dec/2019:02:22:54 -0500] "GET /galeria/carrusel/Carrusel/jquery.thumbnailScroller.css HTTP/1.1" 200 2066
66.249.88.19 - - [25/Dec/2019:02:22:54 -0500] "GET /galeria/galeria/jquery.fancybox.css?v=2.1.5 HTTP/1.1" 200 4895
66.249.88.23 - - [25/Dec/2019:02:22:55 -0500] "GET /galeria/nivo-slider/demo/inicio.html HTTP/1.1" 200 4435
66.249.88.25 - - [25/Dec/2019:02:22:56 -0500] "GET /galeria/nivo-slider/themes/default/default.css HTTP/1.1" 200 1569
66.249.88.23 - - [25/Dec/2019:02:22:56 -0500] "GET /galeria/nivo-slider/demo/images/Bannercalculadora.jpg HTTP/1.1" 200 313099
66.249.88.19 - - [25/Dec/2019:02:22:56 -0500] "GET /galeria/nivo-slider/demo/style.css HTTP/1.1" 200 2222
66.249.88.25 - - [25/Dec/2019:02:22:56 -0500] "GET /galeria/nivo-slider/themes/pascal/pascal.css HTTP/1.1" 200 2258
66.249.88.25 - - [25/Dec/2019:02:22:56 -0500] "GET /galeria/nivo-slider/themes/orman/orman.css HTTP/1.1" 200 2152
66.249.88.25 - - [25/Dec/2019:02:22:56 -0500] "GET /galeria/nivo-slider/nivo-slider.css HTTP/1.1" 200 1507
66.249.88.25 - - [25/Dec/2019:02:22:56 -0500] "GET /galeria/nivo-slider/demo/scripts/jquery-1.7.1.min.js HTTP/1.1" 200 93868
66.249.88.25 - - [25/Dec/2019:02:22:56 -0500] "GET /galeria/nivo-slider/jquery.nivo.slider.pack.js HTTP/1.1" 200 11561
66.249.88.25 - - [25/Dec/2019:02:22:56 -0500] "GET /galeria/nivo-slider/themes/default/loading.gif HTTP/1.1" 200 1737
66.249.88.23 - - [25/Dec/2019:02:22:56 -0500] "GET /galeria/nivo-slider/demo/images/bannerjardines.jpg HTTP/1.1" 200 417948
66.249.88.25 - - [25/Dec/2019:02:22:56 -0500] "GET /galeria/nivo-slider/demo/images/bannerwebmusgo.jpg HTTP/1.1" 200 367364
66.249.88.25 - - [25/Dec/2019:02:22:56 -0500] "GET /galeria/nivo-slider/demo/images/banneragendamiento.jpg HTTP/1.1" 200 116897
66.249.88.25 - - [25/Dec/2019:02:22:56 -0500] "GET /galeria/nivo-slider/demo/images/4Simple_Slider.png HTTP/1.1" 200 11722
66.249.88.19 - - [25/Dec/2019:02:22:56 -0500] "GET /galeria/nivo-slider/demo/images/banneriniciativa.jpg HTTP/1.1" 200 200385
66.249.66.81 - - [25/Dec/2019:02:22:57 -0500] "GET /BLA/resoluciones/AUTOS%202010/2302.pdf HTTP/1.1" 200 367141
66.249.88.25 - - [25/Dec/2019:02:22:57 -0500] "GET /galeria/nivo-slider/demo/images/diciembrecaminatas.png HTTP/1.1" 200 510724
66.249.88.23 - - [25/Dec/2019:02:22:57 -0500] "GET /galeria/nivo-slider/demo/images/puntos%20atencion%20BANNER.jpg HTTP/1.1" 200 244208
66.249.88.23 - - [25/Dec/2019:02:22:57 -0500] "GET /galeria/nivo-slider/demo/images/Banner%20tinguas.jpg HTTP/1.1" 200 214878
66.249.88.19 - - [25/Dec/2019:02:22:57 -0500] "GET /galeria/nivo-slider/demo/images/Banner%20Visor%20Geografico%20Ambiental.jpg HTTP/1.1" 200 204673
66.249.88.23 - - [25/Dec/2019:02:22:57 -0500] "GET /galeria/nivo-slider/demo/images/Bannerserpiente2019.jpg HTTP/1.1" 200 270374
66.249.88.19 - - [25/Dec/2019:02:22:57 -0500] "GET /galeria/nivo-slider/demo/images/Banner%20consumo%20sostenible%20final.jpg HTTP/1.1" 200 364746
66.249.88.25 - - [25/Dec/2019:02:22:58 -0500] "GET /galeria/nivo-slider/demo/images/Banner%20RCD.jpg HTTP/1.1" 200 92197
66.249.88.19 - - [25/Dec/2019:02:22:58 -0500] "GET /galeria/nivo-slider/demo/images/Banner%20Conpes.jpg HTTP/1.1" 200 55220
66.249.88.19 - - [25/Dec/2019:02:22:58 -0500] "GET /galeria/nivo-slider/demo/images/Banner%20practicas%20sostenibles.jpg HTTP/1.1" 200 142958
66.249.88.23 - - [25/Dec/2019:02:22:58 -0500] "GET /galeria/nivo-slider/demo/images/Banner%20POT.png HTTP/1.1" 200 418238
66.249.88.23 - - [25/Dec/2019:02:22:58 -0500] "GET /galeria/nivo-slider/demo/images/Banneranonimos.png HTTP/1.1" 200 109388
66.249.88.25 - - [25/Dec/2019:02:23:03 -0500] "GET /galeria/nivo-slider/themes/default/arrows.png HTTP/1.1" 200 824
66.249.88.19 - - [25/Dec/2019:02:23:03 -0500] "GET /galeria/nivo-slider/themes/default/bullets.png HTTP/1.1" 200 1281
66.249.66.213 - - [25/Dec/2019:02:23:29 -0500] "GET /POT-2013/SEGUIMIENTO/Microsoft%20Word%20-%20seguimiento_evaluacion%20POT%20Oct%2029.doc.pdf HTTP/1.1" 200 791863
54.36.148.170 - - [25/Dec/2019:02:23:30 -0500] "GET /BLA/resoluciones/RESOLUCIONES%202006/RES%202006%201751-1800/00001782.tif HTTP/1.1" 200 170470
66.249.66.81 - - [25/Dec/2019:02:23:44 -0500] "GET /BLA/resoluciones/RESOLUCIONES%202007/RES%202007%203201%20AL%203300/RESOLUCION%203246%20DE%202007.pdf HTTP/1.1" 200 690500
69.162.124.232 - - [25/Dec/2019:02:23:46 -0500] "HEAD / HTTP/1.1" 200 -
66.249.66.81 - - [25/Dec/2019:02:23:55 -0500] "GET /BLA/resoluciones/Autos%202008/2120.pdf HTTP/1.1" 200 149957
66.249.66.81 - - [25/Dec/2019:02:24:02 -0500] "GET /BLA/resoluciones/AUTOS%202018/2707.pdf HTTP/1.1" 200 271307
66.249.66.82 - - [25/Dec/2019:02:24:10 -0500] "GET /BLA/resoluciones/AUTOS%202014/5550.pdf HTTP/1.1" 200 479319
66.249.66.82 - - [25/Dec/2019:02:24:32 -0500] "GET /BLA/resoluciones/RESOLUCIONES%202010/5888.pdf HTTP/1.1" 200 483455
66.249.66.82 - - [25/Dec/2019:02:24:39 -0500] "GET /BLA/resoluciones/RESOLUCIONES%202015/2686.pdf HTTP/1.1" 304 -
45.56.78.64 - - [25/Dec/2019:02:25:16 -0500] "GET / HTTP/1.1" 200 9990
167.114.209.28 - - [25/Dec/2019:02:25:36 -0500] "GET / HTTP/1.1" 200 9990
167.114.209.28 - - [25/Dec/2019:02:25:38 -0500] "GET /robots.txt HTTP/1.1" 404 1019
167.114.209.28 - - [25/Dec/2019:02:25:38 -0500] "GET /sitemap.xml HTTP/1.1" 404 1019
167.114.209.28 - - [25/Dec/2019:02:25:39 -0500] "GET / HTTP/1.1" 200 9990
167.114.209.28 - - [25/Dec/2019:02:25:40 -0500] "GET /www.ambientebogota.gov.co:81/ HTTP/1.1" 403 1021
167.114.209.28 - - [25/Dec/2019:02:25:41 -0500] "GET /catalogoisis/ HTTP/1.1" 200 8575
66.249.66.81 - - [25/Dec/2019:02:25:48 -0500] "GET /BLA/resoluciones/AUTOS%202009/2923.pdf HTTP/1.1" 200 171697
66.249.66.81 - - [25/Dec/2019:02:25:55 -0500] "GET /BLA/resoluciones/RESOLUCIONES%202014/1475.pdf HTTP/1.1" 200 835128
201.245.192.253 - - [25/Dec/2019:02:25:47 -0500] "POST /kwsrmcab/Wsrmcab HTTP/1.1" 200 32287
201.245.192.253 - - [25/Dec/2019:02:25:48 -0500] "POST /kwsrmcab/Wsrmcab HTTP/1.1" 200 32264
167.114.209.28 - - [25/Dec/2019:02:26:32 -0500] "GET /ads.txt HTTP/1.1" 404 1019
167.114.209.28 - - [25/Dec/2019:02:26:32 -0500] "GET / HTTP/1.1" 200 9990
66.249.66.157 - - [25/Dec/2019:02:26:37 -0500] "GET /robots.txt HTTP/1.1" 404 1019
167.114.209.28 - - [25/Dec/2019:02:25:42 -0500] "GET /BLA/boletinlegal/ HTTP/1.1" 200 45003
66.249.66.157 - - [25/Dec/2019:02:26:45 -0500] "GET /portel_dama/libreria/php/2006/restauracion/55_artic/xtras/2.pdf HTTP/1.1" 404 1019
66.249.66.81 - - [25/Dec/2019:02:26:46 -0500] "GET /BLA/resoluciones/RESOLUCIONES%202007/RES%202007%202101%20AL%202200/RESOLUCION%202104%20DE%202007.pdf HTTP/1.1" 200 974244
35.202.2.1 - - [25/Dec/2019:02:26:53 -0500] "GET /robots.txt HTTP/1.1" 404 1018
66.249.66.81 - - [25/Dec/2019:02:27:10 -0500] "GET /BLA/resoluciones/RESOLUCIONES%202012/1585.pdf HTTP/1.1" 200 3208530
54.36.148.188 - - [25/Dec/2019:02:27:31 -0500] "GET /BLA/resoluciones/RESOLUCIONES%202002/RES%202002%20501-550/00000532.tif HTTP/1.1" 200 108940
66.249.66.81 - - [25/Dec/2019:02:27:48 -0500] "GET /BLA/resoluciones/AUTOS%202014/3684.pdf HTTP/1.1" 304 -
54.36.150.158 - - [25/Dec/2019:02:27:51 -0500] "GET /BLA/resoluciones/RESOLUCIONES%202006/RES%202006%20951-1000/00000985.tif HTTP/1.1" 200 153162
66.249.66.81 - - [25/Dec/2019:02:28:08 -0500] "GET /BLA/resoluciones/Autos%202008/3393.pdf HTTP/1.1" 200 102260
66.249.66.82 - - [25/Dec/2019:02:28:28 -0500] "GET /BLA/resoluciones/RESOLUCIONES%202017/2164.pdf HTTP/1.1" 304 -
66.249.66.81 - - [25/Dec/2019:02:28:38 -0500] "GET /BLA/resoluciones/AUTOS%202011/2638.pdf HTTP/1.1" 200 160659
66.249.66.81 - - [25/Dec/2019:02:28:45 -0500] "GET /BLA/resoluciones/Autos%202008/1038.pdf HTTP/1.1" 200 86052
69.162.124.232 - - [25/Dec/2019:02:28:46 -0500] "HEAD / HTTP/1.1" 200 -
54.36.150.153 - - [25/Dec/2019:02:28:55 -0500] "GET /BLA/resoluciones/AUTOS%202006/AUTOS%202006%203301%20-%203418/00003414.tif HTTP/1.1" 200 58924
66.249.66.81 - - [25/Dec/2019:02:28:59 -0500] "GET /BLA/resoluciones/AUTOS%202011/0265.pdf HTTP/1.1" 200 156833
66.249.66.81 - - [25/Dec/2019:02:29:06 -0500] "GET /BLA/resoluciones/AUTOS%202007/0519.pdf HTTP/1.1" 304 -
66.249.66.81 - - [25/Dec/2019:02:29:15 -0500] "GET /BLA/resoluciones/AUTOS%202010/4742.pdf HTTP/1.1" 200 904379
66.249.66.81 - - [25/Dec/2019:02:29:24 -0500] "GET /BLA/resoluciones/RESOLUCIONES%202008/3113.pdf HTTP/1.1" 200 218309
20.36.244.102 - - [25/Dec/2019:02:29:24 -0500] "GET /noticias/rssambiente.php HTTP/1.1" 200 10358
66.249.66.81 - - [25/Dec/2019:02:29:32 -0500] "GET /BLA/resoluciones/AUTOS%202011/1740.pdf HTTP/1.1" 200 58400
35.202.2.1 - - [25/Dec/2019:02:29:34 -0500] "GET /silvicultura/8.pdf HTTP/1.1" 200 245468
66.249.66.81 - - [25/Dec/2019:02:29:39 -0500] "GET /BLA/resoluciones/RESOLUCIONES%202010/5055.pdf HTTP/1.1" 200 763139
66.249.66.81 - - [25/Dec/2019:02:29:48 -0500] "GET /BLA/resoluciones/RESOLUCIONES%202008/0993.pdf HTTP/1.1" 200 203488
66.249.66.81 - - [25/Dec/2019:02:29:56 -0500] "GET /BLA/resoluciones/Autos%202008/3117.pdf HTTP/1.1" 200 103263
66.249.66.81 - - [25/Dec/2019:02:30:03 -0500] "GET /BLA/resoluciones/Autos%202008/1837.pdf HTTP/1.1" 200 179393
66.249.66.158 - - [25/Dec/2019:02:30:18 -0500] "GET /BLA/boletinlegal/jurisprudencia/analisis/analisis%20C-595-2010.doc HTTP/1.1" 200 39424
66.249.66.82 - - [25/Dec/2019:02:30:24 -0500] "GET /BLA/resoluciones/AUTOS%202010/5310.pdf HTTP/1.1" 200 1201166
66.249.66.81 - - [25/Dec/2019:02:30:45 -0500] "GET /BLA/resoluciones/RESOLUCIONES%202015/2689.pdf HTTP/1.1" 200 683783
66.249.66.78 - - [25/Dec/2019:02:30:56 -0500] "GET /robots.txt HTTP/1.1" 404 1018
66.249.66.78 - - [25/Dec/2019:02:30:56 -0500] "GET /BLA/boletinlegal/jurisprudencia/analisis/analisis%20C-595-2010.doc HTTP/1.1" 200 39424
66.249.66.83 - - [25/Dec/2019:02:31:33 -0500] "GET /BLA/resoluciones/AUTOS%202015/2274.pdf HTTP/1.1" 304 -
54.36.148.51 - - [25/Dec/2019:02:31:38 -0500] "GET /BLA/resoluciones/index.php?dir=AUTOS+2019%2F HTTP/1.1" 200 147790
66.249.66.81 - - [25/Dec/2019:02:32:11 -0500] "GET /BLA/resoluciones/AUTOS%202010/6677.pdf HTTP/1.1" 200 199243
66.249.66.81 - - [25/Dec/2019:02:32:18 -0500] "GET /BLA/resoluciones/RESOLUCIONES%202015/1207.pdf HTTP/1.1" 200 687263
66.249.66.81 - - [25/Dec/2019:02:32:42 -0500] "GET /BLA/resoluciones/AUTOS%202010/3123.pdf HTTP/1.1" 200 154649
132.232.14.234 - - [25/Dec/2019:02:32:44 -0500] "GET /TP/public/index.php HTTP/1.1" 404 1018
132.232.14.234 - - [25/Dec/2019:02:32:45 -0500] "GET /TP/index.php HTTP/1.1" 404 1018
132.232.14.234 - - [25/Dec/2019:02:32:45 -0500] "GET /thinkphp/html/public/index.php HTTP/1.1" 404 1018
132.232.14.234 - - [25/Dec/2019:02:32:46 -0500] "GET /html/public/index.php HTTP/1.1" 404 1018
132.232.14.234 - - [25/Dec/2019:02:32:47 -0500] "GET /public/index.php HTTP/1.1" 404 1018
132.232.14.234 - - [25/Dec/2019:02:32:48 -0500] "GET /TP/html/public/index.php HTTP/1.1" 404 1018
66.249.66.81 - - [25/Dec/2019:02:32:49 -0500] "GET /BLA/resoluciones/AUTOS%202014/4260.pdf HTTP/1.1" 200 520664
132.232.14.234 - - [25/Dec/2019:02:32:49 -0500] "GET /elrekt.php HTTP/1.1" 404 1018
132.232.14.234 - - [25/Dec/2019:02:32:51 -0500] "GET /index.php HTTP/1.1" 404 1018
132.232.14.234 - - [25/Dec/2019:02:32:51 -0500] "GET / HTTP/1.1" 200 9990
66.249.66.81 - - [25/Dec/2019:02:32:57 -0500] "GET /BLA/resoluciones/AUTOS%202010/1721.pdf HTTP/1.1" 200 190658
66.249.66.81 - - [25/Dec/2019:02:33:04 -0500] "GET /BLA/resoluciones/AUTOS%202014/3632.pdf HTTP/1.1" 200 472729
66.249.66.81 - - [25/Dec/2019:02:33:13 -0500] "GET /BLA/resoluciones/Autos%202008/0040.pdf HTTP/1.1" 200 82842
181.61.205.209 - - [25/Dec/2019:02:33:51 -0500] "GET /galeria/galeria/jquery.fancybox.css?v=2.1.5 HTTP/1.1" 200 4895
181.61.205.209 - - [25/Dec/2019:02:33:51 -0500] "GET /BLA/boletinlegal/js/jquery.scrollShow.js HTTP/1.1" 200 4586
181.61.205.209 - - [25/Dec/2019:02:33:51 -0500] "GET /galeria/galeria/jquery.fancybox.js?v=2.1.5 HTTP/1.1" 200 48706
66.249.66.81 - - [25/Dec/2019:02:34:42 -0500] "GET /BLA/resoluciones/RESOLUCIONES%202014/1427.pdf HTTP/1.1" 304 -
66.249.66.81 - - [25/Dec/2019:02:34:42 -0500] "GET /BLA/resoluciones/Autos%202008/3160.pdf HTTP/1.1" 200 83075
66.249.66.81 - - [25/Dec/2019:02:34:48 -0500] "GET /BLA/resoluciones/Autos%202008/1737.pdf HTTP/1.1" 200 191642
66.249.66.81 - - [25/Dec/2019:02:34:56 -0500] "GET /BLA/resoluciones/AUTOS%202011/0243.pdf HTTP/1.1" 200 155751
66.249.66.81 - - [25/Dec/2019:02:35:03 -0500] "GET /BLA/resoluciones/AUTOS%202010/1367.pdf HTTP/1.1" 200 241279
66.249.66.81 - - [25/Dec/2019:02:35:11 -0500] "GET /BLA/resoluciones/RESOLUCIONES%202007/RES%202007%203701%20AL%203800/RESOLUCION%203715%20DE%202007.pdf HTTP/1.1" 200 550008
66.249.66.81 - - [25/Dec/2019:02:35:20 -0500] "GET /BLA/resoluciones/AUTOS%202016/2978.pdf HTTP/1.1" 200 439077
66.249.66.81 - - [25/Dec/2019:02:35:30 -0500] "GET /BLA/resoluciones/RESOLUCIONES%202010/5054.pdf HTTP/1.1" 200 760804
66.249.66.81 - - [25/Dec/2019:02:35:38 -0500] "GET /BLA/resoluciones/Autos%202008/3168.pdf HTTP/1.1" 200 176468
195.154.56.58 - - [25/Dec/2019:02:35:40 -0500] "GET / HTTP/1.0" 200 9990
66.249.66.82 - - [25/Dec/2019:02:35:46 -0500] "GET /BLA/resoluciones/AUTOS%202007/1720.pdf HTTP/1.1" 200 38738
66.249.66.82 - - [25/Dec/2019:02:35:52 -0500] "GET /BLA/resoluciones/AUTOS%202011/1401.pdf HTTP/1.1" 200 96661
66.249.66.82 - - [25/Dec/2019:02:35:59 -0500] "GET /BLA/resoluciones/RESOLUCIONES%202007/RES%202007%201401%20AL%201500/RESOLUCION%201473%20DE%202007.pdf HTTP/1.1" 200 304300
66.249.66.81 - - [25/Dec/2019:02:36:07 -0500] "GET /BLA/resoluciones/AUTOS%202007/0905.pdf HTTP/1.1" 200 178263
66.249.66.82 - - [25/Dec/2019:02:36:14 -0500] "GET /BLA/resoluciones/AUTOS%202010/4427.pdf HTTP/1.1" 200 1160288
66.249.66.81 - - [25/Dec/2019:02:36:17 -0500] "GET /videos/galeria-fotografica/index19.html? HTTP/1.1" 200 1972
201.245.192.253 - - [25/Dec/2019:02:35:48 -0500] "POST /kwsrmcab/Wsrmcab HTTP/1.1" 200 32264
66.249.66.83 - - [25/Dec/2019:02:36:18 -0500] "GET /videos/galeria-fotografica/index24.html? HTTP/1.1" 200 2210
66.249.66.81 - - [25/Dec/2019:02:36:23 -0500] "GET /videos/galeria-fotografica/js/jquery-flickr-gallery/jquery-flickr-gallery.js HTTP/1.1" 200 9050
66.249.66.81 - - [25/Dec/2019:02:36:27 -0500] "GET /videos/galeria-fotografica/js/jquery-flickr-gallery/jquery-flickr.css HTTP/1.1" 200 711
66.249.66.81 - - [25/Dec/2019:02:36:32 -0500] "GET /BLA/resoluciones/RESOLUCIONES%202007/RES%202007%201001%20AL%201100/RESOLUCION%201016%20DE%202007.pdf HTTP/1.1" 200 27526
66.249.66.81 - - [25/Dec/2019:02:36:36 -0500] "GET /BLA/resoluciones/Autos%202008/0191.pdf HTTP/1.1" 200 254436
66.249.66.81 - - [25/Dec/2019:02:36:45 -0500] "GET /BLA/resoluciones/AUTOS%202013/2935.pdf HTTP/1.1" 304 -
66.249.66.81 - - [25/Dec/2019:02:36:49 -0500] "GET /BLA/resoluciones/AUTOS%202007/1668.pdf HTTP/1.1" 200 174865
66.249.66.81 - - [25/Dec/2019:02:36:53 -0500] "GET /BLA/resoluciones/Autos%202008/3358.pdf HTTP/1.1" 200 98253
66.249.66.81 - - [25/Dec/2019:02:36:57 -0500] "GET /BLA/resoluciones/Autos%202008/2149.pdf HTTP/1.1" 200 75822
66.249.66.81 - - [25/Dec/2019:02:37:12 -0500] "GET /BLA/resoluciones/AUTOS%202014/4121.pdf HTTP/1.1" 304 -
69.162.124.232 - - [25/Dec/2019:02:37:53 -0500] "HEAD / HTTP/1.1" 200 -
66.249.66.81 - - [25/Dec/2019:02:38:00 -0500] "GET /BLA/resoluciones/AUTOS%202011/0747.pdf HTTP/1.1" 200 164775
66.249.66.81 - - [25/Dec/2019:02:38:09 -0500] "GET /BLA/resoluciones/AUTOS%202010/3086.pdf HTTP/1.1" 200 1901018
66.249.66.83 - - [25/Dec/2019:02:38:27 -0500] "GET /BLA/resoluciones/RESOLUCIONES%202016/2099.pdf HTTP/1.1" 304 -
66.249.66.82 - - [25/Dec/2019:02:38:33 -0500] "GET /BLA/resoluciones/AUTOS%202011/0249.pdf HTTP/1.1" 200 155697
68.183.120.190 - - [25/Dec/2019:02:38:36 -0500] "HEAD /BLA/boletinlegal HTTP/1.1" 301 -
142.93.63.243 - - [25/Dec/2019:02:38:36 -0500] "HEAD /catalogoisis HTTP/1.1" 404 -
142.93.63.243 - - [25/Dec/2019:02:38:37 -0500] "GET /catalogoisis HTTP/1.1" 404 1018
68.183.120.219 - - [25/Dec/2019:02:38:38 -0500] "GET /galeria/galeria/jquery.fancybox.css?v=2.1.5 HTTP/1.1" 200 4895
68.183.120.219 - - [25/Dec/2019:02:38:38 -0500] "GET /galeria/galeria/jquery.fancybox.js?v=2.1.5 HTTP/1.1" 200 48706
68.183.120.219 - - [25/Dec/2019:02:38:39 -0500] "GET /videos/galeria-cronicas/1V3wnplaylist.htm? HTTP/1.1" 200 4013
68.183.120.219 - - [25/Dec/2019:02:38:39 -0500] "GET /videos/galeria-cronicas/skin/blue.monday/jplayer.blue.monday.css HTTP/1.1" 200 12518
68.183.120.219 - - [25/Dec/2019:02:38:39 -0500] "GET /videos/galeria-cronicas/js/jquery.jplayer.min.js HTTP/1.1" 200 43668
68.183.120.219 - - [25/Dec/2019:02:38:39 -0500] "GET /videos/galeria-cronicas/js/jplayer.playlist.min.js HTTP/1.1" 200 8608
167.99.1.138 - - [25/Dec/2019:02:38:39 -0500] "GET /galeria/galeria/jquery.fancybox.js?v=2.1.5 HTTP/1.1" 200 48706
167.99.1.138 - - [25/Dec/2019:02:38:39 -0500] "GET /BLA/boletinlegal/js/jquery.scrollShow.js HTTP/1.1" 200 4586
167.99.1.138 - - [25/Dec/2019:02:38:39 -0500] "GET /galeria/galeria/jquery.fancybox.css?v=2.1.5 HTTP/1.1" 200 4895
167.99.1.138 - - [25/Dec/2019:02:38:39 -0500] "GET /galeria/carrusel/Carrusel/jquery-ui-1.8.13.custom.min.js HTTP/1.1" 200 10800
167.99.1.138 - - [25/Dec/2019:02:38:39 -0500] "GET /galeria/carrusel/Carrusel/jquery.thumbnailScroller.css HTTP/1.1" 200 2066
167.99.1.138 - - [25/Dec/2019:02:38:39 -0500] "GET /galeria/carrusel/Carrusel/jquery.thumbnailScroller.js HTTP/1.1" 200 8157
167.99.1.138 - - [25/Dec/2019:02:38:40 -0500] "GET /galeria/nivo-slider/demo/inicio.html HTTP/1.1" 200 4435
167.99.1.138 - - [25/Dec/2019:02:38:40 -0500] "GET /galeria/nivo-slider/themes/default/default.css HTTP/1.1" 200 1569
167.99.1.138 - - [25/Dec/2019:02:38:40 -0500] "GET /galeria/nivo-slider/themes/pascal/pascal.css HTTP/1.1" 200 2258
167.99.1.138 - - [25/Dec/2019:02:38:40 -0500] "GET /galeria/nivo-slider/themes/orman/orman.css HTTP/1.1" 200 2152
167.99.1.138 - - [25/Dec/2019:02:38:40 -0500] "GET /galeria/nivo-slider/nivo-slider.css HTTP/1.1" 200 1507
167.99.1.138 - - [25/Dec/2019:02:38:40 -0500] "GET /galeria/nivo-slider/demo/style.css HTTP/1.1" 200 2222
167.99.1.138 - - [25/Dec/2019:02:38:40 -0500] "GET /galeria/nivo-slider/demo/scripts/jquery-1.7.1.min.js HTTP/1.1" 200 93868
167.99.1.138 - - [25/Dec/2019:02:38:40 -0500] "GET /galeria/nivo-slider/jquery.nivo.slider.pack.js HTTP/1.1" 200 11561
157.55.39.144 - - [25/Dec/2019:02:38:59 -0500] "GET /BLA/boletinlegal/js/jquery.scrollShow.js HTTP/1.1" 200 4586
66.249.66.81 - - [25/Dec/2019:02:39:07 -0500] "GET /BLA/resoluciones/RESOLUCIONES%202007/RES%202007%203801%20AL%203900/RESOLUCION%203829%20DE%202007.pdf HTTP/1.1" 304 -
66.249.66.81 - - [25/Dec/2019:02:39:21 -0500] "GET /BLA/resoluciones/AUTOS%202010/3183.pdf HTTP/1.1" 200 1189150
66.249.66.82 - - [25/Dec/2019:02:39:37 -0500] "GET /BLA/resoluciones/RESOLUCIONES%202010/4981.pdf HTTP/1.1" 200 693509
207.46.13.30 - - [25/Dec/2019:02:39:45 -0500] "GET /galeria/mapa/humedal.html? HTTP/1.1" 200 13190
66.249.66.82 - - [25/Dec/2019:02:39:49 -0500] "GET /BLA/resoluciones/RESOLUCIONES%202015/1796.pdf HTTP/1.1" 200 914552
66.249.66.81 - - [25/Dec/2019:02:39:57 -0500] "GET /BLA/resoluciones/Autos%202008/3118.pdf HTTP/1.1" 200 50065
68.183.120.190 - - [25/Dec/2019:02:38:36 -0500] "HEAD /BLA/boletinlegal/ HTTP/1.1" 200 -
66.249.66.83 - - [25/Dec/2019:02:40:58 -0500] "GET /POT-2013/index.php?dir=Cartografia%2F HTTP/1.1" 200 11465
66.249.66.81 - - [25/Dec/2019:02:41:04 -0500] "GET /POT-2013/dlf/styles.css HTTP/1.1" 200 3045
216.244.66.195 - - [25/Dec/2019:02:41:41 -0500] "GET /BLA/resoluciones/RESOLUCIONES%202010/0043.pdf HTTP/1.1" 200 496475
216.244.66.195 - - [25/Dec/2019:02:41:46 -0500] "GET /BLA/resoluciones/RESOLUCIONES%202010/0131.pdf HTTP/1.1" 200 384949
157.55.39.80 - - [25/Dec/2019:02:41:48 -0500] "GET /BLA/boletinlegal/Circulares/2015/Circular%20No.%202%20del%201%20de%20julio%20de%202015.pdf HTTP/1.1" 304 -
66.249.66.81 - - [25/Dec/2019:02:42:11 -0500] "GET /BLA/resoluciones/RESOLUCIONES%202011/4272.pdf HTTP/1.1" 200 817925
216.244.66.195 - - [25/Dec/2019:02:42:25 -0500] "GET /BLA/resoluciones/RESOLUCIONES%202010/0182.pdf HTTP/1.1" 200 527370
66.249.66.81 - - [25/Dec/2019:02:43:00 -0500] "GET /BLA/resoluciones/RESOLUCIONES%202007/RES%202007%201401%20AL%201500/RESOLUCION%201423%20DE%202007.pdf HTTP/1.1" 200 365475
66.249.66.158 - - [25/Dec/2019:02:43:29 -0500] "GET /portalsiaccapacitaciones/Soportes%20Capacitaciones%202016/Mesas%20de%20Trabajo%202016/PRESENTACI%C3%93N%20DECRETO%20442%20LLANTAS%20USADAS.pptx HTTP/1.1" 200 2253581
216.244.66.195 - - [25/Dec/2019:02:43:53 -0500] "GET /BLA/resoluciones/RESOLUCIONES%202010/0736.pdf HTTP/1.1" 200 150110
54.36.150.189 - - [25/Dec/2019:02:44:15 -0500] "GET /BLA/resoluciones/RESOLUCIONES%202004/RES%202004%20401-450/00000450.tif HTTP/1.1" 200 46828
216.244.66.195 - - [25/Dec/2019:02:44:28 -0500] "GET /BLA/resoluciones/RESOLUCIONES%202010/0787.pdf HTTP/1.1" 200 102744
201.185.134.151 - - [25/Dec/2019:02:44:45 -0500] "GET /galeria/galeria/jquery.fancybox.css?v=2.1.5 HTTP/1.1" 200 4895
201.185.134.151 - - [25/Dec/2019:02:44:45 -0500] "GET /galeria/galeria/jquery.fancybox.js?v=2.1.5 HTTP/1.1" 200 48706
201.185.134.151 - - [25/Dec/2019:02:44:45 -0500] "GET /BLA/boletinlegal/js/jquery.scrollShow.js HTTP/1.1" 200 4586
216.244.66.195 - - [25/Dec/2019:02:45:05 -0500] "GET /BLA/resoluciones/RESOLUCIONES%202010/0818.pdf HTTP/1.1" 200 104346
216.244.66.195 - - [25/Dec/2019:02:45:40 -0500] "GET /BLA/resoluciones/RESOLUCIONES%202010/0985.pdf HTTP/1.1" 200 99357
66.249.66.83 - - [25/Dec/2019:02:45:59 -0500] "GET /BLA/resoluciones/RESOLUCIONES%202017/0761.pdf HTTP/1.1" 304 -
92.118.37.64 - - [25/Dec/2019:02:46:00 -0500] "GET / HTTP/1.0" 200 9990
216.244.66.195 - - [25/Dec/2019:02:46:16 -0500] "GET /BLA/resoluciones/RESOLUCIONES%202010/1253.pdf HTTP/1.1" 200 105926
216.244.66.197 - - [25/Dec/2019:02:46:29 -0500] "GET / HTTP/1.1" 200 9990
216.244.66.195 - - [25/Dec/2019:02:46:52 -0500] "GET /BLA/resoluciones/RESOLUCIONES%202010/1353.pdf HTTP/1.1" 200 345074
66.249.66.81 - - [25/Dec/2019:02:46:57 -0500] "GET /BLA/resoluciones/RESOLUCIONES%202007/RES%202007%201301%20AL%201400/RESOLUCION%201361%20DE%202007.pdf HTTP/1.1" 200 102603
66.249.66.81 - - [25/Dec/2019:02:47:14 -0500] "GET /BLA/resoluciones/RESOLUCIONES%202007/RES%202007%202701%20AL%202800/RESOLUCION%202781%20DE%202007.pdf HTTP/1.1" 200 341300
216.244.66.195 - - [25/Dec/2019:02:47:30 -0500] "GET /BLA/resoluciones/RESOLUCIONES%202010/1508.pdf HTTP/1.1" 200 496219
66.249.66.83 - - [25/Dec/2019:02:47:45 -0500] "GET /BLA/resoluciones/AUTOS%202010/3780.pdf HTTP/1.1" 200 205601
66.249.66.81 - - [25/Dec/2019:02:47:52 -0500] "GET /BLA/resoluciones/RESOLUCIONES%202007/RES%202007%204201%20AL%204300/RESOLUCION%204264%20DE%202007.pdf HTTP/1.1" 200 262563
201.245.192.253 - - [25/Dec/2019:02:47:52 -0500] "GET /galeria/nivo-slider/demo/images/diciembrecaminatas.png HTTP/1.1" 304 -
157.55.39.8 - - [25/Dec/2019:02:48:26 -0500] "GET /galeria/nivo-slider/demo/scripts/jquery-1.7.1.min.js HTTP/1.1" 200 93868
66.249.66.83 - - [25/Dec/2019:02:48:29 -0500] "GET /BLA/resoluciones/AUTOS%202015/0580.pdf HTTP/1.1" 200 467359
216.244.66.195 - - [25/Dec/2019:02:48:59 -0500] "GET /BLA/resoluciones/RESOLUCIONES%202010/1578.pdf HTTP/1.1" 200 498715
66.249.66.81 - - [25/Dec/2019:02:49:07 -0500] "GET /BLA/resoluciones/AUTOS%202013/3655.pdf HTTP/1.1" 200 455637
66.249.66.82 - - [25/Dec/2019:02:49:45 -0500] "GET /BLA/resoluciones/AUTOS%202016/1632.pdf HTTP/1.1" 200 508232
216.244.66.197 - - [25/Dec/2019:02:49:52 -0500] "GET /BLA/boletinlegal/Directivas/2018/Directiva%20No.%2023%20del%2026%20de%20diciembre%20de%202018.pdf HTTP/1.1" 200 481134
216.244.66.195 - - [25/Dec/2019:02:50:05 -0500] "GET /BLA/resoluciones/RESOLUCIONES%202011/2249.pdf HTTP/1.1" 200 1113175
66.249.66.81 - - [25/Dec/2019:02:50:22 -0500] "GET /BLA/resoluciones/AUTOS%202014/6422.pdf HTTP/1.1" 200 845755
69.162.124.232 - - [25/Dec/2019:02:50:35 -0500] "HEAD / HTTP/1.1" 200 -
46.229.168.152 - - [25/Dec/2019:02:50:51 -0500] "GET /robots.txt HTTP/1.1" 404 1019
46.229.168.151 - - [25/Dec/2019:02:50:51 -0500] "GET /Autoliquidacion/index.php?dir=Permiso%2Bde%2Bocupaci%C3%83%C2%83%C3%82%C2%83%C3%83%C2%82%C3%82%C2%83%C3%83%C2%83%C3%82%C2%82%C3%83%C2%82%C3%82%C2%83%C3%83%C2%83%C3%82%C2%83%C3%83%C2%82%C3%82%C2%82%C3%83%C2%83%C3%82%C2%82%C3%83%C2%82%C3%82%C2%83%C3%83%C2%83%C3%82%C2%83%C3%83%C2%82%C3%82%C2%83%C3%83%C2%83%C3%82%C2%82%C3%83%C2%82%C3%82%C2%82%C3%83%C2%83%C3%82%C2%83%C3%83%C2%82%C3%82%C2%82%C3%83%C2%83%C3%82%C2%82%C3%83%C2%82%C3%82%C2%83%C3%83%C2%83%C3%82%C2%83%C3%83%C2%82%C3%82%C2%83%C3%83%C2%83%C3%82%C2%82%C3%83%C2%82%C3%82%C2%83%C3%83%C2%83%C3%82%C2%83%C3%83%C2%82%C3%82%C2%82%C3%83%C2%83%C3%82%C2%82%C3%83%C2%82%C3%82%C2%82%C3%83%C2%83%C3%82%C2%83%C3%83%C2%82%C3%82%C2%83%C3%83%C2%83%C3%82%C2%82%C3%83%C2%82%C3%82%C2%82%C3%83%C2%83%C3%82%C2%83%C3%83%C2%82%C3%82%C2%82%C3%83%C2%83%C3%82%C2%82%C3%83%C2%82%C3%82%C2%B3n%2Bde%2Bcauce%2F&order=desc&sort=date HTTP/1.1" 200 7383
216.244.66.195 - - [25/Dec/2019:02:50:56 -0500] "GET /BLA/resoluciones/RESOLUCIONES%202012/0036.pdf HTTP/1.1" 200 314144
66.249.66.81 - - [25/Dec/2019:02:51:00 -0500] "GET /BLA/resoluciones/AUTOS%202014/0654.pdf HTTP/1.1" 200 609276
66.249.66.83 - - [25/Dec/2019:02:51:38 -0500] "GET /BLA/resoluciones/AUTOS%202009/1825.pdf HTTP/1.1" 200 123034
216.244.66.195 - - [25/Dec/2019:02:51:42 -0500] "GET /BLA/resoluciones/RESOLUCIONES%202012/0385.pdf HTTP/1.1" 200 379666
66.249.66.83 - - [25/Dec/2019:02:52:53 -0500] "GET /BLA/resoluciones/RESOLUCIONES%202011/5756.pdf HTTP/1.1" 200 1122477
66.249.66.81 - - [25/Dec/2019:02:53:30 -0500] "GET /BLA/resoluciones/RESOLUCIONES%202016/1584.pdf HTTP/1.1" 200 729125
193.57.40.46 - - [25/Dec/2019:02:53:59 -0500] "GET /?XDEBUG_SESSION_START=phpstorm HTTP/1.1" 200 9990
216.244.66.195 - - [25/Dec/2019:02:54:02 -0500] "GET /BLA/resoluciones/RESOLUCIONES%202012/0500.pdf HTTP/1.1" 200 367027
66.249.66.82 - - [25/Dec/2019:02:54:08 -0500] "GET /BLA/resoluciones/AUTOS%202017/4516.pdf HTTP/1.1" 200 15180333
66.249.66.81 - - [25/Dec/2019:02:54:24 -0500] "GET /BLA/resoluciones/AUTOS%202009/1841.pdf HTTP/1.1" 200 103078
66.249.66.81 - - [25/Dec/2019:02:54:41 -0500] "GET /BLA/resoluciones/AUTOS%202011/1696.pdf HTTP/1.1" 200 176113
66.249.66.81 - - [25/Dec/2019:02:54:48 -0500] "GET /BLA/resoluciones/RESOLUCIONES%202015/1277.pdf HTTP/1.1" 304 -
46.229.168.142 - - [25/Dec/2019:02:54:53 -0500] "GET /Autoliquidacion/index.php?dir=Solicitudes%2Brelacionadas%2Bcon%2Bocupaci%C3%83%C2%83%C3%82%C2%83%C3%83%C2%82%C3%82%C2%83%C3%83%C2%83%C3%82%C2%82%C3%83%C2%82%C3%82%C2%B3n%2Bde%2Bcauce%2F&order=asc&sort=size HTTP/1.1" 200 6766
66.249.66.81 - - [25/Dec/2019:02:55:23 -0500] "GET /BLA/resoluciones/AUTOS%202010/5379.pdf HTTP/1.1" 304 -
69.162.124.232 - - [25/Dec/2019:02:55:35 -0500] "HEAD / HTTP/1.1" 200 -
66.249.66.82 - - [25/Dec/2019:02:56:01 -0500] "GET /BLA/resoluciones/AUTOS%202015/1743.pdf HTTP/1.1" 304 -
216.244.66.195 - - [25/Dec/2019:02:56:02 -0500] "GET /BLA/resoluciones/RESOLUCIONES%202012/0636.pdf HTTP/1.1" 200 541211
54.36.150.82 - - [25/Dec/2019:02:56:31 -0500] "GET /BLA/resoluciones/RESOLUCIONES%202002/RES%202002%201201-1250/20021218.tif HTTP/1.1" 200 43218
66.249.66.81 - - [25/Dec/2019:02:56:39 -0500] "GET /BLA/resoluciones/AUTOS%202013/3367.pdf HTTP/1.1" 200 817569
216.244.66.195 - - [25/Dec/2019:02:56:52 -0500] "GET /BLA/resoluciones/RESOLUCIONES%202012/0657.pdf HTTP/1.1" 200 372483
66.249.66.81 - - [25/Dec/2019:02:57:16 -0500] "GET /BLA/resoluciones/Notificaciones/REGISTROS%202014/01460.doc HTTP/1.1" 200 150528
35.240.86.20 - - [25/Dec/2019:02:57:17 -0500] "GET /external.php HTTP/1.1" 404 1018
66.249.66.82 - - [25/Dec/2019:02:57:54 -0500] "GET /BLA/resoluciones/RESOLUCIONES%202014/0051.pdf HTTP/1.1" 304 -
216.244.66.195 - - [25/Dec/2019:02:59:08 -0500] "GET /BLA/resoluciones/RESOLUCIONES%202012/0956.pdf HTTP/1.1" 200 485580
66.249.66.82 - - [25/Dec/2019:02:59:09 -0500] "GET /BLA/resoluciones/RESOLUCIONES%202014/1432.pdf HTTP/1.1" 200 217783
69.162.124.232 - - [25/Dec/2019:03:00:14 -0500] "HEAD / HTTP/1.1" 200 -
66.249.66.81 - - [25/Dec/2019:03:00:24 -0500] "GET /BLA/resoluciones/RESOLUCIONES%202011/2083.pdf HTTP/1.1" 200 569226
157.55.39.221 - - [25/Dec/2019:03:00:40 -0500] "GET / HTTP/1.1" 200 9990
66.249.66.81 - - [25/Dec/2019:03:00:56 -0500] "GET /portel_dama/libreria/php/2006/ECOSISTEMAS%20FINAL%20web_mz27/x%20restauracion/sitio/22_proye/xtras_in/3a.pdf HTTP/1.1" 404 1018
66.249.66.81 - - [25/Dec/2019:03:01:02 -0500] "GET /BLA/resoluciones/AUTOS%202015/0794.pdf HTTP/1.1" 200 524019
216.244.66.195 - - [25/Dec/2019:03:01:28 -0500] "GET /BLA/resoluciones/RESOLUCIONES%202012/1068.pdf HTTP/1.1" 200 12607219
66.249.66.156 - - [25/Dec/2019:03:01:38 -0500] "GET /BLA/boletinlegal/images/launch.jpg HTTP/1.1" 304 -
66.249.66.153 - - [25/Dec/2019:03:01:43 -0500] "GET /BLA/boletinlegal/images/arr_r.jpg HTTP/1.1" 304 -
54.36.148.74 - - [25/Dec/2019:03:01:51 -0500] "GET /BLA/resoluciones/RESOLUCIONES%202004/RES%202004%20301-350/00000305.tif HTTP/1.1" 200 205008
195.154.123.84 - - [25/Dec/2019:03:01:52 -0500] "GET /galeria/galeria/jquery.fancybox.css?v=2.1.5 HTTP/1.1" 200 4895
195.154.123.84 - - [25/Dec/2019:03:01:52 -0500] "GET /galeria/carrusel/Carrusel/jquery.thumbnailScroller.css HTTP/1.1" 200 2066
195.154.123.84 - - [25/Dec/2019:03:01:52 -0500] "GET /galeria/galeria/jquery.fancybox.js?v=2.1.5 HTTP/1.1" 200 48706
195.154.123.84 - - [25/Dec/2019:03:01:52 -0500] "GET /BLA/boletinlegal/js/jquery.scrollShow.js HTTP/1.1" 200 4586
195.154.123.84 - - [25/Dec/2019:03:01:52 -0500] "GET /galeria/carrusel/Carrusel/jquery-ui-1.8.13.custom.min.js HTTP/1.1" 200 10800
195.154.123.84 - - [25/Dec/2019:03:01:53 -0500] "GET /galeria/carrusel/Carrusel/jquery.thumbnailScroller.js HTTP/1.1" 200 8157
195.154.123.84 - - [25/Dec/2019:03:01:53 -0500] "GET /galeria/nivo-slider/demo/inicio.html HTTP/1.1" 200 4435
195.154.123.84 - - [25/Dec/2019:03:01:54 -0500] "GET /galeria/nivo-slider/themes/orman/orman.css HTTP/1.1" 200 2152
195.154.123.84 - - [25/Dec/2019:03:01:54 -0500] "GET /galeria/nivo-slider/themes/default/default.css HTTP/1.1" 200 1569
195.154.123.84 - - [25/Dec/2019:03:01:54 -0500] "GET /galeria/nivo-slider/themes/pascal/pascal.css HTTP/1.1" 200 2258
195.154.123.84 - - [25/Dec/2019:03:01:54 -0500] "GET /galeria/nivo-slider/nivo-slider.css HTTP/1.1" 200 1507
195.154.123.84 - - [25/Dec/2019:03:01:54 -0500] "GET /galeria/nivo-slider/demo/style.css HTTP/1.1" 200 2222
195.154.123.84 - - [25/Dec/2019:03:01:54 -0500] "GET /galeria/nivo-slider/demo/scripts/jquery-1.7.1.min.js HTTP/1.1" 200 93868
195.154.123.84 - - [25/Dec/2019:03:01:54 -0500] "GET /galeria/nivo-slider/jquery.nivo.slider.pack.js HTTP/1.1" 200 11561
54.36.150.157 - - [25/Dec/2019:03:02:07 -0500] "GET /BLA/resoluciones/RESOLUCIONES%202005/RES%202005%201001-1050/00001022.tif HTTP/1.1" 200 152316
66.249.66.81 - - [25/Dec/2019:03:02:17 -0500] "GET /BLA/resoluciones/RESOLUCIONES%202015/0050.pdf HTTP/1.1" 304 -
216.244.66.195 - - [25/Dec/2019:03:02:21 -0500] "GET /BLA/resoluciones/RESOLUCIONES%202012/1481.pdf HTTP/1.1" 200 3382454
66.249.66.83 - - [25/Dec/2019:03:02:55 -0500] "GET /BLA/resoluciones/AUTOS%202014/1433.pdf HTTP/1.1" 304 -
35.202.2.1 - - [25/Dec/2019:03:03:02 -0500] "GET /robots.txt HTTP/1.1" 404 1018
66.249.66.82 - - [25/Dec/2019:03:03:32 -0500] "GET /BLA/resoluciones/RESOLUCIONES%202013/0845.pdf HTTP/1.1" 304 -
157.55.39.80 - - [25/Dec/2019:03:03:33 -0500] "GET /BLA/boletinlegal/Circulares/2011/Circular%20No.%205%20del%2014%20de%20Julio%20de%202011.pdf HTTP/1.1" 200 1488992
46.229.168.146 - - [25/Dec/2019:03:03:55 -0500] "GET /Autoliquidacion/index.php?dir=TR%C3%83%C2%83%C3%82%C2%83%C3%83%C2%82%C3%82%C2%83%C3%83%C2%83%C3%82%C2%82%C3%83%C2%82%C3%82%C2%83%C3%83%C2%83%C3%82%C2%83%C3%83%C2%82%C3%82%C2%82%C3%83%C2%83%C3%82%C2%82%C3%83%C2%82%C3%82%C2%83%C3%83%C2%83%C3%82%C2%83%C3%83%C2%82%C3%82%C2%83%C3%83%C2%83%C3%82%C2%82%C3%83%C2%82%C3%82%C2%82%C3%83%C2%83%C3%82%C2%83%C3%83%C2%82%C3%82%C2%82%C3%83%C2%83%C3%82%C2%82%C3%83%C2%82%C3%82%C2%83%C3%83%C2%83%C3%82%C2%83%C3%83%C2%82%C3%82%C2%83%C3%83%C2%83%C3%82%C2%82%C3%83%C2%82%C3%82%C2%83%C3%83%C2%83%C3%82%C2%83%C3%83%C2%82%C3%82%C2%82%C3%83%C2%83%C3%82%C2%82%C3%83%C2%82%C3%82%C2%82%C3%83%C2%83%C3%82%C2%83%C3%83%C2%82%C3%82%C2%83%C3%83%C2%83%C3%82%C2%82%C3%83%C2%82%C3%82%C2%82%C3%83%C2%83%C3%82%C2%83%C3%83%C2%82%C3%82%C2%82%C3%83%C2%83%C3%82%C2%82%C3%83%C2%82%C3%82%C2%81MITES%2BVERTIMIENTOS%2F&order=asc&sort=name HTTP/1.1" 200 7360
66.249.66.81 - - [25/Dec/2019:03:04:10 -0500] "GET /BLA/resoluciones/RESOLUCIONES%202014/3131.pdf HTTP/1.1" 304 -
216.244.66.195 - - [25/Dec/2019:03:04:41 -0500] "GET /BLA/resoluciones/RESOLUCIONES%202012/1862.pdf HTTP/1.1" 200 470426
66.249.66.81 - - [25/Dec/2019:03:04:48 -0500] "GET /BLA/resoluciones/AUTOS%202016/2006.pdf HTTP/1.1" 200 308276
66.249.66.83 - - [25/Dec/2019:03:04:55 -0500] "GET /galeria/nivo-slider/demo/demo.html HTTP/1.1" 404 1868
69.162.124.232 - - [25/Dec/2019:03:05:14 -0500] "HEAD / HTTP/1.1" 200 -
66.249.66.83 - - [25/Dec/2019:03:06:41 -0500] "GET /BLA/resoluciones/AUTOS%202015/3788.pdf HTTP/1.1" 304 -
66.249.88.25 - - [25/Dec/2019:03:06:53 -0500] "GET /BLA/boletinlegal/js/jquery.scrollShow.js HTTP/1.1" 200 4586
66.249.88.25 - - [25/Dec/2019:03:06:54 -0500] "GET /galeria/galeria/jquery.fancybox.js?v=2.1.5 HTTP/1.1" 200 48706
66.249.88.23 - - [25/Dec/2019:03:06:54 -0500] "GET /galeria/galeria/jquery.fancybox.css?v=2.1.5 HTTP/1.1" 200 4895
216.244.66.195 - - [25/Dec/2019:03:07:02 -0500] "GET /BLA/resoluciones/RESOLUCIONES%202013/0060.pdf HTTP/1.1" 200 3416497
66.249.66.82 - - [25/Dec/2019:03:07:18 -0500] "GET /BLA/resoluciones/RESOLUCIONES%202015/1097.pdf HTTP/1.1" 200 4649390
66.249.88.23 - - [25/Dec/2019:03:07:26 -0500] "GET /BLA/boletinlegal/js/jquery.scrollShow.js HTTP/1.1" 200 4586
66.249.88.25 - - [25/Dec/2019:03:07:26 -0500] "GET /galeria/galeria/jquery.fancybox.js?v=2.1.5 HTTP/1.1" 200 48706
66.249.88.23 - - [25/Dec/2019:03:07:26 -0500] "GET /galeria/galeria/jquery.fancybox.css?v=2.1.5 HTTP/1.1" 200 4895
216.244.66.195 - - [25/Dec/2019:03:07:52 -0500] "GET /BLA/resoluciones/RESOLUCIONES%202013/0080.pdf HTTP/1.1" 200 444250
46.229.168.161 - - [25/Dec/2019:03:08:10 -0500] "GET /POT-2013/index.php?dir=DTS%2F&order=desc&sort=name HTTP/1.1" 200 1770
54.36.149.74 - - [25/Dec/2019:03:08:15 -0500] "GET /BLA/resoluciones/RESOLUCIONES%202006/RES%202006%201-50/00000018.tif HTTP/1.1" 200 579818
66.249.66.81 - - [25/Dec/2019:03:08:34 -0500] "GET /BLA/resoluciones/RESOLUCIONES%202008/4560.pdf HTTP/1.1" 304 -
66.249.66.82 - - [25/Dec/2019:03:08:34 -0500] "GET /BLA/resoluciones/Autos%202008/2428.pdf HTTP/1.1" 200 271817
66.249.66.82 - - [25/Dec/2019:03:09:49 -0500] "GET /BLA/resoluciones/RESOLUCIONES%202015/0775.pdf HTTP/1.1" 200 4250452
216.244.66.195 - - [25/Dec/2019:03:10:11 -0500] "GET /BLA/resoluciones/RESOLUCIONES%202013/0671.pdf HTTP/1.1" 200 804804
69.162.124.232 - - [25/Dec/2019:03:10:14 -0500] "HEAD / HTTP/1.1" 200 -
66.249.66.81 - - [25/Dec/2019:03:10:26 -0500] "GET /BLA/resoluciones/RESOLUCIONES%202010/5807.pdf HTTP/1.1" 304 -
66.249.88.19 - - [25/Dec/2019:03:10:45 -0500] "GET /BLA/resoluciones/RESOLUCIONES%202007/RES%202007%202501%20AL%202600/RESOLUCION%202542%20DE%202007.pdf HTTP/1.1" 200 867071
66.249.66.81 - - [25/Dec/2019:03:11:04 -0500] "GET /BLA/resoluciones/AUTOS%202014/7078.pdf HTTP/1.1" 304 -
66.249.66.155 - - [25/Dec/2019:03:11:42 -0500] "GET /POT-2013/index.php?dir=DTS%2F HTTP/1.1" 200 1771
66.249.66.153 - - [25/Dec/2019:03:11:45 -0500] "GET /POT-2013/dlf/styles.css HTTP/1.1" 200 3045
66.249.66.81 - - [25/Dec/2019:03:12:19 -0500] "GET /BLA/resoluciones/AUTOS%202017/3576.pdf HTTP/1.1" 304 -
66.249.66.81 - - [25/Dec/2019:03:12:57 -0500] "GET /BLA/resoluciones/AUTOS%202016/2790.pdf HTTP/1.1" 304 -
66.249.66.81 - - [25/Dec/2019:03:13:35 -0500] "GET /BLA/resoluciones/AUTOS%202016/2134.pdf HTTP/1.1" 200 519732
66.249.66.82 - - [25/Dec/2019:03:14:50 -0500] "GET /BLA/resoluciones/RESOLUCIONES%202010/6394.pdf HTTP/1.1" 200 485650
201.245.192.253 - - [25/Dec/2019:03:15:48 -0500] "POST /kwsrmcab/Wsrmcab HTTP/1.1" 200 32104
201.245.192.253 - - [25/Dec/2019:03:15:48 -0500] "POST /kwsrmcab/Wsrmcab HTTP/1.1" 200 32134
201.245.192.253 - - [25/Dec/2019:03:16:26 -0500] "POST /kwsrmcab/Wsrmcab HTTP/1.1" 200 32134
61.9.33.42 - - [25/Dec/2019:03:17:19 -0500] "GET / HTTP/1.1" 200 9990
66.249.66.82 - - [25/Dec/2019:03:17:20 -0500] "GET /BLA/resoluciones/RESOLUCIONES%202010/1262.pdf HTTP/1.1" 200 143348
66.249.66.81 - - [25/Dec/2019:03:17:58 -0500] "GET /BLA/resoluciones/AUTOS%202016/2696.pdf HTTP/1.1" 200 1078534
69.162.124.232 - - [25/Dec/2019:03:18:21 -0500] "HEAD / HTTP/1.1" 200 -
66.249.66.81 - - [25/Dec/2019:03:18:36 -0500] "GET /BLA/resoluciones/AUTOS%202011/2126.pdf HTTP/1.1" 200 119458
66.249.66.82 - - [25/Dec/2019:03:19:13 -0500] "GET /BLA/resoluciones/RESOLUCIONES%202013/1529.pdf HTTP/1.1" 200 603457
66.249.66.83 - - [25/Dec/2019:03:19:51 -0500] "GET /BLA/resoluciones/RESOLUCIONES%202013/2026.pdf HTTP/1.1" 200 516678
107.21.1.8 - - [25/Dec/2019:03:20:06 -0500] "GET / HTTP/1.1" 200 9990
107.21.1.8 - - [25/Dec/2019:03:20:06 -0500] "GET /favicon.ico HTTP/1.1" 200 7782
66.249.66.81 - - [25/Dec/2019:03:20:28 -0500] "GET /BLA/boletinlegal/conceptos.php HTTP/1.1" 200 7315
66.249.66.81 - - [25/Dec/2019:03:21:06 -0500] "GET /BLA/resoluciones/AUTOS%202016/0412.pdf HTTP/1.1" 200 700475
186.28.12.161 - - [25/Dec/2019:03:21:12 -0500] "GET /galeria/galeria/jquery.fancybox.css?v=2.1.5 HTTP/1.1" 200 4895
186.28.12.161 - - [25/Dec/2019:03:21:12 -0500] "GET /galeria/galeria/jquery.fancybox.js?v=2.1.5 HTTP/1.1" 200 48706
186.28.12.161 - - [25/Dec/2019:03:21:12 -0500] "GET /galeria/galeria/fotos/juan-amarillo1P.jpg HTTP/1.1" 200 30845
186.28.12.161 - - [25/Dec/2019:03:21:13 -0500] "GET /galeria/galeria/fotos/juan-amarillo2P.jpg HTTP/1.1" 200 32696
186.28.12.161 - - [25/Dec/2019:03:21:13 -0500] "GET /galeria/galeria/fotos/juan-amarillo3P.jpg HTTP/1.1" 200 28033
186.28.12.161 - - [25/Dec/2019:03:21:13 -0500] "GET /galeria/galeria/fotos/juan-amarillo4P.jpg HTTP/1.1" 200 23811
66.249.66.83 - - [25/Dec/2019:03:21:44 -0500] "GET /BLA/resoluciones/AUTOS%202018/4972.pdf HTTP/1.1" 200 282336
66.249.66.83 - - [25/Dec/2019:03:21:50 -0500] "GET /BLA/resoluciones/RESOLUCIONES%202006/RES%202006%20%202901-2950/00002928.tif HTTP/1.1" 304 -
66.249.66.83 - - [25/Dec/2019:03:22:36 -0500] "GET /BLA/resoluciones/RESOLUCIONES%202010/4777.pdf HTTP/1.1" 200 495625
69.162.124.232 - - [25/Dec/2019:03:23:21 -0500] "HEAD / HTTP/1.1" 200 -
54.36.148.100 - - [25/Dec/2019:03:23:45 -0500] "GET /BLA/resoluciones/RESOLUCIONES%202004/RES%202004%201751-1800/00001774.tif HTTP/1.1" 200 153790
66.249.66.82 - - [25/Dec/2019:03:22:59 -0500] "GET /BLA/boletinlegal/index.php HTTP/1.1" 200 68662
66.249.66.83 - - [25/Dec/2019:03:24:36 -0500] "GET /BLA/resoluciones/RESOLUCIONES%202015/2712.pdf HTTP/1.1" 304 -
66.249.66.81 - - [25/Dec/2019:03:24:40 -0500] "GET /BLA/resoluciones/RESOLUCIONES%202007/RES%202007%203201%20AL%203300/RESOLUCION%203228%20DE%202007.pdf HTTP/1.1" 200 853973
190.25.109.88 - - [25/Dec/2019:03:24:51 -0500] "GET /favicon.ico HTTP/1.1" 200 7782
66.249.66.82 - - [25/Dec/2019:03:24:52 -0500] "GET /BLA/resoluciones/RESOLUCIONES%202007/RES%202007%203201%20AL%203300/RESOLUCION%203277%20DE%202007.pdf HTTP/1.1" 304 -
66.249.66.81 - - [25/Dec/2019:03:25:30 -0500] "GET /BLA/resoluciones/RESOLUCIONES%202015/0847.pdf HTTP/1.1" 304 -
66.249.66.81 - - [25/Dec/2019:03:26:07 -0500] "GET /BLA/resoluciones/AUTOS%202017/5056.pdf HTTP/1.1" 304 -
201.245.192.253 - - [25/Dec/2019:03:25:47 -0500] "POST /kwsrmcab/Wsrmcab HTTP/1.1" 200 32104
66.249.66.83 - - [25/Dec/2019:03:26:45 -0500] "GET /BLA/resoluciones/AUTOS%202016/2195.pdf HTTP/1.1" 200 619022
66.249.66.82 - - [25/Dec/2019:03:27:22 -0500] "GET /BLA/resoluciones/AUTOS%202014/0702.pdf HTTP/1.1" 304 -
54.36.148.20 - - [25/Dec/2019:03:27:52 -0500] "GET /BLA/resoluciones/RESOLUCIONES%202003/RES%202003%20901-950/912.tif HTTP/1.1" 200 212900
66.249.66.83 - - [25/Dec/2019:03:28:00 -0500] "GET /BLA/resoluciones/AUTOS%202012/1423.pdf HTTP/1.1" 304 -
69.162.124.232 - - [25/Dec/2019:03:28:21 -0500] "HEAD / HTTP/1.1" 200 -
54.36.150.19 - - [25/Dec/2019:03:28:47 -0500] "GET /BLA/resoluciones/RESOLUCIONES%202004/RES%202004%20801-850/00000801.tif HTTP/1.1" 200 95558
46.229.168.140 - - [25/Dec/2019:03:29:03 -0500] "GET /robots.txt HTTP/1.1" 404 1019
46.229.168.131 - - [25/Dec/2019:03:29:03 -0500] "GET /Anexos%20estudio%20Organizacional%20SDA/index.php?dir=ANEXO%2BNo.%2B3-%2BCONTRATACI%C3%83%C2%83%C3%82%C2%83%C3%83%C2%82%C3%82%C2%83%C3%83%C2%83%C3%82%C2%82%C3%83%C2%82%C3%82%C2%83%C3%83%C2%83%C3%82%C2%83%C3%83%C2%82%C3%82%C2%82%C3%83%C2%83%C3%82%C2%82%C3%83%C2%82%C3%82%C2%83%C3%83%C2%83%C3%82%C2%83%C3%83%C2%82%C3%82%C2%83%C3%83%C2%83%C3%82%C2%82%C3%83%C2%82%C3%82%C2%82%C3%83%C2%83%C3%82%C2%83%C3%83%C2%82%C3%82%C2%82%C3%83%C2%83%C3%82%C2%82%C3%83%C2%82%C3%82%C2%83%C3%83%C2%83%C3%82%C2%83%C3%83%C2%82%C3%82%C2%83%C3%83%C2%83%C3%82%C2%82%C3%83%C2%82%C3%82%C2%83%C3%83%C2%83%C3%82%C2%83%C3%83%C2%82%C3%82%C2%82%C3%83%C2%83%C3%82%C2%82%C3%83%C2%82%C3%82%C2%82%C3%83%C2%83%C3%82%C2%83%C3%83%C2%82%C3%82%C2%83%C3%83%C2%83%C3%82%C2%82%C3%83%C2%82%C3%82%C2%82%C3%83%C2%83%C3%82%C2%83%C3%83%C2%82%C3%82%C2%82%C3%83%C2%83%C3%82%C2%82%C3%83%C2%82%C3%82%C2%83%C3%83%C2%83%C3%82%C2%83%C3%83%C2%82%C3%82%C2%83%C3%83%C2%83%C3%82%C2%82%C3%83%C2%82%C3%82%C2%83%C3%83%C2%83%C3%82%C2%83%C3%83%C2%82%C3%82%C2%82%C3%83%C2%83%C3%82%C2%82%C3%83%C2%82%C3%82%C2%83%C3%83%C2%83%C3%82%C2%83%C3%83%C2%82%C3%82%C2%83%C3%83%C2%83%C3%82%C2%82%C3%83%C2%82%C3%82%C2%82%C3%83%C2%83%C3%82%C2%83%C3%83%C2%82%C3%82%C2%82%C3%83%C2%83%C3%82%C2%82%C3%83%C2%82%C3%82%C2%82%C3%83%C2%83%C3%82%C2%83%C3%83%C2%82%C3%82%C2%83%C3%83%C2%83%C3%82%C2%82%C3%83%C2%82%C3%82%C2%83%C3%83%C2%83%C3%82%C2%83%C3%83%C2%82%C3%82%C2%82%C3%83%C2%83%C3%82%C2%82%C3%83%C2%82%C3%82%C2%82%C3%83%C2%83%C3%82%C2%83%C3%83%C2%82%C3%82%C2%83%C3%83%C2%83%C3%82%C2%82%C3%83%C2%82%C3%82%C2%82%C3%83%C2%83%C3%82%C2%83%C3%83%C2%82%C3%82%C2%82%C3%83%C2%83%C3%82%C2%82%C3%83%C2%82%C3%82%C2%93N%2B%2BOPS%C3%83%C2%83%C3%82%C2%83%C3%83%C2%82%C3%82%C2%83%C3%83%C2%83%C3%82%C2%82%C3%83%C2%82%C3%82%C2%83%C3%83%C2%83%C3%82%C2%83%C3%83%C2%82%C3%82%C2%82%C3%83%C2%83%C3%82%C2%82%C3%83%C2%82%C3%82%C2%83%C3%83%C2%83%C3%82%C2%83%C3%83%C2%82%C3%82%C2%83%C3%83%C2%83%C3%82%C2%82%C3%83%C2%82%C3%82%C2%82%C3%83%C2%83%C3%82%C2%83%C3%83%C2%82%C3%82%C2%82%C3%83%C2%83%C3%82%C2%82%C3%83%C2%82%C3%82%C2%83%C3%83%C2%83%C3%82%C2%83%C3%83%C2%82%C3%82%C2%83%C3%83%C2%83%C3%82%C2%82%C3%83%C2%82%C3%82%C2%83%C3%83%C2%83%C3%82%C2%83%C3%83%C2%82%C3%82%C2%82%C3%83%C2%83%C3%82%C2%82%C3%83%C2%82%C3%82%C2%82%C3%83%C2%83%C3%82%C2%83%C3%83%C2%82%C3%82%C2%83%C3%83%C2%83%C3%82%C2%82%C3%83%C2%82%C3%82%C2%82%C3%83%C2%83%C3%82%C2%83%C3%83%C2%82%C3%82%C2%82%C3%83%C2%83%C3%82%C2%82%C3%83%C2%82%C3%82%C2%82%C3%83%C2%83%C3%82%C2%83%C3%83%C2%82%C3%82%C2%83%C3%83%C2%83%C3%82%C2%82%C3%83%C2%82%C3%82%C2%83%C3%83%C2%83%C3%82%C2%83%C3%83%C2%82%C3%82%C2%82%C3%83%C2%83%C3%82%C2%82%C3%83%C2%82%C3%82%C2%83%C3%83%C2%83%C3%82%C2%83%C3%83%C2%82%C3%82%C2%83%C3%83%C2%83%C3%82%C2%82%C3%83%C2%82%C3%82%C2%82%C3%83%C2%83%C3%82%C2%83%C3%83%C2%82%C3%82%C2%82%C3%83%C2%83%C3%82%C2%82%C3%83%C2%82%C3%82%C2%82%C3%83%C2%83%C3%82%C2%83%C3%83%C2%82%C3%82%C2%83%C3%83%C2%83%C3%82%C2%82%C3%83%C2%82%C3%82%C2%83%C3%83%C2%83%C3%82%C2%83%C3%83%C2%82%C3%82%C2%82%C3%83%C2%83%C3%82%C2%82%C3%83%C2%82%C3%82%C2%82%C3%83%C2%83%C3%82%C2%83%C3%83%C2%82%C3%82%C2%83%C3%83%C2%83%C3%82%C2%82%C3%83%C2%82%C3%82%C2%82%C3%83%C2%83%C3%82%C2%83%C3%83%C2%82%C3%82%C2%82%C3%83%C2%83%C3%82%C2%82%C3%83%C2%82%C3%82%C2%B4s%2B2008-2012%2F&order=asc&sort=name HTTP/1.1" 200 9205
66.249.88.25 - - [25/Dec/2019:03:29:05 -0500] "GET /galeria/galeria/jquery.fancybox.css?v=2.1.5 HTTP/1.1" 200 4895
66.249.88.25 - - [25/Dec/2019:03:29:05 -0500] "GET /galeria/galeria/jquery.fancybox.js?v=2.1.5 HTTP/1.1" 200 48706
66.249.88.19 - - [25/Dec/2019:03:29:05 -0500] "GET /BLA/boletinlegal/js/jquery.scrollShow.js HTTP/1.1" 200 4586
66.249.66.83 - - [25/Dec/2019:03:29:53 -0500] "GET /BLA/resoluciones/Notificaciones/REGISTROS%202015/0103.doc HTTP/1.1" 200 199680
54.36.150.43 - - [25/Dec/2019:03:30:27 -0500] "GET /BLA/resoluciones/RESOLUCIONES%202002/RES%202002%20901-950/00000915.tif HTTP/1.1" 200 98940
66.249.66.83 - - [25/Dec/2019:03:30:31 -0500] "GET /BLA/resoluciones/RESOLUCIONES%202013/2540.pdf HTTP/1.1" 200 273194
152.61.192.232 - - [25/Dec/2019:03:30:55 -0500] "GET / HTTP/1.1" 200 9990
66.249.66.81 - - [25/Dec/2019:03:31:08 -0500] "GET /BLA/resoluciones/RESOLUCIONES%202017/0760.pdf HTTP/1.1" 200 432133
152.61.192.232 - - [25/Dec/2019:03:30:55 -0500] "GET /arcgis/services/Calidad_del_Agua_WQI/MapServer/WMSServer?request=GetCapabilities&service=WMS HTTP/1.1" 503 1020
152.61.192.232 - - [25/Dec/2019:03:31:17 -0500] "GET /arcgis/services/Calidad_del_Agua_WQI/MapServer/WMSServer?SERVICE=WMS&REQUEST=GetCapabilities HTTP/1.1" 503 1020
152.61.192.232 - - [25/Dec/2019:03:31:17 -0500] "GET /arcgis/services/Calidad_del_Agua_WQI/MapServer/WMSServer?WMTVER=1.0.0&REQUEST=capabilities HTTP/1.1" 503 1020
