5.9.156.30 - - [25/Dec/2019:12:57:38 -0500] "GET /SIG/index.php/Gestion%20Recursos%20Financieros/126PA02-PR17%20CONCILIACION%20OPERACIONES%20RECIPROCAS.pdf/?dir=ECS// HTTP/1.1" 200 17372
36.99.136.138 - - [25/Dec/2019:12:57:39 -0500] "GET /catalogoisis/Js/Enter.js HTTP/1.1" 200 1208
36.99.136.142 - - [25/Dec/2019:12:57:39 -0500] "GET /catalogoisis/imagenes/br1c1.gif HTTP/1.1" 200 172
36.99.136.142 - - [25/Dec/2019:12:57:39 -0500] "GET /catalogoisis/imagenes/br1c3.gif HTTP/1.1" 200 302
36.99.136.142 - - [25/Dec/2019:12:57:39 -0500] "GET /catalogoisis/imagenes/Turnbo1.gif HTTP/1.1" 200 227
36.99.136.142 - - [25/Dec/2019:12:57:40 -0500] "GET /catalogoisis/imagenes/aceptar1.gif HTTP/1.1" 200 604
144.76.91.79 - - [25/Dec/2019:12:57:40 -0500] "GET /StormSDA/stormWeb/img/?C=S;O=A/ HTTP/1.1" 200 2925
66.249.64.63 - - [25/Dec/2019:12:57:40 -0500] "GET /BLA/resoluciones/Notificaciones/AUTOS%202015/2314.doc HTTP/1.1" 200 3020800
36.99.136.142 - - [25/Dec/2019:12:57:40 -0500] "GET /catalogoisis/imagenes/limpiar1.gif HTTP/1.1" 200 606
5.9.156.30 - - [25/Dec/2019:12:57:40 -0500] "GET /SIG/index.php/Gestion%20Recursos%20Financieros/126PA02-PR19%20CAUSACION%20Y%20PAGO%20NOMINA.pdf/?dir=&sort=date&order=asc/ HTTP/1.1" 200 5940
36.99.136.142 - - [25/Dec/2019:12:57:40 -0500] "GET /catalogoisis/imagenes/br3c1.gif HTTP/1.1" 200 177
36.99.136.142 - - [25/Dec/2019:12:57:41 -0500] "GET /catalogoisis/imagenes/br3c2.gif HTTP/1.1" 200 285
36.99.136.142 - - [25/Dec/2019:12:57:41 -0500] "GET /catalogoisis/imagenes/br3c3.gif HTTP/1.1" 200 186
36.99.136.142 - - [25/Dec/2019:12:57:41 -0500] "GET /catalogoisis/imagenes/br2c1.gif HTTP/1.1" 200 297
36.99.136.138 - - [25/Dec/2019:12:57:41 -0500] "GET /catalogoisis/imagenes/br1c2.gif HTTP/1.1" 200 297
36.99.136.139 - - [25/Dec/2019:12:57:42 -0500] "GET /catalogoisis/imagenes/br2c2.gif HTTP/1.1" 200 302
144.76.91.79 - - [25/Dec/2019:12:57:42 -0500] "GET /StormSDA/stormWeb/img/?C=S;O=D/ HTTP/1.1" 200 2925
36.99.136.138 - - [25/Dec/2019:12:57:42 -0500] "GET /catalogoisis/imagenes/br2c3.gif HTTP/1.1" 200 416
111.7.100.25 - - [25/Dec/2019:12:57:42 -0500] "GET /www.ambientebogota.gov.co/ HTTP/1.1" 404 1018
5.9.156.30 - - [25/Dec/2019:12:57:42 -0500] "GET /SIG/index.php/Gestion%20Recursos%20Financieros/126PA02-PR19%20CAUSACION%20Y%20PAGO%20NOMINA.pdf/?dir=&sort=name&order=desc/ HTTP/1.1" 200 5940
36.99.136.138 - - [25/Dec/2019:12:57:42 -0500] "GET /catalogoisis/ HTTP/1.1" 200 8575
36.99.136.138 - - [25/Dec/2019:12:57:43 -0500] "GET /catalogoisis/imagenes/Header.gif HTTP/1.1" 206 1
36.99.136.141 - - [25/Dec/2019:12:57:43 -0500] "GET /catalogoisis/imagenes/br1c2.gif HTTP/1.1" 200 297
36.99.136.139 - - [25/Dec/2019:12:57:39 -0500] "GET /catalogoisis/imagenes/Header.gif HTTP/1.1" 200 30313
144.76.91.79 - - [25/Dec/2019:12:57:43 -0500] "GET /StormSDA/storm_silv/?C=D;O=A/ HTTP/1.1" 200 5788
36.99.136.138 - - [25/Dec/2019:12:57:43 -0500] "GET /catalogoisis/imagenes/Header.gif HTTP/1.1" 206 8089
5.9.156.30 - - [25/Dec/2019:12:57:44 -0500] "GET /SIG/index.php/Gestion%20Recursos%20Financieros/126PA02-PR19%20CAUSACION%20Y%20PAGO%20NOMINA.pdf/?dir=&sort=size&order=asc/ HTTP/1.1" 200 5940
111.7.100.27 - - [25/Dec/2019:12:57:45 -0500] "GET /www.ambientebogota.gov.co/web/web-ninos/inicio HTTP/1.1" 404 1018
144.76.91.79 - - [25/Dec/2019:12:57:45 -0500] "GET /StormSDA/storm_silv/?C=M;O=A/ HTTP/1.1" 200 5788
5.9.156.30 - - [25/Dec/2019:12:57:46 -0500] "GET /SIG/index.php/Gestion%20Recursos%20Financieros/126PA02-PR19%20CAUSACION%20Y%20PAGO%20NOMINA.pdf/?dir=Comunicaciones// HTTP/1.1" 200 3579
144.76.91.79 - - [25/Dec/2019:12:57:47 -0500] "GET /StormSDA/storm_silv/?C=N;O=A/ HTTP/1.1" 200 5788
5.9.156.30 - - [25/Dec/2019:12:57:47 -0500] "GET /SIG/index.php?dir=&sort=name&order=asc/ HTTP/1.1" 200 4513
144.76.91.79 - - [25/Dec/2019:12:57:48 -0500] "GET /StormSDA/storm_silv/?C=S;O=A/ HTTP/1.1" 200 5788
5.9.156.30 - - [25/Dec/2019:12:57:49 -0500] "GET /SIG/index.php?dir=ECS/&sort=name&order=asc/ HTTP/1.1" 200 16569
144.76.91.79 - - [25/Dec/2019:12:57:50 -0500] "GET /StormSDA/userFiles%20-%20Copy%2019-07-2012/?C=N;O=D/ HTTP/1.1" 200 5900
5.9.156.30 - - [25/Dec/2019:12:57:51 -0500] "GET /SIG/index.php?dir=Gestion%20Documental/&sort=name&order=asc/ HTTP/1.1" 200 5566
144.76.91.79 - - [25/Dec/2019:12:57:52 -0500] "GET /StormSDA/userFiles%20-%20Copy%2019-07-2012/user_files/1/?C=N;O=D/ HTTP/1.1" 200 1751
144.76.91.79 - - [25/Dec/2019:12:57:54 -0500] "GET /StormSDA/userFiles%20-%20Copy%2019-07-2012/user_files/85/?C=D;O=D/ HTTP/1.1" 200 877
144.76.91.79 - - [25/Dec/2019:12:57:55 -0500] "GET /StormSDA/userFiles%20-%20Copy%2019-07-2012/user_files/85/?C=M;O=D/ HTTP/1.1" 200 877
111.7.100.20 - - [25/Dec/2019:12:57:56 -0500] "GET /BLA/boletinlegal/style.css HTTP/1.1" 200 9406
144.76.91.79 - - [25/Dec/2019:12:57:57 -0500] "GET /StormSDA/userFiles%20-%20Copy%2019-07-2012/user_files/85/?C=N;O=A/ HTTP/1.1" 200 877
111.7.100.23 - - [25/Dec/2019:12:57:58 -0500] "GET /BLA/boletinlegal/styles2.css HTTP/1.1" 200 1838
144.76.91.79 - - [25/Dec/2019:12:57:58 -0500] "GET /StormSDA/userFiles%20-%20Copy%2019-07-2012/user_files/89/?C=N;O=D/ HTTP/1.1" 200 877
111.7.100.23 - - [25/Dec/2019:12:57:59 -0500] "GET /BLA/boletinlegal/js/jquery.js HTTP/1.1" 200 57254
111.7.100.21 - - [25/Dec/2019:12:57:59 -0500] "GET /BLA/boletinlegal/style.css HTTP/1.1" 206 1
111.7.100.21 - - [25/Dec/2019:12:58:00 -0500] "GET /BLA/boletinlegal/js/jquery.js HTTP/1.1" 200 57254
144.76.91.79 - - [25/Dec/2019:12:58:00 -0500] "GET /StormSDA/userFiles%20-%20Copy%2019-07-2012/user_files/97/?C=D;O=D/ HTTP/1.1" 200 877
144.76.91.79 - - [25/Dec/2019:12:58:02 -0500] "GET /StormSDA/userFiles%20-%20Copy%2019-07-2012/user_files/97/?C=M;O=D/ HTTP/1.1" 200 877
144.76.91.79 - - [25/Dec/2019:12:58:04 -0500] "GET /StormSDA/userFiles%20-%20Copy%2019-07-2012/user_files/97/?C=N;O=A/ HTTP/1.1" 200 877
111.7.100.21 - - [25/Dec/2019:12:58:04 -0500] "GET /BLA/boletinlegal/style.css HTTP/1.1" 206 6748
144.76.91.79 - - [25/Dec/2019:12:58:05 -0500] "GET /StormSDA/userFiles%20-%20Copy%2019-07-2012/user_files/?C=D;O=D/ HTTP/1.1" 200 5684
144.76.91.79 - - [25/Dec/2019:12:58:07 -0500] "GET /StormSDA/userFiles%20-%20Copy%2019-07-2012/user_files/?C=M;O=A/ HTTP/1.1" 200 5684
111.7.100.20 - - [25/Dec/2019:12:57:58 -0500] "GET /BLA/boletinlegal/ HTTP/1.1" 200 12235
144.76.91.79 - - [25/Dec/2019:12:58:09 -0500] "GET /StormSDA/userFiles%20-%20Copy%2019-07-2012/user_files/?C=M;O=D/ HTTP/1.1" 200 5684
144.76.91.79 - - [25/Dec/2019:12:58:11 -0500] "GET /StormSDA/userFiles%20-%20Copy%2019-07-2012/user_files/?C=N;O=A/ HTTP/1.1" 200 5684
111.7.100.23 - - [25/Dec/2019:12:57:55 -0500] "GET /BLA/boletinlegal/ HTTP/1.1" 200 16331
144.76.91.79 - - [25/Dec/2019:12:58:13 -0500] "GET /StormSDA/userFiles%20-%20Copy%2019-07-2012/user_files/?C=S;O=D/ HTTP/1.1" 200 5684
190.130.91.173 - - [25/Dec/2019:12:58:13 -0500] "GET /galeria/galeria/jquery.fancybox.css?v=2.1.5 HTTP/1.1" 200 4895
190.130.91.173 - - [25/Dec/2019:12:58:13 -0500] "GET /galeria/galeria/jquery.fancybox.js?v=2.1.5 HTTP/1.1" 200 48706
190.130.91.173 - - [25/Dec/2019:12:58:13 -0500] "GET /BLA/boletinlegal/js/jquery.scrollShow.js HTTP/1.1" 200 4586
144.76.91.79 - - [25/Dec/2019:12:58:15 -0500] "GET /StormSDA/userFiles%20-%20Copy%2019-07-2012/user_files/formatos/?C=D;O=D/ HTTP/1.1" 200 1518
144.76.91.79 - - [25/Dec/2019:12:58:16 -0500] "GET /StormSDA/userFiles%20-%20Copy%2019-07-2012/user_files/formatos/?C=M;O=D/ HTTP/1.1" 200 1518
144.76.91.79 - - [25/Dec/2019:12:58:18 -0500] "GET /StormSDA/userFiles%20-%20Copy%2019-07-2012/user_files/formatos/?C=N;O=A/ HTTP/1.1" 200 1518
144.76.91.79 - - [25/Dec/2019:12:58:20 -0500] "GET /StormSDA/userFiles%20-%20Copy%2019-07-2012/user_files/formatos/?C=S;O=D/ HTTP/1.1" 200 1518
144.76.91.79 - - [25/Dec/2019:12:58:21 -0500] "GET /StormSDA/userFiles%20-%20Copy%2019-07-2012/user_files/formulas/2/?C=D;O=A/ HTTP/1.1" 200 902
66.249.64.59 - - [25/Dec/2019:12:58:21 -0500] "GET /BLA/resoluciones/RESOLUCIONES%202012/0725.pdf HTTP/1.1" 200 376644
144.76.91.79 - - [25/Dec/2019:12:58:23 -0500] "GET /StormSDA/userFiles%20-%20Copy%2019-07-2012/user_files/formulas/2/?C=M;O=A/ HTTP/1.1" 200 902
144.76.91.79 - - [25/Dec/2019:12:58:25 -0500] "GET /StormSDA/userFiles%20-%20Copy%2019-07-2012/user_files/formulas/2/?C=N;O=A/ HTTP/1.1" 200 902
144.76.91.79 - - [25/Dec/2019:12:58:26 -0500] "GET /StormSDA/userFiles%20-%20Copy%2019-07-2012/user_files/formulas/2/?C=N;O=D/ HTTP/1.1" 200 902
144.76.91.79 - - [25/Dec/2019:12:58:28 -0500] "GET /StormSDA/userFiles%20-%20Copy%2019-07-2012/user_files/formulas/2/?C=S;O=A/ HTTP/1.1" 200 902
144.76.91.79 - - [25/Dec/2019:12:58:30 -0500] "GET /StormSDA/userFiles%20-%20Copy%2019-07-2012/user_files/formulas/2/?C=S;O=D/ HTTP/1.1" 200 902
144.76.91.79 - - [25/Dec/2019:12:58:32 -0500] "GET /StormSDA/userFiles%20-%20Copy%2019-07-2012/user_files/formulas/?C=D;O=D/ HTTP/1.1" 200 1504
66.249.64.61 - - [25/Dec/2019:12:58:32 -0500] "GET /BLA/resoluciones/AUTOS%202014/4545.pdf HTTP/1.1" 304 -
216.244.66.195 - - [25/Dec/2019:12:58:32 -0500] "GET /BLA/resoluciones/RESOLUCIONES%202010/1054.pdf HTTP/1.1" 200 110884
144.76.91.79 - - [25/Dec/2019:12:58:33 -0500] "GET /StormSDA/userFiles%20-%20Copy%2019-07-2012/user_files/formulas/?C=N;O=D/ HTTP/1.1" 200 1504
144.76.91.79 - - [25/Dec/2019:12:58:35 -0500] "GET /StormSDA/userFiles/backup%2027-09-2012/?C=S;O=D/ HTTP/1.1" 200 5696
144.76.91.79 - - [25/Dec/2019:12:58:37 -0500] "GET /StormSDA/userFiles/user_files/88/?C=M;O=D/ HTTP/1.1" 200 817
144.76.91.79 - - [25/Dec/2019:12:58:38 -0500] "GET /StormSDA/userFiles/user_files/88/?C=N;O=A/ HTTP/1.1" 200 817
144.76.91.79 - - [25/Dec/2019:12:58:40 -0500] "GET /StormSDA/userFiles/user_files/88/?C=S;O=D/ HTTP/1.1" 200 817
144.76.91.79 - - [25/Dec/2019:12:58:42 -0500] "GET /StormSDA/userFiles/user_files/91/?C=D;O=D/ HTTP/1.1" 200 817
144.76.91.79 - - [25/Dec/2019:12:58:44 -0500] "GET /StormSDA/userFiles/user_files/91/?C=M;O=D/ HTTP/1.1" 200 817
144.76.91.79 - - [25/Dec/2019:12:58:45 -0500] "GET /StormSDA/userFiles/user_files/92/?C=D;O=D/ HTTP/1.1" 200 817
144.76.91.79 - - [25/Dec/2019:12:58:47 -0500] "GET /StormSDA/userFiles/user_files/92/?C=M;O=D/ HTTP/1.1" 200 817
144.76.91.79 - - [25/Dec/2019:12:58:49 -0500] "GET /StormSDA/userFiles/user_files/92/?C=N;O=A/ HTTP/1.1" 200 817
144.76.91.79 - - [25/Dec/2019:12:58:50 -0500] "GET /StormSDA/userFiles/user_files/92/?C=S;O=D/ HTTP/1.1" 200 817
144.76.91.79 - - [25/Dec/2019:12:58:52 -0500] "GET /StormSDA/userFiles/user_files/96/?C=N;O=D/ HTTP/1.1" 200 817
144.76.91.79 - - [25/Dec/2019:12:58:54 -0500] "GET /StormSDA/userFiles/user_files/96/?C=S;O=D/ HTTP/1.1" 200 817
144.76.91.79 - - [25/Dec/2019:12:58:55 -0500] "GET /StormSDA/userFiles/user_files/?C=D;O=D/ HTTP/1.1" 200 8988
144.76.91.79 - - [25/Dec/2019:12:58:57 -0500] "GET /StormSDA/userFiles/user_files/?C=M;O=D/ HTTP/1.1" 200 8988
144.76.91.79 - - [25/Dec/2019:12:58:59 -0500] "GET /StormSDA/userFiles/user_files/?C=N;O=A/ HTTP/1.1" 200 8988
144.76.91.79 - - [25/Dec/2019:12:59:01 -0500] "GET /StormSDA/userFiles/user_files/?C=S;O=D/ HTTP/1.1" 200 8988
144.76.91.79 - - [25/Dec/2019:12:59:03 -0500] "GET /StormSDA/userFiles/user_files/formatos/eventos/?C=M;O=D/ HTTP/1.1" 200 854
144.76.91.79 - - [25/Dec/2019:12:59:05 -0500] "GET /StormSDA/userFiles/user_files/formatos/eventos/?C=N;O=D/ HTTP/1.1" 200 854
144.76.91.79 - - [25/Dec/2019:12:59:06 -0500] "GET /StormSDA/userFiles/user_files/formulas/2/?C=N;O=D/ HTTP/1.1" 200 842
144.76.91.79 - - [25/Dec/2019:12:59:08 -0500] "GET /StormSDA/userFiles/user_files/formulas/4/?C=D;O=A/ HTTP/1.1" 200 842
144.76.91.79 - - [25/Dec/2019:12:59:10 -0500] "GET /StormSDA/userFiles/user_files/formulas/4/?C=D;O=D/ HTTP/1.1" 200 842
144.76.91.79 - - [25/Dec/2019:12:59:11 -0500] "GET /StormSDA/userFiles/user_files/formulas/4/?C=M;O=A/ HTTP/1.1" 200 842
144.76.91.79 - - [25/Dec/2019:12:59:13 -0500] "GET /StormSDA/userFiles/user_files/formulas/4/?C=M;O=D/ HTTP/1.1" 200 842
144.76.91.79 - - [25/Dec/2019:12:59:15 -0500] "GET /StormSDA/userFiles/user_files/formulas/4/?C=N;O=A/ HTTP/1.1" 200 842
144.76.91.79 - - [25/Dec/2019:12:59:17 -0500] "GET /StormSDA/userFiles/user_files/formulas/4/?C=N;O=D/ HTTP/1.1" 200 842
144.76.91.79 - - [25/Dec/2019:12:59:18 -0500] "GET /StormSDA/userFiles/user_files/formulas/4/?C=S;O=A/ HTTP/1.1" 200 842
144.76.91.79 - - [25/Dec/2019:12:59:20 -0500] "GET /StormSDA/userFiles/user_files/formulas/4/?C=S;O=D/ HTTP/1.1" 200 842
144.76.91.79 - - [25/Dec/2019:12:59:22 -0500] "GET /StormSDA/userFiles/user_files/listas/?C=N;O=D/ HTTP/1.1" 200 1243
216.244.66.195 - - [25/Dec/2019:12:59:22 -0500] "GET /BLA/resoluciones/RESOLUCIONES%202010/1062.pdf HTTP/1.1" 200 94871
144.76.91.79 - - [25/Dec/2019:12:59:23 -0500] "GET /StormSDA/userFiles/user_files/listas/?C=S;O=D/ HTTP/1.1" 200 1243
144.76.91.79 - - [25/Dec/2019:12:59:25 -0500] "GET /galeria/Carrusel2/?C=N;O=D/ HTTP/1.1" 200 2147
190.24.57.115 - - [25/Dec/2019:12:59:25 -0500] "GET /svr-ciudadano/? HTTP/1.1" 200 50784
144.76.91.79 - - [25/Dec/2019:12:59:27 -0500] "GET /robots.txt HTTP/1.1" 404 1019
144.76.91.79 - - [25/Dec/2019:12:59:28 -0500] "GET /galeria/galeria/fotos/?C=D;O=D/ HTTP/1.1" 200 101231
190.24.57.115 - - [25/Dec/2019:12:59:31 -0500] "GET /svr-ciudadano/css/bootstrap.min.css HTTP/1.1" 200 113498
190.24.57.115 - - [25/Dec/2019:12:59:31 -0500] "GET /svr-ciudadano/css/dataTables.bootstrap.css HTTP/1.1" 200 7678
190.24.57.115 - - [25/Dec/2019:12:59:31 -0500] "GET /svr-ciudadano/js/jquery.min.js HTTP/1.1" 200 95786
190.24.57.115 - - [25/Dec/2019:12:59:31 -0500] "GET /svr-ciudadano/js/bootstrap.min.js HTTP/1.1" 200 35601
190.24.57.115 - - [25/Dec/2019:12:59:31 -0500] "GET /svr-ciudadano/js/jquery.dataTables.min.js HTTP/1.1" 200 153451
190.24.57.115 - - [25/Dec/2019:12:59:31 -0500] "GET /svr-ciudadano/images/pdf.png HTTP/1.1" 200 1002
190.24.57.115 - - [25/Dec/2019:12:59:31 -0500] "GET /svr-ciudadano/js/dataTables.bootstrap.js HTTP/1.1" 200 4287
144.76.91.79 - - [25/Dec/2019:12:59:31 -0500] "GET /galeria/galeria/fotos/?C=M;O=A/ HTTP/1.1" 200 101231
190.24.57.115 - - [25/Dec/2019:12:59:32 -0500] "GET /svr-ciudadano/images/sort_both.png HTTP/1.1" 200 1136
190.24.57.115 - - [25/Dec/2019:12:59:32 -0500] "GET /svr-ciudadano/images/sort_desc.png HTTP/1.1" 200 1127
144.76.91.79 - - [25/Dec/2019:12:59:33 -0500] "GET /galeria/galeria/fotos/?C=M;O=D/ HTTP/1.1" 200 101231
144.76.91.79 - - [25/Dec/2019:12:59:35 -0500] "GET /galeria/galeria/fotos/?C=N;O=A/ HTTP/1.1" 200 101231
144.76.91.79 - - [25/Dec/2019:12:59:37 -0500] "GET /galeria/galeria/fotos/?C=N;O=D/ HTTP/1.1" 200 101230
144.76.91.79 - - [25/Dec/2019:12:59:40 -0500] "GET /galeria/galeria/fotos/?C=N;O=D/ HTTP/1.1" 200 101231
144.76.91.79 - - [25/Dec/2019:12:59:42 -0500] "GET /galeria/galeria/fotos/?C=S;O=A/ HTTP/1.1" 200 101231
40.77.167.121 - - [25/Dec/2019:12:59:45 -0500] "GET /BLA/boletinlegal/Circulares/2012/Circular%20No.%203%20del%2023%20de%20Marzo%20de%202012.pdf HTTP/1.1" 304 -
144.76.91.79 - - [25/Dec/2019:12:59:44 -0500] "GET /galeria/galeria/fotos/?C=S;O=D/ HTTP/1.1" 200 101230
144.76.91.79 - - [25/Dec/2019:12:59:47 -0500] "GET /galeria/galeria/fotos/?C=S;O=D/ HTTP/1.1" 200 101231
144.76.91.79 - - [25/Dec/2019:12:59:49 -0500] "GET /galeria/galeria/fotos/Humedal-Santa-Mar%C3%ADa-del-Lago1G.jpg/ HTTP/1.1" 404 1019
144.76.91.79 - - [25/Dec/2019:12:59:50 -0500] "GET /galeria/galeria/fotos/Humedal-Santa-Mar%C3%ADa-del-Lago1P.jpg/ HTTP/1.1" 404 1019
144.76.91.79 - - [25/Dec/2019:12:59:52 -0500] "GET /galeria/galeria/fotos/Humedal-Santa-Mar%C3%ADa-del-Lago2G.jpg/ HTTP/1.1" 404 1019
144.76.91.79 - - [25/Dec/2019:12:59:54 -0500] "GET /galeria/galeria/fotos/Humedal-Santa-Mar%C3%ADa-del-Lago2P.jpg/ HTTP/1.1" 404 1019
144.76.91.79 - - [25/Dec/2019:12:59:56 -0500] "GET /galeria/galeria/fotos/Humedal-Santa-Mar%C3%ADa-del-Lago3G.jpg/ HTTP/1.1" 404 1019
144.76.91.79 - - [25/Dec/2019:12:59:57 -0500] "GET /galeria/galeria/fotos/Humedal-Santa-Mar%C3%ADa-del-Lago3P.jpg/ HTTP/1.1" 404 1019
144.76.91.79 - - [25/Dec/2019:12:59:59 -0500] "GET /galeria/galeria/fotos/Humedal-Santa-Mar%C3%ADa-del-Lago4G.jpg/ HTTP/1.1" 404 1019
144.76.91.79 - - [25/Dec/2019:13:00:01 -0500] "GET /galeria/galeria/fotos/Humedal-Santa-Mar%C3%ADa-del-Lago4P.jpg/ HTTP/1.1" 404 1019
66.249.64.61 - - [25/Dec/2019:13:00:02 -0500] "GET /BLA/resoluciones/RESOLUCIONES%202010/7794.pdf HTTP/1.1" 200 497081
144.76.91.79 - - [25/Dec/2019:13:00:02 -0500] "GET /galeria/juegos/?C=M;O=D/ HTTP/1.1" 200 2032
144.76.91.79 - - [25/Dec/2019:13:00:04 -0500] "GET /galeria/mapa/3MapaBogot%C3%A1.jpg/ HTTP/1.1" 404 1019
144.76.91.79 - - [25/Dec/2019:13:00:06 -0500] "GET /galeria/nivo-slider/demo/documents/Resultados%20Generales%20para%20las%20estrat%C3%A9gias%20de%20educaci%C3%B3n%20ambiental%20-%20FINAL%20FINAL.pdf/ HTTP/1.1" 404 1019
144.76.91.79 - - [25/Dec/2019:13:00:07 -0500] "GET /galeria/nivo-slider/demo/documents/rutas%20recolecci%C3%B3n%202018.pdf/ HTTP/1.1" 404 1019
144.76.91.79 - - [25/Dec/2019:13:00:09 -0500] "GET /galeria/nivo-slider/demo/images/BANNERCAMPA%C3%91ACRUZDEMAYO.jpg/ HTTP/1.1" 404 1019
144.76.91.79 - - [25/Dec/2019:13:00:11 -0500] "GET /galeria/nivo-slider/demo/images/BOMBILLASDA%C3%91ADAS.jpg/ HTTP/1.1" 404 1019
144.76.91.79 - - [25/Dec/2019:13:00:13 -0500] "GET /galeria/nivo-slider/demo/images/Banner%20Capacitaci%C3%B3n%20RCD.png/ HTTP/1.1" 404 1019
66.249.64.59 - - [25/Dec/2019:13:00:14 -0500] "GET /BLA/resoluciones/RESOLUCIONES%202014/3050.pdf HTTP/1.1" 304 -
144.76.91.79 - - [25/Dec/2019:13:00:14 -0500] "GET /galeria/nivo-slider/demo/images/Banner%20Capacitaci%C3%B3n%20RDC.png/ HTTP/1.1" 404 1019
66.249.88.25 - - [25/Dec/2019:13:00:15 -0500] "GET /galeria/galeria/fotos/Entrenube2G.jpg HTTP/1.1" 200 111422
144.76.91.79 - - [25/Dec/2019:13:00:16 -0500] "GET /galeria/nivo-slider/demo/images/Banner%20Construcci%C3%B3n%20Sostenible.jpg/ HTTP/1.1" 404 1019
190.157.175.19 - - [25/Dec/2019:13:00:16 -0500] "GET /BLA/boletinlegal/js/jquery.scrollShow.js HTTP/1.1" 200 4586
190.157.175.19 - - [25/Dec/2019:13:00:16 -0500] "GET /galeria/galeria/jquery.fancybox.css?v=2.1.5 HTTP/1.1" 200 4895
190.157.175.19 - - [25/Dec/2019:13:00:16 -0500] "GET /galeria/galeria/jquery.fancybox.js?v=2.1.5 HTTP/1.1" 200 48706
144.76.91.79 - - [25/Dec/2019:13:00:18 -0500] "GET /galeria/nivo-slider/demo/images/Banner%20Planeaci%C3%B3n.png/ HTTP/1.1" 404 1019
144.76.91.79 - - [25/Dec/2019:13:00:19 -0500] "GET /galeria/nivo-slider/demo/images/Banner%20amor%20y%20adopci%C3%B3n%20.png/ HTTP/1.1" 404 1019
144.76.91.79 - - [25/Dec/2019:13:00:21 -0500] "GET /galeria/nivo-slider/demo/images/Banner%20rio%20bogot%C3%A1.jpg/ HTTP/1.1" 404 1019
144.76.91.79 - - [25/Dec/2019:13:00:23 -0500] "GET /galeria/nivo-slider/demo/images/Banner-Participaci%C3%B3n-PYBA_sep.jpg/ HTTP/1.1" 404 1019
144.76.91.79 - - [25/Dec/2019:13:00:25 -0500] "GET /galeria/nivo-slider/demo/images/bannerwebcampa%C3%B1amusgo.jpg/ HTTP/1.1" 404 1019
144.76.91.79 - - [25/Dec/2019:13:00:27 -0500] "GET /galeria/nivo-slider/demo/images/bannerwebcampa%C3%B1amusgo2.jpg/ HTTP/1.1" 404 1019
144.76.91.79 - - [25/Dec/2019:13:00:29 -0500] "GET /galeria/nivo-slider/demo/images/bannerwebcampa%C3%B1amusgo3.jpg/ HTTP/1.1" 404 1019
144.76.91.79 - - [25/Dec/2019:13:00:30 -0500] "GET /galeria/nivo-slider/demo/images/condecoracionalaeducaci%C3%B3nambiental.jpg/ HTTP/1.1" 404 1019
144.76.91.79 - - [25/Dec/2019:13:00:32 -0500] "GET /galeria/nivo-slider/demo/images/no-atenci%C3%B3n.jpg/ HTTP/1.1" 404 1019
144.76.91.79 - - [25/Dec/2019:13:00:34 -0500] "GET /galeria/nivo-slider/demo/scripts/?C=D;O=A/ HTTP/1.1" 200 1678
144.76.91.79 - - [25/Dec/2019:13:00:36 -0500] "GET /galeria/nivo-slider/demo/scripts/?C=M;O=A/ HTTP/1.1" 200 1678
144.76.91.79 - - [25/Dec/2019:13:00:38 -0500] "GET /galeria/nivo-slider/demo/scripts/?C=S;O=A/ HTTP/1.1" 200 1678
144.76.91.79 - - [25/Dec/2019:13:00:40 -0500] "GET /galeria/nivo-slider/themes/?C=S;O=A/ HTTP/1.1" 200 1425
144.76.91.79 - - [25/Dec/2019:13:00:41 -0500] "GET /galeria/nivo-slider/themes/pascal/?C=N;O=D/ HTTP/1.1" 200 2313
190.130.88.35 - - [25/Dec/2019:13:00:45 -0500] "GET /galeria/galeria/jquery.fancybox.css?v=2.1.5 HTTP/1.1" 200 4895
190.130.88.35 - - [25/Dec/2019:13:00:46 -0500] "GET /BLA/boletinlegal/js/jquery.scrollShow.js HTTP/1.1" 200 4586
190.130.88.35 - - [25/Dec/2019:13:00:46 -0500] "GET /galeria/galeria/jquery.fancybox.js?v=2.1.5 HTTP/1.1" 200 48706
201.244.233.72 - - [25/Dec/2019:13:00:52 -0500] "GET /galeria/galeria/jquery.fancybox.css?v=2.1.5 HTTP/1.1" 200 4895
201.244.233.72 - - [25/Dec/2019:13:00:52 -0500] "GET /galeria/galeria/jquery.fancybox.js?v=2.1.5 HTTP/1.1" 200 48706
201.244.233.72 - - [25/Dec/2019:13:00:52 -0500] "GET /BLA/boletinlegal/js/jquery.scrollShow.js HTTP/1.1" 200 4586
66.249.64.59 - - [25/Dec/2019:13:01:10 -0500] "GET /Publicaciones/2019EE297132.pdf HTTP/1.1" 200 385813
216.244.66.195 - - [25/Dec/2019:13:01:17 -0500] "GET /BLA/resoluciones/RESOLUCIONES%202010/1080.pdf HTTP/1.1" 200 104328
66.249.64.59 - - [25/Dec/2019:13:01:57 -0500] "GET /BLA/resoluciones/RESOLUCIONES%202013/1810.pdf HTTP/1.1" 200 833786
66.249.88.19 - - [25/Dec/2019:13:01:57 -0500] "GET /galeria/galeria/jquery.fancybox.css?v=2.1.5 HTTP/1.1" 200 4895
66.249.88.19 - - [25/Dec/2019:13:01:57 -0500] "GET /BLA/boletinlegal/js/jquery.scrollShow.js HTTP/1.1" 200 4586
66.249.88.23 - - [25/Dec/2019:13:01:57 -0500] "GET /galeria/galeria/jquery.fancybox.js?v=2.1.5 HTTP/1.1" 200 48706
216.244.66.195 - - [25/Dec/2019:13:02:09 -0500] "GET /BLA/resoluciones/RESOLUCIONES%202010/1140.pdf HTTP/1.1" 200 111930
69.162.124.232 - - [25/Dec/2019:13:02:23 -0500] "HEAD / HTTP/1.1" 200 -
66.249.88.25 - - [25/Dec/2019:13:02:47 -0500] "GET /galeria/galeria/jquery.fancybox.css?v=2.1.5 HTTP/1.1" 200 4895
66.249.88.19 - - [25/Dec/2019:13:02:47 -0500] "GET /BLA/boletinlegal/js/jquery.scrollShow.js HTTP/1.1" 200 4586
66.249.88.23 - - [25/Dec/2019:13:02:47 -0500] "GET /galeria/galeria/jquery.fancybox.js?v=2.1.5 HTTP/1.1" 200 48706
66.249.64.61 - - [25/Dec/2019:13:02:48 -0500] "GET /BLA/resoluciones/AUTOS%202018/2452.pdf HTTP/1.1" 304 -
111.7.100.21 - - [25/Dec/2019:12:57:42 -0500] "GET /BLA/boletinlegal/ HTTP/1.1" 200 12235
216.244.66.195 - - [25/Dec/2019:13:03:29 -0500] "GET /BLA/resoluciones/RESOLUCIONES%202010/1167.pdf HTTP/1.1" 200 99455
66.249.64.63 - - [25/Dec/2019:13:03:40 -0500] "GET /BLA/resoluciones/AUTOS%202016/0425.pdf HTTP/1.1" 200 847737
216.244.66.195 - - [25/Dec/2019:13:04:36 -0500] "GET /BLA/resoluciones/RESOLUCIONES%202010/1416.pdf HTTP/1.1" 200 522919
181.61.9.84 - - [25/Dec/2019:13:04:54 -0500] "GET /galeria/galeria/jquery.fancybox.css?v=2.1.5 HTTP/1.1" 200 4895
181.61.9.84 - - [25/Dec/2019:13:04:54 -0500] "GET /BLA/boletinlegal/js/jquery.scrollShow.js HTTP/1.1" 200 4586
181.61.9.84 - - [25/Dec/2019:13:04:54 -0500] "GET /galeria/galeria/jquery.fancybox.js?v=2.1.5 HTTP/1.1" 200 48706
66.249.64.179 - - [25/Dec/2019:13:05:05 -0500] "GET /robots.txt HTTP/1.1" 404 1015
66.249.64.179 - - [25/Dec/2019:13:05:05 -0500] "GET /Autoliquidacion/Fauna%20Silvestre/EVALUAC%C3%83%20ON%20DE%20PERMISOS%20DE%20APROVECHAMIENTO%20DE%20FAUNA/PM04-PR26-M3%20Guia%20para%20comercializaci%C3%83%C2%B3n%20y%20o%20exhibici%C3%83%C2%B3n%20y%20bodegaje%20de%20fauna%20silvestre.pdf HTTP/1.1" 404 1015
66.249.88.25 - - [25/Dec/2019:13:05:22 -0500] "GET /galeria/galeria/jquery.fancybox.css?v=2.1.5 HTTP/1.1" 200 4895
66.249.88.19 - - [25/Dec/2019:13:05:22 -0500] "GET /galeria/carrusel/Carrusel/jquery.thumbnailScroller.css HTTP/1.1" 200 2066
66.249.88.23 - - [25/Dec/2019:13:05:22 -0500] "GET /BLA/boletinlegal/js/jquery.scrollShow.js HTTP/1.1" 200 4586
66.249.88.25 - - [25/Dec/2019:13:05:22 -0500] "GET /galeria/galeria/jquery.fancybox.js?v=2.1.5 HTTP/1.1" 200 48706
66.249.88.23 - - [25/Dec/2019:13:05:22 -0500] "GET /galeria/carrusel/Carrusel/jquery.thumbnailScroller.js HTTP/1.1" 200 8157
66.249.88.25 - - [25/Dec/2019:13:05:22 -0500] "GET /galeria/carrusel/Carrusel/jquery-ui-1.8.13.custom.min.js HTTP/1.1" 200 10800
66.249.64.59 - - [25/Dec/2019:13:05:23 -0500] "GET /BLA/resoluciones/Decretos/Decreto%20815%20del%2028%20de%20Diciembre%20de%202017.pdf HTTP/1.1" 304 -
66.249.88.23 - - [25/Dec/2019:13:05:23 -0500] "GET /galeria/nivo-slider/demo/inicio.html HTTP/1.1" 200 4435
66.249.88.19 - - [25/Dec/2019:13:05:23 -0500] "GET /galeria/nivo-slider/themes/pascal/pascal.css HTTP/1.1" 200 2258
66.249.88.23 - - [25/Dec/2019:13:05:23 -0500] "GET /galeria/nivo-slider/themes/default/default.css HTTP/1.1" 200 1569
66.249.88.25 - - [25/Dec/2019:13:05:23 -0500] "GET /galeria/nivo-slider/themes/orman/orman.css HTTP/1.1" 200 2152
66.249.88.19 - - [25/Dec/2019:13:05:23 -0500] "GET /galeria/nivo-slider/nivo-slider.css HTTP/1.1" 200 1507
66.249.88.19 - - [25/Dec/2019:13:05:23 -0500] "GET /galeria/nivo-slider/demo/style.css HTTP/1.1" 200 2222
66.249.88.19 - - [25/Dec/2019:13:05:23 -0500] "GET /galeria/nivo-slider/demo/scripts/jquery-1.7.1.min.js HTTP/1.1" 200 93868
66.249.88.25 - - [25/Dec/2019:13:05:24 -0500] "GET /galeria/nivo-slider/jquery.nivo.slider.pack.js HTTP/1.1" 200 11561
66.249.88.23 - - [25/Dec/2019:13:05:24 -0500] "GET /galeria/nivo-slider/demo/images/Bannercalculadora.jpg HTTP/1.1" 200 313099
66.249.88.19 - - [25/Dec/2019:13:05:24 -0500] "GET /galeria/nivo-slider/demo/images/bannerjardines.jpg HTTP/1.1" 200 417948
66.249.88.23 - - [25/Dec/2019:13:05:24 -0500] "GET /galeria/nivo-slider/demo/images/bannerwebmusgo.jpg HTTP/1.1" 200 367364
66.249.88.25 - - [25/Dec/2019:13:05:24 -0500] "GET /galeria/nivo-slider/demo/images/banneragendamiento.jpg HTTP/1.1" 200 116897
66.249.88.19 - - [25/Dec/2019:13:05:24 -0500] "GET /galeria/nivo-slider/demo/images/4Simple_Slider.png HTTP/1.1" 200 11722
66.249.88.25 - - [25/Dec/2019:13:05:24 -0500] "GET /galeria/nivo-slider/themes/default/loading.gif HTTP/1.1" 200 1737
66.249.88.19 - - [25/Dec/2019:13:05:25 -0500] "GET /galeria/nivo-slider/demo/images/diciembrecaminatas.png HTTP/1.1" 200 510724
66.249.88.19 - - [25/Dec/2019:13:05:25 -0500] "GET /galeria/nivo-slider/demo/images/banneriniciativa.jpg HTTP/1.1" 200 200385
66.249.88.25 - - [25/Dec/2019:13:05:25 -0500] "GET /galeria/nivo-slider/demo/images/Banner%20tinguas.jpg HTTP/1.1" 200 214878
66.249.88.19 - - [25/Dec/2019:13:05:25 -0500] "GET /galeria/nivo-slider/demo/images/Bannerserpiente2019.jpg HTTP/1.1" 200 270374
66.249.88.23 - - [25/Dec/2019:13:05:25 -0500] "GET /galeria/nivo-slider/demo/images/puntos%20atencion%20BANNER.jpg HTTP/1.1" 200 244208
66.249.88.23 - - [25/Dec/2019:13:05:26 -0500] "GET /galeria/nivo-slider/demo/images/Banner%20Visor%20Geografico%20Ambiental.jpg HTTP/1.1" 200 204673
66.249.88.23 - - [25/Dec/2019:13:05:26 -0500] "GET /galeria/nivo-slider/demo/images/Banner%20consumo%20sostenible%20final.jpg HTTP/1.1" 200 364746
216.244.66.195 - - [25/Dec/2019:13:05:26 -0500] "GET /BLA/resoluciones/RESOLUCIONES%202010/1511.pdf HTTP/1.1" 200 285175
66.249.88.23 - - [25/Dec/2019:13:05:27 -0500] "GET /galeria/nivo-slider/demo/images/Banner%20practicas%20sostenibles.jpg HTTP/1.1" 200 142958
66.249.88.25 - - [25/Dec/2019:13:05:27 -0500] "GET /galeria/nivo-slider/demo/images/Banner%20RCD.jpg HTTP/1.1" 200 92197
66.249.88.25 - - [25/Dec/2019:13:05:27 -0500] "GET /galeria/nivo-slider/demo/images/Banner%20Conpes.jpg HTTP/1.1" 200 55220
66.249.88.25 - - [25/Dec/2019:13:05:27 -0500] "GET /galeria/nivo-slider/demo/images/Banner%20POT.png HTTP/1.1" 200 418238
66.249.88.19 - - [25/Dec/2019:13:05:27 -0500] "GET /galeria/nivo-slider/demo/images/Banneranonimos.png HTTP/1.1" 200 109388
66.249.64.59 - - [25/Dec/2019:13:06:14 -0500] "GET /BLA/resoluciones/AUTOS%202015/4380.pdf HTTP/1.1" 200 858325
66.249.64.61 - - [25/Dec/2019:13:07:05 -0500] "GET /BLA/resoluciones/RESOLUCIONES%202009/4354.pdf HTTP/1.1" 304 -
216.244.66.195 - - [25/Dec/2019:13:07:20 -0500] "GET /BLA/resoluciones/RESOLUCIONES%202010/1533.pdf HTTP/1.1" 200 260619
69.162.124.232 - - [25/Dec/2019:13:07:23 -0500] "HEAD / HTTP/1.1" 200 -
54.36.148.198 - - [25/Dec/2019:13:07:45 -0500] "GET /BLA/resoluciones/RESOLUCIONES%202003/RES%202003%201001-1050/1031.tif HTTP/1.1" 200 142712
66.249.64.59 - - [25/Dec/2019:13:07:57 -0500] "GET /BLA/resoluciones/RESOLUCIONES%202015/1567.pdf HTTP/1.1" 200 660307
66.249.64.59 - - [25/Dec/2019:13:08:05 -0500] "GET /Publicaciones/2019EE296303.pdf HTTP/1.1" 200 829270
66.249.64.59 - - [25/Dec/2019:13:08:14 -0500] "GET /Publicaciones/2019EE296655.pdf HTTP/1.1" 200 129405
216.244.66.195 - - [25/Dec/2019:13:08:25 -0500] "GET /BLA/resoluciones/RESOLUCIONES%202010/1587.pdf HTTP/1.1" 200 434777
66.249.64.61 - - [25/Dec/2019:13:08:48 -0500] "GET /BLA/resoluciones/RESOLUCIONES%202016/2241.pdf HTTP/1.1" 200 332148
216.244.66.195 - - [25/Dec/2019:13:09:03 -0500] "GET /BLA/resoluciones/RESOLUCIONES%202010/1861.pdf HTTP/1.1" 200 418615
66.249.64.29 - - [25/Dec/2019:13:09:30 -0500] "GET /BLA/boletinlegal/Directivas/2013/Directiva%20No.%201%20del%2004%20de%20Abril%20de%202013.pdf HTTP/1.1" 200 472003
181.51.34.203 - - [25/Dec/2019:13:09:41 -0500] "GET /galeria/galeria/jquery.fancybox.css?v=2.1.5 HTTP/1.1" 200 4895
181.51.34.203 - - [25/Dec/2019:13:09:41 -0500] "GET /galeria/galeria/jquery.fancybox.js?v=2.1.5 HTTP/1.1" 200 48706
181.51.34.203 - - [25/Dec/2019:13:09:41 -0500] "GET /BLA/boletinlegal/js/jquery.scrollShow.js HTTP/1.1" 200 4586
66.249.64.59 - - [25/Dec/2019:13:10:31 -0500] "GET /BLA/resoluciones/AUTOS%202016/0871.pdf HTTP/1.1" 304 -
66.249.64.61 - - [25/Dec/2019:13:10:51 -0500] "GET /BLA/resoluciones/RESOLUCIONES%202013/1188.pdf HTTP/1.1" 200 427655
66.249.64.59 - - [25/Dec/2019:13:11:23 -0500] "GET /BLA/resoluciones/AUTOS%202014/6477.pdf HTTP/1.1" 304 -
66.249.64.61 - - [25/Dec/2019:13:12:14 -0500] "GET /BLA/resoluciones/AUTOS%202014/3834.pdf HTTP/1.1" 304 -
69.162.124.232 - - [25/Dec/2019:13:12:23 -0500] "HEAD / HTTP/1.1" 200 -
66.249.64.61 - - [25/Dec/2019:13:13:05 -0500] "GET /BLA/resoluciones/AUTOS%202016/2628.pdf HTTP/1.1" 200 322072
179.14.237.219 - - [25/Dec/2019:13:13:44 -0500] "GET /BLA/resoluciones/AUTOS%202015/0115.pdf HTTP/1.1" 200 767176
66.249.64.59 - - [25/Dec/2019:13:13:57 -0500] "GET /BLA/resoluciones/RESOLUCIONES%202015/2353.pdf HTTP/1.1" 304 -
186.155.18.107 - - [25/Dec/2019:13:14:12 -0500] "GET /galeria/galeria/jquery.fancybox.css?v=2.1.5 HTTP/1.1" 200 4895
186.155.18.107 - - [25/Dec/2019:13:14:12 -0500] "GET /BLA/boletinlegal/js/jquery.scrollShow.js HTTP/1.1" 200 4586
186.155.18.107 - - [25/Dec/2019:13:14:12 -0500] "GET /galeria/galeria/jquery.fancybox.js?v=2.1.5 HTTP/1.1" 200 48706
66.249.64.59 - - [25/Dec/2019:13:15:10 -0500] "GET /BLA/resoluciones/RESOLUCIONES%202013/2523.pdf HTTP/1.1" 200 800695
66.249.64.63 - - [25/Dec/2019:13:15:40 -0500] "GET /BLA/resoluciones/RESOLUCIONES%202017/0228.pdf HTTP/1.1" 200 465922
201.245.192.253 - - [25/Dec/2019:13:15:46 -0500] "POST /kwsrmcab/Wsrmcab HTTP/1.1" 200 32490
201.245.192.253 - - [25/Dec/2019:13:15:46 -0500] "POST /kwsrmcab/Wsrmcab HTTP/1.1" 200 32331
201.245.192.253 - - [25/Dec/2019:13:16:24 -0500] "GET /kwsrmcab/Wsrmcab?wsdl HTTP/1.1" 200 5118
66.249.64.63 - - [25/Dec/2019:13:16:31 -0500] "GET /BLA/resoluciones/RESOLUCIONES%202008/5413.pdf HTTP/1.1" 200 288191
40.77.188.231 - - [25/Dec/2019:13:16:51 -0500] "GET /galeria/galeria/jquery.fancybox.js?v=2.1.5 HTTP/1.1" 200 48706
201.245.192.253 - - [25/Dec/2019:13:16:24 -0500] "POST /kwsrmcab/Wsrmcab HTTP/1.1" 200 32490
66.249.64.59 - - [25/Dec/2019:13:17:23 -0500] "GET /BLA/resoluciones/AUTOS%202015/0519.pdf HTTP/1.1" 200 566395
69.162.124.232 - - [25/Dec/2019:13:17:23 -0500] "HEAD / HTTP/1.1" 200 -
66.249.88.19 - - [25/Dec/2019:13:17:30 -0500] "GET /galeria/galeria/jquery.fancybox.js?v=2.1.5 HTTP/1.1" 200 48706
66.249.88.23 - - [25/Dec/2019:13:17:30 -0500] "GET /galeria/galeria/jquery.fancybox.css?v=2.1.5 HTTP/1.1" 200 4895
66.249.88.19 - - [25/Dec/2019:13:17:30 -0500] "GET /BLA/boletinlegal/js/jquery.scrollShow.js HTTP/1.1" 200 4586
66.249.88.19 - - [25/Dec/2019:13:18:18 -0500] "GET /BLA/boletinlegal/js/jquery.scrollShow.js HTTP/1.1" 200 4586
66.249.88.23 - - [25/Dec/2019:13:18:18 -0500] "GET /galeria/galeria/jquery.fancybox.js?v=2.1.5 HTTP/1.1" 200 48706
66.249.88.23 - - [25/Dec/2019:13:18:18 -0500] "GET /galeria/galeria/jquery.fancybox.css?v=2.1.5 HTTP/1.1" 200 4895
181.60.166.193 - - [25/Dec/2019:13:18:36 -0500] "GET /galeria/galeria/jquery.fancybox.css?v=2.1.5 HTTP/1.1" 200 4895
186.168.100.119 - - [25/Dec/2019:13:18:37 -0500] "GET /galeria/galeria/jquery.fancybox.css?v=2.1.5 HTTP/1.1" 200 4895
186.168.100.119 - - [25/Dec/2019:13:18:37 -0500] "GET /BLA/boletinlegal/js/jquery.scrollShow.js HTTP/1.1" 200 4586
186.168.100.119 - - [25/Dec/2019:13:18:37 -0500] "GET /galeria/galeria/jquery.fancybox.js?v=2.1.5 HTTP/1.1" 200 48706
181.60.166.193 - - [25/Dec/2019:13:18:37 -0500] "GET /BLA/boletinlegal/js/jquery.scrollShow.js HTTP/1.1" 200 4586
181.60.166.193 - - [25/Dec/2019:13:18:37 -0500] "GET /galeria/galeria/jquery.fancybox.js?v=2.1.5 HTTP/1.1" 200 48706
181.60.166.193 - - [25/Dec/2019:13:18:38 -0500] "GET /galeria/carrusel/Carrusel/jquery.thumbnailScroller.css HTTP/1.1" 200 2066
181.60.166.193 - - [25/Dec/2019:13:18:38 -0500] "GET /galeria/carrusel/Carrusel/jquery-ui-1.8.13.custom.min.js HTTP/1.1" 200 10800
181.60.166.193 - - [25/Dec/2019:13:18:38 -0500] "GET /galeria/carrusel/Carrusel/jquery.thumbnailScroller.js HTTP/1.1" 200 8157
181.60.166.193 - - [25/Dec/2019:13:18:38 -0500] "GET /galeria/nivo-slider/demo/inicio.html HTTP/1.1" 200 4435
181.60.166.193 - - [25/Dec/2019:13:18:38 -0500] "GET /galeria/nivo-slider/themes/default/default.css HTTP/1.1" 200 1569
181.60.166.193 - - [25/Dec/2019:13:18:38 -0500] "GET /galeria/nivo-slider/themes/pascal/pascal.css HTTP/1.1" 200 2258
181.60.166.193 - - [25/Dec/2019:13:18:38 -0500] "GET /galeria/nivo-slider/themes/orman/orman.css HTTP/1.1" 200 2152
181.60.166.193 - - [25/Dec/2019:13:18:38 -0500] "GET /galeria/nivo-slider/nivo-slider.css HTTP/1.1" 200 1507
181.60.166.193 - - [25/Dec/2019:13:18:38 -0500] "GET /galeria/nivo-slider/demo/style.css HTTP/1.1" 200 2222
181.60.166.193 - - [25/Dec/2019:13:18:38 -0500] "GET /galeria/nivo-slider/demo/images/Bannercalculadora.jpg HTTP/1.1" 200 313099
181.60.166.193 - - [25/Dec/2019:13:18:38 -0500] "GET /galeria/nivo-slider/demo/images/bannerwebmusgo.jpg HTTP/1.1" 200 367364
181.60.166.193 - - [25/Dec/2019:13:18:38 -0500] "GET /galeria/nivo-slider/demo/images/banneragendamiento.jpg HTTP/1.1" 200 116897
181.60.166.193 - - [25/Dec/2019:13:18:38 -0500] "GET /galeria/nivo-slider/demo/images/bannerjardines.jpg HTTP/1.1" 200 417948
181.60.166.193 - - [25/Dec/2019:13:18:38 -0500] "GET /galeria/nivo-slider/demo/images/banneriniciativa.jpg HTTP/1.1" 200 200385
181.60.166.193 - - [25/Dec/2019:13:18:38 -0500] "GET /galeria/nivo-slider/demo/images/diciembrecaminatas.png HTTP/1.1" 200 510724
181.60.166.193 - - [25/Dec/2019:13:18:38 -0500] "GET /galeria/nivo-slider/themes/default/loading.gif HTTP/1.1" 200 1737
181.60.166.193 - - [25/Dec/2019:13:18:38 -0500] "GET /galeria/nivo-slider/themes/default/bullets.png HTTP/1.1" 200 1281
181.60.166.193 - - [25/Dec/2019:13:18:38 -0500] "GET /galeria/nivo-slider/themes/default/arrows.png HTTP/1.1" 200 824
181.60.166.193 - - [25/Dec/2019:13:18:38 -0500] "GET /galeria/nivo-slider/themes/orman/slider.png HTTP/1.1" 200 36094
181.60.166.193 - - [25/Dec/2019:13:18:38 -0500] "GET /galeria/nivo-slider/themes/orman/loading.gif HTTP/1.1" 200 1737
181.60.166.193 - - [25/Dec/2019:13:18:38 -0500] "GET /galeria/nivo-slider/themes/orman/bullets.png HTTP/1.1" 200 3364
181.60.166.193 - - [25/Dec/2019:13:18:38 -0500] "GET /galeria/nivo-slider/demo/loading.gif HTTP/1.1" 404 1318
181.60.166.193 - - [25/Dec/2019:13:18:38 -0500] "GET /galeria/nivo-slider/themes/orman/arrows.png HTTP/1.1" 200 5902
181.60.166.193 - - [25/Dec/2019:13:18:38 -0500] "GET /galeria/nivo-slider/demo/scripts/jquery-1.7.1.min.js HTTP/1.1" 200 93868
181.60.166.193 - - [25/Dec/2019:13:18:38 -0500] "GET /galeria/nivo-slider/themes/pascal/slider.png HTTP/1.1" 200 8989
181.60.166.193 - - [25/Dec/2019:13:18:38 -0500] "GET /galeria/nivo-slider/themes/pascal/controlnav.png HTTP/1.1" 200 5733
181.60.166.193 - - [25/Dec/2019:13:18:38 -0500] "GET /galeria/nivo-slider/themes/pascal/loading.gif HTTP/1.1" 200 1737
181.60.166.193 - - [25/Dec/2019:13:18:38 -0500] "GET /galeria/nivo-slider/themes/orman/ribbon.png HTTP/1.1" 200 12763
181.60.166.193 - - [25/Dec/2019:13:18:39 -0500] "GET /galeria/nivo-slider/themes/pascal/bullets.png HTTP/1.1" 200 3306
181.60.166.193 - - [25/Dec/2019:13:18:39 -0500] "GET /galeria/nivo-slider/jquery.nivo.slider.pack.js HTTP/1.1" 200 11561
181.60.166.193 - - [25/Dec/2019:13:18:39 -0500] "GET /galeria/nivo-slider/themes/pascal/ribbon.png HTTP/1.1" 200 10973
181.60.166.193 - - [25/Dec/2019:13:18:39 -0500] "GET /galeria/nivo-slider/demo/images/4Simple_Slider.png HTTP/1.1" 200 11722
181.60.166.193 - - [25/Dec/2019:13:18:39 -0500] "GET /galeria/nivo-slider/demo/images/dev7logo.png HTTP/1.1" 404 1318
181.60.166.193 - - [25/Dec/2019:13:18:39 -0500] "GET /galeria/nivo-slider/demo/images/Bannerserpiente2019.jpg HTTP/1.1" 200 270374
181.60.166.193 - - [25/Dec/2019:13:18:39 -0500] "GET /galeria/nivo-slider/demo/images/Banner%20tinguas.jpg HTTP/1.1" 200 214878
181.60.166.193 - - [25/Dec/2019:13:18:39 -0500] "GET /galeria/nivo-slider/demo/images/puntos%20atencion%20BANNER.jpg HTTP/1.1" 200 244208
181.60.166.193 - - [25/Dec/2019:13:18:39 -0500] "GET /galeria/galeria/blank.gif HTTP/1.1" 200 43
181.60.166.193 - - [25/Dec/2019:13:18:39 -0500] "GET /galeria/galeria/fancybox_sprite.png HTTP/1.1" 200 1362
181.60.166.193 - - [25/Dec/2019:13:18:39 -0500] "GET /galeria/galeria/fancybox_overlay.png HTTP/1.1" 200 1003
181.60.166.193 - - [25/Dec/2019:13:18:39 -0500] "GET /galeria/galeria/fancybox_sprite@2x.png HTTP/1.1" 200 6553
181.60.166.193 - - [25/Dec/2019:13:18:39 -0500] "GET /galeria/galeria/fancybox_loading.gif HTTP/1.1" 200 6567
181.60.166.193 - - [25/Dec/2019:13:18:39 -0500] "GET /galeria/galeria/fancybox_loading@2x.gif HTTP/1.1" 200 13984
181.60.166.193 - - [25/Dec/2019:13:18:39 -0500] "GET /galeria/nivo-slider/demo/images/Banner%20Visor%20Geografico%20Ambiental.jpg HTTP/1.1" 200 204673
181.60.166.193 - - [25/Dec/2019:13:18:40 -0500] "GET /galeria/carrusel/Carrusel/nextArrow.png HTTP/1.1" 200 1060
181.60.166.193 - - [25/Dec/2019:13:18:40 -0500] "GET /galeria/nivo-slider/demo/images/Banner%20consumo%20sostenible%20final.jpg HTTP/1.1" 200 364746
181.60.166.193 - - [25/Dec/2019:13:18:40 -0500] "GET /galeria/carrusel/Carrusel/prevArrow.png HTTP/1.1" 200 1066
181.60.166.193 - - [25/Dec/2019:13:18:40 -0500] "GET /galeria/nivo-slider/demo/images/Banner%20RCD.jpg HTTP/1.1" 200 92197
181.60.166.193 - - [25/Dec/2019:13:18:40 -0500] "GET /galeria/nivo-slider/demo/images/Banner%20Conpes.jpg HTTP/1.1" 200 55220
181.60.166.193 - - [25/Dec/2019:13:18:40 -0500] "GET /galeria/nivo-slider/demo/images/Banner%20practicas%20sostenibles.jpg HTTP/1.1" 200 142958
181.60.166.193 - - [25/Dec/2019:13:18:41 -0500] "GET /galeria/nivo-slider/demo/images/Banner%20POT.png HTTP/1.1" 200 418238
181.60.166.193 - - [25/Dec/2019:13:18:41 -0500] "GET /galeria/nivo-slider/demo/images/Banneranonimos.png HTTP/1.1" 200 109388
66.249.64.59 - - [25/Dec/2019:13:18:58 -0500] "GET /BLA/resoluciones/AUTOS%202009/2383.pdf HTTP/1.1" 200 257360
66.249.64.59 - - [25/Dec/2019:13:19:57 -0500] "GET /BLA/resoluciones/AUTOS%202014/1296.pdf HTTP/1.1" 304 -
66.249.64.59 - - [25/Dec/2019:13:20:22 -0500] "GET /Publicaciones/2019EE296264.pdf HTTP/1.1" 200 344513
46.229.168.135 - - [25/Dec/2019:13:21:03 -0500] "GET /robots.txt HTTP/1.1" 404 1019
46.229.168.139 - - [25/Dec/2019:13:21:03 -0500] "GET /Anexos%20estudio%20Organizacional%20SDA/index.php?dir=ANEXO%2BNo.%2B9%2B-%2BRES%C3%83%C2%83%C3%82%C2%83%C3%83%C2%82%C3%82%C2%9AMENES%2BDE%2BLA%2BMEDICI%C3%83%C2%83%C3%82%C2%83%C3%83%C2%82%C3%82%C2%93N%2BDE%2BCARGAS%2BLABORALES%2BSDA%2F&order=desc&sort=name HTTP/1.1" 200 6288
66.249.88.19 - - [25/Dec/2019:13:21:11 -0500] "GET /galeria/galeria/jquery.fancybox.css?v=2.1.5 HTTP/1.1" 200 4895
66.249.88.19 - - [25/Dec/2019:13:21:11 -0500] "GET /galeria/galeria/jquery.fancybox.js?v=2.1.5 HTTP/1.1" 200 48706
66.249.88.23 - - [25/Dec/2019:13:21:11 -0500] "GET /BLA/boletinlegal/js/jquery.scrollShow.js HTTP/1.1" 200 4586
66.249.64.61 - - [25/Dec/2019:13:21:40 -0500] "GET /BLA/resoluciones/AUTOS%202013/0488.pdf HTTP/1.1" 304 -
69.162.124.232 - - [25/Dec/2019:13:22:23 -0500] "HEAD / HTTP/1.1" 200 -
5.255.250.75 - - [25/Dec/2019:13:23:13 -0500] "GET /StormSDA/userFiles/user_files/87/?C=M;O=A HTTP/1.1" 200 817
54.36.148.172 - - [25/Dec/2019:13:23:27 -0500] "GET /BLA/resoluciones/RESOLUCIONES%202002/RES%202002%20601-650/00000613.tif HTTP/1.1" 200 144758
66.249.64.52 - - [25/Dec/2019:13:23:50 -0500] "GET /portel_dama/libreria/php/2006/ECOSISTEMAS%20FINAL%20web_mz27/x%20restauracion/sitio/22_proye/xtras_in/cni_3.pdf HTTP/1.1" 404 1018
54.36.150.30 - - [25/Dec/2019:13:24:05 -0500] "GET /BLA/resoluciones/RESOLUCIONES%202003/RES%202003%20251-300/268.tif HTTP/1.1" 200 910292
54.36.148.10 - - [25/Dec/2019:13:26:07 -0500] "GET /BLA/resoluciones/RESOLUCIONES%202002/RES%202002%2001-50/2002RES38.tif HTTP/1.1" 200 537210
201.245.192.253 - - [25/Dec/2019:13:25:46 -0500] "POST /kwsrmcab/Wsrmcab HTTP/1.1" 200 32331
66.249.64.59 - - [25/Dec/2019:13:26:29 -0500] "GET /BLA/resoluciones/AUTOS%202014/4246.pdf HTTP/1.1" 200 569494
66.249.64.61 - - [25/Dec/2019:13:26:48 -0500] "GET /BLA/resoluciones/RESOLUCIONES%202007/RES%202007%202101%20AL%202200/RESOLUCION%202115%20DE%202007.pdf HTTP/1.1" 304 -
216.244.66.195 - - [25/Dec/2019:13:27:04 -0500] "GET /BLA/resoluciones/RESOLUCIONES%202009/0843.pdf HTTP/1.1" 200 325006
216.244.66.195 - - [25/Dec/2019:13:27:09 -0500] "GET /BLA/resoluciones/RESOLUCIONES%202009/0997.pdf HTTP/1.1" 200 475872
216.244.66.195 - - [25/Dec/2019:13:27:14 -0500] "GET /BLA/resoluciones/RESOLUCIONES%202009/1007.pdf HTTP/1.1" 200 318803
66.249.64.59 - - [25/Dec/2019:13:27:15 -0500] "GET /galeria/galeria/jquery.fancybox.js?v=2.1.5 HTTP/1.1" 200 48706
66.249.64.59 - - [25/Dec/2019:13:27:17 -0500] "GET /galeria/galeria/jquery.fancybox.css?v=2.1.5 HTTP/1.1" 200 4895
66.249.64.59 - - [25/Dec/2019:13:27:18 -0500] "GET /BLA/boletinlegal/js/jquery.scrollShow.js HTTP/1.1" 200 4586
69.162.124.232 - - [25/Dec/2019:13:27:23 -0500] "HEAD / HTTP/1.1" 200 -
66.249.64.59 - - [25/Dec/2019:13:27:32 -0500] "GET /galeria/galeria/jquery.fancybox.css?v=2.1.5 HTTP/1.1" 200 4895
66.249.64.59 - - [25/Dec/2019:13:27:33 -0500] "GET /galeria/galeria/jquery.fancybox.js?v=2.1.5 HTTP/1.1" 200 48706
66.249.64.59 - - [25/Dec/2019:13:27:35 -0500] "GET /BLA/boletinlegal/js/jquery.scrollShow.js HTTP/1.1" 200 4586
54.36.150.150 - - [25/Dec/2019:13:29:00 -0500] "GET /BLA/resoluciones/RESOLUCIONES%202005/RES%202005%20901-950/00000912.tif HTTP/1.1" 200 145908
216.244.66.195 - - [25/Dec/2019:13:29:29 -0500] "GET /BLA/resoluciones/RESOLUCIONES%202009/1028.pdf HTTP/1.1" 200 202621
46.229.168.146 - - [25/Dec/2019:13:30:11 -0500] "GET /Autoliquidacion/index.php?dir=Plan%2Bde%2Bmanejo%2Bambiental%2Bpara%2Bsitios%2Bde%2Baprovechamiento%2By%2Bo%2Bdisposicion%2Bfinal%2Bde%2Bescombros%2F&order=desc&sort=size HTTP/1.1" 200 6801
66.249.64.59 - - [25/Dec/2019:13:30:20 -0500] "GET /BLA/resoluciones/Notificaciones/REGISTROS%202015/0315.doc HTTP/1.1" 304 -
191.95.55.161 - - [25/Dec/2019:13:30:36 -0500] "GET /galeria/galeria/fotos/mirador3G.jpg HTTP/1.1" 200 131992
66.249.88.23 - - [25/Dec/2019:13:30:43 -0500] "GET /BLA/boletinlegal/js/jquery.scrollShow.js HTTP/1.1" 200 4586
66.249.88.19 - - [25/Dec/2019:13:30:43 -0500] "GET /galeria/galeria/jquery.fancybox.js?v=2.1.5 HTTP/1.1" 200 48706
66.249.88.19 - - [25/Dec/2019:13:30:43 -0500] "GET /galeria/galeria/jquery.fancybox.css?v=2.1.5 HTTP/1.1" 200 4895
66.249.64.59 - - [25/Dec/2019:13:30:45 -0500] "GET /BLA/resoluciones/AUTOS%202014/6853.pdf HTTP/1.1" 200 409904
66.249.64.63 - - [25/Dec/2019:13:30:52 -0500] "GET /BLA/resoluciones/RESOLUCIONES%202008/1485.pdf HTTP/1.1" 200 298366
66.249.64.61 - - [25/Dec/2019:13:30:59 -0500] "GET /BLA/resoluciones/AUTOS%202014/3909.pdf HTTP/1.1" 200 375086
66.249.64.59 - - [25/Dec/2019:13:31:06 -0500] "GET /BLA/resoluciones/RESOLUCIONES%202018/0319.pdf HTTP/1.1" 200 381122
216.244.66.195 - - [25/Dec/2019:13:31:48 -0500] "GET /BLA/resoluciones/RESOLUCIONES%202009/1160.pdf HTTP/1.1" 200 169166
66.249.64.59 - - [25/Dec/2019:13:31:59 -0500] "GET /BLA/resoluciones/AUTOS%202014/2576.pdf HTTP/1.1" 200 752616
66.249.64.59 - - [25/Dec/2019:13:32:11 -0500] "GET /BLA/resoluciones/AUTOS%202015/1277.pdf HTTP/1.1" 200 622048
66.249.64.61 - - [25/Dec/2019:13:32:18 -0500] "GET /BLA/resoluciones/AUTOS%202014/0441.pdf HTTP/1.1" 200 357658
69.162.124.232 - - [25/Dec/2019:13:32:23 -0500] "HEAD / HTTP/1.1" 200 -
54.36.148.15 - - [25/Dec/2019:13:32:24 -0500] "GET /BLA/resoluciones/index.php?dir=RESOLUCIONES+2005%2FRES+2005+2851-2900%2F HTTP/1.1" 200 12156
66.249.64.28 - - [25/Dec/2019:13:32:41 -0500] "GET /Anexos%20estudio%20Organizacional%20SDA/ANEXO%20No.%205%20-%20ESTUDIO%20Y%20PROPUESTA%20SERAMB%20IENTE/Serambiente%20%20Oficio%20presentaci%C3%83%C2%B2n%20propuesta.pdf HTTP/1.1" 404 1019
66.249.64.59 - - [25/Dec/2019:13:32:48 -0500] "GET /BLA/resoluciones/AUTOS%202014/5814.pdf HTTP/1.1" 304 -
216.244.66.195 - - [25/Dec/2019:13:33:29 -0500] "GET /BLA/resoluciones/RESOLUCIONES%202009/1168.pdf HTTP/1.1" 200 57373
66.249.64.59 - - [25/Dec/2019:13:33:40 -0500] "GET /BLA/resoluciones/AUTOS%202014/6927.pdf HTTP/1.1" 200 484351
66.249.64.63 - - [25/Dec/2019:13:34:24 -0500] "GET /BLA/resoluciones/RESOLUCIONES%202007/RES%202007%20301%20AL%20400/RESOLUCION%200374%20DE%202007.pdf HTTP/1.1" 200 391014
216.244.66.195 - - [25/Dec/2019:13:34:30 -0500] "GET /BLA/resoluciones/RESOLUCIONES%202009/1178.pdf HTTP/1.1" 200 144982
66.249.64.59 - - [25/Dec/2019:13:34:58 -0500] "GET /BLA/resoluciones/AUTOS%202016/1733.pdf HTTP/1.1" 200 386371
66.249.64.59 - - [25/Dec/2019:13:35:23 -0500] "GET /BLA/resoluciones/AUTOS%202007/0920.pdf HTTP/1.1" 304 -
66.249.64.59 - - [25/Dec/2019:13:35:26 -0500] "GET /BLA/resoluciones/RESOLUCIONES%202007/RES%202007%203201%20AL%203300/RESOLUCION%203277%20DE%202007.pdf HTTP/1.1" 200 251872
179.14.237.219 - - [25/Dec/2019:13:35:34 -0500] "GET /BLA/resoluciones/AUTOS%202015/0115.pdf HTTP/1.1" 200 767176
216.244.66.195 - - [25/Dec/2019:13:35:49 -0500] "GET /BLA/resoluciones/RESOLUCIONES%202009/1180.pdf HTTP/1.1" 200 275118
201.245.192.253 - - [25/Dec/2019:13:35:46 -0500] "POST /kwsrmcab/Wsrmcab HTTP/1.1" 200 32331
179.14.237.219 - - [25/Dec/2019:13:36:22 -0500] "GET /BLA/resoluciones/AUTOS%202015/1655.pdf HTTP/1.1" 200 975666
66.249.64.59 - - [25/Dec/2019:13:36:31 -0500] "GET /Publicaciones/2019EE297112.pdf HTTP/1.1" 200 485877
66.249.64.59 - - [25/Dec/2019:13:37:05 -0500] "GET /BLA/resoluciones/AUTOS%202014/6251.pdf HTTP/1.1" 200 521776
69.162.124.232 - - [25/Dec/2019:13:37:23 -0500] "HEAD / HTTP/1.1" 200 -
49.7.20.84 - - [25/Dec/2019:13:37:51 -0500] "GET /resoluciones/RESOLUCIONES%202009/0484.pdf HTTP/1.1" 404 1018
66.249.64.59 - - [25/Dec/2019:13:37:57 -0500] "GET /BLA/resoluciones/AUTOS%202017/2282.pdf HTTP/1.1" 200 329652
216.244.66.195 - - [25/Dec/2019:13:38:06 -0500] "GET /BLA/resoluciones/RESOLUCIONES%202009/1248.pdf HTTP/1.1" 200 538446
66.249.64.59 - - [25/Dec/2019:13:38:23 -0500] "GET /BLA/resoluciones/AUTOS%202015/0636.pdf HTTP/1.1" 200 457562
66.249.64.59 - - [25/Dec/2019:13:38:44 -0500] "GET /BLA/resoluciones/AUTOS%202015/6467.pdf HTTP/1.1" 200 554561
66.249.88.23 - - [25/Dec/2019:13:38:50 -0500] "GET /BLA/boletinlegal/js/jquery.scrollShow.js HTTP/1.1" 200 4586
66.249.88.25 - - [25/Dec/2019:13:38:50 -0500] "GET /galeria/galeria/jquery.fancybox.js?v=2.1.5 HTTP/1.1" 200 48706
66.249.88.25 - - [25/Dec/2019:13:38:50 -0500] "GET /galeria/galeria/jquery.fancybox.css?v=2.1.5 HTTP/1.1" 200 4895
216.244.66.195 - - [25/Dec/2019:13:38:56 -0500] "GET /BLA/resoluciones/RESOLUCIONES%202009/1261.pdf HTTP/1.1" 200 661176
66.249.64.177 - - [25/Dec/2019:13:39:02 -0500] "GET /Autoliquidacion/Fauna%20Silvestre/EVALUAC%C3%83%20ON%20DE%20PERMISOS%20DE%20APROVECHAMIENTO%20DE%20FAUNA/PM04-PR26-M2%20Guia%20para%20procesamiento%20o%20transformaci%C3%83%C2%B3n%20de%20fauna%20silvestre.pdf HTTP/1.1" 404 1015
66.249.64.61 - - [25/Dec/2019:13:39:14 -0500] "GET /resoluciones/RESOLUCIONES%202010/1908.pdf HTTP/1.1" 404 1018
66.249.64.61 - - [25/Dec/2019:13:39:40 -0500] "GET /BLA/resoluciones/RESOLUCIONES%202012/1228.pdf HTTP/1.1" 200 496496
66.249.64.61 - - [25/Dec/2019:13:40:05 -0500] "GET /BLA/resoluciones/RESOLUCIONES%202011/6161.pdf HTTP/1.1" 200 493501
66.249.64.59 - - [25/Dec/2019:13:40:12 -0500] "GET /BLA/resoluciones/AUTOS%202009/2293.pdf HTTP/1.1" 200 298516
66.249.64.59 - - [25/Dec/2019:13:40:18 -0500] "GET /sig/Gesti%C3%83%C2%B3n%20de%20Recursos%20F%C3%83%C2%ADsicos/126PA04-PR11.pdf HTTP/1.1" 404 1018
66.249.64.63 - - [25/Dec/2019:13:40:27 -0500] "GET /BLA/resoluciones/Notificaciones/AUTOS%202017/05266.pdf HTTP/1.1" 200 329970
66.249.88.25 - - [25/Dec/2019:13:40:28 -0500] "GET /galeria/galeria/jquery.fancybox.css?v=2.1.5 HTTP/1.1" 200 4895
66.249.88.25 - - [25/Dec/2019:13:40:28 -0500] "GET /BLA/boletinlegal/js/jquery.scrollShow.js HTTP/1.1" 200 4586
66.249.88.25 - - [25/Dec/2019:13:40:28 -0500] "GET /galeria/galeria/jquery.fancybox.js?v=2.1.5 HTTP/1.1" 200 48706
66.249.64.59 - - [25/Dec/2019:13:40:34 -0500] "GET /BLA/resoluciones/RESOLUCIONES%202017/0492.pdf HTTP/1.1" 200 551806
216.244.66.195 - - [25/Dec/2019:13:41:16 -0500] "GET /BLA/resoluciones/RESOLUCIONES%202009/1349.pdf HTTP/1.1" 200 530495
66.249.64.27 - - [25/Dec/2019:13:41:35 -0500] "GET /dama/libreria/pdf/PMA_alcaldia.pdf HTTP/1.1" 404 1019
66.249.64.30 - - [25/Dec/2019:13:41:42 -0500] "GET /portel_dama/libreria/pdf/Memoriasdecapacitacinenincendiosforestales2005.pdf HTTP/1.1" 404 1019
66.249.64.59 - - [25/Dec/2019:13:42:14 -0500] "GET /BLA/resoluciones/RESOLUCIONES%202007/RES%202007%203001%20AL%203100/RESOLUCION%203043%20DE%202007.pdf HTTP/1.1" 304 -
66.249.64.59 - - [25/Dec/2019:13:42:16 -0500] "GET /BLA/resoluciones/AUTOS%202017/2068.pdf HTTP/1.1" 200 461696
69.162.124.232 - - [25/Dec/2019:13:42:23 -0500] "HEAD / HTTP/1.1" 200 -
66.249.64.61 - - [25/Dec/2019:13:42:29 -0500] "GET /BLA/resoluciones/RESOLUCIONES%202012/0415.pdf HTTP/1.1" 200 422093
