216.244.66.195 - - [26/Dec/2019:04:37:29 -0500] "GET /BLA/resoluciones/RESOLUCIONES%202009/1490.pdf HTTP/1.1" 200 426822
66.249.64.61 - - [26/Dec/2019:04:37:29 -0500] "GET /BLA/resoluciones/AUTOS%202015/1065.pdf HTTP/1.1" 304 -
66.249.64.59 - - [26/Dec/2019:04:38:19 -0500] "GET /BLA/resoluciones/RESOLUCIONES%202014/3163.pdf HTTP/1.1" 304 -
66.249.64.59 - - [26/Dec/2019:04:39:10 -0500] "GET /BLA/resoluciones/AUTOS%202015/5163.pdf HTTP/1.1" 304 -
216.244.66.195 - - [26/Dec/2019:04:39:44 -0500] "GET /BLA/resoluciones/RESOLUCIONES%202009/1603.pdf HTTP/1.1" 200 623137
46.229.168.147 - - [26/Dec/2019:04:39:55 -0500] "GET /robots.txt HTTP/1.1" 404 1019
46.229.168.162 - - [26/Dec/2019:04:39:55 -0500] "GET /Anexos%20estudio%20Organizacional%20SDA/index.php?dir=ANEXO%2BNo.%2B4%2B-%2BENCUESTA%2BDE%2BAN%C3%83%C2%83%C3%82%C2%83%C3%83%C2%82%C3%82%C2%83%C3%83%C2%83%C3%82%C2%82%C3%83%C2%82%C3%82%C2%83%C3%83%C2%83%C3%82%C2%83%C3%83%C2%82%C3%82%C2%82%C3%83%C2%83%C3%82%C2%82%C3%83%C2%82%C3%82%C2%83%C3%83%C2%83%C3%82%C2%83%C3%83%C2%82%C3%82%C2%83%C3%83%C2%83%C3%82%C2%82%C3%83%C2%82%C3%82%C2%82%C3%83%C2%83%C3%82%C2%83%C3%83%C2%82%C3%82%C2%82%C3%83%C2%83%C3%82%C2%82%C3%83%C2%82%C3%82%C2%83%C3%83%C2%83%C3%82%C2%83%C3%83%C2%82%C3%82%C2%83%C3%83%C2%83%C3%82%C2%82%C3%83%C2%82%C3%82%C2%83%C3%83%C2%83%C3%82%C2%83%C3%83%C2%82%C3%82%C2%82%C3%83%C2%83%C3%82%C2%82%C3%83%C2%82%C3%82%C2%82%C3%83%C2%83%C3%82%C2%83%C3%83%C2%82%C3%82%C2%83%C3%83%C2%83%C3%82%C2%82%C3%83%C2%82%C3%82%C2%82%C3%83%C2%83%C3%82%C2%83%C3%83%C2%82%C3%82%C2%82%C3%83%C2%83%C3%82%C2%82%C3%83%C2%82%C3%82%C2%83%C3%83%C2%83%C3%82%C2%83%C3%83%C2%82%C3%82%C2%83%C3%83%C2%83%C3%82%C2%82%C3%83%C2%82%C3%82%C2%83%C3%83%C2%83%C3%82%C2%83%C3%83%C2%82%C3%82%C2%82%C3%83%C2%83%C3%82%C2%82%C3%83%C2%82%C3%82%C2%83%C3%83%C2%83%C3%82%C2%83%C3%83%C2%82%C3%82%C2%83%C3%83%C2%83%C3%82%C2%82%C3%83%C2%82%C3%82%C2%82%C3%83%C2%83%C3%82%C2%83%C3%83%C2%82%C3%82%C2%82%C3%83%C2%83%C3%82%C2%82%C3%83%C2%82%C3%82%C2%82%C3%83%C2%83%C3%82%C2%83%C3%83%C2%82%C3%82%C2%83%C3%83%C2%83%C3%82%C2%82%C3%83%C2%82%C3%82%C2%83%C3%83%C2%83%C3%82%C2%83%C3%83%C2%82%C3%82%C2%82%C3%83%C2%83%C3%82%C2%82%C3%83%C2%82%C3%82%C2%82%C3%83%C2%83%C3%82%C2%83%C3%83%C2%82%C3%82%C2%83%C3%83%C2%83%C3%82%C2%82%C3%83%C2%82%C3%82%C2%82%C3%83%C2%83%C3%82%C2%83%C3%83%C2%82%C3%82%C2%82%C3%83%C2%83%C3%82%C2%82%C3%83%C2%82%C3%82%C2%81LISIS%2BORGANIZACIONAL%2F&order=desc&sort=size HTTP/1.1" 200 7692
66.249.64.59 - - [26/Dec/2019:04:40:00 -0500] "GET /BLA/resoluciones/RESOLUCIONES%202015/1512.pdf HTTP/1.1" 304 -
207.46.13.181 - - [26/Dec/2019:04:40:18 -0500] "GET / HTTP/1.1" 200 9990
216.244.66.195 - - [26/Dec/2019:04:42:02 -0500] "GET /BLA/resoluciones/RESOLUCIONES%202009/1726.pdf HTTP/1.1" 200 699134
216.244.66.197 - - [26/Dec/2019:04:42:02 -0500] "GET /re/Entrada/imagen%20botones/_notes/imagen%20botones_r3_c1.gif.mno HTTP/1.1" 404 1019
69.162.124.232 - - [26/Dec/2019:04:42:12 -0500] "HEAD / HTTP/1.1" 200 -
66.249.64.59 - - [26/Dec/2019:04:42:31 -0500] "GET /BLA/resoluciones/RESOLUCIONES%202017/2490.pdf HTTP/1.1" 200 287821
46.229.168.163 - - [26/Dec/2019:04:42:38 -0500] "GET /Autoliquidacion/index.php?dir=TR%C3%83%C2%83%C3%82%C2%83%C3%83%C2%82%C3%82%C2%83%C3%83%C2%83%C3%82%C2%82%C3%83%C2%82%C3%82%C2%83%C3%83%C2%83%C3%82%C2%83%C3%83%C2%82%C3%82%C2%82%C3%83%C2%83%C3%82%C2%82%C3%83%C2%82%C3%82%C2%83%C3%83%C2%83%C3%82%C2%83%C3%83%C2%82%C3%82%C2%83%C3%83%C2%83%C3%82%C2%82%C3%83%C2%82%C3%82%C2%82%C3%83%C2%83%C3%82%C2%83%C3%83%C2%82%C3%82%C2%82%C3%83%C2%83%C3%82%C2%82%C3%83%C2%82%C3%82%C2%83%C3%83%C2%83%C3%82%C2%83%C3%83%C2%82%C3%82%C2%83%C3%83%C2%83%C3%82%C2%82%C3%83%C2%82%C3%82%C2%83%C3%83%C2%83%C3%82%C2%83%C3%83%C2%82%C3%82%C2%82%C3%83%C2%83%C3%82%C2%82%C3%83%C2%82%C3%82%C2%82%C3%83%C2%83%C3%82%C2%83%C3%83%C2%82%C3%82%C2%83%C3%83%C2%83%C3%82%C2%82%C3%83%C2%82%C3%82%C2%82%C3%83%C2%83%C3%82%C2%83%C3%83%C2%82%C3%82%C2%82%C3%83%C2%83%C3%82%C2%82%C3%83%C2%82%C3%82%C2%83%C3%83%C2%83%C3%82%C2%83%C3%83%C2%82%C3%82%C2%83%C3%83%C2%83%C3%82%C2%82%C3%83%C2%82%C3%82%C2%83%C3%83%C2%83%C3%82%C2%83%C3%83%C2%82%C3%82%C2%82%C3%83%C2%83%C3%82%C2%82%C3%83%C2%82%C3%82%C2%83%C3%83%C2%83%C3%82%C2%83%C3%83%C2%82%C3%82%C2%83%C3%83%C2%83%C3%82%C2%82%C3%83%C2%82%C3%82%C2%82%C3%83%C2%83%C3%82%C2%83%C3%83%C2%82%C3%82%C2%82%C3%83%C2%83%C3%82%C2%82%C3%83%C2%82%C3%82%C2%82%C3%83%C2%83%C3%82%C2%83%C3%83%C2%82%C3%82%C2%83%C3%83%C2%83%C3%82%C2%82%C3%83%C2%82%C3%82%C2%83%C3%83%C2%83%C3%82%C2%83%C3%83%C2%82%C3%82%C2%82%C3%83%C2%83%C3%82%C2%82%C3%83%C2%82%C3%82%C2%82%C3%83%C2%83%C3%82%C2%83%C3%83%C2%82%C3%82%C2%83%C3%83%C2%83%C3%82%C2%82%C3%83%C2%82%C3%82%C2%82%C3%83%C2%83%C3%82%C2%83%C3%83%C2%82%C3%82%C2%82%C3%83%C2%83%C3%82%C2%82%C3%83%C2%82%C3%82%C2%81MITES%2BMINER%C3%83%C2%83%C3%82%C2%83%C3%83%C2%82%C3%82%C2%83%C3%83%C2%83%C3%82%C2%82%C3%83%C2%82%C3%82%C2%83%C3%83%C2%83%C3%82%C2%83%C3%83%C2%82%C3%82%C2%82%C3%83%C2%83%C3%82%C2%82%C3%83%C2%82%C3%82%C2%83%C3%83%C2%83%C3%82%C2%83%C3%83%C2%82%C3%82%C2%83%C3%83%C2%83%C3%82%C2%82%C3%83%C2%82%C3%82%C2%82%C3%83%C2%83%C3%82%C2%83%C3%83%C2%82%C3%82%C2%82%C3%83%C2%83%C3%82%C2%82%C3%83%C2%82%C3%82%C2%83%C3%83%C2%83%C3%82%C2%83%C3%83%C2%82%C3%82%C2%83%C3%83%C2%83%C3%82%C2%82%C3%83%C2%82%C3%82%C2%83%C3%83%C2%83%C3%82%C2%83%C3%83%C2%82%C3%82%C2%82%C3%83%C2%83%C3%82%C2%82%C3%83%C2%82%C3%82%C2%82%C3%83%C2%83%C3%82%C2%83%C3%83%C2%82%C3%82%C2%83%C3%83%C2%83%C3%82%C2%82%C3%83%C2%82%C3%82%C2%82%C3%83%C2%83%C3%82%C2%83%C3%83%C2%82%C3%82%C2%82%C3%83%C2%83%C3%82%C2%82%C3%83%C2%82%C3%82%C2%83%C3%83%C2%83%C3%82%C2%83%C3%83%C2%82%C3%82%C2%83%C3%83%C2%83%C3%82%C2%82%C3%83%C2%82%C3%82%C2%83%C3%83%C2%83%C3%82%C2%83%C3%83%C2%82%C3%82%C2%82%C3%83%C2%83%C3%82%C2%82%C3%83%C2%82%C3%82%C2%83%C3%83%C2%83%C3%82%C2%83%C3%83%C2%82%C3%82%C2%83%C3%83%C2%83%C3%82%C2%82%C3%83%C2%82%C3%82%C2%82%C3%83%C2%83%C3%82%C2%83%C3%83%C2%82%C3%82%C2%82%C3%83%C2%83%C3%82%C2%82%C3%83%C2%82%C3%82%C2%82%C3%83%C2%83%C3%82%C2%83%C3%83%C2%82%C3%82%C2%83%C3%83%C2%83%C3%82%C2%82%C3%83%C2%82%C3%82%C2%83%C3%83%C2%83%C3%82%C2%83%C3%83%C2%82%C3%82%C2%82%C3%83%C2%83%C3%82%C2%82%C3%83%C2%82%C3%82%C2%82%C3%83%C2%83%C3%82%C2%83%C3%83%C2%82%C3%82%C2%83%C3%83%C2%83%C3%82%C2%82%C3%83%C2%82%C3%82%C2%82%C3%83%C2%83%C3%82%C2%83%C3%83%C2%82%C3%82%C2%82%C3%83%C2%83%C3%82%C2%82%C3%83%C2%82%C3%82%C2%8DA%2F&order=desc&sort=size HTTP/1.1" 200 9645
216.244.66.195 - - [26/Dec/2019:04:42:52 -0500] "GET /BLA/resoluciones/RESOLUCIONES%202009/1895.pdf HTTP/1.1" 200 936531
193.124.188.188 - - [26/Dec/2019:04:44:05 -0500] "HEAD / HTTP/1.1" 200 -
66.249.64.59 - - [26/Dec/2019:04:44:12 -0500] "GET /BLA/resoluciones/RESOLUCIONES%202008/4171.pdf HTTP/1.1" 304 -
66.249.64.59 - - [26/Dec/2019:04:45:02 -0500] "GET /BLA/resoluciones/RESOLUCIONES%202007/RES%202007%201401%20AL%201500/RESOLUCION%201447%20DE%202007.pdf HTTP/1.1" 304 -
216.244.66.195 - - [26/Dec/2019:04:45:13 -0500] "GET /BLA/resoluciones/RESOLUCIONES%202010/0050.pdf HTTP/1.1" 200 499948
66.249.64.59 - - [26/Dec/2019:04:45:53 -0500] "GET /BLA/resoluciones/AUTOS%202015/2097.pdf HTTP/1.1" 200 861453
69.162.124.232 - - [26/Dec/2019:04:47:12 -0500] "HEAD / HTTP/1.1" 200 -
216.244.66.195 - - [26/Dec/2019:04:47:28 -0500] "GET /BLA/resoluciones/RESOLUCIONES%202010/0088.pdf HTTP/1.1" 200 537883
40.77.167.58 - - [26/Dec/2019:04:47:46 -0500] "GET /POT-2013/dlf/styles.css HTTP/1.1" 200 3045
216.244.66.195 - - [26/Dec/2019:04:48:18 -0500] "GET /BLA/resoluciones/RESOLUCIONES%202010/0109.pdf HTTP/1.1" 200 509190
66.249.64.63 - - [26/Dec/2019:04:48:24 -0500] "GET /BLA/resoluciones/AUTOS%202016/0063.pdf HTTP/1.1" 200 654983
216.244.66.195 - - [26/Dec/2019:04:50:39 -0500] "GET /BLA/resoluciones/RESOLUCIONES%202010/0127.pdf HTTP/1.1" 200 384472
190.15.0.65 - - [26/Dec/2019:04:52:01 -0500] "GET /galeria/nivo-slider/demo/images/banneriniciativa.jpg HTTP/1.1" 304 -
69.162.124.232 - - [26/Dec/2019:04:52:12 -0500] "HEAD / HTTP/1.1" 200 -
216.244.66.195 - - [26/Dec/2019:04:52:59 -0500] "GET /BLA/resoluciones/RESOLUCIONES%202010/0345.pdf HTTP/1.1" 200 349562
207.46.13.36 - - [26/Dec/2019:04:53:14 -0500] "GET /galeria/juegos/ear/ HTTP/1.1" 200 1093
66.249.64.59 - - [26/Dec/2019:04:54:08 -0500] "GET /BLA/resoluciones/AUTOS%202009/3417.pdf HTTP/1.1" 200 97342
106.57.192.213 - - [26/Dec/2019:04:54:44 -0500] "GET /POT-2013/Cartografia/29_EDIFICABILIDAD.pdf HTTP/1.1" 200 3041378
66.249.64.61 - - [26/Dec/2019:04:55:06 -0500] "GET /BLA/resoluciones/AUTOS%202014/2312.pdf HTTP/1.1" 200 434303
216.244.66.195 - - [26/Dec/2019:04:55:16 -0500] "GET /BLA/resoluciones/RESOLUCIONES%202010/0452.pdf HTTP/1.1" 200 107866
54.36.150.160 - - [26/Dec/2019:04:55:46 -0500] "GET /autoliquidacion/Cobro%20Evaluacion%20Certificaci%C3%B3n%20Para%20La%20Deducci%C3%B3n%20Por%20Inversi%C3%B3n%20En%20Medio%20Ambiente/Aplicativo.html HTTP/1.1" 200 359
66.249.64.63 - - [26/Dec/2019:04:55:57 -0500] "GET /BLA/resoluciones/RESOLUCIONES%202017/0651.pdf HTTP/1.1" 200 517269
207.46.13.197 - - [26/Dec/2019:04:56:36 -0500] "GET /inicio/ HTTP/1.1" 404 1049
40.77.167.12 - - [26/Dec/2019:04:56:49 -0500] "GET /robots.txt HTTP/1.1" 404 1049
216.244.66.195 - - [26/Dec/2019:04:56:59 -0500] "GET /BLA/resoluciones/RESOLUCIONES%202010/0461.pdf HTTP/1.1" 200 102948
69.162.124.232 - - [26/Dec/2019:04:57:12 -0500] "HEAD / HTTP/1.1" 200 -
66.249.64.61 - - [26/Dec/2019:04:57:37 -0500] "GET /BLA/resoluciones/RESOLUCIONES%202017/2824.pdf HTTP/1.1" 304 -
216.244.66.195 - - [26/Dec/2019:04:58:07 -0500] "GET /BLA/resoluciones/RESOLUCIONES%202010/0468.pdf HTTP/1.1" 200 115666
66.249.64.61 - - [26/Dec/2019:04:58:28 -0500] "GET /BLA/resoluciones/AUTOS%202011/5945.pdf HTTP/1.1" 200 131360
66.249.64.59 - - [26/Dec/2019:04:59:18 -0500] "GET /BLA/resoluciones/RESOLUCIONES%202014/2872.pdf HTTP/1.1" 304 -
216.244.66.195 - - [26/Dec/2019:04:59:42 -0500] "GET /BLA/resoluciones/RESOLUCIONES%202010/0529.pdf HTTP/1.1" 200 431711
216.244.66.195 - - [26/Dec/2019:05:00:32 -0500] "GET /BLA/resoluciones/RESOLUCIONES%202010/0650.pdf HTTP/1.1" 200 514979
66.249.64.59 - - [26/Dec/2019:05:01:49 -0500] "GET /BLA/resoluciones/RESOLUCIONES%202009/3569.pdf HTTP/1.1" 200 542313
69.30.213.82 - - [26/Dec/2019:05:01:56 -0500] "GET /robots.txt HTTP/1.1" 404 1015
69.30.213.82 - - [26/Dec/2019:05:01:58 -0500] "GET /Anexos%20estudio%20Organizacional%20SDA/index.php?dir=ANEXO%20No.11-PROYECTO%20DE%20DECRETO%20MODIFICATORIO%20PLANTA%20DE%20CARGOS%20SDA/&sort=size&order=desc/ HTTP/1.1" 200 2568
69.30.213.82 - - [26/Dec/2019:05:01:59 -0500] "GET /Autoliquidacion/index.php?dir=&sort=date&order=desc/ HTTP/1.1" 200 6376
69.30.213.82 - - [26/Dec/2019:05:02:01 -0500] "GET /Autoliquidacion/index.php?dir=&sort=name&order=asc/ HTTP/1.1" 200 6376
69.30.213.82 - - [26/Dec/2019:05:02:03 -0500] "GET /Autoliquidacion/index.php?dir=&sort=size&order=desc/ HTTP/1.1" 200 6376
69.30.213.82 - - [26/Dec/2019:05:02:04 -0500] "GET /Autoliquidacion/index.php?dir=Grupo%20Forestal%20-%20Industria%20de%20la%20Madera/&sort=date&order=asc/ HTTP/1.1" 200 4809
69.30.213.82 - - [26/Dec/2019:05:02:06 -0500] "GET /Autoliquidacion/index.php?dir=Grupo%20Forestal%20-%20Industria%20de%20la%20Madera/&sort=name&order=desc/ HTTP/1.1" 200 4809
69.30.213.82 - - [26/Dec/2019:05:02:08 -0500] "GET /Autoliquidacion/index.php?dir=Grupo%20Forestal%20-%20Industria%20de%20la%20Madera/&sort=size&order=asc/ HTTP/1.1" 200 4809
69.30.213.82 - - [26/Dec/2019:05:02:09 -0500] "GET /Autoliquidacion/index.php?dir=Grupo%20Forestal%20-%20Silvicultura/&sort=date&order=asc/ HTTP/1.1" 200 4716
69.30.213.82 - - [26/Dec/2019:05:02:11 -0500] "GET /Autoliquidacion/index.php?dir=Grupo%20Forestal%20-%20Silvicultura/&sort=name&order=desc/ HTTP/1.1" 200 4716
69.30.213.82 - - [26/Dec/2019:05:02:13 -0500] "GET /Autoliquidacion/index.php?dir=Grupo%20Forestal%20-%20Silvicultura/&sort=size&order=asc/ HTTP/1.1" 200 4716
69.30.213.82 - - [26/Dec/2019:05:02:14 -0500] "GET /Autoliquidacion/index.php?dir=PERMISO%20DE%20OCUPACION%20DE%20SUELO/&sort=date&order=asc/ HTTP/1.1" 200 6618
69.30.213.82 - - [26/Dec/2019:05:02:16 -0500] "GET /Autoliquidacion/index.php?dir=PERMISO%20DE%20OCUPACION%20DE%20SUELO/&sort=name&order=desc/ HTTP/1.1" 200 6618
69.30.213.82 - - [26/Dec/2019:05:02:18 -0500] "GET /Autoliquidacion/index.php?dir=PERMISO%20DE%20OCUPACION%20DE%20SUELO/&sort=size&order=asc/ HTTP/1.1" 200 6618
69.30.213.82 - - [26/Dec/2019:05:02:19 -0500] "GET /Autoliquidacion/index.php?dir=Plan%20de%20manejo%20ambiental%20para%20sitios%20de%20aprovechamiento%20y%20o%20disposicion%20final%20de%20escombros/&sort=name&order=desc/ HTTP/1.1" 200 2471
69.30.213.82 - - [26/Dec/2019:05:02:21 -0500] "GET /Autoliquidacion/index.php?dir=Solicitud%20de%20Licencia%20Ambiental/&sort=name&order=desc/ HTTP/1.1" 200 2552
69.30.213.82 - - [26/Dec/2019:05:02:23 -0500] "GET /Autoliquidacion/index.php?dir=Solicitudes%20relacionadas%20con%20calidad%20del%20aire%20auditiva%20y%20visual/&sort=date&order=desc/ HTTP/1.1" 200 5747
69.30.213.82 - - [26/Dec/2019:05:02:24 -0500] "GET /Autoliquidacion/index.php?dir=Solicitudes%20relacionadas%20con%20calidad%20del%20aire%20auditiva%20y%20visual/&sort=name&order=asc/ HTTP/1.1" 200 5747
69.30.213.82 - - [26/Dec/2019:05:02:26 -0500] "GET /PruebasSTORM/StormSDA_pruebas/userFiles/user_files/85/?C=M;O=D/ HTTP/1.1" 200 1752
69.30.213.82 - - [26/Dec/2019:05:02:28 -0500] "GET /PruebasSTORM/StormSDA_pruebas/userFiles/user_files/85/?C=S;O=D/ HTTP/1.1" 200 1752
69.30.213.82 - - [26/Dec/2019:05:02:29 -0500] "GET /PruebasSTORM/StormSDA_pruebas/userFiles/user_files/97/?C=S;O=D/ HTTP/1.1" 200 1752
69.30.213.82 - - [26/Dec/2019:05:02:31 -0500] "GET /PruebasSTORM/silvicultura2Pruebas/?C=M;O=D/ HTTP/1.1" 200 1231
69.30.213.82 - - [26/Dec/2019:05:02:32 -0500] "GET /StormSDA/userFiles/user_files/89/?C=M;O=D/ HTTP/1.1" 200 813
69.30.213.82 - - [26/Dec/2019:05:02:34 -0500] "GET /StormSDA/userFiles/user_files/89/?C=N;O=A/ HTTP/1.1" 200 813
69.30.213.82 - - [26/Dec/2019:05:02:36 -0500] "GET /StormSDA/userFiles/user_files/98/?C=D;O=D/ HTTP/1.1" 200 813
69.30.213.82 - - [26/Dec/2019:05:02:37 -0500] "GET /StormSDA/userFiles/user_files/98/?C=M;O=D/ HTTP/1.1" 200 813
69.30.213.82 - - [26/Dec/2019:05:02:38 -0500] "GET /StormSDA/userFiles/user_files/98/?C=N;O=A/ HTTP/1.1" 200 813
66.249.64.63 - - [26/Dec/2019:05:02:40 -0500] "GET /BLA/resoluciones/RESOLUCIONES%202013/1390.pdf HTTP/1.1" 200 596304
69.30.213.82 - - [26/Dec/2019:05:02:40 -0500] "GET /StormSDA/userFiles/user_files/98/?C=S;O=A/ HTTP/1.1" 200 813
69.30.213.82 - - [26/Dec/2019:05:02:41 -0500] "GET /robots.txt HTTP/1.1" 404 1019
69.30.213.82 - - [26/Dec/2019:05:02:42 -0500] "GET /PORTAL_SIAC/?C=D;O=D/ HTTP/1.1" 200 1219
69.30.213.82 - - [26/Dec/2019:05:02:44 -0500] "GET /PORTAL_SIAC/?C=M;O=D/ HTTP/1.1" 200 1219
182.109.88.169 - - [26/Dec/2019:05:02:42 -0500] "GET /Residuos/curtiembres/files/guia_curtiembres.pdf HTTP/1.1" 200 13618642
69.30.213.82 - - [26/Dec/2019:05:02:45 -0500] "GET /POT-2013/index.php?dir=/ HTTP/1.1" 200 2682
69.30.213.82 - - [26/Dec/2019:05:02:47 -0500] "GET /POT-2013/index.php?dir=Articulado// HTTP/1.1" 200 1937
69.30.213.82 - - [26/Dec/2019:05:02:49 -0500] "GET /POT-2013/index.php?dir=Articulado/&sort=date&order=asc/ HTTP/1.1" 200 1856
69.30.213.82 - - [26/Dec/2019:05:02:50 -0500] "GET /POT-2013/index.php?dir=Articulado/&sort=name&order=asc/ HTTP/1.1" 200 1856
216.244.66.195 - - [26/Dec/2019:05:02:52 -0500] "GET /BLA/resoluciones/RESOLUCIONES%202010/0727.pdf HTTP/1.1" 200 106810
69.30.213.82 - - [26/Dec/2019:05:02:52 -0500] "GET /POT-2013/index.php?dir=Articulado/&sort=size&order=asc/ HTTP/1.1" 200 1856
69.30.213.82 - - [26/Dec/2019:05:02:54 -0500] "GET /POT-2013/index.php?dir=Cartografia// HTTP/1.1" 200 11586
69.30.213.82 - - [26/Dec/2019:05:02:56 -0500] "GET /POT-2013/index.php?dir=Cartografia/&sort=date&order=asc/ HTTP/1.1" 200 11464
69.30.213.82 - - [26/Dec/2019:05:02:57 -0500] "GET /POT-2013/index.php?dir=Cartografia/&sort=name&order=asc/ HTTP/1.1" 200 11464
69.30.213.82 - - [26/Dec/2019:05:02:59 -0500] "GET /POT-2013/index.php?dir=Cartografia/&sort=size&order=asc/ HTTP/1.1" 200 11464
69.30.213.82 - - [26/Dec/2019:05:03:01 -0500] "GET /POT-2013/index.php?dir=DTS// HTTP/1.1" 200 1837
69.162.124.232 - - [26/Dec/2019:05:03:01 -0500] "HEAD / HTTP/1.1" 200 -
69.30.213.82 - - [26/Dec/2019:05:03:02 -0500] "GET /POT-2013/index.php?dir=SEGUIMIENTO// HTTP/1.1" 200 2230
69.30.213.82 - - [26/Dec/2019:05:03:04 -0500] "GET /POT-2013/index.php?dir=expediente// HTTP/1.1" 200 1983
69.30.213.82 - - [26/Dec/2019:05:03:06 -0500] "GET /POT-2013/index.php?dir=memoria%20justificativa// HTTP/1.1" 200 2589
69.30.213.82 - - [26/Dec/2019:05:03:07 -0500] "GET /POT-2013/index.php?dir=memoria%20justificativa/&sort=date&order=asc/ HTTP/1.1" 200 2483
69.30.213.82 - - [26/Dec/2019:05:03:09 -0500] "GET /POT-2013/index.php?dir=memoria%20justificativa/&sort=name&order=asc/ HTTP/1.1" 200 2483
69.30.213.82 - - [26/Dec/2019:05:03:11 -0500] "GET /POT-2013/index.php?dir=memoria%20justificativa/&sort=size&order=asc/ HTTP/1.1" 200 2483
69.30.213.82 - - [26/Dec/2019:05:03:12 -0500] "GET /PruebasSTORM/StormSDA_pruebas/nsjars/?C=S;O=D/ HTTP/1.1" 200 4116
69.30.213.82 - - [26/Dec/2019:05:03:14 -0500] "GET /PruebasSTORM/StormSDA_pruebas/userFiles/user_files/85/?C=D;O=D/ HTTP/1.1" 200 1756
69.30.213.82 - - [26/Dec/2019:05:03:15 -0500] "GET /PruebasSTORM/StormSDA_pruebas/userFiles/user_files/85/?C=N;O=D/ HTTP/1.1" 200 1756
69.30.213.82 - - [26/Dec/2019:05:03:17 -0500] "GET /PruebasSTORM/StormSDA_pruebas/userFiles/user_files/formulas/4/?C=D;O=D/ HTTP/1.1" 200 905
69.30.213.82 - - [26/Dec/2019:05:03:19 -0500] "GET /SIG/index.php/ECS/126PM04-PR101.pdf/?dir=&sort=size&order=asc/ HTTP/1.1" 200 4978
69.30.213.82 - - [26/Dec/2019:05:03:20 -0500] "GET /SIG/index.php/ECS/126PM04-PR101.pdf/?dir=Comunicaciones// HTTP/1.1" 200 3193
69.30.213.82 - - [26/Dec/2019:05:03:22 -0500] "GET /SIG/index.php/ECS/126PM04-PR101.pdf/?dir=Control%20Disciplinario// HTTP/1.1" 200 2992
69.30.213.82 - - [26/Dec/2019:05:03:24 -0500] "GET /SIG/index.php/ECS/126PM04-PR101.pdf/?dir=Gestion%20Documental// HTTP/1.1" 200 5858
69.30.213.82 - - [26/Dec/2019:05:03:25 -0500] "GET /SIG/index.php/ECS/126PM04-PR101.pdf/?dir=Gestion%20Recursos%20Financieros// HTTP/1.1" 200 9166
69.30.213.82 - - [26/Dec/2019:05:03:27 -0500] "GET /SIG/index.php/ECS/126PM04-PR102.pdf/?dir=&sort=name&order=desc/ HTTP/1.1" 200 4978
69.30.213.82 - - [26/Dec/2019:05:03:29 -0500] "GET /SIG/index.php/ECS/126PM04-PR102.pdf/?dir=&sort=size&order=asc/ HTTP/1.1" 200 4978
66.249.64.61 - - [26/Dec/2019:05:03:30 -0500] "GET /BLA/resoluciones/RESOLUCIONES%202016/1227.pdf HTTP/1.1" 304 -
69.30.213.82 - - [26/Dec/2019:05:03:31 -0500] "GET /SIG/index.php/ECS/126PM04-PR102.pdf/?dir=Comunicaciones// HTTP/1.1" 200 3193
69.30.213.82 - - [26/Dec/2019:05:03:32 -0500] "GET /SIG/index.php/ECS/126PM04-PR102.pdf/?dir=Control%20Disciplinario// HTTP/1.1" 200 2992
69.30.213.82 - - [26/Dec/2019:05:03:34 -0500] "GET /SIG/index.php/ECS/126PM04-PR102.pdf/?dir=Control%20y%20mejora// HTTP/1.1" 200 3083
69.30.213.82 - - [26/Dec/2019:05:03:36 -0500] "GET /SIG/index.php/ECS/126PM04-PR102.pdf/?dir=Direccionamiento%20Estrategico// HTTP/1.1" 200 4256
69.30.213.82 - - [26/Dec/2019:05:03:38 -0500] "GET /SIG/index.php/ECS/126PM04-PR102.pdf/?dir=ECS// HTTP/1.1" 200 16902
69.30.213.82 - - [26/Dec/2019:05:03:39 -0500] "GET /SIG/index.php/ECS/126PM04-PR20.pdf/?dir=&sort=date&order=asc/ HTTP/1.1" 200 4959
69.30.213.82 - - [26/Dec/2019:05:03:41 -0500] "GET /SIG/index.php/ECS/126PM04-PR20.pdf/?dir=&sort=name&order=desc/ HTTP/1.1" 200 4959
69.30.213.82 - - [26/Dec/2019:05:03:43 -0500] "GET /SIG/index.php/ECS/126PM04-PR20.pdf/?dir=&sort=size&order=asc/ HTTP/1.1" 200 4959
69.30.213.82 - - [26/Dec/2019:05:03:44 -0500] "GET /SIG/index.php/ECS/126PM04-PR20.pdf/?dir=Comunicaciones// HTTP/1.1" 200 3186
69.30.213.82 - - [26/Dec/2019:05:03:46 -0500] "GET /SIG/index.php/ECS/126PM04-PR20.pdf/?dir=Control%20Disciplinario// HTTP/1.1" 200 2985
216.244.66.195 - - [26/Dec/2019:05:03:47 -0500] "GET /BLA/resoluciones/RESOLUCIONES%202010/0776.pdf HTTP/1.1" 200 96291
69.30.213.82 - - [26/Dec/2019:05:03:48 -0500] "GET /SIG/index.php/ECS/126PM04-PR20.pdf/?dir=Control%20y%20mejora// HTTP/1.1" 200 3075
69.30.213.82 - - [26/Dec/2019:05:03:50 -0500] "GET /SIG/index.php/ECS/126PM04-PR20.pdf/?dir=Direccionamiento%20Estrategico// HTTP/1.1" 200 4249
69.30.213.82 - - [26/Dec/2019:05:03:51 -0500] "GET /SIG/index.php/ECS/126PM04-PR20.pdf/?dir=ECS// HTTP/1.1" 200 16895
69.30.213.82 - - [26/Dec/2019:05:03:53 -0500] "GET /SIG/index.php/ECS/126PM04-PR22.pdf/?dir=Control%20Disciplinario// HTTP/1.1" 200 2985
69.30.213.82 - - [26/Dec/2019:05:03:55 -0500] "GET /SIG/index.php/ECS/126PM04-PR22.pdf/?dir=Control%20y%20mejora// HTTP/1.1" 200 3075
69.30.213.82 - - [26/Dec/2019:05:03:57 -0500] "GET /SIG/index.php/ECS/126PM04-PR23.pdf/?dir=Control%20y%20mejora//&sort=name&order=desc/ HTTP/1.1" 200 3074
69.30.213.82 - - [26/Dec/2019:05:03:58 -0500] "GET /SIG/index.php/ECS/126PM04-PR94.pdf/?dir=&sort=name&order=desc/ HTTP/1.1" 200 4959
69.30.213.82 - - [26/Dec/2019:05:04:00 -0500] "GET /SIG/index.php/ECS/126PM04-PR94.pdf/?dir=Comunicaciones// HTTP/1.1" 200 3186
69.30.213.82 - - [26/Dec/2019:05:04:01 -0500] "GET /SIG/index.php/Gestion%20Recursos%20Financieros/126PA02-PR21%20RELACION%20DE%20AUTORIZACION.pdf/?dir=Comunicaciones// HTTP/1.1" 200 3586
69.30.213.82 - - [26/Dec/2019:05:04:03 -0500] "GET /SIG/index.php/Gestion%20Recursos%20Financieros/126PA02-PR24%20ELABORACION%20ESTADOS%20FINANCIEROS.pdf/?dir=&sort=size&order=asc/ HTTP/1.1" 200 6092
69.30.213.82 - - [26/Dec/2019:05:04:05 -0500] "GET /SIG/index.php/Gestion%20Recursos%20Financieros/126PA02-PR24%20ELABORACION%20ESTADOS%20FINANCIEROS.pdf/?dir=Comunicaciones// HTTP/1.1" 200 3635
69.30.213.82 - - [26/Dec/2019:05:04:07 -0500] "GET /SIG/index.php/Gestion%20Recursos%20Financieros/126PA02-PR24%20ELABORACION%20ESTADOS%20FINANCIEROS.pdf/?dir=Control%20Disciplinario// HTTP/1.1" 200 3434
69.30.213.82 - - [26/Dec/2019:05:04:08 -0500] "GET /SIG/index.php/Gestion%20Recursos%20Financieros/126PA02-PR24%20ELABORACION%20ESTADOS%20FINANCIEROS.pdf/?dir=Control%20y%20mejora// HTTP/1.1" 200 3581
69.30.213.82 - - [26/Dec/2019:05:04:10 -0500] "GET /SIG/index.php/Gestion%20Recursos%20Financieros/126PA02-PR25%20REGISTRO%20MOVIMIENTO%20Y%20CONTROL%20ALMACEN.pdf/?dir=&sort=date&order=asc/ HTTP/1.1" 200 6206
69.30.213.82 - - [26/Dec/2019:05:04:11 -0500] "GET /SIG/index.php/Gestion%20Recursos%20Financieros/126PA02-PR25%20REGISTRO%20MOVIMIENTO%20Y%20CONTROL%20ALMACEN.pdf/?dir=&sort=name&order=desc/ HTTP/1.1" 200 6206
69.30.213.82 - - [26/Dec/2019:05:04:13 -0500] "GET /SIG/index.php/Gestion%20Recursos%20Financieros/126PA02-PR25%20REGISTRO%20MOVIMIENTO%20Y%20CONTROL%20ALMACEN.pdf/?dir=&sort=size&order=asc/ HTTP/1.1" 200 6206
69.30.213.82 - - [26/Dec/2019:05:04:15 -0500] "GET /SIG/index.php/Gestion%20Recursos%20Financieros/126PA02-PR25%20REGISTRO%20MOVIMIENTO%20Y%20CONTROL%20ALMACEN.pdf/?dir=Comunicaciones// HTTP/1.1" 200 3677
69.30.213.82 - - [26/Dec/2019:05:04:17 -0500] "GET /SIG/index.php/Gestion%20Recursos%20Financieros/126PA02-PR25%20REGISTRO%20MOVIMIENTO%20Y%20CONTROL%20ALMACEN.pdf/?dir=Control%20Disciplinario// HTTP/1.1" 200 3476
69.30.213.82 - - [26/Dec/2019:05:04:18 -0500] "GET /SIG/index.php/Gestion%20Recursos%20Financieros/126PA02-PR25%20REGISTRO%20MOVIMIENTO%20Y%20CONTROL%20ALMACEN.pdf/?dir=Control%20y%20mejora// HTTP/1.1" 200 3629
69.30.213.82 - - [26/Dec/2019:05:04:20 -0500] "GET /SIG/index.php/Gestion%20Recursos%20Financieros/126PA02-PR25%20REGISTRO%20MOVIMIENTO%20Y%20CONTROL%20ALMACEN.pdf/?dir=Direccionamiento%20Estrategico// HTTP/1.1" 200 4740
66.249.64.59 - - [26/Dec/2019:05:04:20 -0500] "GET /BLA/resoluciones/RESOLUCIONES%202011/0271.pdf HTTP/1.1" 200 343627
69.30.213.82 - - [26/Dec/2019:05:04:22 -0500] "GET /SIG/index.php/Gestion%20Recursos%20Financieros/126PA02-PR27%20TRAMITE%20PAGOS.pdf/?dir=&sort=date&order=asc/ HTTP/1.1" 200 5750
69.30.213.82 - - [26/Dec/2019:05:04:23 -0500] "GET /SIG/index.php/Gestion%20Recursos%20Financieros/126PA02-PR27%20TRAMITE%20PAGOS.pdf/?dir=&sort=name&order=desc/ HTTP/1.1" 200 5750
69.30.213.82 - - [26/Dec/2019:05:04:25 -0500] "GET /SIG/index.php/Gestion%20Recursos%20Financieros/126PA02-PR27%20TRAMITE%20PAGOS.pdf/?dir=Comunicaciones// HTTP/1.1" 200 3509
69.30.213.82 - - [26/Dec/2019:05:04:26 -0500] "GET /SIG/index.php?dir=Control%20Disciplinario/&sort=date&order=asc/ HTTP/1.1" 200 2703
69.30.213.82 - - [26/Dec/2019:05:04:28 -0500] "GET /SIG/index.php?dir=Control%20Disciplinario/&sort=name&order=asc/ HTTP/1.1" 200 2703
69.30.213.82 - - [26/Dec/2019:05:04:30 -0500] "GET /SIG/index.php?dir=Control%20Disciplinario/&sort=size&order=asc/ HTTP/1.1" 200 2703
69.30.213.82 - - [26/Dec/2019:05:04:31 -0500] "GET /SIG/index.php?dir=Control%20Disciplinario//&sort=date&order=asc/ HTTP/1.1" 200 2802
69.30.213.82 - - [26/Dec/2019:05:04:33 -0500] "GET /SIG/index.php?dir=Control%20y%20mejora/&sort=date&order=asc/ HTTP/1.1" 200 2776
69.30.213.82 - - [26/Dec/2019:05:04:35 -0500] "GET /SIG/index.php?dir=Control%20y%20mejora/&sort=name&order=asc/ HTTP/1.1" 200 2776
69.30.213.82 - - [26/Dec/2019:05:04:36 -0500] "GET /SIG/index.php?dir=Control%20y%20mejora/&sort=name&order=desc/ HTTP/1.1" 200 2776
69.30.213.82 - - [26/Dec/2019:05:04:38 -0500] "GET /SIG/index.php?dir=Control%20y%20mejora/&sort=size&order=asc/ HTTP/1.1" 200 2776
69.30.213.82 - - [26/Dec/2019:05:04:40 -0500] "GET /SIG/index.php?dir=Control%20y%20mejora/Control%20y%20mejora// HTTP/1.1" 200 2953
69.30.213.82 - - [26/Dec/2019:05:04:41 -0500] "GET /SIG/index.php?dir=Control%20y%20mejora/Control%20y%20mejora/&sort=name&order=asc/ HTTP/1.1" 200 2842
69.30.213.82 - - [26/Dec/2019:05:04:43 -0500] "GET /SIG/index.php?dir=Control%20y%20mejora/Control%20y%20mejora/&sort=size&order=asc/ HTTP/1.1" 200 2842
69.30.213.82 - - [26/Dec/2019:05:04:45 -0500] "GET /SIG/index.php?dir=ECS/&sort=name&order=desc/ HTTP/1.1" 200 16569
69.30.213.82 - - [26/Dec/2019:05:04:47 -0500] "GET /SIG/index.php?dir=Gestion%20Documental/&sort=name&order=desc/ HTTP/1.1" 200 5566
69.30.213.82 - - [26/Dec/2019:05:04:48 -0500] "GET /SIG/index.php?dir=Gestion%20Recursos%20Financieros//&sort=date&order=asc/ HTTP/1.1" 200 8976
69.30.213.82 - - [26/Dec/2019:05:04:50 -0500] "GET /StormSDA/userFiles%20-%20Copy%2019-07-2012/user_files/90/?C=D;O=A/ HTTP/1.1" 200 877
69.30.213.82 - - [26/Dec/2019:05:04:51 -0500] "GET /StormSDA/userFiles%20-%20Copy%2019-07-2012/user_files/90/?C=M;O=A/ HTTP/1.1" 200 877
69.30.213.82 - - [26/Dec/2019:05:04:53 -0500] "GET /StormSDA/userFiles%20-%20Copy%2019-07-2012/user_files/90/?C=N;O=D/ HTTP/1.1" 200 877
69.30.213.82 - - [26/Dec/2019:05:04:55 -0500] "GET /StormSDA/userFiles%20-%20Copy%2019-07-2012/user_files/90/?C=S;O=A/ HTTP/1.1" 200 877
69.30.213.82 - - [26/Dec/2019:05:04:56 -0500] "GET /StormSDA/userFiles%20-%20Copy%2019-07-2012/user_files/91/?C=D;O=A/ HTTP/1.1" 200 877
69.30.213.82 - - [26/Dec/2019:05:04:58 -0500] "GET /StormSDA/userFiles%20-%20Copy%2019-07-2012/user_files/91/?C=M;O=A/ HTTP/1.1" 200 877
69.30.213.82 - - [26/Dec/2019:05:04:59 -0500] "GET /StormSDA/userFiles%20-%20Copy%2019-07-2012/user_files/91/?C=N;O=D/ HTTP/1.1" 200 877
69.30.213.82 - - [26/Dec/2019:05:05:00 -0500] "GET /StormSDA/userFiles%20-%20Copy%2019-07-2012/user_files/91/?C=S;O=A/ HTTP/1.1" 200 877
69.30.213.82 - - [26/Dec/2019:05:05:02 -0500] "GET /StormSDA/userFiles%20-%20Copy%2019-07-2012/user_files/92/?C=D;O=A/ HTTP/1.1" 200 877
69.30.213.82 - - [26/Dec/2019:05:05:04 -0500] "GET /StormSDA/userFiles%20-%20Copy%2019-07-2012/user_files/92/?C=M;O=A/ HTTP/1.1" 200 877
69.30.213.82 - - [26/Dec/2019:05:05:05 -0500] "GET /StormSDA/userFiles%20-%20Copy%2019-07-2012/user_files/92/?C=N;O=D/ HTTP/1.1" 200 877
69.30.213.82 - - [26/Dec/2019:05:05:07 -0500] "GET /StormSDA/userFiles%20-%20Copy%2019-07-2012/user_files/92/?C=S;O=A/ HTTP/1.1" 200 877
69.30.213.82 - - [26/Dec/2019:05:05:08 -0500] "GET /StormSDA/userFiles%20-%20Copy%2019-07-2012/user_files/93/?C=D;O=A/ HTTP/1.1" 200 877
216.244.66.195 - - [26/Dec/2019:05:05:08 -0500] "GET /BLA/resoluciones/RESOLUCIONES%202010/1060.pdf HTTP/1.1" 200 104744
69.30.213.82 - - [26/Dec/2019:05:05:10 -0500] "GET /StormSDA/userFiles%20-%20Copy%2019-07-2012/user_files/93/?C=M;O=A/ HTTP/1.1" 200 877
66.249.64.59 - - [26/Dec/2019:05:05:11 -0500] "GET /BLA/resoluciones/AUTOS%202015/1388.pdf HTTP/1.1" 200 631577
69.30.213.82 - - [26/Dec/2019:05:05:11 -0500] "GET /StormSDA/userFiles%20-%20Copy%2019-07-2012/user_files/93/?C=N;O=D/ HTTP/1.1" 200 877
69.30.213.82 - - [26/Dec/2019:05:05:13 -0500] "GET /StormSDA/userFiles%20-%20Copy%2019-07-2012/user_files/93/?C=S;O=A/ HTTP/1.1" 200 877
69.30.213.82 - - [26/Dec/2019:05:05:14 -0500] "GET /StormSDA/userFiles%20-%20Copy%2019-07-2012/user_files/94/?C=D;O=A/ HTTP/1.1" 200 877
69.30.213.82 - - [26/Dec/2019:05:05:16 -0500] "GET /StormSDA/userFiles%20-%20Copy%2019-07-2012/user_files/94/?C=M;O=A/ HTTP/1.1" 200 877
69.30.213.82 - - [26/Dec/2019:05:05:17 -0500] "GET /StormSDA/userFiles%20-%20Copy%2019-07-2012/user_files/94/?C=S;O=A/ HTTP/1.1" 200 877
69.30.213.82 - - [26/Dec/2019:05:05:19 -0500] "GET /StormSDA/userFiles%20-%20Copy%2019-07-2012/user_files/95/?C=D;O=A/ HTTP/1.1" 200 877
69.30.213.82 - - [26/Dec/2019:05:05:20 -0500] "GET /StormSDA/userFiles%20-%20Copy%2019-07-2012/user_files/95/?C=M;O=A/ HTTP/1.1" 200 877
69.30.213.82 - - [26/Dec/2019:05:05:22 -0500] "GET /StormSDA/userFiles%20-%20Copy%2019-07-2012/user_files/95/?C=N;O=D/ HTTP/1.1" 200 877
69.30.213.82 - - [26/Dec/2019:05:05:23 -0500] "GET /StormSDA/userFiles%20-%20Copy%2019-07-2012/user_files/95/?C=S;O=A/ HTTP/1.1" 200 877
69.30.213.82 - - [26/Dec/2019:05:05:25 -0500] "GET /StormSDA/userFiles%20-%20Copy%2019-07-2012/user_files/formulas/3/?C=D;O=D/ HTTP/1.1" 200 902
69.30.213.82 - - [26/Dec/2019:05:05:27 -0500] "GET /StormSDA/userFiles%20-%20Copy%2019-07-2012/user_files/formulas/3/?C=M;O=D/ HTTP/1.1" 200 902
69.30.213.82 - - [26/Dec/2019:05:05:28 -0500] "GET /StormSDA/userFiles/backup%2027-09-2012/?C=N;O=D/ HTTP/1.1" 200 5696
69.30.213.82 - - [26/Dec/2019:05:05:30 -0500] "GET /StormSDA/userFiles/user_files/87/?C=M;O=D/ HTTP/1.1" 200 817
69.30.213.82 - - [26/Dec/2019:05:05:31 -0500] "GET /StormSDA/userFiles/user_files/88/?C=D;O=D/ HTTP/1.1" 200 817
69.30.213.82 - - [26/Dec/2019:05:05:33 -0500] "GET /StormSDA/userFiles/user_files/89/?C=N;O=D/ HTTP/1.1" 200 817
69.30.213.82 - - [26/Dec/2019:05:05:35 -0500] "GET /StormSDA/userFiles/user_files/90/?C=N;O=D/ HTTP/1.1" 200 817
69.30.213.82 - - [26/Dec/2019:05:05:36 -0500] "GET /StormSDA/userFiles/user_files/formatos/eventos/?C=D;O=D/ HTTP/1.1" 200 854
69.30.213.82 - - [26/Dec/2019:05:05:38 -0500] "GET /ecodirectorio/?C=D;O=A/ HTTP/1.1" 200 749
69.30.213.82 - - [26/Dec/2019:05:05:40 -0500] "GET /ecodirectorio/?C=D;O=D/ HTTP/1.1" 200 749
69.30.213.82 - - [26/Dec/2019:05:05:41 -0500] "GET /ecodirectorio/?C=M;O=A/ HTTP/1.1" 200 749
69.30.213.82 - - [26/Dec/2019:05:05:42 -0500] "GET /ecodirectorio/?C=M;O=D/ HTTP/1.1" 200 749
69.30.213.82 - - [26/Dec/2019:05:05:44 -0500] "GET /ecodirectorio/?C=N;O=A/ HTTP/1.1" 200 749
69.30.213.82 - - [26/Dec/2019:05:05:46 -0500] "GET /ecodirectorio/?C=N;O=D/ HTTP/1.1" 200 749
69.30.213.82 - - [26/Dec/2019:05:05:47 -0500] "GET /ecodirectorio/?C=S;O=A/ HTTP/1.1" 200 749
69.30.213.82 - - [26/Dec/2019:05:05:49 -0500] "GET /ecodirectorio/?C=S;O=D/ HTTP/1.1" 200 749
69.30.213.82 - - [26/Dec/2019:05:05:50 -0500] "GET /robots.txt HTTP/1.1" 404 1019
69.30.213.82 - - [26/Dec/2019:05:05:51 -0500] "GET /galeria/Carrusel2/?C=S;O=D/ HTTP/1.1" 200 2148
69.30.213.82 - - [26/Dec/2019:05:05:53 -0500] "GET /galeria/carrusel/Carrusel/?C=D;O=A/ HTTP/1.1" 200 2900
69.30.213.82 - - [26/Dec/2019:05:05:55 -0500] "GET /galeria/carrusel/Carrusel/?C=M;O=A/ HTTP/1.1" 200 2900
69.30.213.82 - - [26/Dec/2019:05:05:56 -0500] "GET /galeria/carrusel/Carrusel/?C=N;O=D/ HTTP/1.1" 200 2900
69.30.213.82 - - [26/Dec/2019:05:05:58 -0500] "GET /galeria/carrusel/Carrusel/?C=S;O=A/ HTTP/1.1" 200 2900
69.30.213.82 - - [26/Dec/2019:05:05:59 -0500] "GET /galeria/galeria/?C=N;O=D/ HTTP/1.1" 200 3182
69.30.213.82 - - [26/Dec/2019:05:06:01 -0500] "GET /galeria/juegos/objects/?C=D;O=A/ HTTP/1.1" 200 783
66.249.64.59 - - [26/Dec/2019:05:06:01 -0500] "GET /BLA/resoluciones/RESOLUCIONES%202017/3179.pdf HTTP/1.1" 304 -
69.30.213.82 - - [26/Dec/2019:05:06:02 -0500] "GET /galeria/juegos/objects/?C=M;O=A/ HTTP/1.1" 200 783
69.30.213.82 - - [26/Dec/2019:05:06:04 -0500] "GET /galeria/juegos/objects/?C=N;O=A/ HTTP/1.1" 200 783
69.30.213.82 - - [26/Dec/2019:05:06:05 -0500] "GET /galeria/juegos/objects/?C=S;O=D/ HTTP/1.1" 200 783
69.30.213.82 - - [26/Dec/2019:05:06:07 -0500] "GET /galeria/mapa2/?C=N;O=D/ HTTP/1.1" 200 5108
69.30.213.82 - - [26/Dec/2019:05:06:08 -0500] "GET /galeria/nivo-slider/?C=D;O=A/ HTTP/1.1" 200 2707
69.30.213.82 - - [26/Dec/2019:05:06:10 -0500] "GET /galeria/nivo-slider/?C=M;O=A/ HTTP/1.1" 200 2707
69.30.213.82 - - [26/Dec/2019:05:06:11 -0500] "GET /galeria/nivo-slider/?C=N;O=A/ HTTP/1.1" 200 2707
69.30.213.82 - - [26/Dec/2019:05:06:13 -0500] "GET /galeria/nivo-slider/?C=N;O=D/ HTTP/1.1" 200 2707
122.102.30.170 - - [26/Dec/2019:05:06:13 -0500] "GET / HTTP/1.1" 200 9990
69.30.213.82 - - [26/Dec/2019:05:06:14 -0500] "GET /galeria/nivo-slider/?C=S;O=A/ HTTP/1.1" 200 2707
69.30.213.82 - - [26/Dec/2019:05:06:16 -0500] "GET /galeria/nivo-slider/demo/?C=N;O=D/ HTTP/1.1" 200 6454
69.30.213.82 - - [26/Dec/2019:05:06:18 -0500] "GET /galeria/nivo-slider/demo/images/?C=D;O=D/ HTTP/1.1" 200 282470
69.30.213.82 - - [26/Dec/2019:05:06:20 -0500] "GET /galeria/nivo-slider/demo/images/?C=M;O=D/ HTTP/1.1" 200 282470
69.30.213.82 - - [26/Dec/2019:05:06:23 -0500] "GET /galeria/nivo-slider/demo/images/II%20FORO%20Buenas%20pr%C3%A1cticas.jpg/ HTTP/1.1" 404 1019
69.30.213.82 - - [26/Dec/2019:05:06:25 -0500] "GET /galeria/nivo-slider/demo/images/Introducci%C3%B3n%20a%20la%20%C3%A9tica%20animal%20y%20ambiental%202.jpg/ HTTP/1.1" 404 1019
69.30.213.82 - - [26/Dec/2019:05:06:26 -0500] "GET /galeria/nivo-slider/demo/images/LP%E2%80%93079%E2%80%932017.jpg/ HTTP/1.1" 404 1019
69.30.213.82 - - [26/Dec/2019:05:06:28 -0500] "GET /galeria/nivo-slider/demo/images/Ni%C3%B1os01.jpg/ HTTP/1.1" 404 1019
69.30.213.82 - - [26/Dec/2019:05:06:29 -0500] "GET /galeria/nivo-slider/demo/scripts/?C=N;O=D/ HTTP/1.1" 200 1678
69.30.213.82 - - [26/Dec/2019:05:06:31 -0500] "GET /galeria/nivo-slider/themes/?C=N;O=D/ HTTP/1.1" 200 1425
69.30.213.82 - - [26/Dec/2019:05:06:33 -0500] "GET /galeria/nivo-slider/themes/pascal/?C=D;O=D/ HTTP/1.1" 200 2313
69.30.213.82 - - [26/Dec/2019:05:06:34 -0500] "GET /galeria/nivo-slider/themes/pascal/?C=N;O=A/ HTTP/1.1" 200 2313
69.30.213.82 - - [26/Dec/2019:05:06:36 -0500] "GET /galeria/nivo-slider/themes/pascal/?C=S;O=D/ HTTP/1.1" 200 2313
69.30.213.82 - - [26/Dec/2019:05:06:37 -0500] "GET /huelladecarbono/?C=D;O=A/ HTTP/1.1" 200 5211
69.30.213.82 - - [26/Dec/2019:05:06:39 -0500] "GET /huelladecarbono/?C=D;O=D/ HTTP/1.1" 200 5211
186.113.10.19 - - [26/Dec/2019:05:06:40 -0500] "GET /galeria/nivo-slider/demo/images/bannerrendicion.jpg HTTP/1.1" 304 -
69.30.213.82 - - [26/Dec/2019:05:06:40 -0500] "GET /huelladecarbono/?C=M;O=A/ HTTP/1.1" 200 5211
69.30.213.82 - - [26/Dec/2019:05:06:42 -0500] "GET /huelladecarbono/?C=M;O=D/ HTTP/1.1" 200 5211
69.30.213.82 - - [26/Dec/2019:05:06:43 -0500] "GET /huelladecarbono/?C=N;O=A/ HTTP/1.1" 200 5211
69.30.213.82 - - [26/Dec/2019:05:06:45 -0500] "GET /huelladecarbono/?C=N;O=D/ HTTP/1.1" 200 5211
69.30.213.82 - - [26/Dec/2019:05:06:46 -0500] "GET /huelladecarbono/?C=S;O=A/ HTTP/1.1" 200 5211
69.30.213.82 - - [26/Dec/2019:05:06:48 -0500] "GET /huelladecarbono/?C=S;O=D/ HTTP/1.1" 200 5211
69.30.213.82 - - [26/Dec/2019:05:06:49 -0500] "GET /kmz/?C=D;O=A/ HTTP/1.1" 200 4481
69.30.213.82 - - [26/Dec/2019:05:06:51 -0500] "GET /kmz/?C=M;O=A/ HTTP/1.1" 200 4481
66.249.64.61 - - [26/Dec/2019:05:06:51 -0500] "GET /BLA/resoluciones/RESOLUCIONES%202010/5586.pdf HTTP/1.1" 304 -
69.30.213.82 - - [26/Dec/2019:05:06:53 -0500] "GET /kmz/?C=N;O=A/ HTTP/1.1" 200 4481
69.30.213.82 - - [26/Dec/2019:05:06:54 -0500] "GET /kmz/?C=N;O=D/ HTTP/1.1" 200 4481
69.30.213.82 - - [26/Dec/2019:05:06:56 -0500] "GET /kmz/?C=S;O=A/ HTTP/1.1" 200 4481
69.30.213.82 - - [26/Dec/2019:05:06:57 -0500] "GET /kmz/?C=S;O=D/ HTTP/1.1" 200 4481
216.244.66.195 - - [26/Dec/2019:05:07:12 -0500] "GET /BLA/resoluciones/RESOLUCIONES%202010/1102.pdf HTTP/1.1" 200 104962
69.162.124.232 - - [26/Dec/2019:05:08:01 -0500] "HEAD / HTTP/1.1" 200 -
216.244.66.195 - - [26/Dec/2019:05:08:41 -0500] "GET /BLA/resoluciones/RESOLUCIONES%202010/1123.pdf HTTP/1.1" 200 103378
66.249.64.59 - - [26/Dec/2019:05:11:53 -0500] "GET /BLA/resoluciones/AUTOS%202014/4762.pdf HTTP/1.1" 304 -
207.46.13.80 - - [26/Dec/2019:05:12:09 -0500] "GET /galeria/nivo-slider/jquery.nivo.slider.pack.js HTTP/1.1" 200 11561
207.46.13.62 - - [26/Dec/2019:05:12:14 -0500] "GET /galeria/carrusel/Carrusel/jquery-ui-1.8.13.custom.min.js HTTP/1.1" 200 10800
207.46.13.62 - - [26/Dec/2019:05:12:14 -0500] "GET /galeria/nivo-slider/demo/scripts/jquery-1.7.1.min.js HTTP/1.1" 200 93868
207.46.13.36 - - [26/Dec/2019:05:12:25 -0500] "GET /galeria/carrusel/Carrusel/jquery.thumbnailScroller.js HTTP/1.1" 200 8157
66.249.64.63 - - [26/Dec/2019:05:12:44 -0500] "GET /BLA/resoluciones/RESOLUCIONES%202014/2678.pdf HTTP/1.1" 304 -
54.36.148.149 - - [26/Dec/2019:05:12:52 -0500] "GET /BLA/resoluciones/RESOLUCIONES%202003/RES%202003%201051-1100/1074.tif HTTP/1.1" 200 133688
69.162.124.232 - - [26/Dec/2019:05:13:01 -0500] "HEAD / HTTP/1.1" 200 -
66.249.64.61 - - [26/Dec/2019:05:13:34 -0500] "GET /BLA/resoluciones/RESOLUCIONES%202013/2729.pdf HTTP/1.1" 304 -
66.249.64.61 - - [26/Dec/2019:05:14:24 -0500] "GET /BLA/resoluciones/AUTOS%202013/0851.pdf HTTP/1.1" 200 1567705
66.249.64.59 - - [26/Dec/2019:05:15:15 -0500] "GET /BLA/resoluciones/AUTOS%202016/2977.pdf HTTP/1.1" 304 -
46.229.168.154 - - [26/Dec/2019:05:15:30 -0500] "GET /robots.txt HTTP/1.1" 404 1019
46.229.168.143 - - [26/Dec/2019:05:15:30 -0500] "GET /Autoliquidacion/index.php?dir=Solicitudes%2Brelacionadas%2Bcon%2Bocupaci%C3%83%C2%83%C3%82%C2%B3n%2Bde%2Bcauce%2F&order=desc&sort=date HTTP/1.1" 200 6693
66.249.64.61 - - [26/Dec/2019:05:16:05 -0500] "GET /BLA/resoluciones/RESOLUCIONES%202007/RES%202007%202501%20AL%202600/RESOLUCION%202600%20DE%202007.pdf HTTP/1.1" 304 -
201.245.192.253 - - [26/Dec/2019:05:15:43 -0500] "POST /kwsrmcab/Wsrmcab HTTP/1.1" 200 32296
201.245.192.253 - - [26/Dec/2019:05:15:43 -0500] "POST /kwsrmcab/Wsrmcab HTTP/1.1" 200 32270
54.36.148.180 - - [26/Dec/2019:05:16:51 -0500] "GET /BLA/resoluciones/RESOLUCIONES%202004/RES%202004%20851-900/00000861.tif HTTP/1.1" 200 91434
201.245.192.253 - - [26/Dec/2019:05:16:18 -0500] "POST /kwsrmcab/Wsrmcab HTTP/1.1" 200 32270
54.36.149.42 - - [26/Dec/2019:05:17:15 -0500] "GET /BLA/resoluciones/index.php?dir=RESOLUCIONES%202003/RES%202003%201601-1650/&sort=date&order=asc HTTP/1.1" 200 12152
66.249.64.61 - - [26/Dec/2019:05:17:46 -0500] "GET /BLA/resoluciones/AUTOS%202015/0744.pdf HTTP/1.1" 304 -
69.162.124.232 - - [26/Dec/2019:05:18:01 -0500] "HEAD / HTTP/1.1" 200 -
14.160.25.90 - - [26/Dec/2019:05:18:06 -0500] "GET /galeria/galeria/jquery.fancybox.css?v=2.1.5 HTTP/1.1" 200 4895
14.160.25.90 - - [26/Dec/2019:05:18:06 -0500] "GET /BLA/boletinlegal/js/jquery.scrollShow.js HTTP/1.1" 200 4586
14.160.25.90 - - [26/Dec/2019:05:18:06 -0500] "GET /galeria/galeria/jquery.fancybox.js?v=2.1.5 HTTP/1.1" 200 48706
54.36.149.94 - - [26/Dec/2019:05:18:50 -0500] "GET /BLA/resoluciones/RESOLUCIONES%202003/RES%202003%201701-1750/20031710.tif HTTP/1.1" 200 42622
157.55.39.249 - - [26/Dec/2019:05:18:54 -0500] "GET /POT-2013/Cartografia/20_Sistema%20de%20Alcantarillado_FEB.pdf HTTP/1.1" 304 -
66.249.64.59 - - [26/Dec/2019:05:19:26 -0500] "GET /BLA/resoluciones/RESOLUCIONES%202017/2854.pdf HTTP/1.1" 304 -
66.249.64.61 - - [26/Dec/2019:05:20:17 -0500] "GET /BLA/resoluciones/RESOLUCIONES%202007/RES%202007%202001%20AL%202100/RESOLUCION%202074%20DE%202007.pdf HTTP/1.1" 304 -
186.84.20.195 - - [26/Dec/2019:05:20:31 -0500] "GET /BLA/boletinlegal/js/jquery.scrollShow.js HTTP/1.1" 200 4586
186.84.20.195 - - [26/Dec/2019:05:20:31 -0500] "GET /galeria/galeria/jquery.fancybox.css?v=2.1.5 HTTP/1.1" 200 4895
186.84.20.195 - - [26/Dec/2019:05:20:31 -0500] "GET /galeria/galeria/jquery.fancybox.js?v=2.1.5 HTTP/1.1" 200 48706
66.249.64.59 - - [26/Dec/2019:05:21:07 -0500] "GET /BLA/resoluciones/RESOLUCIONES%202012/1055.pdf HTTP/1.1" 200 1162207
186.84.90.191 - - [26/Dec/2019:05:21:26 -0500] "GET /galeria/nivo-slider/demo/inicio.html HTTP/1.1" 304 -
186.84.90.191 - - [26/Dec/2019:05:21:27 -0500] "GET /galeria/nivo-slider/demo/images/bannerjardines.jpg HTTP/1.1" 304 -
186.84.90.191 - - [26/Dec/2019:05:21:28 -0500] "GET /galeria/nivo-slider/demo/images/Bannerserpiente2019.jpg HTTP/1.1" 304 -
69.162.124.232 - - [26/Dec/2019:05:23:01 -0500] "HEAD / HTTP/1.1" 200 -
216.244.66.195 - - [26/Dec/2019:05:23:38 -0500] "GET /BLA/resoluciones/AUTOS%202007/2074.pdf HTTP/1.1" 200 137083
66.249.64.61 - - [26/Dec/2019:05:23:38 -0500] "GET /BLA/resoluciones/AUTOS%202015/3219.pdf HTTP/1.1" 304 -
216.244.66.195 - - [26/Dec/2019:05:23:43 -0500] "GET /BLA/resoluciones/AUTOS%202007/2192.pdf HTTP/1.1" 200 156356
66.249.64.61 - - [26/Dec/2019:05:24:29 -0500] "GET /BLA/resoluciones/Notificaciones/RESOLUCIONES%202015/02298.doc HTTP/1.1" 200 88810
216.244.66.195 - - [26/Dec/2019:05:24:37 -0500] "GET /BLA/resoluciones/AUTOS%202007/2194.pdf HTTP/1.1" 200 355941
66.249.64.59 - - [26/Dec/2019:05:25:19 -0500] "GET /interaccion/0003.%20Presentaci%C3%B3n%20SPPA%20-SDA.pdf HTTP/1.1" 200 4756669
216.244.66.195 - - [26/Dec/2019:05:25:27 -0500] "GET /BLA/resoluciones/AUTOS%202007/2208.pdf HTTP/1.1" 200 125440
169.197.108.38 - - [26/Dec/2019:05:25:44 -0500] "GET / HTTP/1.1" 200 9990
201.245.192.253 - - [26/Dec/2019:05:25:42 -0500] "POST /kwsrmcab/Wsrmcab HTTP/1.1" 200 32296
216.244.66.195 - - [26/Dec/2019:05:26:52 -0500] "GET /BLA/resoluciones/AUTOS%202007/2243.pdf HTTP/1.1" 200 127773
46.229.168.148 - - [26/Dec/2019:05:27:28 -0500] "GET /Autoliquidacion/index.php?dir=Solicitud%2Bde%2Bexpedici%C3%83%C2%83%C3%82%C2%83%C3%83%C2%82%C3%82%C2%83%C3%83%C2%83%C3%82%C2%82%C3%83%C2%82%C3%82%C2%B3n%2Bde%2Bcertificados%2Bde%2Bestado%2Bde%2Bconservaci%C3%83%C2%83%C3%82%C2%83%C3%83%C2%82%C3%82%C2%83%C3%83%C2%83%C3%82%C2%82%C3%83%C2%82%C3%82%C2%B3n%2Bambiental%2B%28CECA%29%2F&order=desc&sort=date HTTP/1.1" 200 6963
66.249.64.59 - - [26/Dec/2019:05:27:50 -0500] "GET /BLA/resoluciones/RESOLUCIONES%202018/1565.pdf HTTP/1.1" 304 -
69.162.124.232 - - [26/Dec/2019:05:28:01 -0500] "HEAD / HTTP/1.1" 200 -
66.249.88.19 - - [26/Dec/2019:05:28:16 -0500] "GET /galeria/galeria/jquery.fancybox.css?v=2.1.5 HTTP/1.1" 200 4895
66.249.88.23 - - [26/Dec/2019:05:28:16 -0500] "GET /galeria/galeria/jquery.fancybox.js?v=2.1.5 HTTP/1.1" 200 48706
66.249.88.25 - - [26/Dec/2019:05:28:16 -0500] "GET /galeria/carrusel/Carrusel/jquery-ui-1.8.13.custom.min.js HTTP/1.1" 200 10800
66.249.88.25 - - [26/Dec/2019:05:28:16 -0500] "GET /galeria/carrusel/Carrusel/jquery.thumbnailScroller.css HTTP/1.1" 200 2066
66.249.88.23 - - [26/Dec/2019:05:28:16 -0500] "GET /BLA/boletinlegal/js/jquery.scrollShow.js HTTP/1.1" 200 4586
66.249.88.23 - - [26/Dec/2019:05:28:16 -0500] "GET /galeria/carrusel/Carrusel/jquery.thumbnailScroller.js HTTP/1.1" 200 8157
66.249.88.25 - - [26/Dec/2019:05:28:17 -0500] "GET /galeria/nivo-slider/demo/inicio.html HTTP/1.1" 200 4435
66.249.88.25 - - [26/Dec/2019:05:28:17 -0500] "GET /galeria/nivo-slider/themes/default/default.css HTTP/1.1" 200 1569
66.249.88.25 - - [26/Dec/2019:05:28:17 -0500] "GET /galeria/nivo-slider/themes/orman/orman.css HTTP/1.1" 200 2152
66.249.88.19 - - [26/Dec/2019:05:28:17 -0500] "GET /galeria/nivo-slider/themes/pascal/pascal.css HTTP/1.1" 200 2258
66.249.88.23 - - [26/Dec/2019:05:28:17 -0500] "GET /galeria/nivo-slider/nivo-slider.css HTTP/1.1" 200 1507
66.249.88.25 - - [26/Dec/2019:05:28:17 -0500] "GET /galeria/nivo-slider/demo/style.css HTTP/1.1" 200 2222
66.249.88.19 - - [26/Dec/2019:05:28:17 -0500] "GET /galeria/nivo-slider/demo/images/Bannercalculadora.jpg HTTP/1.1" 200 313099
66.249.88.25 - - [26/Dec/2019:05:28:17 -0500] "GET /galeria/nivo-slider/demo/scripts/jquery-1.7.1.min.js HTTP/1.1" 200 93868
66.249.88.25 - - [26/Dec/2019:05:28:17 -0500] "GET /galeria/nivo-slider/jquery.nivo.slider.pack.js HTTP/1.1" 200 11561
66.249.88.23 - - [26/Dec/2019:05:28:17 -0500] "GET /galeria/nivo-slider/demo/images/bannerwebmusgo.jpg HTTP/1.1" 200 367364
66.249.88.23 - - [26/Dec/2019:05:28:17 -0500] "GET /galeria/nivo-slider/demo/images/banneragendamiento.jpg HTTP/1.1" 200 116897
66.249.88.19 - - [26/Dec/2019:05:28:17 -0500] "GET /galeria/nivo-slider/demo/images/bannerjardines.jpg HTTP/1.1" 200 417948
66.249.88.19 - - [26/Dec/2019:05:28:18 -0500] "GET /galeria/nivo-slider/demo/images/banneriniciativa.jpg HTTP/1.1" 200 200385
66.249.88.25 - - [26/Dec/2019:05:28:18 -0500] "GET /galeria/nivo-slider/demo/images/diciembrecaminatas.png HTTP/1.1" 200 510724
66.249.88.25 - - [26/Dec/2019:05:28:18 -0500] "GET /galeria/nivo-slider/themes/default/loading.gif HTTP/1.1" 200 1737
66.249.88.19 - - [26/Dec/2019:05:28:18 -0500] "GET /galeria/nivo-slider/demo/images/4Simple_Slider.png HTTP/1.1" 200 11722
66.249.88.23 - - [26/Dec/2019:05:28:18 -0500] "GET /galeria/nivo-slider/demo/images/Banner%20tinguas.jpg HTTP/1.1" 200 214878
66.249.88.25 - - [26/Dec/2019:05:28:18 -0500] "GET /galeria/nivo-slider/demo/images/Bannerserpiente2019.jpg HTTP/1.1" 200 270374
66.249.88.25 - - [26/Dec/2019:05:28:19 -0500] "GET /galeria/nivo-slider/demo/images/puntos%20atencion%20BANNER.jpg HTTP/1.1" 200 244208
66.249.88.19 - - [26/Dec/2019:05:28:19 -0500] "GET /galeria/nivo-slider/demo/images/Banner%20Visor%20Geografico%20Ambiental.jpg HTTP/1.1" 200 204673
66.249.88.23 - - [26/Dec/2019:05:28:19 -0500] "GET /galeria/nivo-slider/demo/images/Banner%20consumo%20sostenible%20final.jpg HTTP/1.1" 200 364746
66.249.88.19 - - [26/Dec/2019:05:28:19 -0500] "GET /galeria/nivo-slider/demo/images/Banner%20RCD.jpg HTTP/1.1" 200 92197
66.249.88.23 - - [26/Dec/2019:05:28:19 -0500] "GET /galeria/nivo-slider/demo/images/Banner%20Conpes.jpg HTTP/1.1" 200 55220
66.249.88.23 - - [26/Dec/2019:05:28:19 -0500] "GET /galeria/nivo-slider/demo/images/Banner%20practicas%20sostenibles.jpg HTTP/1.1" 200 142958
66.249.88.23 - - [26/Dec/2019:05:28:19 -0500] "GET /galeria/nivo-slider/demo/images/Banner%20POT.png HTTP/1.1" 200 418238
66.249.88.23 - - [26/Dec/2019:05:28:19 -0500] "GET /galeria/nivo-slider/demo/images/Banneranonimos.png HTTP/1.1" 200 109388
216.244.66.195 - - [26/Dec/2019:05:28:26 -0500] "GET /BLA/resoluciones/AUTOS%202007/2327.pdf HTTP/1.1" 200 156963
66.249.64.59 - - [26/Dec/2019:05:28:40 -0500] "GET /BLA/resoluciones/AUTOS%202014/2926.pdf HTTP/1.1" 304 -
46.229.168.149 - - [26/Dec/2019:05:28:45 -0500] "GET /BLA/boletinlegal/actos.php HTTP/1.1" 200 8778
66.249.64.31 - - [26/Dec/2019:05:29:40 -0500] "GET /galeria/nivo-slider/demo/images/?C=S;O=D HTTP/1.1" 200 282471
66.249.64.31 - - [26/Dec/2019:05:29:41 -0500] "GET /galeria/nivo-slider/demo/images/?C=S;O=D HTTP/1.1" 200 282471
216.244.66.195 - - [26/Dec/2019:05:30:39 -0500] "GET /BLA/resoluciones/AUTOS%202007/2554.pdf HTTP/1.1" 200 103443
216.244.66.195 - - [26/Dec/2019:05:31:16 -0500] "GET /BLA/resoluciones/AUTOS%202007/2594.pdf HTTP/1.1" 200 215863
216.244.66.195 - - [26/Dec/2019:05:32:06 -0500] "GET /BLA/resoluciones/AUTOS%202007/2712.pdf HTTP/1.1" 200 207512
66.249.64.59 - - [26/Dec/2019:05:32:52 -0500] "GET /BLA/resoluciones/AUTOS%202014/0983.pdf HTTP/1.1" 200 293764
54.36.150.7 - - [26/Dec/2019:05:32:53 -0500] "GET /BLA/resoluciones/RESOLUCIONES%202004/RES%202004%20401-450/00000416.tif HTTP/1.1" 200 165866
69.162.124.232 - - [26/Dec/2019:05:33:01 -0500] "HEAD / HTTP/1.1" 200 -
216.244.66.195 - - [26/Dec/2019:05:33:35 -0500] "GET /BLA/resoluciones/AUTOS%202007/2759.pdf HTTP/1.1" 200 145809
66.249.64.61 - - [26/Dec/2019:05:33:42 -0500] "GET /BLA/resoluciones/RESOLUCIONES%202009/3512.pdf HTTP/1.1" 200 694170
54.36.150.78 - - [26/Dec/2019:05:34:09 -0500] "GET /BLA/resoluciones/index.php?dir=RESOLUCIONES%202004/RES%202004%20751-800/&sort=size&order=asc HTTP/1.1" 200 12053
66.249.64.61 - - [26/Dec/2019:05:34:33 -0500] "GET /BLA/resoluciones/AUTOS%202008/0971.pdf HTTP/1.1" 200 34131
216.244.66.195 - - [26/Dec/2019:05:35:08 -0500] "GET /BLA/resoluciones/AUTOS%202007/3465.pdf HTTP/1.1" 200 166693
66.249.64.63 - - [26/Dec/2019:05:35:23 -0500] "GET /BLA/resoluciones/RESOLUCIONES%202010/2341.pdf HTTP/1.1" 200 520437
66.249.64.61 - - [26/Dec/2019:05:36:13 -0500] "GET /BLA/resoluciones/AUTOS%202015/7312.pdf HTTP/1.1" 304 -
201.245.192.253 - - [26/Dec/2019:05:35:43 -0500] "POST /kwsrmcab/Wsrmcab HTTP/1.1" 200 32296
216.244.66.195 - - [26/Dec/2019:05:36:55 -0500] "GET /BLA/resoluciones/AUTOS%202007/3496.pdf HTTP/1.1" 200 144854
54.36.148.109 - - [26/Dec/2019:05:37:34 -0500] "GET /BLA/resoluciones/RESOLUCIONES%202005/RES%202005%202801-2850/INDEX.DAT HTTP/1.1" 200 1920
66.249.64.59 - - [26/Dec/2019:05:37:54 -0500] "GET /BLA/resoluciones/RESOLUCIONES%202014/0917.pdf HTTP/1.1" 304 -
69.162.124.232 - - [26/Dec/2019:05:38:01 -0500] "HEAD / HTTP/1.1" 200 -
66.249.88.19 - - [26/Dec/2019:05:38:28 -0500] "GET /galeria/galeria/jquery.fancybox.css?v=2.1.5 HTTP/1.1" 200 4895
66.249.88.19 - - [26/Dec/2019:05:38:30 -0500] "GET /galeria/galeria/jquery.fancybox.js?v=2.1.5 HTTP/1.1" 200 48706
66.249.88.23 - - [26/Dec/2019:05:38:30 -0500] "GET /BLA/boletinlegal/js/jquery.scrollShow.js HTTP/1.1" 200 4586
216.244.66.195 - - [26/Dec/2019:05:39:07 -0500] "GET /BLA/resoluciones/AUTOS%202007/3673.pdf HTTP/1.1" 200 218340
66.249.64.59 - - [26/Dec/2019:05:39:35 -0500] "GET /BLA/resoluciones/Notificaciones/REGISTROS%202015/0103.doc HTTP/1.1" 200 199680
46.229.168.135 - - [26/Dec/2019:05:39:51 -0500] "GET /robots.txt HTTP/1.1" 404 1019
46.229.168.163 - - [26/Dec/2019:05:39:51 -0500] "GET /Autoliquidacion/index.php?dir=TR%C3%83%C2%83%C3%82%C2%83%C3%83%C2%82%C3%82%C2%83%C3%83%C2%83%C3%82%C2%82%C3%83%C2%82%C3%82%C2%83%C3%83%C2%83%C3%82%C2%83%C3%83%C2%82%C3%82%C2%82%C3%83%C2%83%C3%82%C2%82%C3%83%C2%82%C3%82%C2%81MITES%2BACEITES-RESIDUOS-ESTACIONES%2F&order=desc&sort=size HTTP/1.1" 200 6828
