148.64.21.58 - - [26/Dec/2019:10:29:54 -0500] "GET /galeria/nivo-slider/demo/images/Bannerserpiente2019.jpg HTTP/1.1" 200 270374
148.64.21.58 - - [26/Dec/2019:10:29:54 -0500] "GET /galeria/nivo-slider/demo/images/puntos%20atencion%20BANNER.jpg HTTP/1.1" 200 244208
148.64.21.58 - - [26/Dec/2019:10:29:54 -0500] "GET /galeria/nivo-slider/demo/images/banneragendamiento.jpg HTTP/1.1" 200 116897
148.64.21.58 - - [26/Dec/2019:10:29:54 -0500] "GET /galeria/nivo-slider/demo/images/Banner%20Visor%20Geografico%20Ambiental.jpg HTTP/1.1" 200 204673
148.64.21.58 - - [26/Dec/2019:10:29:54 -0500] "GET /galeria/nivo-slider/demo/images/Banner%20RCD.jpg HTTP/1.1" 200 92197
148.64.21.58 - - [26/Dec/2019:10:29:54 -0500] "GET /galeria/nivo-slider/demo/images/Banner%20tinguas.jpg HTTP/1.1" 200 214878
201.245.192.253 - - [26/Dec/2019:10:29:54 -0500] "GET /sipse/faces/javax.faces.resource/jquery/jquery.js?ln=primefaces&v=4.0 HTTP/1.1" 304 -
148.64.21.58 - - [26/Dec/2019:10:29:54 -0500] "GET /galeria/nivo-slider/demo/images/Banner%20consumo%20sostenible%20final.jpg HTTP/1.1" 200 364746
148.64.21.58 - - [26/Dec/2019:10:29:54 -0500] "GET /galeria/nivo-slider/demo/images/Banner%20Conpes.jpg HTTP/1.1" 200 55220
201.245.192.253 - - [26/Dec/2019:10:29:54 -0500] "GET /sipse/faces/javax.faces.resource/primefaces.js?ln=primefaces&v=4.0 HTTP/1.1" 304 -
201.245.192.253 - - [26/Dec/2019:10:29:54 -0500] "GET /sipse/faces/javax.faces.resource/layout/layout.js?ln=primefaces&v=4.0 HTTP/1.1" 304 -
148.64.21.58 - - [26/Dec/2019:10:29:54 -0500] "GET /galeria/nivo-slider/demo/images/Banner%20POT.png HTTP/1.1" 200 418238
148.64.21.58 - - [26/Dec/2019:10:29:54 -0500] "GET /galeria/nivo-slider/demo/images/Banner%20practicas%20sostenibles.jpg HTTP/1.1" 200 142958
148.64.21.58 - - [26/Dec/2019:10:29:54 -0500] "GET /galeria/nivo-slider/demo/images/Banneranonimos.png HTTP/1.1" 200 109388
201.245.192.253 - - [26/Dec/2019:10:29:54 -0500] "GET /sipse/css/imagen/logoSDG.png HTTP/1.1" 200 18199
201.245.192.253 - - [26/Dec/2019:10:29:54 -0500] "GET /sipse/faces/javax.faces.resource/images/ui-icons_898989_256x240.png?ln=primefaces-aristo HTTP/1.1" 200 5355
201.245.192.253 - - [26/Dec/2019:10:29:54 -0500] "GET /galeria/nivo-slider/demo/images/Bannercalculadora.jpg HTTP/1.1" 304 -
201.245.192.253 - - [26/Dec/2019:10:29:54 -0500] "GET /sipse/css/imagen/loginimg.png HTTP/1.1" 200 104836
201.245.192.253 - - [26/Dec/2019:10:29:54 -0500] "GET /galeria/nivo-slider/demo/images/Banner%20Visor%20Geografico%20Ambiental.jpg HTTP/1.1" 304 -
201.245.192.253 - - [26/Dec/2019:10:29:54 -0500] "GET /galeria/nivo-slider/demo/images/puntos%20atencion%20BANNER.jpg HTTP/1.1" 304 -
201.245.192.253 - - [26/Dec/2019:10:29:54 -0500] "GET /galeria/nivo-slider/demo/images/diciembrecaminatas.png HTTP/1.1" 304 -
201.245.192.253 - - [26/Dec/2019:10:29:54 -0500] "GET /galeria/nivo-slider/demo/images/bannerwebmusgo.jpg HTTP/1.1" 304 -
201.245.192.253 - - [26/Dec/2019:10:29:54 -0500] "GET /galeria/nivo-slider/demo/images/bannerjardines.jpg HTTP/1.1" 304 -
201.245.192.253 - - [26/Dec/2019:10:29:54 -0500] "GET /galeria/nivo-slider/demo/images/banneriniciativa.jpg HTTP/1.1" 304 -
201.245.192.253 - - [26/Dec/2019:10:29:54 -0500] "GET /favicon.ico HTTP/1.1" 200 7782
201.245.192.253 - - [26/Dec/2019:10:29:55 -0500] "GET /sipse/faces/index.xhtml HTTP/1.1" 200 677
201.245.192.253 - - [26/Dec/2019:10:29:55 -0500] "GET /sipse/faces/javax.faces.resource/theme.css?ln=primefaces-sipse HTTP/1.1" 304 -
148.64.21.58 - - [26/Dec/2019:10:29:55 -0500] "GET /galeria/nivo-slider/demo/images/4Simple_Slider.png HTTP/1.1" 200 11722
148.64.21.58 - - [26/Dec/2019:10:29:55 -0500] "GET /galeria/nivo-slider/themes/default/loading.gif HTTP/1.1" 304 -
201.245.192.253 - - [26/Dec/2019:10:29:55 -0500] "GET /galeria/nivo-slider/demo/images/banneragendamiento.jpg HTTP/1.1" 304 -
201.245.192.253 - - [26/Dec/2019:10:29:55 -0500] "GET /galeria/nivo-slider/demo/images/Banner%20tinguas.jpg HTTP/1.1" 304 -
201.245.192.253 - - [26/Dec/2019:10:29:55 -0500] "GET /galeria/nivo-slider/demo/images/Bannerserpiente2019.jpg HTTP/1.1" 304 -
201.245.192.253 - - [26/Dec/2019:10:29:55 -0500] "GET /sipse/faces/faces/autenticacion.xhtml HTTP/1.1" 200 12182
201.245.192.253 - - [26/Dec/2019:10:29:55 -0500] "GET /sipse/js/disable_browser_buttons.js HTTP/1.1" 200 3230
201.245.192.253 - - [26/Dec/2019:10:29:55 -0500] "GET /sipse/css/custom_css_sg.css HTTP/1.1" 200 9694
201.245.192.253 - - [26/Dec/2019:10:29:55 -0500] "GET /sipse/css/custom_css_sg_prime_login.css HTTP/1.1" 200 443
201.245.192.253 - - [26/Dec/2019:10:29:55 -0500] "GET /sipse/js/funciones.js HTTP/1.1" 200 12592
201.245.192.253 - - [26/Dec/2019:10:29:55 -0500] "GET /sipse/faces/javax.faces.resource/theme.css?ln=primefaces-sipse HTTP/1.1" 304 -
201.245.192.253 - - [26/Dec/2019:10:29:55 -0500] "GET /sipse/faces/javax.faces.resource/primefaces.css?ln=primefaces&v=4.0 HTTP/1.1" 304 -
201.245.192.253 - - [26/Dec/2019:10:29:55 -0500] "GET /sipse/faces/javax.faces.resource/layout/layout.css?ln=primefaces&v=4.0 HTTP/1.1" 304 -
201.245.192.253 - - [26/Dec/2019:10:29:55 -0500] "GET /sipse/faces/javax.faces.resource/jquery/jquery.js?ln=primefaces&v=4.0 HTTP/1.1" 304 -
201.245.192.253 - - [26/Dec/2019:10:29:55 -0500] "GET /sipse/faces/javax.faces.resource/jquery/jquery-plugins.js?ln=primefaces&v=4.0 HTTP/1.1" 304 -
201.245.192.253 - - [26/Dec/2019:10:29:55 -0500] "GET /sipse/faces/javax.faces.resource/primefaces.js?ln=primefaces&v=4.0 HTTP/1.1" 304 -
201.245.192.253 - - [26/Dec/2019:10:29:55 -0500] "GET /sipse/faces/javax.faces.resource/layout/layout.js?ln=primefaces&v=4.0 HTTP/1.1" 304 -
201.245.192.253 - - [26/Dec/2019:10:29:55 -0500] "GET /galeria/galeria/jquery.fancybox.js?v=2.1.5 HTTP/1.1" 304 -
201.245.192.253 - - [26/Dec/2019:10:29:55 -0500] "GET /galeria/galeria/jquery.fancybox.css?v=2.1.5 HTTP/1.1" 304 -
201.245.192.253 - - [26/Dec/2019:10:29:55 -0500] "GET /sipse/css/imagen/logoSDG.png HTTP/1.1" 200 18199
201.245.192.253 - - [26/Dec/2019:10:29:55 -0500] "GET /sipse/faces/javax.faces.resource/images/ui-icons_898989_256x240.png?ln=primefaces-aristo HTTP/1.1" 304 -
201.245.192.253 - - [26/Dec/2019:10:29:55 -0500] "GET /sipse/css/imagen/loginimg.png HTTP/1.1" 200 104836
201.245.192.253 - - [26/Dec/2019:10:29:55 -0500] "GET /galeria/nivo-slider/demo/inicio.html HTTP/1.1" 304 -
89.163.242.62 - - [26/Dec/2019:10:29:55 -0500] "GET /SIG/index.php/Gestion%20Recursos%20Financieros/126PA02-PR26%20REGISTRO%20INGRESOS%20NO%20TRIBUTARIO%20FDO.CTA.PGA.pdf/?dir=Control%20Disciplinario// HTTP/1.1" 200 3518
201.245.192.253 - - [26/Dec/2019:10:29:55 -0500] "GET /galeria/nivo-slider/demo/images/Bannercalculadora.jpg HTTP/1.1" 304 -
201.245.192.253 - - [26/Dec/2019:10:29:55 -0500] "GET /galeria/nivo-slider/demo/images/diciembrecaminatas.png HTTP/1.1" 304 -
201.245.192.253 - - [26/Dec/2019:10:29:56 -0500] "GET /galeria/nivo-slider/demo/images/bannerjardines.jpg HTTP/1.1" 304 -
201.245.192.253 - - [26/Dec/2019:10:29:56 -0500] "GET /galeria/nivo-slider/demo/images/banneriniciativa.jpg HTTP/1.1" 304 -
201.245.192.253 - - [26/Dec/2019:10:29:56 -0500] "GET /galeria/nivo-slider/demo/images/Bannerserpiente2019.jpg HTTP/1.1" 304 -
201.245.192.253 - - [26/Dec/2019:10:29:56 -0500] "GET /galeria/nivo-slider/demo/images/Banner%20POT.png HTTP/1.1" 304 -
148.64.21.58 - - [26/Dec/2019:10:29:56 -0500] "GET /galeria/nivo-slider/themes/default/arrows.png HTTP/1.1" 304 -
201.245.192.253 - - [26/Dec/2019:10:29:57 -0500] "POST /sipse/faces/autenticacion.xhtml HTTP/1.1" 200 2219
201.245.192.253 - - [26/Dec/2019:10:29:57 -0500] "GET /sipse/faces/javax.faces.resource/messages/messages.png?ln=primefaces&v=4.0 HTTP/1.1" 200 27209
201.245.192.253 - - [26/Dec/2019:10:29:58 -0500] "POST /sipse/faces/autenticacion.xhtml HTTP/1.1" 200 16042
201.245.192.253 - - [26/Dec/2019:10:29:59 -0500] "GET /sipse/css/custom_css_sg_prime.css HTTP/1.1" 200 5201
201.245.192.253 - - [26/Dec/2019:10:29:59 -0500] "GET /sipse/js/jquery.min.js HTTP/1.1" 200 85582
201.245.192.253 - - [26/Dec/2019:10:29:59 -0500] "GET /sipse/faces/javax.faces.resource/jquery/jquery.js?ln=primefaces&v=4.0 HTTP/1.1" 304 -
201.245.192.253 - - [26/Dec/2019:10:29:59 -0500] "GET /sipse/faces/javax.faces.resource/jquery/jquery-plugins.js?ln=primefaces&v=4.0 HTTP/1.1" 304 -
201.245.192.253 - - [26/Dec/2019:10:29:59 -0500] "GET /sipse/faces/javax.faces.resource/primefaces.js?ln=primefaces&v=4.0 HTTP/1.1" 304 -
201.245.192.253 - - [26/Dec/2019:10:29:59 -0500] "GET /sipse/faces/javax.faces.resource/layout/layout.js?ln=primefaces&v=4.0 HTTP/1.1" 304 -
201.245.192.253 - - [26/Dec/2019:10:29:59 -0500] "GET /sipse/css/imagen/contrasena.png HTTP/1.1" 404 383
201.245.192.253 - - [26/Dec/2019:10:29:59 -0500] "GET /sipse/imagenes/logoAplicacion.jpg HTTP/1.1" 200 155084
201.245.192.253 - - [26/Dec/2019:10:29:59 -0500] "GET /sipse/imagenes/cargando.gif HTTP/1.1" 200 36959
89.163.242.62 - - [26/Dec/2019:10:29:59 -0500] "GET /SIG/index.php/Gestion%20Recursos%20Financieros/126PA02-PR26%20REGISTRO%20INGRESOS%20NO%20TRIBUTARIO%20FDO.CTA.PGA.pdf/?dir=Control%20y%20mejora// HTTP/1.1" 200 3677
148.64.21.58 - - [26/Dec/2019:10:29:59 -0500] "GET /galeria/nivo-slider/themes/default/bullets.png HTTP/1.1" 304 -
89.163.242.62 - - [26/Dec/2019:10:30:02 -0500] "GET /SIG/index.php/Gestion%20Recursos%20Financieros/126PA02-PR26%20REGISTRO%20INGRESOS%20NO%20TRIBUTARIO%20FDO.CTA.PGA.pdf/?dir=Direccionamiento%20Estrategico// HTTP/1.1" 200 4782
201.245.192.253 - - [26/Dec/2019:10:30:03 -0500] "GET /sipse/faces/javax.faces.resource/images/ui-bg_flat_0_2d5972_40x100.png?ln=primefaces-aristo HTTP/1.1" 200 183
201.245.192.253 - - [26/Dec/2019:10:30:03 -0500] "POST /sipse/faces/bienvenido.xhtml HTTP/1.1" 200 2073
201.245.192.253 - - [26/Dec/2019:10:30:04 -0500] "POST /sipse/faces/bienvenido.xhtml HTTP/1.1" 200 38749
201.245.192.253 - - [26/Dec/2019:10:30:04 -0500] "GET /sipse/js/disable_browser_buttons.js HTTP/1.1" 200 3230
201.245.192.253 - - [26/Dec/2019:10:30:04 -0500] "GET /sipse/js/jquery.min.js HTTP/1.1" 200 85582
201.245.192.253 - - [26/Dec/2019:10:30:04 -0500] "GET /sipse/js/funciones.js HTTP/1.1" 200 12592
201.245.192.253 - - [26/Dec/2019:10:30:04 -0500] "GET /sipse/faces/javax.faces.resource/jquery/jquery.js?ln=primefaces&v=4.0 HTTP/1.1" 304 -
201.245.192.253 - - [26/Dec/2019:10:30:04 -0500] "GET /sipse/faces/javax.faces.resource/jquery/jquery-plugins.js?ln=primefaces&v=4.0 HTTP/1.1" 200 220526
201.245.192.253 - - [26/Dec/2019:10:30:04 -0500] "GET /sipse/faces/javax.faces.resource/primefaces.js?ln=primefaces&v=4.0 HTTP/1.1" 304 -
201.245.192.253 - - [26/Dec/2019:10:30:04 -0500] "GET /sipse/faces/javax.faces.resource/layout/layout.js?ln=primefaces&v=4.0 HTTP/1.1" 304 -
89.163.242.62 - - [26/Dec/2019:10:30:07 -0500] "GET /SIG/index.php/Gestion%20Recursos%20Financieros/126PA02-PR26%20REGISTRO%20INGRESOS%20NO%20TRIBUTARIO%20FDO.CTA.PGA.pdf/?dir=ECS// HTTP/1.1" 200 17428
201.245.192.253 - - [26/Dec/2019:10:30:07 -0500] "GET /BLA/boletinlegal/actos.php HTTP/1.1" 200 8778
89.163.242.62 - - [26/Dec/2019:10:30:09 -0500] "GET /SIG/index.php/Gestion%20Recursos%20Financieros/126PA02-PR26%20REGISTRO%20INGRESOS%20NO%20TRIBUTARIO%20FDO.CTA.PGA.pdf/?dir=Gestion%20Documental// HTTP/1.1" 200 6384
66.249.64.59 - - [26/Dec/2019:10:30:09 -0500] "GET /BLA/resoluciones/AUTOS%202007/1379.pdf HTTP/1.1" 200 29458
201.245.192.253 - - [26/Dec/2019:10:30:10 -0500] "POST /sipse/faces/presentacion/financiero/solicitudProceso/consultar.xhtml HTTP/1.1" 200 14014
201.245.192.253 - - [26/Dec/2019:10:30:10 -0500] "GET /galeria/carrusel/Carrusel/jquery.thumbnailScroller.css HTTP/1.1" 200 2066
201.245.192.253 - - [26/Dec/2019:10:30:10 -0500] "GET /galeria/carrusel/Carrusel/jquery-ui-1.8.13.custom.min.js HTTP/1.1" 200 10800
201.245.192.253 - - [26/Dec/2019:10:30:10 -0500] "GET /galeria/carrusel/Carrusel/jquery.thumbnailScroller.js HTTP/1.1" 200 8157
201.245.192.253 - - [26/Dec/2019:10:30:10 -0500] "GET /galeria/nivo-slider/demo/inicio.html HTTP/1.1" 200 4435
201.245.192.253 - - [26/Dec/2019:10:30:10 -0500] "GET /galeria/nivo-slider/themes/default/default.css HTTP/1.1" 200 1569
201.245.192.253 - - [26/Dec/2019:10:30:10 -0500] "GET /galeria/nivo-slider/themes/pascal/pascal.css HTTP/1.1" 200 2258
201.245.192.253 - - [26/Dec/2019:10:30:10 -0500] "GET /galeria/nivo-slider/themes/orman/orman.css HTTP/1.1" 200 2152
201.245.192.253 - - [26/Dec/2019:10:30:10 -0500] "GET /galeria/nivo-slider/nivo-slider.css HTTP/1.1" 200 1507
201.245.192.253 - - [26/Dec/2019:10:30:10 -0500] "GET /galeria/nivo-slider/demo/style.css HTTP/1.1" 200 2222
201.245.192.253 - - [26/Dec/2019:10:30:10 -0500] "GET /galeria/nivo-slider/demo/images/Bannercalculadora.jpg HTTP/1.1" 200 313099
201.245.192.253 - - [26/Dec/2019:10:30:10 -0500] "GET /galeria/nivo-slider/demo/images/bannerwebmusgo.jpg HTTP/1.1" 200 367364
201.245.192.253 - - [26/Dec/2019:10:30:10 -0500] "GET /galeria/nivo-slider/demo/images/banneragendamiento.jpg HTTP/1.1" 200 116897
201.245.192.253 - - [26/Dec/2019:10:30:10 -0500] "GET /galeria/nivo-slider/demo/images/diciembrecaminatas.png HTTP/1.1" 200 510724
201.245.192.253 - - [26/Dec/2019:10:30:10 -0500] "GET /galeria/nivo-slider/demo/images/Banner%20Visor%20Geografico%20Ambiental.jpg HTTP/1.1" 200 204673
201.245.192.253 - - [26/Dec/2019:10:30:10 -0500] "GET /galeria/nivo-slider/demo/images/Banner%20POT.png HTTP/1.1" 200 418238
201.245.192.253 - - [26/Dec/2019:10:30:10 -0500] "GET /galeria/nivo-slider/demo/images/Banner%20Conpes.jpg HTTP/1.1" 200 55220
201.245.192.253 - - [26/Dec/2019:10:30:10 -0500] "GET /galeria/nivo-slider/demo/images/bannerjardines.jpg HTTP/1.1" 200 417948
216.244.66.195 - - [26/Dec/2019:10:30:11 -0500] "GET /BLA/resoluciones/RESOLUCIONES%202010/0911.pdf HTTP/1.1" 200 126728
201.245.192.253 - - [26/Dec/2019:10:30:11 -0500] "GET /galeria/nivo-slider/demo/images/Bannerserpiente2019.jpg HTTP/1.1" 200 270374
201.245.192.253 - - [26/Dec/2019:10:30:11 -0500] "GET /galeria/nivo-slider/demo/images/Banneranonimos.png HTTP/1.1" 200 109388
201.245.192.253 - - [26/Dec/2019:10:30:11 -0500] "GET /galeria/nivo-slider/demo/images/puntos%20atencion%20BANNER.jpg HTTP/1.1" 200 244208
201.245.192.253 - - [26/Dec/2019:10:30:11 -0500] "GET /galeria/nivo-slider/demo/images/banneriniciativa.jpg HTTP/1.1" 200 200385
201.245.192.253 - - [26/Dec/2019:10:30:11 -0500] "GET /galeria/nivo-slider/demo/images/Banner%20practicas%20sostenibles.jpg HTTP/1.1" 200 142958
201.245.192.253 - - [26/Dec/2019:10:30:11 -0500] "GET /galeria/nivo-slider/demo/images/Banner%20RCD.jpg HTTP/1.1" 200 92197
201.245.192.253 - - [26/Dec/2019:10:30:11 -0500] "GET /galeria/nivo-slider/demo/images/Banner%20tinguas.jpg HTTP/1.1" 200 214878
89.163.242.62 - - [26/Dec/2019:10:30:11 -0500] "GET /SIG/index.php/Gestion%20Recursos%20Financieros/126PA02-PR26%20REGISTRO%20INGRESOS%20NO%20TRIBUTARIO%20FDO.CTA.PGA.pdf/?dir=Gestion%20Recursos%20Financieros// HTTP/1.1" 200 9692
201.245.192.253 - - [26/Dec/2019:10:30:12 -0500] "GET /galeria/nivo-slider/demo/images/Banner%20consumo%20sostenible%20final.jpg HTTP/1.1" 200 364746
201.245.192.253 - - [26/Dec/2019:10:30:12 -0500] "GET /galeria/nivo-slider/demo/scripts/jquery-1.7.1.min.js HTTP/1.1" 200 93868
201.245.192.253 - - [26/Dec/2019:10:30:12 -0500] "GET /galeria/nivo-slider/demo/images/4Simple_Slider.png HTTP/1.1" 200 11722
201.245.192.253 - - [26/Dec/2019:10:30:12 -0500] "GET /galeria/nivo-slider/themes/default/loading.gif HTTP/1.1" 200 1737
201.245.192.253 - - [26/Dec/2019:10:30:12 -0500] "GET /galeria/nivo-slider/jquery.nivo.slider.pack.js HTTP/1.1" 200 11561
201.245.192.253 - - [26/Dec/2019:10:30:12 -0500] "GET /BLA/boletinlegal/consulta_actos.php?tipo=resoluciones&no=2304&usuario=&sector=&fecha=2019&resuelve= HTTP/1.1" 200 1155
201.245.192.253 - - [26/Dec/2019:10:30:13 -0500] "GET /galeria/nivo-slider/themes/default/arrows.png HTTP/1.1" 200 824
201.245.192.253 - - [26/Dec/2019:10:30:13 -0500] "GET /galeria/nivo-slider/themes/default/bullets.png HTTP/1.1" 200 1281
89.163.242.62 - - [26/Dec/2019:10:30:14 -0500] "GET /SIG/index.php/Gestion%20Recursos%20Financieros/126PA02-PR28%20REGISTRO%20CONVENIOS%20Y%20CONTRATOS%20INTERADMINISTRATIVOS.pdf/?dir=&sort=date&order=asc/ HTTP/1.1" 200 6472
201.245.192.253 - - [26/Dec/2019:10:30:15 -0500] "GET /BLA/resoluciones/RESOLUCIONES%202019/2304.pdf HTTP/1.1" 200 4328597
89.163.242.62 - - [26/Dec/2019:10:30:20 -0500] "GET /SIG/index.php/Gestion%20Recursos%20Financieros/126PA02-PR28%20REGISTRO%20CONVENIOS%20Y%20CONTRATOS%20INTERADMINISTRATIVOS.pdf/?dir=&sort=name&order=desc/ HTTP/1.1" 200 6472
89.163.242.62 - - [26/Dec/2019:10:30:22 -0500] "GET /SIG/index.php/Gestion%20Recursos%20Financieros/126PA02-PR28%20REGISTRO%20CONVENIOS%20Y%20CONTRATOS%20INTERADMINISTRATIVOS.pdf/?dir=&sort=size&order=asc/ HTTP/1.1" 200 6472
89.163.242.62 - - [26/Dec/2019:10:30:25 -0500] "GET /SIG/index.php/Gestion%20Recursos%20Financieros/126PA02-PR28%20REGISTRO%20CONVENIOS%20Y%20CONTRATOS%20INTERADMINISTRATIVOS.pdf/?dir=Comunicaciones// HTTP/1.1" 200 3775
46.229.168.130 - - [26/Dec/2019:10:30:25 -0500] "GET /Autoliquidacion/index.php?dir=Permiso%2Bde%2Bocupaci%C3%83%C2%83%C3%82%C2%83%C3%83%C2%82%C3%82%C2%83%C3%83%C2%83%C3%82%C2%82%C3%83%C2%82%C3%82%C2%83%C3%83%C2%83%C3%82%C2%83%C3%83%C2%82%C3%82%C2%82%C3%83%C2%83%C3%82%C2%82%C3%83%C2%82%C3%82%C2%83%C3%83%C2%83%C3%82%C2%83%C3%83%C2%82%C3%82%C2%83%C3%83%C2%83%C3%82%C2%82%C3%83%C2%82%C3%82%C2%82%C3%83%C2%83%C3%82%C2%83%C3%83%C2%82%C3%82%C2%82%C3%83%C2%83%C3%82%C2%82%C3%83%C2%82%C3%82%C2%B3n%2Bde%2Bcauce%2F&order=desc&sort=size HTTP/1.1" 200 6999
89.163.242.62 - - [26/Dec/2019:10:30:27 -0500] "GET /SIG/index.php/Gestion%20Recursos%20Financieros/126PA02-PR28%20REGISTRO%20CONVENIOS%20Y%20CONTRATOS%20INTERADMINISTRATIVOS.pdf/?dir=Control%20Disciplinario// HTTP/1.1" 200 3574
89.163.242.62 - - [26/Dec/2019:10:30:29 -0500] "GET /SIG/index.php/Gestion%20Recursos%20Financieros/126PA02-PR28%20REGISTRO%20CONVENIOS%20Y%20CONTRATOS%20INTERADMINISTRATIVOS.pdf/?dir=Control%20y%20mejora// HTTP/1.1" 200 3741
89.163.242.62 - - [26/Dec/2019:10:30:32 -0500] "GET /SIG/index.php/Gestion%20Recursos%20Financieros/126PA02-PR28%20REGISTRO%20CONVENIOS%20Y%20CONTRATOS%20INTERADMINISTRATIVOS.pdf/?dir=ECS// HTTP/1.1" 200 17484
89.163.242.62 - - [26/Dec/2019:10:30:36 -0500] "GET /SIG/index.php?dir=&sort=date&order=desc/ HTTP/1.1" 200 4513
89.163.242.62 - - [26/Dec/2019:10:30:38 -0500] "GET /SIG/index.php?dir=&sort=name&order=desc/ HTTP/1.1" 200 4513
89.163.242.62 - - [26/Dec/2019:10:30:40 -0500] "GET /SIG/index.php?dir=&sort=size&order=desc/ HTTP/1.1" 200 4513
89.163.242.62 - - [26/Dec/2019:10:30:43 -0500] "GET /SIG/index.php?dir=Comunicaciones/&sort=date&order=asc/ HTTP/1.1" 200 2914
190.25.98.219 - - [26/Dec/2019:10:30:43 -0500] "GET /galeria/galeria/jquery.fancybox.js?v=2.1.5 HTTP/1.1" 200 48706
190.25.98.219 - - [26/Dec/2019:10:30:43 -0500] "GET /BLA/boletinlegal/js/jquery.scrollShow.js HTTP/1.1" 200 4586
190.25.98.219 - - [26/Dec/2019:10:30:43 -0500] "GET /galeria/galeria/jquery.fancybox.css?v=2.1.5 HTTP/1.1" 200 4895
89.163.242.62 - - [26/Dec/2019:10:30:44 -0500] "GET /SIG/index.php?dir=Comunicaciones/&sort=date&order=desc/ HTTP/1.1" 200 2914
186.102.59.5 - - [26/Dec/2019:10:30:46 -0500] "GET /galeria/galeria/jquery.fancybox.css?v=2.1.5 HTTP/1.1" 200 4895
186.102.59.5 - - [26/Dec/2019:10:30:46 -0500] "GET /galeria/galeria/jquery.fancybox.js?v=2.1.5 HTTP/1.1" 200 48706
186.102.59.5 - - [26/Dec/2019:10:30:46 -0500] "GET /BLA/boletinlegal/js/jquery.scrollShow.js HTTP/1.1" 200 4586
201.245.192.253 - - [26/Dec/2019:10:30:46 -0500] "POST /sipse/faces/presentacion/financiero/solicitudProceso/consultarSolicitudProceso.xhtml HTTP/1.1" 200 911
186.102.59.5 - - [26/Dec/2019:10:30:47 -0500] "GET /galeria/carrusel/Carrusel/jquery.thumbnailScroller.css HTTP/1.1" 200 2066
186.102.59.5 - - [26/Dec/2019:10:30:47 -0500] "GET /galeria/carrusel/Carrusel/jquery-ui-1.8.13.custom.min.js HTTP/1.1" 200 10800
186.102.59.5 - - [26/Dec/2019:10:30:47 -0500] "GET /galeria/carrusel/Carrusel/jquery.thumbnailScroller.js HTTP/1.1" 200 8157
89.163.242.62 - - [26/Dec/2019:10:30:47 -0500] "GET /SIG/index.php?dir=Comunicaciones/&sort=name&order=asc/ HTTP/1.1" 200 2914
186.102.59.5 - - [26/Dec/2019:10:30:47 -0500] "GET /galeria/nivo-slider/demo/inicio.html HTTP/1.1" 200 4435
186.102.59.5 - - [26/Dec/2019:10:30:47 -0500] "GET /galeria/nivo-slider/themes/orman/orman.css HTTP/1.1" 200 2152
186.102.59.5 - - [26/Dec/2019:10:30:47 -0500] "GET /galeria/nivo-slider/themes/pascal/pascal.css HTTP/1.1" 200 2258
186.102.59.5 - - [26/Dec/2019:10:30:47 -0500] "GET /galeria/nivo-slider/themes/default/default.css HTTP/1.1" 200 1569
186.102.59.5 - - [26/Dec/2019:10:30:47 -0500] "GET /galeria/nivo-slider/nivo-slider.css HTTP/1.1" 200 1507
186.102.59.5 - - [26/Dec/2019:10:30:47 -0500] "GET /galeria/nivo-slider/demo/images/bannerwebmusgo.jpg HTTP/1.1" 200 367364
186.102.59.5 - - [26/Dec/2019:10:30:47 -0500] "GET /galeria/nivo-slider/jquery.nivo.slider.pack.js HTTP/1.1" 200 11561
186.102.59.5 - - [26/Dec/2019:10:30:47 -0500] "GET /galeria/nivo-slider/demo/images/Bannercalculadora.jpg HTTP/1.1" 200 313099
186.102.59.5 - - [26/Dec/2019:10:30:47 -0500] "GET /galeria/nivo-slider/demo/style.css HTTP/1.1" 200 2222
186.102.59.5 - - [26/Dec/2019:10:30:47 -0500] "GET /galeria/nivo-slider/demo/scripts/jquery-1.7.1.min.js HTTP/1.1" 200 93868
186.102.59.5 - - [26/Dec/2019:10:30:47 -0500] "GET /galeria/nivo-slider/demo/images/banneragendamiento.jpg HTTP/1.1" 200 116897
186.102.59.5 - - [26/Dec/2019:10:30:47 -0500] "GET /galeria/nivo-slider/demo/images/bannerjardines.jpg HTTP/1.1" 200 417948
186.102.59.5 - - [26/Dec/2019:10:30:47 -0500] "GET /galeria/nivo-slider/demo/images/banneriniciativa.jpg HTTP/1.1" 200 200385
186.102.59.5 - - [26/Dec/2019:10:30:47 -0500] "GET /galeria/nivo-slider/demo/images/diciembrecaminatas.png HTTP/1.1" 200 510724
186.102.59.5 - - [26/Dec/2019:10:30:47 -0500] "GET /galeria/nivo-slider/demo/images/Banner%20tinguas.jpg HTTP/1.1" 200 214878
201.245.192.253 - - [26/Dec/2019:10:30:47 -0500] "GET /sipse/faces/faces/faces/faces/faces/autenticacion HTTP/1.1" 302 -
201.245.192.253 - - [26/Dec/2019:10:30:47 -0500] "GET /sipse/faces/autenticacion.xhtml HTTP/1.1" 200 12182
201.245.192.253 - - [26/Dec/2019:10:30:48 -0500] "GET /sipse/js/disable_browser_buttons.js HTTP/1.1" 304 -
201.245.192.253 - - [26/Dec/2019:10:30:48 -0500] "GET /sipse/js/funciones.js HTTP/1.1" 304 -
201.245.192.253 - - [26/Dec/2019:10:30:48 -0500] "GET /sipse/css/custom_css_sg_prime_login.css HTTP/1.1" 304 -
201.245.192.253 - - [26/Dec/2019:10:30:48 -0500] "GET /sipse/css/custom_css_sg.css HTTP/1.1" 304 -
201.245.192.253 - - [26/Dec/2019:10:30:48 -0500] "GET /sipse/faces/javax.faces.resource/primefaces.css?ln=primefaces&v=4.0 HTTP/1.1" 304 -
201.245.192.253 - - [26/Dec/2019:10:30:48 -0500] "GET /sipse/faces/javax.faces.resource/theme.css?ln=primefaces-sipse HTTP/1.1" 304 -
201.245.192.253 - - [26/Dec/2019:10:30:48 -0500] "GET /sipse/faces/javax.faces.resource/layout/layout.css?ln=primefaces&v=4.0 HTTP/1.1" 304 -
201.245.192.253 - - [26/Dec/2019:10:30:48 -0500] "GET /sipse/faces/javax.faces.resource/jquery/jquery.js?ln=primefaces&v=4.0 HTTP/1.1" 304 -
201.245.192.253 - - [26/Dec/2019:10:30:48 -0500] "GET /sipse/faces/javax.faces.resource/jquery/jquery-plugins.js?ln=primefaces&v=4.0 HTTP/1.1" 304 -
201.245.192.253 - - [26/Dec/2019:10:30:48 -0500] "GET /sipse/faces/javax.faces.resource/layout/layout.js?ln=primefaces&v=4.0 HTTP/1.1" 304 -
201.245.192.253 - - [26/Dec/2019:10:30:48 -0500] "GET /sipse/faces/javax.faces.resource/primefaces.js?ln=primefaces&v=4.0 HTTP/1.1" 304 -
201.245.192.253 - - [26/Dec/2019:10:30:48 -0500] "GET /sipse/css/imagen/logoSDG.png HTTP/1.1" 304 -
201.245.192.253 - - [26/Dec/2019:10:30:48 -0500] "GET /sipse/css/imagen/loginimg.png HTTP/1.1" 304 -
201.245.192.253 - - [26/Dec/2019:10:30:48 -0500] "GET /sipse/faces/javax.faces.resource/images/ui-icons_898989_256x240.png?ln=primefaces-aristo HTTP/1.1" 304 -
186.102.59.5 - - [26/Dec/2019:10:30:48 -0500] "GET /galeria/nivo-slider/demo/images/Bannerserpiente2019.jpg HTTP/1.1" 200 270374
201.245.192.253 - - [26/Dec/2019:10:30:48 -0500] "GET /favicon.ico HTTP/1.1" 200 7782
186.102.59.5 - - [26/Dec/2019:10:30:48 -0500] "GET /galeria/nivo-slider/demo/images/puntos%20atencion%20BANNER.jpg HTTP/1.1" 200 244208
186.102.59.5 - - [26/Dec/2019:10:30:49 -0500] "GET /galeria/nivo-slider/demo/images/Banner%20Visor%20Geografico%20Ambiental.jpg HTTP/1.1" 200 204673
186.102.59.5 - - [26/Dec/2019:10:30:49 -0500] "GET /galeria/nivo-slider/demo/images/Banner%20consumo%20sostenible%20final.jpg HTTP/1.1" 200 364746
186.102.59.5 - - [26/Dec/2019:10:30:49 -0500] "GET /galeria/nivo-slider/demo/images/Banner%20RCD.jpg HTTP/1.1" 200 92197
89.163.242.62 - - [26/Dec/2019:10:30:49 -0500] "GET /SIG/index.php?dir=Comunicaciones/&sort=name&order=desc/ HTTP/1.1" 200 2914
186.102.59.5 - - [26/Dec/2019:10:30:49 -0500] "GET /galeria/nivo-slider/demo/images/Banner%20Conpes.jpg HTTP/1.1" 200 55220
186.102.59.5 - - [26/Dec/2019:10:30:49 -0500] "GET /galeria/nivo-slider/demo/images/Banner%20practicas%20sostenibles.jpg HTTP/1.1" 200 142958
201.245.192.253 - - [26/Dec/2019:10:30:50 -0500] "POST /sipse/faces/autenticacion.xhtml HTTP/1.1" 200 2219
186.102.59.5 - - [26/Dec/2019:10:30:50 -0500] "GET /galeria/nivo-slider/demo/images/Banner%20POT.png HTTP/1.1" 200 418238
201.245.192.253 - - [26/Dec/2019:10:30:50 -0500] "GET /sipse/faces/javax.faces.resource/messages/messages.png?ln=primefaces&v=4.0 HTTP/1.1" 200 27209
186.102.59.5 - - [26/Dec/2019:10:30:50 -0500] "GET /galeria/nivo-slider/demo/images/Banneranonimos.png HTTP/1.1" 200 109388
201.245.192.253 - - [26/Dec/2019:10:30:51 -0500] "POST /sipse/faces/autenticacion.xhtml HTTP/1.1" 200 16030
201.245.192.253 - - [26/Dec/2019:10:30:51 -0500] "GET /sipse/js/jquery.min.js HTTP/1.1" 304 -
201.245.192.253 - - [26/Dec/2019:10:30:51 -0500] "GET /sipse/faces/javax.faces.resource/jquery/jquery.js?ln=primefaces&v=4.0 HTTP/1.1" 304 -
201.245.192.253 - - [26/Dec/2019:10:30:51 -0500] "GET /sipse/faces/javax.faces.resource/jquery/jquery-plugins.js?ln=primefaces&v=4.0 HTTP/1.1" 304 -
201.245.192.253 - - [26/Dec/2019:10:30:51 -0500] "GET /sipse/faces/javax.faces.resource/primefaces.js?ln=primefaces&v=4.0 HTTP/1.1" 304 -
186.102.59.5 - - [26/Dec/2019:10:30:51 -0500] "GET /galeria/nivo-slider/demo/images/4Simple_Slider.png HTTP/1.1" 200 11722
201.245.192.253 - - [26/Dec/2019:10:30:51 -0500] "GET /sipse/faces/javax.faces.resource/layout/layout.js?ln=primefaces&v=4.0 HTTP/1.1" 304 -
186.102.59.5 - - [26/Dec/2019:10:30:51 -0500] "GET /galeria/nivo-slider/themes/default/loading.gif HTTP/1.1" 200 1737
201.245.192.253 - - [26/Dec/2019:10:30:51 -0500] "GET /sipse/css/imagen/contrasena.png HTTP/1.1" 404 383
186.102.59.5 - - [26/Dec/2019:10:30:52 -0500] "GET /galeria/nivo-slider/themes/default/bullets.png HTTP/1.1" 200 1281
186.102.59.5 - - [26/Dec/2019:10:30:52 -0500] "GET /galeria/nivo-slider/themes/default/arrows.png HTTP/1.1" 200 824
201.245.192.253 - - [26/Dec/2019:10:30:52 -0500] "GET /sipse/faces/javax.faces.resource/images/ui-bg_flat_0_2d5972_40x100.png?ln=primefaces-aristo HTTP/1.1" 200 183
201.245.192.253 - - [26/Dec/2019:10:30:52 -0500] "POST /sipse/faces/bienvenido.xhtml HTTP/1.1" 200 9407
89.163.242.62 - - [26/Dec/2019:10:30:52 -0500] "GET /SIG/index.php?dir=Comunicaciones/&sort=size&order=asc/ HTTP/1.1" 200 2914
201.245.192.253 - - [26/Dec/2019:10:30:52 -0500] "POST /sipse/faces/bienvenido.xhtml HTTP/1.1" 200 2658
201.245.192.253 - - [26/Dec/2019:10:30:53 -0500] "POST /sipse/faces/bienvenido.xhtml HTTP/1.1" 200 61136
201.245.192.253 - - [26/Dec/2019:10:30:54 -0500] "GET /sipse/faces/javax.faces.resource/jquery/jquery.js?ln=primefaces&v=4.0 HTTP/1.1" 304 -
201.245.192.253 - - [26/Dec/2019:10:30:54 -0500] "GET /sipse/faces/javax.faces.resource/jquery/jquery-plugins.js?ln=primefaces&v=4.0 HTTP/1.1" 304 -
201.245.192.253 - - [26/Dec/2019:10:30:54 -0500] "GET /sipse/faces/javax.faces.resource/primefaces.js?ln=primefaces&v=4.0 HTTP/1.1" 304 -
201.245.192.253 - - [26/Dec/2019:10:30:54 -0500] "GET /sipse/faces/javax.faces.resource/layout/layout.js?ln=primefaces&v=4.0 HTTP/1.1" 304 -
201.245.192.253 - - [26/Dec/2019:10:30:54 -0500] "POST /sipse/faces/presentacion/financiero/solicitudProceso/listarSolicitudProceso.xhtml HTTP/1.1" 200 1452
89.163.242.62 - - [26/Dec/2019:10:30:55 -0500] "GET /SIG/index.php?dir=Control%20Disciplinario/&sort=size&order=desc/ HTTP/1.1" 200 2703
89.163.242.62 - - [26/Dec/2019:10:30:59 -0500] "GET /SIG/index.php?dir=Direccionamiento%20Estrategico/&sort=date&order=asc/ HTTP/1.1" 200 3945
89.163.242.62 - - [26/Dec/2019:10:31:02 -0500] "GET /SIG/index.php?dir=Direccionamiento%20Estrategico/&sort=date&order=desc/ HTTP/1.1" 200 3945
201.245.192.253 - - [26/Dec/2019:10:31:03 -0500] "POST /sipse/faces/presentacion/financiero/solicitudProceso/listarSolicitudProceso.xhtml HTTP/1.1" 200 30211
89.163.242.62 - - [26/Dec/2019:10:31:06 -0500] "GET /SIG/index.php?dir=Direccionamiento%20Estrategico/&sort=name&order=asc/ HTTP/1.1" 200 3945
89.163.242.62 - - [26/Dec/2019:10:31:09 -0500] "GET /SIG/index.php?dir=Direccionamiento%20Estrategico/&sort=name&order=desc/ HTTP/1.1" 200 3945
201.245.192.253 - - [26/Dec/2019:10:31:10 -0500] "POST /sipse/faces/presentacion/financiero/solicitudProceso/listarSolicitudProceso.xhtml HTTP/1.1" 200 4194
201.245.192.253 - - [26/Dec/2019:10:31:11 -0500] "POST /sipse/faces/presentacion/financiero/solicitudProceso/listarSolicitudProceso.xhtml HTTP/1.1" 200 32558
201.245.192.253 - - [26/Dec/2019:10:31:12 -0500] "POST /sipse/faces/presentacion/financiero/solicitudProceso/listarSolicitudProceso.xhtml HTTP/1.1" 200 32309
89.163.242.62 - - [26/Dec/2019:10:31:12 -0500] "GET /SIG/index.php?dir=Direccionamiento%20Estrategico/&sort=size&order=asc/ HTTP/1.1" 200 3945
216.244.66.195 - - [26/Dec/2019:10:31:12 -0500] "GET /BLA/resoluciones/RESOLUCIONES%202010/0970.pdf HTTP/1.1" 200 116948
201.245.192.253 - - [26/Dec/2019:10:31:13 -0500] "POST /sipse/faces/presentacion/financiero/solicitudProceso/listarSolicitudProceso.xhtml HTTP/1.1" 200 6844
89.163.242.62 - - [26/Dec/2019:10:31:15 -0500] "GET /SIG/index.php?dir=Direccionamiento%20Estrategico/&sort=size&order=desc/ HTTP/1.1" 200 3945
201.245.192.253 - - [26/Dec/2019:10:31:16 -0500] "POST /sipse/faces/presentacion/financiero/solicitudProceso/listarSolicitudProceso.xhtml HTTP/1.1" 200 106387
201.245.192.253 - - [26/Dec/2019:10:31:17 -0500] "GET /sipse/faces/javax.faces.resource/jquery/jquery.js?ln=primefaces&v=4.0 HTTP/1.1" 304 -
201.245.192.253 - - [26/Dec/2019:10:31:17 -0500] "GET /sipse/faces/javax.faces.resource/jquery/jquery-plugins.js?ln=primefaces&v=4.0 HTTP/1.1" 304 -
201.245.192.253 - - [26/Dec/2019:10:31:17 -0500] "GET /sipse/faces/javax.faces.resource/primefaces.js?ln=primefaces&v=4.0 HTTP/1.1" 304 -
201.245.192.253 - - [26/Dec/2019:10:31:17 -0500] "GET /sipse/faces/javax.faces.resource/layout/layout.js?ln=primefaces&v=4.0 HTTP/1.1" 304 -
201.245.192.253 - - [26/Dec/2019:10:31:17 -0500] "GET /sipse/faces/javax.faces.resource/spacer/dot_clear.gif?ln=primefaces&v=4.0 HTTP/1.1" 200 42
201.245.192.253 - - [26/Dec/2019:10:31:17 -0500] "GET /sipse/faces/javax.faces.resource/dynamiccontent.properties?ln=primefaces&pfdrid=XjOR5%2F%2FfPAZAuY9TpWQeCiM0BhlXxYRBGKi%2FQcXXfeA%3D&pfdrid_c=false HTTP/1.1" 500 383
89.163.242.62 - - [26/Dec/2019:10:31:18 -0500] "GET /SIG/index.php?dir=ECS/&sort=date&order=desc/ HTTP/1.1" 200 16569
89.163.242.62 - - [26/Dec/2019:10:31:21 -0500] "GET /SIG/index.php?dir=ECS/&sort=size&order=desc/ HTTP/1.1" 200 16569
66.249.64.29 - - [26/Dec/2019:10:31:23 -0500] "GET /galeria/nivo-slider/demo/images/cumbre-climaNvaYork.jpg HTTP/1.1" 200 71628
89.163.242.62 - - [26/Dec/2019:10:31:24 -0500] "GET /SIG/index.php?dir=Gestion%20Documental/&sort=date&order=desc/ HTTP/1.1" 200 5566
89.163.242.62 - - [26/Dec/2019:10:31:27 -0500] "GET /SIG/index.php?dir=Gestion%20Documental/&sort=size&order=desc/ HTTP/1.1" 200 5566
201.245.192.253 - - [26/Dec/2019:10:31:27 -0500] "POST /sipse/faces/presentacion/financiero/solicitudProceso/consultarSolicitudProceso.xhtml HTTP/1.1" 200 911
89.163.242.62 - - [26/Dec/2019:10:31:29 -0500] "GET /SIG/index.php?dir=Gestion%20Recursos%20Financieros/&sort=date&order=asc/ HTTP/1.1" 200 8842
89.163.242.62 - - [26/Dec/2019:10:31:33 -0500] "GET /SIG/index.php?dir=Gestion%20Recursos%20Financieros/&sort=date&order=desc/ HTTP/1.1" 200 8842
89.163.242.62 - - [26/Dec/2019:10:31:38 -0500] "GET /SIG/index.php?dir=Gestion%20Recursos%20Financieros/&sort=name&order=asc/ HTTP/1.1" 200 8842
89.163.242.62 - - [26/Dec/2019:10:31:40 -0500] "GET /SIG/index.php?dir=Gestion%20Recursos%20Financieros/&sort=size&order=asc/ HTTP/1.1" 200 8842
89.163.242.62 - - [26/Dec/2019:10:31:43 -0500] "GET /StormSDA/userFiles/?C=D;O=D/ HTTP/1.1" 200 6087
186.87.94.150 - - [26/Dec/2019:10:31:43 -0500] "GET /galeria/galeria/jquery.fancybox.js?v=2.1.5 HTTP/1.1" 200 48706
186.87.94.150 - - [26/Dec/2019:10:31:43 -0500] "GET /BLA/boletinlegal/js/jquery.scrollShow.js HTTP/1.1" 200 4586
186.87.94.150 - - [26/Dec/2019:10:31:43 -0500] "GET /galeria/galeria/jquery.fancybox.css?v=2.1.5 HTTP/1.1" 200 4895
201.245.192.253 - - [26/Dec/2019:10:31:44 -0500] "GET /BLA/boletinlegal/actos.php HTTP/1.1" 200 8778
186.87.94.150 - - [26/Dec/2019:10:31:45 -0500] "GET /galeria/carrusel/Carrusel/jquery.thumbnailScroller.css HTTP/1.1" 200 2066
186.87.94.150 - - [26/Dec/2019:10:31:45 -0500] "GET /galeria/carrusel/Carrusel/jquery-ui-1.8.13.custom.min.js HTTP/1.1" 200 10800
186.87.94.150 - - [26/Dec/2019:10:31:45 -0500] "GET /galeria/carrusel/Carrusel/jquery.thumbnailScroller.js HTTP/1.1" 200 8157
186.87.94.150 - - [26/Dec/2019:10:31:45 -0500] "GET /galeria/nivo-slider/demo/inicio.html HTTP/1.1" 200 4435
201.245.192.253 - - [26/Dec/2019:10:31:45 -0500] "GET /galeria/carrusel/Carrusel/jquery.thumbnailScroller.css HTTP/1.1" 200 2066
201.245.192.253 - - [26/Dec/2019:10:31:45 -0500] "GET /galeria/carrusel/Carrusel/jquery-ui-1.8.13.custom.min.js HTTP/1.1" 200 10800
201.245.192.253 - - [26/Dec/2019:10:31:45 -0500] "GET /galeria/carrusel/Carrusel/jquery.thumbnailScroller.js HTTP/1.1" 200 8157
201.245.192.253 - - [26/Dec/2019:10:31:45 -0500] "GET /galeria/nivo-slider/demo/inicio.html HTTP/1.1" 200 4435
201.245.192.253 - - [26/Dec/2019:10:31:45 -0500] "GET /galeria/nivo-slider/themes/default/default.css HTTP/1.1" 200 1569
201.245.192.253 - - [26/Dec/2019:10:31:45 -0500] "GET /galeria/nivo-slider/themes/pascal/pascal.css HTTP/1.1" 200 2258
201.245.192.253 - - [26/Dec/2019:10:31:45 -0500] "GET /galeria/nivo-slider/themes/orman/orman.css HTTP/1.1" 200 2152
201.245.192.253 - - [26/Dec/2019:10:31:45 -0500] "GET /galeria/nivo-slider/nivo-slider.css HTTP/1.1" 200 1507
201.245.192.253 - - [26/Dec/2019:10:31:45 -0500] "GET /galeria/nivo-slider/demo/style.css HTTP/1.1" 200 2222
201.245.192.253 - - [26/Dec/2019:10:31:45 -0500] "GET /galeria/nivo-slider/demo/images/Bannercalculadora.jpg HTTP/1.1" 200 313099
186.154.214.4 - - [26/Dec/2019:10:31:45 -0500] "GET /BLA/resoluciones/RESOLUCIONES%202015/3168.pdf HTTP/1.1" 200 676235
89.163.242.62 - - [26/Dec/2019:10:31:45 -0500] "GET /StormSDA/userFiles/?C=M;O=D/ HTTP/1.1" 200 6087
186.87.94.150 - - [26/Dec/2019:10:31:45 -0500] "GET /galeria/nivo-slider/themes/pascal/pascal.css HTTP/1.1" 200 2258
201.245.192.253 - - [26/Dec/2019:10:31:45 -0500] "GET /galeria/nivo-slider/demo/images/Banner%20consumo%20sostenible%20final.jpg HTTP/1.1" 200 364746
201.245.192.253 - - [26/Dec/2019:10:31:45 -0500] "GET /galeria/nivo-slider/demo/images/bannerwebmusgo.jpg HTTP/1.1" 200 367364
201.245.192.253 - - [26/Dec/2019:10:31:45 -0500] "GET /galeria/nivo-slider/demo/images/Banneranonimos.png HTTP/1.1" 200 109388
201.245.192.253 - - [26/Dec/2019:10:31:45 -0500] "GET /galeria/nivo-slider/demo/images/bannerjardines.jpg HTTP/1.1" 200 417948
201.245.192.253 - - [26/Dec/2019:10:31:45 -0500] "GET /galeria/nivo-slider/demo/images/puntos%20atencion%20BANNER.jpg HTTP/1.1" 200 244208
201.245.192.253 - - [26/Dec/2019:10:31:45 -0500] "GET /galeria/nivo-slider/demo/inicio.html HTTP/1.1" 200 4435
186.154.214.4 - - [26/Dec/2019:10:31:46 -0500] "GET /favicon.ico HTTP/1.1" 200 7782
201.245.192.253 - - [26/Dec/2019:10:31:46 -0500] "GET /galeria/nivo-slider/demo/images/Banner%20Visor%20Geografico%20Ambiental.jpg HTTP/1.1" 200 204673
201.245.192.253 - - [26/Dec/2019:10:31:46 -0500] "GET /galeria/nivo-slider/demo/images/banneriniciativa.jpg HTTP/1.1" 200 200385
201.245.192.253 - - [26/Dec/2019:10:31:46 -0500] "GET /galeria/nivo-slider/demo/images/Bannerserpiente2019.jpg HTTP/1.1" 200 270374
186.87.94.150 - - [26/Dec/2019:10:31:46 -0500] "GET /galeria/nivo-slider/themes/orman/orman.css HTTP/1.1" 200 2152
186.87.94.150 - - [26/Dec/2019:10:31:46 -0500] "GET /galeria/nivo-slider/themes/default/default.css HTTP/1.1" 200 1569
201.245.192.253 - - [26/Dec/2019:10:31:46 -0500] "GET /galeria/nivo-slider/demo/images/Banner%20practicas%20sostenibles.jpg HTTP/1.1" 200 142958
186.87.94.150 - - [26/Dec/2019:10:31:46 -0500] "GET /galeria/nivo-slider/demo/style.css HTTP/1.1" 200 2222
201.245.192.253 - - [26/Dec/2019:10:31:46 -0500] "GET /galeria/nivo-slider/demo/images/Banner%20tinguas.jpg HTTP/1.1" 200 214878
191.159.69.39 - - [26/Dec/2019:10:31:47 -0500] "GET /BLA/boletinlegal/js/jquery.scrollShow.js HTTP/1.1" 200 4586
201.245.192.253 - - [26/Dec/2019:10:31:47 -0500] "GET /galeria/nivo-slider/demo/images/Banner%20POT.png HTTP/1.1" 200 418238
201.245.192.253 - - [26/Dec/2019:10:31:47 -0500] "GET /galeria/nivo-slider/demo/images/diciembrecaminatas.png HTTP/1.1" 200 510724
201.245.192.253 - - [26/Dec/2019:10:31:47 -0500] "GET /galeria/nivo-slider/demo/images/Banner%20Conpes.jpg HTTP/1.1" 200 55220
201.245.192.253 - - [26/Dec/2019:10:31:47 -0500] "GET /galeria/nivo-slider/demo/images/Banner%20RCD.jpg HTTP/1.1" 200 92197
201.245.192.253 - - [26/Dec/2019:10:31:47 -0500] "GET /galeria/nivo-slider/demo/images/Bannercalculadora.jpg HTTP/1.1" 304 -
186.87.94.150 - - [26/Dec/2019:10:31:47 -0500] "GET /galeria/nivo-slider/nivo-slider.css HTTP/1.1" 200 1507
201.245.192.253 - - [26/Dec/2019:10:31:47 -0500] "GET /galeria/nivo-slider/demo/images/bannerwebmusgo.jpg HTTP/1.1" 304 -
201.245.192.253 - - [26/Dec/2019:10:31:47 -0500] "GET /galeria/nivo-slider/demo/images/banneragendamiento.jpg HTTP/1.1" 304 -
201.245.192.253 - - [26/Dec/2019:10:31:47 -0500] "GET /galeria/nivo-slider/demo/images/bannerjardines.jpg HTTP/1.1" 304 -
201.245.192.253 - - [26/Dec/2019:10:31:47 -0500] "GET /galeria/nivo-slider/demo/images/banneriniciativa.jpg HTTP/1.1" 304 -
186.87.94.150 - - [26/Dec/2019:10:31:47 -0500] "GET /galeria/nivo-slider/demo/images/Banner%20RCD.jpg HTTP/1.1" 200 92197
186.87.94.150 - - [26/Dec/2019:10:31:47 -0500] "GET /galeria/nivo-slider/demo/images/Banner%20consumo%20sostenible%20final.jpg HTTP/1.1" 200 364746
201.245.192.253 - - [26/Dec/2019:10:31:47 -0500] "GET /galeria/nivo-slider/demo/images/diciembrecaminatas.png HTTP/1.1" 304 -
201.245.192.253 - - [26/Dec/2019:10:31:47 -0500] "GET /galeria/nivo-slider/demo/images/Banner%20tinguas.jpg HTTP/1.1" 304 -
201.245.192.253 - - [26/Dec/2019:10:31:47 -0500] "GET /galeria/nivo-slider/demo/images/Bannerserpiente2019.jpg HTTP/1.1" 304 -
89.163.242.62 - - [26/Dec/2019:10:31:47 -0500] "GET /StormSDA/userFiles/?C=N;O=A/ HTTP/1.1" 200 6087
186.87.94.150 - - [26/Dec/2019:10:31:47 -0500] "GET /galeria/nivo-slider/demo/images/Banneranonimos.png HTTP/1.1" 200 109388
186.87.94.150 - - [26/Dec/2019:10:31:48 -0500] "GET /galeria/nivo-slider/demo/images/bannerwebmusgo.jpg HTTP/1.1" 200 367364
201.245.192.253 - - [26/Dec/2019:10:31:48 -0500] "GET /galeria/nivo-slider/demo/scripts/jquery-1.7.1.min.js HTTP/1.1" 200 93868
201.245.192.253 - - [26/Dec/2019:10:31:48 -0500] "GET /galeria/nivo-slider/demo/images/banneragendamiento.jpg HTTP/1.1" 200 116897
186.87.94.150 - - [26/Dec/2019:10:31:48 -0500] "GET /galeria/nivo-slider/demo/images/Banner%20tinguas.jpg HTTP/1.1" 200 214878
201.245.192.253 - - [26/Dec/2019:10:31:48 -0500] "GET /galeria/nivo-slider/demo/images/Banneranonimos.png HTTP/1.1" 304 -
201.245.192.253 - - [26/Dec/2019:10:31:48 -0500] "GET /galeria/nivo-slider/demo/images/4Simple_Slider.png HTTP/1.1" 200 11722
201.245.192.253 - - [26/Dec/2019:10:31:48 -0500] "GET /galeria/nivo-slider/themes/default/loading.gif HTTP/1.1" 200 1737
201.245.192.253 - - [26/Dec/2019:10:31:48 -0500] "GET /galeria/nivo-slider/jquery.nivo.slider.pack.js HTTP/1.1" 200 11561
186.87.94.150 - - [26/Dec/2019:10:31:48 -0500] "GET /galeria/nivo-slider/demo/images/puntos%20atencion%20BANNER.jpg HTTP/1.1" 200 244208
186.87.94.150 - - [26/Dec/2019:10:31:48 -0500] "GET /galeria/nivo-slider/demo/images/Banner%20practicas%20sostenibles.jpg HTTP/1.1" 200 142958
186.87.94.150 - - [26/Dec/2019:10:31:49 -0500] "GET /galeria/nivo-slider/demo/images/Bannercalculadora.jpg HTTP/1.1" 200 313099
186.87.94.150 - - [26/Dec/2019:10:31:49 -0500] "GET /galeria/nivo-slider/demo/images/Banner%20Conpes.jpg HTTP/1.1" 200 55220
186.87.94.150 - - [26/Dec/2019:10:31:49 -0500] "GET /galeria/nivo-slider/demo/images/banneriniciativa.jpg HTTP/1.1" 200 200385
186.87.94.150 - - [26/Dec/2019:10:31:49 -0500] "GET /galeria/nivo-slider/demo/images/Banner%20Visor%20Geografico%20Ambiental.jpg HTTP/1.1" 200 204673
186.87.94.150 - - [26/Dec/2019:10:31:49 -0500] "GET /galeria/nivo-slider/demo/images/bannerjardines.jpg HTTP/1.1" 200 417948
186.87.94.150 - - [26/Dec/2019:10:31:49 -0500] "GET /galeria/nivo-slider/demo/images/diciembrecaminatas.png HTTP/1.1" 200 510724
201.245.192.253 - - [26/Dec/2019:10:31:49 -0500] "GET /galeria/nivo-slider/themes/default/arrows.png HTTP/1.1" 200 824
201.245.192.253 - - [26/Dec/2019:10:31:49 -0500] "GET /galeria/nivo-slider/themes/default/bullets.png HTTP/1.1" 200 1281
186.87.94.150 - - [26/Dec/2019:10:31:49 -0500] "GET /galeria/nivo-slider/demo/images/Banner%20POT.png HTTP/1.1" 200 418238
186.87.94.150 - - [26/Dec/2019:10:31:49 -0500] "GET /galeria/nivo-slider/demo/images/Bannerserpiente2019.jpg HTTP/1.1" 200 270374
186.87.94.150 - - [26/Dec/2019:10:31:50 -0500] "GET /galeria/nivo-slider/demo/images/banneragendamiento.jpg HTTP/1.1" 200 116897
54.36.148.119 - - [26/Dec/2019:10:31:50 -0500] "GET /BLA/resoluciones/RESOLUCIONES%202004/RES%202004%20151-200/00000152.tif HTTP/1.1" 200 530376
186.87.94.150 - - [26/Dec/2019:10:31:50 -0500] "GET /galeria/nivo-slider/themes/default/loading.gif HTTP/1.1" 200 1737
89.163.242.62 - - [26/Dec/2019:10:31:51 -0500] "GET /StormSDA/userFiles/?C=S;O=D/ HTTP/1.1" 200 6087
186.87.94.150 - - [26/Dec/2019:10:31:51 -0500] "GET /galeria/nivo-slider/demo/scripts/jquery-1.7.1.min.js HTTP/1.1" 200 93868
186.87.94.150 - - [26/Dec/2019:10:31:51 -0500] "GET /galeria/nivo-slider/jquery.nivo.slider.pack.js HTTP/1.1" 200 11561
186.87.94.150 - - [26/Dec/2019:10:31:51 -0500] "GET /galeria/nivo-slider/demo/images/4Simple_Slider.png HTTP/1.1" 200 11722
186.87.94.150 - - [26/Dec/2019:10:31:55 -0500] "GET /galeria/nivo-slider/themes/default/arrows.png HTTP/1.1" 200 824
186.87.94.150 - - [26/Dec/2019:10:31:55 -0500] "GET /galeria/nivo-slider/themes/default/bullets.png HTTP/1.1" 200 1281
191.159.69.39 - - [26/Dec/2019:10:31:58 -0500] "GET /galeria/galeria/jquery.fancybox.js?v=2.1.5 HTTP/1.1" 200 48706
191.159.69.39 - - [26/Dec/2019:10:31:58 -0500] "GET /galeria/galeria/jquery.fancybox.css?v=2.1.5 HTTP/1.1" 200 4895
201.245.192.253 - - [26/Dec/2019:10:32:00 -0500] "GET /BLA/boletinlegal/consulta_actos.php?tipo=resoluciones&no=0979&usuario=&sector=&fecha=2017&resuelve= HTTP/1.1" 200 1044
191.159.69.39 - - [26/Dec/2019:10:32:04 -0500] "GET /galeria/carrusel/Carrusel/jquery.thumbnailScroller.css HTTP/1.1" 200 2066
201.245.192.253 - - [26/Dec/2019:10:31:42 -0500] "GET /BLA/boletinlegal/ HTTP/1.1" 200 20427
191.159.69.39 - - [26/Dec/2019:10:32:05 -0500] "GET /galeria/carrusel/Carrusel/jquery-ui-1.8.13.custom.min.js HTTP/1.1" 200 10800
191.159.69.39 - - [26/Dec/2019:10:32:05 -0500] "GET /galeria/carrusel/Carrusel/jquery.thumbnailScroller.js HTTP/1.1" 200 8157
216.244.66.195 - - [26/Dec/2019:10:32:05 -0500] "GET /BLA/resoluciones/RESOLUCIONES%202010/1070.pdf HTTP/1.1" 200 115578
201.245.192.253 - - [26/Dec/2019:10:32:07 -0500] "GET /BLA/resoluciones/RESOLUCIONES%202017/0979.pdf HTTP/1.1" 200 6159037
201.245.192.253 - - [26/Dec/2019:10:32:12 -0500] "POST /sipse/faces/presentacion/financiero/solicitudProceso/listarSolicitudProceso.xhtml HTTP/1.1" 200 6429
159.138.153.120 - - [26/Dec/2019:10:32:12 -0500] "GET /BLA/resoluciones/index.php?dir=Decretos/&sort=date&order=asc HTTP/1.1" 200 6582
179.18.27.178 - - [26/Dec/2019:10:32:13 -0500] "GET /galeria/galeria/jquery.fancybox.css?v=2.1.5 HTTP/1.1" 200 4895
179.18.27.178 - - [26/Dec/2019:10:32:13 -0500] "GET /BLA/boletinlegal/js/jquery.scrollShow.js HTTP/1.1" 304 -
179.18.27.178 - - [26/Dec/2019:10:32:13 -0500] "GET /galeria/galeria/jquery.fancybox.js?v=2.1.5 HTTP/1.1" 200 48706
159.138.157.83 - - [26/Dec/2019:10:32:13 -0500] "GET /BLA/resoluciones/index.php?dir=AUTOS%2B2014%2F&sort=date&order=desc HTTP/1.1" 200 12051
179.18.27.178 - - [26/Dec/2019:10:32:19 -0500] "GET /BLA/boletinlegal/js/jquery.scrollShow.js HTTP/1.1" 304 -
201.245.192.253 - - [26/Dec/2019:10:32:22 -0500] "POST /sipse/faces/presentacion/financiero/solicitudProceso/listarSolicitudProceso.xhtml HTTP/1.1" 200 9279
201.245.192.253 - - [26/Dec/2019:10:32:23 -0500] "POST /sipse/faces/presentacion/financiero/solicitudProceso/listarSolicitudProceso.xhtml HTTP/1.1" 200 31977
201.245.192.253 - - [26/Dec/2019:10:32:24 -0500] "POST /sipse/faces/presentacion/financiero/solicitudProceso/listarSolicitudProceso.xhtml HTTP/1.1" 200 6379
201.245.192.253 - - [26/Dec/2019:10:32:28 -0500] "POST /sipse/faces/presentacion/financiero/solicitudProceso/listarSolicitudProceso.xhtml HTTP/1.1" 200 27668
201.245.192.253 - - [26/Dec/2019:10:32:28 -0500] "POST /sipse/faces/presentacion/financiero/solicitudProceso/listarSolicitudProceso.xhtml HTTP/1.1" 200 27668
201.245.192.253 - - [26/Dec/2019:10:32:29 -0500] "POST /sipse/faces/presentacion/financiero/solicitudProceso/listarSolicitudProceso.xhtml HTTP/1.1" 200 1344
201.245.192.253 - - [26/Dec/2019:10:32:30 -0500] "POST /sipse/faces/presentacion/financiero/solicitudProceso/listarSolicitudProceso.xhtml HTTP/1.1" 200 1344
157.55.39.186 - - [26/Dec/2019:10:32:31 -0500] "GET /SIG/index.php?dir=&sort=size&order=asc HTTP/1.1" 200 4514
216.244.66.195 - - [26/Dec/2019:10:32:54 -0500] "GET /BLA/resoluciones/RESOLUCIONES%202010/1207.pdf HTTP/1.1" 200 96041
201.245.192.253 - - [26/Dec/2019:10:33:08 -0500] "GET /sipsesda/ HTTP/1.1" 200 1477
201.245.192.253 - - [26/Dec/2019:10:33:09 -0500] "GET /css/segobdis.css HTTP/1.1" 404 1264
201.245.192.253 - - [26/Dec/2019:10:33:09 -0500] "POST /sipse/faces/presentacion/financiero/solicitudProceso/listarSolicitudProceso.xhtml HTTP/1.1" 200 2625
201.245.192.253 - - [26/Dec/2019:10:33:09 -0500] "GET /sipsesda/faces/login.jspx HTTP/1.1" 200 6587
201.245.192.253 - - [26/Dec/2019:10:33:09 -0500] "GET /sipsesda/js/disable_browser_buttons.js HTTP/1.1" 200 2767
201.245.192.253 - - [26/Dec/2019:10:33:09 -0500] "GET /sipsesda/js/funciones.js HTTP/1.1" 200 36377
201.245.192.253 - - [26/Dec/2019:10:33:09 -0500] "GET /sipsesda/imagenes/encabezado.jpg HTTP/1.1" 200 18018
201.245.192.253 - - [26/Dec/2019:10:33:09 -0500] "GET /sipsesda/adf/styles/cache/segobdis16-desktop-10_1_3_4_0-webkit.css HTTP/1.1" 200 57326
201.245.192.253 - - [26/Dec/2019:10:33:09 -0500] "GET /sipsesda/adf/jsLibs/Common10_1_3_4_0.js HTTP/1.1" 200 132959
201.245.192.253 - - [26/Dec/2019:10:33:09 -0500] "GET /sipsesda/adf/images/t.gif HTTP/1.1" 200 86
201.245.192.253 - - [26/Dec/2019:10:33:10 -0500] "POST /sipse/faces/presentacion/financiero/solicitudProceso/listarSolicitudProceso.xhtml HTTP/1.1" 200 41081
201.245.192.253 - - [26/Dec/2019:10:33:10 -0500] "GET /sipse/faces/javax.faces.resource/jquery/jquery.js?ln=primefaces&v=4.0 HTTP/1.1" 304 -
201.245.192.253 - - [26/Dec/2019:10:33:10 -0500] "GET /sipse/faces/javax.faces.resource/jquery/jquery-plugins.js?ln=primefaces&v=4.0 HTTP/1.1" 304 -
201.245.192.253 - - [26/Dec/2019:10:33:10 -0500] "GET /sipse/faces/javax.faces.resource/primefaces.js?ln=primefaces&v=4.0 HTTP/1.1" 304 -
201.245.192.253 - - [26/Dec/2019:10:33:10 -0500] "GET /sipse/faces/javax.faces.resource/layout/layout.js?ln=primefaces&v=4.0 HTTP/1.1" 304 -
201.245.192.253 - - [26/Dec/2019:10:33:10 -0500] "POST /sipse/faces/presentacion/financiero/solicitudProceso/consultar.xhtml HTTP/1.1" 200 34369
200.29.119.56 - - [26/Dec/2019:10:33:13 -0500] "GET /galeria/galeria/jquery.fancybox.css?v=2.1.5 HTTP/1.1" 200 4895
201.245.192.253 - - [26/Dec/2019:10:33:13 -0500] "POST /sipse/faces/presentacion/financiero/solicitudProceso/consultar.xhtml HTTP/1.1" 200 12839
200.29.119.56 - - [26/Dec/2019:10:33:16 -0500] "GET /BLA/boletinlegal/js/jquery.scrollShow.js HTTP/1.1" 200 4586
200.29.119.56 - - [26/Dec/2019:10:33:16 -0500] "GET /galeria/galeria/jquery.fancybox.js?v=2.1.5 HTTP/1.1" 200 48706
185.220.101.12 - - [26/Dec/2019:10:33:28 -0500] "GET /silvicultura/9.pdf HTTP/1.1" 200 189358
181.61.117.232 - - [26/Dec/2019:10:33:47 -0500] "GET /galeria/galeria/jquery.fancybox.css?v=2.1.5 HTTP/1.1" 200 4895
181.61.117.232 - - [26/Dec/2019:10:33:47 -0500] "GET /BLA/boletinlegal/js/jquery.scrollShow.js HTTP/1.1" 200 4586
181.61.117.232 - - [26/Dec/2019:10:33:47 -0500] "GET /galeria/galeria/jquery.fancybox.js?v=2.1.5 HTTP/1.1" 200 48706
69.162.124.232 - - [26/Dec/2019:10:34:01 -0500] "HEAD / HTTP/1.1" 200 -
216.244.66.195 - - [26/Dec/2019:10:34:01 -0500] "GET /BLA/resoluciones/RESOLUCIONES%202010/1344.pdf HTTP/1.1" 200 342076
66.249.64.63 - - [26/Dec/2019:10:34:37 -0500] "GET /BLA/resoluciones/RESOLUCIONES%202017/3322.pdf HTTP/1.1" 304 -
201.245.192.253 - - [26/Dec/2019:10:34:37 -0500] "GET /galeria/nivo-slider/demo/inicio.html HTTP/1.1" 304 -
201.245.192.253 - - [26/Dec/2019:10:34:37 -0500] "GET /galeria/nivo-slider/demo/images/Bannercalculadora.jpg HTTP/1.1" 304 -
201.245.192.253 - - [26/Dec/2019:10:34:37 -0500] "GET /galeria/nivo-slider/demo/images/bannerjardines.jpg HTTP/1.1" 304 -
201.245.192.253 - - [26/Dec/2019:10:34:37 -0500] "GET /galeria/nivo-slider/demo/images/diciembrecaminatas.png HTTP/1.1" 304 -
