66.249.64.59 - - [07/Jan/2020:04:10:39 -0500] "GET /BLA/resoluciones/RESOLUCIONES%202007/RES%202007%20601%20AL%20700/RESOLUCION%200684%20DE%202007.pdf HTTP/1.1" 200 1024893
66.249.64.59 - - [07/Jan/2020:04:11:21 -0500] "GET /BLA/resoluciones/RESOLUCIONES%202010/0948.pdf HTTP/1.1" 200 119976
54.197.234.188 - - [07/Jan/2020:04:11:54 -0500] "GET /galeria/galeria/jquery.fancybox.js?v=2.1.5 HTTP/1.1" 200 48706
54.197.234.188 - - [07/Jan/2020:04:11:54 -0500] "GET /BLA/boletinlegal/js/jquery.scrollShow.js HTTP/1.1" 200 4586
54.197.234.188 - - [07/Jan/2020:04:11:54 -0500] "GET /galeria/galeria/jquery.fancybox.css?v=2.1.5 HTTP/1.1" 200 4895
66.249.64.61 - - [07/Jan/2020:04:12:03 -0500] "GET /BLA/resoluciones/RESOLUCIONES%202018/0403.pdf HTTP/1.1" 200 348979
66.249.64.61 - - [07/Jan/2020:04:12:45 -0500] "GET /BLA/resoluciones/AUTOS%202016/2963.pdf HTTP/1.1" 304 -
54.36.150.171 - - [07/Jan/2020:04:12:48 -0500] "GET /BLA/resoluciones/RESOLUCIONES%202004/RES%202004%20351-400/00000371.tif HTTP/1.1" 200 108926
216.244.66.195 - - [07/Jan/2020:04:12:51 -0500] "GET /BLA/resoluciones/AUTOS%202007/2825.pdf HTTP/1.1" 200 99336
66.249.64.61 - - [07/Jan/2020:04:13:08 -0500] "GET /BLA/resoluciones/RESOLUCIONES%202009/2718.pdf HTTP/1.1" 200 720230
66.249.64.59 - - [07/Jan/2020:04:13:27 -0500] "GET /BLA/resoluciones/AUTOS%202007/2507.pdf HTTP/1.1" 200 204206
54.197.234.188 - - [07/Jan/2020:04:13:31 -0500] "GET /BLA/boletinlegal/js/jquery.scrollShow.js HTTP/1.1" 200 4586
54.197.234.188 - - [07/Jan/2020:04:13:31 -0500] "GET /galeria/galeria/jquery.fancybox.js?v=2.1.5 HTTP/1.1" 200 48706
54.197.234.188 - - [07/Jan/2020:04:13:31 -0500] "GET /galeria/galeria/jquery.fancybox.css?v=2.1.5 HTTP/1.1" 200 4895
54.197.234.188 - - [07/Jan/2020:04:13:31 -0500] "GET /galeria/carrusel/Carrusel/jquery.thumbnailScroller.css HTTP/1.1" 200 2066
54.197.234.188 - - [07/Jan/2020:04:13:31 -0500] "GET /galeria/carrusel/Carrusel/jquery.thumbnailScroller.js HTTP/1.1" 200 8157
54.197.234.188 - - [07/Jan/2020:04:13:31 -0500] "GET /galeria/carrusel/Carrusel/jquery-ui-1.8.13.custom.min.js HTTP/1.1" 200 10800
54.197.234.188 - - [07/Jan/2020:04:13:32 -0500] "GET /galeria/nivo-slider/demo/inicio.html HTTP/1.1" 200 3203
54.197.234.188 - - [07/Jan/2020:04:13:32 -0500] "GET /galeria/nivo-slider/themes/pascal/pascal.css HTTP/1.1" 200 2258
54.197.234.188 - - [07/Jan/2020:04:13:32 -0500] "GET /galeria/nivo-slider/style.css HTTP/1.1" 200 2104
54.197.234.188 - - [07/Jan/2020:04:13:32 -0500] "GET /galeria/nivo-slider/themes/default/default.css HTTP/1.1" 200 1569
54.197.234.188 - - [07/Jan/2020:04:13:32 -0500] "GET /galeria/nivo-slider/themes/orman/orman.css HTTP/1.1" 200 2152
54.197.234.188 - - [07/Jan/2020:04:13:32 -0500] "GET /galeria/nivo-slider/nivo-slider.css HTTP/1.1" 200 1507
54.197.234.188 - - [07/Jan/2020:04:13:32 -0500] "GET /galeria/nivo-slider/demo/scripts/jquery-1.7.1.min.js HTTP/1.1" 200 93868
54.197.234.188 - - [07/Jan/2020:04:13:32 -0500] "GET /galeria/nivo-slider/demo/images/bannercaminatasenero.jpg HTTP/1.1" 200 515042
54.197.234.188 - - [07/Jan/2020:04:13:32 -0500] "GET /galeria/nivo-slider/demo/images/bannercigarrillos.jpg HTTP/1.1" 200 230953
54.197.234.188 - - [07/Jan/2020:04:13:32 -0500] "GET /galeria/nivo-slider/jquery.nivo.slider.pack.js HTTP/1.1" 200 11561
54.197.234.188 - - [07/Jan/2020:04:13:32 -0500] "GET /galeria/nivo-slider/demo/images/Bannercalculadoraweb.jpg HTTP/1.1" 200 301964
54.197.234.188 - - [07/Jan/2020:04:13:32 -0500] "GET /galeria/nivo-slider/demo/images/bannervisorweb.jpg HTTP/1.1" 200 201837
54.197.234.188 - - [07/Jan/2020:04:13:32 -0500] "GET /galeria/nivo-slider/demo/images/bannertinguaweb.jpg HTTP/1.1" 200 227793
54.197.234.188 - - [07/Jan/2020:04:13:32 -0500] "GET /galeria/nivo-slider/demo/images/bannerpuntosweb.jpg HTTP/1.1" 200 234282
54.197.234.188 - - [07/Jan/2020:04:13:33 -0500] "GET /galeria/nivo-slider/themes/default/loading.gif HTTP/1.1" 200 1737
54.197.234.188 - - [07/Jan/2020:04:13:35 -0500] "GET /galeria/nivo-slider/themes/default/arrows.png HTTP/1.1" 200 824
54.197.234.188 - - [07/Jan/2020:04:13:35 -0500] "GET /galeria/nivo-slider/themes/default/bullets.png HTTP/1.1" 200 1281
216.244.66.195 - - [07/Jan/2020:04:13:40 -0500] "GET /BLA/resoluciones/AUTOS%202007/2845.pdf HTTP/1.1" 200 184413
69.162.124.232 - - [07/Jan/2020:04:13:56 -0500] "HEAD / HTTP/1.1" 200 -
66.249.64.61 - - [07/Jan/2020:04:14:09 -0500] "GET /BLA/resoluciones/RESOLUCIONES%202012/0959.pdf HTTP/1.1" 304 -
66.249.64.59 - - [07/Jan/2020:04:14:31 -0500] "GET /BLA/resoluciones/RESOLUCIONES%202005/RES%202005%202751-2800/00002759.tif HTTP/1.1" 200 35908
207.46.13.163 - - [07/Jan/2020:04:14:40 -0500] "GET /siipev/Diseno%20de%20Elementos%20de%20Mobiliario%20Urbano/Otros%20Elementos/Infografia/Parte2/M-130.png HTTP/1.1" 200 4007
66.249.64.59 - - [07/Jan/2020:04:14:51 -0500] "GET /BLA/resoluciones/RESOLUCIONES%202010/6100.pdf HTTP/1.1" 304 -
66.249.64.59 - - [07/Jan/2020:04:15:33 -0500] "GET /BLA/resoluciones/AUTOS%202013/0171.pdf HTTP/1.1" 304 -
216.244.66.195 - - [07/Jan/2020:04:15:55 -0500] "GET /BLA/resoluciones/AUTOS%202007/3049.pdf HTTP/1.1" 200 294846
66.249.64.177 - - [07/Jan/2020:04:15:59 -0500] "GET /Anexos%20estudio%20Organizacional%20SDA/ANEXO%20No.%201-%20NORMAS%20LEGALES%20DE%20ESTRUCTURA%20Y%20PLANTA/RESE%C3%91A%20HIST%C3%93RICA%20SDA-NORMAS/Ley%2099%20de%201993%20-%20Crea%20MimAmbiente_files/application.js HTTP/1.1" 200 6376
66.249.64.179 - - [07/Jan/2020:04:15:59 -0500] "GET /Anexos%20estudio%20Organizacional%20SDA/ANEXO%20No.%201-%20NORMAS%20LEGALES%20DE%20ESTRUCTURA%20Y%20PLANTA/RESE%C3%91A%20HIST%C3%93RICA%20SDA-NORMAS/Ley%2099%20de%201993%20-%20Crea%20MimAmbiente_files/debug.js HTTP/1.1" 200 3792
66.249.64.177 - - [07/Jan/2020:04:16:02 -0500] "GET /Anexos%20estudio%20Organizacional%20SDA/ANEXO%20No.%201-%20NORMAS%20LEGALES%20DE%20ESTRUCTURA%20Y%20PLANTA/RESE%C3%91A%20HIST%C3%93RICA%20SDA-NORMAS/Ley%2099%20de%201993%20-%20Crea%20MimAmbiente_files/alert.css HTTP/1.1" 200 1815
66.249.64.177 - - [07/Jan/2020:04:16:06 -0500] "GET /Anexos%20estudio%20Organizacional%20SDA/ANEXO%20No.%201-%20NORMAS%20LEGALES%20DE%20ESTRUCTURA%20Y%20PLANTA/RESE%C3%91A%20HIST%C3%93RICA%20SDA-NORMAS/Ley%2099%20de%201993%20-%20Crea%20MimAmbiente_files/Tooltip.js HTTP/1.1" 200 11422
66.249.64.179 - - [07/Jan/2020:04:16:09 -0500] "GET /Anexos%20estudio%20Organizacional%20SDA/ANEXO%20No.%201-%20NORMAS%20LEGALES%20DE%20ESTRUCTURA%20Y%20PLANTA/RESE%C3%91A%20HIST%C3%93RICA%20SDA-NORMAS/Ley%2099%20de%201993%20-%20Crea%20MimAmbiente_files/effects.js HTTP/1.1" 200 38228
66.249.64.59 - - [07/Jan/2020:04:16:16 -0500] "GET /BLA/resoluciones/RESOLUCIONES%202016/0403.pdf HTTP/1.1" 304 -
201.245.192.253 - - [07/Jan/2020:04:15:49 -0500] "POST /kwsrmcab/Wsrmcab HTTP/1.1" 200 4733
201.245.192.253 - - [07/Jan/2020:04:15:49 -0500] "POST /kwsrmcab/Wsrmcab HTTP/1.1" 200 32742
66.249.64.59 - - [07/Jan/2020:04:16:57 -0500] "GET /BLA/resoluciones/AUTOS%202018/0199.pdf HTTP/1.1" 304 -
201.245.192.253 - - [07/Jan/2020:04:16:25 -0500] "POST /kwsrmcab/Wsrmcab HTTP/1.1" 200 32896
66.249.64.59 - - [07/Jan/2020:04:17:39 -0500] "GET /BLA/resoluciones/AUTOS%202016/0041.pdf HTTP/1.1" 304 -
216.244.66.195 - - [07/Jan/2020:04:18:06 -0500] "GET /BLA/resoluciones/AUTOS%202007/3088.pdf HTTP/1.1" 200 122080
66.249.64.61 - - [07/Jan/2020:04:18:21 -0500] "GET /BLA/resoluciones/RESOLUCIONES%202007/RES%202007%202601%20AL%202700/RESOLUCION%202618%20DE%202007.pdf HTTP/1.1" 304 -
54.36.148.124 - - [07/Jan/2020:04:18:36 -0500] "GET /BLA/resoluciones/RESOLUCIONES%202002/RES%202002%201001-1050/2002RES1020.tif HTTP/1.1" 200 62008
159.138.154.105 - - [07/Jan/2020:04:18:41 -0500] "GET /BLA/resoluciones/index.php?dir=&sort=date&order=asc HTTP/1.1" 200 12275
159.138.152.148 - - [07/Jan/2020:04:18:45 -0500] "GET /BLA/resoluciones/index.php?dir=AUTOS%2B2004%2F&sort=size&order=asc HTTP/1.1" 200 12461
69.162.124.232 - - [07/Jan/2020:04:18:56 -0500] "HEAD / HTTP/1.1" 200 -
66.249.64.61 - - [07/Jan/2020:04:19:03 -0500] "GET /BLA/resoluciones/RESOLUCIONES%202017/3625.pdf HTTP/1.1" 200 296626
216.244.66.195 - - [07/Jan/2020:04:19:35 -0500] "GET /BLA/resoluciones/AUTOS%202007/3096.pdf HTTP/1.1" 200 238094
66.249.64.61 - - [07/Jan/2020:04:19:49 -0500] "GET /BLA/resoluciones/RESOLUCIONES%202015/0632.pdf HTTP/1.1" 304 -
164.52.24.162 - - [07/Jan/2020:04:20:12 -0500] "GET / HTTP/1.0" 400 946
66.249.64.59 - - [07/Jan/2020:04:20:27 -0500] "GET /BLA/resoluciones/RESOLUCIONES%202018/1355.pdf HTTP/1.1" 304 -
66.249.64.59 - - [07/Jan/2020:04:20:27 -0500] "GET /BLA/resoluciones/RESOLUCIONES%202016/0285.pdf HTTP/1.1" 200 273456
66.249.64.63 - - [07/Jan/2020:04:21:09 -0500] "GET /BLA/resoluciones/AUTOS%202015/2571.pdf HTTP/1.1" 304 -
66.249.64.63 - - [07/Jan/2020:04:21:11 -0500] "GET /BLA/resoluciones/RESOLUCIONES%202005/RES%202005%202751-2800/00002791.tif HTTP/1.1" 200 57862
66.249.64.61 - - [07/Jan/2020:04:21:34 -0500] "GET /siipev/Diseno%20de%20Elementos%20de%20Mobiliario%20Urbano/Parte1.html? HTTP/1.1" 200 3594
216.244.66.195 - - [07/Jan/2020:04:21:46 -0500] "GET /BLA/resoluciones/AUTOS%202007/3115.pdf HTTP/1.1" 200 171029
66.249.64.61 - - [07/Jan/2020:04:21:51 -0500] "GET /BLA/resoluciones/AUTOS%202013/0071.pdf HTTP/1.1" 304 -
54.36.150.88 - - [07/Jan/2020:04:22:15 -0500] "GET /BLA/resoluciones/RESOLUCIONES%202004/RES%202004%201001-1050/00001029.tif HTTP/1.1" 200 182678
66.249.64.59 - - [07/Jan/2020:04:23:15 -0500] "GET /BLA/resoluciones/AUTOS%202018/1480.pdf HTTP/1.1" 200 306794
216.244.66.195 - - [07/Jan/2020:04:23:24 -0500] "GET /BLA/resoluciones/AUTOS%202007/3125.pdf HTTP/1.1" 200 60176
54.36.149.34 - - [07/Jan/2020:04:23:28 -0500] "GET /BLA/resoluciones/index.php?dir=RESOLUCIONES%201998/&sort=date&order=asc HTTP/1.1" 200 9333
69.162.124.232 - - [07/Jan/2020:04:23:56 -0500] "HEAD / HTTP/1.1" 200 -
66.249.64.61 - - [07/Jan/2020:04:23:57 -0500] "GET /BLA/resoluciones/RESOLUCIONES%202014/0875.pdf HTTP/1.1" 304 -
54.36.148.161 - - [07/Jan/2020:04:24:04 -0500] "GET /BLA/resoluciones/RESOLUCIONES%202002/RES%202002%20401-450/00000445.tif HTTP/1.1" 200 112754
54.36.150.176 - - [07/Jan/2020:04:24:26 -0500] "GET /BLA/resoluciones/RESOLUCIONES%202005/RES%202005%203001-3050/00003028.tif HTTP/1.1" 200 91990
66.249.64.59 - - [07/Jan/2020:04:24:39 -0500] "GET /BLA/resoluciones/AUTOS%202014/5206.pdf HTTP/1.1" 304 -
54.36.150.106 - - [07/Jan/2020:04:24:49 -0500] "GET /BLA/resoluciones/RESOLUCIONES%202005/RES%202005%202151-2200/00002174.tif HTTP/1.1" 200 205754
216.244.66.195 - - [07/Jan/2020:04:25:00 -0500] "GET /BLA/resoluciones/AUTOS%202007/3187.pdf HTTP/1.1" 200 109102
40.77.189.89 - - [07/Jan/2020:04:25:04 -0500] "GET /BLA/boletinlegal/js/jquery.scrollShow.js HTTP/1.1" 200 4586
66.249.64.63 - - [07/Jan/2020:04:26:03 -0500] "GET /BLA/resoluciones/AUTOS%202015/1064.pdf HTTP/1.1" 304 -
201.245.192.253 - - [07/Jan/2020:04:25:49 -0500] "POST /kwsrmcab/Wsrmcab HTTP/1.1" 200 32742
216.244.66.195 - - [07/Jan/2020:04:26:34 -0500] "GET /BLA/resoluciones/AUTOS%202007/3250.pdf HTTP/1.1" 200 73920
66.249.64.61 - - [07/Jan/2020:04:27:27 -0500] "GET /BLA/resoluciones/AUTOS%202016/2963.pdf HTTP/1.1" 200 632700
66.249.64.61 - - [07/Jan/2020:04:27:46 -0500] "GET /BLA/resoluciones/AUTOS%202012/1718.pdf HTTP/1.1" 200 356954
107.150.59.98 - - [07/Jan/2020:04:28:18 -0500] "GET /robots.txt HTTP/1.1" 404 1015
107.150.59.98 - - [07/Jan/2020:04:28:20 -0500] "GET /Anexos%20estudio%20Organizacional%20SDA/ANEXO%20No.%201-%20NORMAS%20LEGALES%20DE%20ESTRUCTURA%20Y%20PLANTA/Acuerdo%209%20de%201990%20Concejo%20de%20Bogot%C3%A1..htm/ HTTP/1.1" 404 1015
107.150.59.98 - - [07/Jan/2020:04:28:22 -0500] "GET /Anexos%20estudio%20Organizacional%20SDA/index.php?dir=/ HTTP/1.1" 200 5843
107.150.59.98 - - [07/Jan/2020:04:28:24 -0500] "GET /Anexos%20estudio%20Organizacional%20SDA/index.php?dir=ANEXO%20No.%201-%20NORMAS%20LEGALES%20DE%20ESTRUCTURA%20Y%20PLANTA/Decreto%20109%20de%202009%20-%20Modifica%20la%20estructura%20de%20la%20SDA.jsp_files// HTTP/1.1" 200 10837
216.244.66.195 - - [07/Jan/2020:04:28:25 -0500] "GET /BLA/resoluciones/AUTOS%202007/3329.pdf HTTP/1.1" 200 107015
107.150.59.98 - - [07/Jan/2020:04:28:25 -0500] "GET /Anexos%20estudio%20Organizacional%20SDA/index.php?dir=ANEXO%20No.%201-%20NORMAS%20LEGALES%20DE%20ESTRUCTURA%20Y%20PLANTA/Decreto%20109%20de%202009%20-%20Modifica%20la%20estructura%20de%20la%20SDA.jsp_files/&sort=date&order=asc/ HTTP/1.1" 200 10535
107.150.59.98 - - [07/Jan/2020:04:28:28 -0500] "GET /Anexos%20estudio%20Organizacional%20SDA/index.php?dir=ANEXO%20No.%201-%20NORMAS%20LEGALES%20DE%20ESTRUCTURA%20Y%20PLANTA/Decreto%20109%20de%202009%20-%20Modifica%20la%20estructura%20de%20la%20SDA.jsp_files/&sort=name&order=asc/ HTTP/1.1" 200 10510
107.150.59.98 - - [07/Jan/2020:04:28:30 -0500] "GET /Anexos%20estudio%20Organizacional%20SDA/index.php?dir=ANEXO%20No.%201-%20NORMAS%20LEGALES%20DE%20ESTRUCTURA%20Y%20PLANTA/Decreto%20109%20de%202009%20-%20Modifica%20la%20estructura%20de%20la%20SDA.jsp_files/&sort=name&order=desc/ HTTP/1.1" 200 10510
107.150.59.98 - - [07/Jan/2020:04:28:31 -0500] "GET /Anexos%20estudio%20Organizacional%20SDA/index.php?dir=ANEXO%20No.%201-%20NORMAS%20LEGALES%20DE%20ESTRUCTURA%20Y%20PLANTA/Decreto%20109%20de%202009%20-%20Modifica%20la%20estructura%20de%20la%20SDA.jsp_files/&sort=size&order=asc/ HTTP/1.1" 200 10681
107.150.59.98 - - [07/Jan/2020:04:28:34 -0500] "GET /Anexos%20estudio%20Organizacional%20SDA/index.php?dir=ANEXO%20No.%201-%20NORMAS%20LEGALES%20DE%20ESTRUCTURA%20Y%20PLANTA/Decreto%20175%20de%202009%20_files// HTTP/1.1" 200 9431
157.55.39.82 - - [07/Jan/2020:04:28:36 -0500] "GET /galeria/galeria/jquery.fancybox.css?v=2.1.5 HTTP/1.1" 200 4895
107.150.59.98 - - [07/Jan/2020:04:28:36 -0500] "GET /Anexos%20estudio%20Organizacional%20SDA/index.php?dir=ANEXO%20No.%201-%20NORMAS%20LEGALES%20DE%20ESTRUCTURA%20Y%20PLANTA/Decreto%20175%20de%202009%20_files/&sort=date&order=asc/ HTTP/1.1" 200 9189
107.150.59.98 - - [07/Jan/2020:04:28:38 -0500] "GET /Anexos%20estudio%20Organizacional%20SDA/index.php?dir=ANEXO%20No.%201-%20NORMAS%20LEGALES%20DE%20ESTRUCTURA%20Y%20PLANTA/Decreto%20175%20de%202009%20_files/&sort=name&order=asc/ HTTP/1.1" 200 9180
107.150.59.98 - - [07/Jan/2020:04:28:41 -0500] "GET /Anexos%20estudio%20Organizacional%20SDA/index.php?dir=ANEXO%20No.%201-%20NORMAS%20LEGALES%20DE%20ESTRUCTURA%20Y%20PLANTA/Decreto%20175%20de%202009%20_files/&sort=name&order=desc/ HTTP/1.1" 200 9180
107.150.59.98 - - [07/Jan/2020:04:28:44 -0500] "GET /Anexos%20estudio%20Organizacional%20SDA/index.php?dir=ANEXO%20No.%201-%20NORMAS%20LEGALES%20DE%20ESTRUCTURA%20Y%20PLANTA/Decreto%20175%20de%202009%20_files/&sort=size&order=asc/ HTTP/1.1" 200 9313
107.150.59.98 - - [07/Jan/2020:04:28:46 -0500] "GET /Anexos%20estudio%20Organizacional%20SDA/index.php?dir=ANEXO%20No.%201-%20NORMAS%20LEGALES%20DE%20ESTRUCTURA%20Y%20PLANTA/Decreto%20175%20de%202009_files// HTTP/1.1" 200 9391
107.150.59.98 - - [07/Jan/2020:04:28:50 -0500] "GET /Anexos%20estudio%20Organizacional%20SDA/index.php?dir=ANEXO%20No.%201-%20NORMAS%20LEGALES%20DE%20ESTRUCTURA%20Y%20PLANTA/Decreto%20175%20de%202009_files/&sort=date&order=asc/ HTTP/1.1" 200 8611
107.150.59.98 - - [07/Jan/2020:04:28:51 -0500] "GET /Anexos%20estudio%20Organizacional%20SDA/index.php?dir=ANEXO%20No.%201-%20NORMAS%20LEGALES%20DE%20ESTRUCTURA%20Y%20PLANTA/Decreto%20175%20de%202009_files/&sort=name&order=asc/ HTTP/1.1" 200 9142
107.150.59.98 - - [07/Jan/2020:04:28:55 -0500] "GET /Anexos%20estudio%20Organizacional%20SDA/index.php?dir=ANEXO%20No.%201-%20NORMAS%20LEGALES%20DE%20ESTRUCTURA%20Y%20PLANTA/Decreto%20175%20de%202009_files/&sort=name&order=desc/ HTTP/1.1" 200 9142
69.162.124.232 - - [07/Jan/2020:04:28:56 -0500] "HEAD / HTTP/1.1" 200 -
107.150.59.98 - - [07/Jan/2020:04:28:57 -0500] "GET /Anexos%20estudio%20Organizacional%20SDA/index.php?dir=ANEXO%20No.%201-%20NORMAS%20LEGALES%20DE%20ESTRUCTURA%20Y%20PLANTA/Decreto%20308%20de%202001%20-%20Modifica%20estructura%20del%20DAMA.jsp_files// HTTP/1.1" 200 11115
107.150.59.98 - - [07/Jan/2020:04:29:00 -0500] "GET /Anexos%20estudio%20Organizacional%20SDA/index.php?dir=ANEXO%20No.%201-%20NORMAS%20LEGALES%20DE%20ESTRUCTURA%20Y%20PLANTA/Decreto%20308%20de%202001%20-%20Modifica%20estructura%20del%20DAMA.jsp_files/&sort=date&order=asc/ HTTP/1.1" 200 10798
107.150.59.98 - - [07/Jan/2020:04:29:03 -0500] "GET /Anexos%20estudio%20Organizacional%20SDA/index.php?dir=ANEXO%20No.%201-%20NORMAS%20LEGALES%20DE%20ESTRUCTURA%20Y%20PLANTA/Decreto%20308%20de%202001%20-%20Modifica%20estructura%20del%20DAMA.jsp_files/&sort=name&order=asc/ HTTP/1.1" 200 10792
107.150.59.98 - - [07/Jan/2020:04:29:06 -0500] "GET /Anexos%20estudio%20Organizacional%20SDA/index.php?dir=ANEXO%20No.%201-%20NORMAS%20LEGALES%20DE%20ESTRUCTURA%20Y%20PLANTA/Decreto%20308%20de%202001%20-%20Modifica%20estructura%20del%20DAMA.jsp_files/&sort=size&order=asc/ HTTP/1.1" 200 10963
107.150.59.98 - - [07/Jan/2020:04:29:09 -0500] "GET /Anexos%20estudio%20Organizacional%20SDA/index.php?dir=ANEXO%20No.%2010%20-%20COSTO%20DETALLADO%20PLANTA%20DE%20CARGOS%20ACTUAL// HTTP/1.1" 200 2614
107.150.59.98 - - [07/Jan/2020:04:29:13 -0500] "GET /Anexos%20estudio%20Organizacional%20SDA/index.php?dir=ANEXO%20No.%202%20-%20EJECUCIONES%20PRESUPUESTALES%202008-2011%20Y%20PRESUPUESTO%202012// HTTP/1.1" 200 3935
107.150.59.98 - - [07/Jan/2020:04:29:17 -0500] "GET /Anexos%20estudio%20Organizacional%20SDA/index.php?dir=ANEXO%20No.%205%20-%20ESTUDIO%20Y%20PROPUESTA%20SERAMB%20IENTE// HTTP/1.1" 200 3804
107.150.59.98 - - [07/Jan/2020:04:29:20 -0500] "GET /Anexos%20estudio%20Organizacional%20SDA/index.php?dir=ANEXO%20No.%207%20-%20PROYECTO%20DE%20DECRETO%20MODIFICATORIO%20DE%20ESTRUCTURA%20DE%20LA%20SDA// HTTP/1.1" 200 2821
107.150.59.98 - - [07/Jan/2020:04:29:24 -0500] "GET /Anexos%20estudio%20Organizacional%20SDA/index.php?dir=ANEXO%20No.11-PROYECTO%20DE%20DECRETO%20MODIFICATORIO%20PLANTA%20DE%20CARGOS%20SDA// HTTP/1.1" 200 2786
107.150.59.98 - - [07/Jan/2020:04:29:26 -0500] "GET /Anexos%20estudio%20Organizacional%20SDA/index.php?dir=ANEXO%20No.12-PROYECTO%20ACTUALIZACION%20MANUAL%20DE%20FUNCIONES%20SDA// HTTP/1.1" 200 2716
107.150.59.98 - - [07/Jan/2020:04:29:30 -0500] "GET /Autoliquidacion/Grupo%20Forestal%20-%20Silvicultura/Ficha%20t%C3%A9cnica%20de%20registro%20de%20poda.xlsm/ HTTP/1.1" 404 1015
107.150.59.98 - - [07/Jan/2020:04:29:32 -0500] "GET /Autoliquidacion/Grupo%20Forestal%20-%20Silvicultura/Formato%20de%20ejecuci%C3%B3n%20de%20actividades%20silviculturales.xlsx/ HTTP/1.1" 404 1015
107.150.59.98 - - [07/Jan/2020:04:29:35 -0500] "GET /Autoliquidacion/index.php?dir=Solicitud%20de%20Licencia%20Ambiental// HTTP/1.1" 200 2684
107.150.59.98 - - [07/Jan/2020:04:29:37 -0500] "GET /Autoliquidacion/index.php?dir=Solicitud%20de%20Licencia%20Ambiental/&sort=date&order=asc/ HTTP/1.1" 200 2552
107.150.59.98 - - [07/Jan/2020:04:29:40 -0500] "GET /Autoliquidacion/index.php?dir=Solicitud%20de%20Licencia%20Ambiental/&sort=name&order=asc/ HTTP/1.1" 200 2552
107.150.59.98 - - [07/Jan/2020:04:29:42 -0500] "GET /Autoliquidacion/index.php?dir=Solicitud%20de%20Licencia%20Ambiental/&sort=size&order=asc/ HTTP/1.1" 200 2552
107.150.59.98 - - [07/Jan/2020:04:29:45 -0500] "GET /POT-2013/index.php?dir=DTS/&sort=name&order=asc/ HTTP/1.1" 200 1770
107.150.59.98 - - [07/Jan/2020:04:29:48 -0500] "GET /POT-2013/index.php?dir=DTS/&sort=size&order=asc/ HTTP/1.1" 200 1770
107.150.59.98 - - [07/Jan/2020:04:29:50 -0500] "GET /PruebasSTORM/StormSDA_pruebas/userFiles/user_files/?C=D;O=A/ HTTP/1.1" 200 5902
107.150.59.98 - - [07/Jan/2020:04:29:52 -0500] "GET /PruebasSTORM/StormSDA_pruebas/userFiles/user_files/?C=M;O=A/ HTTP/1.1" 200 5902
107.150.59.98 - - [07/Jan/2020:04:29:54 -0500] "GET /PruebasSTORM/StormSDA_pruebas/userFiles/user_files/?C=N;O=D/ HTTP/1.1" 200 5902
107.150.59.98 - - [07/Jan/2020:04:29:58 -0500] "GET /PruebasSTORM/StormSDA_pruebas/userFiles/user_files/?C=S;O=A/ HTTP/1.1" 200 5902
107.150.59.98 - - [07/Jan/2020:04:30:02 -0500] "GET /robots.txt HTTP/1.1" 404 1015
107.150.59.98 - - [07/Jan/2020:04:30:07 -0500] "GET /StormSDA/storm/?C=D;O=D/ HTTP/1.1" 200 5554
107.150.59.98 - - [07/Jan/2020:04:30:09 -0500] "GET /StormSDA/storm/?C=S;O=D/ HTTP/1.1" 200 5554
107.150.59.98 - - [07/Jan/2020:04:30:13 -0500] "GET /StormSDA/stormWeb/?C=D;O=D/ HTTP/1.1" 200 1188
66.249.64.63 - - [07/Jan/2020:04:30:15 -0500] "GET /BLA/resoluciones/RESOLUCIONES%202016/0042.pdf HTTP/1.1" 304 -
107.150.59.98 - - [07/Jan/2020:04:30:15 -0500] "GET /StormSDA/stormWeb/?C=M;O=A/ HTTP/1.1" 200 1188
107.150.59.98 - - [07/Jan/2020:04:30:18 -0500] "GET /StormSDA/stormWeb/?C=M;O=D/ HTTP/1.1" 200 1188
107.150.59.98 - - [07/Jan/2020:04:30:21 -0500] "GET /StormSDA/stormWeb/?C=N;O=A/ HTTP/1.1" 200 1188
107.150.59.98 - - [07/Jan/2020:04:30:25 -0500] "GET /StormSDA/stormWeb/?C=S;O=D/ HTTP/1.1" 200 1188
107.150.59.98 - - [07/Jan/2020:04:30:29 -0500] "GET /StormSDA/stormWeb/img/?C=D;O=D/ HTTP/1.1" 200 2922
107.150.59.98 - - [07/Jan/2020:04:30:32 -0500] "GET /StormSDA/stormWeb/img/?C=M;O=D/ HTTP/1.1" 200 2922
107.150.59.98 - - [07/Jan/2020:04:30:36 -0500] "GET /StormSDA/stormWeb/img/?C=N;O=A/ HTTP/1.1" 200 2922
107.150.59.98 - - [07/Jan/2020:04:30:40 -0500] "GET /StormSDA/stormWeb/img/?C=S;O=D/ HTTP/1.1" 200 2922
216.244.66.195 - - [07/Jan/2020:04:30:41 -0500] "GET /BLA/resoluciones/AUTOS%202007/3435.pdf HTTP/1.1" 200 301852
107.150.59.98 - - [07/Jan/2020:04:30:43 -0500] "GET /StormSDA/storm_silv/?C=D;O=D/ HTTP/1.1" 200 5785
107.150.59.98 - - [07/Jan/2020:04:30:47 -0500] "GET /StormSDA/storm_silv/?C=M;O=D/ HTTP/1.1" 200 5785
107.150.59.98 - - [07/Jan/2020:04:30:49 -0500] "GET /StormSDA/storm_silv/?C=N;O=A/ HTTP/1.1" 200 5785
107.150.59.98 - - [07/Jan/2020:04:30:53 -0500] "GET /StormSDA/storm_silv/?C=S;O=A/ HTTP/1.1" 200 5785
107.150.59.98 - - [07/Jan/2020:04:30:57 -0500] "GET /StormSDA/userFiles%20-%20Copy%2019-07-2012/?C=D;O=D/ HTTP/1.1" 200 5897
66.249.64.63 - - [07/Jan/2020:04:30:57 -0500] "GET /BLA/resoluciones/RESOLUCIONES%202015/2939.pdf HTTP/1.1" 304 -
107.150.59.98 - - [07/Jan/2020:04:30:59 -0500] "GET /StormSDA/userFiles%20-%20Copy%2019-07-2012/user_files/96/?C=D;O=D/ HTTP/1.1" 200 873
107.150.59.98 - - [07/Jan/2020:04:31:03 -0500] "GET /StormSDA/userFiles%20-%20Copy%2019-07-2012/user_files/97/?C=D;O=A/ HTTP/1.1" 200 874
107.150.59.98 - - [07/Jan/2020:04:31:06 -0500] "GET /StormSDA/userFiles%20-%20Copy%2019-07-2012/user_files/98/?C=N;O=A/ HTTP/1.1" 200 874
107.150.59.98 - - [07/Jan/2020:04:31:10 -0500] "GET /StormSDA/userFiles%20-%20Copy%2019-07-2012/user_files/formatos/eventos/?C=D;O=A/ HTTP/1.1" 200 911
107.150.59.98 - - [07/Jan/2020:04:31:12 -0500] "GET /StormSDA/userFiles%20-%20Copy%2019-07-2012/user_files/formatos/eventos/?C=M;O=A/ HTTP/1.1" 200 911
107.150.59.98 - - [07/Jan/2020:04:31:17 -0500] "GET /StormSDA/userFiles%20-%20Copy%2019-07-2012/user_files/formatos/eventos/?C=S;O=A/ HTTP/1.1" 200 911
107.150.59.98 - - [07/Jan/2020:04:31:19 -0500] "GET /StormSDA/userFiles/user_files/90/?C=D;O=A/ HTTP/1.1" 200 813
107.150.59.98 - - [07/Jan/2020:04:31:21 -0500] "GET /galeria/galeria/?C=D;O=A/ HTTP/1.1" 200 3177
107.150.59.98 - - [07/Jan/2020:04:31:24 -0500] "GET /galeria/galeria/?C=M;O=A/ HTTP/1.1" 200 3177
107.150.59.98 - - [07/Jan/2020:04:31:27 -0500] "GET /galeria/galeria/?C=N;O=D/ HTTP/1.1" 200 3177
107.150.59.98 - - [07/Jan/2020:04:31:30 -0500] "GET /galeria/galeria/?C=S;O=A/ HTTP/1.1" 200 3177
107.150.59.98 - - [07/Jan/2020:04:31:35 -0500] "GET /galeria/nivo-slider/demo/documents/?C=D;O=A/ HTTP/1.1" 200 1581
107.150.59.98 - - [07/Jan/2020:04:31:38 -0500] "GET /galeria/nivo-slider/demo/documents/?C=M;O=A/ HTTP/1.1" 200 1581
66.249.64.59 - - [07/Jan/2020:04:31:40 -0500] "GET /BLA/resoluciones/AUTOS%202015/6376.pdf HTTP/1.1" 304 -
107.150.59.98 - - [07/Jan/2020:04:31:41 -0500] "GET /galeria/nivo-slider/demo/documents/?C=S;O=A/ HTTP/1.1" 200 1581
107.150.59.98 - - [07/Jan/2020:04:31:44 -0500] "GET /galeria/nivo-slider/themes/?C=M;O=D/ HTTP/1.1" 200 1421
107.150.59.98 - - [07/Jan/2020:04:31:47 -0500] "GET /galeria/nivo-slider/themes/?C=N;O=A/ HTTP/1.1" 200 1421
54.36.150.149 - - [07/Jan/2020:04:31:48 -0500] "GET /BLA/resoluciones/RESOLUCIONES%202005/RES%202005%202951-3000/00003000.tif HTTP/1.1" 200 207352
107.150.59.98 - - [07/Jan/2020:04:31:50 -0500] "GET /galeria/nivo-slider/themes/?C=S;O=A/ HTTP/1.1" 200 1421
107.150.59.98 - - [07/Jan/2020:04:31:53 -0500] "GET /robots.txt HTTP/1.1" 404 1019
107.150.59.98 - - [07/Jan/2020:04:31:55 -0500] "GET /Anexos%20estudio%20Organizacional%20SDA/index.php?dir=ANEXO%20No.%201-%20NORMAS%20LEGALES%20DE%20ESTRUCTURA%20Y%20PLANTA/Decreto%20175%20de%202009%20_files// HTTP/1.1" 200 9431
107.150.59.98 - - [07/Jan/2020:04:31:57 -0500] "GET /Anexos%20estudio%20Organizacional%20SDA/index.php?dir=ANEXO%20No.%201-%20NORMAS%20LEGALES%20DE%20ESTRUCTURA%20Y%20PLANTA/Decreto%20175%20de%202009%20_files/&sort=date&order=asc/ HTTP/1.1" 200 9189
107.150.59.98 - - [07/Jan/2020:04:32:00 -0500] "GET /Anexos%20estudio%20Organizacional%20SDA/index.php?dir=ANEXO%20No.%201-%20NORMAS%20LEGALES%20DE%20ESTRUCTURA%20Y%20PLANTA/Decreto%20175%20de%202009%20_files/&sort=size&order=asc/ HTTP/1.1" 200 9313
107.150.59.98 - - [07/Jan/2020:04:32:02 -0500] "GET /Metadatos_final_2014/?C=D;O=A/ HTTP/1.1" 200 3490
107.150.59.98 - - [07/Jan/2020:04:32:05 -0500] "GET /Metadatos_final_2014/?C=D;O=D/ HTTP/1.1" 200 3490
107.150.59.98 - - [07/Jan/2020:04:32:11 -0500] "GET /Metadatos_final_2014/?C=M;O=A/ HTTP/1.1" 200 3490
107.150.59.98 - - [07/Jan/2020:04:32:13 -0500] "GET /Metadatos_final_2014/?C=M;O=D/ HTTP/1.1" 200 3490
107.150.59.98 - - [07/Jan/2020:04:32:16 -0500] "GET /Metadatos_final_2014/?C=N;O=A/ HTTP/1.1" 200 3490
107.150.59.98 - - [07/Jan/2020:04:32:20 -0500] "GET /Metadatos_final_2014/?C=N;O=D/ HTTP/1.1" 200 3490
66.249.64.59 - - [07/Jan/2020:04:32:21 -0500] "GET /BLA/resoluciones/RESOLUCIONES%202010/5760.pdf HTTP/1.1" 304 -
107.150.59.98 - - [07/Jan/2020:04:32:23 -0500] "GET /Metadatos_final_2014/?C=S;O=A/ HTTP/1.1" 200 3490
107.150.59.98 - - [07/Jan/2020:04:32:26 -0500] "GET /POT-2013/index.php?dir=&sort=name&order=desc/ HTTP/1.1" 200 2678
107.150.59.98 - - [07/Jan/2020:04:32:30 -0500] "GET /POT-2013/index.php?dir=&sort=size&order=desc/ HTTP/1.1" 200 2678
107.150.59.98 - - [07/Jan/2020:04:32:34 -0500] "GET /POT-2013/index.php?dir=Articulado/&sort=date&order=desc/ HTTP/1.1" 200 1856
107.150.59.98 - - [07/Jan/2020:04:32:36 -0500] "GET /POT-2013/index.php?dir=Articulado/&sort=name&order=desc/ HTTP/1.1" 200 1856
107.150.59.98 - - [07/Jan/2020:04:32:40 -0500] "GET /POT-2013/index.php?dir=Articulado/&sort=size&order=desc/ HTTP/1.1" 200 1856
107.150.59.98 - - [07/Jan/2020:04:32:44 -0500] "GET /PruebasSTORM/StormSDA_pruebas/userFiles/user_files/formatos/?C=D;O=D/ HTTP/1.1" 200 12856
107.150.59.98 - - [07/Jan/2020:04:32:48 -0500] "GET /PruebasSTORM/StormSDA_pruebas/userFiles/user_files/formatos/?C=M;O=D/ HTTP/1.1" 200 12856
107.150.59.98 - - [07/Jan/2020:04:32:50 -0500] "GET /StormSDA/userFiles%20-%20Copy%2019-07-2012/user_files/listas/?C=M;O=D/ HTTP/1.1" 200 1303
107.150.59.98 - - [07/Jan/2020:04:32:53 -0500] "GET /StormSDA/userFiles%20-%20Copy%2019-07-2012/user_files/listas/?C=S;O=D/ HTTP/1.1" 200 1303
107.150.59.98 - - [07/Jan/2020:04:32:55 -0500] "GET /StormSDA/userFiles/backup%2027-09-2012/?C=D;O=D/ HTTP/1.1" 200 5696
107.150.59.98 - - [07/Jan/2020:04:32:59 -0500] "GET /StormSDA/userFiles/backup%2027-09-2012/?C=M;O=D/ HTTP/1.1" 200 5696
107.150.59.98 - - [07/Jan/2020:04:33:03 -0500] "GET /StormSDA/userFiles/user_files/94/?C=D;O=D/ HTTP/1.1" 200 817
66.249.64.63 - - [07/Jan/2020:04:33:04 -0500] "GET /BLA/resoluciones/RESOLUCIONES%202011/3069.pdf HTTP/1.1" 200 553510
107.150.59.98 - - [07/Jan/2020:04:33:06 -0500] "GET /StormSDA/userFiles/user_files/95/?C=M;O=D/ HTTP/1.1" 200 817
107.150.59.98 - - [07/Jan/2020:04:33:08 -0500] "GET /StormSDA/userFiles/user_files/95/?C=S;O=D/ HTTP/1.1" 200 817
107.150.59.98 - - [07/Jan/2020:04:33:10 -0500] "GET /StormSDA/userFiles/user_files/98/?C=D;O=D/ HTTP/1.1" 200 817
107.150.59.98 - - [07/Jan/2020:04:33:14 -0500] "GET /StormSDA/userFiles/user_files/98/?C=M;O=D/ HTTP/1.1" 200 817
107.150.59.98 - - [07/Jan/2020:04:33:16 -0500] "GET /StormSDA/userFiles/user_files/98/?C=N;O=A/ HTTP/1.1" 200 817
107.150.59.98 - - [07/Jan/2020:04:33:20 -0500] "GET /StormSDA/userFiles/user_files/98/?C=S;O=D/ HTTP/1.1" 200 817
107.150.59.98 - - [07/Jan/2020:04:33:22 -0500] "GET /galeria/galeria/helpers/?C=D;O=A/ HTTP/1.1" 200 2165
107.150.59.98 - - [07/Jan/2020:04:33:26 -0500] "GET /galeria/galeria/helpers/?C=M;O=A/ HTTP/1.1" 200 2165
107.150.59.98 - - [07/Jan/2020:04:33:29 -0500] "GET /galeria/galeria/helpers/?C=N;O=D/ HTTP/1.1" 200 2165
107.150.59.98 - - [07/Jan/2020:04:33:32 -0500] "GET /galeria/galeria/helpers/?C=S;O=A/ HTTP/1.1" 200 2165
107.150.59.98 - - [07/Jan/2020:04:33:34 -0500] "GET /galeria/mapa2/?C=S;O=D/ HTTP/1.1" 200 5108
107.150.59.98 - - [07/Jan/2020:04:33:36 -0500] "GET /galeria/nivo-slider/themes/orman/?C=D;O=A/ HTTP/1.1" 200 2091
107.150.59.98 - - [07/Jan/2020:04:33:38 -0500] "GET /galeria/nivo-slider/themes/orman/?C=M;O=A/ HTTP/1.1" 200 2091
107.150.59.98 - - [07/Jan/2020:04:33:41 -0500] "GET /galeria/nivo-slider/themes/orman/?C=N;O=D/ HTTP/1.1" 200 2091
107.150.59.98 - - [07/Jan/2020:04:33:44 -0500] "GET /galeria/nivo-slider/themes/orman/?C=S;O=A/ HTTP/1.1" 200 2091
69.162.124.232 - - [07/Jan/2020:04:33:56 -0500] "HEAD / HTTP/1.1" 200 -
66.249.64.61 - - [07/Jan/2020:04:34:28 -0500] "GET /BLA/resoluciones/AUTOS%202014/1232.pdf HTTP/1.1" 304 -
177.236.80.192 - - [07/Jan/2020:04:34:29 -0500] "GET /BLA/boletinlegal/js/jquery.scrollShow.js HTTP/1.1" 200 4586
177.236.80.192 - - [07/Jan/2020:04:34:29 -0500] "GET /galeria/galeria/jquery.fancybox.css?v=2.1.5 HTTP/1.1" 200 4895
177.236.80.192 - - [07/Jan/2020:04:34:29 -0500] "GET /galeria/galeria/jquery.fancybox.js?v=2.1.5 HTTP/1.1" 200 48706
66.249.64.61 - - [07/Jan/2020:04:34:31 -0500] "GET /BLA/resoluciones/RESOLUCIONES%202005/RES%202005%202751-2800/00002771.tif HTTP/1.1" 200 155752
157.55.39.82 - - [07/Jan/2020:04:34:54 -0500] "GET /BLA/resoluciones/RESOLUCIONES%202010/5871.pdf HTTP/1.1" 200 135762
66.249.64.61 - - [07/Jan/2020:04:35:05 -0500] "GET /BLA/resoluciones/RESOLUCIONES%202016/2315.pdf HTTP/1.1" 200 365352
144.41.82.49 - - [07/Jan/2020:04:35:20 -0500] "GET /BLA/boletinlegal/js/jquery.scrollShow.js HTTP/1.1" 200 4586
144.41.82.49 - - [07/Jan/2020:04:35:20 -0500] "GET /galeria/galeria/jquery.fancybox.js?v=2.1.5 HTTP/1.1" 200 48706
144.41.82.49 - - [07/Jan/2020:04:35:20 -0500] "GET /galeria/galeria/jquery.fancybox.css?v=2.1.5 HTTP/1.1" 200 4895
144.41.82.49 - - [07/Jan/2020:04:35:20 -0500] "GET /galeria/carrusel/Carrusel/jquery.thumbnailScroller.css HTTP/1.1" 200 2066
144.41.82.49 - - [07/Jan/2020:04:35:20 -0500] "GET /galeria/carrusel/Carrusel/jquery-ui-1.8.13.custom.min.js HTTP/1.1" 200 10800
144.41.82.49 - - [07/Jan/2020:04:35:20 -0500] "GET /galeria/carrusel/Carrusel/jquery.thumbnailScroller.js HTTP/1.1" 200 8157
66.249.64.59 - - [07/Jan/2020:04:35:52 -0500] "GET /BLA/resoluciones/AUTOS%202007/0001.pdf HTTP/1.1" 200 355812
201.245.192.253 - - [07/Jan/2020:04:35:49 -0500] "POST /kwsrmcab/Wsrmcab HTTP/1.1" 200 32742
66.249.64.61 - - [07/Jan/2020:04:36:34 -0500] "GET /BLA/resoluciones/AUTOS%202016/0524.pdf HTTP/1.1" 200 740181
66.249.64.59 - - [07/Jan/2020:04:37:16 -0500] "GET /BLA/resoluciones/AUTOS%202013/0597.pdf HTTP/1.1" 200 2076395
66.249.64.63 - - [07/Jan/2020:04:37:58 -0500] "GET /BLA/resoluciones/RESOLUCIONES%202018/1783.pdf HTTP/1.1" 200 317922
144.41.82.49 - - [07/Jan/2020:04:38:18 -0500] "GET /galeria/nivo-slider/demo/inicio.html HTTP/1.1" 200 3203
144.41.82.49 - - [07/Jan/2020:04:38:18 -0500] "GET /galeria/nivo-slider/themes/default/default.css HTTP/1.1" 200 1569
144.41.82.49 - - [07/Jan/2020:04:38:18 -0500] "GET /galeria/nivo-slider/themes/pascal/pascal.css HTTP/1.1" 200 2258
144.41.82.49 - - [07/Jan/2020:04:38:19 -0500] "GET /galeria/nivo-slider/themes/orman/orman.css HTTP/1.1" 200 2152
144.41.82.49 - - [07/Jan/2020:04:38:19 -0500] "GET /galeria/nivo-slider/nivo-slider.css HTTP/1.1" 200 1507
144.41.82.49 - - [07/Jan/2020:04:38:19 -0500] "GET /galeria/nivo-slider/style.css HTTP/1.1" 200 2104
144.41.82.49 - - [07/Jan/2020:04:38:19 -0500] "GET /galeria/nivo-slider/demo/scripts/jquery-1.7.1.min.js HTTP/1.1" 200 93868
144.41.82.49 - - [07/Jan/2020:04:38:19 -0500] "GET /galeria/nivo-slider/themes/default/loading.gif HTTP/1.1" 200 1737
144.41.82.49 - - [07/Jan/2020:04:38:19 -0500] "GET /galeria/nivo-slider/jquery.nivo.slider.pack.js HTTP/1.1" 200 11561
144.41.82.49 - - [07/Jan/2020:04:38:19 -0500] "GET /galeria/nivo-slider/demo/images/bannercaminatasenero.jpg HTTP/1.1" 200 515042
144.41.82.49 - - [07/Jan/2020:04:38:20 -0500] "GET /galeria/nivo-slider/demo/images/bannercigarrillos.jpg HTTP/1.1" 200 230953
144.41.82.49 - - [07/Jan/2020:04:38:20 -0500] "GET /galeria/nivo-slider/demo/images/Bannercalculadoraweb.jpg HTTP/1.1" 200 301964
144.41.82.49 - - [07/Jan/2020:04:38:21 -0500] "GET /galeria/nivo-slider/demo/images/bannervisorweb.jpg HTTP/1.1" 200 201837
144.41.82.49 - - [07/Jan/2020:04:38:21 -0500] "GET /galeria/nivo-slider/demo/images/bannertinguaweb.jpg HTTP/1.1" 200 227793
144.41.82.49 - - [07/Jan/2020:04:38:21 -0500] "GET /galeria/nivo-slider/demo/images/bannerpuntosweb.jpg HTTP/1.1" 200 234282
144.41.82.49 - - [07/Jan/2020:04:38:23 -0500] "GET /galeria/nivo-slider/themes/default/arrows.png HTTP/1.1" 200 824
144.41.82.49 - - [07/Jan/2020:04:38:23 -0500] "GET /galeria/nivo-slider/themes/default/bullets.png HTTP/1.1" 200 1281
69.162.124.232 - - [07/Jan/2020:04:38:56 -0500] "HEAD / HTTP/1.1" 200 -
66.249.64.61 - - [07/Jan/2020:04:39:22 -0500] "GET /BLA/resoluciones/AUTOS%202016/3109.pdf HTTP/1.1" 304 -
66.249.88.23 - - [07/Jan/2020:04:39:33 -0500] "GET /galeria/galeria/jquery.fancybox.css?v=2.1.5 HTTP/1.1" 200 4895
66.249.88.23 - - [07/Jan/2020:04:39:33 -0500] "GET /galeria/galeria/jquery.fancybox.js?v=2.1.5 HTTP/1.1" 200 48706
66.249.88.19 - - [07/Jan/2020:04:39:33 -0500] "GET /BLA/boletinlegal/js/jquery.scrollShow.js HTTP/1.1" 200 4586
66.249.64.59 - - [07/Jan/2020:04:40:04 -0500] "GET /BLA/resoluciones/AUTOS%202016/0069.pdf HTTP/1.1" 304 -
5.3.69.43 - - [07/Jan/2020:04:40:29 -0500] "GET / HTTP/1.1" 200 9990
66.249.64.59 - - [07/Jan/2020:04:40:46 -0500] "GET /BLA/resoluciones/AUTOS%202013/0191.pdf HTTP/1.1" 200 235193
66.249.64.59 - - [07/Jan/2020:04:41:11 -0500] "GET /BLA/resoluciones/RESOLUCIONES%202005/RES%202005%202751-2800/00002787.tif HTTP/1.1" 200 44828
35.156.240.123 - - [07/Jan/2020:04:41:15 -0500] "HEAD / HTTP/1.1" 200 -
66.249.64.63 - - [07/Jan/2020:04:42:10 -0500] "GET /BLA/resoluciones/Notificaciones/REGISTROS%202016/1267.pdf HTTP/1.1" 200 372414
159.138.159.239 - - [07/Jan/2020:04:42:15 -0500] "GET /BLA/resoluciones/index.php?dir=AUTOS%2B2006/&sort=date&order=asc HTTP/1.1" 200 12461
66.249.64.61 - - [07/Jan/2020:04:42:52 -0500] "GET /BLA/resoluciones/RESOLUCIONES%202015/2526.pdf HTTP/1.1" 304 -
216.244.66.195 - - [07/Jan/2020:04:43:24 -0500] "GET /BLA/resoluciones/AUTOS%202010/4266.pdf HTTP/1.1" 200 218221
66.249.64.59 - - [07/Jan/2020:04:43:34 -0500] "GET /BLA/resoluciones/RESOLUCIONES%202015/1064.pdf HTTP/1.1" 304 -
69.162.124.232 - - [07/Jan/2020:04:43:56 -0500] "HEAD / HTTP/1.1" 200 -
66.249.64.61 - - [07/Jan/2020:04:44:16 -0500] "GET /BLA/resoluciones/RESOLUCIONES%202015/2876.pdf HTTP/1.1" 304 -
46.229.168.147 - - [07/Jan/2020:04:44:49 -0500] "GET /robots.txt HTTP/1.1" 404 1019
46.229.168.152 - - [07/Jan/2020:04:44:50 -0500] "GET /Anexos%20estudio%20Organizacional%20SDA/index.php?dir=ANEXO%2BNo.%2B1-%2BNORMAS%2BLEGALES%2BDE%2BESTRUCTURA%2BY%2BPLANTA%2F&order=asc&sort=name HTTP/1.1" 200 6163
66.249.64.61 - - [07/Jan/2020:04:44:58 -0500] "GET /BLA/resoluciones/AUTOS%202015/1251.pdf HTTP/1.1" 200 626162
216.244.66.195 - - [07/Jan/2020:04:45:18 -0500] "GET /BLA/resoluciones/RESOLUCIONES%202015/2294.pdf HTTP/1.1" 200 864504
66.249.64.63 - - [07/Jan/2020:04:45:40 -0500] "GET /BLA/resoluciones/AUTOS%202014/5665.pdf HTTP/1.1" 304 -
207.46.13.163 - - [07/Jan/2020:04:45:41 -0500] "GET /bla/resoluciones/RESOLUCIONES%202011/6423.pdf HTTP/1.1" 200 3629664
66.249.64.61 - - [07/Jan/2020:04:46:22 -0500] "GET /BLA/resoluciones/AUTOS%202008/0273.pdf HTTP/1.1" 304 -
216.244.66.195 - - [07/Jan/2020:04:46:56 -0500] "GET /BLA/resoluciones/RESOLUCIONES%202013/0114.pdf HTTP/1.1" 200 621463
66.249.64.61 - - [07/Jan/2020:04:47:04 -0500] "GET /BLA/resoluciones/RESOLUCIONES%202015/2526.pdf HTTP/1.1" 304 -
66.249.64.61 - - [07/Jan/2020:04:47:46 -0500] "GET /BLA/resoluciones/AUTOS%202016/0524.pdf HTTP/1.1" 304 -
66.249.64.61 - - [07/Jan/2020:04:47:51 -0500] "GET /BLA/resoluciones/RESOLUCIONES%202005/RES%202005%202751-2800/00002758.tif HTTP/1.1" 200 305952
66.249.64.59 - - [07/Jan/2020:04:48:28 -0500] "GET /BLA/resoluciones/RESOLUCIONES%202007/RES%202007%201601%20AL%201725/RESOLUCION%201604%20DE%202007.pdf HTTP/1.1" 304 -
69.162.124.232 - - [07/Jan/2020:04:48:56 -0500] "HEAD / HTTP/1.1" 200 -
159.138.157.134 - - [07/Jan/2020:04:49:04 -0500] "GET /BLA/resoluciones/index.php?dir=AUTOS%2B2016%2F HTTP/1.1" 200 12461
66.249.64.61 - - [07/Jan/2020:04:49:10 -0500] "GET /BLA/resoluciones/AUTOS%202013/0951.pdf HTTP/1.1" 304 -
216.244.66.195 - - [07/Jan/2020:04:49:15 -0500] "GET /BLA/resoluciones/RESOLUCIONES%202013/0949.pdf HTTP/1.1" 200 2673180
66.249.64.59 - - [07/Jan/2020:04:49:43 -0500] "GET /BLA/resoluciones/AUTOS%202012/0545.pdf HTTP/1.1" 200 262908
66.249.64.59 - - [07/Jan/2020:04:49:52 -0500] "GET /BLA/resoluciones/AUTOS%202015/0082.pdf HTTP/1.1" 304 -
159.138.149.140 - - [07/Jan/2020:04:49:54 -0500] "GET /BLA/resoluciones/index.php?dir=AUTOS%2B2010/&sort=name&order=asc HTTP/1.1" 200 12461
216.244.66.195 - - [07/Jan/2020:04:50:06 -0500] "GET /BLA/resoluciones/RESOLUCIONES%202013/1133%20.pdf HTTP/1.1" 200 2500623
66.249.64.59 - - [07/Jan/2020:04:50:34 -0500] "GET /BLA/resoluciones/RESOLUCIONES%202015/1064.pdf HTTP/1.1" 304 -
66.249.64.59 - - [07/Jan/2020:04:51:16 -0500] "GET /BLA/resoluciones/RESOLUCIONES%202015/2424.pdf HTTP/1.1" 304 -
186.154.170.101 - - [07/Jan/2020:04:51:24 -0500] "GET /BLA/boletinlegal/js/jquery.scrollShow.js HTTP/1.1" 200 4586
186.154.170.101 - - [07/Jan/2020:04:51:24 -0500] "GET /galeria/galeria/jquery.fancybox.js?v=2.1.5 HTTP/1.1" 200 48706
186.154.170.101 - - [07/Jan/2020:04:51:24 -0500] "GET /galeria/galeria/jquery.fancybox.css?v=2.1.5 HTTP/1.1" 200 4895
186.154.170.101 - - [07/Jan/2020:04:51:28 -0500] "GET /galeria/galeria/jquery.fancybox.js?v=2.1.5 HTTP/1.1" 304 -
186.154.170.101 - - [07/Jan/2020:04:51:28 -0500] "GET /BLA/boletinlegal/js/jquery.scrollShow.js HTTP/1.1" 304 -
186.154.170.101 - - [07/Jan/2020:04:51:28 -0500] "GET /galeria/galeria/jquery.fancybox.css?v=2.1.5 HTTP/1.1" 304 -
66.249.64.61 - - [07/Jan/2020:04:51:58 -0500] "GET /BLA/resoluciones/AUTOS%202015/1251.pdf HTTP/1.1" 304 -
40.77.188.59 - - [07/Jan/2020:04:52:07 -0500] "GET /galeria/galeria/jquery.fancybox.css?v=2.1.5 HTTP/1.1" 200 4895
159.138.128.18 - - [07/Jan/2020:04:52:18 -0500] "GET /BLA/resoluciones/index.php?dir=AUTOS%2B2009%2F&sort=date&order=asc HTTP/1.1" 200 12461
216.244.66.195 - - [07/Jan/2020:04:52:26 -0500] "GET /BLA/resoluciones/RESOLUCIONES%202013/1157.pdf HTTP/1.1" 200 370885
66.249.64.61 - - [07/Jan/2020:04:52:40 -0500] "GET /BLA/resoluciones/RESOLUCIONES%202015/2876.pdf HTTP/1.1" 304 -
66.249.64.59 - - [07/Jan/2020:04:53:22 -0500] "GET /BLA/resoluciones/AUTOS%202015/6564.pdf HTTP/1.1" 304 -
69.162.124.232 - - [07/Jan/2020:04:53:56 -0500] "HEAD / HTTP/1.1" 200 -
66.249.64.59 - - [07/Jan/2020:04:54:04 -0500] "GET /BLA/resoluciones/RESOLUCIONES%202007/RES%202007%202101%20AL%202200/RESOLUCION%202131%20DE%202007.pdf HTTP/1.1" 304 -
66.249.64.61 - - [07/Jan/2020:04:54:31 -0500] "GET /BLA/resoluciones/RESOLUCIONES%202005/RES%202005%202751-2800/00002782.tif HTTP/1.1" 200 54016
216.244.66.195 - - [07/Jan/2020:04:54:46 -0500] "GET /BLA/resoluciones/RESOLUCIONES%202013/1452.pdf HTTP/1.1" 200 866042
66.249.64.59 - - [07/Jan/2020:04:54:46 -0500] "GET /BLA/resoluciones/RESOLUCIONES%202015/0951.pdf HTTP/1.1" 200 548265
66.249.64.59 - - [07/Jan/2020:04:55:28 -0500] "GET /BLA/resoluciones/RESOLUCIONES%202015/3058.pdf HTTP/1.1" 304 -
66.249.64.63 - - [07/Jan/2020:04:56:10 -0500] "GET /BLA/resoluciones/AUTOS%202015/2273.pdf HTTP/1.1" 304 -
152.231.31.159 - - [07/Jan/2020:04:56:25 -0500] "GET /BLA/boletinlegal/js/jquery.scrollShow.js HTTP/1.1" 200 4586
152.231.31.159 - - [07/Jan/2020:04:56:25 -0500] "GET /galeria/galeria/jquery.fancybox.css?v=2.1.5 HTTP/1.1" 200 4895
152.231.31.159 - - [07/Jan/2020:04:56:33 -0500] "GET /BLA/boletinlegal/js/jquery.scrollShow.js HTTP/1.1" 304 -
152.231.31.159 - - [07/Jan/2020:04:56:33 -0500] "GET /galeria/galeria/jquery.fancybox.js?v=2.1.5 HTTP/1.1" 304 -
152.231.31.159 - - [07/Jan/2020:04:56:33 -0500] "GET /galeria/galeria/jquery.fancybox.css?v=2.1.5 HTTP/1.1" 304 -
66.249.64.61 - - [07/Jan/2020:04:56:52 -0500] "GET /BLA/resoluciones/RESOLUCIONES%202018/0158.pdf HTTP/1.1" 200 552332
66.249.64.59 - - [07/Jan/2020:04:57:02 -0500] "GET /BLA/resoluciones/RESOLUCIONES%202008/4356.pdf HTTP/1.1" 200 595673
216.244.66.195 - - [07/Jan/2020:04:57:06 -0500] "GET /BLA/resoluciones/RESOLUCIONES%202013/2011.pdf HTTP/1.1" 200 371947
66.249.64.59 - - [07/Jan/2020:04:57:34 -0500] "GET /BLA/resoluciones/AUTOS%202015/1064.pdf HTTP/1.1" 200 612079
69.162.124.232 - - [07/Jan/2020:04:58:56 -0500] "HEAD / HTTP/1.1" 200 -
66.249.64.63 - - [07/Jan/2020:04:58:58 -0500] "GET /BLA/resoluciones/RESOLUCIONES%202015/0505.pdf HTTP/1.1" 304 -
216.244.66.195 - - [07/Jan/2020:04:59:12 -0500] "GET /BLA/resoluciones/RESOLUCIONES%202014/0877.pdf HTTP/1.1" 200 681367
190.24.139.226 - - [07/Jan/2020:04:59:46 -0500] "GET /galeria/galeria/jquery.fancybox.css?v=2.1.5 HTTP/1.1" 200 4895
190.24.139.226 - - [07/Jan/2020:04:59:47 -0500] "GET /BLA/boletinlegal/js/jquery.scrollShow.js HTTP/1.1" 200 4586
190.24.139.226 - - [07/Jan/2020:04:59:47 -0500] "GET /galeria/galeria/jquery.fancybox.js?v=2.1.5 HTTP/1.1" 200 48706
216.244.66.195 - - [07/Jan/2020:05:00:05 -0500] "GET /BLA/resoluciones/RESOLUCIONES%202014/0977.pdf HTTP/1.1" 200 847894
207.46.13.6 - - [07/Jan/2020:05:00:14 -0500] "GET / HTTP/1.1" 200 9990
207.46.13.163 - - [07/Jan/2020:05:01:09 -0500] "GET /galeria/nivo-slider/demo/inicio.html HTTP/1.1" 200 3203
66.249.64.59 - - [07/Jan/2020:05:01:11 -0500] "GET /BLA/resoluciones/RESOLUCIONES%202005/RES%202005%202751-2800/00002788.tif HTTP/1.1" 200 162120
157.55.39.82 - - [07/Jan/2020:05:01:13 -0500] "GET /galeria/carrusel/Carrusel/jquery.thumbnailScroller.js HTTP/1.1" 200 8157
66.249.64.63 - - [07/Jan/2020:05:01:46 -0500] "GET /BLA/resoluciones/RESOLUCIONES%202013/0804.pdf HTTP/1.1" 304 -
216.244.66.195 - - [07/Jan/2020:05:02:25 -0500] "GET /BLA/resoluciones/RESOLUCIONES%202014/1044.pdf HTTP/1.1" 200 664603
66.249.64.61 - - [07/Jan/2020:05:02:28 -0500] "GET /BLA/resoluciones/AUTOS%202015/2270.pdf HTTP/1.1" 304 -
54.36.150.160 - - [07/Jan/2020:05:02:56 -0500] "GET /BLA/resoluciones/RESOLUCIONES%202003/RES%202003%202001-2051/20032026.tif HTTP/1.1" 200 85858
66.249.64.59 - - [07/Jan/2020:05:03:10 -0500] "GET /BLA/resoluciones/RESOLUCIONES%202010/0503.pdf HTTP/1.1" 200 123142
66.249.64.61 - - [07/Jan/2020:05:03:52 -0500] "GET /BLA/resoluciones/RESOLUCIONES%202018/4134.pdf HTTP/1.1" 304 -
69.162.124.232 - - [07/Jan/2020:05:03:56 -0500] "HEAD / HTTP/1.1" 200 -
66.249.64.59 - - [07/Jan/2020:05:04:21 -0500] "GET /BLA/resoluciones/AUTOS%202012/1852.pdf HTTP/1.1" 200 274664
66.249.64.59 - - [07/Jan/2020:05:04:34 -0500] "GET /BLA/resoluciones/RESOLUCIONES%202015/2856.pdf HTTP/1.1" 304 -
181.234.171.177 - - [07/Jan/2020:05:04:36 -0500] "GET /galeria/carrusel/Carrusel/jquery.thumbnailScroller.css HTTP/1.1" 200 2066
181.234.171.177 - - [07/Jan/2020:05:04:36 -0500] "GET /galeria/carrusel/Carrusel/jquery-ui-1.8.13.custom.min.js HTTP/1.1" 200 10800
181.234.171.177 - - [07/Jan/2020:05:04:36 -0500] "GET /galeria/carrusel/Carrusel/jquery.thumbnailScroller.js HTTP/1.1" 200 8157
216.244.66.195 - - [07/Jan/2020:05:04:46 -0500] "GET /BLA/resoluciones/RESOLUCIONES%202014/1380.pdf HTTP/1.1" 200 918352
66.249.64.59 - - [07/Jan/2020:05:05:59 -0500] "GET /BLA/resoluciones/RESOLUCIONES%202016/2488.pdf HTTP/1.1" 200 423499
66.249.64.59 - - [07/Jan/2020:05:06:41 -0500] "GET /BLA/resoluciones/RESOLUCIONES%202009/3608.pdf HTTP/1.1" 200 103666
40.77.167.100 - - [07/Jan/2020:05:06:46 -0500] "GET / HTTP/1.1" 200 9990
54.36.150.74 - - [07/Jan/2020:05:07:02 -0500] "GET /BLA/resoluciones/RESOLUCIONES%202006/RES%202006%201051-1100/00001084.tif HTTP/1.1" 200 216900
216.244.66.195 - - [07/Jan/2020:05:07:06 -0500] "GET /BLA/resoluciones/RESOLUCIONES%202014/2550.pdf HTTP/1.1" 200 607862
54.36.149.63 - - [07/Jan/2020:05:07:07 -0500] "GET /SIG/index.php?dir=Direccionamiento%20Estrategico/&sort=size&order=asc HTTP/1.1" 200 3946
66.249.64.61 - - [07/Jan/2020:05:07:23 -0500] "GET /BLA/resoluciones/AUTOS%202013/0417.pdf HTTP/1.1" 200 499790
66.249.64.63 - - [07/Jan/2020:05:07:51 -0500] "GET /BLA/resoluciones/RESOLUCIONES%202005/RES%202005%202751-2800/00002777.tif HTTP/1.1" 200 22274
66.249.64.61 - - [07/Jan/2020:05:08:05 -0500] "GET /BLA/resoluciones/RESOLUCIONES%202010/0376.pdf HTTP/1.1" 200 117158
66.249.64.61 - - [07/Jan/2020:05:08:47 -0500] "GET /BLA/resoluciones/Notificaciones/AUTOS%202014/0002.doc HTTP/1.1" 200 227840
54.36.150.188 - - [07/Jan/2020:05:08:49 -0500] "GET /BLA/resoluciones/RESOLUCIONES%202003/RES%202003%20901-950/910.tif HTTP/1.1" 200 123708
69.162.124.232 - - [07/Jan/2020:05:08:56 -0500] "HEAD / HTTP/1.1" 200 -
54.36.150.82 - - [07/Jan/2020:05:09:09 -0500] "GET /BLA/resoluciones/RESOLUCIONES%202005/RES%202005%201801-1850/00001811.tif HTTP/1.1" 200 25680
216.244.66.195 - - [07/Jan/2020:05:09:27 -0500] "GET /BLA/resoluciones/RESOLUCIONES%202014/2992.pdf HTTP/1.1" 200 427700
66.249.64.59 - - [07/Jan/2020:05:09:29 -0500] "GET /BLA/resoluciones/AUTOS%202017/0767.pdf HTTP/1.1" 200 340950
46.229.168.163 - - [07/Jan/2020:05:09:55 -0500] "GET /robots.txt HTTP/1.1" 404 1019
46.229.168.141 - - [07/Jan/2020:05:09:55 -0500] "GET /Anexos%20estudio%20Organizacional%20SDA/index.php?dir=ANEXO%2BNo.%2B3-%2BCONTRATACI%C3%83%C2%83%C3%82%C2%83%C3%83%C2%82%C3%82%C2%93N%2B%2BOPS%C3%83%C2%83%C3%82%C2%82%C3%83%C2%82%C3%82%C2%B4s%2B2008-2012%2F&order=asc&sort=size HTTP/1.1" 200 6229
66.249.88.19 - - [07/Jan/2020:05:09:57 -0500] "GET /BLA/boletinlegal/js/jquery.scrollShow.js HTTP/1.1" 200 4586
66.249.88.25 - - [07/Jan/2020:05:09:57 -0500] "GET /galeria/galeria/jquery.fancybox.js?v=2.1.5 HTTP/1.1" 200 48706
66.249.88.23 - - [07/Jan/2020:05:09:57 -0500] "GET /galeria/galeria/jquery.fancybox.css?v=2.1.5 HTTP/1.1" 200 4895
66.249.88.25 - - [07/Jan/2020:05:09:57 -0500] "GET /galeria/carrusel/Carrusel/jquery.thumbnailScroller.js HTTP/1.1" 200 8157
66.249.88.23 - - [07/Jan/2020:05:09:57 -0500] "GET /galeria/carrusel/Carrusel/jquery.thumbnailScroller.css HTTP/1.1" 200 2066
66.249.88.19 - - [07/Jan/2020:05:09:57 -0500] "GET /galeria/carrusel/Carrusel/jquery-ui-1.8.13.custom.min.js HTTP/1.1" 200 10800
66.249.64.63 - - [07/Jan/2020:05:10:11 -0500] "GET /BLA/resoluciones/AUTOS%202005/1369.pdf HTTP/1.1" 200 304353
159.138.128.16 - - [07/Jan/2020:05:10:34 -0500] "GET /BLA/resoluciones/index.php?dir=AUTOS%2B2004%2F&sort=name&order=desc HTTP/1.1" 200 12460
66.249.64.59 - - [07/Jan/2020:05:11:35 -0500] "GET /BLA/resoluciones/AUTOS%202013/0183.pdf HTTP/1.1" 200 3886074
199.201.65.243 - - [07/Jan/2020:05:11:38 -0500] "GET /galeria/galeria/jquery.fancybox.css?v=2.1.5 HTTP/1.1" 200 4895
199.201.65.243 - - [07/Jan/2020:05:11:41 -0500] "GET /BLA/boletinlegal/js/jquery.scrollShow.js HTTP/1.1" 200 4586
199.201.65.243 - - [07/Jan/2020:05:11:41 -0500] "GET /galeria/galeria/jquery.fancybox.js?v=2.1.5 HTTP/1.1" 200 48706
216.244.66.195 - - [07/Jan/2020:05:11:44 -0500] "GET /BLA/resoluciones/RESOLUCIONES%202014/3052.pdf HTTP/1.1" 200 3946276
40.77.167.85 - - [07/Jan/2020:05:12:10 -0500] "GET /POT-2013/index.php?dir= HTTP/1.1" 200 2679
66.249.64.59 - - [07/Jan/2020:05:12:17 -0500] "GET /BLA/resoluciones/AUTOS%202010/0604.pdf HTTP/1.1" 304 -
216.244.66.195 - - [07/Jan/2020:05:12:20 -0500] "GET /BLA/resoluciones/RESOLUCIONES%202014/3146.pdf HTTP/1.1" 200 479852
66.249.64.61 - - [07/Jan/2020:05:12:59 -0500] "GET /BLA/resoluciones/RESOLUCIONES%202017/3246.pdf HTTP/1.1" 200 382013
66.249.88.25 - - [07/Jan/2020:05:13:03 -0500] "GET /BLA/resoluciones/AUTOS%202015/6126.pdf HTTP/1.1" 200 562474
216.244.66.195 - - [07/Jan/2020:05:13:04 -0500] "GET /BLA/resoluciones/RESOLUCIONES%202014/3793.pdf HTTP/1.1" 200 572151
66.249.64.59 - - [07/Jan/2020:05:13:41 -0500] "GET /BLA/resoluciones/RESOLUCIONES%202016/1970.pdf HTTP/1.1" 304 -
69.162.124.232 - - [07/Jan/2020:05:13:56 -0500] "HEAD / HTTP/1.1" 200 -
216.244.66.195 - - [07/Jan/2020:05:14:02 -0500] "GET /BLA/resoluciones/RESOLUCIONES%202014/3908.pdf HTTP/1.1" 200 619995
66.249.64.61 - - [07/Jan/2020:05:14:23 -0500] "GET /BLA/resoluciones/RESOLUCIONES%202015/0100.pdf HTTP/1.1" 304 -
216.244.66.195 - - [07/Jan/2020:05:14:41 -0500] "GET /BLA/resoluciones/RESOLUCIONES%202015/0145.pdf HTTP/1.1" 200 620704
66.102.8.189 - - [07/Jan/2020:05:15:27 -0500] "GET /sia/ HTTP/1.1" 200 2661
66.102.8.189 - - [07/Jan/2020:05:15:27 -0500] "GET /css/textos.css HTTP/1.1" 404 1254
66.102.8.187 - - [07/Jan/2020:05:15:27 -0500] "GET /css/date_blue.css HTTP/1.1" 404 1254
66.102.8.189 - - [07/Jan/2020:05:15:27 -0500] "GET /css/fondos.css HTTP/1.1" 404 1254
66.102.8.187 - - [07/Jan/2020:05:15:27 -0500] "GET /css/bordes.css HTTP/1.1" 404 1254
66.249.64.61 - - [07/Jan/2020:05:15:47 -0500] "GET /BLA/resoluciones/RESOLUCIONES%202007/RES%202007%203001%20AL%203100/RESOLUCION%203090%20DE%202007.pdf HTTP/1.1" 304 -
66.102.8.191 - - [07/Jan/2020:05:15:27 -0500] "GET /BLA/boletinlegal/index.php HTTP/1.1" 200 32715
201.245.192.253 - - [07/Jan/2020:05:15:49 -0500] "POST /kwsrmcab/Wsrmcab HTTP/1.1" 200 4732
201.245.192.253 - - [07/Jan/2020:05:15:49 -0500] "POST /kwsrmcab/Wsrmcab HTTP/1.1" 200 32733
66.249.64.61 - - [07/Jan/2020:05:16:29 -0500] "GET /BLA/resoluciones/AUTOS%202014/2017.pdf HTTP/1.1" 200 423478
201.245.192.253 - - [07/Jan/2020:05:16:24 -0500] "POST /kwsrmcab/Wsrmcab HTTP/1.1" 200 33062
