!C99Shell v. 1.0 pre-release build #13!

Software: Apache. PHP/5.5.15 

uname -a: Windows NT SVR-DMZ 6.1 build 7600 (Windows Server 2008 R2 Enterprise Edition) i586 

SYSTEM 

Safe-mode: OFF (not secure)

E:\nuevo\apache\logs\   drwxrwxrwx
Free 7.33 GB of 239.26 GB (3.06%)
Detected drives: [ a ] [ c ] [ d ] [ e ] [ f ]
Home    Back    Forward    UPDIR    Refresh    Search    Buffer    Encoder    Tools    Proc.    FTP brute    Sec.    SQL    PHP-code    Update    Feedback    Self remove    Logout    


Viewing file:     access.2020.01.07.log (4.7 MB)      -rw-rw-rw-
Select action/file-type:
(+) | (+) | (+) | Code (+) | Session (+) | (+) | SDB (+) | (+) | (+) | (+) | (+) | (+) |
66.249.64.59 - - [07/Jan/2020:00:00:37 -0500] "GET /BLA/resoluciones/RESOLUCIONES%202009/6360.pdf HTTP/1.1" 200 486317
54.160.144.245 - - [07/Jan/2020:00:00:53 -0500] "GET /catalogoisis HTTP/1.1" 404 1018
66.249.64.59 - - [07/Jan/2020:00:01:19 -0500] "GET /BLA/resoluciones/AUTOS%202014/5691.pdf HTTP/1.1" 304 -
66.249.64.59 - - [07/Jan/2020:00:03:25 -0500] "GET /BLA/resoluciones/RESOLUCIONES%202009/6499.pdf HTTP/1.1" 200 430823
186.28.123.62 - - [07/Jan/2020:00:03:48 -0500] "GET /BLA/boletinlegal/js/jquery.scrollShow.js HTTP/1.1" 200 4586
186.28.123.62 - - [07/Jan/2020:00:03:48 -0500] "GET /galeria/galeria/jquery.fancybox.js?v=2.1.5 HTTP/1.1" 200 48706
186.28.123.62 - - [07/Jan/2020:00:03:48 -0500] "GET /galeria/galeria/jquery.fancybox.css?v=2.1.5 HTTP/1.1" 200 4895
186.28.123.62 - - [07/Jan/2020:00:03:55 -0500] "GET /BLA/boletinlegal/js/jquery.scrollShow.js HTTP/1.1" 304 -
186.28.123.62 - - [07/Jan/2020:00:03:55 -0500] "GET /galeria/galeria/jquery.fancybox.js?v=2.1.5 HTTP/1.1" 304 -
186.28.123.62 - - [07/Jan/2020:00:03:55 -0500] "GET /galeria/galeria/jquery.fancybox.css?v=2.1.5 HTTP/1.1" 304 -
69.162.124.232 - - [07/Jan/2020:00:03:59 -0500] "HEAD / HTTP/1.1" 200 -
66.249.64.61 - - [07/Jan/2020:00:04:07 -0500] "GET /autoliquidacion/Grupo%20Forestal%20-%20Industria%20de%20la%20Madera/Solicitud%20de%20registro%20del%20libro%20operaciones%20y%20lista%20de%20chequeo.xlsx HTTP/1.1" 200 54103
190.217.118.106 - - [07/Jan/2020:00:04:11 -0500] "GET /BLA/boletinlegal/js/jquery.scrollShow.js HTTP/1.1" 200 4586
190.217.118.106 - - [07/Jan/2020:00:04:11 -0500] "GET /galeria/galeria/jquery.fancybox.js?v=2.1.5 HTTP/1.1" 200 48706
190.217.118.106 - - [07/Jan/2020:00:04:11 -0500] "GET /galeria/galeria/jquery.fancybox.css?v=2.1.5 HTTP/1.1" 200 4895
190.217.118.106 - - [07/Jan/2020:00:04:11 -0500] "GET /galeria/carrusel/Carrusel/jquery.thumbnailScroller.css HTTP/1.1" 200 2066
190.217.118.106 - - [07/Jan/2020:00:04:12 -0500] "GET /galeria/carrusel/Carrusel/jquery-ui-1.8.13.custom.min.js HTTP/1.1" 200 10800
190.217.118.106 - - [07/Jan/2020:00:04:12 -0500] "GET /galeria/carrusel/Carrusel/jquery.thumbnailScroller.js HTTP/1.1" 200 8157
66.249.64.61 - - [07/Jan/2020:00:04:23 -0500] "GET /BLA/resoluciones/RESOLUCIONES%202019/0915.pdf HTTP/1.1" 200 443211
190.217.118.106 - - [07/Jan/2020:00:05:03 -0500] "GET /galeria/nivo-slider/demo/inicio.html HTTP/1.1" 200 3203
190.217.118.106 - - [07/Jan/2020:00:05:03 -0500] "GET /galeria/nivo-slider/themes/pascal/pascal.css HTTP/1.1" 200 2258
190.217.118.106 - - [07/Jan/2020:00:05:03 -0500] "GET /galeria/nivo-slider/themes/default/default.css HTTP/1.1" 200 1569
190.217.118.106 - - [07/Jan/2020:00:05:04 -0500] "GET /galeria/nivo-slider/nivo-slider.css HTTP/1.1" 200 1507
190.217.118.106 - - [07/Jan/2020:00:05:04 -0500] "GET /galeria/nivo-slider/themes/orman/orman.css HTTP/1.1" 200 2152
190.217.118.106 - - [07/Jan/2020:00:05:06 -0500] "GET /galeria/nivo-slider/demo/scripts/jquery-1.7.1.min.js HTTP/1.1" 200 93868
190.217.118.106 - - [07/Jan/2020:00:05:06 -0500] "GET /galeria/nivo-slider/style.css HTTP/1.1" 200 2104
190.217.118.106 - - [07/Jan/2020:00:05:06 -0500] "GET /galeria/nivo-slider/jquery.nivo.slider.pack.js HTTP/1.1" 200 11561
190.217.118.106 - - [07/Jan/2020:00:05:06 -0500] "GET /galeria/nivo-slider/demo/images/bannercaminatasenero.jpg HTTP/1.1" 200 515042
190.217.118.106 - - [07/Jan/2020:00:05:10 -0500] "GET /galeria/nivo-slider/demo/images/bannercigarrillos.jpg HTTP/1.1" 200 230953
190.217.118.106 - - [07/Jan/2020:00:05:13 -0500] "GET /galeria/nivo-slider/demo/images/Bannercalculadoraweb.jpg HTTP/1.1" 200 301964
181.53.12.74 - - [07/Jan/2020:00:05:14 -0500] "GET /galeria/galeria/jquery.fancybox.js?v=2.1.5 HTTP/1.1" 200 48706
181.53.12.74 - - [07/Jan/2020:00:05:14 -0500] "GET /galeria/galeria/jquery.fancybox.css?v=2.1.5 HTTP/1.1" 200 4895
190.217.118.106 - - [07/Jan/2020:00:05:16 -0500] "GET /galeria/nivo-slider/demo/images/bannervisorweb.jpg HTTP/1.1" 200 201837
190.217.118.106 - - [07/Jan/2020:00:05:17 -0500] "GET /galeria/nivo-slider/demo/images/bannertinguaweb.jpg HTTP/1.1" 200 227793
190.217.118.106 - - [07/Jan/2020:00:05:18 -0500] "GET /galeria/nivo-slider/demo/images/bannerpuntosweb.jpg HTTP/1.1" 200 234282
181.53.12.74 - - [07/Jan/2020:00:05:19 -0500] "GET /BLA/boletinlegal/js/jquery.scrollShow.js HTTP/1.1" 200 4586
190.217.118.106 - - [07/Jan/2020:00:05:19 -0500] "GET /galeria/nivo-slider/themes/default/loading.gif HTTP/1.1" 200 1737
190.217.118.106 - - [07/Jan/2020:00:05:20 -0500] "GET /galeria/nivo-slider/themes/default/arrows.png HTTP/1.1" 200 824
190.217.118.106 - - [07/Jan/2020:00:05:20 -0500] "GET /galeria/nivo-slider/themes/default/bullets.png HTTP/1.1" 200 1281
66.249.64.59 - - [07/Jan/2020:00:05:31 -0500] "GET /BLA/resoluciones/RESOLUCIONES%202013/0102.pdf HTTP/1.1" 304 -
159.138.155.47 - - [07/Jan/2020:00:06:09 -0500] "GET /BLA/resoluciones/index.php?dir=Notificaciones%2FAUTOS%2B2013%2F&sort=name&order=asc HTTP/1.1" 200 12523
66.249.64.63 - - [07/Jan/2020:00:06:13 -0500] "GET /BLA/resoluciones/AUTOS%202015/3269.pdf HTTP/1.1" 200 660997
66.249.64.63 - - [07/Jan/2020:00:06:55 -0500] "GET /BLA/resoluciones/RESOLUCIONES%202008/0090.pdf HTTP/1.1" 304 -
66.249.64.59 - - [07/Jan/2020:00:08:19 -0500] "GET /BLA/resoluciones/AUTOS%202012/2515.pdf HTTP/1.1" 304 -
69.162.124.232 - - [07/Jan/2020:00:08:59 -0500] "HEAD / HTTP/1.1" 200 -
66.102.6.189 - - [07/Jan/2020:00:09:33 -0500] "GET /galeria/galeria/jquery.fancybox.js?v=2.1.5 HTTP/1.1" 200 48706
66.102.6.189 - - [07/Jan/2020:00:09:34 -0500] "GET /BLA/boletinlegal/js/jquery.scrollShow.js HTTP/1.1" 304 -
66.102.6.191 - - [07/Jan/2020:00:09:34 -0500] "GET /galeria/galeria/jquery.fancybox.css?v=2.1.5 HTTP/1.1" 304 -
66.102.6.187 - - [07/Jan/2020:00:09:34 -0500] "GET /galeria/galeria/jquery.fancybox.js?v=2.1.5 HTTP/1.1" 304 -
66.102.6.189 - - [07/Jan/2020:00:09:34 -0500] "GET /galeria/galeria/jquery.fancybox.css?v=2.1.5 HTTP/1.1" 304 -
66.102.6.191 - - [07/Jan/2020:00:09:34 -0500] "GET /galeria/galeria/jquery.fancybox.js?v=2.1.5 HTTP/1.1" 304 -
66.102.6.189 - - [07/Jan/2020:00:09:34 -0500] "GET /BLA/boletinlegal/js/jquery.scrollShow.js HTTP/1.1" 304 -
66.249.64.59 - - [07/Jan/2020:00:09:44 -0500] "GET /BLA/resoluciones/RESOLUCIONES%202013/0125.pdf HTTP/1.1" 200 2822143
66.249.64.59 - - [07/Jan/2020:00:10:25 -0500] "GET /BLA/resoluciones/RESOLUCIONES%202014/2714.pdf HTTP/1.1" 304 -
66.249.88.25 - - [07/Jan/2020:00:10:33 -0500] "GET /galeria/galeria/fotos/Soratama2G.jpg HTTP/1.1" 200 167638
66.249.64.28 - - [07/Jan/2020:00:10:54 -0500] "GET /Autoliquidacion/dlf/styles.css HTTP/1.1" 200 3045
66.249.64.59 - - [07/Jan/2020:00:11:07 -0500] "GET /BLA/resoluciones/AUTOS%202019/0071.pdf HTTP/1.1" 200 283189
66.249.64.61 - - [07/Jan/2020:00:11:42 -0500] "GET /BLA/resoluciones/RESOLUCIONES%202016/0029.pdf HTTP/1.1" 200 937206
66.249.64.63 - - [07/Jan/2020:00:11:54 -0500] "GET /BLA/resoluciones/AUTOS%202015/3669.pdf HTTP/1.1" 200 397998
159.138.158.255 - - [07/Jan/2020:00:12:29 -0500] "GET /BLA/resoluciones/index.php?dir=AUTOS%2B2015%2F&sort=size&order=desc HTTP/1.1" 200 12460
66.249.64.59 - - [07/Jan/2020:00:12:31 -0500] "GET /BLA/resoluciones/RESOLUCIONES%202015/2880.pdf HTTP/1.1" 200 869738
66.249.64.59 - - [07/Jan/2020:00:13:13 -0500] "GET /BLA/resoluciones/AUTOS%202012/1827.pdf HTTP/1.1" 200 282335
66.249.64.187 - - [07/Jan/2020:00:13:24 -0500] "GET /robots.txt HTTP/1.1" 404 1015
66.249.64.187 - - [07/Jan/2020:00:13:24 -0500] "GET /BLA/boletinlegal/style.css HTTP/1.1" 200 9406
66.249.64.185 - - [07/Jan/2020:00:13:29 -0500] "GET /BLA/boletinlegal/styles2.css HTTP/1.1" 200 1838
66.249.64.185 - - [07/Jan/2020:00:13:32 -0500] "GET /BLA/boletinlegal/js/ajax_conceptos.js HTTP/1.1" 200 1326
66.249.64.59 - - [07/Jan/2020:00:13:56 -0500] "GET /BLA/resoluciones/RESOLUCIONES%202010/3074.pdf HTTP/1.1" 200 446509
69.162.124.232 - - [07/Jan/2020:00:13:59 -0500] "HEAD / HTTP/1.1" 200 -
66.249.64.59 - - [07/Jan/2020:00:14:38 -0500] "GET /BLA/resoluciones/AUTOS%202015/7313.pdf HTTP/1.1" 304 -
66.249.64.59 - - [07/Jan/2020:00:15:20 -0500] "GET /BLA/resoluciones/AUTOS%202014/1345.pdf HTTP/1.1" 200 521307
66.249.64.61 - - [07/Jan/2020:00:16:02 -0500] "GET /BLA/resoluciones/RESOLUCIONES%202013/2078.pdf HTTP/1.1" 304 -
201.245.192.253 - - [07/Jan/2020:00:15:49 -0500] "POST /kwsrmcab/Wsrmcab HTTP/1.1" 200 32422
201.245.192.253 - - [07/Jan/2020:00:15:50 -0500] "POST /kwsrmcab/Wsrmcab HTTP/1.1" 200 4733
66.249.64.61 - - [07/Jan/2020:00:16:44 -0500] "GET /BLA/resoluciones/AUTOS%202007/2714.pdf HTTP/1.1" 200 193028
201.245.192.253 - - [07/Jan/2020:00:16:21 -0500] "POST /kwsrmcab/Wsrmcab HTTP/1.1" 200 32577
66.249.64.59 - - [07/Jan/2020:00:17:26 -0500] "GET /BLA/resoluciones/AUTOS%202017/0984.pdf HTTP/1.1" 304 -
66.249.64.61 - - [07/Jan/2020:00:18:08 -0500] "GET /BLA/resoluciones/AUTOS%202007/1499.pdf HTTP/1.1" 200 262604
207.46.13.182 - - [07/Jan/2020:00:18:42 -0500] "GET / HTTP/1.1" 200 9990
46.229.168.163 - - [07/Jan/2020:00:18:56 -0500] "GET /robots.txt HTTP/1.1" 404 1019
46.229.168.134 - - [07/Jan/2020:00:18:57 -0500] "GET /Anexos%20estudio%20Organizacional%20SDA/index.php?dir=ANEXO%2BNo.12-PROYECTO%2BACTUALIZACION%2BMANUAL%2BDE%2BFUNCIONES%2BSDA%2F HTTP/1.1" 200 6187
69.162.124.232 - - [07/Jan/2020:00:18:59 -0500] "HEAD / HTTP/1.1" 200 -
66.249.64.59 - - [07/Jan/2020:00:19:01 -0500] "GET /BLA/resoluciones/AUTOS%202012/2620.pdf HTTP/1.1" 200 436111
66.249.64.59 - - [07/Jan/2020:00:19:32 -0500] "GET /BLA/resoluciones/AUTOS%202009/1689.pdf HTTP/1.1" 200 124434
66.249.64.63 - - [07/Jan/2020:00:20:14 -0500] "GET /BLA/resoluciones/RESOLUCIONES%202008/2054.pdf HTTP/1.1" 200 73727
191.99.163.58 - - [07/Jan/2020:00:20:53 -0500] "GET /Residuos/maderas/files/guia_maderas.pdf HTTP/1.1" 200 14225972
191.99.163.58 - - [07/Jan/2020:00:20:55 -0500] "GET /favicon.ico HTTP/1.1" 200 7782
66.249.64.61 - - [07/Jan/2020:00:20:56 -0500] "GET /BLA/resoluciones/RESOLUCIONES%202009/6397.pdf HTTP/1.1" 200 478307
66.249.64.61 - - [07/Jan/2020:00:21:38 -0500] "GET /BLA/resoluciones/AUTOS%202008/3013.pdf HTTP/1.1" 200 96521
40.77.167.85 - - [07/Jan/2020:00:21:53 -0500] "GET /portalsiaccapacitaciones/Listas%20de%20Asistencia%202016/ HTTP/1.1" 200 6179
66.249.64.59 - - [07/Jan/2020:00:22:20 -0500] "GET /BLA/resoluciones/RESOLUCIONES%202017/0255.pdf HTTP/1.1" 304 -
190.27.59.14 - - [07/Jan/2020:00:22:26 -0500] "GET /galeria/galeria/jquery.fancybox.css?v=2.1.5 HTTP/1.1" 200 4895
190.27.59.14 - - [07/Jan/2020:00:22:26 -0500] "GET /BLA/boletinlegal/js/jquery.scrollShow.js HTTP/1.1" 200 4586
190.27.59.14 - - [07/Jan/2020:00:22:26 -0500] "GET /galeria/galeria/jquery.fancybox.js?v=2.1.5 HTTP/1.1" 200 48706
66.249.64.59 - - [07/Jan/2020:00:23:02 -0500] "GET /BLA/resoluciones/AUTOS%202014/6124.pdf HTTP/1.1" 304 -
167.0.175.89 - - [07/Jan/2020:00:23:28 -0500] "GET /galeria/galeria/fotos/mirador4G.jpg HTTP/1.1" 200 159827
66.249.64.61 - - [07/Jan/2020:00:23:44 -0500] "GET /BLA/resoluciones/AUTOS%202015/5123.pdf HTTP/1.1" 304 -
167.0.175.89 - - [07/Jan/2020:00:23:44 -0500] "GET /galeria/galeria/fotos/mirador2G.jpg HTTP/1.1" 200 115084
66.249.64.59 - - [07/Jan/2020:00:23:47 -0500] "GET /BLA/resoluciones/Decretos/Decreto%20088%20de%2007%20de%20marzo%20del%202019.pdf HTTP/1.1" 200 419054
181.55.137.52 - - [07/Jan/2020:00:23:52 -0500] "GET /galeria/carrusel/Carrusel/jquery.thumbnailScroller.css HTTP/1.1" 200 2066
181.55.137.52 - - [07/Jan/2020:00:23:52 -0500] "GET /galeria/carrusel/Carrusel/jquery-ui-1.8.13.custom.min.js HTTP/1.1" 200 10800
181.55.137.52 - - [07/Jan/2020:00:23:53 -0500] "GET /galeria/carrusel/Carrusel/jquery.thumbnailScroller.js HTTP/1.1" 200 8157
207.46.13.4 - - [07/Jan/2020:00:23:55 -0500] "GET /www.bogota.gov.co/sdqs HTTP/1.1" 404 1019
181.55.137.52 - - [07/Jan/2020:00:23:55 -0500] "GET /galeria/nivo-slider/demo/inicio.html HTTP/1.1" 200 3203
181.55.137.52 - - [07/Jan/2020:00:23:56 -0500] "GET /galeria/nivo-slider/themes/pascal/pascal.css HTTP/1.1" 200 2258
181.55.137.52 - - [07/Jan/2020:00:23:56 -0500] "GET /galeria/nivo-slider/themes/default/default.css HTTP/1.1" 200 1569
181.55.137.52 - - [07/Jan/2020:00:23:56 -0500] "GET /galeria/nivo-slider/nivo-slider.css HTTP/1.1" 200 1507
181.55.137.52 - - [07/Jan/2020:00:23:56 -0500] "GET /galeria/nivo-slider/style.css HTTP/1.1" 200 2104
181.55.137.52 - - [07/Jan/2020:00:23:56 -0500] "GET /galeria/nivo-slider/themes/orman/orman.css HTTP/1.1" 200 2152
181.55.137.52 - - [07/Jan/2020:00:23:56 -0500] "GET /galeria/nivo-slider/demo/images/bannercaminatasenero.jpg HTTP/1.1" 200 515042
181.55.137.52 - - [07/Jan/2020:00:23:56 -0500] "GET /galeria/nivo-slider/demo/images/bannercigarrillos.jpg HTTP/1.1" 200 230953
181.55.137.52 - - [07/Jan/2020:00:23:56 -0500] "GET /galeria/nivo-slider/demo/scripts/jquery-1.7.1.min.js HTTP/1.1" 200 93868
181.55.137.52 - - [07/Jan/2020:00:23:56 -0500] "GET /galeria/nivo-slider/jquery.nivo.slider.pack.js HTTP/1.1" 200 11561
181.55.137.52 - - [07/Jan/2020:00:23:56 -0500] "GET /galeria/nivo-slider/demo/images/Bannercalculadoraweb.jpg HTTP/1.1" 200 301964
181.55.137.52 - - [07/Jan/2020:00:23:56 -0500] "GET /galeria/nivo-slider/demo/images/bannervisorweb.jpg HTTP/1.1" 200 201837
181.55.137.52 - - [07/Jan/2020:00:23:56 -0500] "GET /galeria/nivo-slider/themes/default/loading.gif HTTP/1.1" 200 1737
181.55.137.52 - - [07/Jan/2020:00:23:57 -0500] "GET /galeria/nivo-slider/demo/images/bannertinguaweb.jpg HTTP/1.1" 200 227793
181.55.137.52 - - [07/Jan/2020:00:23:57 -0500] "GET /galeria/nivo-slider/demo/images/bannerpuntosweb.jpg HTTP/1.1" 200 234282
181.55.137.52 - - [07/Jan/2020:00:23:58 -0500] "GET /galeria/nivo-slider/themes/default/arrows.png HTTP/1.1" 200 824
181.55.137.52 - - [07/Jan/2020:00:23:58 -0500] "GET /galeria/nivo-slider/themes/default/bullets.png HTTP/1.1" 200 1281
69.162.124.232 - - [07/Jan/2020:00:23:59 -0500] "HEAD / HTTP/1.1" 200 -
181.63.74.210 - - [07/Jan/2020:00:24:10 -0500] "GET /galeria/galeria/jquery.fancybox.css?v=2.1.5 HTTP/1.1" 200 4895
181.63.74.210 - - [07/Jan/2020:00:24:10 -0500] "GET /BLA/boletinlegal/js/jquery.scrollShow.js HTTP/1.1" 200 4586
181.63.74.210 - - [07/Jan/2020:00:24:10 -0500] "GET /galeria/galeria/jquery.fancybox.js?v=2.1.5 HTTP/1.1" 200 48706
167.0.175.89 - - [07/Jan/2020:00:24:15 -0500] "GET /galeria/galeria/fotos/mirador3G.jpg HTTP/1.1" 200 131992
66.249.64.59 - - [07/Jan/2020:00:24:26 -0500] "GET /BLA/resoluciones/RESOLUCIONES%202009/2026.pdf HTTP/1.1" 304 -
157.55.39.54 - - [07/Jan/2020:00:24:30 -0500] "GET /BLA/boletinlegal/Circulares/2012/Circular%20No.%205%20del%2027%20de%20Abril%20de%202012.pdf HTTP/1.1" 304 -
114.119.151.161 - - [07/Jan/2020:00:25:24 -0500] "GET /BLA/resoluciones/index.php?dir=2018%2F HTTP/1.1" 200 1608
66.249.88.23 - - [07/Jan/2020:00:26:08 -0500] "GET /BLA/boletinlegal/js/jquery.scrollShow.js HTTP/1.1" 200 4586
66.249.88.19 - - [07/Jan/2020:00:26:08 -0500] "GET /galeria/galeria/jquery.fancybox.css?v=2.1.5 HTTP/1.1" 200 4895
66.249.88.23 - - [07/Jan/2020:00:26:08 -0500] "GET /galeria/galeria/jquery.fancybox.js?v=2.1.5 HTTP/1.1" 200 48706
66.249.88.19 - - [07/Jan/2020:00:26:10 -0500] "GET /galeria/galeria/jquery.fancybox.css?v=2.1.5 HTTP/1.1" 200 4895
66.249.88.25 - - [07/Jan/2020:00:26:10 -0500] "GET /galeria/galeria/jquery.fancybox.js?v=2.1.5 HTTP/1.1" 200 48706
66.249.88.19 - - [07/Jan/2020:00:26:10 -0500] "GET /BLA/boletinlegal/js/jquery.scrollShow.js HTTP/1.1" 200 4586
201.245.192.253 - - [07/Jan/2020:00:25:50 -0500] "POST /kwsrmcab/Wsrmcab HTTP/1.1" 200 32422
66.249.64.59 - - [07/Jan/2020:00:26:20 -0500] "GET /BLA/resoluciones/RESOLUCIONES%202009/2002.pdf HTTP/1.1" 200 626082
186.86.33.56 - - [07/Jan/2020:00:26:33 -0500] "GET /galeria/galeria/jquery.fancybox.js?v=2.1.5 HTTP/1.1" 200 48706
186.86.33.56 - - [07/Jan/2020:00:26:33 -0500] "GET /BLA/boletinlegal/js/jquery.scrollShow.js HTTP/1.1" 200 4586
186.86.33.56 - - [07/Jan/2020:00:26:33 -0500] "GET /galeria/galeria/jquery.fancybox.css?v=2.1.5 HTTP/1.1" 200 4895
66.249.64.59 - - [07/Jan/2020:00:27:41 -0500] "GET /BLA/resoluciones/RESOLUCIONES%202011/3347.pdf HTTP/1.1" 200 1462890
66.249.64.27 - - [07/Jan/2020:00:28:03 -0500] "GET /Autoliquidacion/TR%C3%83%20MITES%20AGUAS%20SUPERFICIALES/FORMULARIO%20NACIONAL%20SOLICITUD%20-Concesion%20Aguas%20Superficiales.pdf HTTP/1.1" 404 1019
66.249.64.61 - - [07/Jan/2020:00:28:38 -0500] "GET /BLA/resoluciones/AUTOS%202017/5224.pdf HTTP/1.1" 200 343556
66.249.64.181 - - [07/Jan/2020:00:28:47 -0500] "GET /robots.txt HTTP/1.1" 404 1015
66.249.64.177 - - [07/Jan/2020:00:28:47 -0500] "GET /Autoliquidacion/Fauna%20Silvestre/EVALUAC%C3%83%20ON%20DE%20PERMISOS%20DE%20APROVECHAMIENTO%20DE%20FAUNA/PM04-PR26-M3%20Guia%20para%20comercializaci%C3%83%C2%B3n%20y%20o%20exhibici%C3%83%C2%B3n%20y%20bodegaje%20de%20fauna%20silvestre.pdf HTTP/1.1" 404 1015
69.162.124.232 - - [07/Jan/2020:00:28:59 -0500] "HEAD / HTTP/1.1" 200 -
66.249.64.59 - - [07/Jan/2020:00:29:20 -0500] "GET /BLA/resoluciones/AUTOS%202016/2384.pdf HTTP/1.1" 304 -
159.138.152.114 - - [07/Jan/2020:00:29:33 -0500] "GET /BLA/resoluciones/index.php?dir=RESOLUCIONES%2B1996/&sort=size&order=asc HTTP/1.1" 200 12482
66.249.64.59 - - [07/Jan/2020:00:29:44 -0500] "GET /Publicaciones/2019EE303678.pdf HTTP/1.1" 200 129384
66.249.64.61 - - [07/Jan/2020:00:30:02 -0500] "GET /BLA/resoluciones/AUTOS%202014/6906.pdf HTTP/1.1" 304 -
66.249.64.59 - - [07/Jan/2020:00:30:44 -0500] "GET /BLA/resoluciones/AUTOS%202009/0994.pdf HTTP/1.1" 200 183670
181.135.225.33 - - [07/Jan/2020:00:30:51 -0500] "GET /galeria/galeria/jquery.fancybox.css?v=2.1.5 HTTP/1.1" 200 4895
181.135.225.33 - - [07/Jan/2020:00:30:51 -0500] "GET /BLA/boletinlegal/js/jquery.scrollShow.js HTTP/1.1" 200 4586
181.135.225.33 - - [07/Jan/2020:00:30:51 -0500] "GET /galeria/galeria/jquery.fancybox.js?v=2.1.5 HTTP/1.1" 200 48706
66.249.64.61 - - [07/Jan/2020:00:31:07 -0500] "GET /BLA/resoluciones/RESOLUCIONES%202010/0913.pdf HTTP/1.1" 200 105072
216.244.66.197 - - [07/Jan/2020:00:31:18 -0500] "GET /videos/galeria-cronicas/videoOpel.htm HTTP/1.1" 200 4906
66.249.64.59 - - [07/Jan/2020:00:31:26 -0500] "GET /BLA/resoluciones/AUTOS%202014/5619.pdf HTTP/1.1" 200 498813
66.249.64.59 - - [07/Jan/2020:00:32:50 -0500] "GET /BLA/resoluciones/AUTOS%202007/3049.pdf HTTP/1.1" 200 294846
216.244.66.197 - - [07/Jan/2020:00:33:03 -0500] "GET /Anexos%20estudio%20Organizacional%20SDA/ANEXO%20No.%203-%20CONTRATACI%EF%BF%BDN%20%20OPS%EF%BF%BDs%202008-2012/CONTRATOS%20SDA%202012%20POR%20DEPENDENCIA.xls HTTP/1.1" 404 1019
66.249.64.59 - - [07/Jan/2020:00:33:39 -0500] "GET /BLA/resoluciones/RESOLUCIONES%202016/2413.pdf HTTP/1.1" 200 630629
157.55.39.188 - - [07/Jan/2020:00:33:52 -0500] "GET /BLA/boletinlegal/Directivas/2011/Directiva%20No.%204%20del%2028%20de%20Junio%20de%202011.pdf HTTP/1.1" 304 -
69.162.124.232 - - [07/Jan/2020:00:33:59 -0500] "HEAD / HTTP/1.1" 200 -
66.249.64.59 - - [07/Jan/2020:00:34:17 -0500] "GET /BLA/resoluciones/RESOLUCIONES%202007/RES%202007%203001%20AL%203100/RESOLUCION%203062%20DE%202007.pdf HTTP/1.1" 200 433951
66.249.64.59 - - [07/Jan/2020:00:34:56 -0500] "GET /BLA/resoluciones/RESOLUCIONES%202010/3611.pdf HTTP/1.1" 200 766275
216.244.66.195 - - [07/Jan/2020:00:35:33 -0500] "GET /BLA/resoluciones/AUTOS%202014/6054.pdf HTTP/1.1" 200 465701
216.244.66.195 - - [07/Jan/2020:00:35:38 -0500] "GET /BLA/resoluciones/AUTOS%202014/6437.pdf HTTP/1.1" 200 424490
66.249.64.59 - - [07/Jan/2020:00:35:38 -0500] "GET /BLA/resoluciones/AUTOS%202017/3300.pdf HTTP/1.1" 200 280747
216.244.66.195 - - [07/Jan/2020:00:35:43 -0500] "GET /BLA/resoluciones/AUTOS%202014/6883.pdf HTTP/1.1" 200 437432
66.249.64.59 - - [07/Jan/2020:00:36:20 -0500] "GET /BLA/resoluciones/RESOLUCIONES%202008/2508.pdf HTTP/1.1" 200 235965
201.245.192.253 - - [07/Jan/2020:00:35:49 -0500] "POST /kwsrmcab/Wsrmcab HTTP/1.1" 200 32422
66.249.64.59 - - [07/Jan/2020:00:36:31 -0500] "GET /BLA/resoluciones/RESOLUCIONES%202008/2836.pdf HTTP/1.1" 200 255474
216.244.66.195 - - [07/Jan/2020:00:36:33 -0500] "GET /BLA/resoluciones/AUTOS%202014/7144.pdf HTTP/1.1" 200 165087
216.244.66.195 - - [07/Jan/2020:00:37:26 -0500] "GET /BLA/resoluciones/RESOLUCIONES%202011/3235.pdf HTTP/1.1" 200 382941
66.249.64.61 - - [07/Jan/2020:00:37:44 -0500] "GET /BLA/resoluciones/RESOLUCIONES%202010/5683.pdf HTTP/1.1" 304 -
66.249.64.61 - - [07/Jan/2020:00:38:26 -0500] "GET /BLA/resoluciones/RESOLUCIONES%202010/6365.pdf HTTP/1.1" 200 96279
66.249.64.59 - - [07/Jan/2020:00:38:26 -0500] "GET /robots.txt HTTP/1.1" 404 1018
69.162.124.232 - - [07/Jan/2020:00:38:59 -0500] "HEAD / HTTP/1.1" 200 -
66.249.64.63 - - [07/Jan/2020:00:39:07 -0500] "GET /BLA/resoluciones/RESOLUCIONES%202018/2566.pdf HTTP/1.1" 200 291217
66.249.64.63 - - [07/Jan/2020:00:39:15 -0500] "GET /BLA/resoluciones/RESOLUCIONES%202009/4485.pdf HTTP/1.1" 200 497265
66.249.64.59 - - [07/Jan/2020:00:39:29 -0500] "GET /BLA/resoluciones/AUTOS%202008/2983.pdf HTTP/1.1" 304 -
216.244.66.195 - - [07/Jan/2020:00:39:46 -0500] "GET /BLA/resoluciones/RESOLUCIONES%202011/4234.pdf HTTP/1.1" 200 235597
66.249.64.59 - - [07/Jan/2020:00:39:50 -0500] "GET /BLA/resoluciones/AUTOS%202015/0898.pdf HTTP/1.1" 200 506209
187.135.151.146 - - [07/Jan/2020:00:40:05 -0500] "GET /galeria/galeria/jquery.fancybox.css?v=2.1.5 HTTP/1.1" 200 4895
187.135.162.75 - - [07/Jan/2020:00:40:05 -0500] "GET /BLA/boletinlegal/js/jquery.scrollShow.js HTTP/1.1" 200 4586
187.135.162.75 - - [07/Jan/2020:00:40:05 -0500] "GET /galeria/galeria/jquery.fancybox.js?v=2.1.5 HTTP/1.1" 200 48706
66.249.64.61 - - [07/Jan/2020:00:40:32 -0500] "GET /BLA/resoluciones/RESOLUCIONES%202007/RES%202007%201301%20AL%201400/RESOLUCION%201307%20DE%202007.pdf HTTP/1.1" 200 269444
191.110.149.129 - - [07/Jan/2020:00:40:55 -0500] "GET /BLA/resoluciones/AUTOS%202016/1797.pdf HTTP/1.1" 200 364465
191.110.149.129 - - [07/Jan/2020:00:40:56 -0500] "GET /favicon.ico HTTP/1.1" 200 7782
66.249.64.59 - - [07/Jan/2020:00:40:58 -0500] "GET /BLA/resoluciones/AUTOS%202012/1090.pdf HTTP/1.1" 200 195275
157.55.39.67 - - [07/Jan/2020:00:41:08 -0500] "GET /inicio/ HTTP/1.1" 404 1049
66.249.64.59 - - [07/Jan/2020:00:41:14 -0500] "GET /BLA/resoluciones/AUTOS%202012/2598.pdf HTTP/1.1" 200 1224396
216.244.66.195 - - [07/Jan/2020:00:41:36 -0500] "GET /BLA/resoluciones/RESOLUCIONES%202011/4480.pdf HTTP/1.1" 200 351873
200.6.185.162 - - [07/Jan/2020:00:41:52 -0500] "GET /galeria/galeria/jquery.fancybox.js?v=2.1.5 HTTP/1.1" 200 48706
200.6.185.162 - - [07/Jan/2020:00:41:52 -0500] "GET /galeria/galeria/jquery.fancybox.css?v=2.1.5 HTTP/1.1" 200 4895
200.6.185.162 - - [07/Jan/2020:00:41:52 -0500] "GET /BLA/boletinlegal/js/jquery.scrollShow.js HTTP/1.1" 200 4586
66.249.64.63 - - [07/Jan/2020:00:41:56 -0500] "GET /BLA/resoluciones/RESOLUCIONES%202010/6012.pdf HTTP/1.1" 200 754830
200.6.185.162 - - [07/Jan/2020:00:42:03 -0500] "GET /BLA/boletinlegal/js/jquery.scrollShow.js HTTP/1.1" 304 -
200.6.185.162 - - [07/Jan/2020:00:42:03 -0500] "GET /galeria/galeria/jquery.fancybox.js?v=2.1.5 HTTP/1.1" 304 -
200.6.185.162 - - [07/Jan/2020:00:42:03 -0500] "GET /galeria/galeria/jquery.fancybox.css?v=2.1.5 HTTP/1.1" 304 -
216.244.66.195 - - [07/Jan/2020:00:42:26 -0500] "GET /BLA/resoluciones/RESOLUCIONES%202011/5150.pdf HTTP/1.1" 200 428575
66.249.64.61 - - [07/Jan/2020:00:43:20 -0500] "GET /BLA/resoluciones/AUTOS%202015/0430.pdf HTTP/1.1" 200 595039
159.138.159.216 - - [07/Jan/2020:00:43:30 -0500] "GET /BLA/ HTTP/1.1" 200 538
186.84.22.212 - - [07/Jan/2020:00:43:48 -0500] "GET /galeria/galeria/jquery.fancybox.css?v=2.1.5 HTTP/1.1" 200 4895
186.84.22.212 - - [07/Jan/2020:00:43:49 -0500] "GET /BLA/boletinlegal/js/jquery.scrollShow.js HTTP/1.1" 200 4586
186.84.22.212 - - [07/Jan/2020:00:43:49 -0500] "GET /galeria/galeria/jquery.fancybox.js?v=2.1.5 HTTP/1.1" 200 48706
186.84.22.212 - - [07/Jan/2020:00:43:50 -0500] "GET /galeria/carrusel/Carrusel/jquery.thumbnailScroller.css HTTP/1.1" 200 2066
186.84.22.212 - - [07/Jan/2020:00:43:50 -0500] "GET /galeria/carrusel/Carrusel/jquery-ui-1.8.13.custom.min.js HTTP/1.1" 200 10800
186.84.22.212 - - [07/Jan/2020:00:43:50 -0500] "GET /galeria/nivo-slider/demo/inicio.html HTTP/1.1" 200 3203
186.84.22.212 - - [07/Jan/2020:00:43:50 -0500] "GET /galeria/carrusel/Carrusel/jquery.thumbnailScroller.js HTTP/1.1" 200 8157
186.84.22.212 - - [07/Jan/2020:00:43:50 -0500] "GET /galeria/nivo-slider/themes/default/default.css HTTP/1.1" 200 1569
186.84.22.212 - - [07/Jan/2020:00:43:51 -0500] "GET /galeria/nivo-slider/themes/pascal/pascal.css HTTP/1.1" 200 2258
186.84.22.212 - - [07/Jan/2020:00:43:51 -0500] "GET /galeria/nivo-slider/themes/orman/orman.css HTTP/1.1" 200 2152
186.84.22.212 - - [07/Jan/2020:00:43:52 -0500] "GET /galeria/nivo-slider/nivo-slider.css HTTP/1.1" 200 1507
186.84.22.212 - - [07/Jan/2020:00:43:52 -0500] "GET /galeria/nivo-slider/style.css HTTP/1.1" 200 2104
186.84.22.212 - - [07/Jan/2020:00:43:52 -0500] "GET /galeria/nivo-slider/demo/scripts/jquery-1.7.1.min.js HTTP/1.1" 200 93868
186.84.22.212 - - [07/Jan/2020:00:43:52 -0500] "GET /galeria/nivo-slider/jquery.nivo.slider.pack.js HTTP/1.1" 200 11561
186.84.22.212 - - [07/Jan/2020:00:43:52 -0500] "GET /galeria/nivo-slider/demo/images/bannercaminatasenero.jpg HTTP/1.1" 200 515042
186.84.22.212 - - [07/Jan/2020:00:43:53 -0500] "GET /galeria/nivo-slider/demo/images/bannercigarrillos.jpg HTTP/1.1" 200 230953
186.84.22.212 - - [07/Jan/2020:00:43:53 -0500] "GET /galeria/nivo-slider/demo/images/Bannercalculadoraweb.jpg HTTP/1.1" 200 301964
186.84.22.212 - - [07/Jan/2020:00:43:53 -0500] "GET /galeria/nivo-slider/demo/images/bannervisorweb.jpg HTTP/1.1" 200 201837
186.84.22.212 - - [07/Jan/2020:00:43:54 -0500] "GET /galeria/nivo-slider/demo/images/bannertinguaweb.jpg HTTP/1.1" 200 227793
186.84.22.212 - - [07/Jan/2020:00:43:54 -0500] "GET /galeria/nivo-slider/demo/images/bannerpuntosweb.jpg HTTP/1.1" 200 234282
186.84.22.212 - - [07/Jan/2020:00:43:54 -0500] "GET /galeria/nivo-slider/themes/default/loading.gif HTTP/1.1" 200 1737
186.84.22.212 - - [07/Jan/2020:00:43:55 -0500] "GET /galeria/nivo-slider/themes/default/bullets.png HTTP/1.1" 200 1281
69.162.124.232 - - [07/Jan/2020:00:43:59 -0500] "HEAD / HTTP/1.1" 200 -
46.229.168.138 - - [07/Jan/2020:00:44:09 -0500] "GET /robots.txt HTTP/1.1" 404 1019
46.229.168.148 - - [07/Jan/2020:00:44:09 -0500] "GET /Autoliquidacion/index.php?dir=TR%C3%83%C2%83%C3%82%C2%81MITES%2BACEITES-RESIDUOS-ESTACIONES%2F&order=desc&sort=name HTTP/1.1" 200 6660
66.249.88.19 - - [07/Jan/2020:00:44:36 -0500] "GET /BLA/boletinlegal/js/jquery.scrollShow.js HTTP/1.1" 200 4586
66.249.88.23 - - [07/Jan/2020:00:44:36 -0500] "GET /galeria/galeria/jquery.fancybox.js?v=2.1.5 HTTP/1.1" 200 48706
66.249.88.23 - - [07/Jan/2020:00:44:36 -0500] "GET /galeria/galeria/jquery.fancybox.css?v=2.1.5 HTTP/1.1" 200 4895
66.249.88.25 - - [07/Jan/2020:00:44:36 -0500] "GET /galeria/carrusel/Carrusel/jquery.thumbnailScroller.css HTTP/1.1" 200 2066
66.249.88.25 - - [07/Jan/2020:00:44:36 -0500] "GET /galeria/carrusel/Carrusel/jquery-ui-1.8.13.custom.min.js HTTP/1.1" 200 10800
66.249.88.23 - - [07/Jan/2020:00:44:36 -0500] "GET /galeria/carrusel/Carrusel/jquery.thumbnailScroller.js HTTP/1.1" 200 8157
66.249.88.23 - - [07/Jan/2020:00:44:37 -0500] "GET /galeria/nivo-slider/demo/inicio.html HTTP/1.1" 200 3203
66.249.88.19 - - [07/Jan/2020:00:44:38 -0500] "GET /galeria/nivo-slider/themes/default/default.css HTTP/1.1" 200 1569
66.249.88.23 - - [07/Jan/2020:00:44:38 -0500] "GET /galeria/nivo-slider/themes/pascal/pascal.css HTTP/1.1" 200 2258
66.249.88.23 - - [07/Jan/2020:00:44:38 -0500] "GET /galeria/nivo-slider/nivo-slider.css HTTP/1.1" 200 1507
66.249.88.23 - - [07/Jan/2020:00:44:38 -0500] "GET /galeria/nivo-slider/demo/scripts/jquery-1.7.1.min.js HTTP/1.1" 200 93868
66.249.88.19 - - [07/Jan/2020:00:44:38 -0500] "GET /galeria/nivo-slider/style.css HTTP/1.1" 200 2104
66.249.88.19 - - [07/Jan/2020:00:44:38 -0500] "GET /galeria/nivo-slider/themes/orman/orman.css HTTP/1.1" 200 2152
66.249.88.19 - - [07/Jan/2020:00:44:38 -0500] "GET /galeria/nivo-slider/demo/images/bannercaminatasenero.jpg HTTP/1.1" 200 515042
66.249.88.23 - - [07/Jan/2020:00:44:38 -0500] "GET /galeria/nivo-slider/jquery.nivo.slider.pack.js HTTP/1.1" 200 11561
66.249.88.23 - - [07/Jan/2020:00:44:38 -0500] "GET /galeria/nivo-slider/demo/images/bannercigarrillos.jpg HTTP/1.1" 200 230953
66.249.88.25 - - [07/Jan/2020:00:44:38 -0500] "GET /galeria/nivo-slider/demo/images/Bannercalculadoraweb.jpg HTTP/1.1" 200 301964
66.249.88.25 - - [07/Jan/2020:00:44:38 -0500] "GET /galeria/nivo-slider/themes/default/loading.gif HTTP/1.1" 200 1737
66.249.88.23 - - [07/Jan/2020:00:44:38 -0500] "GET /galeria/nivo-slider/demo/images/bannervisorweb.jpg HTTP/1.1" 200 201837
66.249.88.19 - - [07/Jan/2020:00:44:38 -0500] "GET /galeria/nivo-slider/demo/images/bannertinguaweb.jpg HTTP/1.1" 200 227793
66.249.88.19 - - [07/Jan/2020:00:44:38 -0500] "GET /galeria/nivo-slider/demo/images/bannerpuntosweb.jpg HTTP/1.1" 200 234282
66.249.88.23 - - [07/Jan/2020:00:44:40 -0500] "GET /galeria/nivo-slider/themes/default/arrows.png HTTP/1.1" 200 824
66.249.88.23 - - [07/Jan/2020:00:44:40 -0500] "GET /galeria/nivo-slider/themes/default/bullets.png HTTP/1.1" 200 1281
66.249.88.25 - - [07/Jan/2020:00:44:41 -0500] "GET /galeria/galeria/jquery.fancybox.css?v=2.1.5 HTTP/1.1" 200 4895
66.249.88.19 - - [07/Jan/2020:00:44:41 -0500] "GET /BLA/boletinlegal/js/jquery.scrollShow.js HTTP/1.1" 200 4586
66.249.88.19 - - [07/Jan/2020:00:44:41 -0500] "GET /galeria/galeria/jquery.fancybox.js?v=2.1.5 HTTP/1.1" 200 48706
216.244.66.195 - - [07/Jan/2020:00:44:44 -0500] "GET /BLA/resoluciones/RESOLUCIONES%202011/5264.pdf HTTP/1.1" 200 434551
66.249.64.59 - - [07/Jan/2020:00:44:44 -0500] "GET /BLA/resoluciones/Notificaciones/AUTOS%202016/01091.doc HTTP/1.1" 304 -
159.138.152.52 - - [07/Jan/2020:00:45:21 -0500] "GET /BLA/ HTTP/1.1" 200 538
66.249.64.59 - - [07/Jan/2020:00:45:27 -0500] "GET /BLA/resoluciones/RESOLUCIONES%202014/0956.pdf HTTP/1.1" 304 -
159.138.158.30 - - [07/Jan/2020:00:45:22 -0500] "GET /BLA/boletinlegal/index.php HTTP/1.1" 200 32715
114.119.151.248 - - [07/Jan/2020:00:46:43 -0500] "GET /www.ambientebogota.gov.co/web/web-ninos/inicio HTTP/1.1" 404 1019
201.185.107.169 - - [07/Jan/2020:00:46:47 -0500] "GET /BLA/boletinlegal/js/jquery.scrollShow.js HTTP/1.1" 200 4586
201.185.107.169 - - [07/Jan/2020:00:46:47 -0500] "GET /galeria/galeria/jquery.fancybox.js?v=2.1.5 HTTP/1.1" 200 48706
201.185.107.169 - - [07/Jan/2020:00:46:47 -0500] "GET /galeria/carrusel/Carrusel/jquery.thumbnailScroller.css HTTP/1.1" 200 2066
201.185.107.169 - - [07/Jan/2020:00:46:47 -0500] "GET /galeria/carrusel/Carrusel/jquery-ui-1.8.13.custom.min.js HTTP/1.1" 200 10800
201.185.107.169 - - [07/Jan/2020:00:46:47 -0500] "GET /galeria/carrusel/Carrusel/jquery.thumbnailScroller.js HTTP/1.1" 200 8157
201.185.107.169 - - [07/Jan/2020:00:46:47 -0500] "GET /galeria/nivo-slider/demo/inicio.html HTTP/1.1" 200 3203
201.185.107.169 - - [07/Jan/2020:00:46:47 -0500] "GET /galeria/nivo-slider/themes/pascal/pascal.css HTTP/1.1" 200 2258
201.185.107.169 - - [07/Jan/2020:00:46:47 -0500] "GET /galeria/nivo-slider/themes/orman/orman.css HTTP/1.1" 200 2152
201.185.107.169 - - [07/Jan/2020:00:46:47 -0500] "GET /galeria/nivo-slider/themes/default/default.css HTTP/1.1" 200 1569
201.185.107.169 - - [07/Jan/2020:00:46:47 -0500] "GET /galeria/nivo-slider/nivo-slider.css HTTP/1.1" 200 1507
201.185.107.169 - - [07/Jan/2020:00:46:47 -0500] "GET /galeria/nivo-slider/style.css HTTP/1.1" 200 2104
201.185.107.169 - - [07/Jan/2020:00:46:47 -0500] "GET /galeria/nivo-slider/demo/scripts/jquery-1.7.1.min.js HTTP/1.1" 200 93868
201.185.107.169 - - [07/Jan/2020:00:46:47 -0500] "GET /galeria/nivo-slider/demo/images/bannercaminatasenero.jpg HTTP/1.1" 200 515042
201.185.107.169 - - [07/Jan/2020:00:46:47 -0500] "GET /galeria/nivo-slider/jquery.nivo.slider.pack.js HTTP/1.1" 200 11561
201.185.107.169 - - [07/Jan/2020:00:46:47 -0500] "GET /galeria/nivo-slider/demo/images/bannercigarrillos.jpg HTTP/1.1" 200 230953
201.185.107.169 - - [07/Jan/2020:00:46:47 -0500] "GET /galeria/nivo-slider/demo/images/Bannercalculadoraweb.jpg HTTP/1.1" 200 301964
201.185.107.169 - - [07/Jan/2020:00:46:48 -0500] "GET /galeria/nivo-slider/demo/images/bannervisorweb.jpg HTTP/1.1" 200 201837
66.249.64.59 - - [07/Jan/2020:00:46:48 -0500] "GET /Publicaciones/2019EE303348.pdf HTTP/1.1" 200 259464
201.185.107.169 - - [07/Jan/2020:00:46:48 -0500] "GET /galeria/nivo-slider/demo/images/bannertinguaweb.jpg HTTP/1.1" 200 227793
159.138.158.37 - - [07/Jan/2020:00:46:57 -0500] "GET /BLA/resoluciones/index.php?dir=AUTOS%2B2008%2F&sort=size&order=desc HTTP/1.1" 200 12460
216.244.66.195 - - [07/Jan/2020:00:47:04 -0500] "GET /BLA/resoluciones/RESOLUCIONES%202011/5392.pdf HTTP/1.1" 200 404408
35.233.194.70 - - [07/Jan/2020:00:47:31 -0500] "GET / HTTP/1.1" 200 9990
35.233.194.70 - - [07/Jan/2020:00:47:31 -0500] "GET /wp-includes/js/jquery/jquery.js HTTP/1.1" 404 1015
35.233.194.70 - - [07/Jan/2020:00:47:32 -0500] "GET /administrator/help/en-GB/toc.json HTTP/1.1" 404 1015
35.233.194.70 - - [07/Jan/2020:00:47:32 -0500] "GET /administrator/language/en-GB/install.xml HTTP/1.1" 404 1015
35.233.194.70 - - [07/Jan/2020:00:47:32 -0500] "GET /plugins/system/debug/debug.xml HTTP/1.1" 404 1015
35.233.194.70 - - [07/Jan/2020:00:47:32 -0500] "GET /administrator/ HTTP/1.1" 404 1015
35.233.194.70 - - [07/Jan/2020:00:47:33 -0500] "GET /misc/ajax.js HTTP/1.1" 404 1015
35.233.194.70 - - [07/Jan/2020:00:47:33 -0500] "GET / HTTP/1.1" 200 9990
35.233.194.70 - - [07/Jan/2020:00:47:33 -0500] "GET /admin/view/javascript/common.js HTTP/1.1" 404 1015
35.233.194.70 - - [07/Jan/2020:00:47:34 -0500] "GET /admin/includes/general.js HTTP/1.1" 404 1015
35.233.194.70 - - [07/Jan/2020:00:47:34 -0500] "GET /images/editor/separator.gif HTTP/1.1" 404 1015
35.233.194.70 - - [07/Jan/2020:00:47:34 -0500] "GET /js/header-rollup-554.js HTTP/1.1" 404 1015
35.233.194.70 - - [07/Jan/2020:00:47:34 -0500] "GET /vendor/phpunit/phpunit/build.xml HTTP/1.1" 404 1015
35.233.194.70 - - [07/Jan/2020:00:47:35 -0500] "GET /fckeditor/editor/filemanager/connectors/php/upload.php?Type=Media HTTP/1.1" 404 1015
35.233.194.70 - - [07/Jan/2020:00:47:35 -0500] "GET /.env HTTP/1.1" 404 1015
216.244.66.195 - - [07/Jan/2020:00:47:57 -0500] "GET /BLA/resoluciones/RESOLUCIONES%202011/5509.pdf HTTP/1.1" 200 387753
66.249.64.59 - - [07/Jan/2020:00:48:15 -0500] "GET /BLA/resoluciones/RESOLUCIONES%202014/0504.pdf HTTP/1.1" 304 -
66.249.64.61 - - [07/Jan/2020:00:48:17 -0500] "GET /BLA/resoluciones/RESOLUCIONES%202009/0523.pdf HTTP/1.1" 200 235692
69.162.124.232 - - [07/Jan/2020:00:48:58 -0500] "HEAD / HTTP/1.1" 200 -
113.89.188.160 - - [07/Jan/2020:00:49:01 -0500] "GET /BLA/boletinlegal HTTP/1.1" 301 363
216.244.66.195 - - [07/Jan/2020:00:50:10 -0500] "GET /BLA/resoluciones/RESOLUCIONES%202011/6454.pdf HTTP/1.1" 200 331538
66.249.64.59 - - [07/Jan/2020:00:50:21 -0500] "GET /BLA/resoluciones/RESOLUCIONES%202007/RES%202007%202801%20AL%202900/RESOLUCION%202848%20DE%202007.pdf HTTP/1.1" 304 -
191.110.149.129 - - [07/Jan/2020:00:50:34 -0500] "GET /BLA/resoluciones/AUTOS%202016/1797.pdf HTTP/1.1" 200 364465
191.110.149.129 - - [07/Jan/2020:00:50:34 -0500] "GET /favicon.ico HTTP/1.1" 200 7782
216.244.66.195 - - [07/Jan/2020:00:51:00 -0500] "GET /BLA/resoluciones/RESOLUCIONES%202011/6766.pdf HTTP/1.1" 200 267453
66.249.64.59 - - [07/Jan/2020:00:51:03 -0500] "GET /BLA/resoluciones/RESOLUCIONES%202007/RES%202007%201401%20AL%201500/RESOLUCION%201408%20DE%202007.pdf HTTP/1.1" 304 -
113.89.188.160 - - [07/Jan/2020:00:49:31 -0500] "GET /BLA/boletinlegal/ HTTP/1.1" 200 68662
114.119.158.180 - - [07/Jan/2020:00:51:40 -0500] "GET /BLA/resoluciones/index.php?dir=Acuerdos/&sort=size&order=asc HTTP/1.1" 200 3396
66.249.64.59 - - [07/Jan/2020:00:51:45 -0500] "GET /BLA/resoluciones/AUTOS%202017/0549.pdf HTTP/1.1" 304 -
66.249.64.61 - - [07/Jan/2020:00:52:27 -0500] "GET /BLA/resoluciones/RESOLUCIONES%202016/0368.pdf HTTP/1.1" 304 -
66.249.64.59 - - [07/Jan/2020:00:53:09 -0500] "GET /BLA/resoluciones/RESOLUCIONES%202015/0329.pdf HTTP/1.1" 304 -
216.244.66.195 - - [07/Jan/2020:00:53:16 -0500] "GET /BLA/resoluciones/Notificaciones/AUTOS%202017/01339.pdf HTTP/1.1" 200 227138
66.249.64.59 - - [07/Jan/2020:00:53:51 -0500] "GET /BLA/resoluciones/AUTOS%202016/0206.pdf HTTP/1.1" 304 -
69.162.124.232 - - [07/Jan/2020:00:53:58 -0500] "HEAD / HTTP/1.1" 200 -
216.244.66.195 - - [07/Jan/2020:00:54:07 -0500] "GET /BLA/resoluciones/Notificaciones/AUTOS%202017/01591.pdf HTTP/1.1" 200 321245
66.249.64.59 - - [07/Jan/2020:00:54:33 -0500] "GET /BLA/resoluciones/AUTOS%202015/2466.pdf HTTP/1.1" 304 -
216.244.66.195 - - [07/Jan/2020:00:54:57 -0500] "GET /BLA/resoluciones/Notificaciones/AUTOS%202017/02244.pdf HTTP/1.1" 200 288788
186.31.134.34 - - [07/Jan/2020:00:55:20 -0500] "GET /BLA/resoluciones/AUTOS%202018/0075.pdf HTTP/1.1" 200 287182
186.31.134.34 - - [07/Jan/2020:00:55:21 -0500] "GET /favicon.ico HTTP/1.1" 200 7782
207.46.13.228 - - [07/Jan/2020:00:55:36 -0500] "GET /robots.txt HTTP/1.1" 404 1019
207.46.13.4 - - [07/Jan/2020:00:55:38 -0500] "GET /SIG/ECS/126PM04-PR101.pdf HTTP/1.1" 304 -
66.249.64.59 - - [07/Jan/2020:00:55:57 -0500] "GET /BLA/resoluciones/AUTOS%202016/2628.pdf HTTP/1.1" 304 -
216.244.66.195 - - [07/Jan/2020:00:56:36 -0500] "GET /BLA/resoluciones/Notificaciones/AUTOS%202017/02420.pdf HTTP/1.1" 200 310865
3.87.208.102 - - [07/Jan/2020:00:56:58 -0500] "GET /BLA/resoluciones/AUTOS%202018/0075.pdf HTTP/1.1" 200 287182
3.82.150.24 - - [07/Jan/2020:00:57:00 -0500] "GET /favicon.ico HTTP/1.1" 200 7782
66.249.64.59 - - [07/Jan/2020:00:57:21 -0500] "GET /BLA/resoluciones/AUTOS%202016/1090.pdf HTTP/1.1" 304 -
66.249.64.185 - - [07/Jan/2020:00:57:39 -0500] "GET /inicio/ HTTP/1.1" 404 1245
216.244.66.195 - - [07/Jan/2020:00:58:51 -0500] "GET /BLA/resoluciones/Notificaciones/AUTOS%202017/03075.pdf HTTP/1.1" 200 274622
69.162.124.232 - - [07/Jan/2020:00:58:58 -0500] "HEAD / HTTP/1.1" 200 -
66.249.85.21 - - [07/Jan/2020:00:59:45 -0500] "GET /galeria/galeria/jquery.fancybox.js?v=2.1.5 HTTP/1.1" 200 48706
66.249.85.21 - - [07/Jan/2020:00:59:45 -0500] "GET /BLA/boletinlegal/js/jquery.scrollShow.js HTTP/1.1" 200 4586
66.249.85.21 - - [07/Jan/2020:00:59:45 -0500] "GET /galeria/galeria/jquery.fancybox.css?v=2.1.5 HTTP/1.1" 200 4895
66.249.64.59 - - [07/Jan/2020:00:59:57 -0500] "GET /Publicaciones/2019EE303682.pdf HTTP/1.1" 200 129377
66.249.64.59 - - [07/Jan/2020:01:00:04 -0500] "GET /BLA/resoluciones/AUTOS%202016/2560.pdf HTTP/1.1" 200 380559
159.138.158.249 - - [07/Jan/2020:01:00:21 -0500] "GET /BLA/resoluciones/index.php?dir=2018/&sort=size&order=asc HTTP/1.1" 200 1608
216.244.66.195 - - [07/Jan/2020:01:01:08 -0500] "GET /BLA/resoluciones/Notificaciones/AUTOS%202017/03810.pdf HTTP/1.1" 200 852078
186.84.21.117 - - [07/Jan/2020:01:01:13 -0500] "GET /galeria/galeria/jquery.fancybox.css?v=2.1.5 HTTP/1.1" 200 4895
186.84.21.117 - - [07/Jan/2020:01:01:14 -0500] "GET /BLA/boletinlegal/js/jquery.scrollShow.js HTTP/1.1" 200 4586
186.84.21.117 - - [07/Jan/2020:01:01:14 -0500] "GET /galeria/galeria/jquery.fancybox.js?v=2.1.5 HTTP/1.1" 200 48706
216.244.66.195 - - [07/Jan/2020:01:01:58 -0500] "GET /BLA/resoluciones/Notificaciones/AUTOS%202017/04012.pdf HTTP/1.1" 200 2240017
66.249.64.61 - - [07/Jan/2020:01:02:15 -0500] "GET /BLA/resoluciones/AUTOS%202017/0067.pdf HTTP/1.1" 304 -
66.249.64.61 - - [07/Jan/2020:01:03:39 -0500] "GET /BLA/resoluciones/RESOLUCIONES%202010/0808.pdf HTTP/1.1" 200 110688
69.162.124.232 - - [07/Jan/2020:01:03:58 -0500] "HEAD / HTTP/1.1" 200 -
186.169.143.226 - - [07/Jan/2020:01:04:10 -0500] "-" 408 -
66.249.64.59 - - [07/Jan/2020:01:04:21 -0500] "GET /BLA/resoluciones/AUTOS%202019/0331.pdf HTTP/1.1" 200 260784
66.249.64.61 - - [07/Jan/2020:01:05:03 -0500] "GET /BLA/resoluciones/RESOLUCIONES%202010/6222.pdf HTTP/1.1" 200 637338
66.249.64.61 - - [07/Jan/2020:01:05:45 -0500] "GET /BLA/resoluciones/AUTOS%202015/2075.pdf HTTP/1.1" 304 -
66.249.64.61 - - [07/Jan/2020:01:06:27 -0500] "GET /BLA/resoluciones/RESOLUCIONES%202007/RES%202007%203001%20AL%203100/RESOLUCION%203066%20DE%202007.pdf HTTP/1.1" 200 591449
66.249.64.28 - - [07/Jan/2020:01:06:47 -0500] "GET /Anexos%20estudio%20Organizacional%20SDA/ANEXO%20No.%205%20-%20ESTUDIO%20Y%20PROPUESTA%20SERAMB%20IENTE/Serambiente%20%20Oficio%20presentaci%C3%83%C2%B2n%20propuesta.pdf HTTP/1.1" 404 1019
52.162.211.179 - - [07/Jan/2020:01:06:48 -0500] "GET /BLA/boletinlegal/js/jquery.scrollShow.js HTTP/1.1" 200 4586
52.162.211.179 - - [07/Jan/2020:01:06:48 -0500] "GET /galeria/galeria/jquery.fancybox.js?v=2.1.5 HTTP/1.1" 200 48706
52.162.211.179 - - [07/Jan/2020:01:06:48 -0500] "GET /galeria/galeria/jquery.fancybox.css?v=2.1.5 HTTP/1.1" 200 4895
52.162.211.179 - - [07/Jan/2020:01:06:56 -0500] "GET /BLA/boletinlegal/js/jquery.scrollShow.js HTTP/1.1" 200 4586
52.162.211.179 - - [07/Jan/2020:01:06:56 -0500] "GET /galeria/galeria/jquery.fancybox.js?v=2.1.5 HTTP/1.1" 200 48706
52.162.211.179 - - [07/Jan/2020:01:06:56 -0500] "GET /galeria/galeria/jquery.fancybox.css?v=2.1.5 HTTP/1.1" 200 4895
66.249.64.59 - - [07/Jan/2020:01:07:09 -0500] "GET /BLA/resoluciones/RESOLUCIONES%202008/5456.pdf HTTP/1.1" 200 257762
66.249.64.63 - - [07/Jan/2020:01:07:51 -0500] "GET /BLA/resoluciones/AUTOS%202008/0571.pdf HTTP/1.1" 200 95897
186.85.232.112 - - [07/Jan/2020:01:08:05 -0500] "GET /galeria/galeria/fotos/mirador4G.jpg HTTP/1.1" 200 159827
66.249.64.61 - - [07/Jan/2020:01:08:33 -0500] "GET /BLA/resoluciones/AUTOS%202017/2474.pdf HTTP/1.1" 200 282177
69.162.124.232 - - [07/Jan/2020:01:08:58 -0500] "HEAD / HTTP/1.1" 200 -
66.249.64.61 - - [07/Jan/2020:01:09:57 -0500] "GET /BLA/resoluciones/RESOLUCIONES%202007/RES%202007%202401%20AL%202500/RESOLUCION%202469%20DE%202007.pdf HTTP/1.1" 200 166921
66.249.64.30 - - [07/Jan/2020:01:10:15 -0500] "GET /Autoliquidacion/index.php?dir=Solicitudes+relacionadas+con+calidad+del+aire+auditiva+y+visual%2FEvaluaci%F3n+certificado+de+Intensidad+Auditiva%2F HTTP/1.1" 200 2811
66.249.64.61 - - [07/Jan/2020:01:10:39 -0500] "GET /BLA/resoluciones/RESOLUCIONES%202010/2067.pdf HTTP/1.1" 200 195557
66.249.64.59 - - [07/Jan/2020:01:11:21 -0500] "GET /BLA/resoluciones/AUTOS%202007/1539.pdf HTTP/1.1" 200 138995
66.249.64.61 - - [07/Jan/2020:01:12:03 -0500] "GET /BLA/resoluciones/AUTOS%202015/7019.pdf HTTP/1.1" 200 503209
66.249.64.63 - - [07/Jan/2020:01:12:45 -0500] "GET /BLA/resoluciones/AUTOS%202014/5665.pdf HTTP/1.1" 304 -
66.249.64.61 - - [07/Jan/2020:01:13:04 -0500] "GET /BLA/resoluciones/RESOLUCIONES%202008/1451.pdf HTTP/1.1" 200 297965
46.229.168.163 - - [07/Jan/2020:01:13:27 -0500] "GET /robots.txt HTTP/1.1" 404 1019
46.229.168.152 - - [07/Jan/2020:01:13:27 -0500] "GET /Anexos%20estudio%20Organizacional%20SDA/index.php?dir=ANEXO%2BNo.%2B4%2B-%2BENCUESTA%2BDE%2BAN%C3%83%C2%83%C3%82%C2%83%C3%83%C2%82%C3%82%C2%83%C3%83%C2%83%C3%82%C2%82%C3%83%C2%82%C3%82%C2%83%C3%83%C2%83%C3%82%C2%83%C3%83%C2%82%C3%82%C2%82%C3%83%C2%83%C3%82%C2%82%C3%83%C2%82%C3%82%C2%83%C3%83%C2%83%C3%82%C2%83%C3%83%C2%82%C3%82%C2%83%C3%83%C2%83%C3%82%C2%82%C3%83%C2%82%C3%82%C2%82%C3%83%C2%83%C3%82%C2%83%C3%83%C2%82%C3%82%C2%82%C3%83%C2%83%C3%82%C2%82%C3%83%C2%82%C3%82%C2%81LISIS%2BORGANIZACIONAL%2F&order=asc&sort=date HTTP/1.1" 200 6541
66.249.64.59 - - [07/Jan/2020:01:13:27 -0500] "GET /BLA/resoluciones/RESOLUCIONES%202013/2078.pdf HTTP/1.1" 304 -
216.244.66.197 - - [07/Jan/2020:01:13:47 -0500] "GET /videos/galeria-cronicas/?C=N;O=A HTTP/1.1" 200 8497
216.244.66.197 - - [07/Jan/2020:01:13:52 -0500] "GET /videos/galeria-cronicas/skin/?C=M;O=A HTTP/1.1" 200 1446
69.162.124.232 - - [07/Jan/2020:01:13:58 -0500] "HEAD / HTTP/1.1" 200 -
66.249.64.61 - - [07/Jan/2020:01:14:09 -0500] "GET /BLA/resoluciones/AUTOS%202013/0994.pdf HTTP/1.1" 304 -
66.249.64.63 - - [07/Jan/2020:01:14:51 -0500] "GET /BLA/resoluciones/AUTOS%202018/0481.pdf HTTP/1.1" 304 -
46.229.168.132 - - [07/Jan/2020:01:14:55 -0500] "GET /Autoliquidacion/index.php?dir=TR%C3%83%C2%83%C3%82%C2%83%C3%83%C2%82%C3%82%C2%81MITES%2BVERTIMIENTOS%2F&order=desc&sort=size HTTP/1.1" 200 6639
216.244.66.195 - - [07/Jan/2020:01:15:22 -0500] "GET /BLA/resoluciones/RESOLUCIONES%202018/0262.pdf HTTP/1.1" 200 849566
66.249.64.59 - - [07/Jan/2020:01:15:33 -0500] "GET /BLA/resoluciones/RESOLUCIONES%202007/RES%202007%201501%20AL%201600/RESOLUCION%201577%20DE%202007.pdf HTTP/1.1" 304 -
186.86.42.124 - - [07/Jan/2020:01:15:57 -0500] "GET /galeria/galeria/jquery.fancybox.css?v=2.1.5 HTTP/1.1" 200 4895
186.86.42.124 - - [07/Jan/2020:01:15:59 -0500] "GET /BLA/boletinlegal/js/jquery.scrollShow.js HTTP/1.1" 200 4586
186.86.42.124 - - [07/Jan/2020:01:15:59 -0500] "GET /galeria/galeria/jquery.fancybox.js?v=2.1.5 HTTP/1.1" 200 48706
216.244.66.195 - - [07/Jan/2020:01:16:13 -0500] "GET /BLA/resoluciones/RESOLUCIONES%202018/0651.pdf HTTP/1.1" 200 263275
66.249.64.61 - - [07/Jan/2020:01:16:15 -0500] "GET /BLA/resoluciones/AUTOS%202018/0843.pdf HTTP/1.1" 200 299221
201.245.192.253 - - [07/Jan/2020:01:15:50 -0500] "POST /kwsrmcab/Wsrmcab HTTP/1.1" 200 4734
201.245.192.253 - - [07/Jan/2020:01:15:49 -0500] "POST /kwsrmcab/Wsrmcab HTTP/1.1" 200 32580
190.216.205.162 - - [07/Jan/2020:01:16:27 -0500] "GET /galeria/galeria/jquery.fancybox.css?v=2.1.5 HTTP/1.1" 200 4895
190.216.205.162 - - [07/Jan/2020:01:16:27 -0500] "GET /galeria/galeria/jquery.fancybox.js?v=2.1.5 HTTP/1.1" 200 48706
190.216.205.162 - - [07/Jan/2020:01:16:27 -0500] "GET /BLA/boletinlegal/js/jquery.scrollShow.js HTTP/1.1" 200 4586
190.216.205.162 - - [07/Jan/2020:01:16:27 -0500] "GET /galeria/carrusel/Carrusel/jquery.thumbnailScroller.css HTTP/1.1" 200 2066
190.216.205.162 - - [07/Jan/2020:01:16:27 -0500] "GET /galeria/carrusel/Carrusel/jquery-ui-1.8.13.custom.min.js HTTP/1.1" 200 10800
190.216.205.162 - - [07/Jan/2020:01:16:27 -0500] "GET /galeria/carrusel/Carrusel/jquery.thumbnailScroller.js HTTP/1.1" 200 8157
190.216.205.162 - - [07/Jan/2020:01:16:29 -0500] "GET /galeria/nivo-slider/demo/inicio.html HTTP/1.1" 200 3203
190.216.205.162 - - [07/Jan/2020:01:16:29 -0500] "GET /galeria/nivo-slider/themes/pascal/pascal.css HTTP/1.1" 200 2258
190.216.205.162 - - [07/Jan/2020:01:16:29 -0500] "GET /galeria/nivo-slider/themes/default/default.css HTTP/1.1" 200 1569
190.216.205.162 - - [07/Jan/2020:01:16:29 -0500] "GET /galeria/nivo-slider/themes/orman/orman.css HTTP/1.1" 200 2152
190.216.205.162 - - [07/Jan/2020:01:16:29 -0500] "GET /galeria/nivo-slider/nivo-slider.css HTTP/1.1" 200 1507
190.216.205.162 - - [07/Jan/2020:01:16:29 -0500] "GET /galeria/nivo-slider/style.css HTTP/1.1" 200 2104
190.216.205.162 - - [07/Jan/2020:01:16:29 -0500] "GET /galeria/nivo-slider/demo/images/bannerpuntosweb.jpg HTTP/1.1" 200 234282
190.216.205.162 - - [07/Jan/2020:01:16:29 -0500] "GET /galeria/nivo-slider/demo/images/bannercigarrillos.jpg HTTP/1.1" 200 230953
190.216.205.162 - - [07/Jan/2020:01:16:30 -0500] "GET /galeria/nivo-slider/demo/images/Bannercalculadoraweb.jpg HTTP/1.1" 200 301964
190.216.205.162 - - [07/Jan/2020:01:16:30 -0500] "GET /galeria/nivo-slider/demo/images/bannertinguaweb.jpg HTTP/1.1" 200 227793
190.216.205.162 - - [07/Jan/2020:01:16:30 -0500] "GET /galeria/nivo-slider/demo/images/bannervisorweb.jpg HTTP/1.1" 200 201837
190.216.205.162 - - [07/Jan/2020:01:16:32 -0500] "GET /galeria/nivo-slider/demo/scripts/jquery-1.7.1.min.js HTTP/1.1" 200 93868
190.216.205.162 - - [07/Jan/2020:01:16:33 -0500] "GET /galeria/nivo-slider/themes/default/loading.gif HTTP/1.1" 200 1737
190.216.205.162 - - [07/Jan/2020:01:16:33 -0500] "GET /galeria/nivo-slider/demo/images/bannercaminatasenero.jpg HTTP/1.1" 200 515042
190.216.205.162 - - [07/Jan/2020:01:16:35 -0500] "GET /galeria/nivo-slider/jquery.nivo.slider.pack.js HTTP/1.1" 200 11561
66.249.64.59 - - [07/Jan/2020:01:16:57 -0500] "GET /BLA/resoluciones/RESOLUCIONES%202013/0125.pdf HTTP/1.1" 200 2822143
201.245.192.253 - - [07/Jan/2020:01:16:25 -0500] "POST /kwsrmcab/Wsrmcab HTTP/1.1" 200 32565
66.249.64.61 - - [07/Jan/2020:01:17:33 -0500] "GET /BLA/resoluciones/RESOLUCIONES%202017/2333.pdf HTTP/1.1" 200 304434
66.249.64.61 - - [07/Jan/2020:01:17:39 -0500] "GET /BLA/resoluciones/RESOLUCIONES%202007/RES%202007%202301%20AL%202400/RESOLUCION%202382%20DE%202007.pdf HTTP/1.1" 304 -
54.36.148.23 - - [07/Jan/2020:01:17:57 -0500] "GET /BLA/resoluciones/RESOLUCIONES%202003/RES%202003%20451-500/498.tif HTTP/1.1" 200 137268
216.244.66.195 - - [07/Jan/2020:01:18:08 -0500] "GET /BLA/resoluciones/RESOLUCIONES%202018/0806.pdf HTTP/1.1" 200 455723
66.249.64.61 - - [07/Jan/2020:01:18:22 -0500] "GET /BLA/resoluciones/RESOLUCIONES%202007/RES%202007%201801%20AL%201900/RESOLUCION%201865%20DE%202007.pdf HTTP/1.1" 304 -
190.216.205.162 - - [07/Jan/2020:01:18:56 -0500] "GET /galeria/nivo-slider/demo/scripts/jquery-1.7.1.min.js HTTP/1.1" 200 93868
190.216.205.162 - - [07/Jan/2020:01:18:56 -0500] "GET /galeria/nivo-slider/demo/images/bannercaminatasenero.jpg HTTP/1.1" 200 515042
190.216.205.162 - - [07/Jan/2020:01:18:56 -0500] "GET /galeria/nivo-slider/demo/images/bannervisorweb.jpg HTTP/1.1" 200 201837
190.216.205.162 - - [07/Jan/2020:01:18:56 -0500] "GET /galeria/nivo-slider/demo/images/bannerpuntosweb.jpg HTTP/1.1" 200 234282
190.216.205.162 - - [07/Jan/2020:01:18:56 -0500] "GET /galeria/nivo-slider/themes/default/loading.gif HTTP/1.1" 200 1737
69.162.124.232 - - [07/Jan/2020:01:18:58 -0500] "HEAD / HTTP/1.1" 200 -
190.216.205.162 - - [07/Jan/2020:01:19:13 -0500] "GET /galeria/nivo-slider/themes/default/arrows.png HTTP/1.1" 200 824
