186.84.21.158 - - [02/Aug/2020:10:48:27 -0500] "GET /sipse/faces/javax.faces.resource/layout/layout.js?ln=primefaces&v=4.0 HTTP/1.1" 304 -
186.84.21.158 - - [02/Aug/2020:10:48:28 -0500] "POST /sipse/faces/presentacion/financiero/solicitudProceso/listarSolicitudProceso.xhtml HTTP/1.1" 200 1404
200.119.125.218 - - [02/Aug/2020:10:48:29 -0500] "GET /sipse/faces/javax.faces.resource/images/ui-bg_flat_0_2d5972_40x100.png?ln=primefaces-aristo HTTP/1.1" 304 -
200.119.125.218 - - [02/Aug/2020:10:48:29 -0500] "POST /sipse/faces/presentacion/financiero/solicitudProceso/consultarSolicitudProceso.xhtml HTTP/1.1" 200 5498
190.27.245.107 - - [02/Aug/2020:10:48:29 -0500] "GET /reportes_sipse/sdg/ServletReporte?reporte=experienia_idoneidad&solicitud=10280&pfdrid_c=false HTTP/1.1" 200 111563
201.221.165.176 - - [02/Aug/2020:10:48:31 -0500] "GET /sipse/faces/javax.faces.resource/theme.css?ln=primefaces-sipse HTTP/1.1" 304 -
201.221.165.176 - - [02/Aug/2020:10:48:31 -0500] "GET /sipse/faces/javax.faces.resource/primefaces.css?ln=primefaces&v=4.0 HTTP/1.1" 304 -
201.221.165.176 - - [02/Aug/2020:10:48:31 -0500] "GET /sipse/faces/javax.faces.resource/layout/layout.css?ln=primefaces&v=4.0 HTTP/1.1" 304 -
201.221.165.176 - - [02/Aug/2020:10:48:31 -0500] "GET /sipse/faces/javax.faces.resource/jquery/jquery.js?ln=primefaces&v=4.0 HTTP/1.1" 304 -
201.221.165.176 - - [02/Aug/2020:10:48:31 -0500] "GET /sipse/faces/javax.faces.resource/jquery/jquery-plugins.js?ln=primefaces&v=4.0 HTTP/1.1" 304 -
201.221.165.176 - - [02/Aug/2020:10:48:31 -0500] "GET /sipse/faces/javax.faces.resource/primefaces.js?ln=primefaces&v=4.0 HTTP/1.1" 304 -
201.221.165.176 - - [02/Aug/2020:10:48:31 -0500] "GET /sipse/faces/javax.faces.resource/layout/layout.js?ln=primefaces&v=4.0 HTTP/1.1" 304 -
201.221.165.176 - - [02/Aug/2020:10:48:30 -0500] "POST /sipse/faces/presentacion/financiero/solicitudProceso/consultarSolicitudProceso.xhtml HTTP/1.1" 200 198946
186.28.106.10 - - [02/Aug/2020:10:48:31 -0500] "GET /galeria/nivo-slider/demo/images/bannersolidariacasa.jpg HTTP/1.1" 200 70999
190.27.245.107 - - [02/Aug/2020:10:48:31 -0500] "GET /sipse/ HTTP/1.1" 302 -
186.28.57.215 - - [02/Aug/2020:10:48:31 -0500] "GET /sipse/faces/autenticacion.xhtml HTTP/1.1" 200 12493
186.28.57.215 - - [02/Aug/2020:10:48:32 -0500] "GET /sipse/js/disable_browser_buttons.js HTTP/1.1" 200 3230
186.28.57.215 - - [02/Aug/2020:10:48:32 -0500] "GET /sipse/css/custom_css_sg_prime_login.css HTTP/1.1" 200 443
186.28.57.215 - - [02/Aug/2020:10:48:32 -0500] "GET /sipse/css/custom_css_sg.css HTTP/1.1" 200 9694
190.27.245.107 - - [02/Aug/2020:10:48:31 -0500] "GET /reportes_sipse/sdg/ServletReporte?reporte=experienia_idoneidad&solicitud=10280&pfdrid_c=false HTTP/1.1" 200 111563
186.28.57.215 - - [02/Aug/2020:10:48:32 -0500] "GET /sipse/faces/javax.faces.resource/layout/layout.css;jsessionid=44p-jsquTg2ksMUgRBDjvoiU.undefined?ln=primefaces&v=4.0 HTTP/1.1" 200 542
186.28.57.215 - - [02/Aug/2020:10:48:32 -0500] "GET /sipse/js/funciones.js HTTP/1.1" 200 12592
186.28.57.215 - - [02/Aug/2020:10:48:32 -0500] "GET /sipse/faces/javax.faces.resource/primefaces.css;jsessionid=44p-jsquTg2ksMUgRBDjvoiU.undefined?ln=primefaces&v=4.0 HTTP/1.1" 200 53295
186.28.57.215 - - [02/Aug/2020:10:48:32 -0500] "GET /sipse/faces/javax.faces.resource/jquery/jquery.js;jsessionid=44p-jsquTg2ksMUgRBDjvoiU.undefined?ln=primefaces&v=4.0 HTTP/1.1" 200 105384
186.28.57.215 - - [02/Aug/2020:10:48:32 -0500] "GET /sipse/faces/javax.faces.resource/theme.css?ln=primefaces-sipse HTTP/1.1" 200 50058
186.28.57.215 - - [02/Aug/2020:10:48:32 -0500] "GET /sipse/faces/javax.faces.resource/layout/layout.js;jsessionid=44p-jsquTg2ksMUgRBDjvoiU.undefined?ln=primefaces&v=4.0 HTTP/1.1" 200 87560
186.28.57.215 - - [02/Aug/2020:10:48:32 -0500] "GET /sipse/faces/javax.faces.resource/jquery/jquery-plugins.js;jsessionid=44p-jsquTg2ksMUgRBDjvoiU.undefined?ln=primefaces&v=4.0 HTTP/1.1" 200 220526
186.28.57.215 - - [02/Aug/2020:10:48:32 -0500] "GET /sipse/faces/javax.faces.resource/primefaces.js;jsessionid=44p-jsquTg2ksMUgRBDjvoiU.undefined?ln=primefaces&v=4.0 HTTP/1.1" 200 276924
186.28.57.215 - - [02/Aug/2020:10:48:32 -0500] "GET /sipse/css/imagen/logoSDG.png HTTP/1.1" 200 53064
186.28.57.215 - - [02/Aug/2020:10:48:32 -0500] "GET /sipse/faces/javax.faces.resource/images/ui-icons_898989_256x240.png?ln=primefaces-aristo HTTP/1.1" 200 5355
186.28.57.215 - - [02/Aug/2020:10:48:32 -0500] "GET /sipse/css/imagen/loginimg.png HTTP/1.1" 200 71635
186.28.57.215 - - [02/Aug/2020:10:48:32 -0500] "GET /sipse/faces/index.xhtml HTTP/1.1" 200 677
186.28.57.215 - - [02/Aug/2020:10:48:32 -0500] "GET /sipse/faces/javax.faces.resource/theme.css?ln=primefaces-sipse HTTP/1.1" 304 -
186.28.57.215 - - [02/Aug/2020:10:48:32 -0500] "GET /sipse/faces/faces/autenticacion.xhtml HTTP/1.1" 200 12171
186.28.57.215 - - [02/Aug/2020:10:48:32 -0500] "GET /sipse/faces/javax.faces.resource/theme.css?ln=primefaces-sipse HTTP/1.1" 304 -
186.28.57.215 - - [02/Aug/2020:10:48:32 -0500] "GET /sipse/faces/javax.faces.resource/layout/layout.css?ln=primefaces&v=4.0 HTTP/1.1" 200 542
186.28.57.215 - - [02/Aug/2020:10:48:32 -0500] "GET /sipse/faces/javax.faces.resource/layout/layout.js?ln=primefaces&v=4.0 HTTP/1.1" 200 87560
186.28.57.215 - - [02/Aug/2020:10:48:32 -0500] "GET /sipse/faces/javax.faces.resource/jquery/jquery.js?ln=primefaces&v=4.0 HTTP/1.1" 200 105384
186.28.57.215 - - [02/Aug/2020:10:48:32 -0500] "GET /sipse/faces/javax.faces.resource/primefaces.css?ln=primefaces&v=4.0 HTTP/1.1" 200 53295
186.28.57.215 - - [02/Aug/2020:10:48:32 -0500] "GET /sipse/faces/javax.faces.resource/primefaces.js?ln=primefaces&v=4.0 HTTP/1.1" 200 276924
186.28.57.215 - - [02/Aug/2020:10:48:32 -0500] "GET /sipse/faces/javax.faces.resource/jquery/jquery-plugins.js?ln=primefaces&v=4.0 HTTP/1.1" 200 220526
186.28.57.215 - - [02/Aug/2020:10:48:35 -0500] "POST /sipse/faces/autenticacion.xhtml HTTP/1.1" 200 2213
186.28.57.215 - - [02/Aug/2020:10:48:35 -0500] "GET /sipse/faces/javax.faces.resource/messages/messages.png?ln=primefaces&v=4.0 HTTP/1.1" 200 27209
186.28.57.215 - - [02/Aug/2020:10:48:35 -0500] "GET /sipse/faces/javax.faces.resource/images/ui-icons_898989_256x240.png?ln=primefaces-aristo HTTP/1.1" 304 -
186.28.57.215 - - [02/Aug/2020:10:48:36 -0500] "POST /sipse/faces/autenticacion.xhtml HTTP/1.1" 200 16030
186.28.57.215 - - [02/Aug/2020:10:48:36 -0500] "GET /sipse/css/custom_css_sg_prime.css HTTP/1.1" 200 5201
186.28.57.215 - - [02/Aug/2020:10:48:36 -0500] "GET /sipse/faces/javax.faces.resource/theme.css?ln=primefaces-sipse HTTP/1.1" 304 -
186.28.57.215 - - [02/Aug/2020:10:48:36 -0500] "GET /sipse/faces/javax.faces.resource/primefaces.css?ln=primefaces&v=4.0 HTTP/1.1" 304 -
186.28.57.215 - - [02/Aug/2020:10:48:36 -0500] "GET /sipse/faces/javax.faces.resource/layout/layout.css?ln=primefaces&v=4.0 HTTP/1.1" 304 -
186.28.57.215 - - [02/Aug/2020:10:48:36 -0500] "GET /sipse/js/jquery.min.js HTTP/1.1" 200 85582
186.28.57.215 - - [02/Aug/2020:10:48:36 -0500] "GET /sipse/faces/javax.faces.resource/jquery/jquery.js?ln=primefaces&v=4.0 HTTP/1.1" 304 -
186.28.57.215 - - [02/Aug/2020:10:48:36 -0500] "GET /sipse/faces/javax.faces.resource/jquery/jquery-plugins.js?ln=primefaces&v=4.0 HTTP/1.1" 304 -
186.28.57.215 - - [02/Aug/2020:10:48:36 -0500] "GET /sipse/faces/javax.faces.resource/primefaces.js?ln=primefaces&v=4.0 HTTP/1.1" 304 -
186.28.57.215 - - [02/Aug/2020:10:48:36 -0500] "GET /sipse/faces/javax.faces.resource/layout/layout.js?ln=primefaces&v=4.0 HTTP/1.1" 304 -
186.28.57.215 - - [02/Aug/2020:10:48:36 -0500] "GET /sipse/css/imagen/contrasena.png HTTP/1.1" 404 383
186.28.57.215 - - [02/Aug/2020:10:48:36 -0500] "GET /sipse/imagenes/cargando.gif HTTP/1.1" 200 36959
186.28.57.215 - - [02/Aug/2020:10:48:36 -0500] "GET /sipse/imagenes/logoAplicacion.jpg HTTP/1.1" 200 155084
186.28.57.215 - - [02/Aug/2020:10:48:37 -0500] "GET /sipse/faces/javax.faces.resource/images/ui-bg_flat_0_2d5972_40x100.png?ln=primefaces-aristo HTTP/1.1" 200 183
186.28.57.215 - - [02/Aug/2020:10:48:37 -0500] "POST /sipse/faces/bienvenido.xhtml HTTP/1.1" 200 2073
186.28.57.215 - - [02/Aug/2020:10:48:38 -0500] "POST /sipse/faces/bienvenido.xhtml HTTP/1.1" 200 38744
186.28.57.215 - - [02/Aug/2020:10:48:38 -0500] "GET /sipse/faces/javax.faces.resource/theme.css?ln=primefaces-sipse HTTP/1.1" 304 -
186.28.57.215 - - [02/Aug/2020:10:48:38 -0500] "GET /sipse/faces/javax.faces.resource/primefaces.css?ln=primefaces&v=4.0 HTTP/1.1" 304 -
186.28.57.215 - - [02/Aug/2020:10:48:38 -0500] "GET /sipse/faces/javax.faces.resource/layout/layout.css?ln=primefaces&v=4.0 HTTP/1.1" 304 -
186.28.57.215 - - [02/Aug/2020:10:48:38 -0500] "GET /sipse/faces/javax.faces.resource/jquery/jquery.js?ln=primefaces&v=4.0 HTTP/1.1" 304 -
186.28.57.215 - - [02/Aug/2020:10:48:38 -0500] "GET /sipse/faces/javax.faces.resource/jquery/jquery-plugins.js?ln=primefaces&v=4.0 HTTP/1.1" 304 -
186.28.57.215 - - [02/Aug/2020:10:48:38 -0500] "GET /sipse/faces/javax.faces.resource/primefaces.js?ln=primefaces&v=4.0 HTTP/1.1" 304 -
186.28.57.215 - - [02/Aug/2020:10:48:38 -0500] "GET /sipse/faces/javax.faces.resource/layout/layout.js?ln=primefaces&v=4.0 HTTP/1.1" 304 -
201.221.165.176 - - [02/Aug/2020:10:48:41 -0500] "POST /sipse/faces/presentacion/financiero/solicitudProceso/consultarSolicitudProceso.xhtml HTTP/1.1" 200 92466
186.28.57.215 - - [02/Aug/2020:10:48:51 -0500] "POST /sipse/faces/presentacion/financiero/solicitudProceso/consultar.xhtml HTTP/1.1" 200 12883
200.119.125.218 - - [02/Aug/2020:10:48:56 -0500] "POST /sipse/faces/presentacion/financiero/solicitudProceso/consultarSolicitudProceso.xhtml HTTP/1.1" 200 34665
200.119.125.218 - - [02/Aug/2020:10:48:57 -0500] "GET /sipse/faces/javax.faces.resource/jquery/jquery.js?ln=primefaces&v=4.0 HTTP/1.1" 304 -
200.119.125.218 - - [02/Aug/2020:10:48:57 -0500] "GET /sipse/faces/javax.faces.resource/jquery/jquery-plugins.js?ln=primefaces&v=4.0 HTTP/1.1" 304 -
200.119.125.218 - - [02/Aug/2020:10:48:57 -0500] "GET /sipse/faces/javax.faces.resource/primefaces.js?ln=primefaces&v=4.0 HTTP/1.1" 304 -
186.28.57.215 - - [02/Aug/2020:10:48:57 -0500] "POST /sipse/faces/presentacion/financiero/solicitudProceso/consultar.xhtml HTTP/1.1" 200 12967
200.119.125.218 - - [02/Aug/2020:10:48:57 -0500] "GET /sipse/faces/javax.faces.resource/layout/layout.js?ln=primefaces&v=4.0 HTTP/1.1" 304 -
200.119.125.218 - - [02/Aug/2020:10:48:58 -0500] "POST /sipse/faces/presentacion/financiero/solicitudProceso/listarSolicitudProceso.xhtml HTTP/1.1" 200 1344
186.28.57.215 - - [02/Aug/2020:10:49:02 -0500] "POST /sipse/faces/presentacion/financiero/solicitudProceso/consultar.xhtml HTTP/1.1" 200 12925
200.119.125.218 - - [02/Aug/2020:10:49:01 -0500] "POST /sipse/faces/presentacion/financiero/solicitudProceso/listarSolicitudProceso.xhtml HTTP/1.1" 200 142746
200.119.125.218 - - [02/Aug/2020:10:49:02 -0500] "GET /sipse/faces/javax.faces.resource/jquery/jquery.js?ln=primefaces&v=4.0 HTTP/1.1" 304 -
200.119.125.218 - - [02/Aug/2020:10:49:02 -0500] "GET /sipse/faces/javax.faces.resource/jquery/jquery-plugins.js?ln=primefaces&v=4.0 HTTP/1.1" 304 -
200.119.125.218 - - [02/Aug/2020:10:49:02 -0500] "GET /sipse/faces/javax.faces.resource/primefaces.js?ln=primefaces&v=4.0 HTTP/1.1" 304 -
200.119.125.218 - - [02/Aug/2020:10:49:02 -0500] "GET /sipse/faces/javax.faces.resource/layout/layout.js?ln=primefaces&v=4.0 HTTP/1.1" 304 -
190.27.245.107 - - [02/Aug/2020:10:49:03 -0500] "GET /reportes_sipse/sdg/ServletReporte?reporte=experienia_idoneidad&solicitud=10280&pfdrid_c=false HTTP/1.1" 200 111563
181.154.236.230 - - [02/Aug/2020:10:49:10 -0500] "GET /Residuos/quimicos/quimicos.html HTTP/1.1" 200 1959
186.28.57.215 - - [02/Aug/2020:10:49:11 -0500] "POST /sipse/faces/presentacion/financiero/solicitudProceso/consultar.xhtml HTTP/1.1" 200 12918
181.154.236.230 - - [02/Aug/2020:10:49:11 -0500] "GET /favicon.ico HTTP/1.1" 200 7782
186.28.57.215 - - [02/Aug/2020:10:49:16 -0500] "POST /sipse/faces/presentacion/financiero/solicitudProceso/consultar.xhtml HTTP/1.1" 200 12927
201.221.165.176 - - [02/Aug/2020:10:49:15 -0500] "POST /sipse/faces/presentacion/financiero/solicitudProceso/consultarSolicitudProceso.xhtml HTTP/1.1" 200 32416
201.221.165.176 - - [02/Aug/2020:10:49:17 -0500] "GET /sipse/faces/javax.faces.resource/theme.css?ln=primefaces-sipse HTTP/1.1" 304 -
201.221.165.176 - - [02/Aug/2020:10:49:17 -0500] "GET /sipse/faces/javax.faces.resource/primefaces.css?ln=primefaces&v=4.0 HTTP/1.1" 304 -
201.221.165.176 - - [02/Aug/2020:10:49:17 -0500] "GET /sipse/faces/javax.faces.resource/layout/layout.css?ln=primefaces&v=4.0 HTTP/1.1" 304 -
201.221.165.176 - - [02/Aug/2020:10:49:17 -0500] "GET /sipse/faces/javax.faces.resource/jquery/jquery.js?ln=primefaces&v=4.0 HTTP/1.1" 304 -
201.221.165.176 - - [02/Aug/2020:10:49:17 -0500] "GET /sipse/faces/javax.faces.resource/jquery/jquery-plugins.js?ln=primefaces&v=4.0 HTTP/1.1" 304 -
201.221.165.176 - - [02/Aug/2020:10:49:17 -0500] "GET /sipse/faces/javax.faces.resource/primefaces.js?ln=primefaces&v=4.0 HTTP/1.1" 304 -
201.221.165.176 - - [02/Aug/2020:10:49:17 -0500] "GET /sipse/faces/javax.faces.resource/layout/layout.js?ln=primefaces&v=4.0 HTTP/1.1" 304 -
201.221.165.176 - - [02/Aug/2020:10:49:17 -0500] "POST /sipse/faces/presentacion/financiero/solicitudProceso/listarSolicitudProceso.xhtml HTTP/1.1" 200 1344
201.221.165.176 - - [02/Aug/2020:10:49:20 -0500] "POST /sipse/faces/presentacion/financiero/solicitudProceso/listarSolicitudProceso.xhtml HTTP/1.1" 200 30422
186.29.45.167 - - [02/Aug/2020:10:49:24 -0500] "GET /galeria/carrusel/Carrusel/jquery.thumbnailScroller.css HTTP/1.1" 200 2066
186.29.45.167 - - [02/Aug/2020:10:49:25 -0500] "GET /galeria/carrusel/Carrusel/jquery-ui-1.8.13.custom.min.js HTTP/1.1" 200 10800
186.29.45.167 - - [02/Aug/2020:10:49:25 -0500] "GET /galeria/carrusel/Carrusel/jquery.thumbnailScroller.js HTTP/1.1" 200 8157
186.29.45.167 - - [02/Aug/2020:10:49:25 -0500] "GET /galeria/nivo-slider/demo/inicio88.html HTTP/1.1" 200 4094
186.29.45.167 - - [02/Aug/2020:10:49:25 -0500] "GET /galeria/nivo-slider/themes/default/default.css HTTP/1.1" 200 1569
186.29.45.167 - - [02/Aug/2020:10:49:25 -0500] "GET /galeria/nivo-slider/nivo-slider.css HTTP/1.1" 200 1507
186.29.45.167 - - [02/Aug/2020:10:49:25 -0500] "GET /galeria/nivo-slider/themes/orman/orman.css HTTP/1.1" 200 2152
186.29.45.167 - - [02/Aug/2020:10:49:25 -0500] "GET /galeria/nivo-slider/demo/style.css HTTP/1.1" 200 2222
186.29.45.167 - - [02/Aug/2020:10:49:25 -0500] "GET /galeria/nivo-slider/themes/pascal/pascal.css HTTP/1.1" 200 2258
186.29.45.167 - - [02/Aug/2020:10:49:25 -0500] "GET /galeria/nivo-slider/demo/scripts/jquery-1.7.1.min.js HTTP/1.1" 200 93868
186.29.45.167 - - [02/Aug/2020:10:49:25 -0500] "GET /galeria/nivo-slider/demo/images/bannerbioseguridad.jpg HTTP/1.1" 200 228661
186.29.45.167 - - [02/Aug/2020:10:49:25 -0500] "GET /galeria/nivo-slider/demo/images/bannersolidariacasa.jpg HTTP/1.1" 200 70999
186.29.45.167 - - [02/Aug/2020:10:49:25 -0500] "GET /galeria/nivo-slider/demo/images/bannerbolsas.jpg HTTP/1.1" 200 283727
186.29.45.167 - - [02/Aug/2020:10:49:25 -0500] "GET /galeria/nivo-slider/demo/images/Bannercuidate.jpg HTTP/1.1" 200 75508
186.29.45.167 - - [02/Aug/2020:10:49:25 -0500] "GET /galeria/nivo-slider/demo/images/bannernaranja.jpg HTTP/1.1" 200 40936
186.29.45.167 - - [02/Aug/2020:10:49:25 -0500] "GET /galeria/nivo-slider/demo/images/bannerimpuesto.jpg HTTP/1.1" 200 278604
186.29.45.167 - - [02/Aug/2020:10:49:26 -0500] "GET /galeria/nivo-slider/demo/images/Banner%20canales%20virtuales.jpg HTTP/1.1" 200 209438
186.29.45.167 - - [02/Aug/2020:10:49:26 -0500] "GET /galeria/nivo-slider/demo/images/bannercovid.jpg HTTP/1.1" 200 352563
186.29.45.167 - - [02/Aug/2020:10:49:26 -0500] "GET /galeria/nivo-slider/demo/images/bannerplan2020.png HTTP/1.1" 200 144663
186.29.45.167 - - [02/Aug/2020:10:49:26 -0500] "GET /galeria/nivo-slider/demo/images/bannerhorarios.jpg HTTP/1.1" 200 50157
186.29.45.167 - - [02/Aug/2020:10:49:26 -0500] "GET /galeria/nivo-slider/demo/images/4Simple_Slider.png HTTP/1.1" 200 11722
186.29.45.167 - - [02/Aug/2020:10:49:26 -0500] "GET /galeria/nivo-slider/themes/default/loading.gif HTTP/1.1" 200 1737
186.29.45.167 - - [02/Aug/2020:10:49:26 -0500] "GET /galeria/nivo-slider/jquery.nivo.slider.pack.js HTTP/1.1" 200 11561
186.29.45.167 - - [02/Aug/2020:10:49:27 -0500] "GET /galeria/nivo-slider/themes/default/arrows.png HTTP/1.1" 200 824
186.29.45.167 - - [02/Aug/2020:10:49:27 -0500] "GET /galeria/nivo-slider/themes/default/bullets.png HTTP/1.1" 200 1281
200.119.125.218 - - [02/Aug/2020:10:49:31 -0500] "GET /sipse/faces/javax.faces.resource/theme.css?ln=primefaces-sipse HTTP/1.1" 304 -
200.119.125.218 - - [02/Aug/2020:10:49:30 -0500] "POST /sipse/faces/presentacion/financiero/solicitudProceso/consultarSolicitudProceso.xhtml HTTP/1.1" 200 36120
200.119.125.218 - - [02/Aug/2020:10:49:31 -0500] "GET /sipse/faces/javax.faces.resource/primefaces.css?ln=primefaces&v=4.0 HTTP/1.1" 304 -
200.119.125.218 - - [02/Aug/2020:10:49:31 -0500] "GET /sipse/faces/javax.faces.resource/layout/layout.css?ln=primefaces&v=4.0 HTTP/1.1" 304 -
200.119.125.218 - - [02/Aug/2020:10:49:31 -0500] "GET /sipse/faces/javax.faces.resource/jquery/jquery-plugins.js?ln=primefaces&v=4.0 HTTP/1.1" 304 -
200.119.125.218 - - [02/Aug/2020:10:49:31 -0500] "GET /sipse/faces/javax.faces.resource/jquery/jquery.js?ln=primefaces&v=4.0 HTTP/1.1" 304 -
200.119.125.218 - - [02/Aug/2020:10:49:31 -0500] "GET /sipse/faces/javax.faces.resource/primefaces.js?ln=primefaces&v=4.0 HTTP/1.1" 304 -
200.119.125.218 - - [02/Aug/2020:10:49:31 -0500] "GET /sipse/faces/javax.faces.resource/layout/layout.js?ln=primefaces&v=4.0 HTTP/1.1" 304 -
200.119.125.218 - - [02/Aug/2020:10:49:31 -0500] "GET /sipse/faces/javax.faces.resource/images/ui-icons_898989_256x240.png?ln=primefaces-aristo HTTP/1.1" 304 -
186.28.106.10 - - [02/Aug/2020:10:49:31 -0500] "GET /galeria/nivo-slider/demo/images/bannerplan2020.png HTTP/1.1" 200 144663
181.56.216.248 - - [02/Aug/2020:10:49:31 -0500] "GET /galeria/galeria/jquery.fancybox.css?v=2.1.5 HTTP/1.1" 200 4895
181.56.216.248 - - [02/Aug/2020:10:49:31 -0500] "GET /BLA/boletinlegal/js/jquery.scrollShow.js HTTP/1.1" 200 4586
181.56.216.248 - - [02/Aug/2020:10:49:31 -0500] "GET /galeria/galeria/jquery.fancybox.js?v=2.1.5 HTTP/1.1" 200 48706
186.119.20.54 - - [02/Aug/2020:10:49:36 -0500] "GET /galeria/galeria/jquery.fancybox.css?v=2.1.5 HTTP/1.1" 200 4895
186.84.21.158 - - [02/Aug/2020:10:49:37 -0500] "POST /sipse/faces/presentacion/financiero/solicitudProceso/listarSolicitudProceso.xhtml HTTP/1.1" 200 151039
186.84.21.158 - - [02/Aug/2020:10:49:38 -0500] "GET /sipse/faces/javax.faces.resource/theme.css?ln=primefaces-sipse HTTP/1.1" 304 -
186.84.21.158 - - [02/Aug/2020:10:49:38 -0500] "GET /sipse/faces/javax.faces.resource/primefaces.css?ln=primefaces&v=4.0 HTTP/1.1" 304 -
186.84.21.158 - - [02/Aug/2020:10:49:38 -0500] "GET /sipse/faces/javax.faces.resource/layout/layout.css?ln=primefaces&v=4.0 HTTP/1.1" 304 -
186.84.21.158 - - [02/Aug/2020:10:49:38 -0500] "GET /sipse/css/imagen/contrasena.png HTTP/1.1" 404 383
186.84.21.158 - - [02/Aug/2020:10:49:38 -0500] "GET /sipse/faces/javax.faces.resource/jquery/jquery.js?ln=primefaces&v=4.0 HTTP/1.1" 304 -
186.84.21.158 - - [02/Aug/2020:10:49:38 -0500] "GET /sipse/faces/javax.faces.resource/jquery/jquery-plugins.js?ln=primefaces&v=4.0 HTTP/1.1" 304 -
186.84.21.158 - - [02/Aug/2020:10:49:38 -0500] "GET /sipse/faces/javax.faces.resource/primefaces.js?ln=primefaces&v=4.0 HTTP/1.1" 304 -
186.84.21.158 - - [02/Aug/2020:10:49:38 -0500] "GET /sipse/faces/javax.faces.resource/layout/layout.js?ln=primefaces&v=4.0 HTTP/1.1" 304 -
186.84.21.158 - - [02/Aug/2020:10:49:39 -0500] "GET /sipse/faces/javax.faces.resource/images/ui-icons_898989_256x240.png?ln=primefaces-aristo HTTP/1.1" 304 -
186.119.20.54 - - [02/Aug/2020:10:49:40 -0500] "GET /BLA/boletinlegal/js/jquery.scrollShow.js HTTP/1.1" 200 4586
190.27.245.107 - - [02/Aug/2020:10:49:40 -0500] "GET /reportes_sipse/sdg/ServletReporte?reporte=experienia_idoneidad&solicitud=10280&pfdrid_c=false HTTP/1.1" 200 111563
186.119.20.54 - - [02/Aug/2020:10:49:40 -0500] "GET /galeria/galeria/jquery.fancybox.js?v=2.1.5 HTTP/1.1" 200 48706
186.28.106.10 - - [02/Aug/2020:10:49:48 -0500] "GET /galeria/nivo-slider/demo/images/4Simple_Slider.png HTTP/1.1" 200 11722
186.84.21.158 - - [02/Aug/2020:10:49:45 -0500] "POST /sipse/faces/presentacion/financiero/solicitudProceso/consultarSolicitudProceso.xhtml HTTP/1.1" 200 42133
186.84.21.158 - - [02/Aug/2020:10:49:50 -0500] "GET /sipse/faces/javax.faces.resource/primefaces.css?ln=primefaces&v=4.0 HTTP/1.1" 304 -
186.84.21.158 - - [02/Aug/2020:10:49:50 -0500] "GET /sipse/faces/javax.faces.resource/theme.css?ln=primefaces-sipse HTTP/1.1" 304 -
186.84.21.158 - - [02/Aug/2020:10:49:50 -0500] "GET /sipse/faces/javax.faces.resource/layout/layout.css?ln=primefaces&v=4.0 HTTP/1.1" 304 -
186.84.21.158 - - [02/Aug/2020:10:49:51 -0500] "GET /sipse/faces/javax.faces.resource/jquery/jquery.js?ln=primefaces&v=4.0 HTTP/1.1" 304 -
186.84.21.158 - - [02/Aug/2020:10:49:51 -0500] "GET /sipse/faces/javax.faces.resource/primefaces.js?ln=primefaces&v=4.0 HTTP/1.1" 304 -
186.84.21.158 - - [02/Aug/2020:10:49:51 -0500] "GET /sipse/faces/javax.faces.resource/jquery/jquery-plugins.js?ln=primefaces&v=4.0 HTTP/1.1" 304 -
186.84.21.158 - - [02/Aug/2020:10:49:51 -0500] "GET /sipse/faces/javax.faces.resource/layout/layout.js?ln=primefaces&v=4.0 HTTP/1.1" 304 -
186.28.106.10 - - [02/Aug/2020:10:49:51 -0500] "GET /galeria/nivo-slider/themes/default/loading.gif HTTP/1.1" 200 1737
186.84.21.158 - - [02/Aug/2020:10:50:00 -0500] "GET /sipse/faces/javax.faces.resource/images/ui-icons_898989_256x240.png?ln=primefaces-aristo HTTP/1.1" 304 -
186.84.21.158 - - [02/Aug/2020:10:50:00 -0500] "POST /sipse/faces/presentacion/financiero/solicitudProceso/consultarHistorialSolProceso.xhtml HTTP/1.1" 200 198378
186.84.21.158 - - [02/Aug/2020:10:50:01 -0500] "GET /sipse/faces/javax.faces.resource/theme.css?ln=primefaces-sipse HTTP/1.1" 304 -
186.84.21.158 - - [02/Aug/2020:10:50:01 -0500] "GET /sipse/faces/javax.faces.resource/primefaces.css?ln=primefaces&v=4.0 HTTP/1.1" 304 -
186.84.21.158 - - [02/Aug/2020:10:50:01 -0500] "GET /sipse/faces/javax.faces.resource/layout/layout.css?ln=primefaces&v=4.0 HTTP/1.1" 304 -
186.84.21.158 - - [02/Aug/2020:10:50:01 -0500] "GET /sipse/faces/javax.faces.resource/jquery/jquery-plugins.js?ln=primefaces&v=4.0 HTTP/1.1" 304 -
186.84.21.158 - - [02/Aug/2020:10:50:01 -0500] "GET /sipse/faces/javax.faces.resource/jquery/jquery.js?ln=primefaces&v=4.0 HTTP/1.1" 304 -
186.84.21.158 - - [02/Aug/2020:10:50:01 -0500] "GET /sipse/faces/javax.faces.resource/primefaces.js?ln=primefaces&v=4.0 HTTP/1.1" 304 -
186.84.21.158 - - [02/Aug/2020:10:50:01 -0500] "GET /sipse/faces/javax.faces.resource/layout/layout.js?ln=primefaces&v=4.0 HTTP/1.1" 304 -
190.27.245.107 - - [02/Aug/2020:10:50:05 -0500] "GET /reportes_sipse/sdg/ServletReporte?reporte=experienia_idoneidad&solicitud=10280&pfdrid_c=false HTTP/1.1" 200 111563
186.154.190.83 - - [02/Aug/2020:10:50:06 -0500] "GET /BLA/boletinlegal/js/jquery.scrollShow.js HTTP/1.1" 200 4586
186.154.190.83 - - [02/Aug/2020:10:50:07 -0500] "GET /galeria/galeria/jquery.fancybox.js?v=2.1.5 HTTP/1.1" 200 48706
186.154.190.83 - - [02/Aug/2020:10:50:07 -0500] "GET /galeria/galeria/jquery.fancybox.css?v=2.1.5 HTTP/1.1" 200 4895
186.154.190.83 - - [02/Aug/2020:10:50:07 -0500] "GET /galeria/carrusel/Carrusel/jquery.thumbnailScroller.css HTTP/1.1" 200 2066
186.154.190.83 - - [02/Aug/2020:10:50:07 -0500] "GET /galeria/carrusel/Carrusel/jquery-ui-1.8.13.custom.min.js HTTP/1.1" 200 10800
186.154.190.83 - - [02/Aug/2020:10:50:07 -0500] "GET /galeria/carrusel/Carrusel/jquery.thumbnailScroller.js HTTP/1.1" 200 8157
190.240.162.42 - - [02/Aug/2020:10:50:08 -0500] "GET /BLA/boletinlegal/js/jquery.scrollShow.js HTTP/1.1" 200 4586
190.240.162.42 - - [02/Aug/2020:10:50:08 -0500] "GET /galeria/galeria/jquery.fancybox.css?v=2.1.5 HTTP/1.1" 200 4895
190.240.162.42 - - [02/Aug/2020:10:50:08 -0500] "GET /galeria/galeria/jquery.fancybox.js?v=2.1.5 HTTP/1.1" 200 48706
186.84.21.158 - - [02/Aug/2020:10:50:08 -0500] "POST /sipse/faces/presentacion/financiero/solicitudProceso/consultarSolicitudProceso.xhtml HTTP/1.1" 200 66720
186.154.190.83 - - [02/Aug/2020:10:50:17 -0500] "GET /galeria/nivo-slider/demo/inicio88.html HTTP/1.1" 200 4094
186.154.190.83 - - [02/Aug/2020:10:50:18 -0500] "GET /galeria/nivo-slider/themes/orman/orman.css HTTP/1.1" 200 2152
186.154.190.83 - - [02/Aug/2020:10:50:18 -0500] "GET /galeria/nivo-slider/themes/pascal/pascal.css HTTP/1.1" 200 2258
186.154.190.83 - - [02/Aug/2020:10:50:18 -0500] "GET /galeria/nivo-slider/themes/default/default.css HTTP/1.1" 200 1569
186.154.190.83 - - [02/Aug/2020:10:50:18 -0500] "GET /galeria/nivo-slider/demo/style.css HTTP/1.1" 200 2222
186.154.190.83 - - [02/Aug/2020:10:50:18 -0500] "GET /galeria/nivo-slider/nivo-slider.css HTTP/1.1" 200 1507
186.154.190.83 - - [02/Aug/2020:10:50:18 -0500] "GET /galeria/nivo-slider/demo/scripts/jquery-1.7.1.min.js HTTP/1.1" 200 93868
186.154.190.83 - - [02/Aug/2020:10:50:18 -0500] "GET /galeria/nivo-slider/jquery.nivo.slider.pack.js HTTP/1.1" 200 11561
186.154.190.83 - - [02/Aug/2020:10:50:18 -0500] "GET /galeria/nivo-slider/demo/images/Bannercuidate.jpg HTTP/1.1" 200 75508
186.154.190.83 - - [02/Aug/2020:10:50:18 -0500] "GET /galeria/nivo-slider/demo/images/Banner%20canales%20virtuales.jpg HTTP/1.1" 200 209438
186.154.190.83 - - [02/Aug/2020:10:50:18 -0500] "GET /galeria/nivo-slider/demo/images/bannernaranja.jpg HTTP/1.1" 200 40936
186.154.190.83 - - [02/Aug/2020:10:50:18 -0500] "GET /galeria/nivo-slider/demo/images/bannerhorarios.jpg HTTP/1.1" 200 50157
186.154.190.83 - - [02/Aug/2020:10:50:18 -0500] "GET /galeria/nivo-slider/demo/images/bannerimpuesto.jpg HTTP/1.1" 200 278604
186.154.190.83 - - [02/Aug/2020:10:50:18 -0500] "GET /galeria/nivo-slider/demo/images/bannerbolsas.jpg HTTP/1.1" 200 283727
186.154.190.83 - - [02/Aug/2020:10:50:18 -0500] "GET /galeria/nivo-slider/demo/images/bannerbioseguridad.jpg HTTP/1.1" 200 228661
186.154.190.83 - - [02/Aug/2020:10:50:18 -0500] "GET /galeria/nivo-slider/demo/images/bannercovid.jpg HTTP/1.1" 200 352563
186.154.190.83 - - [02/Aug/2020:10:50:19 -0500] "GET /galeria/nivo-slider/demo/images/bannersolidariacasa.jpg HTTP/1.1" 200 70999
186.154.190.83 - - [02/Aug/2020:10:50:19 -0500] "GET /galeria/nivo-slider/demo/images/bannerplan2020.png HTTP/1.1" 200 144663
186.154.190.83 - - [02/Aug/2020:10:50:19 -0500] "GET /galeria/nivo-slider/demo/images/4Simple_Slider.png HTTP/1.1" 200 11722
186.154.190.83 - - [02/Aug/2020:10:50:19 -0500] "GET /galeria/nivo-slider/themes/default/loading.gif HTTP/1.1" 200 1737
186.154.190.83 - - [02/Aug/2020:10:50:20 -0500] "GET /galeria/nivo-slider/themes/default/arrows.png HTTP/1.1" 200 824
186.154.190.83 - - [02/Aug/2020:10:50:20 -0500] "GET /galeria/nivo-slider/themes/default/bullets.png HTTP/1.1" 200 1281
190.234.179.46 - - [02/Aug/2020:10:50:23 -0500] "GET /galeria/galeria/jquery.fancybox.css?v=2.1.5 HTTP/1.1" 200 4895
190.234.179.46 - - [02/Aug/2020:10:50:23 -0500] "GET /BLA/boletinlegal/js/jquery.scrollShow.js HTTP/1.1" 200 4586
190.234.179.46 - - [02/Aug/2020:10:50:23 -0500] "GET /galeria/galeria/jquery.fancybox.js?v=2.1.5 HTTP/1.1" 200 48706
186.84.21.158 - - [02/Aug/2020:10:50:23 -0500] "POST /sipse/faces/presentacion/financiero/solicitudProceso/consultarSolicitudProceso.xhtml HTTP/1.1" 200 357317
186.84.21.158 - - [02/Aug/2020:10:50:26 -0500] "POST /sipse/faces/presentacion/financiero/solicitudProceso/consultarSolicitudProceso.xhtml HTTP/1.1" 200 95210
190.24.70.86 - - [02/Aug/2020:10:50:30 -0500] "GET /siipev/Diseno%20de%20Elementos%20de%20Mobiliario%20Urbano/Diseno%20pertenecientes%20al%20mobiliario%20urbano%20M10-M160/PARTE%20A/Dise%C3%B1o%20de%20Elementos%20M-81.pdf HTTP/1.1" 200 701332
186.84.21.158 - - [02/Aug/2020:10:50:30 -0500] "POST /sipse/faces/presentacion/financiero/solicitudProceso/consultarSolicitudProceso.xhtml HTTP/1.1" 200 490672
186.84.21.158 - - [02/Aug/2020:10:50:19 -0500] "POST /sipse/faces/presentacion/financiero/solicitudProceso/consultarSolicitudProceso.xhtml HTTP/1.1" 200 3701049
181.53.12.99 - - [02/Aug/2020:10:50:36 -0500] "POST /sipse/faces/presentacion/contratacion/contratista/listarContratista.xhtml HTTP/1.1" 200 22324
181.53.12.99 - - [02/Aug/2020:10:50:36 -0500] "POST /sipse/faces/presentacion/contratacion/contratista/listarContratista.xhtml HTTP/1.1" 200 22324
186.84.20.135 - - [02/Aug/2020:10:50:36 -0500] "POST /appsia/controlador HTTP/1.1" 200 7797
181.53.12.99 - - [02/Aug/2020:10:50:36 -0500] "POST /sipse/faces/presentacion/contratacion/contratista/listarContratista.xhtml HTTP/1.1" 200 22324
181.53.12.99 - - [02/Aug/2020:10:50:37 -0500] "POST /sipse/faces/presentacion/contratacion/contratista/listarContratista.xhtml HTTP/1.1" 200 22324
186.84.21.158 - - [02/Aug/2020:10:50:39 -0500] "GET /sipse/faces/javax.faces.resource/images/ui-bg_flat_0_2d5972_40x100.png?ln=primefaces-aristo HTTP/1.1" 304 -
186.84.21.158 - - [02/Aug/2020:10:50:39 -0500] "POST /sipse/faces/presentacion/financiero/solicitudProceso/consultarSolicitudProceso.xhtml HTTP/1.1" 200 5513
186.30.152.102 - - [02/Aug/2020:10:50:39 -0500] "GET /BLA/boletinlegal/js/jquery.scrollShow.js HTTP/1.1" 200 4586
186.30.152.102 - - [02/Aug/2020:10:50:39 -0500] "GET /galeria/galeria/jquery.fancybox.js?v=2.1.5 HTTP/1.1" 200 48706
186.30.152.102 - - [02/Aug/2020:10:50:39 -0500] "GET /galeria/galeria/jquery.fancybox.css?v=2.1.5 HTTP/1.1" 200 4895
186.30.152.102 - - [02/Aug/2020:10:50:40 -0500] "GET /galeria/carrusel/Carrusel/jquery.thumbnailScroller.css HTTP/1.1" 200 2066
186.30.152.102 - - [02/Aug/2020:10:50:40 -0500] "GET /galeria/carrusel/Carrusel/jquery-ui-1.8.13.custom.min.js HTTP/1.1" 200 10800
157.55.39.76 - - [02/Aug/2020:10:50:40 -0500] "GET /BLA/boletinlegal/Circulares/2010/Circular%2005%20de%208%20de%20septiembre%20de%202010.pdf HTTP/1.1" 304 -
186.30.152.102 - - [02/Aug/2020:10:50:40 -0500] "GET /galeria/carrusel/Carrusel/jquery.thumbnailScroller.js HTTP/1.1" 200 8157
186.84.21.158 - - [02/Aug/2020:10:50:40 -0500] "GET /sipse/faces/javax.faces.resource/dynamiccontent.properties?ln=primefaces&pfdrid=XjOR5%2F%2FfPAZAuY9TpWQeCiM0BhlXxYRBGKi%2FQcXXfeA%3D&pfdrid_c=false HTTP/1.1" 200 126306
186.84.21.158 - - [02/Aug/2020:10:50:10 -0500] "POST /sipse/faces/presentacion/financiero/solicitudProceso/consultarSolicitudProceso.xhtml HTTP/1.1" 200 4787148
186.84.20.135 - - [02/Aug/2020:10:50:42 -0500] "POST /appsia/controlador HTTP/1.1" 200 6662
181.53.12.99 - - [02/Aug/2020:10:50:42 -0500] "POST /sipse/faces/presentacion/contratacion/contratista/listarContratista.xhtml HTTP/1.1" 200 20027
181.53.12.99 - - [02/Aug/2020:10:50:42 -0500] "POST /sipse/faces/presentacion/contratacion/contratista/listarContratista.xhtml HTTP/1.1" 200 20027
186.30.152.102 - - [02/Aug/2020:10:50:43 -0500] "GET /galeria/nivo-slider/demo/inicio88.html HTTP/1.1" 200 4094
186.30.152.102 - - [02/Aug/2020:10:50:43 -0500] "GET /galeria/nivo-slider/themes/default/default.css HTTP/1.1" 200 1569
186.30.152.102 - - [02/Aug/2020:10:50:43 -0500] "GET /galeria/nivo-slider/themes/pascal/pascal.css HTTP/1.1" 200 2258
186.30.152.102 - - [02/Aug/2020:10:50:43 -0500] "GET /galeria/nivo-slider/themes/orman/orman.css HTTP/1.1" 200 2152
186.30.152.102 - - [02/Aug/2020:10:50:43 -0500] "GET /galeria/nivo-slider/nivo-slider.css HTTP/1.1" 200 1507
186.30.152.102 - - [02/Aug/2020:10:50:43 -0500] "GET /galeria/nivo-slider/demo/style.css HTTP/1.1" 200 2222
186.84.21.158 - - [02/Aug/2020:10:50:15 -0500] "POST /sipse/faces/presentacion/financiero/solicitudProceso/consultarSolicitudProceso.xhtml HTTP/1.1" 200 4928520
181.53.12.99 - - [02/Aug/2020:10:50:43 -0500] "POST /sipse/faces/presentacion/contratacion/contratista/listarContratista.xhtml HTTP/1.1" 200 20027
186.30.152.102 - - [02/Aug/2020:10:50:43 -0500] "GET /galeria/nivo-slider/demo/scripts/jquery-1.7.1.min.js HTTP/1.1" 200 93868
186.30.152.102 - - [02/Aug/2020:10:50:43 -0500] "GET /galeria/nivo-slider/jquery.nivo.slider.pack.js HTTP/1.1" 200 11561
186.30.152.102 - - [02/Aug/2020:10:50:43 -0500] "GET /galeria/nivo-slider/demo/images/bannernaranja.jpg HTTP/1.1" 200 40936
181.53.12.99 - - [02/Aug/2020:10:50:43 -0500] "POST /sipse/faces/presentacion/contratacion/contratista/listarContratista.xhtml HTTP/1.1" 200 20027
186.30.152.102 - - [02/Aug/2020:10:50:43 -0500] "GET /galeria/nivo-slider/demo/images/Bannercuidate.jpg HTTP/1.1" 200 75508
186.30.152.102 - - [02/Aug/2020:10:50:43 -0500] "GET /galeria/nivo-slider/demo/images/Banner%20canales%20virtuales.jpg HTTP/1.1" 200 209438
186.30.152.102 - - [02/Aug/2020:10:50:43 -0500] "GET /galeria/nivo-slider/demo/images/bannercovid.jpg HTTP/1.1" 200 352563
186.84.20.135 - - [02/Aug/2020:10:50:44 -0500] "POST /appsia/controlador HTTP/1.1" 200 12128
186.30.152.102 - - [02/Aug/2020:10:50:44 -0500] "GET /galeria/nivo-slider/demo/images/bannersolidariacasa.jpg HTTP/1.1" 200 70999
186.30.152.102 - - [02/Aug/2020:10:50:45 -0500] "GET /galeria/nivo-slider/demo/images/bannerplan2020.png HTTP/1.1" 200 144663
181.53.12.99 - - [02/Aug/2020:10:50:45 -0500] "POST /sipse/faces/presentacion/contratacion/contratista/listarContratista.xhtml HTTP/1.1" 200 20027
181.53.12.99 - - [02/Aug/2020:10:50:45 -0500] "POST /sipse/faces/presentacion/contratacion/contratista/listarContratista.xhtml HTTP/1.1" 200 20027
181.53.12.99 - - [02/Aug/2020:10:50:45 -0500] "POST /sipse/faces/presentacion/contratacion/contratista/listarContratista.xhtml HTTP/1.1" 200 20027
181.53.12.99 - - [02/Aug/2020:10:50:45 -0500] "POST /sipse/faces/presentacion/contratacion/contratista/listarContratista.xhtml HTTP/1.1" 200 20027
186.30.152.102 - - [02/Aug/2020:10:50:46 -0500] "GET /galeria/nivo-slider/demo/images/bannerbolsas.jpg HTTP/1.1" 200 283727
186.30.152.102 - - [02/Aug/2020:10:50:47 -0500] "GET /galeria/nivo-slider/demo/images/bannerimpuesto.jpg HTTP/1.1" 200 278604
186.30.152.102 - - [02/Aug/2020:10:50:48 -0500] "GET /galeria/nivo-slider/demo/images/bannerhorarios.jpg HTTP/1.1" 200 50157
186.30.152.102 - - [02/Aug/2020:10:50:48 -0500] "GET /galeria/nivo-slider/demo/images/bannerbioseguridad.jpg HTTP/1.1" 200 228661
181.53.12.99 - - [02/Aug/2020:10:50:48 -0500] "POST /sipse/faces/presentacion/contratacion/contratista/listarContratista.xhtml HTTP/1.1" 200 3518
186.30.152.102 - - [02/Aug/2020:10:50:49 -0500] "GET /galeria/nivo-slider/demo/images/4Simple_Slider.png HTTP/1.1" 200 11722
186.30.152.102 - - [02/Aug/2020:10:50:49 -0500] "GET /galeria/nivo-slider/themes/default/loading.gif HTTP/1.1" 200 1737
181.53.12.99 - - [02/Aug/2020:10:50:49 -0500] "POST /sipse/faces/presentacion/contratacion/contratista/listarContratista.xhtml HTTP/1.1" 200 20027
181.53.12.99 - - [02/Aug/2020:10:50:50 -0500] "POST /sipse/faces/presentacion/contratacion/contratista/listarContratista.xhtml HTTP/1.1" 200 20027
181.53.12.99 - - [02/Aug/2020:10:50:50 -0500] "POST /sipse/faces/presentacion/contratacion/contratista/listarContratista.xhtml HTTP/1.1" 200 20027
181.53.12.99 - - [02/Aug/2020:10:50:50 -0500] "POST /sipse/faces/presentacion/contratacion/contratista/listarContratista.xhtml HTTP/1.1" 200 20027
186.84.20.135 - - [02/Aug/2020:10:50:51 -0500] "POST /appsia/controlador HTTP/1.1" 200 7797
181.53.12.99 - - [02/Aug/2020:10:50:52 -0500] "POST /sipse/faces/presentacion/contratacion/contratista/listarContratista.xhtml HTTP/1.1" 200 20027
181.53.12.99 - - [02/Aug/2020:10:50:52 -0500] "POST /sipse/faces/presentacion/contratacion/contratista/listarContratista.xhtml HTTP/1.1" 200 20027
181.53.12.99 - - [02/Aug/2020:10:50:52 -0500] "POST /sipse/faces/presentacion/contratacion/contratista/listarContratista.xhtml HTTP/1.1" 200 20027
181.53.12.99 - - [02/Aug/2020:10:50:53 -0500] "POST /sipse/faces/presentacion/contratacion/contratista/listarContratista.xhtml HTTP/1.1" 200 20027
186.30.152.102 - - [02/Aug/2020:10:50:54 -0500] "GET /galeria/nivo-slider/themes/default/arrows.png HTTP/1.1" 200 824
186.30.152.102 - - [02/Aug/2020:10:50:54 -0500] "GET /galeria/nivo-slider/themes/default/bullets.png HTTP/1.1" 200 1281
186.84.20.135 - - [02/Aug/2020:10:50:56 -0500] "POST /appsia/controlador HTTP/1.1" 200 6662
181.53.12.99 - - [02/Aug/2020:10:50:57 -0500] "POST /sipse/faces/presentacion/contratacion/contratista/listarContratista.xhtml HTTP/1.1" 200 3518
186.84.20.135 - - [02/Aug/2020:10:50:57 -0500] "POST /appsia/controlador HTTP/1.1" 200 10599
181.53.12.99 - - [02/Aug/2020:10:50:59 -0500] "POST /sipse/faces/presentacion/contratacion/contratista/listarContratista.xhtml HTTP/1.1" 200 34585
181.53.12.99 - - [02/Aug/2020:10:50:59 -0500] "GET /sipse/faces/javax.faces.resource/theme.css?ln=primefaces-sipse HTTP/1.1" 304 -
181.53.12.99 - - [02/Aug/2020:10:50:59 -0500] "GET /sipse/faces/javax.faces.resource/primefaces.css?ln=primefaces&v=4.0 HTTP/1.1" 304 -
181.53.12.99 - - [02/Aug/2020:10:50:59 -0500] "GET /sipse/faces/javax.faces.resource/layout/layout.css?ln=primefaces&v=4.0 HTTP/1.1" 304 -
181.53.12.99 - - [02/Aug/2020:10:50:59 -0500] "GET /sipse/faces/javax.faces.resource/jquery/jquery.js?ln=primefaces&v=4.0 HTTP/1.1" 304 -
181.53.12.99 - - [02/Aug/2020:10:50:59 -0500] "GET /sipse/faces/javax.faces.resource/jquery/jquery-plugins.js?ln=primefaces&v=4.0 HTTP/1.1" 304 -
181.53.12.99 - - [02/Aug/2020:10:50:59 -0500] "GET /sipse/faces/javax.faces.resource/primefaces.js?ln=primefaces&v=4.0 HTTP/1.1" 304 -
181.53.12.99 - - [02/Aug/2020:10:51:00 -0500] "GET /sipse/faces/javax.faces.resource/layout/layout.js?ln=primefaces&v=4.0 HTTP/1.1" 304 -
181.53.12.99 - - [02/Aug/2020:10:51:00 -0500] "POST /sipse/faces/presentacion/financiero/solicitudProceso/listarSolicitudProceso.xhtml HTTP/1.1" 200 27836
181.53.12.99 - - [02/Aug/2020:10:51:00 -0500] "POST /sipse/faces/presentacion/financiero/solicitudProceso/listarSolicitudProceso.xhtml HTTP/1.1" 200 27836
181.53.12.99 - - [02/Aug/2020:10:51:00 -0500] "POST /sipse/faces/presentacion/financiero/solicitudProceso/listarSolicitudProceso.xhtml HTTP/1.1" 200 27836
181.53.12.99 - - [02/Aug/2020:10:51:01 -0500] "POST /sipse/faces/presentacion/financiero/solicitudProceso/listarSolicitudProceso.xhtml HTTP/1.1" 200 1344
181.53.12.99 - - [02/Aug/2020:10:51:01 -0500] "POST /sipse/faces/presentacion/financiero/solicitudProceso/listarSolicitudProceso.xhtml HTTP/1.1" 200 1344
181.53.12.99 - - [02/Aug/2020:10:51:01 -0500] "POST /sipse/faces/presentacion/financiero/solicitudProceso/listarSolicitudProceso.xhtml HTTP/1.1" 200 1348
181.53.12.99 - - [02/Aug/2020:10:51:01 -0500] "POST /sipse/faces/presentacion/financiero/solicitudProceso/listarSolicitudProceso.xhtml HTTP/1.1" 200 1344
181.53.12.99 - - [02/Aug/2020:10:51:06 -0500] "POST /sipse/faces/presentacion/financiero/solicitudProceso/listarSolicitudProceso.xhtml HTTP/1.1" 200 149251
181.53.12.99 - - [02/Aug/2020:10:51:07 -0500] "GET /sipse/faces/javax.faces.resource/primefaces.css?ln=primefaces&v=4.0 HTTP/1.1" 304 -
181.53.12.99 - - [02/Aug/2020:10:51:07 -0500] "GET /sipse/faces/javax.faces.resource/layout/layout.css?ln=primefaces&v=4.0 HTTP/1.1" 304 -
181.53.12.99 - - [02/Aug/2020:10:51:07 -0500] "GET /sipse/faces/javax.faces.resource/theme.css?ln=primefaces-sipse HTTP/1.1" 304 -
181.53.12.99 - - [02/Aug/2020:10:51:07 -0500] "GET /sipse/faces/javax.faces.resource/jquery/jquery.js?ln=primefaces&v=4.0 HTTP/1.1" 304 -
181.53.12.99 - - [02/Aug/2020:10:51:07 -0500] "GET /sipse/faces/javax.faces.resource/jquery/jquery-plugins.js?ln=primefaces&v=4.0 HTTP/1.1" 304 -
181.53.12.99 - - [02/Aug/2020:10:51:07 -0500] "GET /sipse/faces/javax.faces.resource/primefaces.js?ln=primefaces&v=4.0 HTTP/1.1" 304 -
181.53.12.99 - - [02/Aug/2020:10:51:07 -0500] "GET /sipse/faces/javax.faces.resource/layout/layout.js?ln=primefaces&v=4.0 HTTP/1.1" 304 -
181.53.12.99 - - [02/Aug/2020:10:51:08 -0500] "GET /sipse/faces/javax.faces.resource/dynamiccontent.properties?ln=primefaces&pfdrid=XjOR5%2F%2FfPAZAuY9TpWQeCiM0BhlXxYRBGKi%2FQcXXfeA%3D&pfdrid_c=false HTTP/1.1" 500 383
69.162.124.227 - - [02/Aug/2020:10:51:09 -0500] "HEAD / HTTP/1.1" 200 -
190.27.11.87 - - [02/Aug/2020:10:51:09 -0500] "GET /BLA/boletinlegal/js/jquery.scrollShow.js HTTP/1.1" 200 4586
190.27.11.87 - - [02/Aug/2020:10:51:09 -0500] "GET /galeria/galeria/jquery.fancybox.css?v=2.1.5 HTTP/1.1" 200 4895
190.27.11.87 - - [02/Aug/2020:10:51:09 -0500] "GET /galeria/galeria/jquery.fancybox.js?v=2.1.5 HTTP/1.1" 200 48706
181.50.89.245 - - [02/Aug/2020:10:51:11 -0500] "GET /galeria/galeria/jquery.fancybox.css?v=2.1.5 HTTP/1.1" 200 4895
181.50.89.245 - - [02/Aug/2020:10:51:11 -0500] "GET /BLA/boletinlegal/js/jquery.scrollShow.js HTTP/1.1" 200 4586
181.50.89.245 - - [02/Aug/2020:10:51:11 -0500] "GET /galeria/galeria/jquery.fancybox.js?v=2.1.5 HTTP/1.1" 200 48706
181.53.12.99 - - [02/Aug/2020:10:51:11 -0500] "POST /sipse/faces/presentacion/financiero/solicitudProceso/consultarSolicitudProceso.xhtml HTTP/1.1" 200 184
181.53.12.99 - - [02/Aug/2020:10:51:11 -0500] "POST /sipse/faces/presentacion/financiero/solicitudProceso/consultarSolicitudProceso.xhtml HTTP/1.1" 200 184
181.53.12.99 - - [02/Aug/2020:10:51:11 -0500] "POST /sipse/faces/presentacion/financiero/solicitudProceso/consultarSolicitudProceso.xhtml HTTP/1.1" 200 184
181.53.12.99 - - [02/Aug/2020:10:51:11 -0500] "POST /sipse/faces/presentacion/financiero/solicitudProceso/consultarSolicitudProceso.xhtml HTTP/1.1" 200 184
181.53.12.99 - - [02/Aug/2020:10:51:12 -0500] "POST /sipse/faces/presentacion/financiero/solicitudProceso/consultarSolicitudProceso.xhtml HTTP/1.1" 200 184
181.53.12.99 - - [02/Aug/2020:10:51:12 -0500] "POST /sipse/faces/presentacion/financiero/solicitudProceso/consultarSolicitudProceso.xhtml HTTP/1.1" 200 184
181.53.12.99 - - [02/Aug/2020:10:51:11 -0500] "GET /sipse/faces/presentacion/financiero/solicitudAnulacion/solicitudAnulacion.xhtml HTTP/1.1" 200 16113
181.53.12.99 - - [02/Aug/2020:10:51:11 -0500] "GET /sipse/faces/presentacion/financiero/solicitudAnulacion/solicitudAnulacion.xhtml HTTP/1.1" 200 29629
181.53.12.99 - - [02/Aug/2020:10:51:11 -0500] "GET /sipse/faces/presentacion/financiero/solicitudAnulacion/solicitudAnulacion.xhtml HTTP/1.1" 200 15757
181.53.12.99 - - [02/Aug/2020:10:51:12 -0500] "GET /sipse/faces/presentacion/financiero/solicitudAnulacion/solicitudAnulacion.xhtml HTTP/1.1" 200 73477
181.53.12.99 - - [02/Aug/2020:10:51:12 -0500] "GET /sipse/faces/presentacion/financiero/solicitudAnulacion/solicitudAnulacion.xhtml HTTP/1.1" 200 78828
181.53.12.99 - - [02/Aug/2020:10:51:12 -0500] "GET /sipse/faces/presentacion/financiero/solicitudAnulacion/solicitudAnulacion.xhtml HTTP/1.1" 200 78828
181.53.12.99 - - [02/Aug/2020:10:51:13 -0500] "GET /sipse/faces/javax.faces.resource/theme.css?ln=primefaces-sipse HTTP/1.1" 304 -
181.53.12.99 - - [02/Aug/2020:10:51:13 -0500] "GET /sipse/faces/javax.faces.resource/primefaces.css?ln=primefaces&v=4.0 HTTP/1.1" 304 -
181.53.12.99 - - [02/Aug/2020:10:51:13 -0500] "GET /sipse/faces/javax.faces.resource/jquery/jquery-plugins.js?ln=primefaces&v=4.0 HTTP/1.1" 304 -
181.53.12.99 - - [02/Aug/2020:10:51:13 -0500] "GET /sipse/faces/javax.faces.resource/layout/layout.css?ln=primefaces&v=4.0 HTTP/1.1" 304 -
181.53.12.99 - - [02/Aug/2020:10:51:13 -0500] "GET /sipse/faces/javax.faces.resource/jquery/jquery.js?ln=primefaces&v=4.0 HTTP/1.1" 304 -
181.53.12.99 - - [02/Aug/2020:10:51:13 -0500] "GET /sipse/faces/javax.faces.resource/primefaces.js?ln=primefaces&v=4.0 HTTP/1.1" 304 -
181.53.12.99 - - [02/Aug/2020:10:51:13 -0500] "GET /sipse/faces/javax.faces.resource/layout/layout.js?ln=primefaces&v=4.0 HTTP/1.1" 304 -
181.53.12.99 - - [02/Aug/2020:10:51:14 -0500] "POST /sipse/faces/presentacion/financiero/solicitudAnulacion/solicitudAnulacion.xhtml HTTP/1.1" 200 56131
186.84.21.158 - - [02/Aug/2020:10:51:16 -0500] "POST /sipse/faces/presentacion/financiero/solicitudProceso/consultarSolicitudProceso.xhtml HTTP/1.1" 200 5497
190.27.245.107 - - [02/Aug/2020:10:51:16 -0500] "GET /reportes_sipse/sdg/ServletReporte?reporte=experienia_idoneidad&solicitud=9836&pfdrid_c=false HTTP/1.1" 200 137446
181.53.12.99 - - [02/Aug/2020:10:51:21 -0500] "POST /sipse/faces/presentacion/financiero/solicitudAnulacion/solicitudAnulacion.xhtml HTTP/1.1" 200 3121
181.60.36.13 - - [02/Aug/2020:10:51:25 -0500] "GET /galeria/galeria/jquery.fancybox.js?v=2.1.5 HTTP/1.1" 200 48706
181.60.36.13 - - [02/Aug/2020:10:51:25 -0500] "GET /BLA/boletinlegal/js/jquery.scrollShow.js HTTP/1.1" 200 4586
181.60.36.13 - - [02/Aug/2020:10:51:25 -0500] "GET /galeria/galeria/jquery.fancybox.css?v=2.1.5 HTTP/1.1" 200 4895
181.53.12.99 - - [02/Aug/2020:10:51:27 -0500] "POST /sipse/faces/presentacion/financiero/solicitudAnulacion/solicitudAnulacion.xhtml HTTP/1.1" 200 3092
186.84.20.135 - - [02/Aug/2020:10:51:27 -0500] "POST /appsia/controlador HTTP/1.1" 200 7797
186.84.21.158 - - [02/Aug/2020:10:51:29 -0500] "POST /sipse/faces/presentacion/financiero/solicitudProceso/consultarSolicitudProceso.xhtml HTTP/1.1" 200 33420
181.53.12.99 - - [02/Aug/2020:10:51:30 -0500] "POST /sipse/faces/presentacion/financiero/solicitudAnulacion/solicitudAnulacion.xhtml HTTP/1.1" 200 30815
186.84.21.158 - - [02/Aug/2020:10:51:30 -0500] "GET /sipse/faces/javax.faces.resource/primefaces.css?ln=primefaces&v=4.0 HTTP/1.1" 304 -
186.84.21.158 - - [02/Aug/2020:10:51:30 -0500] "GET /sipse/faces/javax.faces.resource/theme.css?ln=primefaces-sipse HTTP/1.1" 304 -
186.84.21.158 - - [02/Aug/2020:10:51:30 -0500] "GET /sipse/faces/javax.faces.resource/layout/layout.css?ln=primefaces&v=4.0 HTTP/1.1" 304 -
181.53.12.99 - - [02/Aug/2020:10:51:30 -0500] "GET /sipse/faces/javax.faces.resource/theme.css?ln=primefaces-sipse HTTP/1.1" 304 -
181.53.12.99 - - [02/Aug/2020:10:51:30 -0500] "GET /sipse/faces/javax.faces.resource/primefaces.css?ln=primefaces&v=4.0 HTTP/1.1" 304 -
181.53.12.99 - - [02/Aug/2020:10:51:30 -0500] "GET /sipse/faces/javax.faces.resource/layout/layout.css?ln=primefaces&v=4.0 HTTP/1.1" 304 -
181.53.12.99 - - [02/Aug/2020:10:51:30 -0500] "GET /sipse/faces/javax.faces.resource/jquery/jquery.js?ln=primefaces&v=4.0 HTTP/1.1" 304 -
181.53.12.99 - - [02/Aug/2020:10:51:30 -0500] "GET /sipse/faces/javax.faces.resource/jquery/jquery-plugins.js?ln=primefaces&v=4.0 HTTP/1.1" 304 -
181.53.12.99 - - [02/Aug/2020:10:51:30 -0500] "GET /sipse/faces/javax.faces.resource/primefaces.js?ln=primefaces&v=4.0 HTTP/1.1" 304 -
186.84.21.158 - - [02/Aug/2020:10:51:30 -0500] "GET /sipse/faces/javax.faces.resource/jquery/jquery.js?ln=primefaces&v=4.0 HTTP/1.1" 304 -
181.53.12.99 - - [02/Aug/2020:10:51:30 -0500] "GET /sipse/faces/javax.faces.resource/layout/layout.js?ln=primefaces&v=4.0 HTTP/1.1" 304 -
186.84.21.158 - - [02/Aug/2020:10:51:30 -0500] "GET /sipse/faces/javax.faces.resource/jquery/jquery-plugins.js?ln=primefaces&v=4.0 HTTP/1.1" 304 -
186.84.21.158 - - [02/Aug/2020:10:51:31 -0500] "GET /sipse/faces/javax.faces.resource/primefaces.js?ln=primefaces&v=4.0 HTTP/1.1" 304 -
186.84.21.158 - - [02/Aug/2020:10:51:31 -0500] "GET /sipse/faces/javax.faces.resource/layout/layout.js?ln=primefaces&v=4.0 HTTP/1.1" 304 -
186.84.20.135 - - [02/Aug/2020:10:51:32 -0500] "POST /appsia/controlador HTTP/1.1" 200 6662
186.84.20.135 - - [02/Aug/2020:10:51:33 -0500] "POST /appsia/controlador HTTP/1.1" 200 11321
186.84.21.158 - - [02/Aug/2020:10:51:34 -0500] "POST /sipse/faces/presentacion/sistema/reporte/listarReportes.xhtml HTTP/1.1" 200 23079
186.84.21.158 - - [02/Aug/2020:10:51:35 -0500] "GET /sipse/faces/javax.faces.resource/theme.css?ln=primefaces-sipse HTTP/1.1" 304 -
186.84.21.158 - - [02/Aug/2020:10:51:35 -0500] "GET /sipse/faces/javax.faces.resource/primefaces.css?ln=primefaces&v=4.0 HTTP/1.1" 304 -
186.84.21.158 - - [02/Aug/2020:10:51:35 -0500] "GET /sipse/faces/javax.faces.resource/layout/layout.css?ln=primefaces&v=4.0 HTTP/1.1" 304 -
186.84.21.158 - - [02/Aug/2020:10:51:35 -0500] "GET /sipse/faces/javax.faces.resource/jquery/jquery.js?ln=primefaces&v=4.0 HTTP/1.1" 304 -
186.84.21.158 - - [02/Aug/2020:10:51:35 -0500] "GET /sipse/faces/javax.faces.resource/jquery/jquery-plugins.js?ln=primefaces&v=4.0 HTTP/1.1" 304 -
186.84.21.158 - - [02/Aug/2020:10:51:35 -0500] "GET /sipse/faces/javax.faces.resource/primefaces.js?ln=primefaces&v=4.0 HTTP/1.1" 304 -
186.84.21.158 - - [02/Aug/2020:10:51:35 -0500] "GET /sipse/faces/javax.faces.resource/layout/layout.js?ln=primefaces&v=4.0 HTTP/1.1" 304 -
186.84.21.158 - - [02/Aug/2020:10:51:36 -0500] "GET /reportes_sipse/sdg/ServletReporte?reporte=no_hay HTTP/1.1" 200 5373
186.84.21.158 - - [02/Aug/2020:10:51:38 -0500] "POST /reportes_sipse/sdg/ServletControlador HTTP/1.1" 200 161008
186.84.20.135 - - [02/Aug/2020:10:51:43 -0500] "POST /appsia/controlador HTTP/1.1" 200 7797
186.84.21.158 - - [02/Aug/2020:10:51:43 -0500] "GET /reportes_sipse/sdg/ServletControlador HTTP/1.1" 200 161008
186.84.20.135 - - [02/Aug/2020:10:51:47 -0500] "POST /appsia/controlador HTTP/1.1" 200 6662
186.84.20.135 - - [02/Aug/2020:10:51:49 -0500] "POST /appsia/controlador HTTP/1.1" 200 10599
191.95.48.127 - - [02/Aug/2020:10:51:57 -0500] "GET /galeria/galeria/jquery.fancybox.css?v=2.1.5 HTTP/1.1" 200 4895
191.95.48.127 - - [02/Aug/2020:10:51:57 -0500] "GET /BLA/boletinlegal/js/jquery.scrollShow.js HTTP/1.1" 200 4586
191.95.48.127 - - [02/Aug/2020:10:51:57 -0500] "GET /galeria/galeria/jquery.fancybox.js?v=2.1.5 HTTP/1.1" 200 48706
181.61.218.97 - - [02/Aug/2020:10:52:29 -0500] "GET /galeria/galeria/jquery.fancybox.css?v=2.1.5 HTTP/1.1" 200 4895
181.61.218.97 - - [02/Aug/2020:10:52:29 -0500] "GET /BLA/boletinlegal/js/jquery.scrollShow.js HTTP/1.1" 200 4586
181.61.218.97 - - [02/Aug/2020:10:52:29 -0500] "GET /galeria/galeria/jquery.fancybox.js?v=2.1.5 HTTP/1.1" 200 48706
181.59.74.38 - - [02/Aug/2020:10:53:14 -0500] "GET /galeria/galeria/jquery.fancybox.css?v=2.1.5 HTTP/1.1" 200 4895
181.59.74.38 - - [02/Aug/2020:10:53:14 -0500] "GET /BLA/boletinlegal/js/jquery.scrollShow.js HTTP/1.1" 200 4586
181.59.74.38 - - [02/Aug/2020:10:53:14 -0500] "GET /galeria/galeria/jquery.fancybox.js?v=2.1.5 HTTP/1.1" 200 48706
