186.29.49.202 - - [15/Aug/2020:10:03:40 -0500] "GET /sipse/faces/javax.faces.resource/messages/messages.png?ln=primefaces&v=4.0 HTTP/1.1" 304 -
186.29.49.202 - - [15/Aug/2020:10:03:40 -0500] "GET /sipse/faces/javax.faces.resource/images/ui-bg_flat_0_2d5972_40x100.png?ln=primefaces-aristo HTTP/1.1" 304 -
186.29.49.202 - - [15/Aug/2020:10:03:40 -0500] "POST /sipse/faces/presentacion/financiero/solicitudProceso/listarSolicitudProceso.xhtml HTTP/1.1" 200 1428
186.84.91.8 - - [15/Aug/2020:10:03:35 -0500] "GET /reportes_sipse/sdg/ServletControlador HTTP/1.1" 200 160318
186.154.35.157 - - [15/Aug/2020:10:03:42 -0500] "GET /galeria/galeria/fotos/Humedal-la-conejera1P.jpg HTTP/1.1" 200 31504
186.154.35.157 - - [15/Aug/2020:10:03:42 -0500] "GET /galeria/galeria/fotos/Humedal-la-conejera2P.jpg HTTP/1.1" 200 31007
186.154.35.157 - - [15/Aug/2020:10:03:42 -0500] "GET /galeria/galeria/fotos/Humedal-la-conejera3P.jpg HTTP/1.1" 200 31355
186.154.35.157 - - [15/Aug/2020:10:03:42 -0500] "GET /galeria/galeria/fotos/Humedal-la-conejera4P.jpg HTTP/1.1" 200 33365
190.27.245.107 - - [15/Aug/2020:10:03:40 -0500] "GET /reportes_sipse/sdg/ServletReporte?reporte=experienia_idoneidad&solicitud=10438&pfdrid_c=false HTTP/1.1" 200 137873
181.52.22.3 - - [15/Aug/2020:10:03:43 -0500] "POST /sipse/faces/presentacion/financiero/solicitudProceso/consultarSolicitudProceso.xhtml HTTP/1.1" 200 60369
181.52.22.3 - - [15/Aug/2020:10:03:43 -0500] "GET /sipse/faces/javax.faces.resource/theme.css?ln=primefaces-sipse HTTP/1.1" 304 -
181.52.22.3 - - [15/Aug/2020:10:03:43 -0500] "GET /sipse/faces/javax.faces.resource/layout/layout.css?ln=primefaces&v=4.0 HTTP/1.1" 304 -
181.52.22.3 - - [15/Aug/2020:10:03:43 -0500] "GET /sipse/faces/javax.faces.resource/primefaces.css?ln=primefaces&v=4.0 HTTP/1.1" 304 -
181.52.22.3 - - [15/Aug/2020:10:03:44 -0500] "GET /sipse/faces/javax.faces.resource/jquery/jquery.js?ln=primefaces&v=4.0 HTTP/1.1" 304 -
181.52.22.3 - - [15/Aug/2020:10:03:44 -0500] "GET /sipse/faces/javax.faces.resource/jquery/jquery-plugins.js?ln=primefaces&v=4.0 HTTP/1.1" 304 -
181.52.22.3 - - [15/Aug/2020:10:03:44 -0500] "GET /sipse/faces/javax.faces.resource/primefaces.js?ln=primefaces&v=4.0 HTTP/1.1" 304 -
181.52.22.3 - - [15/Aug/2020:10:03:44 -0500] "GET /sipse/faces/javax.faces.resource/layout/layout.js?ln=primefaces&v=4.0 HTTP/1.1" 304 -
181.52.22.3 - - [15/Aug/2020:10:03:44 -0500] "POST /sipse/faces/presentacion/financiero/solicitudProceso/listarSolicitudProceso.xhtml HTTP/1.1" 200 53617
181.52.22.3 - - [15/Aug/2020:10:03:45 -0500] "POST /sipse/faces/presentacion/financiero/solicitudProceso/listarSolicitudProceso.xhtml HTTP/1.1" 200 53617
181.52.22.3 - - [15/Aug/2020:10:03:46 -0500] "POST /sipse/faces/presentacion/financiero/solicitudProceso/listarSolicitudProceso.xhtml HTTP/1.1" 200 53617
181.52.22.3 - - [15/Aug/2020:10:03:47 -0500] "POST /sipse/faces/presentacion/financiero/solicitudProceso/listarSolicitudProceso.xhtml HTTP/1.1" 200 53617
181.52.22.3 - - [15/Aug/2020:10:03:48 -0500] "POST /sipse/faces/presentacion/financiero/solicitudProceso/listarSolicitudProceso.xhtml HTTP/1.1" 200 1448
181.52.22.3 - - [15/Aug/2020:10:03:49 -0500] "POST /sipse/faces/presentacion/financiero/solicitudProceso/listarSolicitudProceso.xhtml HTTP/1.1" 200 1448
181.52.22.3 - - [15/Aug/2020:10:03:50 -0500] "POST /sipse/faces/presentacion/financiero/solicitudProceso/listarSolicitudProceso.xhtml HTTP/1.1" 200 1452
186.154.35.157 - - [15/Aug/2020:10:03:51 -0500] "GET /galeria/galeria/fotos/Humedal-la-conejera1G.jpg HTTP/1.1" 200 340987
186.84.232.207 - - [15/Aug/2020:10:03:51 -0500] "POST /sipse/faces/presentacion/financiero/solicitudProceso/consultar.xhtml HTTP/1.1" 200 12903
181.52.22.3 - - [15/Aug/2020:10:03:51 -0500] "POST /sipse/faces/presentacion/financiero/solicitudProceso/listarSolicitudProceso.xhtml HTTP/1.1" 200 1448
186.29.49.202 - - [15/Aug/2020:10:03:52 -0500] "GET /sipse/faces/javax.faces.resource/images/ui-icons_898989_256x240.png?ln=primefaces-aristo HTTP/1.1" 304 -
186.154.35.157 - - [15/Aug/2020:10:03:52 -0500] "GET /galeria/galeria/fotos/Humedal-la-conejera2G.jpg HTTP/1.1" 200 298801
186.154.35.157 - - [15/Aug/2020:10:03:52 -0500] "GET /galeria/galeria/fotos/Humedal-la-conejera3G.jpg HTTP/1.1" 200 373974
186.154.35.157 - - [15/Aug/2020:10:03:52 -0500] "GET /galeria/galeria/fotos/Humedal-la-conejera4G.jpg HTTP/1.1" 200 371145
181.65.126.155 - - [15/Aug/2020:10:03:52 -0500] "GET /galeria/galeria/jquery.fancybox.css?v=2.1.5 HTTP/1.1" 200 4895
181.65.126.155 - - [15/Aug/2020:10:03:52 -0500] "GET /BLA/boletinlegal/js/jquery.scrollShow.js HTTP/1.1" 200 4586
181.65.126.155 - - [15/Aug/2020:10:03:52 -0500] "GET /galeria/galeria/jquery.fancybox.js?v=2.1.5 HTTP/1.1" 200 48706
181.52.22.3 - - [15/Aug/2020:10:03:52 -0500] "POST /sipse/faces/presentacion/financiero/solicitudProceso/listarSolicitudProceso.xhtml HTTP/1.1" 200 1448
181.65.126.155 - - [15/Aug/2020:10:03:53 -0500] "GET /galeria/carrusel/Carrusel/jquery.thumbnailScroller.css HTTP/1.1" 200 2066
186.29.49.202 - - [15/Aug/2020:10:03:52 -0500] "POST /sipse/faces/presentacion/financiero/solicitudProceso/listarSolicitudProceso.xhtml HTTP/1.1" 200 143130
186.29.49.202 - - [15/Aug/2020:10:03:53 -0500] "GET /sipse/faces/javax.faces.resource/layout/layout.css?ln=primefaces&v=4.0 HTTP/1.1" 304 -
186.29.49.202 - - [15/Aug/2020:10:03:53 -0500] "GET /sipse/faces/javax.faces.resource/theme.css?ln=primefaces-sipse HTTP/1.1" 304 -
186.29.49.202 - - [15/Aug/2020:10:03:53 -0500] "GET /sipse/faces/javax.faces.resource/primefaces.css?ln=primefaces&v=4.0 HTTP/1.1" 304 -
186.29.49.202 - - [15/Aug/2020:10:03:53 -0500] "GET /sipse/faces/javax.faces.resource/jquery/jquery.js?ln=primefaces&v=4.0 HTTP/1.1" 304 -
186.29.49.202 - - [15/Aug/2020:10:03:53 -0500] "GET /sipse/faces/javax.faces.resource/jquery/jquery-plugins.js?ln=primefaces&v=4.0 HTTP/1.1" 304 -
186.29.49.202 - - [15/Aug/2020:10:03:53 -0500] "GET /sipse/faces/javax.faces.resource/primefaces.js?ln=primefaces&v=4.0 HTTP/1.1" 304 -
186.29.49.202 - - [15/Aug/2020:10:03:53 -0500] "GET /sipse/faces/javax.faces.resource/layout/layout.js?ln=primefaces&v=4.0 HTTP/1.1" 304 -
186.29.49.202 - - [15/Aug/2020:10:03:53 -0500] "GET /sipse/faces/javax.faces.resource/images/ui-icons_898989_256x240.png?ln=primefaces-aristo HTTP/1.1" 304 -
181.65.126.155 - - [15/Aug/2020:10:03:54 -0500] "GET /galeria/carrusel/Carrusel/jquery-ui-1.8.13.custom.min.js HTTP/1.1" 200 10800
181.65.126.155 - - [15/Aug/2020:10:03:54 -0500] "GET /galeria/carrusel/Carrusel/jquery.thumbnailScroller.js HTTP/1.1" 200 8157
181.65.126.155 - - [15/Aug/2020:10:03:54 -0500] "GET /galeria/nivo-slider/demo/inicio80.html HTTP/1.1" 200 5161
181.65.126.155 - - [15/Aug/2020:10:03:55 -0500] "GET /galeria/nivo-slider/themes/default/default.css HTTP/1.1" 200 1569
181.65.126.155 - - [15/Aug/2020:10:03:55 -0500] "GET /galeria/nivo-slider/themes/pascal/pascal.css HTTP/1.1" 200 2258
181.65.126.155 - - [15/Aug/2020:10:03:55 -0500] "GET /galeria/nivo-slider/themes/orman/orman.css HTTP/1.1" 200 2152
181.65.126.155 - - [15/Aug/2020:10:03:55 -0500] "GET /galeria/nivo-slider/demo/style.css HTTP/1.1" 200 2222
181.65.126.155 - - [15/Aug/2020:10:03:55 -0500] "GET /galeria/nivo-slider/nivo-slider.css HTTP/1.1" 200 1507
181.65.126.155 - - [15/Aug/2020:10:03:55 -0500] "GET /galeria/nivo-slider/demo/scripts/jquery-1.7.1.min.js HTTP/1.1" 200 93868
181.65.126.155 - - [15/Aug/2020:10:03:56 -0500] "GET /galeria/nivo-slider/demo/images/bannercovid.jpg HTTP/1.1" 200 352563
190.27.245.107 - - [15/Aug/2020:10:03:54 -0500] "GET /reportes_sipse/sdg/ServletReporte?reporte=experienia_idoneidad&solicitud=10438&pfdrid_c=false HTTP/1.1" 200 137873
181.65.126.155 - - [15/Aug/2020:10:03:56 -0500] "GET /galeria/nivo-slider/demo/images/bannerdecreto.jpg HTTP/1.1" 200 292178
181.65.126.155 - - [15/Aug/2020:10:03:56 -0500] "GET /galeria/nivo-slider/demo/images/bannerclasesvirtual.jpg HTTP/1.1" 200 191931
181.65.126.155 - - [15/Aug/2020:10:03:56 -0500] "GET /galeria/nivo-slider/demo/images/bannerwebvejez.jpg HTTP/1.1" 200 27281
181.65.126.155 - - [15/Aug/2020:10:03:56 -0500] "GET /galeria/nivo-slider/demo/images/bannerimpuesto.jpg HTTP/1.1" 200 278604
181.65.126.155 - - [15/Aug/2020:10:03:56 -0500] "GET /galeria/nivo-slider/demo/images/bannerbolsas.jpg HTTP/1.1" 200 283727
181.65.126.155 - - [15/Aug/2020:10:03:57 -0500] "GET /galeria/nivo-slider/demo/images/bannerbioseguridad.jpg HTTP/1.1" 200 228661
181.65.126.155 - - [15/Aug/2020:10:03:57 -0500] "GET /galeria/nivo-slider/demo/images/Bannercuidate.jpg HTTP/1.1" 200 75508
186.29.49.202 - - [15/Aug/2020:10:03:57 -0500] "GET /sipse/faces/javax.faces.resource/images/ui-icons_898989_256x240.png?ln=primefaces-aristo HTTP/1.1" 304 -
186.29.49.202 - - [15/Aug/2020:10:03:57 -0500] "GET /sipse/faces/javax.faces.resource/images/ui-bg_flat_0_2d5972_40x100.png?ln=primefaces-aristo HTTP/1.1" 304 -
181.65.126.155 - - [15/Aug/2020:10:03:58 -0500] "GET /galeria/nivo-slider/demo/images/Banner%20canales%20virtuales.jpg HTTP/1.1" 200 209438
181.65.126.155 - - [15/Aug/2020:10:03:58 -0500] "GET /galeria/nivo-slider/demo/images/bannernaranja.jpg HTTP/1.1" 200 40936
181.65.126.155 - - [15/Aug/2020:10:03:59 -0500] "GET /galeria/nivo-slider/demo/images/bannerhorarios.jpg HTTP/1.1" 200 50157
181.52.22.3 - - [15/Aug/2020:10:03:59 -0500] "POST /sipse/faces/presentacion/financiero/solicitudProceso/listarSolicitudProceso.xhtml HTTP/1.1" 200 9838
186.30.30.67 - - [15/Aug/2020:10:04:00 -0500] "POST /sipse/faces/presentacion/financiero/solicitudProceso/consultarSolicitudProceso.xhtml HTTP/1.1" 200 23113
186.30.30.67 - - [15/Aug/2020:10:04:01 -0500] "GET /sipse/faces/javax.faces.resource/layout/layout.css?ln=primefaces&v=4.0 HTTP/1.1" 304 -
186.30.30.67 - - [15/Aug/2020:10:04:01 -0500] "GET /sipse/faces/javax.faces.resource/primefaces.css?ln=primefaces&v=4.0 HTTP/1.1" 304 -
186.30.30.67 - - [15/Aug/2020:10:04:01 -0500] "GET /sipse/faces/javax.faces.resource/theme.css?ln=primefaces-sipse HTTP/1.1" 304 -
186.30.30.67 - - [15/Aug/2020:10:04:01 -0500] "GET /sipse/faces/javax.faces.resource/fileupload/fileupload.css?ln=primefaces&v=4.0 HTTP/1.1" 304 -
186.30.30.67 - - [15/Aug/2020:10:04:01 -0500] "GET /sipse/faces/javax.faces.resource/jquery/jquery.js?ln=primefaces&v=4.0 HTTP/1.1" 304 -
186.30.30.67 - - [15/Aug/2020:10:04:01 -0500] "GET /sipse/faces/javax.faces.resource/primefaces.js?ln=primefaces&v=4.0 HTTP/1.1" 304 -
186.30.30.67 - - [15/Aug/2020:10:04:01 -0500] "GET /sipse/faces/javax.faces.resource/fileupload/fileupload.js?ln=primefaces&v=4.0 HTTP/1.1" 304 -
186.30.30.67 - - [15/Aug/2020:10:04:01 -0500] "GET /sipse/faces/javax.faces.resource/jquery/jquery-plugins.js?ln=primefaces&v=4.0 HTTP/1.1" 304 -
186.30.30.67 - - [15/Aug/2020:10:04:01 -0500] "GET /sipse/faces/javax.faces.resource/layout/layout.js?ln=primefaces&v=4.0 HTTP/1.1" 304 -
190.27.245.107 - - [15/Aug/2020:10:03:57 -0500] "GET /reportes_sipse/sdg/ServletReporte?reporte=experienia_idoneidad&solicitud=10438&pfdrid_c=false HTTP/1.1" 200 137873
190.27.245.107 - - [15/Aug/2020:10:03:58 -0500] "GET /reportes_sipse/sdg/ServletFirma?solicitud=10800 HTTP/1.1" 200 -
186.84.232.207 - - [15/Aug/2020:10:04:02 -0500] "POST /sipse/faces/presentacion/financiero/solicitudProceso/consultar.xhtml HTTP/1.1" 200 12846
186.29.49.202 - - [15/Aug/2020:10:03:57 -0500] "POST /sipse/faces/presentacion/financiero/solicitudProceso/consultarSolicitudProceso.xhtml HTTP/1.1" 200 49245
186.29.49.202 - - [15/Aug/2020:10:04:04 -0500] "GET /sipse/faces/javax.faces.resource/theme.css?ln=primefaces-sipse HTTP/1.1" 304 -
186.29.49.202 - - [15/Aug/2020:10:04:04 -0500] "GET /sipse/faces/javax.faces.resource/layout/layout.css?ln=primefaces&v=4.0 HTTP/1.1" 304 -
186.29.49.202 - - [15/Aug/2020:10:04:04 -0500] "GET /sipse/faces/javax.faces.resource/primefaces.css?ln=primefaces&v=4.0 HTTP/1.1" 304 -
186.29.49.202 - - [15/Aug/2020:10:04:04 -0500] "GET /sipse/faces/javax.faces.resource/jquery/jquery.js?ln=primefaces&v=4.0 HTTP/1.1" 304 -
186.29.49.202 - - [15/Aug/2020:10:04:04 -0500] "GET /sipse/faces/javax.faces.resource/jquery/jquery-plugins.js?ln=primefaces&v=4.0 HTTP/1.1" 304 -
186.29.49.202 - - [15/Aug/2020:10:04:04 -0500] "GET /sipse/faces/javax.faces.resource/primefaces.js?ln=primefaces&v=4.0 HTTP/1.1" 304 -
186.29.49.202 - - [15/Aug/2020:10:04:04 -0500] "GET /sipse/faces/javax.faces.resource/layout/layout.js?ln=primefaces&v=4.0 HTTP/1.1" 304 -
186.29.49.202 - - [15/Aug/2020:10:04:04 -0500] "GET /sipse/faces/javax.faces.resource/images/ui-icons_898989_256x240.png?ln=primefaces-aristo HTTP/1.1" 304 -
186.29.49.202 - - [15/Aug/2020:10:04:04 -0500] "GET /sipse/faces/javax.faces.resource/messages/messages.png?ln=primefaces&v=4.0 HTTP/1.1" 304 -
186.29.49.202 - - [15/Aug/2020:10:04:04 -0500] "GET /sipse/faces/javax.faces.resource/images/ui-bg_flat_0_2d5972_40x100.png?ln=primefaces-aristo HTTP/1.1" 304 -
186.29.49.202 - - [15/Aug/2020:10:04:04 -0500] "POST /sipse/faces/presentacion/financiero/solicitudProceso/listarSolicitudProceso.xhtml HTTP/1.1" 200 1420
190.27.245.107 - - [15/Aug/2020:10:04:04 -0500] "GET /reportes_sipse/sdg/ServletReporte?reporte=experienia_idoneidad&solicitud=10438&pfdrid_c=false HTTP/1.1" 200 137873
186.29.49.202 - - [15/Aug/2020:10:04:08 -0500] "GET /sipse/faces/javax.faces.resource/images/ui-icons_898989_256x240.png?ln=primefaces-aristo HTTP/1.1" 304 -
186.29.49.202 - - [15/Aug/2020:10:04:08 -0500] "POST /sipse/faces/presentacion/financiero/solicitudProceso/listarSolicitudProceso.xhtml HTTP/1.1" 200 144795
186.29.49.202 - - [15/Aug/2020:10:04:10 -0500] "GET /sipse/faces/javax.faces.resource/theme.css?ln=primefaces-sipse HTTP/1.1" 304 -
186.29.49.202 - - [15/Aug/2020:10:04:10 -0500] "GET /sipse/faces/javax.faces.resource/layout/layout.css?ln=primefaces&v=4.0 HTTP/1.1" 304 -
186.29.49.202 - - [15/Aug/2020:10:04:10 -0500] "GET /sipse/faces/javax.faces.resource/primefaces.css?ln=primefaces&v=4.0 HTTP/1.1" 304 -
186.29.49.202 - - [15/Aug/2020:10:04:10 -0500] "GET /sipse/faces/javax.faces.resource/jquery/jquery.js?ln=primefaces&v=4.0 HTTP/1.1" 304 -
186.29.49.202 - - [15/Aug/2020:10:04:10 -0500] "GET /sipse/faces/javax.faces.resource/jquery/jquery-plugins.js?ln=primefaces&v=4.0 HTTP/1.1" 304 -
186.84.232.207 - - [15/Aug/2020:10:04:10 -0500] "POST /sipse/faces/presentacion/financiero/solicitudProceso/consultar.xhtml HTTP/1.1" 200 12847
186.29.49.202 - - [15/Aug/2020:10:04:10 -0500] "GET /sipse/faces/javax.faces.resource/primefaces.js?ln=primefaces&v=4.0 HTTP/1.1" 304 -
186.29.49.202 - - [15/Aug/2020:10:04:10 -0500] "GET /sipse/faces/javax.faces.resource/layout/layout.js?ln=primefaces&v=4.0 HTTP/1.1" 304 -
186.29.49.202 - - [15/Aug/2020:10:04:10 -0500] "GET /sipse/faces/javax.faces.resource/images/ui-icons_898989_256x240.png?ln=primefaces-aristo HTTP/1.1" 304 -
186.30.30.67 - - [15/Aug/2020:10:04:12 -0500] "GET /sipse/faces/javax.faces.resource/jquery/jquery.js?ln=primefaces&v=4.0 HTTP/1.1" 304 -
186.30.30.67 - - [15/Aug/2020:10:04:12 -0500] "GET /sipse/faces/javax.faces.resource/layout/layout.css?ln=primefaces&v=4.0 HTTP/1.1" 304 -
186.30.30.67 - - [15/Aug/2020:10:04:12 -0500] "GET /sipse/faces/javax.faces.resource/theme.css?ln=primefaces-sipse HTTP/1.1" 304 -
186.30.30.67 - - [15/Aug/2020:10:04:12 -0500] "GET /sipse/faces/javax.faces.resource/jquery/jquery-plugins.js?ln=primefaces&v=4.0 HTTP/1.1" 304 -
186.30.30.67 - - [15/Aug/2020:10:04:12 -0500] "GET /sipse/faces/javax.faces.resource/primefaces.css?ln=primefaces&v=4.0 HTTP/1.1" 304 -
186.30.30.67 - - [15/Aug/2020:10:04:12 -0500] "GET /sipse/faces/javax.faces.resource/primefaces.js?ln=primefaces&v=4.0 HTTP/1.1" 304 -
186.30.30.67 - - [15/Aug/2020:10:04:12 -0500] "GET /sipse/faces/javax.faces.resource/layout/layout.js?ln=primefaces&v=4.0 HTTP/1.1" 304 -
190.27.245.107 - - [15/Aug/2020:10:04:10 -0500] "GET /reportes_sipse/sdg/ServletReporte?reporte=experienia_idoneidad&solicitud=10438&pfdrid_c=false HTTP/1.1" 200 137873
186.30.30.67 - - [15/Aug/2020:10:04:05 -0500] "POST /sipse/faces/presentacion/sistema/anexos/cargarAnexoSolicitudProceso.xhtml HTTP/1.1" 200 200511
181.52.22.3 - - [15/Aug/2020:10:04:13 -0500] "POST /sipse/faces/presentacion/financiero/solicitudProceso/listarSolicitudProceso.xhtml HTTP/1.1" 200 7069
186.29.49.202 - - [15/Aug/2020:10:04:13 -0500] "GET /sipse/faces/javax.faces.resource/images/ui-icons_898989_256x240.png?ln=primefaces-aristo HTTP/1.1" 304 -
186.29.49.202 - - [15/Aug/2020:10:04:15 -0500] "GET /sipse/faces/javax.faces.resource/images/ui-bg_flat_0_2d5972_40x100.png?ln=primefaces-aristo HTTP/1.1" 304 -
190.27.245.107 - - [15/Aug/2020:10:04:13 -0500] "GET /reportes_sipse/sdg/ServletReporte?reporte=experienia_idoneidad&solicitud=10438&pfdrid_c=false HTTP/1.1" 200 137873
190.27.245.107 - - [15/Aug/2020:10:04:13 -0500] "GET /reportes_sipse/sdg/ServletReporte?reporte=experienia_idoneidad&solicitud=10438&pfdrid_c=false HTTP/1.1" 200 137873
190.27.245.107 - - [15/Aug/2020:10:04:16 -0500] "GET /reportes_sipse/sdg/ServletFirma?solicitud=9866 HTTP/1.1" 200 -
181.52.22.3 - - [15/Aug/2020:10:04:19 -0500] "POST /sipse/faces/presentacion/financiero/solicitudProceso/listarSolicitudProceso.xhtml HTTP/1.1" 200 6938
181.52.58.143 - - [15/Aug/2020:10:04:20 -0500] "GET /sipse/faces/javax.faces.resource/images/ui-icons_898989_256x240.png?ln=primefaces-aristo HTTP/1.1" 304 -
186.29.49.202 - - [15/Aug/2020:10:04:15 -0500] "POST /sipse/faces/presentacion/financiero/solicitudProceso/consultarSolicitudProceso.xhtml HTTP/1.1" 200 46306
186.29.49.202 - - [15/Aug/2020:10:04:20 -0500] "GET /sipse/faces/javax.faces.resource/theme.css?ln=primefaces-sipse HTTP/1.1" 304 -
186.29.49.202 - - [15/Aug/2020:10:04:20 -0500] "GET /sipse/faces/javax.faces.resource/primefaces.css?ln=primefaces&v=4.0 HTTP/1.1" 304 -
186.29.49.202 - - [15/Aug/2020:10:04:20 -0500] "GET /sipse/faces/javax.faces.resource/layout/layout.css?ln=primefaces&v=4.0 HTTP/1.1" 304 -
186.29.49.202 - - [15/Aug/2020:10:04:21 -0500] "GET /sipse/faces/javax.faces.resource/jquery/jquery.js?ln=primefaces&v=4.0 HTTP/1.1" 304 -
186.29.49.202 - - [15/Aug/2020:10:04:21 -0500] "GET /sipse/faces/javax.faces.resource/jquery/jquery-plugins.js?ln=primefaces&v=4.0 HTTP/1.1" 304 -
186.29.49.202 - - [15/Aug/2020:10:04:21 -0500] "GET /sipse/faces/javax.faces.resource/primefaces.js?ln=primefaces&v=4.0 HTTP/1.1" 304 -
186.29.49.202 - - [15/Aug/2020:10:04:21 -0500] "GET /sipse/faces/javax.faces.resource/layout/layout.js?ln=primefaces&v=4.0 HTTP/1.1" 304 -
186.29.49.202 - - [15/Aug/2020:10:04:21 -0500] "GET /sipse/faces/javax.faces.resource/images/ui-icons_898989_256x240.png?ln=primefaces-aristo HTTP/1.1" 304 -
186.29.49.202 - - [15/Aug/2020:10:04:21 -0500] "GET /sipse/faces/javax.faces.resource/messages/messages.png?ln=primefaces&v=4.0 HTTP/1.1" 304 -
186.29.49.202 - - [15/Aug/2020:10:04:21 -0500] "GET /sipse/faces/javax.faces.resource/images/ui-bg_flat_0_2d5972_40x100.png?ln=primefaces-aristo HTTP/1.1" 304 -
186.29.49.202 - - [15/Aug/2020:10:04:21 -0500] "POST /sipse/faces/presentacion/financiero/solicitudProceso/listarSolicitudProceso.xhtml HTTP/1.1" 200 1404
66.249.64.81 - - [15/Aug/2020:10:04:21 -0500] "-" 408 -
190.27.245.107 - - [15/Aug/2020:10:04:21 -0500] "GET /reportes_sipse/sdg/ServletReporte?reporte=experienia_idoneidad&solicitud=10438&pfdrid_c=false HTTP/1.1" 200 137873
186.29.49.202 - - [15/Aug/2020:10:04:23 -0500] "GET /sipse/faces/javax.faces.resource/images/ui-icons_898989_256x240.png?ln=primefaces-aristo HTTP/1.1" 304 -
186.29.49.202 - - [15/Aug/2020:10:04:23 -0500] "POST /sipse/faces/presentacion/financiero/solicitudProceso/listarSolicitudProceso.xhtml HTTP/1.1" 200 139370
186.29.49.202 - - [15/Aug/2020:10:04:25 -0500] "GET /sipse/faces/javax.faces.resource/theme.css?ln=primefaces-sipse HTTP/1.1" 304 -
186.29.49.202 - - [15/Aug/2020:10:04:25 -0500] "GET /sipse/faces/javax.faces.resource/layout/layout.css?ln=primefaces&v=4.0 HTTP/1.1" 304 -
186.29.49.202 - - [15/Aug/2020:10:04:25 -0500] "GET /sipse/faces/javax.faces.resource/primefaces.css?ln=primefaces&v=4.0 HTTP/1.1" 304 -
186.29.49.202 - - [15/Aug/2020:10:04:25 -0500] "GET /sipse/faces/javax.faces.resource/jquery/jquery.js?ln=primefaces&v=4.0 HTTP/1.1" 304 -
186.29.49.202 - - [15/Aug/2020:10:04:25 -0500] "GET /sipse/faces/javax.faces.resource/jquery/jquery-plugins.js?ln=primefaces&v=4.0 HTTP/1.1" 304 -
181.52.22.3 - - [15/Aug/2020:10:04:25 -0500] "POST /sipse/faces/presentacion/financiero/solicitudProceso/listarSolicitudProceso.xhtml HTTP/1.1" 200 6916
186.29.49.202 - - [15/Aug/2020:10:04:25 -0500] "GET /sipse/faces/javax.faces.resource/primefaces.js?ln=primefaces&v=4.0 HTTP/1.1" 304 -
186.29.49.202 - - [15/Aug/2020:10:04:25 -0500] "GET /sipse/faces/javax.faces.resource/layout/layout.js?ln=primefaces&v=4.0 HTTP/1.1" 304 -
186.29.49.202 - - [15/Aug/2020:10:04:25 -0500] "GET /sipse/faces/javax.faces.resource/images/ui-icons_898989_256x240.png?ln=primefaces-aristo HTTP/1.1" 304 -
186.30.30.67 - - [15/Aug/2020:10:04:25 -0500] "POST /sipse/faces/presentacion/financiero/solicitudProceso/consultarSolicitudProceso.xhtml HTTP/1.1" 200 6824
190.27.245.107 - - [15/Aug/2020:10:04:25 -0500] "GET /reportes_sipse/sdg/ServletReporte?reporte=experienia_idoneidad&solicitud=10438&pfdrid_c=false HTTP/1.1" 200 137873
186.29.49.202 - - [15/Aug/2020:10:04:30 -0500] "GET /sipse/faces/javax.faces.resource/images/ui-icons_898989_256x240.png?ln=primefaces-aristo HTTP/1.1" 304 -
186.29.49.202 - - [15/Aug/2020:10:04:30 -0500] "GET /sipse/faces/javax.faces.resource/images/ui-bg_flat_0_2d5972_40x100.png?ln=primefaces-aristo HTTP/1.1" 304 -
186.30.30.67 - - [15/Aug/2020:10:04:29 -0500] "POST /sipse/faces/presentacion/financiero/solicitudProceso/consultarSolicitudProceso.xhtml HTTP/1.1" 200 36285
190.27.245.107 - - [15/Aug/2020:10:04:30 -0500] "GET /reportes_sipse/sdg/ServletFirma?solicitud=9855 HTTP/1.1" 200 -
186.30.30.67 - - [15/Aug/2020:10:04:34 -0500] "GET /sipse/faces/javax.faces.resource/theme.css?ln=primefaces-sipse HTTP/1.1" 304 -
190.27.245.107 - - [15/Aug/2020:10:04:30 -0500] "GET /reportes_sipse/sdg/ServletReporte?reporte=experienia_idoneidad&solicitud=10438&pfdrid_c=false HTTP/1.1" 200 137873
186.30.30.67 - - [15/Aug/2020:10:04:34 -0500] "GET /sipse/faces/javax.faces.resource/layout/layout.css?ln=primefaces&v=4.0 HTTP/1.1" 304 -
186.30.30.67 - - [15/Aug/2020:10:04:34 -0500] "GET /sipse/faces/javax.faces.resource/primefaces.css?ln=primefaces&v=4.0 HTTP/1.1" 304 -
186.30.30.67 - - [15/Aug/2020:10:04:34 -0500] "GET /sipse/faces/javax.faces.resource/jquery/jquery.js?ln=primefaces&v=4.0 HTTP/1.1" 304 -
186.30.30.67 - - [15/Aug/2020:10:04:34 -0500] "GET /sipse/faces/javax.faces.resource/jquery/jquery-plugins.js?ln=primefaces&v=4.0 HTTP/1.1" 304 -
186.30.30.67 - - [15/Aug/2020:10:04:34 -0500] "GET /sipse/faces/javax.faces.resource/primefaces.js?ln=primefaces&v=4.0 HTTP/1.1" 304 -
186.30.30.67 - - [15/Aug/2020:10:04:34 -0500] "GET /sipse/faces/javax.faces.resource/layout/layout.js?ln=primefaces&v=4.0 HTTP/1.1" 304 -
186.29.49.202 - - [15/Aug/2020:10:04:30 -0500] "POST /sipse/faces/presentacion/financiero/solicitudProceso/consultarSolicitudProceso.xhtml HTTP/1.1" 200 43396
186.29.49.202 - - [15/Aug/2020:10:04:36 -0500] "GET /sipse/faces/javax.faces.resource/primefaces.css?ln=primefaces&v=4.0 HTTP/1.1" 304 -
186.29.49.202 - - [15/Aug/2020:10:04:36 -0500] "GET /sipse/faces/javax.faces.resource/layout/layout.css?ln=primefaces&v=4.0 HTTP/1.1" 304 -
186.29.49.202 - - [15/Aug/2020:10:04:36 -0500] "GET /sipse/faces/javax.faces.resource/theme.css?ln=primefaces-sipse HTTP/1.1" 304 -
186.29.49.202 - - [15/Aug/2020:10:04:36 -0500] "GET /sipse/faces/javax.faces.resource/jquery/jquery.js?ln=primefaces&v=4.0 HTTP/1.1" 304 -
186.29.49.202 - - [15/Aug/2020:10:04:36 -0500] "GET /sipse/faces/javax.faces.resource/jquery/jquery-plugins.js?ln=primefaces&v=4.0 HTTP/1.1" 304 -
186.30.30.67 - - [15/Aug/2020:10:04:35 -0500] "POST /sipse/faces/presentacion/financiero/solicitudProceso/listarSolicitudProceso.xhtml HTTP/1.1" 200 1344
186.29.49.202 - - [15/Aug/2020:10:04:36 -0500] "GET /sipse/faces/javax.faces.resource/primefaces.js?ln=primefaces&v=4.0 HTTP/1.1" 304 -
186.29.49.202 - - [15/Aug/2020:10:04:36 -0500] "GET /sipse/faces/javax.faces.resource/layout/layout.js?ln=primefaces&v=4.0 HTTP/1.1" 304 -
186.29.49.202 - - [15/Aug/2020:10:04:36 -0500] "GET /sipse/faces/javax.faces.resource/messages/messages.png?ln=primefaces&v=4.0 HTTP/1.1" 304 -
186.29.49.202 - - [15/Aug/2020:10:04:36 -0500] "GET /sipse/faces/javax.faces.resource/images/ui-icons_898989_256x240.png?ln=primefaces-aristo HTTP/1.1" 304 -
186.29.49.202 - - [15/Aug/2020:10:04:36 -0500] "GET /sipse/faces/javax.faces.resource/images/ui-bg_flat_0_2d5972_40x100.png?ln=primefaces-aristo HTTP/1.1" 304 -
186.29.49.202 - - [15/Aug/2020:10:04:36 -0500] "POST /sipse/faces/presentacion/financiero/solicitudProceso/listarSolicitudProceso.xhtml HTTP/1.1" 200 1396
190.27.245.107 - - [15/Aug/2020:10:04:36 -0500] "GET /reportes_sipse/sdg/ServletReporte?reporte=experienia_idoneidad&solicitud=10438&pfdrid_c=false HTTP/1.1" 200 137873
186.29.49.202 - - [15/Aug/2020:10:04:41 -0500] "GET /sipse/faces/javax.faces.resource/images/ui-icons_898989_256x240.png?ln=primefaces-aristo HTTP/1.1" 304 -
186.30.30.67 - - [15/Aug/2020:10:04:41 -0500] "POST /sipse/faces/presentacion/financiero/solicitudProceso/listarSolicitudProceso.xhtml HTTP/1.1" 200 8325
186.84.88.120 - - [15/Aug/2020:10:04:39 -0500] "POST /sipse/faces/presentacion/financiero/solicitudProceso/consultarSolicitudProceso.xhtml HTTP/1.1" 200 2474147
186.29.49.202 - - [15/Aug/2020:10:04:41 -0500] "POST /sipse/faces/presentacion/financiero/solicitudProceso/listarSolicitudProceso.xhtml HTTP/1.1" 200 141119
186.29.49.202 - - [15/Aug/2020:10:04:42 -0500] "GET /sipse/faces/javax.faces.resource/primefaces.css?ln=primefaces&v=4.0 HTTP/1.1" 304 -
186.29.49.202 - - [15/Aug/2020:10:04:42 -0500] "GET /sipse/faces/javax.faces.resource/theme.css?ln=primefaces-sipse HTTP/1.1" 304 -
186.29.49.202 - - [15/Aug/2020:10:04:42 -0500] "GET /sipse/faces/javax.faces.resource/layout/layout.css?ln=primefaces&v=4.0 HTTP/1.1" 304 -
186.29.49.202 - - [15/Aug/2020:10:04:42 -0500] "GET /sipse/faces/javax.faces.resource/jquery/jquery.js?ln=primefaces&v=4.0 HTTP/1.1" 304 -
186.29.49.202 - - [15/Aug/2020:10:04:42 -0500] "GET /sipse/faces/javax.faces.resource/jquery/jquery-plugins.js?ln=primefaces&v=4.0 HTTP/1.1" 304 -
186.29.49.202 - - [15/Aug/2020:10:04:42 -0500] "GET /sipse/faces/javax.faces.resource/primefaces.js?ln=primefaces&v=4.0 HTTP/1.1" 304 -
186.29.49.202 - - [15/Aug/2020:10:04:42 -0500] "GET /sipse/faces/javax.faces.resource/layout/layout.js?ln=primefaces&v=4.0 HTTP/1.1" 304 -
186.29.49.202 - - [15/Aug/2020:10:04:42 -0500] "GET /sipse/faces/javax.faces.resource/images/ui-icons_898989_256x240.png?ln=primefaces-aristo HTTP/1.1" 304 -
45.238.183.1 - - [15/Aug/2020:10:04:44 -0500] "GET /BLA/boletinlegal/js/jquery.scrollShow.js HTTP/1.1" 200 4586
45.238.183.1 - - [15/Aug/2020:10:04:44 -0500] "GET /galeria/galeria/jquery.fancybox.css?v=2.1.5 HTTP/1.1" 200 4895
45.238.183.1 - - [15/Aug/2020:10:04:44 -0500] "GET /galeria/galeria/jquery.fancybox.js?v=2.1.5 HTTP/1.1" 200 48706
190.27.245.107 - - [15/Aug/2020:10:04:42 -0500] "GET /reportes_sipse/sdg/ServletReporte?reporte=experienia_idoneidad&solicitud=10438&pfdrid_c=false HTTP/1.1" 200 137873
45.238.183.1 - - [15/Aug/2020:10:04:44 -0500] "GET /galeria/galeria/jquery.fancybox.css?v=2.1.5 HTTP/1.1" 200 4895
45.238.183.1 - - [15/Aug/2020:10:04:44 -0500] "GET /galeria/galeria/jquery.fancybox.js?v=2.1.5 HTTP/1.1" 200 48706
45.238.183.1 - - [15/Aug/2020:10:04:44 -0500] "GET /BLA/boletinlegal/js/jquery.scrollShow.js HTTP/1.1" 200 4586
186.29.49.202 - - [15/Aug/2020:10:04:48 -0500] "GET /sipse/faces/javax.faces.resource/images/ui-icons_898989_256x240.png?ln=primefaces-aristo HTTP/1.1" 304 -
186.29.49.202 - - [15/Aug/2020:10:04:48 -0500] "GET /sipse/faces/javax.faces.resource/images/ui-bg_flat_0_2d5972_40x100.png?ln=primefaces-aristo HTTP/1.1" 304 -
190.27.245.107 - - [15/Aug/2020:10:04:48 -0500] "GET /reportes_sipse/sdg/ServletReporte?reporte=experienia_idoneidad&solicitud=10438&pfdrid_c=false HTTP/1.1" 200 137873
186.29.49.202 - - [15/Aug/2020:10:04:48 -0500] "POST /sipse/faces/presentacion/financiero/solicitudProceso/consultarSolicitudProceso.xhtml HTTP/1.1" 200 40563
186.29.49.202 - - [15/Aug/2020:10:04:51 -0500] "GET /sipse/faces/javax.faces.resource/layout/layout.css?ln=primefaces&v=4.0 HTTP/1.1" 304 -
186.29.49.202 - - [15/Aug/2020:10:04:51 -0500] "GET /sipse/faces/javax.faces.resource/theme.css?ln=primefaces-sipse HTTP/1.1" 304 -
186.29.49.202 - - [15/Aug/2020:10:04:51 -0500] "GET /sipse/faces/javax.faces.resource/primefaces.css?ln=primefaces&v=4.0 HTTP/1.1" 304 -
186.29.49.202 - - [15/Aug/2020:10:04:51 -0500] "GET /sipse/faces/javax.faces.resource/jquery/jquery.js?ln=primefaces&v=4.0 HTTP/1.1" 304 -
186.29.49.202 - - [15/Aug/2020:10:04:51 -0500] "GET /sipse/faces/javax.faces.resource/jquery/jquery-plugins.js?ln=primefaces&v=4.0 HTTP/1.1" 304 -
186.29.49.202 - - [15/Aug/2020:10:04:51 -0500] "GET /sipse/faces/javax.faces.resource/primefaces.js?ln=primefaces&v=4.0 HTTP/1.1" 304 -
186.29.49.202 - - [15/Aug/2020:10:04:51 -0500] "GET /sipse/faces/javax.faces.resource/layout/layout.js?ln=primefaces&v=4.0 HTTP/1.1" 304 -
186.29.49.202 - - [15/Aug/2020:10:04:51 -0500] "GET /sipse/faces/javax.faces.resource/images/ui-icons_898989_256x240.png?ln=primefaces-aristo HTTP/1.1" 304 -
186.29.49.202 - - [15/Aug/2020:10:04:51 -0500] "GET /sipse/faces/javax.faces.resource/messages/messages.png?ln=primefaces&v=4.0 HTTP/1.1" 304 -
186.29.49.202 - - [15/Aug/2020:10:04:51 -0500] "GET /sipse/faces/javax.faces.resource/images/ui-bg_flat_0_2d5972_40x100.png?ln=primefaces-aristo HTTP/1.1" 304 -
186.29.49.202 - - [15/Aug/2020:10:04:51 -0500] "POST /sipse/faces/presentacion/financiero/solicitudProceso/listarSolicitudProceso.xhtml HTTP/1.1" 200 1376
190.27.245.107 - - [15/Aug/2020:10:04:51 -0500] "GET /reportes_sipse/sdg/ServletReporte?reporte=experienia_idoneidad&solicitud=10438&pfdrid_c=false HTTP/1.1" 200 137873
186.29.49.202 - - [15/Aug/2020:10:04:53 -0500] "GET /sipse/faces/javax.faces.resource/images/ui-icons_898989_256x240.png?ln=primefaces-aristo HTTP/1.1" 304 -
201.221.165.176 - - [15/Aug/2020:10:04:51 -0500] "POST /sipse/faces/presentacion/financiero/solicitudProceso/consultarSolicitudProceso.xhtml HTTP/1.1" 200 4784720
186.30.30.67 - - [15/Aug/2020:10:04:58 -0500] "POST /sipse/faces/presentacion/financiero/solicitudProceso/listarSolicitudProceso.xhtml HTTP/1.1" 200 8176
201.221.165.176 - - [15/Aug/2020:10:05:02 -0500] "POST /sipse/faces/presentacion/financiero/solicitudProceso/consultarSolicitudProceso.xhtml HTTP/1.1" 200 2304827
186.81.181.75 - - [15/Aug/2020:10:05:08 -0500] "GET /galeria/carrusel/Carrusel/jquery.thumbnailScroller.css HTTP/1.1" 200 2066
186.81.181.75 - - [15/Aug/2020:10:05:08 -0500] "GET /galeria/carrusel/Carrusel/jquery-ui-1.8.13.custom.min.js HTTP/1.1" 200 10800
186.81.181.75 - - [15/Aug/2020:10:05:08 -0500] "GET /galeria/carrusel/Carrusel/jquery.thumbnailScroller.js HTTP/1.1" 200 8157
186.81.181.75 - - [15/Aug/2020:10:05:08 -0500] "GET /galeria/nivo-slider/demo/inicio80.html HTTP/1.1" 200 5161
186.81.181.75 - - [15/Aug/2020:10:05:09 -0500] "GET /galeria/nivo-slider/themes/default/default.css HTTP/1.1" 200 1569
186.81.181.75 - - [15/Aug/2020:10:05:09 -0500] "GET /galeria/nivo-slider/themes/pascal/pascal.css HTTP/1.1" 200 2258
186.81.181.75 - - [15/Aug/2020:10:05:09 -0500] "GET /galeria/nivo-slider/themes/orman/orman.css HTTP/1.1" 200 2152
186.81.181.75 - - [15/Aug/2020:10:05:09 -0500] "GET /galeria/nivo-slider/demo/style.css HTTP/1.1" 200 2222
186.81.181.75 - - [15/Aug/2020:10:05:09 -0500] "GET /galeria/nivo-slider/nivo-slider.css HTTP/1.1" 200 1507
186.81.181.75 - - [15/Aug/2020:10:05:09 -0500] "GET /galeria/nivo-slider/demo/scripts/jquery-1.7.1.min.js HTTP/1.1" 200 93868
186.81.181.75 - - [15/Aug/2020:10:05:09 -0500] "GET /galeria/nivo-slider/jquery.nivo.slider.pack.js HTTP/1.1" 200 11561
186.81.181.75 - - [15/Aug/2020:10:05:09 -0500] "GET /galeria/nivo-slider/demo/images/bannerdecreto.jpg HTTP/1.1" 200 292178
186.81.181.75 - - [15/Aug/2020:10:05:09 -0500] "GET /galeria/nivo-slider/demo/images/bannerclasesvirtual.jpg HTTP/1.1" 200 191931
186.81.181.75 - - [15/Aug/2020:10:05:09 -0500] "GET /galeria/nivo-slider/demo/images/bannerwebvejez.jpg HTTP/1.1" 200 27281
186.81.181.75 - - [15/Aug/2020:10:05:09 -0500] "GET /galeria/nivo-slider/demo/images/bannerdelirio.jpg HTTP/1.1" 200 187329
186.81.181.75 - - [15/Aug/2020:10:05:09 -0500] "GET /galeria/nivo-slider/demo/images/Banner%20canales%20virtuales.jpg HTTP/1.1" 200 209438
186.81.181.75 - - [15/Aug/2020:10:05:09 -0500] "GET /galeria/nivo-slider/demo/images/bannerjardin.jpg HTTP/1.1" 200 302761
186.81.181.75 - - [15/Aug/2020:10:05:09 -0500] "GET /galeria/nivo-slider/demo/images/bannerplan2020.png HTTP/1.1" 200 144663
186.81.181.75 - - [15/Aug/2020:10:05:09 -0500] "GET /galeria/nivo-slider/demo/images/bannerbioseguridad.jpg HTTP/1.1" 200 228661
186.81.181.75 - - [15/Aug/2020:10:05:09 -0500] "GET /galeria/nivo-slider/demo/images/bannerbolsas.jpg HTTP/1.1" 200 283727
186.81.181.75 - - [15/Aug/2020:10:05:09 -0500] "GET /galeria/nivo-slider/demo/images/bannercovid.jpg HTTP/1.1" 200 352563
186.81.181.75 - - [15/Aug/2020:10:05:09 -0500] "GET /galeria/nivo-slider/demo/images/bannersolidariacasa.jpg HTTP/1.1" 200 70999
186.81.181.75 - - [15/Aug/2020:10:05:09 -0500] "GET /galeria/nivo-slider/demo/images/bannernaranja.jpg HTTP/1.1" 200 40936
186.81.181.75 - - [15/Aug/2020:10:05:09 -0500] "GET /galeria/nivo-slider/demo/images/bannerhorarios.jpg HTTP/1.1" 200 50157
186.81.181.75 - - [15/Aug/2020:10:05:09 -0500] "GET /galeria/nivo-slider/demo/images/Bannercuidate.jpg HTTP/1.1" 200 75508
186.81.181.75 - - [15/Aug/2020:10:05:09 -0500] "GET /galeria/nivo-slider/demo/images/bannerimpuesto.jpg HTTP/1.1" 200 278604
186.81.181.75 - - [15/Aug/2020:10:05:09 -0500] "GET /galeria/nivo-slider/demo/images/4Simple_Slider.png HTTP/1.1" 200 11722
186.81.181.75 - - [15/Aug/2020:10:05:09 -0500] "GET /galeria/nivo-slider/themes/default/loading.gif HTTP/1.1" 200 1737
186.81.181.75 - - [15/Aug/2020:10:05:10 -0500] "GET /galeria/nivo-slider/themes/default/arrows.png HTTP/1.1" 200 824
186.81.181.75 - - [15/Aug/2020:10:05:10 -0500] "GET /galeria/nivo-slider/themes/default/bullets.png HTTP/1.1" 200 1281
186.84.88.120 - - [15/Aug/2020:10:05:13 -0500] "POST /sipse/faces/presentacion/financiero/solicitudProceso/consultarSolicitudProceso.xhtml HTTP/1.1" 200 3361237
190.24.188.178 - - [15/Aug/2020:10:05:28 -0500] "GET /galeria/galeria/jquery.fancybox.css?v=2.1.5 HTTP/1.1" 200 4895
190.24.188.178 - - [15/Aug/2020:10:05:29 -0500] "GET /BLA/boletinlegal/js/jquery.scrollShow.js HTTP/1.1" 200 4586
190.24.188.178 - - [15/Aug/2020:10:05:31 -0500] "GET /galeria/galeria/jquery.fancybox.js?v=2.1.5 HTTP/1.1" 200 48706
186.29.49.202 - - [15/Aug/2020:10:05:45 -0500] "GET /sipse/faces/javax.faces.resource/images/ui-icons_898989_256x240.png?ln=primefaces-aristo HTTP/1.1" 304 -
186.29.49.202 - - [15/Aug/2020:10:05:45 -0500] "POST /sipse/faces/presentacion/financiero/solicitudProceso/listarSolicitudProceso.xhtml HTTP/1.1" 200 139463
186.29.49.202 - - [15/Aug/2020:10:05:46 -0500] "GET /sipse/faces/javax.faces.resource/theme.css?ln=primefaces-sipse HTTP/1.1" 304 -
186.29.49.202 - - [15/Aug/2020:10:05:46 -0500] "GET /sipse/faces/javax.faces.resource/primefaces.css?ln=primefaces&v=4.0 HTTP/1.1" 304 -
186.29.49.202 - - [15/Aug/2020:10:05:46 -0500] "GET /sipse/faces/javax.faces.resource/layout/layout.css?ln=primefaces&v=4.0 HTTP/1.1" 304 -
186.29.49.202 - - [15/Aug/2020:10:05:46 -0500] "GET /sipse/faces/javax.faces.resource/jquery/jquery.js?ln=primefaces&v=4.0 HTTP/1.1" 304 -
186.29.49.202 - - [15/Aug/2020:10:05:46 -0500] "GET /sipse/faces/javax.faces.resource/jquery/jquery-plugins.js?ln=primefaces&v=4.0 HTTP/1.1" 304 -
186.29.49.202 - - [15/Aug/2020:10:05:46 -0500] "GET /sipse/faces/javax.faces.resource/primefaces.js?ln=primefaces&v=4.0 HTTP/1.1" 304 -
186.29.49.202 - - [15/Aug/2020:10:05:46 -0500] "GET /sipse/faces/javax.faces.resource/layout/layout.js?ln=primefaces&v=4.0 HTTP/1.1" 304 -
186.29.49.202 - - [15/Aug/2020:10:05:46 -0500] "GET /sipse/faces/javax.faces.resource/images/ui-icons_898989_256x240.png?ln=primefaces-aristo HTTP/1.1" 304 -
190.27.245.107 - - [15/Aug/2020:10:05:46 -0500] "GET /reportes_sipse/sdg/ServletReporte?reporte=experienia_idoneidad&solicitud=10438&pfdrid_c=false HTTP/1.1" 200 137873
186.29.49.202 - - [15/Aug/2020:10:05:51 -0500] "GET /sipse/faces/javax.faces.resource/images/ui-icons_898989_256x240.png?ln=primefaces-aristo HTTP/1.1" 304 -
186.29.49.202 - - [15/Aug/2020:10:05:53 -0500] "GET /sipse/faces/javax.faces.resource/images/ui-bg_flat_0_2d5972_40x100.png?ln=primefaces-aristo HTTP/1.1" 304 -
190.27.245.107 - - [15/Aug/2020:10:05:51 -0500] "GET /reportes_sipse/sdg/ServletReporte?reporte=experienia_idoneidad&solicitud=10438&pfdrid_c=false HTTP/1.1" 200 137873
186.29.49.202 - - [15/Aug/2020:10:05:53 -0500] "POST /sipse/faces/presentacion/financiero/solicitudProceso/consultarSolicitudProceso.xhtml HTTP/1.1" 200 37623
186.29.49.202 - - [15/Aug/2020:10:05:56 -0500] "GET /sipse/faces/javax.faces.resource/primefaces.css?ln=primefaces&v=4.0 HTTP/1.1" 304 -
186.29.49.202 - - [15/Aug/2020:10:05:56 -0500] "GET /sipse/faces/javax.faces.resource/theme.css?ln=primefaces-sipse HTTP/1.1" 304 -
186.29.49.202 - - [15/Aug/2020:10:05:56 -0500] "GET /sipse/faces/javax.faces.resource/layout/layout.css?ln=primefaces&v=4.0 HTTP/1.1" 304 -
186.29.49.202 - - [15/Aug/2020:10:05:56 -0500] "GET /sipse/faces/javax.faces.resource/jquery/jquery.js?ln=primefaces&v=4.0 HTTP/1.1" 304 -
186.29.49.202 - - [15/Aug/2020:10:05:56 -0500] "GET /sipse/faces/javax.faces.resource/jquery/jquery-plugins.js?ln=primefaces&v=4.0 HTTP/1.1" 304 -
186.29.49.202 - - [15/Aug/2020:10:05:56 -0500] "GET /sipse/faces/javax.faces.resource/primefaces.js?ln=primefaces&v=4.0 HTTP/1.1" 304 -
186.29.49.202 - - [15/Aug/2020:10:05:56 -0500] "GET /sipse/faces/javax.faces.resource/layout/layout.js?ln=primefaces&v=4.0 HTTP/1.1" 304 -
186.29.49.202 - - [15/Aug/2020:10:05:56 -0500] "GET /sipse/faces/javax.faces.resource/images/ui-icons_898989_256x240.png?ln=primefaces-aristo HTTP/1.1" 304 -
186.29.49.202 - - [15/Aug/2020:10:05:56 -0500] "GET /sipse/faces/javax.faces.resource/messages/messages.png?ln=primefaces&v=4.0 HTTP/1.1" 304 -
186.29.49.202 - - [15/Aug/2020:10:05:56 -0500] "GET /sipse/faces/javax.faces.resource/images/ui-bg_flat_0_2d5972_40x100.png?ln=primefaces-aristo HTTP/1.1" 304 -
186.29.49.202 - - [15/Aug/2020:10:05:56 -0500] "POST /sipse/faces/presentacion/financiero/solicitudProceso/listarSolicitudProceso.xhtml HTTP/1.1" 200 1364
190.27.245.107 - - [15/Aug/2020:10:05:56 -0500] "GET /reportes_sipse/sdg/ServletReporte?reporte=experienia_idoneidad&solicitud=10438&pfdrid_c=false HTTP/1.1" 200 137873
186.30.30.67 - - [15/Aug/2020:10:05:58 -0500] "POST /sipse/faces/presentacion/financiero/solicitudProceso/listarSolicitudProceso.xhtml HTTP/1.1" 200 8215
186.29.49.202 - - [15/Aug/2020:10:06:00 -0500] "GET /sipse/faces/javax.faces.resource/images/ui-icons_898989_256x240.png?ln=primefaces-aristo HTTP/1.1" 304 -
186.29.49.202 - - [15/Aug/2020:10:06:02 -0500] "POST /sipse/faces/presentacion/financiero/solicitudProceso/listarSolicitudProceso.xhtml HTTP/1.1" 200 141154
186.29.49.202 - - [15/Aug/2020:10:06:03 -0500] "GET /sipse/faces/javax.faces.resource/layout/layout.css?ln=primefaces&v=4.0 HTTP/1.1" 304 -
186.29.49.202 - - [15/Aug/2020:10:06:03 -0500] "GET /sipse/faces/javax.faces.resource/theme.css?ln=primefaces-sipse HTTP/1.1" 304 -
186.29.49.202 - - [15/Aug/2020:10:06:03 -0500] "GET /sipse/faces/javax.faces.resource/primefaces.css?ln=primefaces&v=4.0 HTTP/1.1" 304 -
186.29.49.202 - - [15/Aug/2020:10:06:03 -0500] "GET /sipse/faces/javax.faces.resource/jquery/jquery.js?ln=primefaces&v=4.0 HTTP/1.1" 304 -
186.29.49.202 - - [15/Aug/2020:10:06:03 -0500] "GET /sipse/faces/javax.faces.resource/jquery/jquery-plugins.js?ln=primefaces&v=4.0 HTTP/1.1" 304 -
186.29.49.202 - - [15/Aug/2020:10:06:03 -0500] "GET /sipse/faces/javax.faces.resource/primefaces.js?ln=primefaces&v=4.0 HTTP/1.1" 304 -
186.29.49.202 - - [15/Aug/2020:10:06:03 -0500] "GET /sipse/faces/javax.faces.resource/layout/layout.js?ln=primefaces&v=4.0 HTTP/1.1" 304 -
186.29.49.202 - - [15/Aug/2020:10:06:03 -0500] "GET /sipse/faces/javax.faces.resource/images/ui-icons_898989_256x240.png?ln=primefaces-aristo HTTP/1.1" 304 -
190.27.245.107 - - [15/Aug/2020:10:06:03 -0500] "GET /reportes_sipse/sdg/ServletReporte?reporte=experienia_idoneidad&solicitud=10438&pfdrid_c=false HTTP/1.1" 200 137873
186.29.49.202 - - [15/Aug/2020:10:06:09 -0500] "GET /sipse/faces/javax.faces.resource/images/ui-icons_898989_256x240.png?ln=primefaces-aristo HTTP/1.1" 304 -
186.29.49.202 - - [15/Aug/2020:10:06:09 -0500] "GET /sipse/faces/javax.faces.resource/images/ui-bg_flat_0_2d5972_40x100.png?ln=primefaces-aristo HTTP/1.1" 304 -
190.27.245.107 - - [15/Aug/2020:10:06:09 -0500] "GET /reportes_sipse/sdg/ServletReporte?reporte=experienia_idoneidad&solicitud=10438&pfdrid_c=false HTTP/1.1" 200 137873
186.29.49.202 - - [15/Aug/2020:10:06:09 -0500] "POST /sipse/faces/presentacion/financiero/solicitudProceso/consultarSolicitudProceso.xhtml HTTP/1.1" 200 34752
186.29.49.202 - - [15/Aug/2020:10:06:11 -0500] "GET /sipse/faces/javax.faces.resource/theme.css?ln=primefaces-sipse HTTP/1.1" 304 -
186.29.49.202 - - [15/Aug/2020:10:06:11 -0500] "GET /sipse/faces/javax.faces.resource/layout/layout.css?ln=primefaces&v=4.0 HTTP/1.1" 304 -
186.29.49.202 - - [15/Aug/2020:10:06:11 -0500] "GET /sipse/faces/javax.faces.resource/primefaces.css?ln=primefaces&v=4.0 HTTP/1.1" 304 -
186.29.49.202 - - [15/Aug/2020:10:06:11 -0500] "GET /sipse/faces/javax.faces.resource/jquery/jquery.js?ln=primefaces&v=4.0 HTTP/1.1" 304 -
186.29.49.202 - - [15/Aug/2020:10:06:11 -0500] "GET /sipse/faces/javax.faces.resource/jquery/jquery-plugins.js?ln=primefaces&v=4.0 HTTP/1.1" 304 -
186.29.49.202 - - [15/Aug/2020:10:06:11 -0500] "GET /sipse/faces/javax.faces.resource/primefaces.js?ln=primefaces&v=4.0 HTTP/1.1" 304 -
186.29.49.202 - - [15/Aug/2020:10:06:11 -0500] "GET /sipse/faces/javax.faces.resource/layout/layout.js?ln=primefaces&v=4.0 HTTP/1.1" 304 -
186.29.49.202 - - [15/Aug/2020:10:06:11 -0500] "GET /sipse/faces/javax.faces.resource/images/ui-icons_898989_256x240.png?ln=primefaces-aristo HTTP/1.1" 304 -
186.29.49.202 - - [15/Aug/2020:10:06:11 -0500] "GET /sipse/faces/javax.faces.resource/messages/messages.png?ln=primefaces&v=4.0 HTTP/1.1" 304 -
186.29.49.202 - - [15/Aug/2020:10:06:11 -0500] "GET /sipse/faces/javax.faces.resource/images/ui-bg_flat_0_2d5972_40x100.png?ln=primefaces-aristo HTTP/1.1" 304 -
186.29.49.202 - - [15/Aug/2020:10:06:11 -0500] "POST /sipse/faces/presentacion/financiero/solicitudProceso/listarSolicitudProceso.xhtml HTTP/1.1" 200 1344
190.27.245.107 - - [15/Aug/2020:10:06:11 -0500] "GET /reportes_sipse/sdg/ServletReporte?reporte=experienia_idoneidad&solicitud=10438&pfdrid_c=false HTTP/1.1" 200 137873
186.29.49.202 - - [15/Aug/2020:10:06:16 -0500] "GET /sipse/faces/javax.faces.resource/images/ui-icons_898989_256x240.png?ln=primefaces-aristo HTTP/1.1" 304 -
190.237.151.173 - - [15/Aug/2020:10:06:16 -0500] "GET /galeria/galeria/jquery.fancybox.css?v=2.1.5 HTTP/1.1" 200 4895
190.237.151.173 - - [15/Aug/2020:10:06:16 -0500] "GET /BLA/boletinlegal/js/jquery.scrollShow.js HTTP/1.1" 200 4586
190.237.151.173 - - [15/Aug/2020:10:06:16 -0500] "GET /galeria/galeria/jquery.fancybox.js?v=2.1.5 HTTP/1.1" 200 48706
191.156.52.201 - - [15/Aug/2020:10:06:18 -0500] "GET /galeria/galeria/jquery.fancybox.css?v=2.1.5 HTTP/1.1" 200 4895
191.156.52.201 - - [15/Aug/2020:10:06:18 -0500] "GET /BLA/boletinlegal/js/jquery.scrollShow.js HTTP/1.1" 200 4586
186.29.49.202 - - [15/Aug/2020:10:06:17 -0500] "POST /sipse/faces/presentacion/financiero/solicitudProceso/listarSolicitudProceso.xhtml HTTP/1.1" 200 141916
186.29.49.202 - - [15/Aug/2020:10:06:18 -0500] "GET /sipse/faces/javax.faces.resource/theme.css?ln=primefaces-sipse HTTP/1.1" 304 -
186.29.49.202 - - [15/Aug/2020:10:06:18 -0500] "GET /sipse/faces/javax.faces.resource/primefaces.css?ln=primefaces&v=4.0 HTTP/1.1" 304 -
186.29.49.202 - - [15/Aug/2020:10:06:18 -0500] "GET /sipse/faces/javax.faces.resource/layout/layout.css?ln=primefaces&v=4.0 HTTP/1.1" 304 -
186.29.49.202 - - [15/Aug/2020:10:06:18 -0500] "GET /sipse/faces/javax.faces.resource/jquery/jquery.js?ln=primefaces&v=4.0 HTTP/1.1" 304 -
186.29.49.202 - - [15/Aug/2020:10:06:18 -0500] "GET /sipse/faces/javax.faces.resource/jquery/jquery-plugins.js?ln=primefaces&v=4.0 HTTP/1.1" 304 -
186.29.49.202 - - [15/Aug/2020:10:06:18 -0500] "GET /sipse/faces/javax.faces.resource/primefaces.js?ln=primefaces&v=4.0 HTTP/1.1" 304 -
186.29.49.202 - - [15/Aug/2020:10:06:18 -0500] "GET /sipse/faces/javax.faces.resource/layout/layout.js?ln=primefaces&v=4.0 HTTP/1.1" 304 -
186.29.49.202 - - [15/Aug/2020:10:06:19 -0500] "GET /sipse/faces/javax.faces.resource/images/ui-icons_898989_256x240.png?ln=primefaces-aristo HTTP/1.1" 304 -
191.156.52.201 - - [15/Aug/2020:10:06:19 -0500] "GET /galeria/galeria/jquery.fancybox.js?v=2.1.5 HTTP/1.1" 200 48706
191.156.52.201 - - [15/Aug/2020:10:06:19 -0500] "GET /galeria/carrusel/Carrusel/jquery.thumbnailScroller.css HTTP/1.1" 200 2066
191.156.52.201 - - [15/Aug/2020:10:06:19 -0500] "GET /galeria/nivo-slider/demo/inicio80.html HTTP/1.1" 200 5161
191.156.58.31 - - [15/Aug/2020:10:06:19 -0500] "GET /galeria/carrusel/Carrusel/jquery-ui-1.8.13.custom.min.js HTTP/1.1" 200 10800
191.156.58.31 - - [15/Aug/2020:10:06:19 -0500] "GET /galeria/carrusel/Carrusel/jquery.thumbnailScroller.js HTTP/1.1" 200 8157
191.156.52.201 - - [15/Aug/2020:10:06:19 -0500] "GET /galeria/nivo-slider/themes/default/default.css HTTP/1.1" 200 1569
191.156.52.201 - - [15/Aug/2020:10:06:19 -0500] "GET /galeria/nivo-slider/themes/pascal/pascal.css HTTP/1.1" 200 2258
191.156.52.201 - - [15/Aug/2020:10:06:19 -0500] "GET /galeria/nivo-slider/themes/orman/orman.css HTTP/1.1" 200 2152
191.156.52.201 - - [15/Aug/2020:10:06:19 -0500] "GET /galeria/nivo-slider/nivo-slider.css HTTP/1.1" 200 1507
191.156.52.201 - - [15/Aug/2020:10:06:19 -0500] "GET /galeria/nivo-slider/demo/style.css HTTP/1.1" 200 2222
191.156.52.201 - - [15/Aug/2020:10:06:19 -0500] "GET /galeria/nivo-slider/demo/scripts/jquery-1.7.1.min.js HTTP/1.1" 200 93868
191.156.52.201 - - [15/Aug/2020:10:06:19 -0500] "GET /galeria/nivo-slider/jquery.nivo.slider.pack.js HTTP/1.1" 200 11561
191.156.52.201 - - [15/Aug/2020:10:06:19 -0500] "GET /galeria/nivo-slider/demo/images/bannerdecreto.jpg HTTP/1.1" 200 292178
191.156.52.201 - - [15/Aug/2020:10:06:20 -0500] "GET /galeria/nivo-slider/themes/default/loading.gif HTTP/1.1" 200 1737
191.156.52.201 - - [15/Aug/2020:10:06:20 -0500] "GET /galeria/nivo-slider/demo/images/4Simple_Slider.png HTTP/1.1" 200 11722
191.156.52.201 - - [15/Aug/2020:10:06:20 -0500] "GET /galeria/nivo-slider/demo/images/bannerclasesvirtual.jpg HTTP/1.1" 200 191931
191.156.52.201 - - [15/Aug/2020:10:06:20 -0500] "GET /galeria/nivo-slider/demo/images/bannerwebvejez.jpg HTTP/1.1" 200 27281
191.156.52.201 - - [15/Aug/2020:10:06:20 -0500] "GET /galeria/nivo-slider/demo/images/bannerdelirio.jpg HTTP/1.1" 200 187329
191.156.52.201 - - [15/Aug/2020:10:06:20 -0500] "GET /galeria/nivo-slider/demo/images/bannernaranja.jpg HTTP/1.1" 200 40936
191.156.52.201 - - [15/Aug/2020:10:06:21 -0500] "GET /galeria/nivo-slider/demo/images/bannerjardin.jpg HTTP/1.1" 200 302761
191.156.52.201 - - [15/Aug/2020:10:06:21 -0500] "GET /galeria/nivo-slider/demo/images/Bannercuidate.jpg HTTP/1.1" 200 75508
190.27.245.107 - - [15/Aug/2020:10:06:18 -0500] "GET /reportes_sipse/sdg/ServletReporte?reporte=experienia_idoneidad&solicitud=10438&pfdrid_c=false HTTP/1.1" 200 137873
191.156.52.201 - - [15/Aug/2020:10:06:21 -0500] "GET /galeria/nivo-slider/demo/images/Banner%20canales%20virtuales.jpg HTTP/1.1" 200 209438
69.171.251.13 - - [15/Aug/2020:10:06:21 -0500] "GET /galeria/galeria/jquery.fancybox.js?v=2.1.5 HTTP/1.1" 206 48706
191.156.52.201 - - [15/Aug/2020:10:06:21 -0500] "GET /galeria/nivo-slider/demo/images/bannerhorarios.jpg HTTP/1.1" 200 50157
191.156.52.201 - - [15/Aug/2020:10:06:21 -0500] "GET /galeria/nivo-slider/demo/images/bannerimpuesto.jpg HTTP/1.1" 200 278604
191.156.52.201 - - [15/Aug/2020:10:06:21 -0500] "GET /galeria/nivo-slider/demo/images/bannerbolsas.jpg HTTP/1.1" 200 283727
186.29.49.202 - - [15/Aug/2020:10:06:21 -0500] "GET /sipse/faces/javax.faces.resource/images/ui-icons_898989_256x240.png?ln=primefaces-aristo HTTP/1.1" 304 -
186.29.49.202 - - [15/Aug/2020:10:06:22 -0500] "GET /sipse/faces/javax.faces.resource/images/ui-bg_flat_0_2d5972_40x100.png?ln=primefaces-aristo HTTP/1.1" 304 -
191.156.52.201 - - [15/Aug/2020:10:06:22 -0500] "GET /galeria/nivo-slider/demo/images/bannerbioseguridad.jpg HTTP/1.1" 200 228661
191.156.52.201 - - [15/Aug/2020:10:06:22 -0500] "GET /galeria/nivo-slider/demo/images/bannercovid.jpg HTTP/1.1" 200 352563
191.156.52.201 - - [15/Aug/2020:10:06:22 -0500] "GET /galeria/nivo-slider/demo/images/bannersolidariacasa.jpg HTTP/1.1" 200 70999
191.156.52.201 - - [15/Aug/2020:10:06:22 -0500] "GET /galeria/nivo-slider/demo/images/bannerplan2020.png HTTP/1.1" 200 144663
191.156.52.201 - - [15/Aug/2020:10:06:23 -0500] "GET /galeria/nivo-slider/themes/default/arrows.png HTTP/1.1" 200 824
191.156.52.201 - - [15/Aug/2020:10:06:23 -0500] "GET /galeria/nivo-slider/themes/default/bullets.png HTTP/1.1" 200 1281
190.27.245.107 - - [15/Aug/2020:10:06:21 -0500] "GET /reportes_sipse/sdg/ServletReporte?reporte=experienia_idoneidad&solicitud=10438&pfdrid_c=false HTTP/1.1" 200 137873
186.29.49.202 - - [15/Aug/2020:10:06:22 -0500] "POST /sipse/faces/presentacion/financiero/solicitudProceso/consultarSolicitudProceso.xhtml HTTP/1.1" 200 31756
186.29.49.202 - - [15/Aug/2020:10:06:24 -0500] "GET /sipse/faces/javax.faces.resource/theme.css?ln=primefaces-sipse HTTP/1.1" 304 -
