181.61.68.11 - - [15/Aug/2020:10:44:26 -0500] "GET /sipse/faces/javax.faces.resource/primefaces.js?ln=primefaces&v=4.0 HTTP/1.1" 304 -
181.61.68.11 - - [15/Aug/2020:10:44:26 -0500] "GET /sipse/faces/javax.faces.resource/layout/layout.js?ln=primefaces&v=4.0 HTTP/1.1" 304 -
181.61.68.11 - - [15/Aug/2020:10:44:25 -0500] "POST /sipse/faces/presentacion/sistema/anexos/cargarAnexoSolicitudProceso.xhtml HTTP/1.1" 200 174115
190.27.245.107 - - [15/Aug/2020:10:44:27 -0500] "GET /reportes_sipse/sdg/ServletReporte?reporte=experienia_idoneidad&solicitud=9904&pfdrid_c=false HTTP/1.1" 200 115961
181.52.58.143 - - [15/Aug/2020:10:44:27 -0500] "POST /sipse/faces/presentacion/financiero/solicitudProceso/consultarSolicitudProceso.xhtml HTTP/1.1" 200 50711
181.52.58.143 - - [15/Aug/2020:10:44:28 -0500] "GET /sipse/faces/javax.faces.resource/theme.css?ln=primefaces-sipse HTTP/1.1" 304 -
181.52.58.143 - - [15/Aug/2020:10:44:28 -0500] "GET /sipse/faces/javax.faces.resource/primefaces.css?ln=primefaces&v=4.0 HTTP/1.1" 304 -
181.52.58.143 - - [15/Aug/2020:10:44:28 -0500] "GET /sipse/faces/javax.faces.resource/layout/layout.css?ln=primefaces&v=4.0 HTTP/1.1" 304 -
181.52.58.143 - - [15/Aug/2020:10:44:28 -0500] "GET /sipse/faces/javax.faces.resource/jquery/jquery.js?ln=primefaces&v=4.0 HTTP/1.1" 304 -
181.52.58.143 - - [15/Aug/2020:10:44:28 -0500] "GET /sipse/faces/javax.faces.resource/jquery/jquery-plugins.js?ln=primefaces&v=4.0 HTTP/1.1" 304 -
181.52.58.143 - - [15/Aug/2020:10:44:28 -0500] "GET /sipse/faces/javax.faces.resource/primefaces.js?ln=primefaces&v=4.0 HTTP/1.1" 304 -
181.52.58.143 - - [15/Aug/2020:10:44:28 -0500] "GET /sipse/faces/javax.faces.resource/layout/layout.js?ln=primefaces&v=4.0 HTTP/1.1" 304 -
186.31.97.14 - - [15/Aug/2020:10:44:29 -0500] "POST /sipse/faces/presentacion/financiero/solicitudProceso/consultar.xhtml HTTP/1.1" 200 12811
181.52.58.143 - - [15/Aug/2020:10:44:32 -0500] "POST /sipse/faces/presentacion/financiero/estudioPrevio/personalSolicitado/expedirExperienciaIdoneidad.xhtml HTTP/1.1" 200 6408
181.52.58.143 - - [15/Aug/2020:10:44:32 -0500] "POST /sipse/faces/presentacion/financiero/estudioPrevio/personalSolicitado/expedirExperienciaIdoneidad.xhtml HTTP/1.1" 200 56661
181.52.58.143 - - [15/Aug/2020:10:44:32 -0500] "GET /sipse/faces/javax.faces.resource/theme.css?ln=primefaces-sipse HTTP/1.1" 304 -
181.52.58.143 - - [15/Aug/2020:10:44:32 -0500] "GET /sipse/faces/javax.faces.resource/primefaces.css?ln=primefaces&v=4.0 HTTP/1.1" 304 -
181.52.58.143 - - [15/Aug/2020:10:44:32 -0500] "GET /sipse/faces/javax.faces.resource/layout/layout.css?ln=primefaces&v=4.0 HTTP/1.1" 304 -
181.52.58.143 - - [15/Aug/2020:10:44:32 -0500] "GET /sipse/faces/javax.faces.resource/jquery/jquery.js?ln=primefaces&v=4.0 HTTP/1.1" 304 -
181.52.58.143 - - [15/Aug/2020:10:44:32 -0500] "GET /sipse/faces/javax.faces.resource/jquery/jquery-plugins.js?ln=primefaces&v=4.0 HTTP/1.1" 304 -
181.52.58.143 - - [15/Aug/2020:10:44:32 -0500] "GET /sipse/faces/javax.faces.resource/primefaces.js?ln=primefaces&v=4.0 HTTP/1.1" 304 -
181.52.58.143 - - [15/Aug/2020:10:44:32 -0500] "GET /sipse/faces/javax.faces.resource/layout/layout.js?ln=primefaces&v=4.0 HTTP/1.1" 304 -
181.52.58.143 - - [15/Aug/2020:10:44:34 -0500] "POST /sipse/faces/presentacion/financiero/estudioPrevio/personalSolicitado/expedirExperienciaIdoneidad.xhtml HTTP/1.1" 200 5757
181.52.58.143 - - [15/Aug/2020:10:44:34 -0500] "GET /sipse/faces/javax.faces.resource/primefaces.css?ln=primefaces&v=4.0 HTTP/1.1" 304 -
181.52.58.143 - - [15/Aug/2020:10:44:34 -0500] "GET /sipse/faces/javax.faces.resource/theme.css?ln=primefaces-sipse HTTP/1.1" 304 -
181.52.58.143 - - [15/Aug/2020:10:44:34 -0500] "GET /sipse/faces/javax.faces.resource/jquery/jquery.js?ln=primefaces&v=4.0 HTTP/1.1" 304 -
181.52.58.143 - - [15/Aug/2020:10:44:34 -0500] "GET /sipse/faces/javax.faces.resource/layout/layout.css?ln=primefaces&v=4.0 HTTP/1.1" 304 -
181.52.58.143 - - [15/Aug/2020:10:44:34 -0500] "GET /sipse/faces/javax.faces.resource/jquery/jquery-plugins.js?ln=primefaces&v=4.0 HTTP/1.1" 304 -
181.52.58.143 - - [15/Aug/2020:10:44:34 -0500] "POST /sipse/faces/presentacion/financiero/estudioPrevio/personalSolicitado/expedirExperienciaIdoneidad.xhtml HTTP/1.1" 200 34228
181.52.58.143 - - [15/Aug/2020:10:44:34 -0500] "GET /sipse/faces/javax.faces.resource/primefaces.js?ln=primefaces&v=4.0 HTTP/1.1" 304 -
181.52.58.143 - - [15/Aug/2020:10:44:34 -0500] "GET /sipse/faces/javax.faces.resource/layout/layout.js?ln=primefaces&v=4.0 HTTP/1.1" 304 -
186.31.97.14 - - [15/Aug/2020:10:44:35 -0500] "POST /sipse/faces/presentacion/financiero/solicitudProceso/consultar.xhtml HTTP/1.1" 200 12908
181.52.58.143 - - [15/Aug/2020:10:44:36 -0500] "POST /sipse/faces/presentacion/contratacion/procesoContractual/registrarInvitacionContratista.xhtml HTTP/1.1" 200 9698
181.52.58.143 - - [15/Aug/2020:10:44:39 -0500] "POST /sipse/faces/presentacion/contratacion/procesoContractual/registrarInvitacionContratista.xhtml HTTP/1.1" 200 8046
186.31.97.14 - - [15/Aug/2020:10:44:38 -0500] "POST /sipse/faces/presentacion/financiero/solicitudProceso/consultar.xhtml HTTP/1.1" 200 145375
186.31.97.14 - - [15/Aug/2020:10:44:40 -0500] "GET /sipse/faces/javax.faces.resource/jquery/jquery.js?ln=primefaces&v=4.0 HTTP/1.1" 304 -
186.31.97.14 - - [15/Aug/2020:10:44:40 -0500] "GET /sipse/faces/javax.faces.resource/jquery/jquery-plugins.js?ln=primefaces&v=4.0 HTTP/1.1" 304 -
186.31.97.14 - - [15/Aug/2020:10:44:40 -0500] "GET /sipse/faces/javax.faces.resource/primefaces.js?ln=primefaces&v=4.0 HTTP/1.1" 304 -
186.31.97.14 - - [15/Aug/2020:10:44:40 -0500] "GET /sipse/faces/javax.faces.resource/layout/layout.js?ln=primefaces&v=4.0 HTTP/1.1" 304 -
190.27.245.107 - - [15/Aug/2020:10:44:41 -0500] "GET /reportes_sipse/sdg/ServletReporte?reporte=experienia_idoneidad&solicitud=9904&pfdrid_c=false HTTP/1.1" 200 115961
181.52.58.143 - - [15/Aug/2020:10:44:40 -0500] "POST /sipse/faces/presentacion/contratacion/procesoContractual/registrarInvitacionContratista.xhtml HTTP/1.1" 200 70266
181.52.58.143 - - [15/Aug/2020:10:44:42 -0500] "GET /sipse/faces/javax.faces.resource/primefaces.css?ln=primefaces&v=4.0 HTTP/1.1" 304 -
181.52.58.143 - - [15/Aug/2020:10:44:42 -0500] "GET /sipse/faces/javax.faces.resource/layout/layout.css?ln=primefaces&v=4.0 HTTP/1.1" 304 -
181.52.58.143 - - [15/Aug/2020:10:44:42 -0500] "GET /sipse/faces/javax.faces.resource/jquery/jquery.js?ln=primefaces&v=4.0 HTTP/1.1" 304 -
181.52.58.143 - - [15/Aug/2020:10:44:42 -0500] "GET /sipse/faces/javax.faces.resource/theme.css?ln=primefaces-sipse HTTP/1.1" 304 -
181.52.58.143 - - [15/Aug/2020:10:44:42 -0500] "GET /sipse/faces/javax.faces.resource/primefaces.js?ln=primefaces&v=4.0 HTTP/1.1" 304 -
181.52.58.143 - - [15/Aug/2020:10:44:42 -0500] "GET /sipse/faces/javax.faces.resource/jquery/jquery-plugins.js?ln=primefaces&v=4.0 HTTP/1.1" 304 -
181.52.58.143 - - [15/Aug/2020:10:44:42 -0500] "GET /sipse/faces/javax.faces.resource/layout/layout.js?ln=primefaces&v=4.0 HTTP/1.1" 304 -
181.52.58.143 - - [15/Aug/2020:10:44:42 -0500] "GET /sipse/faces/javax.faces.resource/spacer/dot_clear.gif?ln=primefaces&v=4.0 HTTP/1.1" 304 -
181.61.68.11 - - [15/Aug/2020:10:44:40 -0500] "POST /sipse/faces/presentacion/financiero/solicitudProceso/consultarSolicitudProceso.xhtml HTTP/1.1" 200 35499
181.61.68.11 - - [15/Aug/2020:10:44:44 -0500] "GET /sipse/faces/javax.faces.resource/theme.css?ln=primefaces-sipse HTTP/1.1" 304 -
181.61.68.11 - - [15/Aug/2020:10:44:44 -0500] "GET /sipse/faces/javax.faces.resource/primefaces.css?ln=primefaces&v=4.0 HTTP/1.1" 304 -
181.61.68.11 - - [15/Aug/2020:10:44:44 -0500] "GET /sipse/faces/javax.faces.resource/layout/layout.css?ln=primefaces&v=4.0 HTTP/1.1" 304 -
181.61.68.11 - - [15/Aug/2020:10:44:44 -0500] "GET /sipse/faces/javax.faces.resource/jquery/jquery.js?ln=primefaces&v=4.0 HTTP/1.1" 304 -
181.61.68.11 - - [15/Aug/2020:10:44:44 -0500] "GET /sipse/faces/javax.faces.resource/jquery/jquery-plugins.js?ln=primefaces&v=4.0 HTTP/1.1" 304 -
181.61.68.11 - - [15/Aug/2020:10:44:44 -0500] "GET /sipse/faces/javax.faces.resource/primefaces.js?ln=primefaces&v=4.0 HTTP/1.1" 304 -
181.61.68.11 - - [15/Aug/2020:10:44:44 -0500] "GET /sipse/faces/javax.faces.resource/layout/layout.js?ln=primefaces&v=4.0 HTTP/1.1" 304 -
181.61.68.11 - - [15/Aug/2020:10:44:44 -0500] "POST /sipse/faces/presentacion/financiero/solicitudProceso/listarSolicitudProceso.xhtml HTTP/1.1" 200 1344
186.31.97.14 - - [15/Aug/2020:10:45:00 -0500] "POST /sipse/faces/presentacion/financiero/solicitudProceso/consultarSolicitudProceso.xhtml HTTP/1.1" 200 41844
186.31.97.14 - - [15/Aug/2020:10:45:01 -0500] "GET /sipse/faces/javax.faces.resource/jquery/jquery.js?ln=primefaces&v=4.0 HTTP/1.1" 304 -
186.31.97.14 - - [15/Aug/2020:10:45:01 -0500] "GET /sipse/faces/javax.faces.resource/jquery/jquery-plugins.js?ln=primefaces&v=4.0 HTTP/1.1" 304 -
186.31.97.14 - - [15/Aug/2020:10:45:01 -0500] "GET /sipse/faces/javax.faces.resource/primefaces.js?ln=primefaces&v=4.0 HTTP/1.1" 304 -
186.31.97.14 - - [15/Aug/2020:10:45:01 -0500] "GET /sipse/faces/javax.faces.resource/layout/layout.js?ln=primefaces&v=4.0 HTTP/1.1" 304 -
186.31.97.14 - - [15/Aug/2020:10:45:02 -0500] "POST /sipse/faces/presentacion/financiero/solicitudProceso/consultar.xhtml HTTP/1.1" 200 35124
186.30.30.67 - - [15/Aug/2020:10:45:02 -0500] "POST /sipse/faces/presentacion/financiero/solicitudProceso/consultarSolicitudProceso.xhtml HTTP/1.1" 200 35624
186.30.30.67 - - [15/Aug/2020:10:45:02 -0500] "GET /sipse/faces/javax.faces.resource/theme.css?ln=primefaces-sipse HTTP/1.1" 304 -
186.30.30.67 - - [15/Aug/2020:10:45:02 -0500] "GET /sipse/faces/javax.faces.resource/primefaces.css?ln=primefaces&v=4.0 HTTP/1.1" 304 -
186.30.30.67 - - [15/Aug/2020:10:45:03 -0500] "GET /sipse/faces/javax.faces.resource/layout/layout.css?ln=primefaces&v=4.0 HTTP/1.1" 304 -
186.30.30.67 - - [15/Aug/2020:10:45:03 -0500] "GET /sipse/faces/javax.faces.resource/jquery/jquery.js?ln=primefaces&v=4.0 HTTP/1.1" 304 -
186.30.30.67 - - [15/Aug/2020:10:45:03 -0500] "GET /sipse/faces/javax.faces.resource/jquery/jquery-plugins.js?ln=primefaces&v=4.0 HTTP/1.1" 304 -
186.30.30.67 - - [15/Aug/2020:10:45:03 -0500] "GET /sipse/css/imagen/contrasena.png HTTP/1.1" 404 383
186.31.97.14 - - [15/Aug/2020:10:45:03 -0500] "POST /sipse/faces/presentacion/financiero/solicitudProceso/consultar.xhtml HTTP/1.1" 200 35124
186.30.30.67 - - [15/Aug/2020:10:45:03 -0500] "GET /sipse/faces/javax.faces.resource/primefaces.js?ln=primefaces&v=4.0 HTTP/1.1" 304 -
186.30.30.67 - - [15/Aug/2020:10:45:03 -0500] "GET /sipse/faces/javax.faces.resource/layout/layout.js?ln=primefaces&v=4.0 HTTP/1.1" 304 -
186.31.97.14 - - [15/Aug/2020:10:45:03 -0500] "POST /sipse/faces/presentacion/financiero/solicitudProceso/consultar.xhtml HTTP/1.1" 200 35124
186.31.97.14 - - [15/Aug/2020:10:45:03 -0500] "POST /sipse/faces/presentacion/financiero/solicitudProceso/consultar.xhtml HTTP/1.1" 200 35124
186.30.30.67 - - [15/Aug/2020:10:45:03 -0500] "POST /sipse/faces/presentacion/financiero/solicitudProceso/listarSolicitudProceso.xhtml HTTP/1.1" 200 28891
186.31.97.14 - - [15/Aug/2020:10:45:04 -0500] "POST /sipse/faces/presentacion/financiero/solicitudProceso/consultar.xhtml HTTP/1.1" 200 35124
186.31.97.14 - - [15/Aug/2020:10:45:04 -0500] "POST /sipse/faces/presentacion/financiero/solicitudProceso/consultar.xhtml HTTP/1.1" 200 35124
186.30.30.67 - - [15/Aug/2020:10:45:04 -0500] "POST /sipse/faces/presentacion/financiero/solicitudProceso/listarSolicitudProceso.xhtml HTTP/1.1" 200 28891
186.31.97.14 - - [15/Aug/2020:10:45:04 -0500] "POST /sipse/faces/presentacion/financiero/solicitudProceso/consultar.xhtml HTTP/1.1" 200 35124
186.30.30.67 - - [15/Aug/2020:10:45:04 -0500] "POST /sipse/faces/presentacion/financiero/solicitudProceso/listarSolicitudProceso.xhtml HTTP/1.1" 200 1344
186.30.30.67 - - [15/Aug/2020:10:45:06 -0500] "POST /sipse/faces/presentacion/financiero/solicitudProceso/listarSolicitudProceso.xhtml HTTP/1.1" 200 1344
186.31.97.14 - - [15/Aug/2020:10:45:07 -0500] "POST /sipse/faces/presentacion/financiero/solicitudProceso/consultar.xhtml HTTP/1.1" 200 12838
186.30.30.67 - - [15/Aug/2020:10:45:07 -0500] "POST /sipse/faces/presentacion/financiero/solicitudProceso/listarSolicitudProceso.xhtml HTTP/1.1" 200 1348
186.81.180.198 - - [15/Aug/2020:10:45:11 -0500] "GET /galeria/galeria/jquery.fancybox.js?v=2.1.5 HTTP/1.1" 200 48706
186.81.180.198 - - [15/Aug/2020:10:45:11 -0500] "GET /galeria/galeria/jquery.fancybox.css?v=2.1.5 HTTP/1.1" 200 4895
186.30.30.67 - - [15/Aug/2020:10:45:11 -0500] "POST /sipse/faces/presentacion/financiero/solicitudProceso/listarSolicitudProceso.xhtml HTTP/1.1" 200 8222
186.81.180.198 - - [15/Aug/2020:10:45:12 -0500] "GET /galeria/galeria/fotos/juan-amarillo1P.jpg HTTP/1.1" 200 30845
186.81.180.198 - - [15/Aug/2020:10:45:12 -0500] "GET /galeria/galeria/fotos/juan-amarillo2P.jpg HTTP/1.1" 200 32696
186.81.180.198 - - [15/Aug/2020:10:45:12 -0500] "GET /galeria/galeria/fotos/juan-amarillo4P.jpg HTTP/1.1" 200 23811
186.81.180.198 - - [15/Aug/2020:10:45:12 -0500] "GET /galeria/galeria/fotos/juan-amarillo3P.jpg HTTP/1.1" 200 28033
186.31.97.14 - - [15/Aug/2020:10:45:14 -0500] "POST /sipse/faces/presentacion/financiero/solicitudProceso/consultar.xhtml HTTP/1.1" 200 12936
186.154.217.210 - - [15/Aug/2020:10:45:15 -0500] "GET /BLA/boletinlegal/js/jquery.scrollShow.js HTTP/1.1" 200 4586
186.154.217.210 - - [15/Aug/2020:10:45:15 -0500] "GET /galeria/galeria/jquery.fancybox.js?v=2.1.5 HTTP/1.1" 200 48706
186.154.217.210 - - [15/Aug/2020:10:45:15 -0500] "GET /galeria/galeria/jquery.fancybox.css?v=2.1.5 HTTP/1.1" 200 4895
186.154.217.210 - - [15/Aug/2020:10:45:15 -0500] "GET /galeria/carrusel/Carrusel/jquery.thumbnailScroller.css HTTP/1.1" 200 2066
186.154.217.210 - - [15/Aug/2020:10:45:15 -0500] "GET /galeria/carrusel/Carrusel/jquery-ui-1.8.13.custom.min.js HTTP/1.1" 200 10800
186.154.217.210 - - [15/Aug/2020:10:45:15 -0500] "GET /galeria/carrusel/Carrusel/jquery.thumbnailScroller.js HTTP/1.1" 200 8157
186.154.217.210 - - [15/Aug/2020:10:45:16 -0500] "GET /galeria/nivo-slider/demo/inicio80.html HTTP/1.1" 200 5161
186.154.217.210 - - [15/Aug/2020:10:45:16 -0500] "GET /galeria/nivo-slider/themes/default/default.css HTTP/1.1" 200 1569
186.154.217.210 - - [15/Aug/2020:10:45:16 -0500] "GET /galeria/nivo-slider/themes/pascal/pascal.css HTTP/1.1" 200 2258
186.154.217.210 - - [15/Aug/2020:10:45:16 -0500] "GET /galeria/nivo-slider/themes/orman/orman.css HTTP/1.1" 200 2152
186.154.217.210 - - [15/Aug/2020:10:45:16 -0500] "GET /galeria/nivo-slider/nivo-slider.css HTTP/1.1" 200 1507
186.154.217.210 - - [15/Aug/2020:10:45:16 -0500] "GET /galeria/nivo-slider/demo/style.css HTTP/1.1" 200 2222
186.154.217.210 - - [15/Aug/2020:10:45:16 -0500] "GET /galeria/nivo-slider/demo/images/bannerdecreto.jpg HTTP/1.1" 200 292178
186.154.217.210 - - [15/Aug/2020:10:45:16 -0500] "GET /galeria/nivo-slider/demo/images/bannerclasesvirtual.jpg HTTP/1.1" 200 191931
186.154.217.210 - - [15/Aug/2020:10:45:16 -0500] "GET /galeria/nivo-slider/demo/images/bannerwebvejez.jpg HTTP/1.1" 200 27281
186.154.217.210 - - [15/Aug/2020:10:45:16 -0500] "GET /galeria/nivo-slider/demo/images/4Simple_Slider.png HTTP/1.1" 200 11722
186.154.217.210 - - [15/Aug/2020:10:45:16 -0500] "GET /galeria/nivo-slider/themes/default/loading.gif HTTP/1.1" 200 1737
186.154.217.210 - - [15/Aug/2020:10:45:16 -0500] "GET /galeria/nivo-slider/demo/scripts/jquery-1.7.1.min.js HTTP/1.1" 200 93868
186.154.217.210 - - [15/Aug/2020:10:45:17 -0500] "GET /galeria/nivo-slider/demo/images/bannerdelirio.jpg HTTP/1.1" 200 187329
186.154.217.210 - - [15/Aug/2020:10:45:18 -0500] "GET /galeria/nivo-slider/demo/images/bannernaranja.jpg HTTP/1.1" 200 40936
186.84.91.67 - - [15/Aug/2020:10:45:18 -0500] "GET /galeria/galeria/jquery.fancybox.css?v=2.1.5 HTTP/1.1" 200 4895
186.84.91.67 - - [15/Aug/2020:10:45:18 -0500] "GET /galeria/galeria/jquery.fancybox.js?v=2.1.5 HTTP/1.1" 200 48706
186.84.91.67 - - [15/Aug/2020:10:45:18 -0500] "GET /BLA/boletinlegal/js/jquery.scrollShow.js HTTP/1.1" 200 4586
186.154.217.210 - - [15/Aug/2020:10:45:18 -0500] "GET /galeria/nivo-slider/jquery.nivo.slider.pack.js HTTP/1.1" 200 11561
186.154.217.210 - - [15/Aug/2020:10:45:18 -0500] "GET /galeria/nivo-slider/demo/images/bannerjardin.jpg HTTP/1.1" 200 302761
186.154.217.210 - - [15/Aug/2020:10:45:19 -0500] "GET /galeria/nivo-slider/demo/images/Bannercuidate.jpg HTTP/1.1" 200 75508
186.154.217.210 - - [15/Aug/2020:10:45:19 -0500] "GET /galeria/nivo-slider/demo/images/Banner%20canales%20virtuales.jpg HTTP/1.1" 200 209438
186.154.217.210 - - [15/Aug/2020:10:45:19 -0500] "GET /galeria/nivo-slider/demo/images/bannerhorarios.jpg HTTP/1.1" 200 50157
186.154.217.210 - - [15/Aug/2020:10:45:19 -0500] "GET /galeria/nivo-slider/demo/images/bannerimpuesto.jpg HTTP/1.1" 200 278604
186.154.217.210 - - [15/Aug/2020:10:45:19 -0500] "GET /galeria/nivo-slider/demo/images/bannerbolsas.jpg HTTP/1.1" 200 283727
186.154.217.210 - - [15/Aug/2020:10:45:20 -0500] "GET /galeria/nivo-slider/demo/images/bannerbioseguridad.jpg HTTP/1.1" 200 228661
186.154.217.210 - - [15/Aug/2020:10:45:21 -0500] "GET /galeria/nivo-slider/demo/images/bannercovid.jpg HTTP/1.1" 200 352563
186.154.217.210 - - [15/Aug/2020:10:45:21 -0500] "GET /galeria/nivo-slider/demo/images/bannersolidariacasa.jpg HTTP/1.1" 200 70999
186.154.217.210 - - [15/Aug/2020:10:45:22 -0500] "GET /galeria/nivo-slider/demo/images/bannerplan2020.png HTTP/1.1" 200 144663
186.31.97.14 - - [15/Aug/2020:10:45:21 -0500] "POST /sipse/faces/presentacion/financiero/solicitudProceso/consultar.xhtml HTTP/1.1" 200 12802
186.154.217.210 - - [15/Aug/2020:10:45:23 -0500] "GET /galeria/nivo-slider/themes/default/arrows.png HTTP/1.1" 200 824
186.154.217.210 - - [15/Aug/2020:10:45:23 -0500] "GET /galeria/nivo-slider/themes/default/bullets.png HTTP/1.1" 200 1281
186.30.30.67 - - [15/Aug/2020:10:45:24 -0500] "POST /sipse/faces/presentacion/financiero/solicitudProceso/listarSolicitudProceso.xhtml HTTP/1.1" 200 8244
186.31.97.14 - - [15/Aug/2020:10:45:28 -0500] "POST /sipse/faces/presentacion/financiero/solicitudProceso/consultar.xhtml HTTP/1.1" 200 13035
191.106.153.142 - - [15/Aug/2020:10:45:29 -0500] "GET /BLA/resoluciones/RESOLUCIONES%202011/2320.pdf HTTP/1.1" 200 679744
191.106.153.142 - - [15/Aug/2020:10:45:29 -0500] "GET /BLA/resoluciones/RESOLUCIONES%202011/2320.pdf HTTP/1.1" 200 679744
191.106.153.142 - - [15/Aug/2020:10:45:29 -0500] "GET /BLA/resoluciones/RESOLUCIONES%202011/2320.pdf HTTP/1.1" 206 1
191.106.153.142 - - [15/Aug/2020:10:45:29 -0500] "GET /BLA/resoluciones/RESOLUCIONES%202011/2320.pdf HTTP/1.1" 206 677216
191.106.153.142 - - [15/Aug/2020:10:45:31 -0500] "GET /favicon.ico HTTP/1.1" 200 7782
186.31.97.14 - - [15/Aug/2020:10:45:34 -0500] "POST /sipse/faces/presentacion/financiero/solicitudProceso/consultar.xhtml HTTP/1.1" 200 12821
186.30.30.67 - - [15/Aug/2020:10:45:42 -0500] "POST /sipse/faces/presentacion/financiero/solicitudProceso/listarSolicitudProceso.xhtml HTTP/1.1" 200 8220
186.31.97.14 - - [15/Aug/2020:10:45:41 -0500] "POST /sipse/faces/presentacion/financiero/solicitudProceso/consultar.xhtml HTTP/1.1" 200 13008
186.30.30.67 - - [15/Aug/2020:10:45:45 -0500] "POST /sipse/faces/presentacion/financiero/solicitudProceso/listarSolicitudProceso.xhtml HTTP/1.1" 200 137836
186.30.30.67 - - [15/Aug/2020:10:45:46 -0500] "GET /sipse/faces/javax.faces.resource/theme.css?ln=primefaces-sipse HTTP/1.1" 304 -
186.30.30.67 - - [15/Aug/2020:10:45:47 -0500] "GET /sipse/faces/javax.faces.resource/primefaces.css?ln=primefaces&v=4.0 HTTP/1.1" 304 -
186.30.30.67 - - [15/Aug/2020:10:45:47 -0500] "GET /sipse/faces/javax.faces.resource/layout/layout.css?ln=primefaces&v=4.0 HTTP/1.1" 304 -
186.30.30.67 - - [15/Aug/2020:10:45:47 -0500] "GET /sipse/css/imagen/contrasena.png HTTP/1.1" 404 383
186.30.30.67 - - [15/Aug/2020:10:45:47 -0500] "GET /sipse/faces/javax.faces.resource/jquery/jquery.js?ln=primefaces&v=4.0 HTTP/1.1" 304 -
186.30.30.67 - - [15/Aug/2020:10:45:47 -0500] "GET /sipse/faces/javax.faces.resource/jquery/jquery-plugins.js?ln=primefaces&v=4.0 HTTP/1.1" 304 -
186.30.30.67 - - [15/Aug/2020:10:45:47 -0500] "GET /sipse/faces/javax.faces.resource/primefaces.js?ln=primefaces&v=4.0 HTTP/1.1" 304 -
186.30.30.67 - - [15/Aug/2020:10:45:47 -0500] "GET /sipse/faces/javax.faces.resource/layout/layout.js?ln=primefaces&v=4.0 HTTP/1.1" 304 -
186.31.97.14 - - [15/Aug/2020:10:45:48 -0500] "POST /sipse/faces/presentacion/financiero/solicitudProceso/consultar.xhtml HTTP/1.1" 200 12852
190.27.245.107 - - [15/Aug/2020:10:45:48 -0500] "GET /reportes_sipse/sdg/ServletReporte?reporte=experienia_idoneidad&solicitud=9904&pfdrid_c=false HTTP/1.1" 200 115961
186.30.30.67 - - [15/Aug/2020:10:45:51 -0500] "POST /sipse/faces/presentacion/financiero/solicitudProceso/consultarSolicitudProceso.xhtml HTTP/1.1" 200 5586
190.27.245.107 - - [15/Aug/2020:10:45:52 -0500] "GET /reportes_sipse/sdg/ServletReporte?reporte=experienia_idoneidad&solicitud=10325&pfdrid_c=false HTTP/1.1" 200 97056
181.54.206.189 - - [15/Aug/2020:10:45:51 -0500] "POST /sipse/faces/presentacion/financiero/solicitudProceso/consultarSolicitudProceso.xhtml HTTP/1.1" 200 32521
181.54.206.189 - - [15/Aug/2020:10:45:53 -0500] "GET /sipse/faces/javax.faces.resource/theme.css?ln=primefaces-sipse HTTP/1.1" 304 -
181.54.206.189 - - [15/Aug/2020:10:45:53 -0500] "GET /sipse/faces/javax.faces.resource/primefaces.css?ln=primefaces&v=4.0 HTTP/1.1" 304 -
181.54.206.189 - - [15/Aug/2020:10:45:53 -0500] "GET /sipse/faces/javax.faces.resource/layout/layout.css?ln=primefaces&v=4.0 HTTP/1.1" 304 -
181.54.206.189 - - [15/Aug/2020:10:45:53 -0500] "GET /sipse/faces/javax.faces.resource/jquery/jquery.js?ln=primefaces&v=4.0 HTTP/1.1" 304 -
181.54.206.189 - - [15/Aug/2020:10:45:53 -0500] "GET /sipse/faces/javax.faces.resource/jquery/jquery-plugins.js?ln=primefaces&v=4.0 HTTP/1.1" 304 -
181.54.206.189 - - [15/Aug/2020:10:45:54 -0500] "GET /sipse/faces/javax.faces.resource/primefaces.js?ln=primefaces&v=4.0 HTTP/1.1" 304 -
181.54.206.189 - - [15/Aug/2020:10:45:54 -0500] "GET /sipse/faces/javax.faces.resource/layout/layout.js?ln=primefaces&v=4.0 HTTP/1.1" 304 -
181.54.206.189 - - [15/Aug/2020:10:45:54 -0500] "POST /sipse/faces/presentacion/financiero/solicitudProceso/listarSolicitudProceso.xhtml HTTP/1.1" 200 1344
186.31.97.14 - - [15/Aug/2020:10:45:55 -0500] "POST /sipse/faces/presentacion/financiero/solicitudProceso/consultar.xhtml HTTP/1.1" 200 12779
181.54.206.189 - - [15/Aug/2020:10:45:56 -0500] "POST /sipse/faces/presentacion/financiero/solicitudProceso/listarSolicitudProceso.xhtml HTTP/1.1" 200 30460
181.54.206.189 - - [15/Aug/2020:10:45:57 -0500] "POST /sipse/faces/presentacion/financiero/solicitudProceso/listarSolicitudProceso.xhtml HTTP/1.1" 200 30464
181.54.206.189 - - [15/Aug/2020:10:45:58 -0500] "POST /sipse/faces/presentacion/financiero/solicitudProceso/listarSolicitudProceso.xhtml HTTP/1.1" 200 10815
181.54.206.189 - - [15/Aug/2020:10:46:00 -0500] "POST /sipse/faces/presentacion/financiero/solicitudProceso/listarSolicitudProceso.xhtml HTTP/1.1" 200 5166
181.54.206.189 - - [15/Aug/2020:10:46:01 -0500] "POST /sipse/faces/presentacion/financiero/solicitudProceso/listarSolicitudProceso.xhtml HTTP/1.1" 200 5166
186.155.19.222 - - [15/Aug/2020:10:46:03 -0500] "GET /galeria/galeria/jquery.fancybox.css?v=2.1.5 HTTP/1.1" 200 4895
186.31.97.14 - - [15/Aug/2020:10:46:01 -0500] "POST /sipse/faces/presentacion/financiero/solicitudProceso/consultar.xhtml HTTP/1.1" 200 13043
186.155.19.222 - - [15/Aug/2020:10:46:03 -0500] "GET /BLA/boletinlegal/js/jquery.scrollShow.js HTTP/1.1" 200 4586
186.155.19.222 - - [15/Aug/2020:10:46:03 -0500] "GET /galeria/galeria/jquery.fancybox.js?v=2.1.5 HTTP/1.1" 200 48706
181.54.206.189 - - [15/Aug/2020:10:46:03 -0500] "POST /sipse/faces/presentacion/financiero/solicitudProceso/listarSolicitudProceso.xhtml HTTP/1.1" 200 141686
181.54.206.189 - - [15/Aug/2020:10:46:04 -0500] "GET /sipse/faces/javax.faces.resource/theme.css?ln=primefaces-sipse HTTP/1.1" 304 -
181.54.206.189 - - [15/Aug/2020:10:46:04 -0500] "GET /sipse/faces/javax.faces.resource/layout/layout.css?ln=primefaces&v=4.0 HTTP/1.1" 304 -
181.54.206.189 - - [15/Aug/2020:10:46:04 -0500] "GET /sipse/faces/javax.faces.resource/primefaces.css?ln=primefaces&v=4.0 HTTP/1.1" 304 -
181.54.206.189 - - [15/Aug/2020:10:46:04 -0500] "GET /sipse/faces/javax.faces.resource/jquery/jquery.js?ln=primefaces&v=4.0 HTTP/1.1" 304 -
181.54.206.189 - - [15/Aug/2020:10:46:04 -0500] "GET /sipse/faces/javax.faces.resource/jquery/jquery-plugins.js?ln=primefaces&v=4.0 HTTP/1.1" 304 -
181.54.206.189 - - [15/Aug/2020:10:46:04 -0500] "GET /sipse/faces/javax.faces.resource/primefaces.js?ln=primefaces&v=4.0 HTTP/1.1" 304 -
181.54.206.189 - - [15/Aug/2020:10:46:04 -0500] "GET /sipse/faces/javax.faces.resource/layout/layout.js?ln=primefaces&v=4.0 HTTP/1.1" 304 -
190.27.245.107 - - [15/Aug/2020:10:46:05 -0500] "GET /reportes_sipse/sdg/ServletReporte?reporte=experienia_idoneidad&solicitud=10325&pfdrid_c=false HTTP/1.1" 200 97056
186.30.30.67 - - [15/Aug/2020:10:46:08 -0500] "POST /sipse/faces/presentacion/financiero/solicitudProceso/consultarSolicitudProceso.xhtml HTTP/1.1" 200 5586
186.31.97.14 - - [15/Aug/2020:10:46:09 -0500] "POST /sipse/faces/presentacion/financiero/solicitudProceso/consultar.xhtml HTTP/1.1" 200 12869
190.27.245.107 - - [15/Aug/2020:10:46:09 -0500] "GET /reportes_sipse/sdg/ServletReporte?reporte=experienia_idoneidad&solicitud=10325&pfdrid_c=false HTTP/1.1" 200 97056
181.54.206.189 - - [15/Aug/2020:10:46:11 -0500] "GET /sipse/faces/javax.faces.resource/theme.css?ln=primefaces-sipse HTTP/1.1" 304 -
181.54.206.189 - - [15/Aug/2020:10:46:11 -0500] "GET /sipse/faces/javax.faces.resource/layout/layout.css?ln=primefaces&v=4.0 HTTP/1.1" 304 -
181.54.206.189 - - [15/Aug/2020:10:46:11 -0500] "GET /sipse/faces/javax.faces.resource/primefaces.css?ln=primefaces&v=4.0 HTTP/1.1" 304 -
181.54.206.189 - - [15/Aug/2020:10:46:11 -0500] "GET /sipse/faces/javax.faces.resource/jquery/jquery.js?ln=primefaces&v=4.0 HTTP/1.1" 304 -
181.54.206.189 - - [15/Aug/2020:10:46:11 -0500] "GET /sipse/faces/javax.faces.resource/jquery/jquery-plugins.js?ln=primefaces&v=4.0 HTTP/1.1" 304 -
181.54.206.189 - - [15/Aug/2020:10:46:11 -0500] "GET /sipse/faces/javax.faces.resource/primefaces.js?ln=primefaces&v=4.0 HTTP/1.1" 304 -
181.54.206.189 - - [15/Aug/2020:10:46:11 -0500] "GET /sipse/faces/javax.faces.resource/layout/layout.js?ln=primefaces&v=4.0 HTTP/1.1" 304 -
181.54.206.189 - - [15/Aug/2020:10:46:10 -0500] "POST /sipse/faces/presentacion/financiero/solicitudProceso/consultarSolicitudProceso.xhtml HTTP/1.1" 200 189769
181.54.206.189 - - [15/Aug/2020:10:46:12 -0500] "GET /sipse/css/imagen/contrasena.png HTTP/1.1" 404 383
190.27.245.107 - - [15/Aug/2020:10:46:13 -0500] "GET /reportes_sipse/sdg/ServletReporte?reporte=experienia_idoneidad&solicitud=10325&pfdrid_c=false HTTP/1.1" 200 97056
186.80.23.193 - - [15/Aug/2020:10:46:14 -0500] "GET /sipse/faces/javax.faces.resource/theme.css?ln=primefaces-sipse HTTP/1.1" 304 -
186.80.23.193 - - [15/Aug/2020:10:46:15 -0500] "GET /sipse/faces/javax.faces.resource/layout/layout.css?ln=primefaces&v=4.0 HTTP/1.1" 304 -
186.80.23.193 - - [15/Aug/2020:10:46:15 -0500] "GET /sipse/faces/javax.faces.resource/primefaces.css?ln=primefaces&v=4.0 HTTP/1.1" 304 -
186.80.23.193 - - [15/Aug/2020:10:46:15 -0500] "GET /sipse/faces/javax.faces.resource/jquery/jquery.js?ln=primefaces&v=4.0 HTTP/1.1" 304 -
186.80.23.193 - - [15/Aug/2020:10:46:15 -0500] "GET /sipse/faces/javax.faces.resource/primefaces.js?ln=primefaces&v=4.0 HTTP/1.1" 304 -
186.80.23.193 - - [15/Aug/2020:10:46:15 -0500] "GET /sipse/faces/javax.faces.resource/jquery/jquery-plugins.js?ln=primefaces&v=4.0 HTTP/1.1" 304 -
186.80.23.193 - - [15/Aug/2020:10:46:15 -0500] "GET /sipse/faces/javax.faces.resource/layout/layout.js?ln=primefaces&v=4.0 HTTP/1.1" 304 -
186.31.97.14 - - [15/Aug/2020:10:46:16 -0500] "POST /sipse/faces/presentacion/financiero/solicitudProceso/consultar.xhtml HTTP/1.1" 200 12877
186.80.23.193 - - [15/Aug/2020:10:46:13 -0500] "POST /sipse/faces/presentacion/financiero/solicitudProceso/consultarSolicitudProceso.xhtml HTTP/1.1" 200 37925
181.54.206.189 - - [15/Aug/2020:10:46:14 -0500] "POST /sipse/faces/presentacion/financiero/solicitudProceso/consultarSolicitudProceso.xhtml HTTP/1.1" 200 32683
181.54.206.189 - - [15/Aug/2020:10:46:17 -0500] "GET /sipse/faces/javax.faces.resource/theme.css?ln=primefaces-sipse HTTP/1.1" 304 -
181.54.206.189 - - [15/Aug/2020:10:46:17 -0500] "GET /sipse/faces/javax.faces.resource/primefaces.css?ln=primefaces&v=4.0 HTTP/1.1" 304 -
181.54.206.189 - - [15/Aug/2020:10:46:17 -0500] "GET /sipse/faces/javax.faces.resource/layout/layout.css?ln=primefaces&v=4.0 HTTP/1.1" 304 -
181.54.206.189 - - [15/Aug/2020:10:46:17 -0500] "GET /sipse/faces/javax.faces.resource/jquery/jquery.js?ln=primefaces&v=4.0 HTTP/1.1" 304 -
181.54.206.189 - - [15/Aug/2020:10:46:17 -0500] "GET /sipse/faces/javax.faces.resource/jquery/jquery-plugins.js?ln=primefaces&v=4.0 HTTP/1.1" 304 -
181.54.206.189 - - [15/Aug/2020:10:46:17 -0500] "GET /sipse/faces/javax.faces.resource/primefaces.js?ln=primefaces&v=4.0 HTTP/1.1" 304 -
181.54.206.189 - - [15/Aug/2020:10:46:17 -0500] "GET /sipse/faces/javax.faces.resource/layout/layout.js?ln=primefaces&v=4.0 HTTP/1.1" 304 -
181.54.206.189 - - [15/Aug/2020:10:46:18 -0500] "POST /sipse/faces/presentacion/financiero/solicitudProceso/listarSolicitudProceso.xhtml HTTP/1.1" 200 1344
181.54.206.189 - - [15/Aug/2020:10:46:20 -0500] "POST /sipse/faces/presentacion/financiero/solicitudProceso/listarSolicitudProceso.xhtml HTTP/1.1" 200 911
186.31.97.14 - - [15/Aug/2020:10:46:21 -0500] "POST /sipse/faces/presentacion/financiero/solicitudProceso/consultar.xhtml HTTP/1.1" 200 12962
181.54.206.189 - - [15/Aug/2020:10:46:22 -0500] "GET /sipse/faces/presentacion/financiero/solicitudProceso/faces/autenticacion HTTP/1.1" 302 -
181.54.206.189 - - [15/Aug/2020:10:46:22 -0500] "GET /sipse/faces/autenticacion.xhtml HTTP/1.1" 200 12180
181.54.206.189 - - [15/Aug/2020:10:46:22 -0500] "GET /sipse/faces/javax.faces.resource/theme.css?ln=primefaces-sipse HTTP/1.1" 304 -
181.54.206.189 - - [15/Aug/2020:10:46:22 -0500] "GET /sipse/faces/javax.faces.resource/layout/layout.css?ln=primefaces&v=4.0 HTTP/1.1" 304 -
181.54.206.189 - - [15/Aug/2020:10:46:22 -0500] "GET /sipse/faces/javax.faces.resource/primefaces.js?ln=primefaces&v=4.0 HTTP/1.1" 304 -
181.54.206.189 - - [15/Aug/2020:10:46:22 -0500] "GET /sipse/faces/javax.faces.resource/jquery/jquery-plugins.js?ln=primefaces&v=4.0 HTTP/1.1" 304 -
181.54.206.189 - - [15/Aug/2020:10:46:22 -0500] "GET /sipse/faces/javax.faces.resource/primefaces.css?ln=primefaces&v=4.0 HTTP/1.1" 304 -
181.54.206.189 - - [15/Aug/2020:10:46:22 -0500] "GET /sipse/faces/javax.faces.resource/jquery/jquery.js?ln=primefaces&v=4.0 HTTP/1.1" 304 -
181.54.206.189 - - [15/Aug/2020:10:46:22 -0500] "GET /sipse/faces/javax.faces.resource/layout/layout.js?ln=primefaces&v=4.0 HTTP/1.1" 304 -
186.31.97.14 - - [15/Aug/2020:10:46:26 -0500] "POST /sipse/faces/presentacion/financiero/solicitudProceso/consultar.xhtml HTTP/1.1" 200 12915
181.52.58.143 - - [15/Aug/2020:10:46:31 -0500] "POST /sipse/faces/presentacion/contratacion/contratista/crearModificarContratista.xhtml HTTP/1.1" 200 9635
186.31.97.14 - - [15/Aug/2020:10:46:33 -0500] "POST /sipse/faces/presentacion/financiero/solicitudProceso/consultar.xhtml HTTP/1.1" 200 12899
190.27.245.107 - - [15/Aug/2020:10:46:33 -0500] "GET /sipse/ HTTP/1.1" 302 -
186.84.39.216 - - [15/Aug/2020:10:46:33 -0500] "GET /sipse/faces/autenticacion.xhtml HTTP/1.1" 200 12187
186.84.39.216 - - [15/Aug/2020:10:46:33 -0500] "GET /sipse/faces/javax.faces.resource/theme.css?ln=primefaces-sipse HTTP/1.1" 304 -
186.84.39.216 - - [15/Aug/2020:10:46:33 -0500] "GET /sipse/faces/javax.faces.resource/jquery/jquery-plugins.js?ln=primefaces&v=4.0 HTTP/1.1" 304 -
186.84.39.216 - - [15/Aug/2020:10:46:33 -0500] "GET /sipse/faces/javax.faces.resource/layout/layout.css?ln=primefaces&v=4.0 HTTP/1.1" 304 -
186.84.39.216 - - [15/Aug/2020:10:46:33 -0500] "GET /sipse/faces/javax.faces.resource/primefaces.css?ln=primefaces&v=4.0 HTTP/1.1" 304 -
186.84.39.216 - - [15/Aug/2020:10:46:33 -0500] "GET /sipse/faces/javax.faces.resource/jquery/jquery.js?ln=primefaces&v=4.0 HTTP/1.1" 304 -
186.84.39.216 - - [15/Aug/2020:10:46:33 -0500] "GET /sipse/faces/javax.faces.resource/primefaces.js?ln=primefaces&v=4.0 HTTP/1.1" 304 -
186.84.39.216 - - [15/Aug/2020:10:46:33 -0500] "GET /sipse/faces/javax.faces.resource/layout/layout.js?ln=primefaces&v=4.0 HTTP/1.1" 304 -
186.84.39.216 - - [15/Aug/2020:10:46:33 -0500] "GET /sipse/faces/javax.faces.resource/images/ui-icons_898989_256x240.png?ln=primefaces-aristo HTTP/1.1" 304 -
186.84.39.216 - - [15/Aug/2020:10:46:34 -0500] "GET /sipse/faces/index.xhtml HTTP/1.1" 200 677
186.84.39.216 - - [15/Aug/2020:10:46:34 -0500] "GET /sipse/faces/javax.faces.resource/theme.css?ln=primefaces-sipse HTTP/1.1" 304 -
186.84.39.216 - - [15/Aug/2020:10:46:34 -0500] "GET /sipse/faces/faces/autenticacion.xhtml HTTP/1.1" 200 12187
186.84.39.216 - - [15/Aug/2020:10:46:34 -0500] "GET /sipse/faces/javax.faces.resource/theme.css?ln=primefaces-sipse HTTP/1.1" 304 -
186.84.39.216 - - [15/Aug/2020:10:46:34 -0500] "GET /sipse/faces/javax.faces.resource/primefaces.css?ln=primefaces&v=4.0 HTTP/1.1" 304 -
186.84.39.216 - - [15/Aug/2020:10:46:34 -0500] "GET /sipse/faces/javax.faces.resource/layout/layout.js?ln=primefaces&v=4.0 HTTP/1.1" 304 -
186.84.39.216 - - [15/Aug/2020:10:46:34 -0500] "GET /sipse/faces/javax.faces.resource/jquery/jquery.js?ln=primefaces&v=4.0 HTTP/1.1" 304 -
186.84.39.216 - - [15/Aug/2020:10:46:34 -0500] "GET /sipse/faces/javax.faces.resource/jquery/jquery-plugins.js?ln=primefaces&v=4.0 HTTP/1.1" 304 -
186.84.39.216 - - [15/Aug/2020:10:46:34 -0500] "GET /sipse/faces/javax.faces.resource/primefaces.js?ln=primefaces&v=4.0 HTTP/1.1" 304 -
186.84.39.216 - - [15/Aug/2020:10:46:34 -0500] "GET /sipse/faces/javax.faces.resource/layout/layout.css?ln=primefaces&v=4.0 HTTP/1.1" 304 -
186.84.39.216 - - [15/Aug/2020:10:46:34 -0500] "GET /sipse/faces/javax.faces.resource/images/ui-icons_898989_256x240.png?ln=primefaces-aristo HTTP/1.1" 304 -
186.84.39.216 - - [15/Aug/2020:10:46:36 -0500] "POST /sipse/faces/autenticacion.xhtml HTTP/1.1" 200 15885
186.84.39.216 - - [15/Aug/2020:10:46:36 -0500] "GET /sipse/faces/javax.faces.resource/theme.css?ln=primefaces-sipse HTTP/1.1" 304 -
186.84.39.216 - - [15/Aug/2020:10:46:36 -0500] "GET /sipse/faces/javax.faces.resource/layout/layout.css?ln=primefaces&v=4.0 HTTP/1.1" 304 -
186.84.39.216 - - [15/Aug/2020:10:46:36 -0500] "GET /sipse/faces/javax.faces.resource/primefaces.css?ln=primefaces&v=4.0 HTTP/1.1" 304 -
186.84.39.216 - - [15/Aug/2020:10:46:36 -0500] "GET /sipse/faces/javax.faces.resource/jquery/jquery.js?ln=primefaces&v=4.0 HTTP/1.1" 304 -
186.84.39.216 - - [15/Aug/2020:10:46:36 -0500] "GET /sipse/faces/javax.faces.resource/jquery/jquery-plugins.js?ln=primefaces&v=4.0 HTTP/1.1" 304 -
186.84.39.216 - - [15/Aug/2020:10:46:36 -0500] "GET /sipse/faces/javax.faces.resource/primefaces.js?ln=primefaces&v=4.0 HTTP/1.1" 304 -
186.84.39.216 - - [15/Aug/2020:10:46:36 -0500] "GET /sipse/faces/javax.faces.resource/layout/layout.js?ln=primefaces&v=4.0 HTTP/1.1" 304 -
186.84.39.216 - - [15/Aug/2020:10:46:36 -0500] "GET /sipse/css/imagen/contrasena.png HTTP/1.1" 404 383
186.84.39.216 - - [15/Aug/2020:10:46:36 -0500] "GET /sipse/faces/javax.faces.resource/messages/messages.png?ln=primefaces&v=4.0 HTTP/1.1" 304 -
186.84.39.216 - - [15/Aug/2020:10:46:36 -0500] "GET /sipse/faces/javax.faces.resource/images/ui-icons_898989_256x240.png?ln=primefaces-aristo HTTP/1.1" 304 -
186.84.39.216 - - [15/Aug/2020:10:46:38 -0500] "GET /sipse/faces/javax.faces.resource/images/ui-bg_flat_0_2d5972_40x100.png?ln=primefaces-aristo HTTP/1.1" 304 -
186.84.39.216 - - [15/Aug/2020:10:46:38 -0500] "POST /sipse/faces/bienvenido.xhtml HTTP/1.1" 200 1471
186.31.97.14 - - [15/Aug/2020:10:46:39 -0500] "POST /sipse/faces/presentacion/financiero/solicitudProceso/consultar.xhtml HTTP/1.1" 200 12891
186.84.39.216 - - [15/Aug/2020:10:46:40 -0500] "POST /sipse/faces/bienvenido.xhtml HTTP/1.1" 200 58033
186.84.39.216 - - [15/Aug/2020:10:46:40 -0500] "GET /sipse/faces/javax.faces.resource/primefaces.css?ln=primefaces&v=4.0 HTTP/1.1" 304 -
186.84.39.216 - - [15/Aug/2020:10:46:40 -0500] "GET /sipse/faces/javax.faces.resource/theme.css?ln=primefaces-sipse HTTP/1.1" 304 -
186.84.39.216 - - [15/Aug/2020:10:46:40 -0500] "GET /sipse/faces/javax.faces.resource/layout/layout.css?ln=primefaces&v=4.0 HTTP/1.1" 304 -
186.84.39.216 - - [15/Aug/2020:10:46:40 -0500] "GET /sipse/faces/javax.faces.resource/jquery/jquery.js?ln=primefaces&v=4.0 HTTP/1.1" 304 -
190.27.245.107 - - [15/Aug/2020:10:46:40 -0500] "GET /sipse/ HTTP/1.1" 302 -
186.84.39.216 - - [15/Aug/2020:10:46:40 -0500] "GET /sipse/faces/javax.faces.resource/jquery/jquery-plugins.js?ln=primefaces&v=4.0 HTTP/1.1" 304 -
186.84.39.216 - - [15/Aug/2020:10:46:41 -0500] "GET /sipse/faces/javax.faces.resource/primefaces.js?ln=primefaces&v=4.0 HTTP/1.1" 304 -
186.84.39.216 - - [15/Aug/2020:10:46:41 -0500] "GET /sipse/faces/javax.faces.resource/layout/layout.js?ln=primefaces&v=4.0 HTTP/1.1" 304 -
181.50.144.61 - - [15/Aug/2020:10:46:41 -0500] "GET /sipse/faces/autenticacion.xhtml HTTP/1.1" 200 12502
181.50.144.61 - - [15/Aug/2020:10:46:41 -0500] "GET /sipse/faces/javax.faces.resource/layout/layout.css;jsessionid=LJW0PUDJlhftD6MFTZQ+AQdP.undefined?ln=primefaces&v=4.0 HTTP/1.1" 200 542
181.50.144.61 - - [15/Aug/2020:10:46:41 -0500] "GET /sipse/css/custom_css_sg.css HTTP/1.1" 200 9694
181.50.144.61 - - [15/Aug/2020:10:46:41 -0500] "GET /sipse/faces/javax.faces.resource/primefaces.css;jsessionid=LJW0PUDJlhftD6MFTZQ+AQdP.undefined?ln=primefaces&v=4.0 HTTP/1.1" 200 53295
181.50.144.61 - - [15/Aug/2020:10:46:41 -0500] "GET /sipse/css/custom_css_sg_prime_login.css HTTP/1.1" 200 443
181.50.144.61 - - [15/Aug/2020:10:46:41 -0500] "GET /sipse/js/disable_browser_buttons.js HTTP/1.1" 304 -
181.50.144.61 - - [15/Aug/2020:10:46:41 -0500] "GET /sipse/faces/javax.faces.resource/jquery/jquery.js;jsessionid=LJW0PUDJlhftD6MFTZQ+AQdP.undefined?ln=primefaces&v=4.0 HTTP/1.1" 200 105384
181.50.144.61 - - [15/Aug/2020:10:46:41 -0500] "GET /sipse/js/funciones.js HTTP/1.1" 304 -
181.50.144.61 - - [15/Aug/2020:10:46:41 -0500] "GET /sipse/faces/javax.faces.resource/layout/layout.js;jsessionid=LJW0PUDJlhftD6MFTZQ+AQdP.undefined?ln=primefaces&v=4.0 HTTP/1.1" 200 87560
181.50.144.61 - - [15/Aug/2020:10:46:41 -0500] "GET /sipse/faces/javax.faces.resource/jquery/jquery-plugins.js;jsessionid=LJW0PUDJlhftD6MFTZQ+AQdP.undefined?ln=primefaces&v=4.0 HTTP/1.1" 200 220526
186.84.39.216 - - [15/Aug/2020:10:46:41 -0500] "POST /sipse/faces/presentacion/financiero/solicitudProceso/listarSolicitudProceso.xhtml HTTP/1.1" 200 1448
181.50.144.61 - - [15/Aug/2020:10:46:41 -0500] "GET /sipse/faces/javax.faces.resource/theme.css?ln=primefaces-sipse HTTP/1.1" 200 50058
181.50.144.61 - - [15/Aug/2020:10:46:41 -0500] "GET /sipse/faces/javax.faces.resource/primefaces.js;jsessionid=LJW0PUDJlhftD6MFTZQ+AQdP.undefined?ln=primefaces&v=4.0 HTTP/1.1" 200 276924
181.50.144.61 - - [15/Aug/2020:10:46:41 -0500] "GET /sipse/faces/javax.faces.resource/images/ui-icons_898989_256x240.png?ln=primefaces-aristo HTTP/1.1" 200 5355
181.50.144.61 - - [15/Aug/2020:10:46:41 -0500] "GET /sipse/css/imagen/logoSDG.png HTTP/1.1" 200 53064
181.50.144.61 - - [15/Aug/2020:10:46:41 -0500] "GET /sipse/css/imagen/loginimg.png HTTP/1.1" 200 71635
181.50.144.61 - - [15/Aug/2020:10:46:41 -0500] "GET /favicon.ico HTTP/1.1" 200 7782
181.50.144.61 - - [15/Aug/2020:10:46:41 -0500] "GET /sipse/faces/index.xhtml HTTP/1.1" 200 677
181.50.144.61 - - [15/Aug/2020:10:46:41 -0500] "GET /sipse/faces/javax.faces.resource/theme.css?ln=primefaces-sipse HTTP/1.1" 304 -
181.50.144.61 - - [15/Aug/2020:10:46:42 -0500] "GET /sipse/faces/faces/autenticacion.xhtml HTTP/1.1" 200 12180
181.50.144.61 - - [15/Aug/2020:10:46:42 -0500] "GET /sipse/faces/javax.faces.resource/theme.css?ln=primefaces-sipse HTTP/1.1" 304 -
181.50.144.61 - - [15/Aug/2020:10:46:42 -0500] "GET /sipse/faces/javax.faces.resource/layout/layout.css?ln=primefaces&v=4.0 HTTP/1.1" 200 542
181.50.144.61 - - [15/Aug/2020:10:46:42 -0500] "GET /sipse/faces/javax.faces.resource/jquery/jquery.js?ln=primefaces&v=4.0 HTTP/1.1" 304 -
181.50.144.61 - - [15/Aug/2020:10:46:42 -0500] "GET /sipse/faces/javax.faces.resource/jquery/jquery-plugins.js?ln=primefaces&v=4.0 HTTP/1.1" 304 -
181.50.144.61 - - [15/Aug/2020:10:46:42 -0500] "GET /sipse/faces/javax.faces.resource/primefaces.js?ln=primefaces&v=4.0 HTTP/1.1" 304 -
181.50.144.61 - - [15/Aug/2020:10:46:42 -0500] "GET /sipse/faces/javax.faces.resource/layout/layout.js?ln=primefaces&v=4.0 HTTP/1.1" 304 -
181.50.144.61 - - [15/Aug/2020:10:46:42 -0500] "GET /sipse/faces/javax.faces.resource/primefaces.css?ln=primefaces&v=4.0 HTTP/1.1" 200 53295
181.50.144.61 - - [15/Aug/2020:10:46:42 -0500] "GET /sipse/faces/javax.faces.resource/images/ui-icons_898989_256x240.png?ln=primefaces-aristo HTTP/1.1" 304 -
186.31.97.14 - - [15/Aug/2020:10:46:41 -0500] "POST /sipse/faces/presentacion/financiero/solicitudProceso/consultar.xhtml HTTP/1.1" 200 141894
186.31.97.14 - - [15/Aug/2020:10:46:44 -0500] "GET /sipse/faces/javax.faces.resource/jquery/jquery.js?ln=primefaces&v=4.0 HTTP/1.1" 304 -
186.31.97.14 - - [15/Aug/2020:10:46:44 -0500] "GET /sipse/faces/javax.faces.resource/jquery/jquery-plugins.js?ln=primefaces&v=4.0 HTTP/1.1" 304 -
186.31.97.14 - - [15/Aug/2020:10:46:44 -0500] "GET /sipse/faces/javax.faces.resource/primefaces.js?ln=primefaces&v=4.0 HTTP/1.1" 304 -
186.31.97.14 - - [15/Aug/2020:10:46:44 -0500] "GET /sipse/faces/javax.faces.resource/layout/layout.js?ln=primefaces&v=4.0 HTTP/1.1" 304 -
186.80.23.193 - - [15/Aug/2020:10:46:45 -0500] "GET /sipse/faces/javax.faces.resource/theme.css?ln=primefaces-sipse HTTP/1.1" 304 -
186.80.23.193 - - [15/Aug/2020:10:46:45 -0500] "GET /sipse/faces/javax.faces.resource/primefaces.css?ln=primefaces&v=4.0 HTTP/1.1" 304 -
186.80.23.193 - - [15/Aug/2020:10:46:45 -0500] "GET /sipse/faces/javax.faces.resource/layout/layout.css?ln=primefaces&v=4.0 HTTP/1.1" 304 -
186.80.23.193 - - [15/Aug/2020:10:46:45 -0500] "GET /sipse/faces/javax.faces.resource/primefaces.js?ln=primefaces&v=4.0 HTTP/1.1" 304 -
186.80.23.193 - - [15/Aug/2020:10:46:45 -0500] "GET /sipse/faces/javax.faces.resource/jquery/jquery-plugins.js?ln=primefaces&v=4.0 HTTP/1.1" 304 -
186.80.23.193 - - [15/Aug/2020:10:46:45 -0500] "GET /sipse/faces/javax.faces.resource/jquery/jquery.js?ln=primefaces&v=4.0 HTTP/1.1" 304 -
186.80.23.193 - - [15/Aug/2020:10:46:45 -0500] "GET /sipse/faces/javax.faces.resource/layout/layout.js?ln=primefaces&v=4.0 HTTP/1.1" 304 -
186.80.23.193 - - [15/Aug/2020:10:46:44 -0500] "POST /sipse/faces/presentacion/financiero/solicitudProceso/consultarHistorialSolProceso.xhtml HTTP/1.1" 200 193883
190.27.245.107 - - [15/Aug/2020:10:46:45 -0500] "GET /reportes_sipse/sdg/ServletReporte?reporte=experienia_idoneidad&solicitud=10325&pfdrid_c=false HTTP/1.1" 200 97056
186.84.39.216 - - [15/Aug/2020:10:46:46 -0500] "POST /sipse/faces/presentacion/financiero/solicitudProceso/listarSolicitudProceso.xhtml HTTP/1.1" 200 5130
181.50.144.61 - - [15/Aug/2020:10:46:47 -0500] "POST /sipse/faces/autenticacion.xhtml HTTP/1.1" 200 15857
181.50.144.61 - - [15/Aug/2020:10:46:47 -0500] "GET /sipse/css/custom_css_sg_prime.css HTTP/1.1" 200 5201
181.50.144.61 - - [15/Aug/2020:10:46:47 -0500] "GET /sipse/js/jquery.min.js HTTP/1.1" 304 -
181.50.144.61 - - [15/Aug/2020:10:46:47 -0500] "GET /sipse/faces/javax.faces.resource/jquery/jquery.js?ln=primefaces&v=4.0 HTTP/1.1" 304 -
181.50.144.61 - - [15/Aug/2020:10:46:47 -0500] "GET /sipse/faces/javax.faces.resource/jquery/jquery-plugins.js?ln=primefaces&v=4.0 HTTP/1.1" 304 -
181.50.144.61 - - [15/Aug/2020:10:46:47 -0500] "GET /sipse/faces/javax.faces.resource/primefaces.js?ln=primefaces&v=4.0 HTTP/1.1" 304 -
181.50.144.61 - - [15/Aug/2020:10:46:47 -0500] "GET /sipse/faces/javax.faces.resource/layout/layout.js?ln=primefaces&v=4.0 HTTP/1.1" 304 -
181.50.144.61 - - [15/Aug/2020:10:46:47 -0500] "GET /sipse/css/imagen/contrasena.png HTTP/1.1" 404 383
181.50.144.61 - - [15/Aug/2020:10:46:47 -0500] "GET /sipse/imagenes/cargando.gif HTTP/1.1" 200 36959
181.50.144.61 - - [15/Aug/2020:10:46:47 -0500] "GET /sipse/faces/javax.faces.resource/messages/messages.png?ln=primefaces&v=4.0 HTTP/1.1" 200 27209
181.50.144.61 - - [15/Aug/2020:10:46:47 -0500] "GET /sipse/imagenes/logoAplicacion.jpg HTTP/1.1" 200 155084
190.27.245.107 - - [15/Aug/2020:10:46:47 -0500] "GET /reportes_sipse/sdg/ServletReporte?reporte=experienia_idoneidad&solicitud=10325&pfdrid_c=false HTTP/1.1" 200 97056
186.84.39.216 - - [15/Aug/2020:10:46:50 -0500] "POST /sipse/faces/presentacion/financiero/solicitudProceso/listarSolicitudProceso.xhtml HTTP/1.1" 200 142994
186.84.39.216 - - [15/Aug/2020:10:46:51 -0500] "GET /sipse/faces/javax.faces.resource/primefaces.css?ln=primefaces&v=4.0 HTTP/1.1" 304 -
186.84.39.216 - - [15/Aug/2020:10:46:51 -0500] "GET /sipse/faces/javax.faces.resource/theme.css?ln=primefaces-sipse HTTP/1.1" 304 -
186.84.39.216 - - [15/Aug/2020:10:46:51 -0500] "GET /sipse/faces/javax.faces.resource/layout/layout.css?ln=primefaces&v=4.0 HTTP/1.1" 304 -
186.84.39.216 - - [15/Aug/2020:10:46:51 -0500] "GET /sipse/faces/javax.faces.resource/jquery/jquery.js?ln=primefaces&v=4.0 HTTP/1.1" 304 -
186.84.39.216 - - [15/Aug/2020:10:46:51 -0500] "GET /sipse/faces/javax.faces.resource/jquery/jquery-plugins.js?ln=primefaces&v=4.0 HTTP/1.1" 304 -
186.84.39.216 - - [15/Aug/2020:10:46:51 -0500] "GET /sipse/faces/javax.faces.resource/primefaces.js?ln=primefaces&v=4.0 HTTP/1.1" 304 -
186.84.39.216 - - [15/Aug/2020:10:46:51 -0500] "GET /sipse/faces/javax.faces.resource/layout/layout.js?ln=primefaces&v=4.0 HTTP/1.1" 304 -
190.27.245.107 - - [15/Aug/2020:10:46:52 -0500] "GET /reportes_sipse/sdg/ServletReporte?reporte=experienia_idoneidad&solicitud=10325&pfdrid_c=false HTTP/1.1" 200 97056
186.84.90.182 - - [15/Aug/2020:10:46:57 -0500] "GET /galeria/galeria/jquery.fancybox.css?v=2.1.5 HTTP/1.1" 200 4895
186.84.90.182 - - [15/Aug/2020:10:46:57 -0500] "GET /BLA/boletinlegal/js/jquery.scrollShow.js HTTP/1.1" 200 4586
186.84.90.182 - - [15/Aug/2020:10:46:57 -0500] "GET /galeria/galeria/jquery.fancybox.js?v=2.1.5 HTTP/1.1" 200 48706
186.80.23.193 - - [15/Aug/2020:10:47:00 -0500] "POST /sipse/faces/presentacion/financiero/solicitudProceso/consultarSolicitudProceso.xhtml HTTP/1.1" 200 221075
181.53.12.99 - - [15/Aug/2020:10:47:02 -0500] "-" 408 -
181.53.12.99 - - [15/Aug/2020:10:47:02 -0500] "-" 408 -
190.2.209.110 - - [15/Aug/2020:10:47:03 -0500] "GET /BLA/boletinlegal/js/jquery.scrollShow.js HTTP/1.1" 200 4586
190.2.209.110 - - [15/Aug/2020:10:47:03 -0500] "GET /galeria/galeria/jquery.fancybox.js?v=2.1.5 HTTP/1.1" 200 48706
190.2.209.110 - - [15/Aug/2020:10:47:03 -0500] "GET /galeria/galeria/jquery.fancybox.css?v=2.1.5 HTTP/1.1" 200 4895
190.2.209.110 - - [15/Aug/2020:10:47:03 -0500] "GET /galeria/carrusel/Carrusel/jquery.thumbnailScroller.css HTTP/1.1" 200 2066
190.2.209.110 - - [15/Aug/2020:10:47:03 -0500] "GET /galeria/carrusel/Carrusel/jquery-ui-1.8.13.custom.min.js HTTP/1.1" 200 10800
190.2.209.110 - - [15/Aug/2020:10:47:03 -0500] "GET /galeria/carrusel/Carrusel/jquery.thumbnailScroller.js HTTP/1.1" 200 8157
186.31.97.14 - - [15/Aug/2020:10:47:04 -0500] "POST /sipse/faces/presentacion/financiero/solicitudProceso/consultarSolicitudProceso.xhtml HTTP/1.1" 200 41827
186.31.97.14 - - [15/Aug/2020:10:47:04 -0500] "GET /sipse/faces/javax.faces.resource/jquery/jquery.js?ln=primefaces&v=4.0 HTTP/1.1" 304 -
186.31.97.14 - - [15/Aug/2020:10:47:04 -0500] "GET /sipse/faces/javax.faces.resource/jquery/jquery-plugins.js?ln=primefaces&v=4.0 HTTP/1.1" 304 -
186.31.97.14 - - [15/Aug/2020:10:47:04 -0500] "GET /sipse/faces/javax.faces.resource/primefaces.js?ln=primefaces&v=4.0 HTTP/1.1" 304 -
186.31.97.14 - - [15/Aug/2020:10:47:04 -0500] "GET /sipse/faces/javax.faces.resource/layout/layout.js?ln=primefaces&v=4.0 HTTP/1.1" 304 -
186.31.97.14 - - [15/Aug/2020:10:47:05 -0500] "POST /sipse/faces/presentacion/financiero/solicitudProceso/consultar.xhtml HTTP/1.1" 200 35107
186.31.97.14 - - [15/Aug/2020:10:47:06 -0500] "POST /sipse/faces/presentacion/financiero/solicitudProceso/consultar.xhtml HTTP/1.1" 200 35107
186.31.97.14 - - [15/Aug/2020:10:47:07 -0500] "POST /sipse/faces/presentacion/financiero/solicitudProceso/consultar.xhtml HTTP/1.1" 200 35107
186.31.97.14 - - [15/Aug/2020:10:47:07 -0500] "POST /sipse/faces/presentacion/financiero/solicitudProceso/consultar.xhtml HTTP/1.1" 200 35107
186.31.97.14 - - [15/Aug/2020:10:47:08 -0500] "POST /sipse/faces/presentacion/financiero/solicitudProceso/consultar.xhtml HTTP/1.1" 200 35107
186.31.97.14 - - [15/Aug/2020:10:47:08 -0500] "POST /sipse/faces/presentacion/financiero/solicitudProceso/consultar.xhtml HTTP/1.1" 200 35107
186.31.97.14 - - [15/Aug/2020:10:47:08 -0500] "POST /sipse/faces/presentacion/financiero/solicitudProceso/consultar.xhtml HTTP/1.1" 200 35107
186.31.97.14 - - [15/Aug/2020:10:47:08 -0500] "POST /sipse/faces/presentacion/financiero/solicitudProceso/consultar.xhtml HTTP/1.1" 200 35107
186.31.97.14 - - [15/Aug/2020:10:47:09 -0500] "POST /sipse/faces/presentacion/financiero/solicitudProceso/consultar.xhtml HTTP/1.1" 200 35107
186.114.254.251 - - [15/Aug/2020:10:47:13 -0500] "GET /BLA/resoluciones/dlf/styles.css HTTP/1.1" 200 3049
186.114.254.251 - - [15/Aug/2020:10:47:13 -0500] "GET /BLA/resoluciones/dlf/folder.png HTTP/1.1" 200 410
186.114.254.251 - - [15/Aug/2020:10:47:13 -0500] "GET /BLA/resoluciones/dlf/bg.gif HTTP/1.1" 200 54
186.30.30.67 - - [15/Aug/2020:10:47:14 -0500] "POST /sipse/faces/presentacion/financiero/solicitudProceso/consultarSolicitudProceso.xhtml HTTP/1.1" 200 48959
186.30.30.67 - - [15/Aug/2020:10:47:14 -0500] "GET /sipse/faces/javax.faces.resource/theme.css?ln=primefaces-sipse HTTP/1.1" 304 -
