186.155.103.79 - - [16/Nov/2020:13:58:09 -0500] "POST /portaldeninos/wp-admin/admin-ajax.php HTTP/1.1" 200 98
186.102.14.47 - - [16/Nov/2020:13:58:13 -0500] "GET /BLA/boletinlegal/js/jquery.scrollShow.js HTTP/1.1" 304 -
186.102.14.47 - - [16/Nov/2020:13:58:13 -0500] "GET /galeria/galeria/jquery.fancybox.css?v=2.1.5 HTTP/1.1" 304 -
186.102.14.47 - - [16/Nov/2020:13:58:13 -0500] "GET /galeria/galeria/jquery.fancybox.js?v=2.1.5 HTTP/1.1" 304 -
186.155.103.79 - - [16/Nov/2020:13:58:24 -0500] "POST /portaldeninos/wp-admin/admin-ajax.php HTTP/1.1" 200 98
181.234.236.29 - - [16/Nov/2020:13:58:26 -0500] "GET /galeria/galeria/jquery.fancybox.css?v=2.1.5 HTTP/1.1" 200 4895
181.234.236.29 - - [16/Nov/2020:13:58:26 -0500] "GET /BLA/boletinlegal/js/jquery.scrollShow.js HTTP/1.1" 200 4586
181.234.236.29 - - [16/Nov/2020:13:58:26 -0500] "GET /galeria/galeria/jquery.fancybox.js?v=2.1.5 HTTP/1.1" 200 48706
190.60.255.202 - - [16/Nov/2020:13:58:37 -0500] "GET /BLA/boletinlegal/js/jquery.scrollShow.js HTTP/1.1" 200 4586
190.60.255.202 - - [16/Nov/2020:13:58:37 -0500] "GET /galeria/galeria/jquery.fancybox.css?v=2.1.5 HTTP/1.1" 200 4895
190.60.255.202 - - [16/Nov/2020:13:58:38 -0500] "GET /galeria/galeria/jquery.fancybox.js?v=2.1.5 HTTP/1.1" 200 48706
186.155.103.79 - - [16/Nov/2020:13:58:39 -0500] "POST /portaldeninos/wp-admin/admin-ajax.php HTTP/1.1" 200 98
138.0.89.166 - - [16/Nov/2020:13:58:47 -0500] "GET /BLA/boletinlegal/js/jquery.scrollShow.js HTTP/1.1" 200 4586
138.0.89.166 - - [16/Nov/2020:13:58:47 -0500] "GET /galeria/galeria/jquery.fancybox.css?v=2.1.5 HTTP/1.1" 200 4895
138.0.89.166 - - [16/Nov/2020:13:58:47 -0500] "GET /galeria/galeria/jquery.fancybox.js?v=2.1.5 HTTP/1.1" 200 48706
186.155.103.79 - - [16/Nov/2020:13:58:54 -0500] "POST /portaldeninos/wp-admin/admin-ajax.php HTTP/1.1" 200 98
186.145.52.48 - - [16/Nov/2020:13:58:56 -0500] "GET /BLA/boletinlegal/js/jquery.scrollShow.js HTTP/1.1" 200 4586
186.145.52.48 - - [16/Nov/2020:13:58:56 -0500] "GET /galeria/galeria/jquery.fancybox.js?v=2.1.5 HTTP/1.1" 200 48706
186.145.52.48 - - [16/Nov/2020:13:58:56 -0500] "GET /galeria/galeria/jquery.fancybox.css?v=2.1.5 HTTP/1.1" 200 4895
149.234.194.181 - - [16/Nov/2020:13:59:10 -0500] "GET /galeria/galeria/jquery.fancybox.js?v=2.1.5 HTTP/1.1" 200 48706
149.234.194.181 - - [16/Nov/2020:13:59:10 -0500] "GET /galeria/galeria/jquery.fancybox.css?v=2.1.5 HTTP/1.1" 200 4895
149.234.194.181 - - [16/Nov/2020:13:59:10 -0500] "GET /BLA/boletinlegal/js/jquery.scrollShow.js HTTP/1.1" 304 -
186.155.103.79 - - [16/Nov/2020:13:59:09 -0500] "POST /portaldeninos/wp-admin/admin-ajax.php HTTP/1.1" 200 98
190.157.190.66 - - [16/Nov/2020:13:59:11 -0500] "GET /galeria/galeria/jquery.fancybox.css?v=2.1.5 HTTP/1.1" 200 4895
190.157.190.66 - - [16/Nov/2020:13:59:11 -0500] "GET /BLA/boletinlegal/js/jquery.scrollShow.js HTTP/1.1" 200 4586
190.157.190.66 - - [16/Nov/2020:13:59:11 -0500] "GET /galeria/galeria/jquery.fancybox.js?v=2.1.5 HTTP/1.1" 200 48706
186.155.103.79 - - [16/Nov/2020:13:59:24 -0500] "POST /portaldeninos/wp-admin/admin-ajax.php HTTP/1.1" 200 98
186.155.103.79 - - [16/Nov/2020:13:59:39 -0500] "POST /portaldeninos/wp-admin/admin-ajax.php HTTP/1.1" 200 98
186.155.103.79 - - [16/Nov/2020:13:59:54 -0500] "POST /portaldeninos/wp-admin/admin-ajax.php HTTP/1.1" 200 98
186.155.103.79 - - [16/Nov/2020:14:00:01 -0500] "POST /portaldeninos/wp-admin/admin-ajax.php HTTP/1.1" 200 47
45.169.98.196 - - [16/Nov/2020:14:00:05 -0500] "GET /BLA/boletinlegal/js/jquery.scrollShow.js HTTP/1.1" 200 4586
45.169.98.196 - - [16/Nov/2020:14:00:05 -0500] "GET /galeria/galeria/jquery.fancybox.css?v=2.1.5 HTTP/1.1" 200 4895
45.169.98.196 - - [16/Nov/2020:14:00:05 -0500] "GET /galeria/galeria/jquery.fancybox.js?v=2.1.5 HTTP/1.1" 200 48706
186.155.103.79 - - [16/Nov/2020:14:00:09 -0500] "POST /portaldeninos/wp-admin/admin-ajax.php HTTP/1.1" 200 98
69.162.124.227 - - [16/Nov/2020:14:00:21 -0500] "HEAD / HTTP/1.1" 200 -
186.155.103.79 - - [16/Nov/2020:14:00:24 -0500] "POST /portaldeninos/wp-admin/admin-ajax.php HTTP/1.1" 200 98
81.36.189.34 - - [16/Nov/2020:14:00:24 -0500] "GET /galeria/galeria/jquery.fancybox.css?v=2.1.5 HTTP/1.1" 200 4895
81.36.189.34 - - [16/Nov/2020:14:00:24 -0500] "GET /BLA/boletinlegal/js/jquery.scrollShow.js HTTP/1.1" 200 4586
81.36.189.34 - - [16/Nov/2020:14:00:24 -0500] "GET /galeria/galeria/jquery.fancybox.js?v=2.1.5 HTTP/1.1" 200 48706
181.50.82.91 - - [16/Nov/2020:14:00:31 -0500] "GET /galeria/galeria/jquery.fancybox.css?v=2.1.5 HTTP/1.1" 200 4895
181.50.82.91 - - [16/Nov/2020:14:00:31 -0500] "GET /BLA/boletinlegal/js/jquery.scrollShow.js HTTP/1.1" 200 4586
181.50.82.91 - - [16/Nov/2020:14:00:31 -0500] "GET /galeria/galeria/jquery.fancybox.js?v=2.1.5 HTTP/1.1" 200 48706
81.36.189.34 - - [16/Nov/2020:14:00:33 -0500] "GET /BLA/boletinlegal/js/jquery.scrollShow.js HTTP/1.1" 304 -
81.36.189.34 - - [16/Nov/2020:14:00:33 -0500] "GET /galeria/galeria/jquery.fancybox.js?v=2.1.5 HTTP/1.1" 304 -
81.36.189.34 - - [16/Nov/2020:14:00:33 -0500] "GET /galeria/galeria/jquery.fancybox.css?v=2.1.5 HTTP/1.1" 304 -
186.155.103.79 - - [16/Nov/2020:14:00:39 -0500] "POST /portaldeninos/wp-admin/admin-ajax.php HTTP/1.1" 200 98
191.156.50.98 - - [16/Nov/2020:14:00:47 -0500] "-" 408 -
186.155.103.79 - - [16/Nov/2020:14:00:54 -0500] "POST /portaldeninos/wp-admin/admin-ajax.php HTTP/1.1" 200 98
186.155.103.79 - - [16/Nov/2020:14:01:09 -0500] "POST /portaldeninos/wp-admin/admin-ajax.php HTTP/1.1" 200 98
186.145.242.80 - - [16/Nov/2020:14:01:24 -0500] "GET /BLA/boletinlegal/js/jquery.scrollShow.js HTTP/1.1" 200 4586
186.145.242.80 - - [16/Nov/2020:14:01:24 -0500] "GET /galeria/galeria/jquery.fancybox.css?v=2.1.5 HTTP/1.1" 200 4895
186.145.242.80 - - [16/Nov/2020:14:01:24 -0500] "GET /galeria/galeria/jquery.fancybox.js?v=2.1.5 HTTP/1.1" 200 48706
186.155.103.79 - - [16/Nov/2020:14:01:24 -0500] "POST /portaldeninos/wp-admin/admin-ajax.php HTTP/1.1" 200 98
181.61.209.91 - - [16/Nov/2020:14:01:34 -0500] "GET /BLA/boletinlegal/js/jquery.scrollShow.js HTTP/1.1" 200 4586
181.61.209.91 - - [16/Nov/2020:14:01:34 -0500] "GET /galeria/galeria/jquery.fancybox.css?v=2.1.5 HTTP/1.1" 200 4895
181.61.209.91 - - [16/Nov/2020:14:01:34 -0500] "GET /galeria/galeria/jquery.fancybox.js?v=2.1.5 HTTP/1.1" 200 48706
191.91.30.75 - - [16/Nov/2020:14:01:38 -0500] "GET /galeria/galeria/jquery.fancybox.css?v=2.1.5 HTTP/1.1" 200 4895
191.91.30.75 - - [16/Nov/2020:14:01:38 -0500] "GET /BLA/boletinlegal/js/jquery.scrollShow.js HTTP/1.1" 200 4586
191.91.30.75 - - [16/Nov/2020:14:01:38 -0500] "GET /galeria/galeria/jquery.fancybox.js?v=2.1.5 HTTP/1.1" 200 48706
186.155.103.79 - - [16/Nov/2020:14:01:39 -0500] "POST /portaldeninos/wp-admin/admin-ajax.php HTTP/1.1" 200 98
186.155.103.79 - - [16/Nov/2020:14:01:54 -0500] "POST /portaldeninos/wp-admin/admin-ajax.php HTTP/1.1" 200 98
190.90.24.22 - - [16/Nov/2020:14:01:56 -0500] "GET /BLA/boletinlegal/js/jquery.scrollShow.js HTTP/1.1" 200 4586
190.90.24.22 - - [16/Nov/2020:14:01:56 -0500] "GET /galeria/galeria/jquery.fancybox.css?v=2.1.5 HTTP/1.1" 200 4895
190.90.24.22 - - [16/Nov/2020:14:01:56 -0500] "GET /galeria/galeria/jquery.fancybox.js?v=2.1.5 HTTP/1.1" 200 48706
186.155.103.79 - - [16/Nov/2020:14:02:02 -0500] "POST /portaldeninos/wp-admin/admin-ajax.php HTTP/1.1" 200 47
45.177.109.50 - - [16/Nov/2020:14:02:08 -0500] "GET /BLA/boletinlegal/js/jquery.scrollShow.js HTTP/1.1" 200 4586
45.177.109.50 - - [16/Nov/2020:14:02:08 -0500] "GET /galeria/galeria/jquery.fancybox.css?v=2.1.5 HTTP/1.1" 200 4895
45.177.109.50 - - [16/Nov/2020:14:02:08 -0500] "GET /galeria/galeria/jquery.fancybox.js?v=2.1.5 HTTP/1.1" 200 48706
186.155.103.79 - - [16/Nov/2020:14:02:09 -0500] "POST /portaldeninos/wp-admin/admin-ajax.php HTTP/1.1" 200 98
186.155.103.79 - - [16/Nov/2020:14:02:24 -0500] "POST /portaldeninos/wp-admin/admin-ajax.php HTTP/1.1" 200 98
186.155.103.79 - - [16/Nov/2020:14:02:39 -0500] "POST /portaldeninos/wp-admin/admin-ajax.php HTTP/1.1" 200 98
181.58.34.254 - - [16/Nov/2020:14:02:46 -0500] "GET /BLA/boletinlegal/js/jquery.scrollShow.js HTTP/1.1" 200 4586
181.58.34.254 - - [16/Nov/2020:14:02:46 -0500] "GET /galeria/galeria/jquery.fancybox.js?v=2.1.5 HTTP/1.1" 200 48706
181.58.34.254 - - [16/Nov/2020:14:02:46 -0500] "GET /galeria/galeria/jquery.fancybox.css?v=2.1.5 HTTP/1.1" 200 4895
186.155.103.79 - - [16/Nov/2020:14:02:54 -0500] "POST /portaldeninos/wp-admin/admin-ajax.php HTTP/1.1" 200 98
186.28.176.88 - - [16/Nov/2020:14:02:54 -0500] "GET /galeria/galeria/jquery.fancybox.css?v=2.1.5 HTTP/1.1" 200 4895
186.28.176.88 - - [16/Nov/2020:14:02:54 -0500] "GET /BLA/boletinlegal/js/jquery.scrollShow.js HTTP/1.1" 200 4586
186.28.176.88 - - [16/Nov/2020:14:02:54 -0500] "GET /galeria/galeria/jquery.fancybox.js?v=2.1.5 HTTP/1.1" 200 48706
186.28.62.170 - - [16/Nov/2020:14:03:08 -0500] "GET /galeria/galeria/jquery.fancybox.js?v=2.1.5 HTTP/1.1" 200 48706
186.28.62.170 - - [16/Nov/2020:14:03:08 -0500] "GET /BLA/boletinlegal/js/jquery.scrollShow.js HTTP/1.1" 200 4586
186.28.62.170 - - [16/Nov/2020:14:03:08 -0500] "GET /galeria/galeria/jquery.fancybox.css?v=2.1.5 HTTP/1.1" 200 4895
207.46.13.48 - - [16/Nov/2020:14:03:09 -0500] "-" 408 -
186.154.35.202 - - [16/Nov/2020:14:03:09 -0500] "GET /BLA/boletinlegal/js/jquery.scrollShow.js HTTP/1.1" 200 4586
186.154.35.202 - - [16/Nov/2020:14:03:09 -0500] "GET /galeria/galeria/jquery.fancybox.css?v=2.1.5 HTTP/1.1" 200 4895
186.154.35.202 - - [16/Nov/2020:14:03:09 -0500] "GET /galeria/galeria/jquery.fancybox.js?v=2.1.5 HTTP/1.1" 200 48706
186.155.103.79 - - [16/Nov/2020:14:03:09 -0500] "POST /portaldeninos/wp-admin/admin-ajax.php HTTP/1.1" 200 98
186.155.103.79 - - [16/Nov/2020:14:03:24 -0500] "POST /portaldeninos/wp-admin/admin-ajax.php HTTP/1.1" 200 98
191.95.26.77 - - [16/Nov/2020:14:03:37 -0500] "GET /galeria/galeria/jquery.fancybox.css?v=2.1.5 HTTP/1.1" 200 4895
191.95.26.77 - - [16/Nov/2020:14:03:37 -0500] "GET /BLA/boletinlegal/js/jquery.scrollShow.js HTTP/1.1" 200 4586
191.95.26.77 - - [16/Nov/2020:14:03:37 -0500] "GET /galeria/galeria/jquery.fancybox.js?v=2.1.5 HTTP/1.1" 200 48706
186.155.103.79 - - [16/Nov/2020:14:03:39 -0500] "POST /portaldeninos/wp-admin/admin-ajax.php HTTP/1.1" 200 98
186.155.103.79 - - [16/Nov/2020:14:03:54 -0500] "POST /portaldeninos/wp-admin/admin-ajax.php HTTP/1.1" 200 98
186.155.103.79 - - [16/Nov/2020:14:04:03 -0500] "POST /portaldeninos/wp-admin/admin-ajax.php HTTP/1.1" 200 47
186.155.103.79 - - [16/Nov/2020:14:04:09 -0500] "POST /portaldeninos/wp-admin/admin-ajax.php HTTP/1.1" 200 98
194.61.55.248 - - [16/Nov/2020:14:04:20 -0500] "\x03" 400 226
186.155.103.79 - - [16/Nov/2020:14:04:24 -0500] "POST /portaldeninos/wp-admin/admin-ajax.php HTTP/1.1" 200 98
186.145.125.185 - - [16/Nov/2020:14:04:34 -0500] "GET /galeria/galeria/jquery.fancybox.css?v=2.1.5 HTTP/1.1" 200 4895
186.145.125.185 - - [16/Nov/2020:14:04:34 -0500] "GET /galeria/galeria/jquery.fancybox.js?v=2.1.5 HTTP/1.1" 200 48706
186.145.125.185 - - [16/Nov/2020:14:04:34 -0500] "GET /BLA/boletinlegal/js/jquery.scrollShow.js HTTP/1.1" 200 4586
186.155.103.79 - - [16/Nov/2020:14:04:39 -0500] "POST /portaldeninos/wp-admin/admin-ajax.php HTTP/1.1" 200 98
191.102.120.170 - - [16/Nov/2020:14:04:45 -0500] "GET /galeria/galeria/jquery.fancybox.css?v=2.1.5 HTTP/1.1" 200 4895
191.102.120.170 - - [16/Nov/2020:14:04:45 -0500] "GET /BLA/boletinlegal/js/jquery.scrollShow.js HTTP/1.1" 200 4586
191.102.120.170 - - [16/Nov/2020:14:04:45 -0500] "GET /galeria/galeria/jquery.fancybox.js?v=2.1.5 HTTP/1.1" 200 48706
181.58.86.243 - - [16/Nov/2020:14:04:53 -0500] "GET /galeria/galeria/jquery.fancybox.css?v=2.1.5 HTTP/1.1" 200 4895
181.58.86.243 - - [16/Nov/2020:14:04:53 -0500] "GET /BLA/boletinlegal/js/jquery.scrollShow.js HTTP/1.1" 200 4586
181.58.86.243 - - [16/Nov/2020:14:04:53 -0500] "GET /galeria/galeria/jquery.fancybox.js?v=2.1.5 HTTP/1.1" 200 48706
186.155.103.79 - - [16/Nov/2020:14:04:54 -0500] "POST /portaldeninos/wp-admin/admin-ajax.php HTTP/1.1" 200 98
181.58.86.243 - - [16/Nov/2020:14:04:56 -0500] "GET /galeria/carrusel/Carrusel/jquery.thumbnailScroller.css HTTP/1.1" 200 2066
181.58.86.243 - - [16/Nov/2020:14:05:09 -0500] "GET /galeria/carrusel/Carrusel/jquery-ui-1.8.13.custom.min.js HTTP/1.1" 200 10800
186.155.103.79 - - [16/Nov/2020:14:05:09 -0500] "POST /portaldeninos/wp-admin/admin-ajax.php HTTP/1.1" 200 98
181.58.86.243 - - [16/Nov/2020:14:05:13 -0500] "GET /galeria/nivo-slider/demo/inicio80.html HTTP/1.1" 200 4381
181.58.86.243 - - [16/Nov/2020:14:05:13 -0500] "GET /galeria/carrusel/Carrusel/jquery.thumbnailScroller.js HTTP/1.1" 200 8157
181.58.86.243 - - [16/Nov/2020:14:05:13 -0500] "GET /galeria/nivo-slider/themes/default/default.css HTTP/1.1" 200 1569
181.58.86.243 - - [16/Nov/2020:14:05:14 -0500] "GET /galeria/nivo-slider/themes/pascal/pascal.css HTTP/1.1" 200 2258
181.58.86.243 - - [16/Nov/2020:14:05:15 -0500] "GET /galeria/nivo-slider/themes/orman/orman.css HTTP/1.1" 200 2152
181.58.86.243 - - [16/Nov/2020:14:05:15 -0500] "GET /galeria/nivo-slider/nivo-slider.css HTTP/1.1" 200 1507
181.58.86.243 - - [16/Nov/2020:14:05:15 -0500] "GET /galeria/nivo-slider/demo/style.css HTTP/1.1" 200 2222
181.58.86.243 - - [16/Nov/2020:14:05:15 -0500] "GET /galeria/nivo-slider/demo/images/bannerresiduos.jpg HTTP/1.1" 200 155409
181.58.86.243 - - [16/Nov/2020:14:05:15 -0500] "GET /galeria/nivo-slider/demo/images/bannerpreguntas.png HTTP/1.1" 200 196681
181.58.86.243 - - [16/Nov/2020:14:05:16 -0500] "GET /galeria/nivo-slider/demo/images/bannertingua2020.png HTTP/1.1" 200 105392
181.58.86.243 - - [16/Nov/2020:14:05:16 -0500] "GET /galeria/nivo-slider/demo/images/Bannercuidate.jpg HTTP/1.1" 200 75508
181.58.86.243 - - [16/Nov/2020:14:05:16 -0500] "GET /galeria/nivo-slider/demo/images/Banner%20canales%20virtuales.jpg HTTP/1.1" 200 209438
181.58.86.243 - - [16/Nov/2020:14:05:16 -0500] "GET /galeria/nivo-slider/demo/images/bannerwebcronicaresiduos.jpg HTTP/1.1" 200 257962
181.58.86.243 - - [16/Nov/2020:14:05:16 -0500] "GET /galeria/nivo-slider/demo/images/bannerbioseguridad.jpg HTTP/1.1" 200 228661
181.58.86.243 - - [16/Nov/2020:14:05:17 -0500] "GET /galeria/nivo-slider/demo/images/bannerclasesweb.jpg HTTP/1.1" 200 180765
181.58.86.243 - - [16/Nov/2020:14:05:17 -0500] "GET /galeria/nivo-slider/demo/images/bannerbolsas.jpg HTTP/1.1" 200 283727
181.58.86.243 - - [16/Nov/2020:14:05:17 -0500] "GET /galeria/nivo-slider/demo/images/bannerverdesnegocios.jpg HTTP/1.1" 200 179212
181.58.86.243 - - [16/Nov/2020:14:05:17 -0500] "GET /galeria/nivo-slider/demo/images/banneraperturahumedales.jpg HTTP/1.1" 200 91161
181.58.86.243 - - [16/Nov/2020:14:05:17 -0500] "GET /galeria/nivo-slider/demo/images/banneratencionpuntos.jpg HTTP/1.1" 200 249106
181.58.86.243 - - [16/Nov/2020:14:05:18 -0500] "GET /galeria/nivo-slider/demo/images/4Simple_Slider.png HTTP/1.1" 200 11722
181.58.86.243 - - [16/Nov/2020:14:05:18 -0500] "GET /galeria/nivo-slider/themes/default/loading.gif HTTP/1.1" 200 1737
181.58.86.243 - - [16/Nov/2020:14:05:18 -0500] "GET /galeria/nivo-slider/demo/scripts/jquery-1.7.1.min.js HTTP/1.1" 200 93868
190.252.56.114 - - [16/Nov/2020:14:05:18 -0500] "GET /galeria/galeria/jquery.fancybox.css?v=2.1.5 HTTP/1.1" 200 4895
181.58.86.243 - - [16/Nov/2020:14:05:18 -0500] "GET /galeria/nivo-slider/jquery.nivo.slider.pack.js HTTP/1.1" 200 11561
190.252.56.114 - - [16/Nov/2020:14:05:18 -0500] "GET /BLA/boletinlegal/js/jquery.scrollShow.js HTTP/1.1" 200 4586
190.252.56.114 - - [16/Nov/2020:14:05:20 -0500] "GET /galeria/galeria/jquery.fancybox.js?v=2.1.5 HTTP/1.1" 200 48706
66.249.65.13 - - [16/Nov/2020:14:05:22 -0500] "-" 408 -
69.162.124.227 - - [16/Nov/2020:14:05:22 -0500] "HEAD / HTTP/1.1" 200 -
181.58.86.243 - - [16/Nov/2020:14:05:23 -0500] "GET /galeria/nivo-slider/themes/default/arrows.png HTTP/1.1" 200 824
181.58.86.243 - - [16/Nov/2020:14:05:23 -0500] "GET /galeria/nivo-slider/themes/default/bullets.png HTTP/1.1" 200 1281
186.155.103.79 - - [16/Nov/2020:14:05:24 -0500] "POST /portaldeninos/wp-admin/admin-ajax.php HTTP/1.1" 200 98
186.86.33.174 - - [16/Nov/2020:14:05:39 -0500] "GET /galeria/galeria/jquery.fancybox.css?v=2.1.5 HTTP/1.1" 200 4895
186.86.33.174 - - [16/Nov/2020:14:05:39 -0500] "GET /galeria/galeria/jquery.fancybox.js?v=2.1.5 HTTP/1.1" 200 48706
186.86.33.174 - - [16/Nov/2020:14:05:39 -0500] "GET /BLA/boletinlegal/js/jquery.scrollShow.js HTTP/1.1" 200 4586
186.155.103.79 - - [16/Nov/2020:14:05:39 -0500] "POST /portaldeninos/wp-admin/admin-ajax.php HTTP/1.1" 200 98
186.155.103.79 - - [16/Nov/2020:14:05:54 -0500] "POST /portaldeninos/wp-admin/admin-ajax.php HTTP/1.1" 200 175
186.155.103.79 - - [16/Nov/2020:14:06:04 -0500] "POST /portaldeninos/wp-admin/admin-ajax.php HTTP/1.1" 200 47
186.155.103.79 - - [16/Nov/2020:14:06:09 -0500] "POST /portaldeninos/wp-admin/admin-ajax.php HTTP/1.1" 200 98
191.156.56.181 - - [16/Nov/2020:14:06:13 -0500] "GET /BLA/boletinlegal/js/jquery.scrollShow.js HTTP/1.1" 200 4586
191.156.62.180 - - [16/Nov/2020:14:06:13 -0500] "GET /galeria/galeria/jquery.fancybox.css?v=2.1.5 HTTP/1.1" 200 4895
191.156.55.208 - - [16/Nov/2020:14:06:13 -0500] "GET /galeria/galeria/jquery.fancybox.js?v=2.1.5 HTTP/1.1" 200 48706
186.155.103.79 - - [16/Nov/2020:14:06:25 -0500] "POST /portaldeninos/wp-admin/admin-ajax.php HTTP/1.1" 200 98
181.53.13.128 - - [16/Nov/2020:14:06:37 -0500] "GET /galeria/galeria/jquery.fancybox.css?v=2.1.5 HTTP/1.1" 200 4895
181.53.13.128 - - [16/Nov/2020:14:06:38 -0500] "GET /BLA/boletinlegal/js/jquery.scrollShow.js HTTP/1.1" 200 4586
181.53.13.128 - - [16/Nov/2020:14:06:38 -0500] "GET /galeria/galeria/jquery.fancybox.js?v=2.1.5 HTTP/1.1" 200 48706
181.141.64.150 - - [16/Nov/2020:14:06:38 -0500] "GET /galeria/galeria/jquery.fancybox.js?v=2.1.5 HTTP/1.1" 200 48706
179.18.54.252 - - [16/Nov/2020:14:06:58 -0500] "GET /galeria/galeria/jquery.fancybox.css?v=2.1.5 HTTP/1.1" 200 4895
179.18.54.252 - - [16/Nov/2020:14:06:58 -0500] "GET /BLA/boletinlegal/js/jquery.scrollShow.js HTTP/1.1" 200 4586
179.18.54.252 - - [16/Nov/2020:14:06:58 -0500] "GET /galeria/galeria/jquery.fancybox.js?v=2.1.5 HTTP/1.1" 200 48706
181.152.187.90 - - [16/Nov/2020:14:07:21 -0500] "GET /galeria/galeria/jquery.fancybox.css?v=2.1.5 HTTP/1.1" 200 4895
181.152.187.90 - - [16/Nov/2020:14:07:21 -0500] "GET /BLA/boletinlegal/js/jquery.scrollShow.js HTTP/1.1" 200 4586
181.152.187.90 - - [16/Nov/2020:14:07:21 -0500] "GET /galeria/galeria/jquery.fancybox.js?v=2.1.5 HTTP/1.1" 200 48706
190.28.160.102 - - [16/Nov/2020:14:07:45 -0500] "GET /galeria/galeria/jquery.fancybox.css?v=2.1.5 HTTP/1.1" 200 4895
190.28.160.102 - - [16/Nov/2020:14:07:45 -0500] "GET /BLA/boletinlegal/js/jquery.scrollShow.js HTTP/1.1" 200 4586
190.28.160.102 - - [16/Nov/2020:14:07:45 -0500] "GET /galeria/galeria/jquery.fancybox.js?v=2.1.5 HTTP/1.1" 200 48706
181.63.11.26 - - [16/Nov/2020:14:07:57 -0500] "GET /BLA/boletinlegal/js/jquery.scrollShow.js HTTP/1.1" 200 4586
181.63.11.26 - - [16/Nov/2020:14:07:57 -0500] "GET /galeria/galeria/jquery.fancybox.js?v=2.1.5 HTTP/1.1" 200 48706
181.63.11.26 - - [16/Nov/2020:14:07:57 -0500] "GET /galeria/galeria/jquery.fancybox.css?v=2.1.5 HTTP/1.1" 200 4895
181.63.11.26 - - [16/Nov/2020:14:07:57 -0500] "GET /galeria/carrusel/Carrusel/jquery.thumbnailScroller.css HTTP/1.1" 200 2066
181.63.11.26 - - [16/Nov/2020:14:07:57 -0500] "GET /galeria/carrusel/Carrusel/jquery-ui-1.8.13.custom.min.js HTTP/1.1" 200 10800
181.63.11.26 - - [16/Nov/2020:14:07:57 -0500] "GET /galeria/carrusel/Carrusel/jquery.thumbnailScroller.js HTTP/1.1" 200 8157
181.63.11.26 - - [16/Nov/2020:14:08:04 -0500] "GET /galeria/nivo-slider/demo/inicio80.html HTTP/1.1" 200 4381
181.63.11.26 - - [16/Nov/2020:14:08:04 -0500] "GET /galeria/nivo-slider/themes/default/default.css HTTP/1.1" 200 1569
181.63.11.26 - - [16/Nov/2020:14:08:04 -0500] "GET /galeria/nivo-slider/themes/pascal/pascal.css HTTP/1.1" 200 2258
181.63.11.26 - - [16/Nov/2020:14:08:04 -0500] "GET /galeria/nivo-slider/themes/orman/orman.css HTTP/1.1" 200 2152
181.63.11.26 - - [16/Nov/2020:14:08:04 -0500] "GET /galeria/nivo-slider/demo/scripts/jquery-1.7.1.min.js HTTP/1.1" 200 93868
181.63.11.26 - - [16/Nov/2020:14:08:04 -0500] "GET /galeria/nivo-slider/demo/style.css HTTP/1.1" 200 2222
181.63.11.26 - - [16/Nov/2020:14:08:04 -0500] "GET /galeria/nivo-slider/nivo-slider.css HTTP/1.1" 200 1507
181.63.11.26 - - [16/Nov/2020:14:08:04 -0500] "GET /galeria/nivo-slider/jquery.nivo.slider.pack.js HTTP/1.1" 200 11561
181.63.11.26 - - [16/Nov/2020:14:08:04 -0500] "GET /galeria/nivo-slider/demo/images/bannerverdesnegocios.jpg HTTP/1.1" 200 179212
181.63.11.26 - - [16/Nov/2020:14:08:04 -0500] "GET /galeria/nivo-slider/demo/images/bannerpreguntas.png HTTP/1.1" 200 196681
181.63.11.26 - - [16/Nov/2020:14:08:04 -0500] "GET /galeria/nivo-slider/demo/images/bannerwebcronicaresiduos.jpg HTTP/1.1" 200 257962
181.63.11.26 - - [16/Nov/2020:14:08:04 -0500] "GET /galeria/nivo-slider/demo/images/bannertingua2020.png HTTP/1.1" 200 105392
181.63.11.26 - - [16/Nov/2020:14:08:04 -0500] "GET /galeria/nivo-slider/demo/images/banneraperturahumedales.jpg HTTP/1.1" 200 91161
181.63.11.26 - - [16/Nov/2020:14:08:05 -0500] "GET /galeria/nivo-slider/demo/images/bannerresiduos.jpg HTTP/1.1" 200 155409
181.63.11.26 - - [16/Nov/2020:14:08:05 -0500] "GET /galeria/nivo-slider/demo/images/banneratencionpuntos.jpg HTTP/1.1" 200 249106
181.63.11.26 - - [16/Nov/2020:14:08:05 -0500] "GET /galeria/nivo-slider/demo/images/4Simple_Slider.png HTTP/1.1" 200 11722
181.63.11.26 - - [16/Nov/2020:14:08:05 -0500] "GET /galeria/nivo-slider/themes/default/loading.gif HTTP/1.1" 200 1737
181.63.11.26 - - [16/Nov/2020:14:08:05 -0500] "GET /galeria/nivo-slider/demo/images/bannerclasesweb.jpg HTTP/1.1" 200 180765
181.63.11.26 - - [16/Nov/2020:14:08:05 -0500] "GET /galeria/nivo-slider/demo/images/Banner%20canales%20virtuales.jpg HTTP/1.1" 200 209438
181.63.11.26 - - [16/Nov/2020:14:08:05 -0500] "GET /galeria/nivo-slider/demo/images/Bannercuidate.jpg HTTP/1.1" 200 75508
181.63.11.26 - - [16/Nov/2020:14:08:05 -0500] "GET /galeria/nivo-slider/demo/images/bannerbioseguridad.jpg HTTP/1.1" 200 228661
181.63.11.26 - - [16/Nov/2020:14:08:05 -0500] "GET /galeria/nivo-slider/demo/images/bannerbolsas.jpg HTTP/1.1" 200 283727
181.63.11.26 - - [16/Nov/2020:14:08:05 -0500] "GET /galeria/nivo-slider/themes/default/arrows.png HTTP/1.1" 200 824
181.63.11.26 - - [16/Nov/2020:14:08:05 -0500] "GET /galeria/nivo-slider/themes/default/bullets.png HTTP/1.1" 200 1281
186.155.103.79 - - [16/Nov/2020:14:08:05 -0500] "POST /portaldeninos/wp-admin/admin-ajax.php HTTP/1.1" 200 47
186.155.103.79 - - [16/Nov/2020:14:08:26 -0500] "POST /portaldeninos/wp-admin/admin-ajax.php HTTP/1.1" 200 175
186.155.103.79 - - [16/Nov/2020:14:08:41 -0500] "POST /portaldeninos/wp-admin/admin-ajax.php HTTP/1.1" 200 98
208.80.194.31 - - [16/Nov/2020:14:08:47 -0500] "GET /galeria/nivo-slider/demo/inicio80.html HTTP/1.0" 200 4381
186.84.88.93 - - [16/Nov/2020:14:08:56 -0500] "GET /galeria/galeria/jquery.fancybox.css?v=2.1.5 HTTP/1.1" 200 4895
186.84.88.93 - - [16/Nov/2020:14:08:56 -0500] "GET /galeria/carrusel/Carrusel/jquery.thumbnailScroller.css HTTP/1.1" 200 2066
186.84.88.93 - - [16/Nov/2020:14:08:56 -0500] "GET /galeria/carrusel/Carrusel/jquery-ui-1.8.13.custom.min.js HTTP/1.1" 200 10800
186.84.88.93 - - [16/Nov/2020:14:08:56 -0500] "GET /galeria/carrusel/Carrusel/jquery.thumbnailScroller.js HTTP/1.1" 200 8157
186.155.103.79 - - [16/Nov/2020:14:08:56 -0500] "POST /portaldeninos/wp-admin/admin-ajax.php HTTP/1.1" 200 98
186.84.88.93 - - [16/Nov/2020:14:08:59 -0500] "GET /galeria/nivo-slider/demo/inicio80.html HTTP/1.1" 200 4381
186.84.88.93 - - [16/Nov/2020:14:08:59 -0500] "GET /galeria/nivo-slider/themes/default/default.css HTTP/1.1" 200 1569
186.84.88.93 - - [16/Nov/2020:14:08:59 -0500] "GET /galeria/nivo-slider/themes/pascal/pascal.css HTTP/1.1" 200 2258
186.84.88.93 - - [16/Nov/2020:14:08:59 -0500] "GET /galeria/nivo-slider/themes/orman/orman.css HTTP/1.1" 200 2152
186.84.88.93 - - [16/Nov/2020:14:08:59 -0500] "GET /galeria/nivo-slider/nivo-slider.css HTTP/1.1" 200 1507
186.84.88.93 - - [16/Nov/2020:14:08:59 -0500] "GET /galeria/nivo-slider/demo/style.css HTTP/1.1" 200 2222
186.84.88.93 - - [16/Nov/2020:14:08:59 -0500] "GET /galeria/nivo-slider/demo/images/bannerpreguntas.png HTTP/1.1" 200 196681
186.84.88.93 - - [16/Nov/2020:14:08:59 -0500] "GET /galeria/nivo-slider/demo/images/banneraperturahumedales.jpg HTTP/1.1" 200 91161
186.84.88.93 - - [16/Nov/2020:14:08:59 -0500] "GET /galeria/nivo-slider/demo/images/bannerverdesnegocios.jpg HTTP/1.1" 200 179212
186.84.88.93 - - [16/Nov/2020:14:08:59 -0500] "GET /galeria/nivo-slider/demo/images/banneratencionpuntos.jpg HTTP/1.1" 200 249106
186.84.88.93 - - [16/Nov/2020:14:08:59 -0500] "GET /galeria/nivo-slider/demo/images/bannerwebcronicaresiduos.jpg HTTP/1.1" 200 257962
186.84.88.93 - - [16/Nov/2020:14:08:59 -0500] "GET /galeria/nivo-slider/demo/images/bannertingua2020.png HTTP/1.1" 200 105392
186.84.88.93 - - [16/Nov/2020:14:08:59 -0500] "GET /galeria/nivo-slider/jquery.nivo.slider.pack.js HTTP/1.1" 200 11561
186.84.88.93 - - [16/Nov/2020:14:08:59 -0500] "GET /galeria/nivo-slider/demo/images/4Simple_Slider.png HTTP/1.1" 200 11722
186.84.88.93 - - [16/Nov/2020:14:08:59 -0500] "GET /galeria/nivo-slider/demo/images/bannerresiduos.jpg HTTP/1.1" 200 155409
186.84.88.93 - - [16/Nov/2020:14:08:59 -0500] "GET /galeria/nivo-slider/themes/default/loading.gif HTTP/1.1" 200 1737
186.84.88.93 - - [16/Nov/2020:14:08:59 -0500] "GET /galeria/nivo-slider/demo/images/bannerclasesweb.jpg HTTP/1.1" 200 180765
186.84.88.93 - - [16/Nov/2020:14:08:59 -0500] "GET /galeria/nivo-slider/demo/images/bannerbioseguridad.jpg HTTP/1.1" 200 228661
186.84.88.93 - - [16/Nov/2020:14:08:59 -0500] "GET /galeria/nivo-slider/demo/images/Bannercuidate.jpg HTTP/1.1" 200 75508
186.84.88.93 - - [16/Nov/2020:14:08:59 -0500] "GET /galeria/nivo-slider/demo/images/Banner%20canales%20virtuales.jpg HTTP/1.1" 200 209438
191.156.55.6 - - [16/Nov/2020:14:09:04 -0500] "GET /galeria/galeria/jquery.fancybox.js?v=2.1.5 HTTP/1.1" 200 48706
191.156.49.127 - - [16/Nov/2020:14:09:04 -0500] "GET /BLA/boletinlegal/js/jquery.scrollShow.js HTTP/1.1" 200 4586
191.156.55.6 - - [16/Nov/2020:14:09:04 -0500] "GET /galeria/galeria/jquery.fancybox.css?v=2.1.5 HTTP/1.1" 200 4895
186.84.88.93 - - [16/Nov/2020:14:09:06 -0500] "GET /galeria/nivo-slider/themes/default/arrows.png HTTP/1.1" 200 824
186.84.88.93 - - [16/Nov/2020:14:09:06 -0500] "GET /galeria/nivo-slider/themes/default/bullets.png HTTP/1.1" 200 1281
186.155.103.79 - - [16/Nov/2020:14:09:11 -0500] "POST /portaldeninos/wp-admin/admin-ajax.php HTTP/1.1" 200 98
191.156.60.233 - - [16/Nov/2020:14:09:12 -0500] "GET /BLA/boletinlegal/js/jquery.scrollShow.js HTTP/1.1" 304 -
191.156.60.233 - - [16/Nov/2020:14:09:12 -0500] "GET /galeria/galeria/jquery.fancybox.js?v=2.1.5 HTTP/1.1" 304 -
191.156.50.212 - - [16/Nov/2020:14:09:12 -0500] "GET /galeria/galeria/jquery.fancybox.css?v=2.1.5 HTTP/1.1" 304 -
186.82.131.14 - - [16/Nov/2020:14:09:25 -0500] "GET /kwssiamovil/sm/ldap/au?x=U2FsdGVkX1%2FVhRGlXAqUZOn2UJH3gel1XH868zyWZ%2FQ%3D&y=YYYYYYYYYY HTTP/1.1" 200 31
186.155.103.79 - - [16/Nov/2020:14:09:26 -0500] "POST /portaldeninos/wp-admin/admin-ajax.php HTTP/1.1" 200 98
186.117.19.240 - - [16/Nov/2020:14:09:35 -0500] "GET /BLA/boletinlegal/js/jquery.scrollShow.js HTTP/1.1" 200 4586
186.117.19.240 - - [16/Nov/2020:14:09:35 -0500] "GET /galeria/galeria/jquery.fancybox.js?v=2.1.5 HTTP/1.1" 200 48706
186.117.19.240 - - [16/Nov/2020:14:09:35 -0500] "GET /galeria/galeria/jquery.fancybox.css?v=2.1.5 HTTP/1.1" 200 4895
186.117.19.240 - - [16/Nov/2020:14:09:36 -0500] "GET /galeria/carrusel/Carrusel/jquery.thumbnailScroller.css HTTP/1.1" 200 2066
186.117.19.240 - - [16/Nov/2020:14:09:36 -0500] "GET /galeria/carrusel/Carrusel/jquery-ui-1.8.13.custom.min.js HTTP/1.1" 200 10800
186.117.19.240 - - [16/Nov/2020:14:09:36 -0500] "GET /galeria/carrusel/Carrusel/jquery.thumbnailScroller.js HTTP/1.1" 200 8157
45.5.92.10 - - [16/Nov/2020:14:09:36 -0500] "GET /BLA/boletinlegal/js/jquery.scrollShow.js HTTP/1.1" 200 4586
45.5.92.10 - - [16/Nov/2020:14:09:36 -0500] "GET /galeria/galeria/jquery.fancybox.js?v=2.1.5 HTTP/1.1" 200 48706
45.5.92.10 - - [16/Nov/2020:14:09:36 -0500] "GET /galeria/galeria/jquery.fancybox.css?v=2.1.5 HTTP/1.1" 200 4895
186.102.96.219 - - [16/Nov/2020:14:09:37 -0500] "-" 408 -
186.155.103.79 - - [16/Nov/2020:14:09:41 -0500] "POST /portaldeninos/wp-admin/admin-ajax.php HTTP/1.1" 200 175
186.82.131.14 - - [16/Nov/2020:14:09:47 -0500] "GET /kwssiamovil/sm/ldap/au?x=U2FsdGVkX18F7O0Yo%2But9AeqlRgGrEAa8XLPcNLld9ztl6V3qIs%2FyUBFYan4tCc6&y=YYYYYYYYYY HTTP/1.1" 200 30
186.117.19.240 - - [16/Nov/2020:14:09:56 -0500] "GET /galeria/nivo-slider/demo/inicio80.html HTTP/1.1" 200 4381
186.155.103.79 - - [16/Nov/2020:14:09:56 -0500] "POST /portaldeninos/wp-admin/admin-ajax.php HTTP/1.1" 200 98
186.117.19.240 - - [16/Nov/2020:14:09:58 -0500] "GET /galeria/nivo-slider/themes/default/default.css HTTP/1.1" 200 1569
186.117.19.240 - - [16/Nov/2020:14:10:00 -0500] "GET /galeria/nivo-slider/themes/pascal/pascal.css HTTP/1.1" 200 2258
186.117.19.240 - - [16/Nov/2020:14:10:00 -0500] "GET /galeria/nivo-slider/themes/orman/orman.css HTTP/1.1" 200 2152
186.117.19.240 - - [16/Nov/2020:14:10:00 -0500] "GET /galeria/nivo-slider/nivo-slider.css HTTP/1.1" 200 1507
186.117.19.240 - - [16/Nov/2020:14:10:00 -0500] "GET /galeria/nivo-slider/demo/style.css HTTP/1.1" 200 2222
186.117.19.240 - - [16/Nov/2020:14:10:00 -0500] "GET /galeria/nivo-slider/demo/scripts/jquery-1.7.1.min.js HTTP/1.1" 200 93868
186.117.19.240 - - [16/Nov/2020:14:10:00 -0500] "GET /galeria/nivo-slider/jquery.nivo.slider.pack.js HTTP/1.1" 200 11561
190.2.209.110 - - [16/Nov/2020:14:10:00 -0500] "GET /galeria/galeria/jquery.fancybox.css?v=2.1.5 HTTP/1.1" 200 4895
190.2.209.110 - - [16/Nov/2020:14:10:00 -0500] "GET /BLA/boletinlegal/js/jquery.scrollShow.js HTTP/1.1" 200 4586
190.2.209.110 - - [16/Nov/2020:14:10:00 -0500] "GET /galeria/galeria/jquery.fancybox.js?v=2.1.5 HTTP/1.1" 200 48706
186.117.19.240 - - [16/Nov/2020:14:10:01 -0500] "GET /galeria/nivo-slider/demo/images/bannerverdesnegocios.jpg HTTP/1.1" 200 179212
186.117.19.240 - - [16/Nov/2020:14:10:01 -0500] "GET /galeria/nivo-slider/demo/images/bannerpreguntas.png HTTP/1.1" 200 196681
186.117.19.240 - - [16/Nov/2020:14:10:01 -0500] "GET /galeria/nivo-slider/demo/images/bannerwebcronicaresiduos.jpg HTTP/1.1" 200 257962
186.117.19.240 - - [16/Nov/2020:14:10:01 -0500] "GET /galeria/nivo-slider/demo/images/banneraperturahumedales.jpg HTTP/1.1" 200 91161
186.117.19.240 - - [16/Nov/2020:14:10:01 -0500] "GET /galeria/nivo-slider/demo/images/4Simple_Slider.png HTTP/1.1" 200 11722
186.117.19.240 - - [16/Nov/2020:14:10:01 -0500] "GET /galeria/nivo-slider/themes/default/loading.gif HTTP/1.1" 200 1737
186.155.103.79 - - [16/Nov/2020:14:10:06 -0500] "POST /portaldeninos/wp-admin/admin-ajax.php HTTP/1.1" 200 47
186.155.103.79 - - [16/Nov/2020:14:10:11 -0500] "POST /portaldeninos/wp-admin/admin-ajax.php HTTP/1.1" 200 98
186.117.19.240 - - [16/Nov/2020:14:10:12 -0500] "GET /galeria/nivo-slider/demo/images/bannertingua2020.png HTTP/1.1" 200 105392
69.162.124.227 - - [16/Nov/2020:14:10:21 -0500] "HEAD / HTTP/1.1" 200 -
186.155.103.79 - - [16/Nov/2020:14:10:26 -0500] "POST /portaldeninos/wp-admin/admin-ajax.php HTTP/1.1" 200 98
186.117.19.240 - - [16/Nov/2020:14:10:30 -0500] "GET /galeria/nivo-slider/demo/images/banneratencionpuntos.jpg HTTP/1.1" 200 249106
186.155.103.79 - - [16/Nov/2020:14:10:41 -0500] "POST /portaldeninos/wp-admin/admin-ajax.php HTTP/1.1" 200 98
186.117.19.240 - - [16/Nov/2020:14:10:43 -0500] "GET /galeria/nivo-slider/demo/images/bannerresiduos.jpg HTTP/1.1" 200 155409
186.117.19.240 - - [16/Nov/2020:14:10:51 -0500] "GET /galeria/nivo-slider/demo/images/bannerclasesweb.jpg HTTP/1.1" 200 180765
186.117.19.240 - - [16/Nov/2020:14:10:52 -0500] "GET /galeria/nivo-slider/demo/images/bannerbioseguridad.jpg HTTP/1.1" 200 228661
186.117.19.240 - - [16/Nov/2020:14:10:55 -0500] "GET /galeria/nivo-slider/demo/images/Bannercuidate.jpg HTTP/1.1" 200 75508
186.155.103.79 - - [16/Nov/2020:14:10:57 -0500] "POST /portaldeninos/wp-admin/admin-ajax.php HTTP/1.1" 200 175
186.117.19.240 - - [16/Nov/2020:14:10:58 -0500] "GET /galeria/nivo-slider/demo/images/Banner%20canales%20virtuales.jpg HTTP/1.1" 200 209438
186.117.19.240 - - [16/Nov/2020:14:10:58 -0500] "GET /galeria/nivo-slider/demo/images/bannerbolsas.jpg HTTP/1.1" 200 283727
186.155.103.79 - - [16/Nov/2020:14:11:12 -0500] "POST /portaldeninos/wp-admin/admin-ajax.php HTTP/1.1" 200 98
186.155.103.79 - - [16/Nov/2020:14:11:27 -0500] "POST /portaldeninos/wp-admin/admin-ajax.php HTTP/1.1" 200 98
186.155.103.79 - - [16/Nov/2020:14:11:42 -0500] "POST /portaldeninos/wp-admin/admin-ajax.php HTTP/1.1" 200 98
186.155.103.79 - - [16/Nov/2020:14:11:43 -0500] "POST /portaldeninos/wp-admin/admin-ajax.php HTTP/1.1" 200 98
186.155.103.79 - - [16/Nov/2020:14:11:43 -0500] "POST /portaldeninos/wp-admin/admin-ajax.php HTTP/1.1" 200 98
201.245.192.253 - - [16/Nov/2020:14:11:04 -0500] "POST /kwsrmcab/Wsrmcab HTTP/1.1" 200 45975
186.84.20.118 - - [16/Nov/2020:14:11:44 -0500] "GET /BLA/boletinlegal/js/jquery.scrollShow.js HTTP/1.1" 200 4586
186.84.20.118 - - [16/Nov/2020:14:11:44 -0500] "GET /galeria/galeria/jquery.fancybox.css?v=2.1.5 HTTP/1.1" 200 4895
186.84.20.118 - - [16/Nov/2020:14:11:44 -0500] "GET /galeria/galeria/jquery.fancybox.js?v=2.1.5 HTTP/1.1" 200 48706
201.245.192.253 - - [16/Nov/2020:14:11:05 -0500] "POST /kwsrmcab/Wsrmcab HTTP/1.1" 200 45843
186.117.19.240 - - [16/Nov/2020:14:11:48 -0500] "GET /galeria/nivo-slider/themes/default/arrows.png HTTP/1.1" 200 824
186.84.20.118 - - [16/Nov/2020:14:11:49 -0500] "GET /galeria/galeria/jquery.fancybox.css?v=2.1.5 HTTP/1.1" 304 -
186.84.20.118 - - [16/Nov/2020:14:11:49 -0500] "GET /galeria/galeria/jquery.fancybox.js?v=2.1.5 HTTP/1.1" 304 -
186.84.20.118 - - [16/Nov/2020:14:11:49 -0500] "GET /BLA/boletinlegal/js/jquery.scrollShow.js HTTP/1.1" 304 -
186.117.19.240 - - [16/Nov/2020:14:11:50 -0500] "GET /galeria/nivo-slider/themes/default/bullets.png HTTP/1.1" 200 1281
186.155.103.79 - - [16/Nov/2020:14:11:52 -0500] "GET /portaldeninos/wp-admin/images/loading.gif HTTP/1.1" 200 2254
186.155.103.79 - - [16/Nov/2020:14:11:55 -0500] "POST /portaldeninos/wp-admin/admin-ajax.php HTTP/1.1" 200 3157
186.155.103.79 - - [16/Nov/2020:14:11:57 -0500] "POST /portaldeninos/wp-admin/admin-ajax.php HTTP/1.1" 200 98
186.155.103.79 - - [16/Nov/2020:14:11:58 -0500] "POST /portaldeninos/wp-admin/admin-ajax.php HTTP/1.1" 200 175
186.155.103.79 - - [16/Nov/2020:14:11:59 -0500] "POST /portaldeninos/wp-admin/admin-ajax.php HTTP/1.1" 200 98
186.155.103.79 - - [16/Nov/2020:14:12:07 -0500] "POST /portaldeninos/wp-admin/admin-ajax.php HTTP/1.1" 200 47
181.143.236.132 - - [16/Nov/2020:14:12:09 -0500] "GET /galeria/galeria/jquery.fancybox.css?v=2.1.5 HTTP/1.1" 200 4895
181.143.236.132 - - [16/Nov/2020:14:12:09 -0500] "GET /BLA/boletinlegal/js/jquery.scrollShow.js HTTP/1.1" 200 4586
181.143.236.132 - - [16/Nov/2020:14:12:09 -0500] "GET /galeria/galeria/jquery.fancybox.js?v=2.1.5 HTTP/1.1" 200 48706
186.155.103.79 - - [16/Nov/2020:14:12:13 -0500] "POST /portaldeninos/wp-admin/admin-ajax.php HTTP/1.1" 200 98
207.46.13.43 - - [16/Nov/2020:14:12:19 -0500] "GET /BLA/resoluciones/RESOLUCIONES%202019/3221.pdf HTTP/1.1" 200 288905
201.245.192.253 - - [16/Nov/2020:14:11:46 -0500] "POST /kwsrmcab/Wsrmcab HTTP/1.1" 200 45975
186.155.103.79 - - [16/Nov/2020:14:12:28 -0500] "POST /portaldeninos/wp-admin/admin-ajax.php HTTP/1.1" 200 98
66.249.65.13 - - [16/Nov/2020:14:12:41 -0500] "-" 408 -
186.155.103.79 - - [16/Nov/2020:14:12:43 -0500] "POST /portaldeninos/wp-admin/admin-ajax.php HTTP/1.1" 200 98
181.234.14.108 - - [16/Nov/2020:14:12:50 -0500] "GET /galeria/galeria/jquery.fancybox.css?v=2.1.5 HTTP/1.1" 200 4895
181.234.14.108 - - [16/Nov/2020:14:12:50 -0500] "GET /BLA/boletinlegal/js/jquery.scrollShow.js HTTP/1.1" 200 4586
181.234.14.108 - - [16/Nov/2020:14:12:50 -0500] "GET /galeria/galeria/jquery.fancybox.js?v=2.1.5 HTTP/1.1" 200 48706
186.155.103.79 - - [16/Nov/2020:14:12:59 -0500] "POST /portaldeninos/wp-admin/admin-ajax.php HTTP/1.1" 200 175
186.155.103.79 - - [16/Nov/2020:14:13:14 -0500] "POST /portaldeninos/wp-admin/admin-ajax.php HTTP/1.1" 200 98
207.46.13.48 - - [16/Nov/2020:14:13:19 -0500] "-" 408 -
186.155.103.79 - - [16/Nov/2020:14:13:30 -0500] "POST /portaldeninos/wp-admin/admin-ajax.php HTTP/1.1" 200 98
201.245.192.253 - - [16/Nov/2020:14:12:54 -0500] "POST /kwsrmcab/Wsrmcab HTTP/1.1" 200 117904
191.95.16.74 - - [16/Nov/2020:14:13:40 -0500] "GET /BLA/boletinlegal/js/jquery.scrollShow.js HTTP/1.1" 200 4586
191.95.16.74 - - [16/Nov/2020:14:13:40 -0500] "GET /galeria/galeria/jquery.fancybox.js?v=2.1.5 HTTP/1.1" 200 48706
191.95.16.74 - - [16/Nov/2020:14:13:41 -0500] "GET /galeria/galeria/jquery.fancybox.css?v=2.1.5 HTTP/1.1" 200 4895
186.155.103.79 - - [16/Nov/2020:14:13:45 -0500] "POST /portaldeninos/wp-admin/admin-ajax.php HTTP/1.1" 200 98
207.46.13.48 - - [16/Nov/2020:14:13:50 -0500] "-" 408 -
186.84.91.37 - - [16/Nov/2020:14:13:51 -0500] "GET /sipse/faces/autenticacion.xhtml HTTP/1.1" 200 12503
186.84.91.37 - - [16/Nov/2020:14:13:52 -0500] "GET /sipse/faces/javax.faces.resource/layout/layout.css;jsessionid=K7l37-EaY-4ja1FnrxyGJjd5.undefined?ln=primefaces&v=4.0 HTTP/1.1" 200 542
186.84.91.37 - - [16/Nov/2020:14:13:53 -0500] "GET /sipse/js/disable_browser_buttons.js HTTP/1.1" 200 3230
186.84.91.37 - - [16/Nov/2020:14:13:52 -0500] "GET /sipse/faces/javax.faces.resource/primefaces.css;jsessionid=K7l37-EaY-4ja1FnrxyGJjd5.undefined?ln=primefaces&v=4.0 HTTP/1.1" 200 53295
186.84.91.37 - - [16/Nov/2020:14:13:53 -0500] "GET /sipse/js/funciones.js HTTP/1.1" 200 12592
186.84.91.37 - - [16/Nov/2020:14:13:52 -0500] "GET /sipse/faces/javax.faces.resource/layout/layout.js;jsessionid=K7l37-EaY-4ja1FnrxyGJjd5.undefined?ln=primefaces&v=4.0 HTTP/1.1" 200 87560
186.84.91.37 - - [16/Nov/2020:14:13:53 -0500] "GET /sipse/css/custom_css_sg.css HTTP/1.1" 200 9694
186.84.91.37 - - [16/Nov/2020:14:13:53 -0500] "GET /sipse/css/custom_css_sg_prime_login.css HTTP/1.1" 200 443
186.84.91.37 - - [16/Nov/2020:14:13:52 -0500] "GET /sipse/faces/javax.faces.resource/jquery/jquery.js;jsessionid=K7l37-EaY-4ja1FnrxyGJjd5.undefined?ln=primefaces&v=4.0 HTTP/1.1" 200 105384
186.84.91.37 - - [16/Nov/2020:14:13:53 -0500] "GET /sipse/faces/javax.faces.resource/theme.css?ln=primefaces-sipse HTTP/1.1" 200 50058
186.84.91.37 - - [16/Nov/2020:14:13:52 -0500] "GET /sipse/faces/javax.faces.resource/primefaces.js;jsessionid=K7l37-EaY-4ja1FnrxyGJjd5.undefined?ln=primefaces&v=4.0 HTTP/1.1" 200 276924
186.84.91.37 - - [16/Nov/2020:14:13:52 -0500] "GET /sipse/faces/javax.faces.resource/jquery/jquery-plugins.js;jsessionid=K7l37-EaY-4ja1FnrxyGJjd5.undefined?ln=primefaces&v=4.0 HTTP/1.1" 200 220526
186.84.91.37 - - [16/Nov/2020:14:13:53 -0500] "GET /sipse/faces/javax.faces.resource/images/ui-icons_898989_256x240.png?ln=primefaces-aristo HTTP/1.1" 200 5355
186.84.91.37 - - [16/Nov/2020:14:13:53 -0500] "GET /sipse/css/imagen/loginimg.png HTTP/1.1" 200 71635
186.84.91.37 - - [16/Nov/2020:14:13:53 -0500] "GET /sipse/css/imagen/logoSDG.png HTTP/1.1" 200 53064
186.84.89.231 - - [16/Nov/2020:14:13:53 -0500] "GET /BLA/boletinlegal/js/jquery.scrollShow.js HTTP/1.1" 200 4586
186.84.89.231 - - [16/Nov/2020:14:13:53 -0500] "GET /galeria/galeria/jquery.fancybox.css?v=2.1.5 HTTP/1.1" 200 4895
186.84.89.231 - - [16/Nov/2020:14:13:53 -0500] "GET /galeria/galeria/jquery.fancybox.js?v=2.1.5 HTTP/1.1" 200 48706
186.84.89.231 - - [16/Nov/2020:14:13:54 -0500] "GET /galeria/carrusel/Carrusel/jquery.thumbnailScroller.css HTTP/1.1" 200 2066
186.84.91.37 - - [16/Nov/2020:14:13:54 -0500] "GET /favicon.ico HTTP/1.1" 200 7782
186.84.89.231 - - [16/Nov/2020:14:13:54 -0500] "GET /galeria/carrusel/Carrusel/jquery-ui-1.8.13.custom.min.js HTTP/1.1" 200 10800
186.84.89.231 - - [16/Nov/2020:14:13:54 -0500] "GET /galeria/carrusel/Carrusel/jquery.thumbnailScroller.js HTTP/1.1" 200 8157
186.84.89.231 - - [16/Nov/2020:14:13:54 -0500] "GET /galeria/nivo-slider/demo/inicio80.html HTTP/1.1" 200 4381
186.84.89.231 - - [16/Nov/2020:14:13:55 -0500] "GET /galeria/nivo-slider/themes/default/default.css HTTP/1.1" 200 1569
186.84.89.231 - - [16/Nov/2020:14:13:55 -0500] "GET /galeria/nivo-slider/themes/pascal/pascal.css HTTP/1.1" 200 2258
186.84.91.37 - - [16/Nov/2020:14:13:55 -0500] "GET /sipse/faces/index.xhtml HTTP/1.1" 200 677
186.84.91.37 - - [16/Nov/2020:14:13:55 -0500] "GET /sipse/faces/javax.faces.resource/theme.css?ln=primefaces-sipse HTTP/1.1" 304 -
186.84.89.231 - - [16/Nov/2020:14:13:55 -0500] "GET /galeria/nivo-slider/themes/orman/orman.css HTTP/1.1" 200 2152
186.84.89.231 - - [16/Nov/2020:14:13:55 -0500] "GET /galeria/nivo-slider/nivo-slider.css HTTP/1.1" 200 1507
186.84.89.231 - - [16/Nov/2020:14:13:55 -0500] "GET /galeria/nivo-slider/demo/scripts/jquery-1.7.1.min.js HTTP/1.1" 200 93868
186.84.89.231 - - [16/Nov/2020:14:13:55 -0500] "GET /galeria/nivo-slider/demo/style.css HTTP/1.1" 200 2222
186.84.89.231 - - [16/Nov/2020:14:13:55 -0500] "GET /galeria/nivo-slider/jquery.nivo.slider.pack.js HTTP/1.1" 200 11561
186.84.89.231 - - [16/Nov/2020:14:13:55 -0500] "GET /galeria/nivo-slider/demo/images/bannerverdesnegocios.jpg HTTP/1.1" 200 179212
186.84.89.231 - - [16/Nov/2020:14:13:55 -0500] "GET /galeria/nivo-slider/demo/images/bannerpreguntas.png HTTP/1.1" 200 196681
186.84.89.231 - - [16/Nov/2020:14:13:55 -0500] "GET /galeria/nivo-slider/demo/images/bannerwebcronicaresiduos.jpg HTTP/1.1" 200 257962
186.84.89.231 - - [16/Nov/2020:14:13:55 -0500] "GET /galeria/nivo-slider/demo/images/banneraperturahumedales.jpg HTTP/1.1" 200 91161
186.84.91.37 - - [16/Nov/2020:14:13:55 -0500] "GET /sipse/faces/faces/autenticacion.xhtml HTTP/1.1" 200 12181
186.84.91.37 - - [16/Nov/2020:14:13:55 -0500] "GET /sipse/faces/javax.faces.resource/theme.css?ln=primefaces-sipse HTTP/1.1" 304 -
186.84.91.37 - - [16/Nov/2020:14:13:55 -0500] "GET /sipse/faces/javax.faces.resource/layout/layout.css?ln=primefaces&v=4.0 HTTP/1.1" 200 542
186.84.89.231 - - [16/Nov/2020:14:13:55 -0500] "GET /galeria/nivo-slider/demo/images/bannertingua2020.png HTTP/1.1" 200 105392
186.84.91.37 - - [16/Nov/2020:14:13:55 -0500] "GET /sipse/faces/javax.faces.resource/primefaces.css?ln=primefaces&v=4.0 HTTP/1.1" 200 53295
186.84.89.231 - - [16/Nov/2020:14:13:56 -0500] "GET /galeria/nivo-slider/demo/images/banneratencionpuntos.jpg HTTP/1.1" 200 249106
186.84.89.231 - - [16/Nov/2020:14:13:56 -0500] "GET /galeria/nivo-slider/demo/images/bannerresiduos.jpg HTTP/1.1" 200 155409
186.84.89.231 - - [16/Nov/2020:14:13:56 -0500] "GET /galeria/nivo-slider/demo/images/bannerclasesweb.jpg HTTP/1.1" 200 180765
186.84.89.231 - - [16/Nov/2020:14:13:56 -0500] "GET /galeria/nivo-slider/demo/images/bannerbioseguridad.jpg HTTP/1.1" 200 228661
186.84.89.231 - - [16/Nov/2020:14:13:56 -0500] "GET /galeria/nivo-slider/demo/images/Bannercuidate.jpg HTTP/1.1" 200 75508
186.84.89.231 - - [16/Nov/2020:14:13:56 -0500] "GET /galeria/nivo-slider/demo/images/Banner%20canales%20virtuales.jpg HTTP/1.1" 200 209438
186.84.89.231 - - [16/Nov/2020:14:13:56 -0500] "GET /galeria/nivo-slider/demo/images/bannerbolsas.jpg HTTP/1.1" 200 283727
186.84.89.231 - - [16/Nov/2020:14:13:56 -0500] "GET /galeria/nivo-slider/demo/images/4Simple_Slider.png HTTP/1.1" 200 11722
186.84.91.37 - - [16/Nov/2020:14:13:56 -0500] "GET /sipse/faces/javax.faces.resource/jquery/jquery.js?ln=primefaces&v=4.0 HTTP/1.1" 304 -
186.84.89.231 - - [16/Nov/2020:14:13:56 -0500] "GET /galeria/nivo-slider/themes/default/loading.gif HTTP/1.1" 200 1737
186.84.91.37 - - [16/Nov/2020:14:13:56 -0500] "GET /sipse/faces/javax.faces.resource/jquery/jquery-plugins.js?ln=primefaces&v=4.0 HTTP/1.1" 304 -
186.84.91.37 - - [16/Nov/2020:14:13:56 -0500] "GET /sipse/faces/javax.faces.resource/primefaces.js?ln=primefaces&v=4.0 HTTP/1.1" 304 -
186.84.91.37 - - [16/Nov/2020:14:13:57 -0500] "GET /sipse/faces/javax.faces.resource/layout/layout.js?ln=primefaces&v=4.0 HTTP/1.1" 304 -
186.84.89.231 - - [16/Nov/2020:14:13:57 -0500] "GET /galeria/nivo-slider/themes/default/arrows.png HTTP/1.1" 200 824
186.84.89.231 - - [16/Nov/2020:14:13:57 -0500] "GET /galeria/nivo-slider/themes/default/bullets.png HTTP/1.1" 200 1281
186.84.91.37 - - [16/Nov/2020:14:13:57 -0500] "GET /sipse/faces/javax.faces.resource/images/ui-icons_898989_256x240.png?ln=primefaces-aristo HTTP/1.1" 304 -
186.155.103.79 - - [16/Nov/2020:14:13:58 -0500] "POST /portaldeninos/wp-admin/admin-ajax.php HTTP/1.1" 200 98
186.155.103.79 - - [16/Nov/2020:14:14:00 -0500] "POST /portaldeninos/wp-admin/admin-ajax.php HTTP/1.1" 200 98
186.155.103.79 - - [16/Nov/2020:14:14:00 -0500] "POST /portaldeninos/wp-admin/admin-ajax.php HTTP/1.1" 200 175
186.84.91.37 - - [16/Nov/2020:14:14:02 -0500] "POST /sipse/faces/autenticacion.xhtml HTTP/1.1" 200 15852
186.84.91.37 - - [16/Nov/2020:14:14:02 -0500] "GET /sipse/css/custom_css_sg_prime.css HTTP/1.1" 200 5201
186.84.91.37 - - [16/Nov/2020:14:14:02 -0500] "GET /sipse/js/jquery.min.js HTTP/1.1" 200 85582
186.84.91.37 - - [16/Nov/2020:14:14:02 -0500] "GET /sipse/faces/javax.faces.resource/jquery/jquery.js?ln=primefaces&v=4.0 HTTP/1.1" 304 -
186.84.91.37 - - [16/Nov/2020:14:14:02 -0500] "GET /sipse/faces/javax.faces.resource/jquery/jquery-plugins.js?ln=primefaces&v=4.0 HTTP/1.1" 304 -
186.84.91.37 - - [16/Nov/2020:14:14:02 -0500] "GET /sipse/faces/javax.faces.resource/primefaces.js?ln=primefaces&v=4.0 HTTP/1.1" 304 -
186.84.91.37 - - [16/Nov/2020:14:14:02 -0500] "GET /sipse/faces/javax.faces.resource/layout/layout.js?ln=primefaces&v=4.0 HTTP/1.1" 304 -
186.84.91.37 - - [16/Nov/2020:14:14:03 -0500] "GET /sipse/imagenes/cargando.gif HTTP/1.1" 200 36959
186.84.91.37 - - [16/Nov/2020:14:14:03 -0500] "GET /sipse/css/imagen/contrasena.png HTTP/1.1" 404 383
186.84.91.37 - - [16/Nov/2020:14:14:03 -0500] "GET /sipse/faces/javax.faces.resource/messages/messages.png?ln=primefaces&v=4.0 HTTP/1.1" 304 -
186.84.91.37 - - [16/Nov/2020:14:14:03 -0500] "GET /sipse/imagenes/logoAplicacion.jpg HTTP/1.1" 200 155084
186.84.91.37 - - [16/Nov/2020:14:14:06 -0500] "GET /sipse/faces/javax.faces.resource/images/ui-bg_flat_0_2d5972_40x100.png?ln=primefaces-aristo HTTP/1.1" 200 183
186.84.91.37 - - [16/Nov/2020:14:14:06 -0500] "POST /sipse/faces/bienvenido.xhtml HTTP/1.1" 200 1471
186.155.103.79 - - [16/Nov/2020:14:14:08 -0500] "POST /portaldeninos/wp-admin/admin-ajax.php HTTP/1.1" 200 47
186.84.91.37 - - [16/Nov/2020:14:14:08 -0500] "POST /sipse/faces/bienvenido.xhtml HTTP/1.1" 200 39943
186.84.91.37 - - [16/Nov/2020:14:14:10 -0500] "GET /sipse/faces/javax.faces.resource/jquery/jquery.js?ln=primefaces&v=4.0 HTTP/1.1" 304 -
186.84.91.37 - - [16/Nov/2020:14:14:10 -0500] "GET /sipse/faces/javax.faces.resource/jquery/jquery-plugins.js?ln=primefaces&v=4.0 HTTP/1.1" 304 -
186.84.91.37 - - [16/Nov/2020:14:14:10 -0500] "GET /sipse/faces/javax.faces.resource/primefaces.js?ln=primefaces&v=4.0 HTTP/1.1" 304 -
186.84.91.37 - - [16/Nov/2020:14:14:10 -0500] "GET /sipse/faces/javax.faces.resource/layout/layout.js?ln=primefaces&v=4.0 HTTP/1.1" 304 -
186.84.91.37 - - [16/Nov/2020:14:14:10 -0500] "POST /sipse/faces/presentacion/financiero/solicitudProceso/listarSolicitudProceso.xhtml HTTP/1.1" 200 1392
186.155.103.79 - - [16/Nov/2020:14:14:15 -0500] "POST /portaldeninos/wp-admin/admin-ajax.php HTTP/1.1" 200 98
191.92.170.98 - - [16/Nov/2020:14:14:16 -0500] "GET /galeria/galeria/jquery.fancybox.css?v=2.1.5 HTTP/1.1" 200 4895
191.92.170.98 - - [16/Nov/2020:14:14:16 -0500] "GET /BLA/boletinlegal/js/jquery.scrollShow.js HTTP/1.1" 200 4586
191.92.170.98 - - [16/Nov/2020:14:14:16 -0500] "GET /galeria/galeria/jquery.fancybox.js?v=2.1.5 HTTP/1.1" 200 48706
207.46.13.48 - - [16/Nov/2020:14:14:20 -0500] "-" 408 -
181.50.62.77 - - [16/Nov/2020:14:14:23 -0500] "GET /galeria/galeria/jquery.fancybox.css?v=2.1.5 HTTP/1.1" 200 4895
181.50.62.77 - - [16/Nov/2020:14:14:23 -0500] "GET /BLA/boletinlegal/js/jquery.scrollShow.js HTTP/1.1" 200 4586
181.50.62.77 - - [16/Nov/2020:14:14:23 -0500] "GET /galeria/galeria/jquery.fancybox.js?v=2.1.5 HTTP/1.1" 200 48706
186.155.103.79 - - [16/Nov/2020:14:14:31 -0500] "POST /portaldeninos/wp-admin/admin-ajax.php HTTP/1.1" 200 98
186.84.91.37 - - [16/Nov/2020:14:14:50 -0500] "POST /sipse/faces/presentacion/financiero/solicitudProceso/listarSolicitudProceso.xhtml HTTP/1.1" 200 144171
186.84.91.37 - - [16/Nov/2020:14:14:52 -0500] "GET /sipse/faces/javax.faces.resource/jquery/jquery.js?ln=primefaces&v=4.0 HTTP/1.1" 304 -
186.84.91.37 - - [16/Nov/2020:14:14:52 -0500] "GET /sipse/faces/javax.faces.resource/jquery/jquery-plugins.js?ln=primefaces&v=4.0 HTTP/1.1" 304 -
186.84.91.37 - - [16/Nov/2020:14:14:53 -0500] "GET /sipse/faces/javax.faces.resource/primefaces.js?ln=primefaces&v=4.0 HTTP/1.1" 304 -
186.84.91.37 - - [16/Nov/2020:14:14:53 -0500] "GET /sipse/faces/javax.faces.resource/layout/layout.js?ln=primefaces&v=4.0 HTTP/1.1" 304 -
186.155.103.79 - - [16/Nov/2020:14:14:57 -0500] "POST /portaldeninos/wp-admin/admin-ajax.php HTTP/1.1" 200 98
186.155.13.212 - - [16/Nov/2020:14:15:01 -0500] "GET /BLA/boletinlegal/js/jquery.scrollShow.js HTTP/1.1" 200 4586
186.155.13.212 - - [16/Nov/2020:14:15:01 -0500] "GET /galeria/galeria/jquery.fancybox.js?v=2.1.5 HTTP/1.1" 200 48706
186.155.13.212 - - [16/Nov/2020:14:15:02 -0500] "GET /galeria/galeria/jquery.fancybox.css?v=2.1.5 HTTP/1.1" 200 4895
186.155.103.79 - - [16/Nov/2020:14:15:12 -0500] "POST /portaldeninos/wp-admin/admin-ajax.php HTTP/1.1" 200 175
186.84.91.37 - - [16/Nov/2020:14:15:15 -0500] "POST /sipse/faces/presentacion/financiero/solicitudProceso/consultarSolicitudProceso.xhtml HTTP/1.1" 200 39943
186.84.91.37 - - [16/Nov/2020:14:15:16 -0500] "GET /sipse/faces/javax.faces.resource/jquery/jquery.js?ln=primefaces&v=4.0 HTTP/1.1" 304 -
186.84.91.37 - - [16/Nov/2020:14:15:16 -0500] "GET /sipse/faces/javax.faces.resource/jquery/jquery-plugins.js?ln=primefaces&v=4.0 HTTP/1.1" 304 -
186.84.91.37 - - [16/Nov/2020:14:15:16 -0500] "GET /sipse/faces/javax.faces.resource/primefaces.js?ln=primefaces&v=4.0 HTTP/1.1" 304 -
