181.61.204.61 - - [09/Dec/2020:00:44:07 -0500] "GET /reportes_sipse/sdg/ServletReporte?reporte=solicitud_cdp&Solicitud=11978&pfdrid_c=false HTTP/1.1" 200 119168
190.240.55.155 - - [09/Dec/2020:00:44:10 -0500] "GET /galeria/galeria/jquery.fancybox.js?v=2.1.5 HTTP/1.1" 304 -
190.240.55.155 - - [09/Dec/2020:00:44:10 -0500] "GET /BLA/boletinlegal/js/jquery.scrollShow.js HTTP/1.1" 304 -
190.240.55.155 - - [09/Dec/2020:00:44:10 -0500] "GET /galeria/galeria/jquery.fancybox.css?v=2.1.5 HTTP/1.1" 304 -
114.119.130.12 - - [09/Dec/2020:00:44:36 -0500] "GET /BLA/resoluciones/AUTOS%202015/4137.pdf HTTP/1.1" 200 498015
181.61.204.61 - - [09/Dec/2020:00:44:40 -0500] "GET /reportes_sipse/sdg/ServletReporte?reporte=solicitud_cdp&Solicitud=11978&pfdrid_c=false HTTP/1.1" 200 119168
186.30.152.250 - - [09/Dec/2020:00:44:52 -0500] "GET /galeria/galeria/jquery.fancybox.css?v=2.1.5 HTTP/1.1" 200 4895
186.30.152.250 - - [09/Dec/2020:00:44:52 -0500] "GET /BLA/boletinlegal/js/jquery.scrollShow.js HTTP/1.1" 200 4586
186.30.152.250 - - [09/Dec/2020:00:44:52 -0500] "GET /galeria/galeria/jquery.fancybox.js?v=2.1.5 HTTP/1.1" 200 48706
181.61.204.61 - - [09/Dec/2020:00:44:56 -0500] "GET /reportes_sipse/sdg/ServletReporte?reporte=solicitud_cdp&Solicitud=11978&pfdrid_c=false HTTP/1.1" 200 119168
192.168.175.225 - - [09/Dec/2020:00:45:09 -0500] "GET / HTTP/1.1" 200 9990
66.249.65.13 - - [09/Dec/2020:00:45:23 -0500] "GET /Autoliquidacion/index.php?dir=TR%C1MITES%20AGUAS%20SUBTERR%C1NEAS/126PM04-PR93-PR%D3RROGA%20CONCESI%D3N%20AGUAS%20SUBTERR%C1NEAS/&sort=name&order=desc HTTP/1.1" 200 2949
186.84.22.117 - - [09/Dec/2020:00:45:26 -0500] "GET /galeria/galeria/jquery.fancybox.css?v=2.1.5 HTTP/1.1" 200 4895
186.84.22.117 - - [09/Dec/2020:00:45:26 -0500] "GET /BLA/boletinlegal/js/jquery.scrollShow.js HTTP/1.1" 200 4586
186.84.22.117 - - [09/Dec/2020:00:45:26 -0500] "GET /galeria/galeria/jquery.fancybox.js?v=2.1.5 HTTP/1.1" 200 48706
181.61.204.61 - - [09/Dec/2020:00:45:32 -0500] "GET /reportes_sipse/sdg/ServletReporte?reporte=solicitud_cdp&Solicitud=11978&pfdrid_c=false HTTP/1.1" 200 119168
181.61.204.61 - - [09/Dec/2020:00:45:48 -0500] "GET /reportes_sipse/sdg/ServletReporte?reporte=solicitud_cdp&Solicitud=11978&pfdrid_c=false HTTP/1.1" 200 119168
181.72.148.237 - - [09/Dec/2020:00:45:58 -0500] "GET /BLA/boletinlegal/js/jquery.scrollShow.js HTTP/1.1" 200 4586
181.72.148.237 - - [09/Dec/2020:00:45:58 -0500] "GET /galeria/galeria/jquery.fancybox.css?v=2.1.5 HTTP/1.1" 200 4895
181.72.148.237 - - [09/Dec/2020:00:45:58 -0500] "GET /galeria/galeria/jquery.fancybox.js?v=2.1.5 HTTP/1.1" 200 48706
114.119.133.30 - - [09/Dec/2020:00:46:07 -0500] "GET /Autoliquidacion/index.php?dir=TR%C3%83%C2%AF%C3%82%C2%BF%C3%82%C2%BDMITES%2BACEITES-RESIDUOS-ESTACIONES%2FREGISTRO%2BACEITE%2BVEGETAL%2BUSADO%2F&sort=date&order=asc HTTP/1.1" 200 7091
186.82.12.123 - - [09/Dec/2020:00:46:22 -0500] "GET /galeria/galeria/jquery.fancybox.css?v=2.1.5 HTTP/1.1" 200 4895
186.82.12.123 - - [09/Dec/2020:00:46:22 -0500] "GET /galeria/galeria/jquery.fancybox.js?v=2.1.5 HTTP/1.1" 200 48706
186.82.12.123 - - [09/Dec/2020:00:46:22 -0500] "GET /BLA/boletinlegal/js/jquery.scrollShow.js HTTP/1.1" 200 4586
181.61.204.61 - - [09/Dec/2020:00:46:25 -0500] "GET /reportes_sipse/sdg/ServletReporte?reporte=solicitud_cdp&Solicitud=11978&pfdrid_c=false HTTP/1.1" 200 119168
179.13.163.143 - - [09/Dec/2020:00:46:31 -0500] "GET /galeria/galeria/jquery.fancybox.css?v=2.1.5 HTTP/1.1" 200 4895
179.13.163.143 - - [09/Dec/2020:00:46:31 -0500] "GET /BLA/boletinlegal/js/jquery.scrollShow.js HTTP/1.1" 200 4586
179.13.163.143 - - [09/Dec/2020:00:46:31 -0500] "GET /galeria/galeria/jquery.fancybox.js?v=2.1.5 HTTP/1.1" 200 48706
186.169.131.197 - - [09/Dec/2020:00:46:32 -0500] "GET /galeria/galeria/jquery.fancybox.css?v=2.1.5 HTTP/1.1" 200 4895
186.169.131.197 - - [09/Dec/2020:00:46:32 -0500] "GET /BLA/boletinlegal/js/jquery.scrollShow.js HTTP/1.1" 200 4586
186.169.131.197 - - [09/Dec/2020:00:46:32 -0500] "GET /galeria/galeria/jquery.fancybox.js?v=2.1.5 HTTP/1.1" 200 48706
181.61.204.61 - - [09/Dec/2020:00:46:44 -0500] "GET /reportes_sipse/sdg/ServletReporte?reporte=solicitud_cdp&Solicitud=11978&pfdrid_c=false HTTP/1.1" 200 119168
181.72.148.237 - - [09/Dec/2020:00:47:49 -0500] "GET /galeria/galeria/jquery.fancybox.css?v=2.1.5 HTTP/1.1" 200 4895
181.72.148.237 - - [09/Dec/2020:00:47:49 -0500] "GET /galeria/galeria/jquery.fancybox.js?v=2.1.5 HTTP/1.1" 200 48706
181.72.148.237 - - [09/Dec/2020:00:47:49 -0500] "GET /BLA/boletinlegal/js/jquery.scrollShow.js HTTP/1.1" 200 4586
190.25.121.251 - - [09/Dec/2020:00:47:54 -0500] "GET /BLA/boletinlegal/js/jquery.scrollShow.js HTTP/1.1" 200 4586
190.25.121.251 - - [09/Dec/2020:00:47:54 -0500] "GET /galeria/galeria/jquery.fancybox.css?v=2.1.5 HTTP/1.1" 200 4895
190.25.121.251 - - [09/Dec/2020:00:47:54 -0500] "GET /galeria/galeria/jquery.fancybox.js?v=2.1.5 HTTP/1.1" 200 48706
181.61.204.61 - - [09/Dec/2020:00:47:58 -0500] "GET /reportes_sipse/sdg/ServletReporte?reporte=solicitud_cdp&Solicitud=11978&pfdrid_c=false HTTP/1.1" 200 119168
69.162.124.227 - - [09/Dec/2020:00:48:14 -0500] "HEAD / HTTP/1.1" 200 -
181.61.204.61 - - [09/Dec/2020:00:49:54 -0500] "GET /reportes_sipse/sdg/ServletReporte?reporte=solicitud_cdp&Solicitud=11978&pfdrid_c=false HTTP/1.1" 200 119168
192.168.175.225 - - [09/Dec/2020:00:50:09 -0500] "GET / HTTP/1.1" 200 9990
181.61.204.61 - - [09/Dec/2020:00:50:09 -0500] "GET /reportes_sipse/sdg/ServletReporte?reporte=solicitud_cdp&Solicitud=11978&pfdrid_c=false HTTP/1.1" 200 119168
114.119.136.138 - - [09/Dec/2020:00:50:15 -0500] "GET /BLA/resoluciones/AUTOS%202012/1615.pdf HTTP/1.1" 200 436369
190.157.99.153 - - [09/Dec/2020:00:50:30 -0500] "GET /galeria/galeria/jquery.fancybox.css?v=2.1.5 HTTP/1.1" 200 4895
190.157.99.153 - - [09/Dec/2020:00:50:30 -0500] "GET /galeria/galeria/jquery.fancybox.js?v=2.1.5 HTTP/1.1" 200 48706
190.157.99.153 - - [09/Dec/2020:00:50:30 -0500] "GET /BLA/boletinlegal/js/jquery.scrollShow.js HTTP/1.1" 200 4586
181.61.204.61 - - [09/Dec/2020:00:50:40 -0500] "GET /reportes_sipse/sdg/ServletReporte?reporte=solicitud_cdp&Solicitud=11978&pfdrid_c=false HTTP/1.1" 200 119168
181.61.204.61 - - [09/Dec/2020:00:50:55 -0500] "GET /reportes_sipse/sdg/ServletReporte?reporte=solicitud_cdp&Solicitud=11978&pfdrid_c=false HTTP/1.1" 200 119168
114.119.140.102 - - [09/Dec/2020:00:51:13 -0500] "GET /Anexos%20estudio%20Organizacional%20SDA/index.php?dir=ANEXO%2BNo.%2B6%2B-%2BAN%EF%BF%BDLISIS%2BCOMPARADO%2BDECRETOS%2B109%2BY%2B175%2B2009%2BVRS.%2BESTUDIO%2BSERAMBIENTE%2F HTTP/1.1" 200 6262
181.61.204.61 - - [09/Dec/2020:00:51:32 -0500] "GET /reportes_sipse/sdg/ServletReporte?reporte=solicitud_cdp&Solicitud=11978&pfdrid_c=false HTTP/1.1" 200 119168
181.61.204.61 - - [09/Dec/2020:00:51:47 -0500] "GET /reportes_sipse/sdg/ServletReporte?reporte=solicitud_cdp&Solicitud=11978&pfdrid_c=false HTTP/1.1" 200 119168
179.12.7.197 - - [09/Dec/2020:00:51:52 -0500] "-" 408 -
181.61.204.61 - - [09/Dec/2020:00:52:28 -0500] "GET /reportes_sipse/sdg/ServletReporte?reporte=solicitud_cdp&Solicitud=11978&pfdrid_c=false HTTP/1.1" 200 119168
181.61.204.61 - - [09/Dec/2020:00:52:48 -0500] "GET /reportes_sipse/sdg/ServletReporte?reporte=solicitud_cdp&Solicitud=11978&pfdrid_c=false HTTP/1.1" 200 119168
69.162.124.227 - - [09/Dec/2020:00:53:14 -0500] "HEAD / HTTP/1.1" 200 -
201.245.192.253 - - [09/Dec/2020:00:52:36 -0500] "POST /kwsrmcab/Wsrmcab HTTP/1.1" 200 105227
181.61.204.61 - - [09/Dec/2020:00:53:18 -0500] "GET /reportes_sipse/sdg/ServletReporte?reporte=solicitud_cdp&Solicitud=11978&pfdrid_c=false HTTP/1.1" 200 119168
80.82.68.29 - - [09/Dec/2020:00:53:37 -0500] "HEAD / HTTP/1.0" 200 -
181.61.204.61 - - [09/Dec/2020:00:53:37 -0500] "GET /reportes_sipse/sdg/ServletReporte?reporte=solicitud_cdp&Solicitud=11978&pfdrid_c=false HTTP/1.1" 200 119168
177.242.194.50 - - [09/Dec/2020:00:54:17 -0500] "GET /galeria/galeria/jquery.fancybox.css?v=2.1.5 HTTP/1.1" 200 4895
177.242.194.50 - - [09/Dec/2020:00:54:17 -0500] "GET /BLA/boletinlegal/js/jquery.scrollShow.js HTTP/1.1" 200 4586
177.242.194.50 - - [09/Dec/2020:00:54:17 -0500] "GET /galeria/galeria/jquery.fancybox.js?v=2.1.5 HTTP/1.1" 200 48706
123.183.224.29 - - [09/Dec/2020:00:54:47 -0500] "GET / HTTP/1.1" 200 9990
114.119.153.118 - - [09/Dec/2020:00:54:51 -0500] "GET /BLA/resoluciones/RESOLUCIONES%202016/1644.pdf HTTP/1.1" 200 893205
49.7.21.75 - - [09/Dec/2020:00:55:08 -0500] "GET /css/bootstrap.min.css HTTP/1.1" 200 105939
192.168.175.225 - - [09/Dec/2020:00:55:09 -0500] "GET / HTTP/1.1" 200 9990
190.252.53.172 - - [09/Dec/2020:00:55:25 -0500] "-" 408 -
181.61.204.61 - - [09/Dec/2020:00:55:47 -0500] "GET /reportes_sipse/sdg/ServletReporte?reporte=solicitud_cdp&Solicitud=11978&pfdrid_c=false HTTP/1.1" 200 119168
189.242.19.143 - - [09/Dec/2020:00:56:00 -0500] "GET /galeria/galeria/jquery.fancybox.css?v=2.1.5 HTTP/1.1" 200 4895
189.242.19.143 - - [09/Dec/2020:00:56:00 -0500] "GET /BLA/boletinlegal/js/jquery.scrollShow.js HTTP/1.1" 200 4586
189.242.19.143 - - [09/Dec/2020:00:56:00 -0500] "GET /galeria/galeria/jquery.fancybox.js?v=2.1.5 HTTP/1.1" 200 48706
186.118.196.171 - - [09/Dec/2020:00:56:24 -0500] "GET /galeria/galeria/jquery.fancybox.css?v=2.1.5 HTTP/1.1" 200 4895
186.118.196.171 - - [09/Dec/2020:00:56:24 -0500] "GET /BLA/boletinlegal/js/jquery.scrollShow.js HTTP/1.1" 200 4586
186.118.196.171 - - [09/Dec/2020:00:56:24 -0500] "GET /galeria/galeria/jquery.fancybox.js?v=2.1.5 HTTP/1.1" 200 48706
190.252.53.172 - - [09/Dec/2020:00:56:25 -0500] "-" 408 -
114.119.141.135 - - [09/Dec/2020:00:56:27 -0500] "GET /Autoliquidacion/index.php?dir=TR%C3%83%C2%83%C3%82%C2%AF%C3%83%C2%82%C3%82%C2%BF%C3%83%C2%82%C3%82%C2%BDMITES%2BACEITES-RESIDUOS-ESTACIONES%2FREGISTRO%2BACEITE%2BVEGETAL%2BUSADO%2F&sort=date&order=asc HTTP/1.1" 200 7163
114.119.141.135 - - [09/Dec/2020:00:56:30 -0500] "GET /Autoliquidacion/index.php?dir=TR%C3%83%C2%83%C3%82%C2%AF%C3%83%C2%82%C3%82%C2%BF%C3%83%C2%82%C3%82%C2%BDMITES%2BACEITES-RESIDUOS-ESTACIONES%2FREGISTRO%2BACEITE%2BVEGETAL%2BUSADO%2F&sort=date&order=asc HTTP/1.1" 200 7163
69.171.251.9 - - [09/Dec/2020:00:57:27 -0500] "GET /galeria/galeria/jquery.fancybox.css?v=2.1.5 HTTP/1.1" 200 4895
69.171.251.8 - - [09/Dec/2020:00:57:27 -0500] "GET /BLA/boletinlegal/js/jquery.scrollShow.js HTTP/1.1" 200 4586
69.171.251.6 - - [09/Dec/2020:00:57:28 -0500] "GET /galeria/galeria/jquery.fancybox.js?v=2.1.5 HTTP/1.1" 200 48706
69.171.251.11 - - [09/Dec/2020:00:58:13 -0500] "GET /galeria/galeria/jquery.fancybox.css?v=2.1.5 HTTP/1.1" 200 4895
69.171.251.3 - - [09/Dec/2020:00:58:14 -0500] "GET /BLA/boletinlegal/js/jquery.scrollShow.js HTTP/1.1" 200 4586
69.162.124.227 - - [09/Dec/2020:00:58:14 -0500] "HEAD / HTTP/1.1" 200 -
69.171.251.29 - - [09/Dec/2020:00:58:14 -0500] "GET /galeria/galeria/jquery.fancybox.js?v=2.1.5 HTTP/1.1" 200 48706
181.63.28.19 - - [09/Dec/2020:00:58:37 -0500] "GET /galeria/galeria/jquery.fancybox.css?v=2.1.5 HTTP/1.1" 200 4895
181.63.28.19 - - [09/Dec/2020:00:58:37 -0500] "GET /galeria/galeria/jquery.fancybox.js?v=2.1.5 HTTP/1.1" 200 48706
181.63.28.19 - - [09/Dec/2020:00:58:37 -0500] "GET /BLA/boletinlegal/js/jquery.scrollShow.js HTTP/1.1" 200 4586
66.249.65.15 - - [09/Dec/2020:00:59:24 -0500] "GET /resoluciones/RESOLUCIONES%202008/1515.pdf HTTP/1.1" 404 1018
114.119.135.169 - - [09/Dec/2020:00:59:58 -0500] "GET /BLA/resoluciones/AUTOS%202012/0197.pdf HTTP/1.1" 200 772501
192.168.175.225 - - [09/Dec/2020:01:00:09 -0500] "GET / HTTP/1.1" 200 9990
190.130.77.91 - - [09/Dec/2020:01:00:17 -0500] "GET /galeria/galeria/jquery.fancybox.css?v=2.1.5 HTTP/1.1" 304 -
190.130.77.91 - - [09/Dec/2020:01:00:17 -0500] "GET /galeria/galeria/jquery.fancybox.js?v=2.1.5 HTTP/1.1" 304 -
190.130.77.91 - - [09/Dec/2020:01:00:17 -0500] "GET /BLA/boletinlegal/js/jquery.scrollShow.js HTTP/1.1" 304 -
114.119.151.133 - - [09/Dec/2020:01:01:27 -0500] "GET /Autoliquidacion/index.php?dir=TR%C3%83%C2%83%C3%82%C2%83%C3%83%C2%82%C3%82%C2%AF%C3%83%C2%83%C3%82%C2%82%C3%83%C2%82%C3%82%C2%BF%C3%83%C2%83%C3%82%C2%82%C3%83%C2%82%C3%82%C2%BDMITES%2BACEITES-RESIDUOS-ESTACIONES%2F&sort=size&order=desc HTTP/1.1" 200 7032
69.162.124.227 - - [09/Dec/2020:01:03:14 -0500] "HEAD / HTTP/1.1" 200 -
201.245.192.253 - - [09/Dec/2020:01:02:37 -0500] "POST /kwsrmcab/Wsrmcab HTTP/1.1" 200 213
189.176.211.31 - - [09/Dec/2020:01:03:30 -0500] "GET /galeria/galeria/jquery.fancybox.css?v=2.1.5 HTTP/1.1" 200 4895
66.249.65.13 - - [09/Dec/2020:01:03:32 -0500] "GET /galeria/nivo-slider/demo/images/bannerempresa.jpg HTTP/1.1" 200 79984
186.28.47.255 - - [09/Dec/2020:01:04:04 -0500] "GET /galeria/galeria/jquery.fancybox.css?v=2.1.5 HTTP/1.1" 200 4895
186.28.47.255 - - [09/Dec/2020:01:04:04 -0500] "GET /BLA/boletinlegal/js/jquery.scrollShow.js HTTP/1.1" 200 4586
186.28.47.255 - - [09/Dec/2020:01:04:04 -0500] "GET /galeria/galeria/jquery.fancybox.js?v=2.1.5 HTTP/1.1" 200 48706
189.217.50.211 - - [09/Dec/2020:01:04:40 -0500] "GET /BLA/boletinlegal/js/jquery.scrollShow.js HTTP/1.1" 200 4586
189.217.50.211 - - [09/Dec/2020:01:04:40 -0500] "GET /galeria/galeria/jquery.fancybox.css?v=2.1.5 HTTP/1.1" 200 4895
189.217.50.211 - - [09/Dec/2020:01:04:40 -0500] "GET /galeria/galeria/jquery.fancybox.js?v=2.1.5 HTTP/1.1" 200 48706
177.224.9.67 - - [09/Dec/2020:01:04:41 -0500] "-" 408 -
37.57.169.85 - - [09/Dec/2020:01:04:51 -0500] "GET /galeria/galeria/jquery.fancybox.css?v=2.1.5 HTTP/1.1" 200 4895
37.57.169.85 - - [09/Dec/2020:01:04:51 -0500] "GET /BLA/boletinlegal/js/jquery.scrollShow.js HTTP/1.1" 200 4586
37.57.169.85 - - [09/Dec/2020:01:04:51 -0500] "GET /galeria/galeria/jquery.fancybox.js?v=2.1.5 HTTP/1.1" 200 48706
114.119.136.138 - - [09/Dec/2020:01:05:07 -0500] "GET /BLA/resoluciones/RESOLUCIONES%202016/1800.pdf HTTP/1.1" 200 295396
192.168.175.225 - - [09/Dec/2020:01:05:09 -0500] "GET / HTTP/1.1" 200 9990
181.53.14.62 - - [09/Dec/2020:01:05:23 -0500] "GET /galeria/galeria/jquery.fancybox.css?v=2.1.5 HTTP/1.1" 200 4895
181.53.14.62 - - [09/Dec/2020:01:05:23 -0500] "GET /BLA/boletinlegal/js/jquery.scrollShow.js HTTP/1.1" 200 4586
181.53.14.62 - - [09/Dec/2020:01:05:23 -0500] "GET /galeria/galeria/jquery.fancybox.js?v=2.1.5 HTTP/1.1" 200 48706
181.53.14.62 - - [09/Dec/2020:01:05:36 -0500] "GET /autoliquidacion2020 HTTP/1.1" 301 250
181.53.14.62 - - [09/Dec/2020:01:05:36 -0500] "GET /autoliquidacion2020/ HTTP/1.1" 200 6146
181.53.14.62 - - [09/Dec/2020:01:05:36 -0500] "GET /autoliquidacion2020/dlf/styles.css HTTP/1.1" 200 3045
181.53.14.62 - - [09/Dec/2020:01:05:36 -0500] "GET /autoliquidacion2020/dlf/folder.png HTTP/1.1" 200 410
181.53.14.62 - - [09/Dec/2020:01:05:36 -0500] "GET /autoliquidacion2020/dlf/bg.gif HTTP/1.1" 200 54
191.95.51.71 - - [09/Dec/2020:01:05:39 -0500] "GET /galeria/galeria/jquery.fancybox.css?v=2.1.5 HTTP/1.1" 200 4895
191.95.51.71 - - [09/Dec/2020:01:05:39 -0500] "GET /BLA/boletinlegal/js/jquery.scrollShow.js HTTP/1.1" 200 4586
191.95.51.71 - - [09/Dec/2020:01:05:39 -0500] "GET /galeria/galeria/jquery.fancybox.js?v=2.1.5 HTTP/1.1" 200 48706
181.53.14.62 - - [09/Dec/2020:01:05:44 -0500] "GET /autoliquidacion2020/ HTTP/1.1" 200 6146
181.51.27.31 - - [09/Dec/2020:01:05:55 -0500] "GET /galeria/galeria/jquery.fancybox.css?v=2.1.5 HTTP/1.1" 200 4895
181.51.27.31 - - [09/Dec/2020:01:05:55 -0500] "GET /BLA/boletinlegal/js/jquery.scrollShow.js HTTP/1.1" 200 4586
181.51.27.31 - - [09/Dec/2020:01:05:55 -0500] "GET /galeria/galeria/jquery.fancybox.js?v=2.1.5 HTTP/1.1" 200 48706
181.53.14.62 - - [09/Dec/2020:01:06:07 -0500] "GET /autoliquidacion2020/index.php?dir=Grupo+Forestal+-+Silvicultura%2F HTTP/1.1" 200 2799
181.53.14.62 - - [09/Dec/2020:01:06:07 -0500] "GET /autoliquidacion2020/dlf/dirup.png HTTP/1.1" 200 644
181.53.14.62 - - [09/Dec/2020:01:06:07 -0500] "GET /autoliquidacion2020/dlf/html.gif HTTP/1.1" 200 632
181.53.14.62 - - [09/Dec/2020:01:06:13 -0500] "GET /autoliquidacion2020/index.php?dir=Grupo+Forestal+-+Silvicultura%2FPermiso+o+autorizaci%F3n+para+aprovechamiento+forestal+de+%E1rboles+aislados%2F HTTP/1.1" 200 3733
181.53.14.62 - - [09/Dec/2020:01:06:13 -0500] "GET /autoliquidacion2020/dlf/unknown.png HTTP/1.1" 200 266
181.53.14.62 - - [09/Dec/2020:01:06:13 -0500] "GET /autoliquidacion2020/dlf/xls.gif HTTP/1.1" 200 636
181.53.14.62 - - [09/Dec/2020:01:06:22 -0500] "GET /autoliquidacion2020/Grupo%20Forestal%20-%20Silvicultura/Permiso%20o%20autorizaci%C3%B3n%20para%20aprovechamiento%20forestal%20de%20%C3%A1rboles%20aislados/PM04-PR30-F1%20Formulario%20solicitud%20manejo%20aprovechamiento%20forestal.xlsx HTTP/1.1" 200 61971
186.84.21.249 - - [09/Dec/2020:01:06:24 -0500] "GET /galeria/galeria/jquery.fancybox.css?v=2.1.5 HTTP/1.1" 200 4895
186.84.21.249 - - [09/Dec/2020:01:06:24 -0500] "GET /BLA/boletinlegal/js/jquery.scrollShow.js HTTP/1.1" 200 4586
186.84.21.249 - - [09/Dec/2020:01:06:24 -0500] "GET /galeria/galeria/jquery.fancybox.js?v=2.1.5 HTTP/1.1" 200 48706
181.53.14.62 - - [09/Dec/2020:01:06:27 -0500] "GET /autoliquidacion2020/Grupo%20Forestal%20-%20Silvicultura/Permiso%20o%20autorizaci%C3%B3n%20para%20aprovechamiento%20forestal%20de%20%C3%A1rboles%20aislados/PM04-PR30-F2%20Recoleccion%20informacion%20silvicultural%20individuo%20ficha1.xls HTTP/1.1" 200 229888
186.84.89.182 - - [09/Dec/2020:01:06:32 -0500] "GET /galeria/galeria/jquery.fancybox.css?v=2.1.5 HTTP/1.1" 200 4895
186.84.89.182 - - [09/Dec/2020:01:06:32 -0500] "GET /BLA/boletinlegal/js/jquery.scrollShow.js HTTP/1.1" 200 4586
186.84.89.182 - - [09/Dec/2020:01:06:33 -0500] "GET /galeria/galeria/jquery.fancybox.js?v=2.1.5 HTTP/1.1" 200 48706
114.119.151.133 - - [09/Dec/2020:01:06:34 -0500] "GET /Anexos%20estudio%20Organizacional%20SDA/index.php?dir=ANEXO%2BNo.%2B9%2B-%2BRES%C3%83%C2%83%C3%82%C2%83%C3%83%C2%82%C3%82%C2%AF%C3%83%C2%83%C3%82%C2%82%C3%83%C2%82%C3%82%C2%BF%C3%83%C2%83%C3%82%C2%82%C3%83%C2%82%C3%82%C2%BDMENES%2BDE%2BLA%2BMEDICI%C3%83%C2%83%C3%82%C2%83%C3%83%C2%82%C3%82%C2%AF%C3%83%C2%83%C3%82%C2%82%C3%83%C2%82%C3%82%C2%BF%C3%83%C2%83%C3%82%C2%82%C3%83%C2%82%C3%82%C2%BDN%2BDE%2BCARGAS%2BLABORALES%2BSDA%2F&sort=date&order=desc HTTP/1.1" 200 6480
181.53.14.62 - - [09/Dec/2020:01:06:37 -0500] "GET /autoliquidacion2020/Grupo%20Forestal%20-%20Silvicultura/Permiso%20o%20autorizaci%C3%B3n%20para%20aprovechamiento%20forestal%20de%20%C3%A1rboles%20aislados/PM04-PR30-F3%20Ficha%20tecnica%20de%20registro%20Ficha%202.docx HTTP/1.1" 200 44141
181.63.181.157 - - [09/Dec/2020:01:06:38 -0500] "GET /galeria/galeria/jquery.fancybox.css?v=2.1.5 HTTP/1.1" 200 4895
181.63.181.157 - - [09/Dec/2020:01:06:38 -0500] "GET /BLA/boletinlegal/js/jquery.scrollShow.js HTTP/1.1" 200 4586
181.63.181.157 - - [09/Dec/2020:01:06:38 -0500] "GET /galeria/galeria/jquery.fancybox.js?v=2.1.5 HTTP/1.1" 200 48706
186.102.27.112 - - [09/Dec/2020:01:06:58 -0500] "GET /BLA/boletinlegal/js/jquery.scrollShow.js HTTP/1.1" 200 4586
186.102.27.112 - - [09/Dec/2020:01:06:58 -0500] "GET /galeria/galeria/jquery.fancybox.js?v=2.1.5 HTTP/1.1" 200 48706
186.102.27.112 - - [09/Dec/2020:01:06:58 -0500] "GET /galeria/galeria/jquery.fancybox.css?v=2.1.5 HTTP/1.1" 200 4895
186.113.10.143 - - [09/Dec/2020:01:07:57 -0500] "GET /siipev/Diseno%20de%20Elementos%20de%20Mobiliario%20Urbano/Otros%20Elementos/Infografia/Parte2/M-130.png HTTP/1.1" 304 -
181.61.204.61 - - [09/Dec/2020:01:08:04 -0500] "GET /reportes_sipse/sdg/ServletReporte?reporte=solicitud_cdp&Solicitud=11978&pfdrid_c=false HTTP/1.1" 200 119168
69.162.124.227 - - [09/Dec/2020:01:08:14 -0500] "HEAD / HTTP/1.1" 200 -
66.249.65.133 - - [09/Dec/2020:01:08:29 -0500] "GET /Autoliquidacion/Solicitudes%20relacionadas%20con%20calidad%20del%20aire%20auditiva%20y%20visual/Acompa%C3%B1amiento%20para%20muestreo%20isocin%C3%A9tico%20y%20o%20determinaciones%20de%20emisiones%20a%20fuentes%20fijas/Protocolo%20para%20Monitoreo%20Emisiones%20Atmosfericas.pdf HTTP/1.1" 304 -
66.249.65.13 - - [09/Dec/2020:01:08:30 -0500] "GET /BLA/resoluciones/RESOLUCIONES%202017/0270.pdf HTTP/1.1" 304 -
181.61.204.61 - - [09/Dec/2020:01:08:45 -0500] "GET /reportes_sipse/sdg/ServletReporte?reporte=solicitud_cdp&Solicitud=11978&pfdrid_c=false HTTP/1.1" 200 119168
181.78.4.34 - - [09/Dec/2020:01:08:58 -0500] "GET /BLA/boletinlegal/js/jquery.scrollShow.js HTTP/1.1" 200 4586
181.78.4.34 - - [09/Dec/2020:01:08:58 -0500] "GET /galeria/galeria/jquery.fancybox.css?v=2.1.5 HTTP/1.1" 200 4895
181.78.4.34 - - [09/Dec/2020:01:08:58 -0500] "GET /galeria/galeria/jquery.fancybox.js?v=2.1.5 HTTP/1.1" 200 48706
66.249.83.195 - - [09/Dec/2020:01:08:59 -0500] "GET /galeria/galeria/jquery.fancybox.css?v=2.1.5 HTTP/1.1" 200 4895
66.249.83.223 - - [09/Dec/2020:01:08:59 -0500] "GET /BLA/boletinlegal/js/jquery.scrollShow.js HTTP/1.1" 200 4586
66.249.83.195 - - [09/Dec/2020:01:08:59 -0500] "GET /galeria/galeria/jquery.fancybox.js?v=2.1.5 HTTP/1.1" 200 48706
66.249.83.193 - - [09/Dec/2020:01:08:59 -0500] "GET /galeria/galeria/jquery.fancybox.css?v=2.1.5 HTTP/1.1" 200 4895
181.139.172.130 - - [09/Dec/2020:01:09:37 -0500] "GET /BLA/boletinlegal/js/jquery.scrollShow.js HTTP/1.1" 200 4586
181.139.172.130 - - [09/Dec/2020:01:09:37 -0500] "GET /galeria/galeria/jquery.fancybox.js?v=2.1.5 HTTP/1.1" 200 48706
181.139.172.130 - - [09/Dec/2020:01:09:37 -0500] "GET /galeria/galeria/jquery.fancybox.css?v=2.1.5 HTTP/1.1" 200 4895
181.61.204.61 - - [09/Dec/2020:01:09:51 -0500] "GET /reportes_sipse/sdg/ServletReporte?reporte=solicitud_cdp&Solicitud=11978&pfdrid_c=false HTTP/1.1" 200 119168
192.168.175.225 - - [09/Dec/2020:01:10:09 -0500] "GET / HTTP/1.1" 200 9990
114.119.142.12 - - [09/Dec/2020:01:10:14 -0500] "GET /BLA/resoluciones/AUTOS%202017/0084.pdf HTTP/1.1" 200 524427
181.61.204.61 - - [09/Dec/2020:01:10:28 -0500] "GET /reportes_sipse/sdg/ServletReporte?reporte=solicitud_cdp&Solicitud=11978&pfdrid_c=false HTTP/1.1" 200 119168
66.249.65.15 - - [09/Dec/2020:01:10:45 -0500] "GET /Residuos/textiles/files/guia_textiles.pdf HTTP/1.1" 304 -
66.249.65.15 - - [09/Dec/2020:01:10:47 -0500] "GET /BLA/resoluciones/Decretos/DECRETO%201468%20DEL%2006%20DE%20AGOSTO%20DE%202018.pdf HTTP/1.1" 304 -
201.102.122.186 - - [09/Dec/2020:01:10:58 -0500] "GET /galeria/galeria/jquery.fancybox.css?v=2.1.5 HTTP/1.1" 200 4895
201.102.122.186 - - [09/Dec/2020:01:10:58 -0500] "GET /BLA/boletinlegal/js/jquery.scrollShow.js HTTP/1.1" 200 4586
201.102.122.186 - - [09/Dec/2020:01:10:58 -0500] "GET /galeria/galeria/jquery.fancybox.js?v=2.1.5 HTTP/1.1" 200 48706
181.61.204.61 - - [09/Dec/2020:01:11:01 -0500] "GET /reportes_sipse/sdg/ServletReporte?reporte=solicitud_cdp&Solicitud=11978&pfdrid_c=false HTTP/1.1" 200 119168
201.245.192.253 - - [09/Dec/2020:01:10:22 -0500] "POST /kwsrmcab/Wsrmcab HTTP/1.1" 200 43492
201.245.192.253 - - [09/Dec/2020:01:10:21 -0500] "POST /kwsrmcab/Wsrmcab HTTP/1.1" 200 40662
114.119.154.229 - - [09/Dec/2020:01:11:41 -0500] "GET /Anexos%20estudio%20Organizacional%20SDA/index.php?dir=ANEXO%2BNo.%2B1-%2BNORMAS%2BLEGALES%2BDE%2BESTRUCTURA%2BY%2BPLANTA%2FAcuerdo%2B257%2Bde%2B2006%2B-%2BEstructura%2Borganizaci%C3%83%C2%83%C3%82%C2%AF%C3%83%C2%82%C3%82%C2%BF%C3%83%C2%82%C3%82%C2%BDn%2By%2Bfuncionamiento%2Bde%2Bla%2BAdm.%2BDistrital.jsp_files%2F&sort=date&order=desc HTTP/1.1" 200 6582
201.245.192.253 - - [09/Dec/2020:01:11:04 -0500] "POST /kwsrmcab/Wsrmcab HTTP/1.1" 200 40662
190.157.32.11 - - [09/Dec/2020:01:11:50 -0500] "GET /BLA/boletinlegal/js/jquery.scrollShow.js HTTP/1.1" 200 4586
190.157.32.11 - - [09/Dec/2020:01:11:50 -0500] "GET /galeria/galeria/jquery.fancybox.js?v=2.1.5 HTTP/1.1" 200 48706
190.157.32.11 - - [09/Dec/2020:01:11:50 -0500] "GET /galeria/galeria/jquery.fancybox.css?v=2.1.5 HTTP/1.1" 200 4895
181.61.204.61 - - [09/Dec/2020:01:12:00 -0500] "GET /reportes_sipse/sdg/ServletReporte?reporte=solicitud_cdp&Solicitud=11978&pfdrid_c=false HTTP/1.1" 200 119168
191.156.186.238 - - [09/Dec/2020:01:12:02 -0500] "GET /galeria/galeria/jquery.fancybox.css?v=2.1.5 HTTP/1.1" 200 4895
191.156.187.170 - - [09/Dec/2020:01:12:02 -0500] "GET /galeria/galeria/jquery.fancybox.js?v=2.1.5 HTTP/1.1" 200 48706
191.156.183.190 - - [09/Dec/2020:01:12:02 -0500] "GET /BLA/boletinlegal/js/jquery.scrollShow.js HTTP/1.1" 200 4586
191.156.187.219 - - [09/Dec/2020:01:12:05 -0500] "GET /galeria/galeria/jquery.fancybox.css?v=2.1.5 HTTP/1.1" 304 -
191.156.179.106 - - [09/Dec/2020:01:12:05 -0500] "GET /galeria/galeria/jquery.fancybox.js?v=2.1.5 HTTP/1.1" 304 -
191.156.187.170 - - [09/Dec/2020:01:12:05 -0500] "GET /BLA/boletinlegal/js/jquery.scrollShow.js HTTP/1.1" 304 -
181.61.204.61 - - [09/Dec/2020:01:12:32 -0500] "GET /reportes_sipse/sdg/ServletReporte?reporte=solicitud_cdp&Solicitud=11978&pfdrid_c=false HTTP/1.1" 200 119168
69.162.124.227 - - [09/Dec/2020:01:13:14 -0500] "HEAD / HTTP/1.1" 200 -
181.61.204.61 - - [09/Dec/2020:01:15:03 -0500] "GET /reportes_sipse/sdg/ServletReporte?reporte=solicitud_cdp&Solicitud=11978&pfdrid_c=false HTTP/1.1" 200 119168
192.168.175.225 - - [09/Dec/2020:01:15:09 -0500] "GET / HTTP/1.1" 200 9990
114.119.130.12 - - [09/Dec/2020:01:15:21 -0500] "GET /BLA/resoluciones/AUTOS%202016/0708.pdf HTTP/1.1" 200 656552
190.27.103.75 - - [09/Dec/2020:01:15:27 -0500] "GET /galeria/galeria/jquery.fancybox.css?v=2.1.5 HTTP/1.1" 200 4895
190.27.103.75 - - [09/Dec/2020:01:15:27 -0500] "GET /BLA/boletinlegal/js/jquery.scrollShow.js HTTP/1.1" 200 4586
190.27.103.75 - - [09/Dec/2020:01:15:27 -0500] "GET /galeria/galeria/jquery.fancybox.js?v=2.1.5 HTTP/1.1" 200 48706
186.84.89.247 - - [09/Dec/2020:01:16:27 -0500] "GET /galeria/carrusel/Carrusel/jquery.thumbnailScroller.css HTTP/1.1" 200 2066
186.84.89.247 - - [09/Dec/2020:01:16:27 -0500] "GET /galeria/carrusel/Carrusel/jquery-ui-1.8.13.custom.min.js HTTP/1.1" 200 10800
186.84.89.247 - - [09/Dec/2020:01:16:27 -0500] "GET /galeria/carrusel/Carrusel/jquery.thumbnailScroller.js HTTP/1.1" 200 8157
186.84.89.247 - - [09/Dec/2020:01:16:27 -0500] "GET /galeria/nivo-slider/demo/inicio80.html HTTP/1.1" 200 4360
186.84.89.247 - - [09/Dec/2020:01:16:28 -0500] "GET /galeria/nivo-slider/themes/pascal/pascal.css HTTP/1.1" 200 2258
186.84.89.247 - - [09/Dec/2020:01:16:28 -0500] "GET /galeria/nivo-slider/themes/orman/orman.css HTTP/1.1" 200 2152
186.84.89.247 - - [09/Dec/2020:01:16:28 -0500] "GET /galeria/nivo-slider/themes/default/default.css HTTP/1.1" 200 1569
186.84.89.247 - - [09/Dec/2020:01:16:28 -0500] "GET /galeria/nivo-slider/demo/style.css HTTP/1.1" 200 2222
186.84.89.247 - - [09/Dec/2020:01:16:28 -0500] "GET /galeria/nivo-slider/demo/scripts/jquery-1.7.1.min.js HTTP/1.1" 200 93868
186.84.89.247 - - [09/Dec/2020:01:16:28 -0500] "GET /galeria/nivo-slider/jquery.nivo.slider.pack.js HTTP/1.1" 200 11561
186.84.89.247 - - [09/Dec/2020:01:16:28 -0500] "GET /galeria/nivo-slider/demo/images/banner2020acercar.jpg HTTP/1.1" 200 180505
186.84.89.247 - - [09/Dec/2020:01:16:28 -0500] "GET /galeria/nivo-slider/nivo-slider.css HTTP/1.1" 200 1507
186.84.89.247 - - [09/Dec/2020:01:16:28 -0500] "GET /galeria/nivo-slider/demo/images/bannerarbol.jpg HTTP/1.1" 200 109125
186.84.89.247 - - [09/Dec/2020:01:16:28 -0500] "GET /galeria/nivo-slider/demo/images/bannermusgo2020.jpg HTTP/1.1" 200 78281
186.84.89.247 - - [09/Dec/2020:01:16:28 -0500] "GET /galeria/nivo-slider/demo/images/banneraperturahumedales.jpg HTTP/1.1" 200 91161
186.84.89.247 - - [09/Dec/2020:01:16:28 -0500] "GET /galeria/nivo-slider/demo/images/bannertingua2020.png HTTP/1.1" 200 105392
186.84.89.247 - - [09/Dec/2020:01:16:28 -0500] "GET /galeria/nivo-slider/demo/images/banneratencionpuntos.jpg HTTP/1.1" 200 249106
186.84.89.247 - - [09/Dec/2020:01:16:28 -0500] "GET /galeria/nivo-slider/demo/images/bannerresiduos.jpg HTTP/1.1" 200 155409
186.84.89.247 - - [09/Dec/2020:01:16:28 -0500] "GET /galeria/nivo-slider/demo/images/bannerclasesweb.jpg HTTP/1.1" 200 180765
186.84.89.247 - - [09/Dec/2020:01:16:28 -0500] "GET /galeria/nivo-slider/demo/images/bannerbioseguridad.jpg HTTP/1.1" 200 228661
186.84.89.247 - - [09/Dec/2020:01:16:28 -0500] "GET /galeria/nivo-slider/demo/images/Bannercuidate.jpg HTTP/1.1" 200 75508
186.84.89.247 - - [09/Dec/2020:01:16:28 -0500] "GET /galeria/nivo-slider/demo/images/Banner%20canales%20virtuales.jpg HTTP/1.1" 200 209438
186.84.89.247 - - [09/Dec/2020:01:16:28 -0500] "GET /galeria/nivo-slider/demo/images/bannerbolsas.jpg HTTP/1.1" 200 283727
186.84.21.153 - - [09/Dec/2020:01:16:43 -0500] "GET /BLA/boletinlegal/js/jquery.scrollShow.js HTTP/1.1" 200 4586
186.84.21.153 - - [09/Dec/2020:01:16:43 -0500] "GET /galeria/galeria/jquery.fancybox.css?v=2.1.5 HTTP/1.1" 200 4895
186.84.21.153 - - [09/Dec/2020:01:16:43 -0500] "GET /galeria/galeria/jquery.fancybox.js?v=2.1.5 HTTP/1.1" 200 48706
114.119.154.229 - - [09/Dec/2020:01:16:45 -0500] "GET /Autoliquidacion/index.php?dir=Solicitudes%2Brelacionadas%2Bcon%2Bocupaci%C3%83%C2%AF%C3%82%C2%BF%C3%82%C2%BDn%2Bde%2Bcauce%2F&sort=size&order=asc HTTP/1.1" 200 6958
201.171.181.158 - - [09/Dec/2020:01:17:53 -0500] "GET /galeria/galeria/jquery.fancybox.css?v=2.1.5 HTTP/1.1" 200 4895
201.171.181.158 - - [09/Dec/2020:01:17:53 -0500] "GET /BLA/boletinlegal/js/jquery.scrollShow.js HTTP/1.1" 200 4586
201.171.181.158 - - [09/Dec/2020:01:17:53 -0500] "GET /galeria/galeria/jquery.fancybox.js?v=2.1.5 HTTP/1.1" 200 48706
69.162.124.227 - - [09/Dec/2020:01:18:14 -0500] "HEAD / HTTP/1.1" 200 -
66.249.65.17 - - [09/Dec/2020:01:18:20 -0500] "GET /BLA/resoluciones/RESOLUCIONES%202018/1466.pdf HTTP/1.1" 304 -
192.168.175.225 - - [09/Dec/2020:01:20:09 -0500] "GET / HTTP/1.1" 200 9990
114.119.157.166 - - [09/Dec/2020:01:20:27 -0500] "GET /BLA/resoluciones/AUTOS%202015/0371.pdf HTTP/1.1" 200 1095189
201.245.192.253 - - [09/Dec/2020:01:20:22 -0500] "POST /kwsrmcab/Wsrmcab HTTP/1.1" 200 43492
201.245.192.253 - - [09/Dec/2020:01:21:08 -0500] "POST /kwsrmcab/Wsrmcab HTTP/1.1" 200 40662
181.61.204.61 - - [09/Dec/2020:01:21:48 -0500] "GET /reportes_sipse/sdg/ServletReporte?reporte=solicitud_cdp&Solicitud=11978&pfdrid_c=false HTTP/1.1" 200 119168
114.119.133.30 - - [09/Dec/2020:01:21:58 -0500] "GET /Autoliquidacion/index.php?dir=RECEPCI%C3%AF%C2%BF%C2%BDN%2BDE%2BPETICIONES%2BPQRSF%2F&sort=size&order=asc HTTP/1.1" 200 6886
181.61.204.61 - - [09/Dec/2020:01:22:44 -0500] "GET /reportes_sipse/sdg/ServletReporte?reporte=solicitud_cdp&Solicitud=11978&pfdrid_c=false HTTP/1.1" 200 119168
181.61.204.61 - - [09/Dec/2020:01:22:57 -0500] "GET /reportes_sipse/sdg/ServletReporte?reporte=solicitud_cdp&Solicitud=11978&pfdrid_c=false HTTP/1.1" 200 119168
69.162.124.227 - - [09/Dec/2020:01:23:14 -0500] "HEAD / HTTP/1.1" 200 -
201.245.192.253 - - [09/Dec/2020:01:22:35 -0500] "POST /kwsrmcab/Wsrmcab HTTP/1.1" 200 104815
181.51.217.172 - - [09/Dec/2020:01:23:48 -0500] "GET /galeria/galeria/jquery.fancybox.css?v=2.1.5 HTTP/1.1" 200 4895
181.51.217.172 - - [09/Dec/2020:01:23:48 -0500] "GET /BLA/boletinlegal/js/jquery.scrollShow.js HTTP/1.1" 200 4586
181.51.217.172 - - [09/Dec/2020:01:23:48 -0500] "GET /galeria/galeria/jquery.fancybox.js?v=2.1.5 HTTP/1.1" 200 48706
181.61.204.61 - - [09/Dec/2020:01:23:59 -0500] "GET /reportes_sipse/sdg/ServletReporte?reporte=solicitud_cdp&Solicitud=11978&pfdrid_c=false HTTP/1.1" 200 119168
181.61.204.61 - - [09/Dec/2020:01:24:16 -0500] "GET /reportes_sipse/sdg/ServletReporte?reporte=solicitud_cdp&Solicitud=11978&pfdrid_c=false HTTP/1.1" 200 119168
192.168.175.225 - - [09/Dec/2020:01:25:09 -0500] "GET / HTTP/1.1" 200 9990
181.61.204.61 - - [09/Dec/2020:01:25:35 -0500] "GET /reportes_sipse/sdg/ServletReporte?reporte=solicitud_cdp&Solicitud=11978&pfdrid_c=false HTTP/1.1" 200 119168
114.119.153.118 - - [09/Dec/2020:01:25:37 -0500] "GET /BLA/resoluciones/RESOLUCIONES%202007/RES%202007%203201%20AL%203300/RESOLUCION%203211%20%20DE%202007.pdf HTTP/1.1" 200 1336310
191.95.156.206 - - [09/Dec/2020:01:25:53 -0500] "-" 408 -
181.61.204.61 - - [09/Dec/2020:01:25:52 -0500] "GET /reportes_sipse/sdg/ServletReporte?reporte=solicitud_cdp&Solicitud=11978&pfdrid_c=false HTTP/1.1" 200 119168
181.61.204.61 - - [09/Dec/2020:01:26:45 -0500] "GET /reportes_sipse/sdg/ServletReporte?reporte=solicitud_cdp&Solicitud=11978&pfdrid_c=false HTTP/1.1" 200 119168
114.119.158.193 - - [09/Dec/2020:01:27:02 -0500] "GET /Autoliquidacion/index.php?dir=TR%C3%83%C2%AF%C3%82%C2%BF%C3%82%C2%BDMITES%2BMINER%C3%83%C2%AF%C3%82%C2%BF%C3%82%C2%BDA%2F&sort=date&order=asc HTTP/1.1" 200 6898
181.61.204.61 - - [09/Dec/2020:01:27:02 -0500] "GET /reportes_sipse/sdg/ServletReporte?reporte=solicitud_cdp&Solicitud=11978&pfdrid_c=false HTTP/1.1" 200 119168
129.226.49.27 - - [09/Dec/2020:01:27:19 -0500] "GET / HTTP/1.1" 200 9990
66.249.65.135 - - [09/Dec/2020:01:27:39 -0500] "GET /BLA/boletinlegal/Circulares/2018/CIRCULAR%20COJUNTA%20042%20DE%202018.pdf HTTP/1.1" 200 515008
181.61.204.61 - - [09/Dec/2020:01:27:54 -0500] "GET /reportes_sipse/sdg/ServletReporte?reporte=solicitud_cdp&Solicitud=11978&pfdrid_c=false HTTP/1.1" 200 119168
69.162.124.227 - - [09/Dec/2020:01:28:14 -0500] "HEAD / HTTP/1.1" 200 -
181.61.204.61 - - [09/Dec/2020:01:28:26 -0500] "GET /reportes_sipse/sdg/ServletReporte?reporte=solicitud_cdp&Solicitud=11978&pfdrid_c=false HTTP/1.1" 200 119168
190.90.147.225 - - [09/Dec/2020:01:28:35 -0500] "GET /galeria/galeria/jquery.fancybox.css?v=2.1.5 HTTP/1.1" 200 4895
190.90.147.225 - - [09/Dec/2020:01:28:35 -0500] "GET /BLA/boletinlegal/js/jquery.scrollShow.js HTTP/1.1" 200 4586
190.90.147.225 - - [09/Dec/2020:01:28:36 -0500] "GET /galeria/galeria/jquery.fancybox.js?v=2.1.5 HTTP/1.1" 200 48706
186.155.50.15 - - [09/Dec/2020:01:28:38 -0500] "GET /galeria/galeria/jquery.fancybox.css?v=2.1.5 HTTP/1.1" 200 4895
186.155.50.15 - - [09/Dec/2020:01:28:38 -0500] "GET /BLA/boletinlegal/js/jquery.scrollShow.js HTTP/1.1" 200 4586
186.155.50.15 - - [09/Dec/2020:01:28:38 -0500] "GET /galeria/galeria/jquery.fancybox.js?v=2.1.5 HTTP/1.1" 200 48706
181.61.204.61 - - [09/Dec/2020:01:29:38 -0500] "GET /reportes_sipse/sdg/ServletReporte?reporte=solicitud_cdp&Solicitud=11978&pfdrid_c=false HTTP/1.1" 200 119168
192.168.175.225 - - [09/Dec/2020:01:30:09 -0500] "GET / HTTP/1.1" 200 9990
181.61.204.61 - - [09/Dec/2020:01:30:29 -0500] "GET /reportes_sipse/sdg/ServletReporte?reporte=solicitud_cdp&Solicitud=11978&pfdrid_c=false HTTP/1.1" 200 119168
114.119.142.12 - - [09/Dec/2020:01:30:40 -0500] "GET /BLA/resoluciones/index.php?dir=Notificaciones/AUTOS%2B2018/&sort=date&order=asc HTTP/1.1" 200 12523
201.245.192.253 - - [09/Dec/2020:01:30:22 -0500] "POST /kwsrmcab/Wsrmcab HTTP/1.1" 200 43492
181.61.204.61 - - [09/Dec/2020:01:31:08 -0500] "GET /reportes_sipse/sdg/ServletReporte?reporte=solicitud_cdp&Solicitud=11978&pfdrid_c=false HTTP/1.1" 200 119168
201.245.192.253 - - [09/Dec/2020:01:31:05 -0500] "POST /kwsrmcab/Wsrmcab HTTP/1.1" 200 40662
181.61.204.61 - - [09/Dec/2020:01:32:03 -0500] "GET /reportes_sipse/sdg/ServletReporte?reporte=solicitud_cdp&Solicitud=11978&pfdrid_c=false HTTP/1.1" 200 119168
114.119.145.140 - - [09/Dec/2020:01:32:07 -0500] "GET /Anexos%20estudio%20Organizacional%20SDA/index.php?dir=ANEXO%2BNo.%2B1-%2BNORMAS%2BLEGALES%2BDE%2BESTRUCTURA%2BY%2BPLANTA%2FRESE%C3%83%C2%83%C3%82%C2%83%C3%83%C2%82%C3%82%C2%AF%C3%83%C2%83%C3%82%C2%82%C3%83%C2%82%C3%82%C2%BF%C3%83%C2%83%C3%82%C2%82%C3%83%C2%82%C3%82%C2%BDA%2BHIST%C3%83%C2%83%C3%82%C2%83%C3%83%C2%82%C3%82%C2%AF%C3%83%C2%83%C3%82%C2%82%C3%83%C2%82%C3%82%C2%BF%C3%83%C2%83%C3%82%C2%82%C3%83%C2%82%C3%82%C2%BDRICA%2BSDA-NORMAS%2F&sort=size&order=asc HTTP/1.1" 200 6598
181.61.204.61 - - [09/Dec/2020:01:32:25 -0500] "GET /reportes_sipse/sdg/ServletReporte?reporte=solicitud_cdp&Solicitud=11978&pfdrid_c=false HTTP/1.1" 200 119168
181.78.5.141 - - [09/Dec/2020:01:32:49 -0500] "GET /galeria/galeria/jquery.fancybox.js?v=2.1.5 HTTP/1.1" 200 48706
181.78.5.141 - - [09/Dec/2020:01:32:49 -0500] "GET /BLA/boletinlegal/js/jquery.scrollShow.js HTTP/1.1" 200 4586
181.78.5.141 - - [09/Dec/2020:01:32:49 -0500] "GET /galeria/galeria/jquery.fancybox.css?v=2.1.5 HTTP/1.1" 200 4895
69.162.124.227 - - [09/Dec/2020:01:33:14 -0500] "HEAD / HTTP/1.1" 200 -
181.61.204.61 - - [09/Dec/2020:01:33:38 -0500] "GET /reportes_sipse/sdg/ServletReporte?reporte=solicitud_cdp&Solicitud=11978&pfdrid_c=false HTTP/1.1" 200 119168
192.168.175.225 - - [09/Dec/2020:01:35:09 -0500] "GET / HTTP/1.1" 200 9990
186.29.9.72 - - [09/Dec/2020:01:36:30 -0500] "GET /BLA/boletinlegal/js/jquery.scrollShow.js HTTP/1.1" 200 4586
186.29.9.72 - - [09/Dec/2020:01:36:30 -0500] "GET /galeria/galeria/jquery.fancybox.css?v=2.1.5 HTTP/1.1" 200 4895
186.29.9.72 - - [09/Dec/2020:01:36:30 -0500] "GET /galeria/galeria/jquery.fancybox.js?v=2.1.5 HTTP/1.1" 200 48706
201.185.186.32 - - [09/Dec/2020:01:36:53 -0500] "GET /galeria/galeria/jquery.fancybox.css?v=2.1.5 HTTP/1.1" 200 4895
201.185.186.32 - - [09/Dec/2020:01:36:53 -0500] "GET /BLA/boletinlegal/js/jquery.scrollShow.js HTTP/1.1" 200 4586
201.185.186.32 - - [09/Dec/2020:01:36:53 -0500] "GET /galeria/galeria/jquery.fancybox.js?v=2.1.5 HTTP/1.1" 200 48706
114.119.154.229 - - [09/Dec/2020:01:37:14 -0500] "GET /Autoliquidacion/index.php?dir=TR%C3%83%C2%83%C3%82%C2%83%C3%83%C2%82%C3%82%C2%AF%C3%83%C2%83%C3%82%C2%82%C3%83%C2%82%C3%82%C2%BF%C3%83%C2%83%C3%82%C2%82%C3%83%C2%82%C3%82%C2%BDMITES%2BAGUAS%2BSUPERFICIALES%2F&sort=size&order=asc HTTP/1.1" 200 7009
66.249.65.17 - - [09/Dec/2020:01:37:16 -0500] "GET /BLA/resoluciones/RESOLUCIONES%202008/3259.pdf HTTP/1.1" 200 675206
69.162.124.227 - - [09/Dec/2020:01:38:14 -0500] "HEAD / HTTP/1.1" 200 -
167.0.51.240 - - [09/Dec/2020:01:39:09 -0500] "GET /galeria/galeria/jquery.fancybox.css?v=2.1.5 HTTP/1.1" 200 4895
167.0.51.240 - - [09/Dec/2020:01:39:09 -0500] "GET /BLA/boletinlegal/js/jquery.scrollShow.js HTTP/1.1" 200 4586
167.0.51.240 - - [09/Dec/2020:01:39:09 -0500] "GET /galeria/galeria/jquery.fancybox.js?v=2.1.5 HTTP/1.1" 200 48706
192.168.175.225 - - [09/Dec/2020:01:40:09 -0500] "GET / HTTP/1.1" 200 9990
114.119.156.120 - - [09/Dec/2020:01:40:54 -0500] "GET /BLA/resoluciones/AUTOS%202012/0503.pdf HTTP/1.1" 200 450410
114.119.140.102 - - [09/Dec/2020:01:42:35 -0500] "GET /Autoliquidacion/index.php?dir=TR%C3%83%C2%AF%C3%82%C2%BF%C3%82%C2%BDMITES%2BMINER%C3%83%C2%AF%C3%82%C2%BF%C3%82%C2%BDA%2F&sort=size&order=asc HTTP/1.1" 200 6898
69.162.124.227 - - [09/Dec/2020:01:43:15 -0500] "HEAD / HTTP/1.1" 200 -
201.245.192.253 - - [09/Dec/2020:01:42:37 -0500] "POST /kwsrmcab/Wsrmcab HTTP/1.1" 200 104815
200.119.36.190 - - [09/Dec/2020:01:44:23 -0500] "GET /BLA/boletinlegal/js/jquery.scrollShow.js HTTP/1.1" 200 4586
200.119.36.190 - - [09/Dec/2020:01:44:23 -0500] "GET /galeria/galeria/jquery.fancybox.css?v=2.1.5 HTTP/1.1" 200 4895
200.119.36.190 - - [09/Dec/2020:01:44:23 -0500] "GET /galeria/galeria/jquery.fancybox.js?v=2.1.5 HTTP/1.1" 200 48706
186.113.10.19 - - [09/Dec/2020:01:44:26 -0500] "GET /galeria/nivo-slider/demo/images/bannerclimabog.jpg HTTP/1.1" 304 -
192.168.175.225 - - [09/Dec/2020:01:45:05 -0500] "GET / HTTP/1.1" 200 9990
114.119.153.118 - - [09/Dec/2020:01:46:00 -0500] "GET /BLA/resoluciones/AUTOS%202014/0423.pdf HTTP/1.1" 200 1008052
191.95.49.85 - - [09/Dec/2020:01:46:57 -0500] "GET /galeria/galeria/jquery.fancybox.css?v=2.1.5 HTTP/1.1" 200 4895
191.95.49.85 - - [09/Dec/2020:01:46:57 -0500] "GET /BLA/boletinlegal/js/jquery.scrollShow.js HTTP/1.1" 200 4586
191.95.49.85 - - [09/Dec/2020:01:46:57 -0500] "GET /galeria/galeria/jquery.fancybox.js?v=2.1.5 HTTP/1.1" 200 48706
191.95.49.85 - - [09/Dec/2020:01:46:58 -0500] "GET /galeria/carrusel/Carrusel/jquery.thumbnailScroller.css HTTP/1.1" 200 2066
191.95.49.85 - - [09/Dec/2020:01:46:58 -0500] "GET /galeria/carrusel/Carrusel/jquery-ui-1.8.13.custom.min.js HTTP/1.1" 200 10800
191.95.49.85 - - [09/Dec/2020:01:46:58 -0500] "GET /galeria/carrusel/Carrusel/jquery.thumbnailScroller.js HTTP/1.1" 200 8157
191.95.49.85 - - [09/Dec/2020:01:46:58 -0500] "GET /galeria/nivo-slider/demo/inicio80.html HTTP/1.1" 200 4360
191.95.49.85 - - [09/Dec/2020:01:47:00 -0500] "GET /galeria/nivo-slider/themes/default/default.css HTTP/1.1" 200 1569
191.95.49.85 - - [09/Dec/2020:01:47:00 -0500] "GET /galeria/nivo-slider/themes/pascal/pascal.css HTTP/1.1" 200 2258
191.95.49.85 - - [09/Dec/2020:01:47:00 -0500] "GET /galeria/nivo-slider/themes/orman/orman.css HTTP/1.1" 200 2152
191.95.49.85 - - [09/Dec/2020:01:47:00 -0500] "GET /galeria/nivo-slider/nivo-slider.css HTTP/1.1" 200 1507
191.95.49.85 - - [09/Dec/2020:01:47:00 -0500] "GET /galeria/nivo-slider/demo/style.css HTTP/1.1" 200 2222
191.95.49.85 - - [09/Dec/2020:01:47:00 -0500] "GET /galeria/nivo-slider/demo/scripts/jquery-1.7.1.min.js HTTP/1.1" 200 93868
191.95.49.85 - - [09/Dec/2020:01:47:00 -0500] "GET /galeria/nivo-slider/demo/images/bannerresiduos.jpg HTTP/1.1" 200 155409
191.95.49.85 - - [09/Dec/2020:01:47:00 -0500] "GET /galeria/nivo-slider/demo/images/bannerclasesweb.jpg HTTP/1.1" 200 180765
191.95.49.85 - - [09/Dec/2020:01:47:00 -0500] "GET /galeria/nivo-slider/demo/images/Banner%20canales%20virtuales.jpg HTTP/1.1" 200 209438
191.95.49.85 - - [09/Dec/2020:01:47:00 -0500] "GET /galeria/nivo-slider/demo/images/bannerarbol.jpg HTTP/1.1" 200 109125
191.95.49.85 - - [09/Dec/2020:01:47:00 -0500] "GET /galeria/nivo-slider/demo/images/bannermusgo2020.jpg HTTP/1.1" 200 78281
191.95.49.85 - - [09/Dec/2020:01:47:00 -0500] "GET /galeria/nivo-slider/demo/images/Bannercuidate.jpg HTTP/1.1" 200 75508
191.95.49.85 - - [09/Dec/2020:01:47:00 -0500] "GET /galeria/nivo-slider/demo/images/bannertingua2020.png HTTP/1.1" 200 105392
191.95.49.85 - - [09/Dec/2020:01:47:00 -0500] "GET /galeria/nivo-slider/demo/images/banner2020acercar.jpg HTTP/1.1" 200 180505
191.95.49.85 - - [09/Dec/2020:01:47:00 -0500] "GET /galeria/nivo-slider/demo/images/banneraperturahumedales.jpg HTTP/1.1" 200 91161
191.95.49.85 - - [09/Dec/2020:01:47:00 -0500] "GET /galeria/nivo-slider/demo/images/bannerbolsas.jpg HTTP/1.1" 200 283727
191.95.49.85 - - [09/Dec/2020:01:47:00 -0500] "GET /galeria/nivo-slider/demo/images/banneratencionpuntos.jpg HTTP/1.1" 200 249106
191.95.49.85 - - [09/Dec/2020:01:47:00 -0500] "GET /galeria/nivo-slider/demo/images/bannerbioseguridad.jpg HTTP/1.1" 200 228661
191.95.49.85 - - [09/Dec/2020:01:47:00 -0500] "GET /galeria/nivo-slider/demo/images/4Simple_Slider.png HTTP/1.1" 200 11722
191.95.49.85 - - [09/Dec/2020:01:47:00 -0500] "GET /galeria/nivo-slider/themes/default/loading.gif HTTP/1.1" 200 1737
191.95.49.85 - - [09/Dec/2020:01:47:00 -0500] "GET /galeria/nivo-slider/jquery.nivo.slider.pack.js HTTP/1.1" 200 11561
191.95.49.85 - - [09/Dec/2020:01:47:03 -0500] "GET /galeria/nivo-slider/themes/default/arrows.png HTTP/1.1" 200 824
191.95.49.85 - - [09/Dec/2020:01:47:03 -0500] "GET /galeria/nivo-slider/themes/default/bullets.png HTTP/1.1" 200 1281
114.119.151.133 - - [09/Dec/2020:01:47:26 -0500] "GET /porla/porla2.htm HTTP/1.1" 404 1121
49.7.20.137 - - [09/Dec/2020:01:47:37 -0500] "GET / HTTP/1.1" 200 9990
69.162.124.227 - - [09/Dec/2020:01:48:14 -0500] "HEAD / HTTP/1.1" 200 -
52.220.138.64 - - [09/Dec/2020:01:48:21 -0500] "GET /BLA/boletinlegal/js/jquery.scrollShow.js HTTP/1.1" 200 4586
52.220.138.64 - - [09/Dec/2020:01:48:21 -0500] "GET /galeria/galeria/jquery.fancybox.js?v=2.1.5 HTTP/1.1" 200 48706
52.220.138.64 - - [09/Dec/2020:01:48:21 -0500] "GET /galeria/galeria/jquery.fancybox.css?v=2.1.5 HTTP/1.1" 200 4895
52.220.138.64 - - [09/Dec/2020:01:48:21 -0500] "GET /galeria/carrusel/Carrusel/jquery.thumbnailScroller.css HTTP/1.1" 200 2066
52.220.138.64 - - [09/Dec/2020:01:48:21 -0500] "GET /galeria/carrusel/Carrusel/jquery-ui-1.8.13.custom.min.js HTTP/1.1" 200 10800
52.220.138.64 - - [09/Dec/2020:01:48:21 -0500] "GET /galeria/carrusel/Carrusel/jquery.thumbnailScroller.js HTTP/1.1" 200 8157
66.249.65.13 - - [09/Dec/2020:01:48:21 -0500] "GET /BLA/resoluciones/RESOLUCIONES%202009/2717.pdf HTTP/1.1" 304 -
66.249.65.15 - - [09/Dec/2020:01:48:21 -0500] "GET /robots.txt HTTP/1.1" 404 1018
66.220.149.29 - - [09/Dec/2020:01:48:58 -0500] "GET /galeria/galeria/jquery.fancybox.css?v=2.1.5 HTTP/1.1" 200 4895
66.220.149.19 - - [09/Dec/2020:01:48:59 -0500] "GET /BLA/boletinlegal/js/jquery.scrollShow.js HTTP/1.1" 200 4586
66.220.149.33 - - [09/Dec/2020:01:48:59 -0500] "GET /galeria/galeria/jquery.fancybox.js?v=2.1.5 HTTP/1.1" 200 48706
192.168.175.225 - - [09/Dec/2020:01:50:05 -0500] "GET / HTTP/1.1" 200 9990
114.119.142.12 - - [09/Dec/2020:01:51:06 -0500] "GET /BLA/resoluciones/RESOLUCIONES%202014/2759.pdf HTTP/1.1" 200 320399
186.84.89.1 - - [09/Dec/2020:01:52:43 -0500] "GET /BLA/resoluciones/RESOLUCIONES%202009/3956.pdf HTTP/1.1" 200 864001
66.249.65.15 - - [09/Dec/2020:01:52:45 -0500] "GET /BLA/resoluciones/RESOLUCIONES%202016/1797.pdf HTTP/1.1" 200 687637
69.162.124.227 - - [09/Dec/2020:01:53:14 -0500] "HEAD / HTTP/1.1" 200 -
66.249.65.15 - - [09/Dec/2020:01:54:44 -0500] "GET /Publicaciones/2020EE213695.pdf HTTP/1.1" 200 2669011
192.168.175.225 - - [09/Dec/2020:01:55:05 -0500] "GET / HTTP/1.1" 200 9990
13.66.139.11 - - [09/Dec/2020:01:55:53 -0500] "GET / HTTP/1.1" 200 9990
114.119.142.12 - - [09/Dec/2020:01:56:12 -0500] "GET /BLA/resoluciones/AUTOS%202013/1296.pdf HTTP/1.1" 200 1823231
114.119.157.103 - - [09/Dec/2020:01:57:39 -0500] "GET /_private/pesos1.htm HTTP/1.1" 404 1121
69.162.124.227 - - [09/Dec/2020:01:58:14 -0500] "HEAD / HTTP/1.1" 200 -
192.168.175.225 - - [09/Dec/2020:02:00:05 -0500] "GET / HTTP/1.1" 200 9990
66.249.65.17 - - [09/Dec/2020:02:00:49 -0500] "GET /BLA/resoluciones/RESOLUCIONES%202007/RES%202007%20501%20AL%20600/RESOLUCION%200574%20DE%202007.pdf HTTP/1.1" 200 510389
66.249.65.13 - - [09/Dec/2020:02:01:10 -0500] "GET /Autoliquidacion/index.php?dir=Grupo%20Forestal%20-%20Silvicultura/&sort=name&order=asc HTTP/1.1" 200 4684
190.26.168.239 - - [09/Dec/2020:02:01:25 -0500] "GET /BLA/boletinlegal/js/jquery.scrollShow.js HTTP/1.1" 200 4586
190.26.168.239 - - [09/Dec/2020:02:01:26 -0500] "GET /galeria/galeria/jquery.fancybox.css?v=2.1.5 HTTP/1.1" 200 4895
190.26.168.239 - - [09/Dec/2020:02:01:26 -0500] "GET /galeria/galeria/jquery.fancybox.js?v=2.1.5 HTTP/1.1" 200 48706
190.26.168.239 - - [09/Dec/2020:02:01:26 -0500] "GET /galeria/carrusel/Carrusel/jquery.thumbnailScroller.css HTTP/1.1" 200 2066
190.26.168.239 - - [09/Dec/2020:02:01:26 -0500] "GET /galeria/carrusel/Carrusel/jquery-ui-1.8.13.custom.min.js HTTP/1.1" 200 10800
190.26.168.239 - - [09/Dec/2020:02:01:26 -0500] "GET /galeria/carrusel/Carrusel/jquery.thumbnailScroller.js HTTP/1.1" 200 8157
190.26.168.239 - - [09/Dec/2020:02:01:26 -0500] "GET /galeria/nivo-slider/demo/inicio80.html HTTP/1.1" 200 4360
114.119.135.169 - - [09/Dec/2020:02:01:25 -0500] "GET /BLA/resoluciones/AUTOS%202013/1104.pdf HTTP/1.1" 200 10365007
190.26.168.239 - - [09/Dec/2020:02:01:26 -0500] "GET /galeria/nivo-slider/themes/pascal/pascal.css HTTP/1.1" 200 2258
190.26.168.239 - - [09/Dec/2020:02:01:26 -0500] "GET /galeria/nivo-slider/themes/default/default.css HTTP/1.1" 200 1569
190.26.168.239 - - [09/Dec/2020:02:01:26 -0500] "GET /galeria/nivo-slider/themes/orman/orman.css HTTP/1.1" 200 2152
190.26.168.239 - - [09/Dec/2020:02:01:26 -0500] "GET /galeria/nivo-slider/nivo-slider.css HTTP/1.1" 200 1507
190.26.168.239 - - [09/Dec/2020:02:01:26 -0500] "GET /galeria/nivo-slider/demo/scripts/jquery-1.7.1.min.js HTTP/1.1" 200 93868
190.26.168.239 - - [09/Dec/2020:02:01:26 -0500] "GET /galeria/nivo-slider/demo/style.css HTTP/1.1" 200 2222
190.26.168.239 - - [09/Dec/2020:02:01:26 -0500] "GET /galeria/nivo-slider/jquery.nivo.slider.pack.js HTTP/1.1" 200 11561
190.26.168.239 - - [09/Dec/2020:02:01:26 -0500] "GET /galeria/nivo-slider/demo/images/bannermusgo2020.jpg HTTP/1.1" 200 78281
190.26.168.239 - - [09/Dec/2020:02:01:26 -0500] "GET /galeria/nivo-slider/demo/images/banner2020acercar.jpg HTTP/1.1" 200 180505
190.26.168.239 - - [09/Dec/2020:02:01:26 -0500] "GET /galeria/nivo-slider/demo/images/banneraperturahumedales.jpg HTTP/1.1" 200 91161
190.26.168.239 - - [09/Dec/2020:02:01:26 -0500] "GET /galeria/nivo-slider/demo/images/bannerarbol.jpg HTTP/1.1" 200 109125
190.26.168.239 - - [09/Dec/2020:02:01:26 -0500] "GET /galeria/nivo-slider/demo/images/bannertingua2020.png HTTP/1.1" 200 105392
190.26.168.239 - - [09/Dec/2020:02:01:27 -0500] "GET /galeria/nivo-slider/demo/images/banneratencionpuntos.jpg HTTP/1.1" 200 249106
190.26.168.239 - - [09/Dec/2020:02:01:27 -0500] "GET /galeria/nivo-slider/demo/images/bannerresiduos.jpg HTTP/1.1" 200 155409
190.26.168.239 - - [09/Dec/2020:02:01:27 -0500] "GET /galeria/nivo-slider/demo/images/bannerclasesweb.jpg HTTP/1.1" 200 180765
190.26.168.239 - - [09/Dec/2020:02:01:27 -0500] "GET /galeria/nivo-slider/demo/images/bannerbioseguridad.jpg HTTP/1.1" 200 228661
190.26.168.239 - - [09/Dec/2020:02:01:27 -0500] "GET /galeria/nivo-slider/demo/images/Bannercuidate.jpg HTTP/1.1" 200 75508
190.26.168.239 - - [09/Dec/2020:02:01:27 -0500] "GET /galeria/nivo-slider/demo/images/Banner%20canales%20virtuales.jpg HTTP/1.1" 200 209438
190.26.168.239 - - [09/Dec/2020:02:01:27 -0500] "GET /galeria/nivo-slider/demo/images/4Simple_Slider.png HTTP/1.1" 200 11722
190.26.168.239 - - [09/Dec/2020:02:01:27 -0500] "GET /galeria/nivo-slider/themes/default/loading.gif HTTP/1.1" 200 1737
190.26.168.239 - - [09/Dec/2020:02:01:27 -0500] "GET /galeria/nivo-slider/demo/images/bannerbolsas.jpg HTTP/1.1" 200 283727
190.26.168.239 - - [09/Dec/2020:02:01:27 -0500] "GET /galeria/nivo-slider/themes/default/arrows.png HTTP/1.1" 200 824
190.26.168.239 - - [09/Dec/2020:02:01:27 -0500] "GET /galeria/nivo-slider/themes/default/bullets.png HTTP/1.1" 200 1281
66.249.65.13 - - [09/Dec/2020:02:01:34 -0500] "GET /BLA/resoluciones/RESOLUCIONES%202013/0097.pdf HTTP/1.1" 200 936078
35.187.190.226 - - [09/Dec/2020:02:01:55 -0500] "GET / HTTP/1.1" 200 9990
73.195.99.177 - - [09/Dec/2020:02:02:06 -0500] "GET /galeria/galeria/jquery.fancybox.css?v=2.1.5 HTTP/1.1" 200 4895
73.195.99.177 - - [09/Dec/2020:02:02:06 -0500] "GET /BLA/boletinlegal/js/jquery.scrollShow.js HTTP/1.1" 200 4586
73.195.99.177 - - [09/Dec/2020:02:02:06 -0500] "GET /galeria/galeria/jquery.fancybox.js?v=2.1.5 HTTP/1.1" 200 48706
114.119.145.140 - - [09/Dec/2020:02:02:44 -0500] "GET /galeria/nivo-slider/demo/images/gobierno%20digital-01.jpg HTTP/1.1" 200 116163
47.89.192.12 - - [09/Dec/2020:02:02:57 -0500] "GET / HTTP/1.1" 200 9990
66.249.65.15 - - [09/Dec/2020:02:03:07 -0500] "GET /BLA/resoluciones/AUTOS%202014/1124.pdf HTTP/1.1" 200 362344
